--------- beginning of main
08-22 14:14:12.862 12560 12560 W SELinux : SELinux: seapp_context_lookup: seinfo=default, level=s0:c512,c768, pkgname=cz.gienger.mobile
08-22 14:14:12.892 12560 12560 D TimaKeyStoreProvider: TimaSignature is unavailable
08-22 14:14:12.892 12560 12560 D ActivityThread: Added TimaKeyStore provider
08-22 14:14:12.992 12560 12560 W System : ClassLoader referenced unknown path: /data/app/cz.gienger.mobile-1/lib/arm
08-22 14:14:13.072 12560 12560 W art : Before Android 4.1, method android.graphics.PorterDuffColorFilter android.support.graphics.drawable.VectorDrawableCompat.updateTintFilter(android.graphics.PorterDuffColorFilter, android.content.res.ColorStateList, android.graphics.PorterDuff$Mode) would have incorrectly overridden the package-private method in android.graphics.drawable.Drawable
08-22 14:14:13.152 12560 12560 I Timeline: Timeline: Activity_launch_request id:cz.gienger.mobile time:498130
08-22 14:14:13.212 12560 12560 D FILES : /data/user/0/cz.gienger.mobile/files/delivery
08-22 14:14:13.282 12560 12560 D ViewRootImpl: #1 mView = com.android.internal.policy.PhoneWindow$DecorView{b5ebdab I.E...... R.....ID 0,0-0,0} --------- beginning of system
08-22 14:14:13.282 12560 12560 D SecWifiDisplayUtil: Metadata value : SecSettings2
08-22 14:14:13.292 12560 12580 D OpenGLRenderer: Use EGL_SWAP_BEHAVIOR_PRESERVED: true
08-22 14:14:13.362 12560 12580 I Adreno-EGL: : EGL 1.4 QUALCOMM build: Nondeterministic_AU_msm8916_32_LA.BR.1.2.6_RB1__release_AU (Ia10634f51b)
08-22 14:14:13.362 12560 12580 I Adreno-EGL: OpenGL ES Shader Compiler Version: XE031.06.00.05
08-22 14:14:13.362 12560 12580 I Adreno-EGL: Build Date: 01/04/16 Mon 08-22 14:14:13.362 12560 12580 I Adreno-EGL: Local Branch:
08-22 14:14:13.362 12560 12580 I Adreno-EGL: Remote Branch: quic/LA.BR.1.2.6_rb1.7
08-22 14:14:13.362 12560 12580 I Adreno-EGL: Local Patches: NONE
08-22 14:14:13.362 12560 12580 I Adreno-EGL: Reconstruct Branch: NOTHING
08-22 14:14:13.362 12560 12580 I OpenGLRenderer: Initialized EGL, version 1.4
08-22 14:14:13.442 12560 12580 D libGLESv1: DTS_GLAPI : DTS is not allowed for Package : cz.gienger.mobile
08-22 14:14:13.592 12560 12560 D ViewRootImpl: MSG_RESIZED_REPORT: ci=Rect(0, 24 - 0, 0) vi=Rect(0, 24 - 0, 0) or=1
08-22 14:14:13.632 12560 12560 I Timeline: Timeline: Activity_idle id: android.os.BinderProxy@da33818 time:498611
08-22 14:14:13.632 12560 12560 I Timeline: Timeline: Activity_idle id: android.os.BinderProxy@b387f93 time:498611
08-22 14:14:13.932 12560 12560 D ViewRootImpl: MSG_RESIZED: ci=Rect(0, 24 - 0, 320) vi=Rect(0, 24 - 0, 320) or=1
08-22 14:14:16.992 12560 12560 D ViewRootImpl: ViewPostImeInputStage processPointer 0
08-22 14:14:17.042 12560 12560 D ViewRootImpl: ViewPostImeInputStage processPointer 1
08-22 14:14:18.782 12560 12560 D ViewRootImpl: ViewPostImeInputStage processPointer 0
08-22 14:14:18.842 12560 12560 D ViewRootImpl: ViewPostImeInputStage processPointer 1
08-22 14:14:18.912 12560 12560 D ViewRootImpl: #1 mView = com.android.internal.policy.PhoneWindow$DecorView{6fc20e0 V.E...... R.....I. 0,0-0,0}
08-22 14:14:18.982 12560 13792 D MYINTERCEPTOR: /GiengerService.svc/oauth
08-22 14:14:18.982 12560 13792 D OkHttp : --> POST https://testsaig1.gienger.cz/GiengerService.svc/oauth http/1.1
08-22 14:14:18.982 12560 13792 D OkHttp : Content-Type: application/xml; charset=UTF-8
08-22 14:14:18.982 12560 13792 D OkHttp : Content-Length: 299
08-22 14:14:18.982 12560 13792 D OkHttp : --> END POST
08-22 14:14:19.162 12560 12560 D ViewRootImpl: MSG_RESIZED_REPORT: ci=Rect(0, 0 - 0, 0) vi=Rect(0, 0 - 0, 0) or=1
08-22 14:14:19.942 12560 13792 D OkHttp : <-- 200 OK https://testsaig1.gienger.cz/GiengerService.svc/oauth (961ms)
08-22 14:14:19.942 12560 13792 D OkHttp : Connection: Keep-Alive
08-22 14:14:19.942 12560 13792 D OkHttp : Content-Length: 292
08-22 14:14:19.942 12560 13792 D OkHttp : Date: Wed, 22 Aug 2018 12:14:19 GMT
08-22 14:14:19.942 12560 13792 D OkHttp : Content-Type: application/xml; charset=utf-8
08-22 14:14:19.942 12560 13792 D OkHttp : Server: Microsoft-IIS/10.0
08-22 14:14:19.942 12560 13792 D OkHttp : X-Powered-By: ASP.NET
08-22 14:14:19.942 12560 13792 D OkHttp : <-- END HTTP
08-22 14:14:19.982 12560 13792 D MYINTERCEPTOR: /GiengerService.svc/userinfo
08-22 14:14:19.982 12560 13792 D OkHttp : --> POST https://testsaig1.gienger.cz/GiengerService.svc/userinfo http/1.1
08-22 14:14:19.982 12560 13792 D OkHttp : Content-Type: application/xml; charset=UTF-8
08-22 14:14:19.982 12560 13792 D OkHttp : Content-Length: 140
08-22 14:14:19.982 12560 13792 D OkHttp : token: 130d8357b4e91acbbc3f2262fef6251b
08-22 14:14:19.982 12560 13792 D OkHttp : --> END POST
08-22 14:14:20.022 12560 13792 D OkHttp : <-- 200 OK https://testsaig1.gienger.cz/GiengerService.svc/userinfo (44ms)
08-22 14:14:20.022 12560 13792 D OkHttp : Connection: Keep-Alive
08-22 14:14:20.022 12560 13792 D OkHttp : Content-Length: 193
08-22 14:14:20.022 12560 13792 D OkHttp : Date: Wed, 22 Aug 2018 12:14:19 GMT
08-22 14:14:20.022 12560 13792 D OkHttp : Content-Type: application/xml; charset=utf-8
08-22 14:14:20.022 12560 13792 D OkHttp : Server: Microsoft-IIS/10.0
08-22 14:14:20.022 12560 13792 D OkHttp : X-Powered-By: ASP.NET
08-22 14:14:20.022 12560 13792 D OkHttp : <-- END HTTP
08-22 14:14:20.092 12560 12560 D ViewRootImpl: #1 mView = com.android.internal.policy.PhoneWindow$DecorView{31ff4a6 V.E...... R.....I. 0,0-0,0}
08-22 14:14:20.112 12560 12560 D ViewRootImpl: #3 mView = null
08-22 14:14:20.162 12560 12560 D ViewRootImpl: MSG_RESIZED_REPORT: ci=Rect(0, 0 - 0, 0) vi=Rect(0, 0 - 0, 0) or=1
08-22 14:14:20.172 12560 12560 E ViewRootImpl: sendUserActionEvent() mView == null
08-22 14:14:20.982 12560 12560 D ViewRootImpl: ViewPostImeInputStage processPointer 0
08-22 14:14:21.032 12560 12560 D ViewRootImpl: ViewPostImeInputStage processPointer 1
08-22 14:14:21.052 12560 14035 D MYINTERCEPTOR: /GiengerService.svc/logout
08-22 14:14:21.052 12560 14035 D OkHttp : --> POST https://testsaig1.gienger.cz/GiengerService.svc/logout http/1.1
08-22 14:14:21.052 12560 14035 D OkHttp : Content-Type: application/xml; charset=UTF-8
08-22 14:14:21.052 12560 14035 D OkHttp : Content-Length: 204
08-22 14:14:21.052 12560 14035 D OkHttp : token: 130d8357b4e91acbbc3f2262fef6251b
08-22 14:14:21.052 12560 14035 D OkHttp : --> END POST
08-22 14:14:21.062 12560 12560 D ViewRootImpl: #3 mView = null
08-22 14:14:21.072 12560 12560 E ViewRootImpl: sendUserActionEvent() mView == null
08-22 14:14:21.092 12560 14035 D OkHttp : <-- 200 OK https://testsaig1.gienger.cz/GiengerService.svc/logout (37ms)
08-22 14:14:21.092 12560 14035 D OkHttp : Connection: Keep-Alive
08-22 14:14:21.092 12560 14035 D OkHttp : Content-Length: 0
08-22 14:14:21.092 12560 14035 D OkHttp : Date: Wed, 22 Aug 2018 12:14:21 GMT
08-22 14:14:21.092 12560 14035 D OkHttp : Server: Microsoft-IIS/10.0
08-22 14:14:21.092 12560 14035 D OkHttp : X-Powered-By: ASP.NET
08-22 14:14:21.092 12560 14035 D OkHttp : <-- END HTTP
08-22 14:14:24.782 12560 12560 D ViewRootImpl: ViewPostImeInputStage processPointer 0
08-22 14:14:24.832 12560 12560 D ViewRootImpl: ViewPostImeInputStage processPointer 1
08-22 14:14:24.872 12560 12560 D ViewRootImpl: #1 mView = com.android.internal.policy.PhoneWindow$DecorView{3865a9 V.E...... R.....I. 0,0-0,0}
08-22 14:14:24.872 12560 13792 D MYINTERCEPTOR: /GiengerService.svc/oauth
08-22 14:14:24.872 12560 13792 D OkHttp : --> POST https://testsaig1.gienger.cz/GiengerService.svc/oauth http/1.1
08-22 14:14:24.872 12560 13792 D OkHttp : Content-Type: application/xml; charset=UTF-8
08-22 14:14:24.872 12560 13792 D OkHttp : Content-Length: 299
08-22 14:14:24.872 12560 13792 D OkHttp : --> END POST
08-22 14:14:24.912 12560 13792 D OkHttp : <-- 200 OK https://testsaig1.gienger.cz/GiengerService.svc/oauth (39ms)
08-22 14:14:24.912 12560 13792 D OkHttp : Connection: Keep-Alive
08-22 14:14:24.912 12560 13792 D OkHttp : Content-Length: 292
08-22 14:14:24.912 12560 13792 D OkHttp : Date: Wed, 22 Aug 2018 12:14:24 GMT
08-22 14:14:24.912 12560 13792 D OkHttp : Content-Type: application/xml; charset=utf-8
08-22 14:14:24.912 12560 13792 D OkHttp : Server: Microsoft-IIS/10.0
08-22 14:14:24.912 12560 13792 D OkHttp : X-Powered-By: ASP.NET
08-22 14:14:24.912 12560 13792 D OkHttp : <-- END HTTP
08-22 14:14:24.932 12560 12560 D ViewRootImpl: MSG_RESIZED_REPORT: ci=Rect(0, 0 - 0, 0) vi=Rect(0, 0 - 0, 0) or=1
08-22 14:14:24.932 12560 13792 D MYINTERCEPTOR: /GiengerService.svc/userinfo
08-22 14:14:24.932 12560 13792 D OkHttp : --> POST https://testsaig1.gienger.cz/GiengerService.svc/userinfo http/1.1
08-22 14:14:24.932 12560 13792 D OkHttp : Content-Type: application/xml; charset=UTF-8
08-22 14:14:24.932 12560 13792 D OkHttp : Content-Length: 140
08-22 14:14:24.932 12560 13792 D OkHttp : token: 73fa8feb0bd901c5c8c2e43623dab268
08-22 14:14:24.932 12560 13792 D OkHttp : --> END POST
08-22 14:14:24.962 12560 13792 D OkHttp : <-- 200 OK https://testsaig1.gienger.cz/GiengerService.svc/userinfo (29ms)
08-22 14:14:24.962 12560 13792 D OkHttp : Connection: Keep-Alive
08-22 14:14:24.962 12560 13792 D OkHttp : Content-Length: 193
08-22 14:14:24.962 12560 13792 D OkHttp : Date: Wed, 22 Aug 2018 12:14:24 GMT
08-22 14:14:24.962 12560 13792 D OkHttp : Content-Type: application/xml; charset=utf-8
08-22 14:14:24.962 12560 13792 D OkHttp : Server: Microsoft-IIS/10.0
08-22 14:14:24.962 12560 13792 D OkHttp : X-Powered-By: ASP.NET
08-22 14:14:24.962 12560 13792 D OkHttp : <-- END HTTP
08-22 14:14:24.992 12560 12560 D ViewRootImpl: #1 mView = com.android.internal.policy.PhoneWindow$DecorView{9095b7 V.E...... R.....I. 0,0-0,0}
08-22 14:14:25.032 12560 12560 D ViewRootImpl: #3 mView = null
08-22 14:14:25.082 12560 12560 D ViewRootImpl: MSG_RESIZED_REPORT: ci=Rect(0, 0 - 0, 0) vi=Rect(0, 0 - 0, 0) or=1
08-22 14:14:25.102 12560 12560 E ViewRootImpl: sendUserActionEvent() mView == null
08-22 14:14:25.822 12560 12560 D ViewRootImpl: ViewPostImeInputStage processPointer 0
08-22 14:14:25.862 12560 12560 D ViewRootImpl: ViewPostImeInputStage processPointer 1
08-22 14:14:25.892 12560 12560 D ViewRootImpl: #3 mView = null
08-22 14:14:25.912 12560 12560 D AbsListView: Get MotionRecognitionManager
08-22 14:14:25.912 12560 12560 E MotionRecognitionManager: mSContextService = null
08-22 14:14:25.912 12560 12560 E MotionRecognitionManager: motionService = com.samsung.android.motion.IMotionRecognitionService$Stub$Proxy@8fbab54
08-22 14:14:25.922 12560 13792 D MYINTERCEPTOR: /GiengerService.svc/manifests
08-22 14:14:25.922 12560 13792 D OkHttp : --> GET https://testsaig1.gienger.cz/GiengerService.svc/manifests http/1.1
08-22 14:14:25.922 12560 13792 D OkHttp : state: CZ
08-22 14:14:25.922 12560 13792 D OkHttp : token: 73fa8feb0bd901c5c8c2e43623dab268
08-22 14:14:25.922 12560 13792 D OkHttp : --> END GET
08-22 14:14:25.962 12560 12560 D FILES : /data/user/0/cz.gienger.mobile/files/delivery
08-22 14:14:25.962 12560 13792 D OkHttp : <-- 200 OK https://testsaig1.gienger.cz/GiengerService.svc/manifests (36ms)
08-22 14:14:25.962 12560 13792 D OkHttp : Connection: Keep-Alive
08-22 14:14:25.962 12560 13792 D OkHttp : Content-Length: 11356
08-22 14:14:25.962 12560 13792 D OkHttp : Date: Wed, 22 Aug 2018 12:14:25 GMT
08-22 14:14:25.962 12560 13792 D OkHttp : Content-Type: application/xml; charset=utf-8
08-22 14:14:25.962 12560 13792 D OkHttp : Server: Microsoft-IIS/10.0
08-22 14:14:25.962 12560 13792 D OkHttp : X-Powered-By: ASP.NET
08-22 14:14:25.962 12560 13792 D OkHttp : <-- END HTTP
08-22 14:14:25.972 12560 12560 D AbsListView: Get MotionRecognitionManager
08-22 14:14:25.972 12560 12560 E MotionRecognitionManager: mSContextService = null
08-22 14:14:25.972 12560 12560 E MotionRecognitionManager: motionService = com.samsung.android.motion.IMotionRecognitionService$Stub$Proxy@f5ce0c6
08-22 14:14:25.972 12560 14092 D MYINTERCEPTOR: /GiengerService.svc/manifests
08-22 14:14:25.982 12560 14092 D OkHttp : --> GET https://testsaig1.gienger.cz/GiengerService.svc/manifests http/1.1
08-22 14:14:25.982 12560 14092 D OkHttp : state: CZ
08-22 14:14:25.982 12560 14092 D OkHttp : token: 73fa8feb0bd901c5c8c2e43623dab268
08-22 14:14:25.982 12560 14092 D OkHttp : --> END GET
08-22 14:14:25.982 12560 12560 D AbsListView: Get MotionRecognitionManager
08-22 14:14:25.992 12560 14094 D MYINTERCEPTOR: /GiengerService.svc/manifests
08-22 14:14:25.992 12560 14094 D OkHttp : --> GET https://testsaig1.gienger.cz/GiengerService.svc/manifests http/1.1
08-22 14:14:25.992 12560 14094 D OkHttp : state: CZ
08-22 14:14:25.992 12560 14094 D OkHttp : token: 73fa8feb0bd901c5c8c2e43623dab268
08-22 14:14:25.992 12560 14094 D OkHttp : --> END GET
08-22 14:14:26.002 12560 12560 D ViewRootImpl: #1 mView = com.android.internal.policy.PhoneWindow$DecorView{d1fca49 I.E...... R.....ID 0,0-0,0}
08-22 14:14:26.002 12560 12560 D SecWifiDisplayUtil: Metadata value : SecSettings2
08-22 14:14:26.042 12560 12580 D OpenGLRenderer: endAllStagingAnimators on 0xb7c584b0 (RippleDrawable) with handle 0xb7e17280
08-22 14:14:26.042 12560 12560 D ViewRootImpl: #3 mView = null
08-22 14:14:26.082 12560 12560 E ViewRootImpl: sendUserActionEvent() mView == null
08-22 14:14:26.082 12560 12560 E ViewRootImpl: sendUserActionEvent() mView == null
08-22 14:14:26.082 12560 12560 D DOWNLOAD_MANIFESTS: success
08-22 14:14:26.092 12560 12560 E ViewRootImpl: sendUserActionEvent() mView == null
08-22 14:14:26.102 12560 12560 D ViewRootImpl: MSG_RESIZED_REPORT: ci=Rect(0, 24 - 0, 320) vi=Rect(0, 24 - 0, 320) or=1
08-22 14:14:26.182 12560 12560 D ViewRootImpl: MSG_RESIZED: ci=Rect(0, 24 - 0, 0) vi=Rect(0, 24 - 0, 0) or=1
08-22 14:14:26.272 12560 14092 D OkHttp : <-- 200 OK https://testsaig1.gienger.cz/GiengerService.svc/manifests (296ms)
08-22 14:14:26.272 12560 14092 D OkHttp : Connection: Keep-Alive
08-22 14:14:26.272 12560 14092 D OkHttp : Content-Length: 11356
08-22 14:14:26.272 12560 14092 D OkHttp : Date: Wed, 22 Aug 2018 12:14:25 GMT
08-22 14:14:26.272 12560 14092 D OkHttp : Content-Type: application/xml; charset=utf-8
08-22 14:14:26.272 12560 14092 D OkHttp : Server: Microsoft-IIS/10.0
08-22 14:14:26.272 12560 14092 D OkHttp : X-Powered-By: ASP.NET
08-22 14:14:26.272 12560 14092 D OkHttp : <-- END HTTP
08-22 14:14:26.292 12560 14094 D OkHttp : <-- 200 OK https://testsaig1.gienger.cz/GiengerService.svc/manifests (298ms)
08-22 14:14:26.292 12560 14094 D OkHttp : Connection: Keep-Alive
08-22 14:14:26.292 12560 14094 D OkHttp : Content-Length: 11356
08-22 14:14:26.292 12560 14094 D OkHttp : Date: Wed, 22 Aug 2018 12:14:25 GMT
08-22 14:14:26.292 12560 14094 D OkHttp : Content-Type: application/xml; charset=utf-8
08-22 14:14:26.292 12560 14094 D OkHttp : Server: Microsoft-IIS/10.0
08-22 14:14:26.292 12560 14094 D OkHttp : X-Powered-By: ASP.NET
08-22 14:14:26.292 12560 14094 D OkHttp : <-- END HTTP
08-22 14:14:26.322 12560 12560 D DOWNLOAD_MANIFESTS: success
08-22 14:14:26.332 12560 12560 D DOWNLOAD_MANIFESTS: success
08-22 14:14:28.092 12560 12560 D ViewRootImpl: ViewPostImeInputStage processPointer 0
08-22 14:14:28.182 12560 12560 D ViewRootImpl: ViewPostImeInputStage processPointer 1
08-22 14:14:29.332 12560 12560 D ViewRootImpl: ViewPostImeInputStage processPointer 0
08-22 14:14:29.402 12560 12560 D ViewRootImpl: ViewPostImeInputStage processPointer 1
08-22 14:14:30.422 12560 12560 D ViewRootImpl: ViewPostImeInputStage processPointer 0
08-22 14:14:30.532 12560 12560 D ViewRootImpl: ViewPostImeInputStage processPointer 1
08-22 14:14:30.542 12560 12560 D AbsListView: Get MotionRecognitionManager
08-22 14:14:34.552 12560 12560 D ViewRootImpl: ViewPostImeInputStage processPointer 0
08-22 14:14:34.622 12560 12560 D ViewRootImpl: ViewPostImeInputStage processPointer 1
08-22 14:14:35.252 12560 12560 D ViewRootImpl: ViewPostImeInputStage processPointer 0
08-22 14:14:35.282 12560 12560 D ViewRootImpl: ViewPostImeInputStage processPointer 1
08-22 14:14:35.312 12560 12560 D ViewRootImpl: #1 mView = com.android.internal.policy.PhoneWindow$DecorView{649e6cc V.E...... R.....I. 0,0-0,0}
08-22 14:14:35.312 12560 14094 D MYINTERCEPTOR: /GiengerService.svc/manifestinfo
08-22 14:14:35.312 12560 14094 D OkHttp : --> POST https://testsaig1.gienger.cz/GiengerService.svc/manifestinfo http/1.1
08-22 14:14:35.312 12560 14094 D OkHttp : Content-Length: 0
08-22 14:14:35.312 12560 14094 D OkHttp : state: CZ
08-22 14:14:35.312 12560 14094 D OkHttp : id: A04_trasa_A04-01_ranni_30_07_2018
08-22 14:14:35.312 12560 14094 D OkHttp : token: 73fa8feb0bd901c5c8c2e43623dab268
08-22 14:14:35.312 12560 14094 D OkHttp : --> END POST
08-22 14:14:35.362 12560 14094 D OkHttp : <-- 200 OK https://testsaig1.gienger.cz/GiengerService.svc/manifestinfo (47ms)
08-22 14:14:35.362 12560 14094 D OkHttp : Connection: Keep-Alive
08-22 14:14:35.362 12560 14094 D OkHttp : Content-Length: 387
08-22 14:14:35.362 12560 14094 D OkHttp : Date: Wed, 22 Aug 2018 12:14:35 GMT
08-22 14:14:35.362 12560 14094 D OkHttp : Content-Type: application/xml; charset=utf-8
08-22 14:14:35.362 12560 14094 D OkHttp : Server: Microsoft-IIS/10.0
08-22 14:14:35.362 12560 14094 D OkHttp : X-Powered-By: ASP.NET
08-22 14:14:35.362 12560 14094 D OkHttp : <-- END HTTP
08-22 14:14:35.372 12560 12560 D ViewRootImpl: MSG_RESIZED_REPORT: ci=Rect(0, 0 - 0, 0) vi=Rect(0, 0 - 0, 0) or=1
08-22 14:14:35.392 12560 14102 D MYINTERCEPTOR: /GiengerService.svc/corrections
08-22 14:14:35.392 12560 14102 D OkHttp : --> GET https://testsaig1.gienger.cz/GiengerService.svc/corrections http/1.1
08-22 14:14:35.392 12560 14102 D OkHttp : token: 73fa8feb0bd901c5c8c2e43623dab268
08-22 14:14:35.392 12560 14102 D OkHttp : --> END GET
08-22 14:14:35.412 12560 14102 D OkHttp : <-- 200 OK https://testsaig1.gienger.cz/GiengerService.svc/corrections (16ms)
08-22 14:14:35.412 12560 14102 D OkHttp : Connection: Keep-Alive
08-22 14:14:35.412 12560 14102 D OkHttp : Content-Length: 1267
08-22 14:14:35.412 12560 14102 D OkHttp : Date: Wed, 22 Aug 2018 12:14:35 GMT
08-22 14:14:35.412 12560 14102 D OkHttp : Content-Type: application/xml; charset=utf-8
08-22 14:14:35.412 12560 14102 D OkHttp : Server: Microsoft-IIS/10.0
08-22 14:14:35.412 12560 14102 D OkHttp : X-Powered-By: ASP.NET
08-22 14:14:35.412 12560 14102 D OkHttp : <-- END HTTP
08-22 14:14:35.432 12560 14102 D MYINTERCEPTOR: /GiengerService.svc/getorder
08-22 14:14:35.432 12560 14102 D OkHttp : --> POST https://testsaig1.gienger.cz/GiengerService.svc/getorder http/1.1
08-22 14:14:35.432 12560 14102 D OkHttp : Content-Length: 0
08-22 14:14:35.432 12560 14102 D OkHttp : name: 130AT1180433269.xml
08-22 14:14:35.432 12560 14102 D OkHttp : token: 73fa8feb0bd901c5c8c2e43623dab268
08-22 14:14:35.432 12560 14102 D OkHttp : --> END POST
08-22 14:14:35.562 12560 14102 D OkHttp : <-- 200 OK https://testsaig1.gienger.cz/GiengerService.svc/getorder (126ms)
08-22 14:14:35.562 12560 14102 D OkHttp : Connection: Keep-Alive
08-22 14:14:35.562 12560 14102 D OkHttp : Content-Length: 168651
08-22 14:14:35.562 12560 14102 D OkHttp : Date: Wed, 22 Aug 2018 12:14:35 GMT
08-22 14:14:35.562 12560 14102 D OkHttp : Content-Type: application/xml; charset=utf-8
08-22 14:14:35.562 12560 14102 D OkHttp : Server: Microsoft-IIS/10.0
08-22 14:14:35.562 12560 14102 D OkHttp : checksum: bde30d9a06d759756e39b14aa5644275
08-22 14:14:35.562 12560 14102 D OkHttp : X-Powered-By: ASP.NET
08-22 14:14:35.562 12560 14102 D OkHttp : <-- END HTTP
08-22 14:14:36.132 12560 14102 D MYINTERCEPTOR: /GiengerService.svc/getorder
08-22 14:14:36.132 12560 14102 D OkHttp : --> POST https://testsaig1.gienger.cz/GiengerService.svc/getorder http/1.1
08-22 14:14:36.132 12560 14102 D OkHttp : Content-Length: 0
08-22 14:14:36.132 12560 14102 D OkHttp : name: 130AT1180433270.xml
08-22 14:14:36.132 12560 14102 D OkHttp : token: 73fa8feb0bd901c5c8c2e43623dab268
08-22 14:14:36.132 12560 14102 D OkHttp : --> END POST
08-22 14:14:36.202 12560 14102 D OkHttp : <-- 200 OK https://testsaig1.gienger.cz/GiengerService.svc/getorder (69ms)
08-22 14:14:36.202 12560 14102 D OkHttp : Connection: Keep-Alive
08-22 14:14:36.202 12560 14102 D OkHttp : Content-Length: 164671
08-22 14:14:36.202 12560 14102 D OkHttp : Date: Wed, 22 Aug 2018 12:14:35 GMT
08-22 14:14:36.202 12560 14102 D OkHttp : Content-Type: application/xml; charset=utf-8
08-22 14:14:36.202 12560 14102 D OkHttp : Server: Microsoft-IIS/10.0
08-22 14:14:36.202 12560 14102 D OkHttp : checksum: 536f517fb0e3ce78135e8feb30a120af
08-22 14:14:36.202 12560 14102 D OkHttp : X-Powered-By: ASP.NET
08-22 14:14:36.202 12560 14102 D OkHttp : <-- END HTTP
08-22 14:14:36.362 12560 14102 D MYINTERCEPTOR: /GiengerService.svc/getorder
08-22 14:14:36.362 12560 14102 D OkHttp : --> POST https://testsaig1.gienger.cz/GiengerService.svc/getorder http/1.1
08-22 14:14:36.362 12560 14102 D OkHttp : Content-Length: 0
08-22 14:14:36.362 12560 14102 D OkHttp : name: 130AT1180433271.xml
08-22 14:14:36.362 12560 14102 D OkHttp : token: 73fa8feb0bd901c5c8c2e43623dab268
08-22 14:14:36.362 12560 14102 D OkHttp : --> END POST
08-22 14:14:36.432 12560 14102 D OkHttp : <-- 200 OK https://testsaig1.gienger.cz/GiengerService.svc/getorder (70ms)
08-22 14:14:36.432 12560 14102 D OkHttp : Connection: Keep-Alive
08-22 14:14:36.432 12560 14102 D OkHttp : Content-Length: 167681
08-22 14:14:36.432 12560 14102 D OkHttp : Date: Wed, 22 Aug 2018 12:14:36 GMT
08-22 14:14:36.432 12560 14102 D OkHttp : Content-Type: application/xml; charset=utf-8
08-22 14:14:36.432 12560 14102 D OkHttp : Server: Microsoft-IIS/10.0
08-22 14:14:36.432 12560 14102 D OkHttp : checksum: cc158c260ddbcb27fa84a935254d568b
08-22 14:14:36.432 12560 14102 D OkHttp : X-Powered-By: ASP.NET
08-22 14:14:36.432 12560 14102 D OkHttp : <-- END HTTP
08-22 14:14:36.972 12560 14102 D MYINTERCEPTOR: /GiengerService.svc/getorder
08-22 14:14:36.982 12560 14102 D OkHttp : --> POST https://testsaig1.gienger.cz/GiengerService.svc/getorder http/1.1
08-22 14:14:36.982 12560 14102 D OkHttp : Content-Length: 0
08-22 14:14:36.982 12560 14102 D OkHttp : name: 130AT1180433272.xml
08-22 14:14:36.982 12560 14102 D OkHttp : token: 73fa8feb0bd901c5c8c2e43623dab268
08-22 14:14:36.982 12560 14102 D OkHttp : --> END POST
08-22 14:14:37.102 12560 14102 D OkHttp : <-- 200 OK https://testsaig1.gienger.cz/GiengerService.svc/getorder (126ms)
08-22 14:14:37.102 12560 14102 D OkHttp : Connection: Keep-Alive
08-22 14:14:37.102 12560 14102 D OkHttp : Content-Length: 165214
08-22 14:14:37.102 12560 14102 D OkHttp : Date: Wed, 22 Aug 2018 12:14:36 GMT
08-22 14:14:37.102 12560 14102 D OkHttp : Content-Type: application/xml; charset=utf-8
08-22 14:14:37.102 12560 14102 D OkHttp : Server: Microsoft-IIS/10.0
08-22 14:14:37.102 12560 14102 D OkHttp : checksum: 57fbf16e0dc3b0b563ef7d1a09d21779
08-22 14:14:37.102 12560 14102 D OkHttp : X-Powered-By: ASP.NET
08-22 14:14:37.102 12560 14102 D OkHttp : <-- END HTTP
08-22 14:14:37.542 12560 14102 D MYINTERCEPTOR: /GiengerService.svc/getorder
08-22 14:14:37.542 12560 14102 D OkHttp : --> POST https://testsaig1.gienger.cz/GiengerService.svc/getorder http/1.1
08-22 14:14:37.542 12560 14102 D OkHttp : Content-Length: 0
08-22 14:14:37.542 12560 14102 D OkHttp : name: 130AT1180433273.xml
08-22 14:14:37.542 12560 14102 D OkHttp : token: 73fa8feb0bd901c5c8c2e43623dab268
08-22 14:14:37.542 12560 14102 D OkHttp : --> END POST
08-22 14:14:37.632 12560 14102 D OkHttp : <-- 200 OK https://testsaig1.gienger.cz/GiengerService.svc/getorder (91ms)
08-22 14:14:37.632 12560 14102 D OkHttp : Connection: Keep-Alive
08-22 14:14:37.632 12560 14102 D OkHttp : Content-Length: 165206
08-22 14:14:37.632 12560 14102 D OkHttp : Date: Wed, 22 Aug 2018 12:14:37 GMT
08-22 14:14:37.632 12560 14102 D OkHttp : Content-Type: application/xml; charset=utf-8
08-22 14:14:37.632 12560 14102 D OkHttp : Server: Microsoft-IIS/10.0
08-22 14:14:37.632 12560 14102 D OkHttp : checksum: ca7a54faf2a54055396c46589f5840a1
08-22 14:14:37.632 12560 14102 D OkHttp : X-Powered-By: ASP.NET
08-22 14:14:37.632 12560 14102 D OkHttp : <-- END HTTP
08-22 14:14:38.102 12560 14102 D MYINTERCEPTOR: /GiengerService.svc/getorder
08-22 14:14:38.102 12560 14102 D OkHttp : --> POST https://testsaig1.gienger.cz/GiengerService.svc/getorder http/1.1
08-22 14:14:38.102 12560 14102 D OkHttp : Content-Length: 0
08-22 14:14:38.102 12560 14102 D OkHttp : name: 130AT1180433274.xml
08-22 14:14:38.102 12560 14102 D OkHttp : token: 73fa8feb0bd901c5c8c2e43623dab268
08-22 14:14:38.102 12560 14102 D OkHttp : --> END POST
08-22 14:14:38.162 12560 14102 D OkHttp : <-- 200 OK https://testsaig1.gienger.cz/GiengerService.svc/getorder (61ms)
08-22 14:14:38.162 12560 14102 D OkHttp : Connection: Keep-Alive
08-22 14:14:38.162 12560 14102 D OkHttp : Content-Length: 170151
08-22 14:14:38.162 12560 14102 D OkHttp : Date: Wed, 22 Aug 2018 12:14:37 GMT
08-22 14:14:38.162 12560 14102 D OkHttp : Content-Type: application/xml; charset=utf-8
08-22 14:14:38.162 12560 14102 D OkHttp : Server: Microsoft-IIS/10.0
08-22 14:14:38.162 12560 14102 D OkHttp : checksum: ac96b4e7d83dae7220f88fa41b31d4dd
08-22 14:14:38.162 12560 14102 D OkHttp : X-Powered-By: ASP.NET
08-22 14:14:38.162 12560 14102 D OkHttp : <-- END HTTP
08-22 14:14:39.082 12560 14102 D MYINTERCEPTOR: /GiengerService.svc/getorder
08-22 14:14:39.082 12560 14102 D OkHttp : --> POST https://testsaig1.gienger.cz/GiengerService.svc/getorder http/1.1
08-22 14:14:39.082 12560 14102 D OkHttp : Content-Length: 0
08-22 14:14:39.082 12560 14102 D OkHttp : name: 130AT1180433275.xml
08-22 14:14:39.082 12560 14102 D OkHttp : token: 73fa8feb0bd901c5c8c2e43623dab268
08-22 14:14:39.082 12560 14102 D OkHttp : --> END POST
08-22 14:14:39.152 12560 14102 D OkHttp : <-- 200 OK https://testsaig1.gienger.cz/GiengerService.svc/getorder (71ms)
08-22 14:14:39.152 12560 14102 D OkHttp : Connection: Keep-Alive
08-22 14:14:39.152 12560 14102 D OkHttp : Content-Length: 168287
08-22 14:14:39.152 12560 14102 D OkHttp : Date: Wed, 22 Aug 2018 12:14:39 GMT
08-22 14:14:39.152 12560 14102 D OkHttp : Content-Type: application/xml; charset=utf-8
08-22 14:14:39.152 12560 14102 D OkHttp : Server: Microsoft-IIS/10.0
08-22 14:14:39.152 12560 14102 D OkHttp : checksum: 34460fa5ccedb834817139d4767cc02a
08-22 14:14:39.152 12560 14102 D OkHttp : X-Powered-By: ASP.NET
08-22 14:14:39.152 12560 14102 D OkHttp : <-- END HTTP
08-22 14:14:39.632 12560 14102 D MYINTERCEPTOR: /GiengerService.svc/getorder
08-22 14:14:39.642 12560 14102 D OkHttp : --> POST https://testsaig1.gienger.cz/GiengerService.svc/getorder http/1.1
08-22 14:14:39.642 12560 14102 D OkHttp : Content-Length: 0
08-22 14:14:39.642 12560 14102 D OkHttp : name: 130AT1180433276.xml
08-22 14:14:39.642 12560 14102 D OkHttp : token: 73fa8feb0bd901c5c8c2e43623dab268
08-22 14:14:39.642 12560 14102 D OkHttp : --> END POST
08-22 14:14:39.712 12560 14102 D OkHttp : <-- 200 OK https://testsaig1.gienger.cz/GiengerService.svc/getorder (70ms)
08-22 14:14:39.712 12560 14102 D OkHttp : Connection: Keep-Alive
08-22 14:14:39.712 12560 14102 D OkHttp : Content-Length: 165661
08-22 14:14:39.712 12560 14102 D OkHttp : Date: Wed, 22 Aug 2018 12:14:39 GMT
08-22 14:14:39.712 12560 14102 D OkHttp : Content-Type: application/xml; charset=utf-8
08-22 14:14:39.712 12560 14102 D OkHttp : Server: Microsoft-IIS/10.0
08-22 14:14:39.712 12560 14102 D OkHttp : checksum: 1dd24e00238765ae05bfec68c49e5eea
08-22 14:14:39.712 12560 14102 D OkHttp : X-Powered-By: ASP.NET
08-22 14:14:39.712 12560 14102 D OkHttp : <-- END HTTP
08-22 14:14:40.092 12560 14102 D MYINTERCEPTOR: /GiengerService.svc/getorder
08-22 14:14:40.092 12560 14102 D OkHttp : --> POST https://testsaig1.gienger.cz/GiengerService.svc/getorder http/1.1
08-22 14:14:40.092 12560 14102 D OkHttp : Content-Length: 0
08-22 14:14:40.092 12560 14102 D OkHttp : name: 130AT1180433277.xml
08-22 14:14:40.092 12560 14102 D OkHttp : token: 73fa8feb0bd901c5c8c2e43623dab268
08-22 14:14:40.092 12560 14102 D OkHttp : --> END POST
08-22 14:14:40.152 12560 14102 D OkHttp : <-- 200 OK https://testsaig1.gienger.cz/GiengerService.svc/getorder (57ms)
08-22 14:14:40.152 12560 14102 D OkHttp : Connection: Keep-Alive
08-22 14:14:40.152 12560 14102 D OkHttp : Content-Length: 166002
08-22 14:14:40.152 12560 14102 D OkHttp : Date: Wed, 22 Aug 2018 12:14:40 GMT
08-22 14:14:40.152 12560 14102 D OkHttp : Content-Type: application/xml; charset=utf-8
08-22 14:14:40.152 12560 14102 D OkHttp : Server: Microsoft-IIS/10.0
08-22 14:14:40.152 12560 14102 D OkHttp : checksum: a280db3a09d650c364852a8084b08939
08-22 14:14:40.152 12560 14102 D OkHttp : X-Powered-By: ASP.NET
08-22 14:14:40.152 12560 14102 D OkHttp : <-- END HTTP
08-22 14:14:40.512 12560 12560 D ViewRootImpl: #3 mView = null
08-22 14:14:40.522 12560 12560 E ViewRootImpl: sendUserActionEvent() mView == null
08-22 14:14:40.522 12560 12560 D AbsListView: Get MotionRecognitionManager
08-22 14:14:40.532 12560 12560 D AbsListView: viewType is heaer or footer
08-22 14:14:40.542 12560 12560 D AbsListView: viewType is heaer or footer
08-22 14:14:40.542 12560 12560 D AbsListView: viewType is heaer or footer
08-22 14:14:40.542 12560 12560 D AbsListView: viewType is heaer or footer
08-22 14:14:40.852 12560 12560 D AbsListView: viewType is heaer or footer
08-22 14:14:40.862 12560 12560 D AbsListView: viewType is heaer or footer
08-22 14:14:40.862 12560 12560 D AbsListView: viewType is heaer or footer
08-22 14:14:40.882 12560 12560 D AbsListView: viewType is heaer or footer
08-22 14:15:05.292 12560 12560 D ViewRootImpl: ViewPostImeInputStage processPointer 0
08-22 14:15:05.542 12560 12560 D ViewRootImpl: ViewPostImeInputStage processPointer 1
08-22 14:15:41.622 12560 12560 D ViewRootImpl: ViewPostImeInputStage processPointer 0
08-22 14:15:41.662 12560 12560 D ViewRootImpl: ViewPostImeInputStage processPointer 1
08-22 14:16:21.972 12560 12560 V ActivityThread: updateVisibility : ActivityRecord{841a3bc token=android.os.BinderProxy@da33818 {cz.gienger.mobile/cz.gienger.mobile.activity.LoginActivity}} show : true
08-22 14:17:41.892 12560 12560 I Timeline: Timeline: Activity_idle id: android.os.BinderProxy@da33818 time:706877
08-22 14:17:43.382 12560 12560 D ViewRootImpl: ViewPostImeInputStage processPointer 0
08-22 14:17:43.452 12560 12560 D ViewRootImpl: ViewPostImeInputStage processPointer 1
08-22 14:17:43.462 12560 14443 D MYINTERCEPTOR: /GiengerService.svc/logout
08-22 14:17:43.472 12560 14443 D OkHttp : --> POST https://testsaig1.gienger.cz/GiengerService.svc/logout http/1.1
08-22 14:17:43.472 12560 14443 D OkHttp : Content-Type: application/xml; charset=UTF-8
08-22 14:17:43.472 12560 14443 D OkHttp : Content-Length: 266
08-22 14:17:43.472 12560 14443 D OkHttp : token: 73fa8feb0bd901c5c8c2e43623dab268
08-22 14:17:43.472 12560 14443 D OkHttp : --> END POST
08-22 14:17:43.522 12560 14443 D OkHttp : <-- 200 OK https://testsaig1.gienger.cz/GiengerService.svc/logout (55ms)
08-22 14:17:43.522 12560 14443 D OkHttp : Connection: Keep-Alive
08-22 14:17:43.522 12560 14443 D OkHttp : Content-Length: 0
08-22 14:17:43.522 12560 14443 D OkHttp : Date: Wed, 22 Aug 2018 12:17:43 GMT
08-22 14:17:43.522 12560 14443 D OkHttp : Server: Microsoft-IIS/10.0
08-22 14:17:43.522 12560 14443 D OkHttp : X-Powered-By: ASP.NET
08-22 14:17:43.522 12560 14443 D OkHttp : <-- END HTTP
08-22 14:17:43.532 12560 12560 D AbsListView: Get MotionRecognitionManager
08-22 14:17:45.362 12560 12560 D ViewRootImpl: ViewPostImeInputStage processPointer 0
08-22 14:17:45.412 12560 12560 D ViewRootImpl: ViewPostImeInputStage processPointer 1
08-22 14:17:45.582 12560 12560 D ViewRootImpl: MSG_RESIZED: ci=Rect(0, 24 - 0, 320) vi=Rect(0, 24 - 0, 320) or=1
08-22 14:17:47.232 12560 12560 D ViewRootImpl: ViewPostImeInputStage processPointer 0
08-22 14:17:47.292 12560 12560 D ViewRootImpl: ViewPostImeInputStage processPointer 1
08-22 14:17:48.842 12560 12560 D ViewRootImpl: ViewPostImeInputStage processPointer 0
08-22 14:17:48.892 12560 12560 D ViewRootImpl: ViewPostImeInputStage processPointer 1
08-22 14:17:48.932 12560 12560 D ViewRootImpl: #1 mView = com.android.internal.policy.PhoneWindow$DecorView{e20df0d V.E...... R.....I. 0,0-0,0}
08-22 14:17:48.932 12560 14459 D MYINTERCEPTOR: /GiengerService.svc/oauth
08-22 14:17:48.932 12560 14459 D OkHttp : --> POST https://testsaig1.gienger.cz/GiengerService.svc/oauth http/1.1
08-22 14:17:48.932 12560 14459 D OkHttp : Content-Type: application/xml; charset=UTF-8
08-22 14:17:48.932 12560 14459 D OkHttp : Content-Length: 299
08-22 14:17:48.932 12560 14459 D OkHttp : --> END POST
08-22 14:17:48.982 12560 12560 D ViewRootImpl: MSG_RESIZED_REPORT: ci=Rect(0, 0 - 0, 0) vi=Rect(0, 0 - 0, 0) or=1
08-22 14:17:48.992 12560 14459 D OkHttp : <-- 200 OK https://testsaig1.gienger.cz/GiengerService.svc/oauth (55ms)
08-22 14:17:48.992 12560 14459 D OkHttp : Connection: Keep-Alive
08-22 14:17:48.992 12560 14459 D OkHttp : Content-Length: 292
08-22 14:17:48.992 12560 14459 D OkHttp : Date: Wed, 22 Aug 2018 12:17:48 GMT
08-22 14:17:48.992 12560 14459 D OkHttp : Content-Type: application/xml; charset=utf-8
08-22 14:17:48.992 12560 14459 D OkHttp : Server: Microsoft-IIS/10.0
08-22 14:17:48.992 12560 14459 D OkHttp : X-Powered-By: ASP.NET
08-22 14:17:48.992 12560 14459 D OkHttp : <-- END HTTP
08-22 14:17:49.012 12560 14459 D MYINTERCEPTOR: /GiengerService.svc/userinfo
08-22 14:17:49.012 12560 14459 D OkHttp : --> POST https://testsaig1.gienger.cz/GiengerService.svc/userinfo http/1.1
08-22 14:17:49.012 12560 14459 D OkHttp : Content-Type: application/xml; charset=UTF-8
08-22 14:17:49.012 12560 14459 D OkHttp : Content-Length: 140
08-22 14:17:49.012 12560 14459 D OkHttp : token: ad0930f4d3e9fc8492e6289909974d76
08-22 14:17:49.012 12560 14459 D OkHttp : --> END POST
08-22 14:17:49.042 12560 14459 D OkHttp : <-- 200 OK https://testsaig1.gienger.cz/GiengerService.svc/userinfo (37ms)
08-22 14:17:49.042 12560 14459 D OkHttp : Connection: Keep-Alive
08-22 14:17:49.042 12560 14459 D OkHttp : Content-Length: 193
08-22 14:17:49.042 12560 14459 D OkHttp : Date: Wed, 22 Aug 2018 12:17:48 GMT
08-22 14:17:49.042 12560 14459 D OkHttp : Content-Type: application/xml; charset=utf-8
08-22 14:17:49.042 12560 14459 D OkHttp : Server: Microsoft-IIS/10.0
08-22 14:17:49.042 12560 14459 D OkHttp : X-Powered-By: ASP.NET
08-22 14:17:49.042 12560 14459 D OkHttp : <-- END HTTP
08-22 14:17:49.082 12560 12560 D ViewRootImpl: #1 mView = com.android.internal.policy.PhoneWindow$DecorView{60ee1b1 V.E...... R.....I. 0,0-0,0}
08-22 14:17:49.102 12560 12560 D ViewRootImpl: #3 mView = null
08-22 14:17:49.142 12560 12560 D ViewRootImpl: MSG_RESIZED_REPORT: ci=Rect(0, 0 - 0, 0) vi=Rect(0, 0 - 0, 0) or=1
08-22 14:17:49.152 12560 12560 E ViewRootImpl: sendUserActionEvent() mView == null
08-22 14:17:49.752 12560 12560 D ViewRootImpl: ViewPostImeInputStage processPointer 0
08-22 14:17:49.802 12560 12560 D ViewRootImpl: ViewPostImeInputStage processPointer 1
08-22 14:17:49.842 12560 12560 D ViewRootImpl: #3 mView = null
08-22 14:17:49.872 12560 12560 D AbsListView: Get MotionRecognitionManager
08-22 14:17:49.872 12560 14459 D MYINTERCEPTOR: /GiengerService.svc/manifests
08-22 14:17:49.872 12560 14459 D OkHttp : --> GET https://testsaig1.gienger.cz/GiengerService.svc/manifests http/1.1
08-22 14:17:49.872 12560 14459 D OkHttp : state: CZ
08-22 14:17:49.872 12560 14459 D OkHttp : token: ad0930f4d3e9fc8492e6289909974d76
08-22 14:17:49.872 12560 14459 D OkHttp : --> END GET
08-22 14:17:49.902 12560 12560 D FILES : /data/user/0/cz.gienger.mobile/files/delivery
08-22 14:17:49.902 12560 12560 D FILES : /data/user/0/cz.gienger.mobile/files/delivery/130AT1180433269
08-22 14:17:49.902 12560 12560 D FILES : /data/user/0/cz.gienger.mobile/files/delivery/130AT1180433269/corrections
08-22 14:17:49.902 12560 12560 D FILES : /data/user/0/cz.gienger.mobile/files/delivery/130AT1180433269/130AT1180433269.pdf
08-22 14:17:49.902 12560 12560 D FILES : /data/user/0/cz.gienger.mobile/files/delivery/130AT1180433270
08-22 14:17:49.902 12560 12560 D FILES : /data/user/0/cz.gienger.mobile/files/delivery/130AT1180433270/corrections
08-22 14:17:49.902 12560 12560 D FILES : /data/user/0/cz.gienger.mobile/files/delivery/130AT1180433270/130AT1180433270.pdf
08-22 14:17:49.902 12560 12560 D FILES : /data/user/0/cz.gienger.mobile/files/delivery/130AT1180433271
08-22 14:17:49.902 12560 12560 D FILES : /data/user/0/cz.gienger.mobile/files/delivery/130AT1180433271/corrections
08-22 14:17:49.902 12560 12560 D FILES : /data/user/0/cz.gienger.mobile/files/delivery/130AT1180433271/130AT1180433271.pdf
08-22 14:17:49.902 12560 12560 D FILES : /data/user/0/cz.gienger.mobile/files/delivery/130AT1180433272
08-22 14:17:49.902 12560 12560 D FILES : /data/user/0/cz.gienger.mobile/files/delivery/130AT1180433272/corrections
08-22 14:17:49.902 12560 12560 D FILES : /data/user/0/cz.gienger.mobile/files/delivery/130AT1180433272/130AT1180433272.pdf
08-22 14:17:49.902 12560 12560 D FILES : /data/user/0/cz.gienger.mobile/files/delivery/130AT1180433273
08-22 14:17:49.902 12560 12560 D FILES : /data/user/0/cz.gienger.mobile/files/delivery/130AT1180433273/corrections
08-22 14:17:49.912 12560 12560 D FILES : /data/user/0/cz.gienger.mobile/files/delivery/130AT1180433273/130AT1180433273.pdf
08-22 14:17:49.912 12560 12560 D FILES : /data/user/0/cz.gienger.mobile/files/delivery/130AT1180433274
08-22 14:17:49.912 12560 12560 D FILES : /data/user/0/cz.gienger.mobile/files/delivery/130AT1180433274/corrections
08-22 14:17:49.912 12560 12560 D FILES : /data/user/0/cz.gienger.mobile/files/delivery/130AT1180433274/130AT1180433274.pdf
08-22 14:17:49.912 12560 12560 D FILES : /data/user/0/cz.gienger.mobile/files/delivery/130AT1180433275
08-22 14:17:49.912 12560 12560 D FILES : /data/user/0/cz.gienger.mobile/files/delivery/130AT1180433275/corrections
08-22 14:17:49.912 12560 12560 D FILES : /data/user/0/cz.gienger.mobile/files/delivery/130AT1180433275/130AT1180433275.pdf
08-22 14:17:49.912 12560 12560 D FILES : /data/user/0/cz.gienger.mobile/files/delivery/130AT1180433276
08-22 14:17:49.912 12560 12560 D FILES : /data/user/0/cz.gienger.mobile/files/delivery/130AT1180433276/corrections
08-22 14:17:49.912 12560 12560 D FILES : /data/user/0/cz.gienger.mobile/files/delivery/130AT1180433276/130AT1180433276.pdf
08-22 14:17:49.912 12560 12560 D FILES : /data/user/0/cz.gienger.mobile/files/delivery/130AT1180433277
08-22 14:17:49.912 12560 12560 D FILES : /data/user/0/cz.gienger.mobile/files/delivery/130AT1180433277/corrections
08-22 14:17:49.912 12560 12560 D FILES : /data/user/0/cz.gienger.mobile/files/delivery/130AT1180433277/130AT1180433277.pdf
08-22 14:17:49.912 12560 14459 D OkHttp : <-- 200 OK https://testsaig1.gienger.cz/GiengerService.svc/manifests (39ms)
08-22 14:17:49.912 12560 14459 D OkHttp : Connection: Keep-Alive
08-22 14:17:49.912 12560 14459 D OkHttp : Content-Length: 11356
08-22 14:17:49.912 12560 14459 D OkHttp : Date: Wed, 22 Aug 2018 12:17:48 GMT
08-22 14:17:49.912 12560 14459 D OkHttp : Content-Type: application/xml; charset=utf-8
08-22 14:17:49.912 12560 14459 D OkHttp : Server: Microsoft-IIS/10.0
08-22 14:17:49.912 12560 14459 D OkHttp : X-Powered-By: ASP.NET
08-22 14:17:49.912 12560 14459 D OkHttp : <-- END HTTP
08-22 14:17:49.922 12560 12560 D AbsListView: Get MotionRecognitionManager
08-22 14:17:49.922 12560 12560 E MotionRecognitionManager: mSContextService = null
08-22 14:17:49.932 12560 12560 E MotionRecognitionManager: motionService = com.samsung.android.motion.IMotionRecognitionService$Stub$Proxy@67eb7f6
08-22 14:17:49.932 12560 14462 D MYINTERCEPTOR: /GiengerService.svc/manifests
08-22 14:17:49.932 12560 14462 D OkHttp : --> GET https://testsaig1.gienger.cz/GiengerService.svc/manifests http/1.1
08-22 14:17:49.932 12560 14462 D OkHttp : state: CZ
08-22 14:17:49.932 12560 14462 D OkHttp : token: ad0930f4d3e9fc8492e6289909974d76
08-22 14:17:49.932 12560 14462 D OkHttp : --> END GET
08-22 14:17:49.952 12560 12560 D AbsListView: Get MotionRecognitionManager
08-22 14:17:49.962 12560 12560 D ViewRootImpl: #1 mView = com.android.internal.policy.PhoneWindow$DecorView{8e52b32 I.E...... R.....ID 0,0-0,0}
08-22 14:17:49.962 12560 14463 D MYINTERCEPTOR: /GiengerService.svc/manifests
08-22 14:17:49.962 12560 14463 D OkHttp : --> GET https://testsaig1.gienger.cz/GiengerService.svc/manifests http/1.1
08-22 14:17:49.962 12560 14463 D OkHttp : state: CZ
08-22 14:17:49.962 12560 14463 D OkHttp : token: ad0930f4d3e9fc8492e6289909974d76
08-22 14:17:49.962 12560 14463 D OkHttp : --> END GET
08-22 14:17:49.962 12560 12560 D SecWifiDisplayUtil: Metadata value : SecSettings2
08-22 14:17:49.972 12560 14462 D OkHttp : <-- 200 OK https://testsaig1.gienger.cz/GiengerService.svc/manifests (34ms)
08-22 14:17:49.972 12560 14462 D OkHttp : Connection: Keep-Alive
08-22 14:17:49.972 12560 14462 D OkHttp : Content-Length: 11356
08-22 14:17:49.972 12560 14462 D OkHttp : Date: Wed, 22 Aug 2018 12:17:48 GMT
08-22 14:17:49.972 12560 14462 D OkHttp : Content-Type: application/xml; charset=utf-8
08-22 14:17:49.972 12560 14462 D OkHttp : Server: Microsoft-IIS/10.0
08-22 14:17:49.972 12560 14462 D OkHttp : X-Powered-By: ASP.NET
08-22 14:17:49.972 12560 14462 D OkHttp : <-- END HTTP
08-22 14:17:49.982 12560 12580 D OpenGLRenderer: endAllStagingAnimators on 0xb7d27170 (RippleDrawable) with handle 0xb7cc8a60
08-22 14:17:49.982 12560 12560 D ViewRootImpl: #3 mView = null
08-22 14:17:50.002 12560 12560 E ViewRootImpl: sendUserActionEvent() mView == null
08-22 14:17:50.002 12560 12560 E ViewRootImpl: sendUserActionEvent() mView == null
08-22 14:17:50.002 12560 12560 D DOWNLOAD_MANIFESTS: success
08-22 14:17:50.012 12560 14463 D OkHttp : <-- 200 OK https://testsaig1.gienger.cz/GiengerService.svc/manifests (50ms)
08-22 14:17:50.012 12560 14463 D OkHttp : Connection: Keep-Alive
08-22 14:17:50.012 12560 14463 D OkHttp : Content-Length: 11356
08-22 14:17:50.012 12560 14463 D OkHttp : Date: Wed, 22 Aug 2018 12:17:49 GMT
08-22 14:17:50.012 12560 14463 D OkHttp : Content-Type: application/xml; charset=utf-8
08-22 14:17:50.012 12560 14463 D OkHttp : Server: Microsoft-IIS/10.0
08-22 14:17:50.012 12560 14463 D OkHttp : X-Powered-By: ASP.NET
08-22 14:17:50.012 12560 14463 D OkHttp : <-- END HTTP
08-22 14:17:50.012 12560 12560 E ViewRootImpl: sendUserActionEvent() mView == null
08-22 14:17:50.032 12560 12560 D ViewRootImpl: MSG_RESIZED_REPORT: ci=Rect(0, 24 - 0, 320) vi=Rect(0, 24 - 0, 320) or=1
08-22 14:17:50.042 12560 12560 D DOWNLOAD_MANIFESTS: success
08-22 14:17:50.072 12560 12560 W IInputConnectionWrapper: finishComposingText on inactive InputConnection
08-22 14:17:50.072 12560 12560 D DOWNLOAD_MANIFESTS: success
08-22 14:17:50.092 12560 12560 W IInputConnectionWrapper: finishComposingText on inactive InputConnection
08-22 14:17:50.112 12560 12560 D ViewRootImpl: MSG_RESIZED: ci=Rect(0, 24 - 0, 0) vi=Rect(0, 24 - 0, 0) or=1
08-22 14:17:51.072 12560 12560 D ViewRootImpl: ViewPostImeInputStage processPointer 0
08-22 14:17:51.192 12560 12560 D ViewRootImpl: ViewPostImeInputStage processPointer 1
08-22 14:17:51.772 12560 12560 D ViewRootImpl: ViewPostImeInputStage processPointer 0
08-22 14:17:51.822 12560 12560 D ViewRootImpl: ViewPostImeInputStage processPointer 1
08-22 14:17:51.852 12560 12560 D AbsListView: Get MotionRecognitionManager
08-22 14:17:56.142 12560 12560 D ViewRootImpl: ViewPostImeInputStage processPointer 0
08-22 14:17:56.192 12560 12560 D ViewRootImpl: ViewPostImeInputStage processPointer 1
08-22 14:17:56.772 12560 12560 D ViewRootImpl: ViewPostImeInputStage processPointer 0
08-22 14:17:56.832 12560 12560 D ViewRootImpl: ViewPostImeInputStage processPointer 1
08-22 14:17:56.862 12560 12560 D ViewRootImpl: #1 mView = com.android.internal.policy.PhoneWindow$DecorView{58b3b4c V.E...... R.....I. 0,0-0,0}
08-22 14:17:56.862 12560 14463 D MYINTERCEPTOR: /GiengerService.svc/manifestinfo
08-22 14:17:56.862 12560 14463 D OkHttp : --> POST https://testsaig1.gienger.cz/GiengerService.svc/manifestinfo http/1.1
08-22 14:17:56.862 12560 14463 D OkHttp : Content-Length: 0
08-22 14:17:56.862 12560 14463 D OkHttp : state: CZ
08-22 14:17:56.862 12560 14463 D OkHttp : id: A04_trasa_A04-01_ranni_30_07_2018
08-22 14:17:56.862 12560 14463 D OkHttp : token: ad0930f4d3e9fc8492e6289909974d76
08-22 14:17:56.862 12560 14463 D OkHttp : --> END POST
08-22 14:17:56.902 12560 12560 D ViewRootImpl: MSG_RESIZED_REPORT: ci=Rect(0, 0 - 0, 0) vi=Rect(0, 0 - 0, 0) or=1
08-22 14:17:56.912 12560 14463 D OkHttp : <-- 200 OK https://testsaig1.gienger.cz/GiengerService.svc/manifestinfo (47ms)
08-22 14:17:56.912 12560 14463 D OkHttp : Connection: Keep-Alive
08-22 14:17:56.912 12560 14463 D OkHttp : Content-Length: 408
08-22 14:17:56.912 12560 14463 D OkHttp : Date: Wed, 22 Aug 2018 12:17:56 GMT
08-22 14:17:56.912 12560 14463 D OkHttp : Content-Type: application/xml; charset=utf-8
08-22 14:17:56.912 12560 14463 D OkHttp : Server: Microsoft-IIS/10.0
08-22 14:17:56.912 12560 14463 D OkHttp : X-Powered-By: ASP.NET
08-22 14:17:56.912 12560 14463 D OkHttp : <-- END HTTP
08-22 14:17:56.932 12560 14471 D MYINTERCEPTOR: /GiengerService.svc/corrections
08-22 14:17:56.932 12560 14471 D OkHttp : --> GET https://testsaig1.gienger.cz/GiengerService.svc/corrections http/1.1
08-22 14:17:56.932 12560 14471 D OkHttp : token: ad0930f4d3e9fc8492e6289909974d76
08-22 14:17:56.932 12560 14471 D OkHttp : --> END GET
08-22 14:17:56.962 12560 14471 D OkHttp : <-- 200 OK https://testsaig1.gienger.cz/GiengerService.svc/corrections (26ms)
08-22 14:17:56.962 12560 14471 D OkHttp : Connection: Keep-Alive
08-22 14:17:56.962 12560 14471 D OkHttp : Content-Length: 1267
08-22 14:17:56.962 12560 14471 D OkHttp : Date: Wed, 22 Aug 2018 12:17:56 GMT
08-22 14:17:56.962 12560 14471 D OkHttp : Content-Type: application/xml; charset=utf-8
08-22 14:17:56.962 12560 14471 D OkHttp : Server: Microsoft-IIS/10.0
08-22 14:17:56.962 12560 14471 D OkHttp : X-Powered-By: ASP.NET
08-22 14:17:56.962 12560 14471 D OkHttp : <-- END HTTP
08-22 14:17:56.972 12560 14471 D MYINTERCEPTOR: /GiengerService.svc/getorder
08-22 14:17:56.972 12560 14471 D OkHttp : --> POST https://testsaig1.gienger.cz/GiengerService.svc/getorder http/1.1
08-22 14:17:56.972 12560 14471 D OkHttp : Content-Length: 0
08-22 14:17:56.972 12560 14471 D OkHttp : name: 130AT1180433269.xml
08-22 14:17:56.972 12560 14471 D OkHttp : token: ad0930f4d3e9fc8492e6289909974d76
08-22 14:17:56.972 12560 14471 D OkHttp : --> END POST
08-22 14:17:57.012 12560 14471 D OkHttp : <-- 200 OK https://testsaig1.gienger.cz/GiengerService.svc/getorder (39ms)
08-22 14:17:57.012 12560 14471 D OkHttp : Connection: Keep-Alive
08-22 14:17:57.012 12560 14471 D OkHttp : Content-Length: 168651
08-22 14:17:57.012 12560 14471 D OkHttp : Date: Wed, 22 Aug 2018 12:17:56 GMT
08-22 14:17:57.012 12560 14471 D OkHttp : Content-Type: application/xml; charset=utf-8
08-22 14:17:57.012 12560 14471 D OkHttp : Server: Microsoft-IIS/10.0
08-22 14:17:57.012 12560 14471 D OkHttp : checksum: bde30d9a06d759756e39b14aa5644275
08-22 14:17:57.012 12560 14471 D OkHttp : X-Powered-By: ASP.NET
08-22 14:17:57.012 12560 14471 D OkHttp : <-- END HTTP
08-22 14:17:57.282 12560 12560 D ViewRootImpl: #3 mView = null
08-22 14:17:57.292 12560 12560 D AbsListView: Get MotionRecognitionManager
08-22 14:17:57.312 12560 12560 E ViewRootImpl: sendUserActionEvent() mView == null
08-22 14:17:57.312 12560 12560 D AbsListView: viewType is heaer or footer
08-22 14:17:57.312 12560 12560 D AbsListView: viewType is heaer or footer
08-22 14:17:57.312 12560 12560 D AbsListView: viewType is heaer or footer
08-22 14:17:57.312 12560 12560 D AbsListView: viewType is heaer or footer
08-22 14:17:57.392 12560 12560 D AbsListView: viewType is heaer or footer
08-22 14:17:57.392 12560 12560 D AbsListView: viewType is heaer or footer
08-22 14:17:57.392 12560 12560 D AbsListView: viewType is heaer or footer
08-22 14:17:57.392 12560 12560 D AbsListView: viewType is heaer or footer
08-22 14:17:58.632 12560 12560 D ViewRootImpl: ViewPostImeInputStage processPointer 0
08-22 14:17:58.692 12560 12560 D ViewRootImpl: ViewPostImeInputStage processPointer 1
08-22 14:17:58.712 12560 12560 D ViewRootImpl: #1 mView = com.android.internal.policy.PhoneWindow$DecorView{315d986 V.E...... R.....I. 0,0-0,0}
08-22 14:17:58.772 12560 12560 D ViewRootImpl: MSG_RESIZED_REPORT: ci=Rect(0, 0 - 0, 0) vi=Rect(0, 0 - 0, 0) or=1
08-22 14:17:59.712 12560 12560 D ViewRootImpl: ViewPostImeInputStage processPointer 0
08-22 14:17:59.782 12560 12560 D ViewRootImpl: ViewPostImeInputStage processPointer 1
08-22 14:17:59.802 12560 12560 D ViewRootImpl: #1 mView = com.android.internal.policy.PhoneWindow$DecorView{3bc99c2 V.E...... R.....I. 0,0-0,0}
08-22 14:17:59.812 12560 14463 D MYINTERCEPTOR: /GiengerService.svc/assign/A04_trasa_A04-01_ranni_30_07_2018
08-22 14:17:59.812 12560 14463 D OkHttp : --> POST https://testsaig1.gienger.cz/GiengerService.svc/assign/A04_trasa_A04-01_ranni_30_07_2018 http/1.1
08-22 14:17:59.812 12560 14463 D OkHttp : Content-Length: 0
08-22 14:17:59.812 12560 14463 D OkHttp : token: ad0930f4d3e9fc8492e6289909974d76
08-22 14:17:59.812 12560 14463 D OkHttp : --> END POST
08-22 14:17:59.812 12560 12560 D ViewRootImpl: #3 mView = null
08-22 14:17:59.842 12560 12560 D ViewRootImpl: MSG_RESIZED_REPORT: ci=Rect(0, 0 - 0, 0) vi=Rect(0, 0 - 0, 0) or=1
08-22 14:17:59.862 12560 12560 E ViewRootImpl: sendUserActionEvent() mView == null
08-22 14:18:00.112 12560 14463 D OkHttp : <-- 403 forbidden https://testsaig1.gienger.cz/GiengerService.svc/assign/A04_trasa_A04-01_ranni_30_07_2018 (298ms)
08-22 14:18:00.112 12560 14463 D OkHttp : Connection: Keep-Alive
08-22 14:18:00.112 12560 14463 D OkHttp : Content-Length: 86
08-22 14:18:00.112 12560 14463 D OkHttp : Date: Wed, 22 Aug 2018 12:18:00 GMT
08-22 14:18:00.112 12560 14463 D OkHttp : Content-Type: application/xml; charset=utf-8
08-22 14:18:00.112 12560 14463 D OkHttp : Server: Microsoft-IIS/10.0
08-22 14:18:00.112 12560 14463 D OkHttp : X-Powered-By: ASP.NET
08-22 14:18:00.112 12560 14463 D OkHttp : <-- END HTTP
08-22 14:18:00.142 12560 12560 D ViewRootImpl: #3 mView = null
08-22 14:18:00.162 12560 12560 D ViewRootImpl: #1 mView = com.android.internal.policy.PhoneWindow$DecorView{9822840 V.E...... R.....I. 0,0-0,0}
