08-22 14:18:00.202 12560 12560 E ViewRootImpl: sendUserActionEvent() mView == null
08-22 14:18:00.222 12560 12560 D ViewRootImpl: MSG_RESIZED_REPORT: ci=Rect(0, 0 - 0, 0) vi=Rect(0, 0 - 0, 0) or=1
08-22 14:18:02.422 12560 12560 D ViewRootImpl: ViewPostImeInputStage processPointer 0
08-22 14:18:02.462 12560 12560 D ViewRootImpl: ViewPostImeInputStage processPointer 1
08-22 14:18:02.472 12560 12560 D ViewRootImpl: #3 mView = null
08-22 14:18:02.472 12560 12560 E ViewRootImpl: sendUserActionEvent() mView == null
08-22 14:18:42.762 12560 12560 V ActivityThread: updateVisibility : ActivityRecord{841a3bc token=android.os.BinderProxy@da33818 {cz.gienger.mobile/cz.gienger.mobile.activity.LoginActivity}} show : true
08-22 14:19:02.482 12560 12560 I Timeline: Timeline: Activity_idle id: android.os.BinderProxy@da33818 time:787467
08-22 14:19:03.292 12560 12560 D ViewRootImpl: ViewPostImeInputStage processPointer 0
08-22 14:19:03.352 12560 12560 D ViewRootImpl: ViewPostImeInputStage processPointer 1
08-22 14:19:03.382 12560 12560 D ViewRootImpl: #1 mView = com.android.internal.policy.PhoneWindow$DecorView{566c6a0 V.E...... R.....I. 0,0-0,0}
08-22 14:19:03.422 12560 12560 D ViewRootImpl: MSG_RESIZED_REPORT: ci=Rect(0, 0 - 0, 0) vi=Rect(0, 0 - 0, 0) or=1
08-22 14:19:04.112 12560 12560 D ViewRootImpl: ViewPostImeInputStage processPointer 0
08-22 14:19:04.182 12560 12560 D ViewRootImpl: ViewPostImeInputStage processPointer 1
08-22 14:19:04.212 12560 12560 D ViewRootImpl: #1 mView = com.android.internal.policy.PhoneWindow$DecorView{9b9fb93 V.E...... R.....I. 0,0-0,0}
08-22 14:19:04.212 12560 14516 D MYINTERCEPTOR: /GiengerService.svc/assign/A04_trasa_A04-01_ranni_30_07_2018
08-22 14:19:04.222 12560 14516 D OkHttp : --> POST https://testsaig1.gienger.cz/GiengerService.svc/assign/A04_trasa_A04-01_ranni_30_07_2018 http/1.1
08-22 14:19:04.222 12560 14516 D OkHttp : Content-Length: 0
08-22 14:19:04.222 12560 14516 D OkHttp : token: ad0930f4d3e9fc8492e6289909974d76
08-22 14:19:04.222 12560 14516 D OkHttp : --> END POST
08-22 14:19:04.222 12560 12560 D ViewRootImpl: #3 mView = null
08-22 14:19:04.252 12560 12560 D ViewRootImpl: MSG_RESIZED_REPORT: ci=Rect(0, 0 - 0, 0) vi=Rect(0, 0 - 0, 0) or=1
08-22 14:19:04.272 12560 12560 E ViewRootImpl: sendUserActionEvent() mView == null
08-22 14:19:04.272 12560 14516 D OkHttp : <-- 200 OK https://testsaig1.gienger.cz/GiengerService.svc/assign/A04_trasa_A04-01_ranni_30_07_2018 (55ms)
08-22 14:19:04.272 12560 14516 D OkHttp : Connection: Keep-Alive
08-22 14:19:04.272 12560 14516 D OkHttp : Content-Length: 187
08-22 14:19:04.272 12560 14516 D OkHttp : Date: Wed, 22 Aug 2018 12:19:04 GMT
08-22 14:19:04.272 12560 14516 D OkHttp : Content-Type: application/xml; charset=utf-8
08-22 14:19:04.272 12560 14516 D OkHttp : Server: Microsoft-IIS/10.0
08-22 14:19:04.272 12560 14516 D OkHttp : X-Powered-By: ASP.NET
08-22 14:19:04.272 12560 14516 D OkHttp : <-- END HTTP
08-22 14:19:04.292 12560 12560 D ViewRootImpl: #3 mView = null
08-22 14:19:04.342 12560 12560 D ALARM_REUPLOAD: scheduling alarm
08-22 14:19:04.362 12560 12569 I art : Background sticky concurrent mark sweep GC freed 47669(2MB) AllocSpace objects, 6(672KB) LOS objects, 27% free, 7MB/10MB, paused 6.499ms total 36.859ms
08-22 14:19:04.382 12560 12560 D ViewRootImpl: #1 mView = com.android.internal.policy.PhoneWindow$DecorView{1b1df06 V.E...... R.....I. 0,0-0,0}
08-22 14:19:04.392 12560 14102 D MYINTERCEPTOR: /GiengerService.svc/metadata
08-22 14:19:04.392 12560 14102 D OkHttp : --> GET https://testsaig1.gienger.cz/GiengerService.svc/metadata http/1.1
08-22 14:19:04.392 12560 14102 D OkHttp : token: ad0930f4d3e9fc8492e6289909974d76
08-22 14:19:04.392 12560 14102 D OkHttp : state: CZ
08-22 14:19:04.392 12560 14102 D OkHttp : --> END GET
08-22 14:19:04.432 12560 12560 E ViewRootImpl: sendUserActionEvent() mView == null
08-22 14:19:04.442 12560 12560 D ViewRootImpl: MSG_RESIZED_REPORT: ci=Rect(0, 0 - 0, 0) vi=Rect(0, 0 - 0, 0) or=1
08-22 14:19:06.342 12560 14102 D OkHttp : <-- 200 OK https://testsaig1.gienger.cz/GiengerService.svc/metadata (1944ms)
08-22 14:19:06.342 12560 14102 D OkHttp : Connection: Keep-Alive
08-22 14:19:06.342 12560 14102 D OkHttp : Content-Length: 550
08-22 14:19:06.342 12560 14102 D OkHttp : Date: Wed, 22 Aug 2018 12:19:05 GMT
08-22 14:19:06.342 12560 14102 D OkHttp : Content-Type: application/xml; charset=utf-8
08-22 14:19:06.342 12560 14102 D OkHttp : Server: Microsoft-IIS/10.0
08-22 14:19:06.342 12560 14102 D OkHttp : X-Powered-By: ASP.NET
08-22 14:19:06.342 12560 14102 D OkHttp : <-- END HTTP
08-22 14:19:06.422 12560 14102 E cz.gienger.mobile.poaz.configuration.GlobalConfiguration: java.lang.NumberFormatException: Invalid int: "null"
08-22 14:19:06.422 12560 14102 E cz.gienger.mobile.poaz.configuration.GlobalConfiguration: at java.lang.Integer.invalidInt(Integer.java:138)
08-22 14:19:06.422 12560 14102 E cz.gienger.mobile.poaz.configuration.GlobalConfiguration: at java.lang.Integer.parseInt(Integer.java:358)
08-22 14:19:06.422 12560 14102 E cz.gienger.mobile.poaz.configuration.GlobalConfiguration: at java.lang.Integer.parseInt(Integer.java:334)
08-22 14:19:06.422 12560 14102 E cz.gienger.mobile.poaz.configuration.GlobalConfiguration: at cz.gienger.mobile.poaz.configuration.GlobalConfiguration.getPriceTypeEnum(GlobalConfiguration.java:140)
08-22 14:19:06.422 12560 14102 E cz.gienger.mobile.poaz.configuration.GlobalConfiguration: at cz.gienger.mobile.poaz.configuration.GlobalConfiguration.setValues(GlobalConfiguration.java:97)
08-22 14:19:06.422 12560 14102 E cz.gienger.mobile.poaz.configuration.GlobalConfiguration: at cz.gienger.mobile.poaz.configuration.GlobalConfiguration.(GlobalConfiguration.java:36)
08-22 14:19:06.422 12560 14102 E cz.gienger.mobile.poaz.configuration.GlobalConfiguration: at cz.gienger.mobile.poaz.configuration.GlobalConfiguration.get(GlobalConfiguration.java:41)
08-22 14:19:06.422 12560 14102 E cz.gienger.mobile.poaz.configuration.GlobalConfiguration: at cz.gienger.mobile.poaz.database.PoazDatabaseSync.syncLibraries(PoazDatabaseSync.java:68)
08-22 14:19:06.422 12560 14102 E cz.gienger.mobile.poaz.configuration.GlobalConfiguration: at cz.gienger.mobile.poaz.database.PoazDatabaseSync.Sync(PoazDatabaseSync.java:56)
08-22 14:19:06.422 12560 14102 E cz.gienger.mobile.poaz.configuration.GlobalConfiguration: at cz.gienger.mobile.poaz.database.PoazInitializationTask.doInBackground(PoazInitializationTask.java:74)
08-22 14:19:06.422 12560 14102 E cz.gienger.mobile.poaz.configuration.GlobalConfiguration: at cz.gienger.mobile.poaz.database.PoazInitializationTask.doInBackground(PoazInitializationTask.java:36)
08-22 14:19:06.422 12560 14102 E cz.gienger.mobile.poaz.configuration.GlobalConfiguration: at android.os.AsyncTask$2.call(AsyncTask.java:295)
08-22 14:19:06.422 12560 14102 E cz.gienger.mobile.poaz.configuration.GlobalConfiguration: at java.util.concurrent.FutureTask.run(FutureTask.java:237)
08-22 14:19:06.422 12560 14102 E cz.gienger.mobile.poaz.configuration.GlobalConfiguration: at android.os.AsyncTask$SerialExecutor$1.run(AsyncTask.java:234)
08-22 14:19:06.422 12560 14102 E cz.gienger.mobile.poaz.configuration.GlobalConfiguration: at java.util.concurrent.ThreadPoolExecutor.runWorker(ThreadPoolExecutor.java:1113)
08-22 14:19:06.422 12560 14102 E cz.gienger.mobile.poaz.configuration.GlobalConfiguration: at java.util.concurrent.ThreadPoolExecutor$Worker.run(ThreadPoolExecutor.java:588)
08-22 14:19:06.422 12560 14102 E cz.gienger.mobile.poaz.configuration.GlobalConfiguration: at java.lang.Thread.run(Thread.java:818)
08-22 14:19:06.432 12560 14102 D MYINTERCEPTOR: /GiengerService.svc/categories
08-22 14:19:06.432 12560 14102 D OkHttp : --> GET https://testsaig1.gienger.cz/GiengerService.svc/categories http/1.1
08-22 14:19:06.432 12560 14102 D OkHttp : token: ad0930f4d3e9fc8492e6289909974d76
08-22 14:19:06.432 12560 14102 D OkHttp : state: CZ
08-22 14:19:06.432 12560 14102 D OkHttp : --> END GET
08-22 14:19:08.122 12560 14102 D OkHttp : <-- 200 OK https://testsaig1.gienger.cz/GiengerService.svc/categories (1690ms)
08-22 14:19:08.122 12560 14102 D OkHttp : Connection: Keep-Alive
08-22 14:19:08.122 12560 14102 D OkHttp : Content-Length: 59548
08-22 14:19:08.122 12560 14102 D OkHttp : Date: Wed, 22 Aug 2018 12:19:05 GMT
08-22 14:19:08.122 12560 14102 D OkHttp : Content-Type: application/xml; charset=utf-8
08-22 14:19:08.122 12560 14102 D OkHttp : Server: Microsoft-IIS/10.0
08-22 14:19:08.122 12560 14102 D OkHttp : X-Powered-By: ASP.NET
08-22 14:19:08.122 12560 14102 D OkHttp : <-- END HTTP
08-22 14:19:10.122 12560 14102 D MYINTERCEPTOR: /GiengerService.svc/articles
08-22 14:19:10.132 12560 14102 D OkHttp : --> GET https://testsaig1.gienger.cz/GiengerService.svc/articles http/1.1
08-22 14:19:10.132 12560 14102 D OkHttp : token: ad0930f4d3e9fc8492e6289909974d76
08-22 14:19:10.132 12560 14102 D OkHttp : state: CZ
08-22 14:19:10.132 12560 14102 D OkHttp : --> END GET
08-22 14:19:11.032 12560 14102 D OkHttp : <-- 200 OK https://testsaig1.gienger.cz/GiengerService.svc/articles (909ms)
08-22 14:19:11.032 12560 14102 D OkHttp : Connection: Keep-Alive
08-22 14:19:11.032 12560 14102 D OkHttp : Date: Wed, 22 Aug 2018 12:19:10 GMT
08-22 14:19:11.032 12560 14102 D OkHttp : Content-Type: application/octet-stream
08-22 14:19:11.032 12560 14102 D OkHttp : Server: Microsoft-IIS/10.0
08-22 14:19:11.032 12560 14102 D OkHttp : X-Powered-By: ASP.NET
08-22 14:19:11.032 12560 14102 D OkHttp : Vary: Accept-Encoding
08-22 14:19:11.032 12560 14102 D OkHttp : <-- END HTTP
08-22 14:19:44.532 12560 12560 V ActivityThread: updateVisibility : ActivityRecord{841a3bc token=android.os.BinderProxy@da33818 {cz.gienger.mobile/cz.gienger.mobile.activity.LoginActivity}} show : true
08-22 14:19:46.652 12560 12560 D ViewRootImpl: MSG_RESIZED_REPORT: ci=Rect(0, 24 - 0, 0) vi=Rect(0, 24 - 0, 0) or=1
08-22 14:19:46.652 12560 12560 D ViewRootImpl: MSG_RESIZED_REPORT: ci=Rect(0, 0 - 0, 0) vi=Rect(0, 0 - 0, 0) or=1
08-22 14:19:46.662 12560 12560 D AbsListView: viewType is heaer or footer
08-22 14:19:46.672 12560 12560 D AbsListView: viewType is heaer or footer
08-22 14:19:46.672 12560 12560 D AbsListView: viewType is heaer or footer
08-22 14:19:46.672 12560 12560 D AbsListView: viewType is heaer or footer
08-22 14:20:17.652 12560 14102 D MYINTERCEPTOR: /GiengerService.svc/prices
08-22 14:20:17.652 12560 14102 D OkHttp : --> GET https://testsaig1.gienger.cz/GiengerService.svc/prices http/1.1
08-22 14:20:17.652 12560 14102 D OkHttp : token: ad0930f4d3e9fc8492e6289909974d76
08-22 14:20:17.652 12560 14102 D OkHttp : state: CZ
08-22 14:20:17.652 12560 14102 D OkHttp : --> END GET
08-22 14:20:17.952 12560 14102 D OkHttp : <-- 200 OK https://testsaig1.gienger.cz/GiengerService.svc/prices (299ms)
08-22 14:20:17.952 12560 14102 D OkHttp : Connection: Keep-Alive
08-22 14:20:17.952 12560 14102 D OkHttp : Date: Wed, 22 Aug 2018 12:20:17 GMT
08-22 14:20:17.952 12560 14102 D OkHttp : Content-Type: application/octet-stream
08-22 14:20:17.952 12560 14102 D OkHttp : Server: Microsoft-IIS/10.0
08-22 14:20:17.952 12560 14102 D OkHttp : X-Powered-By: ASP.NET
08-22 14:20:17.952 12560 14102 D OkHttp : Vary: Accept-Encoding
08-22 14:20:17.952 12560 14102 D OkHttp : <-- END HTTP
08-22 14:20:19.342 12560 12560 D ViewRootImpl: ViewPostImeInputStage processPointer 0
08-22 14:20:19.382 12560 12560 D ViewRootImpl: ViewPostImeInputStage processPointer 1
08-22 14:20:53.862 12560 12560 D ViewRootImpl: ViewPostImeInputStage processPointer 0
08-22 14:20:53.892 12560 12560 D ViewRootImpl: ViewPostImeInputStage processPointer 1
08-22 14:20:56.552 12560 14102 E File : fail readDirectory() errno=13
08-22 14:20:56.592 12560 12560 D ViewRootImpl: #3 mView = null
08-22 14:20:56.612 12560 12560 E ViewRootImpl: sendUserActionEvent() mView == null
08-22 14:20:56.642 12560 12560 D AbsListView: Get MotionRecognitionManager
08-22 14:20:56.642 12560 12560 E MotionRecognitionManager: mSContextService = null
08-22 14:20:56.642 12560 12560 E MotionRecognitionManager: motionService = com.samsung.android.motion.IMotionRecognitionService$Stub$Proxy@63ce5a8
08-22 14:20:56.742 12560 12560 D AbsListView: Get MotionRecognitionManager
08-22 14:20:56.802 12560 12560 D ViewRootImpl: #1 mView = com.android.internal.policy.PhoneWindow$DecorView{e5fd04a I.E...... R.....ID 0,0-0,0}
08-22 14:20:56.802 12560 12560 D SecWifiDisplayUtil: Metadata value : SecSettings2
08-22 14:20:56.812 12560 12560 D AbsListView: viewType is heaer or footer
08-22 14:20:56.852 12560 12560 D AbsListView: viewType is heaer or footer
08-22 14:20:56.872 12560 12560 D AbsListView: viewType is heaer or footer
08-22 14:20:56.872 12560 12560 D AbsListView: viewType is heaer or footer
08-22 14:20:56.872 12560 12560 D AbsListView: viewType is heaer or footer
08-22 14:20:56.902 12560 12560 D AbsListView: viewType is heaer or footer
08-22 14:20:56.902 12560 12560 D AbsListView: viewType is heaer or footer
08-22 14:20:56.902 12560 12560 D AbsListView: viewType is heaer or footer
08-22 14:20:56.912 12560 12560 D ViewRootImpl: MSG_RESIZED_REPORT: ci=Rect(0, 24 - 0, 0) vi=Rect(0, 24 - 0, 0) or=1
08-22 14:20:56.922 12560 12560 D AbsListView: viewType is heaer or footer
08-22 14:20:56.922 12560 12560 D AbsListView: viewType is heaer or footer
08-22 14:20:56.922 12560 12560 D AbsListView: viewType is heaer or footer
08-22 14:20:56.932 12560 12560 D AbsListView: viewType is heaer or footer
08-22 14:20:56.952 12560 12560 I Timeline: Timeline: Activity_idle id: android.os.BinderProxy@b387f93 time:901939
08-22 14:20:57.202 12560 12560 D ViewRootImpl: #3 mView = null
08-22 14:20:57.842 12560 12560 D ViewRootImpl: ViewPostImeInputStage processPointer 0
08-22 14:20:57.892 12560 12560 D ViewRootImpl: ViewPostImeInputStage processPointer 1
08-22 14:20:57.902 12560 12560 I Timeline: Timeline: Activity_launch_request id:cz.gienger.mobile time:902881
08-22 14:20:57.982 12560 12560 D ViewRootImpl: #1 mView = com.android.internal.policy.PhoneWindow$DecorView{a50e486 I.E...... R.....I. 0,0-0,0}
08-22 14:20:57.982 12560 12560 D SecWifiDisplayUtil: Metadata value : SecSettings2
08-22 14:20:58.072 12560 12560 D ViewRootImpl: MSG_RESIZED_REPORT: ci=Rect(0, 0 - 0, 0) vi=Rect(0, 0 - 0, 0) or=1
08-22 14:20:58.652 12560 12560 D ViewRootImpl: #3 mView = null
08-22 14:20:58.652 12560 12560 V ActivityThread: updateVisibility : ActivityRecord{d9eece0 token=android.os.BinderProxy@b387f93 {cz.gienger.mobile/cz.gienger.mobile.activity.MainActivity}} show : true
08-22 14:21:00.342 12560 14103 D MYINTERCEPTOR: /GiengerService.svc/logout
08-22 14:21:00.352 12560 14103 D OkHttp : --> POST https://testsaig1.gienger.cz/GiengerService.svc/logout http/1.1
08-22 14:21:00.352 12560 14103 D OkHttp : Content-Type: application/xml; charset=UTF-8
08-22 14:21:00.352 12560 14103 D OkHttp : Content-Length: 266
08-22 14:21:00.352 12560 14103 D OkHttp : token: ad0930f4d3e9fc8492e6289909974d76
08-22 14:21:00.352 12560 14103 D OkHttp : --> END POST
08-22 14:21:00.392 12560 12560 I Timeline: Timeline: Activity_idle id: android.os.BinderProxy@b387f93 time:905374
08-22 14:21:00.412 12560 14103 D OkHttp : <-- 200 OK https://testsaig1.gienger.cz/GiengerService.svc/logout (60ms)
08-22 14:21:00.412 12560 14103 D OkHttp : Connection: Keep-Alive
08-22 14:21:00.412 12560 14103 D OkHttp : Content-Length: 0
08-22 14:21:00.412 12560 14103 D OkHttp : Date: Wed, 22 Aug 2018 12:21:00 GMT
08-22 14:21:00.412 12560 14103 D OkHttp : Server: Microsoft-IIS/10.0
08-22 14:21:00.412 12560 14103 D OkHttp : X-Powered-By: ASP.NET
08-22 14:21:00.412 12560 14103 D OkHttp : <-- END HTTP
08-22 14:21:00.412 12560 14103 D ALARM_REUPLOAD: cancelling alarm
08-22 14:21:00.432 12560 12560 I Timeline: Timeline: Activity_launch_request id:cz.gienger.mobile time:905415
08-22 14:21:00.452 12560 14103 D DELETING_DIRECTORY: /data/user/0/cz.gienger.mobile/files/delivery
08-22 14:21:00.452 12560 14103 D DELETING_DIRECTORY: exists /data/user/0/cz.gienger.mobile/files/delivery
08-22 14:21:00.452 12560 14103 D DELETING_DIRECTORY: /data/user/0/cz.gienger.mobile/files/delivery/130AT1180433269
08-22 14:21:00.452 12560 14103 D DELETING_DIRECTORY: exists /data/user/0/cz.gienger.mobile/files/delivery/130AT1180433269
08-22 14:21:00.452 12560 14103 D DELETING_DIRECTORY: /data/user/0/cz.gienger.mobile/files/delivery/130AT1180433269/corrections
08-22 14:21:00.452 12560 14103 D DELETING_DIRECTORY: exists /data/user/0/cz.gienger.mobile/files/delivery/130AT1180433269/corrections
08-22 14:21:00.452 12560 14103 D DELETING_DIRECTORY: file deleted /data/user/0/cz.gienger.mobile/files/delivery/130AT1180433269/130AT1180433269.pdf
08-22 14:21:00.452 12560 14103 D DELETING_DIRECTORY: /data/user/0/cz.gienger.mobile/files/delivery/130AT1180433270
08-22 14:21:00.452 12560 14103 D DELETING_DIRECTORY: exists /data/user/0/cz.gienger.mobile/files/delivery/130AT1180433270
08-22 14:21:00.452 12560 14103 D DELETING_DIRECTORY: /data/user/0/cz.gienger.mobile/files/delivery/130AT1180433270/corrections
08-22 14:21:00.452 12560 14103 D DELETING_DIRECTORY: exists /data/user/0/cz.gienger.mobile/files/delivery/130AT1180433270/corrections
08-22 14:21:00.462 12560 14103 D DELETING_DIRECTORY: file deleted /data/user/0/cz.gienger.mobile/files/delivery/130AT1180433270/130AT1180433270.pdf
08-22 14:21:00.462 12560 14103 D DELETING_DIRECTORY: /data/user/0/cz.gienger.mobile/files/delivery/130AT1180433271
08-22 14:21:00.462 12560 14103 D DELETING_DIRECTORY: exists /data/user/0/cz.gienger.mobile/files/delivery/130AT1180433271
08-22 14:21:00.462 12560 14103 D DELETING_DIRECTORY: /data/user/0/cz.gienger.mobile/files/delivery/130AT1180433271/corrections
08-22 14:21:00.462 12560 14103 D DELETING_DIRECTORY: exists /data/user/0/cz.gienger.mobile/files/delivery/130AT1180433271/corrections
08-22 14:21:00.462 12560 14103 D DELETING_DIRECTORY: file deleted /data/user/0/cz.gienger.mobile/files/delivery/130AT1180433271/130AT1180433271.pdf
08-22 14:21:00.462 12560 14103 D DELETING_DIRECTORY: /data/user/0/cz.gienger.mobile/files/delivery/130AT1180433272
08-22 14:21:00.462 12560 14103 D DELETING_DIRECTORY: exists /data/user/0/cz.gienger.mobile/files/delivery/130AT1180433272
08-22 14:21:00.462 12560 14103 D DELETING_DIRECTORY: /data/user/0/cz.gienger.mobile/files/delivery/130AT1180433272/corrections
08-22 14:21:00.462 12560 14103 D DELETING_DIRECTORY: exists /data/user/0/cz.gienger.mobile/files/delivery/130AT1180433272/corrections
08-22 14:21:00.462 12560 14103 D DELETING_DIRECTORY: file deleted /data/user/0/cz.gienger.mobile/files/delivery/130AT1180433272/130AT1180433272.pdf
08-22 14:21:00.462 12560 14103 D DELETING_DIRECTORY: /data/user/0/cz.gienger.mobile/files/delivery/130AT1180433273
08-22 14:21:00.462 12560 14103 D DELETING_DIRECTORY: exists /data/user/0/cz.gienger.mobile/files/delivery/130AT1180433273
08-22 14:21:00.462 12560 14103 D DELETING_DIRECTORY: /data/user/0/cz.gienger.mobile/files/delivery/130AT1180433273/corrections
08-22 14:21:00.462 12560 14103 D DELETING_DIRECTORY: exists /data/user/0/cz.gienger.mobile/files/delivery/130AT1180433273/corrections
08-22 14:21:00.462 12560 14103 D DELETING_DIRECTORY: file deleted /data/user/0/cz.gienger.mobile/files/delivery/130AT1180433273/130AT1180433273.pdf
08-22 14:21:00.462 12560 14103 D DELETING_DIRECTORY: /data/user/0/cz.gienger.mobile/files/delivery/130AT1180433274
08-22 14:21:00.462 12560 14103 D DELETING_DIRECTORY: exists /data/user/0/cz.gienger.mobile/files/delivery/130AT1180433274
08-22 14:21:00.462 12560 14103 D DELETING_DIRECTORY: /data/user/0/cz.gienger.mobile/files/delivery/130AT1180433274/corrections
08-22 14:21:00.462 12560 14103 D DELETING_DIRECTORY: exists /data/user/0/cz.gienger.mobile/files/delivery/130AT1180433274/corrections
08-22 14:21:00.462 12560 14103 D DELETING_DIRECTORY: file deleted /data/user/0/cz.gienger.mobile/files/delivery/130AT1180433274/130AT1180433274.pdf
08-22 14:21:00.462 12560 14103 D DELETING_DIRECTORY: /data/user/0/cz.gienger.mobile/files/delivery/130AT1180433275
08-22 14:21:00.462 12560 14103 D DELETING_DIRECTORY: exists /data/user/0/cz.gienger.mobile/files/delivery/130AT1180433275
08-22 14:21:00.462 12560 14103 D DELETING_DIRECTORY: /data/user/0/cz.gienger.mobile/files/delivery/130AT1180433275/corrections
08-22 14:21:00.462 12560 14103 D DELETING_DIRECTORY: exists /data/user/0/cz.gienger.mobile/files/delivery/130AT1180433275/corrections
08-22 14:21:00.472 12560 14103 D DELETING_DIRECTORY: file deleted /data/user/0/cz.gienger.mobile/files/delivery/130AT1180433275/130AT1180433275.pdf
08-22 14:21:00.472 12560 14103 D DELETING_DIRECTORY: /data/user/0/cz.gienger.mobile/files/delivery/130AT1180433276
08-22 14:21:00.472 12560 14103 D DELETING_DIRECTORY: exists /data/user/0/cz.gienger.mobile/files/delivery/130AT1180433276
08-22 14:21:00.472 12560 14103 D DELETING_DIRECTORY: /data/user/0/cz.gienger.mobile/files/delivery/130AT1180433276/corrections
08-22 14:21:00.472 12560 14103 D DELETING_DIRECTORY: exists /data/user/0/cz.gienger.mobile/files/delivery/130AT1180433276/corrections
08-22 14:21:00.472 12560 14103 D DELETING_DIRECTORY: file deleted /data/user/0/cz.gienger.mobile/files/delivery/130AT1180433276/130AT1180433276.pdf
08-22 14:21:00.472 12560 14103 D DELETING_DIRECTORY: /data/user/0/cz.gienger.mobile/files/delivery/130AT1180433277
08-22 14:21:00.472 12560 14103 D DELETING_DIRECTORY: exists /data/user/0/cz.gienger.mobile/files/delivery/130AT1180433277
08-22 14:21:00.472 12560 14103 D DELETING_DIRECTORY: /data/user/0/cz.gienger.mobile/files/delivery/130AT1180433277/corrections
08-22 14:21:00.472 12560 14103 D DELETING_DIRECTORY: exists /data/user/0/cz.gienger.mobile/files/delivery/130AT1180433277/corrections
08-22 14:21:00.472 12560 14103 D DELETING_DIRECTORY: file deleted /data/user/0/cz.gienger.mobile/files/delivery/130AT1180433277/130AT1180433277.pdf
08-22 14:21:00.472 12560 14103 D DELETING_DIRECTORY: /data/user/0/cz.gienger.mobile/files/finished
08-22 14:21:00.492 12560 12560 D FILES : /data/user/0/cz.gienger.mobile/files/delivery
08-22 14:21:00.522 12560 12560 D ViewRootImpl: #1 mView = com.android.internal.policy.PhoneWindow$DecorView{62aa31b I.E...... R.....ID 0,0-0,0}
08-22 14:21:00.522 12560 12560 D SecWifiDisplayUtil: Metadata value : SecSettings2
08-22 14:21:00.602 12560 12560 D ViewRootImpl: MSG_RESIZED_REPORT: ci=Rect(0, 24 - 0, 0) vi=Rect(0, 24 - 0, 0) or=1
08-22 14:21:00.632 12560 12560 I Timeline: Timeline: Activity_idle id: android.os.BinderProxy@4b3a26a time:905619
08-22 14:21:00.792 12560 12560 D ViewRootImpl: MSG_RESIZED: ci=Rect(0, 24 - 0, 320) vi=Rect(0, 24 - 0, 320) or=1
08-22 14:21:00.872 12560 12560 V ActivityThread: updateVisibility : ActivityRecord{d9eece0 token=android.os.BinderProxy@b387f93 {cz.gienger.mobile/cz.gienger.mobile.activity.MainActivity}} show : false
08-22 14:21:03.392 12560 12560 D ViewRootImpl: ViewPostImeInputStage processPointer 0
08-22 14:21:03.452 12560 12560 D ViewRootImpl: ViewPostImeInputStage processPointer 1
08-22 14:21:05.272 12560 12560 D ViewRootImpl: ViewPostImeInputStage processPointer 0
08-22 14:21:05.342 12560 12560 D ViewRootImpl: ViewPostImeInputStage processPointer 1
08-22 14:21:05.392 12560 12560 D ViewRootImpl: #1 mView = com.android.internal.policy.PhoneWindow$DecorView{10cc43a V.E...... R.....I. 0,0-0,0}
08-22 14:21:05.402 12560 14596 D MYINTERCEPTOR: /GiengerService.svc/oauth
08-22 14:21:05.402 12560 14596 D OkHttp : --> POST https://testsaig1.gienger.cz/GiengerService.svc/oauth http/1.1
08-22 14:21:05.402 12560 14596 D OkHttp : Content-Type: application/xml; charset=UTF-8
08-22 14:21:05.402 12560 14596 D OkHttp : Content-Length: 299
08-22 14:21:05.402 12560 14596 D OkHttp : --> END POST
08-22 14:21:05.442 12560 12560 D ViewRootImpl: MSG_RESIZED_REPORT: ci=Rect(0, 0 - 0, 0) vi=Rect(0, 0 - 0, 0) or=1
08-22 14:21:05.452 12560 14596 D OkHttp : <-- 200 OK https://testsaig1.gienger.cz/GiengerService.svc/oauth (54ms)
08-22 14:21:05.452 12560 14596 D OkHttp : Connection: Keep-Alive
08-22 14:21:05.452 12560 14596 D OkHttp : Content-Length: 292
08-22 14:21:05.452 12560 14596 D OkHttp : Date: Wed, 22 Aug 2018 12:21:05 GMT
08-22 14:21:05.452 12560 14596 D OkHttp : Content-Type: application/xml; charset=utf-8
08-22 14:21:05.452 12560 14596 D OkHttp : Server: Microsoft-IIS/10.0
08-22 14:21:05.452 12560 14596 D OkHttp : X-Powered-By: ASP.NET
08-22 14:21:05.452 12560 14596 D OkHttp : <-- END HTTP
08-22 14:21:05.472 12560 14596 D MYINTERCEPTOR: /GiengerService.svc/userinfo
08-22 14:21:05.472 12560 14596 D OkHttp : --> POST https://testsaig1.gienger.cz/GiengerService.svc/userinfo http/1.1
08-22 14:21:05.472 12560 14596 D OkHttp : Content-Type: application/xml; charset=UTF-8
08-22 14:21:05.472 12560 14596 D OkHttp : Content-Length: 140
08-22 14:21:05.472 12560 14596 D OkHttp : token: 89ef4f311993380e1f292e8b26f2197c
08-22 14:21:05.472 12560 14596 D OkHttp : --> END POST
08-22 14:21:05.522 12560 14596 D OkHttp : <-- 200 OK https://testsaig1.gienger.cz/GiengerService.svc/userinfo (54ms)
08-22 14:21:05.522 12560 14596 D OkHttp : Connection: Keep-Alive
08-22 14:21:05.522 12560 14596 D OkHttp : Content-Length: 193
08-22 14:21:05.522 12560 14596 D OkHttp : Date: Wed, 22 Aug 2018 12:21:05 GMT
08-22 14:21:05.522 12560 14596 D OkHttp : Content-Type: application/xml; charset=utf-8
08-22 14:21:05.522 12560 14596 D OkHttp : Server: Microsoft-IIS/10.0
08-22 14:21:05.522 12560 14596 D OkHttp : X-Powered-By: ASP.NET
08-22 14:21:05.522 12560 14596 D OkHttp : <-- END HTTP
08-22 14:21:05.562 12560 12560 D ViewRootImpl: #1 mView = com.android.internal.policy.PhoneWindow$DecorView{746508e V.E...... R.....I. 0,0-0,0}
08-22 14:21:05.572 12560 12560 D ViewRootImpl: #3 mView = null
08-22 14:21:05.622 12560 12560 D ViewRootImpl: MSG_RESIZED_REPORT: ci=Rect(0, 0 - 0, 0) vi=Rect(0, 0 - 0, 0) or=1
08-22 14:21:05.632 12560 12560 E ViewRootImpl: sendUserActionEvent() mView == null
08-22 14:21:06.122 12560 12560 D ViewRootImpl: ViewPostImeInputStage processPointer 0
08-22 14:21:06.182 12560 12560 D ViewRootImpl: ViewPostImeInputStage processPointer 1
08-22 14:21:06.242 12560 12560 D ViewRootImpl: #3 mView = null
08-22 14:21:06.262 12560 12560 D AbsListView: Get MotionRecognitionManager
08-22 14:21:06.262 12560 12560 E MotionRecognitionManager: mSContextService = null
08-22 14:21:06.262 12560 12560 E MotionRecognitionManager: motionService = com.samsung.android.motion.IMotionRecognitionService$Stub$Proxy@897b754
08-22 14:21:06.262 12560 14596 D MYINTERCEPTOR: /GiengerService.svc/manifests
08-22 14:21:06.272 12560 14596 D OkHttp : --> GET https://testsaig1.gienger.cz/GiengerService.svc/manifests http/1.1
08-22 14:21:06.272 12560 14596 D OkHttp : state: CZ
08-22 14:21:06.272 12560 14596 D OkHttp : token: 89ef4f311993380e1f292e8b26f2197c
08-22 14:21:06.272 12560 14596 D OkHttp : --> END GET
08-22 14:21:06.312 12560 12560 D FILES : /data/user/0/cz.gienger.mobile/files/delivery
08-22 14:21:06.322 12560 12560 D AbsListView: Get MotionRecognitionManager
08-22 14:21:06.322 12560 12560 E MotionRecognitionManager: mSContextService = null
08-22 14:21:06.322 12560 12560 E MotionRecognitionManager: motionService = com.samsung.android.motion.IMotionRecognitionService$Stub$Proxy@c526925
08-22 14:21:06.332 12560 14599 D MYINTERCEPTOR: /GiengerService.svc/manifests
08-22 14:21:06.332 12560 14596 D OkHttp : <-- 200 OK https://testsaig1.gienger.cz/GiengerService.svc/manifests (55ms)
08-22 14:21:06.332 12560 14596 D OkHttp : Connection: Keep-Alive
08-22 14:21:06.332 12560 14596 D OkHttp : Content-Length: 11486
08-22 14:21:06.332 12560 14596 D OkHttp : Date: Wed, 22 Aug 2018 12:21:05 GMT
08-22 14:21:06.332 12560 14596 D OkHttp : Content-Type: application/xml; charset=utf-8
08-22 14:21:06.332 12560 14596 D OkHttp : Server: Microsoft-IIS/10.0
08-22 14:21:06.332 12560 14596 D OkHttp : X-Powered-By: ASP.NET
08-22 14:21:06.332 12560 14596 D OkHttp : <-- END HTTP
08-22 14:21:06.332 12560 14599 D OkHttp : --> GET https://testsaig1.gienger.cz/GiengerService.svc/manifests http/1.1
08-22 14:21:06.332 12560 14599 D OkHttp : state: CZ
08-22 14:21:06.332 12560 14599 D OkHttp : token: 89ef4f311993380e1f292e8b26f2197c
08-22 14:21:06.332 12560 14599 D OkHttp : --> END GET
08-22 14:21:06.342 12560 12560 D AbsListView: Get MotionRecognitionManager
08-22 14:21:06.342 12560 14600 D MYINTERCEPTOR: /GiengerService.svc/manifests
08-22 14:21:06.352 12560 12560 D ViewRootImpl: #1 mView = com.android.internal.policy.PhoneWindow$DecorView{97f4611 I.E...... R.....ID 0,0-0,0}
08-22 14:21:06.352 12560 14600 D OkHttp : --> GET https://testsaig1.gienger.cz/GiengerService.svc/manifests http/1.1
08-22 14:21:06.352 12560 14600 D OkHttp : state: CZ
08-22 14:21:06.352 12560 14600 D OkHttp : token: 89ef4f311993380e1f292e8b26f2197c
08-22 14:21:06.352 12560 14600 D OkHttp : --> END GET
08-22 14:21:06.352 12560 12560 D SecWifiDisplayUtil: Metadata value : SecSettings2
08-22 14:21:06.372 12560 12580 D OpenGLRenderer: endAllStagingAnimators on 0xb7b41fe0 (RippleDrawable) with handle 0xb7a91898
08-22 14:21:06.372 12560 12560 D ViewRootImpl: #3 mView = null
08-22 14:21:06.392 12560 12560 E ViewRootImpl: sendUserActionEvent() mView == null
08-22 14:21:06.392 12560 12560 E ViewRootImpl: sendUserActionEvent() mView == null
08-22 14:21:06.392 12560 12560 E ViewRootImpl: sendUserActionEvent() mView == null
08-22 14:21:06.412 12560 12560 D ViewRootImpl: MSG_RESIZED_REPORT: ci=Rect(0, 24 - 0, 320) vi=Rect(0, 24 - 0, 320) or=1
08-22 14:21:06.462 12560 12560 D ViewRootImpl: MSG_RESIZED: ci=Rect(0, 24 - 0, 0) vi=Rect(0, 24 - 0, 0) or=1
08-22 14:21:06.682 12560 12560 D DOWNLOAD_MANIFESTS: success
08-22 14:21:06.732 12560 14599 D OkHttp : <-- 200 OK https://testsaig1.gienger.cz/GiengerService.svc/manifests (397ms)
08-22 14:21:06.732 12560 14599 D OkHttp : Connection: Keep-Alive
08-22 14:21:06.732 12560 14599 D OkHttp : Content-Length: 11486
08-22 14:21:06.732 12560 14599 D OkHttp : Date: Wed, 22 Aug 2018 12:21:05 GMT
08-22 14:21:06.732 12560 14599 D OkHttp : Content-Type: application/xml; charset=utf-8
08-22 14:21:06.732 12560 14599 D OkHttp : Server: Microsoft-IIS/10.0
08-22 14:21:06.732 12560 14599 D OkHttp : X-Powered-By: ASP.NET
08-22 14:21:06.732 12560 14599 D OkHttp : <-- END HTTP
08-22 14:21:06.802 12560 14600 D OkHttp : <-- 200 OK https://testsaig1.gienger.cz/GiengerService.svc/manifests (454ms)
08-22 14:21:06.802 12560 14600 D OkHttp : Connection: Keep-Alive
08-22 14:21:06.802 12560 14600 D OkHttp : Content-Length: 11486
08-22 14:21:06.802 12560 14600 D OkHttp : Date: Wed, 22 Aug 2018 12:21:06 GMT
08-22 14:21:06.802 12560 14600 D OkHttp : Content-Type: application/xml; charset=utf-8
08-22 14:21:06.802 12560 14600 D OkHttp : Server: Microsoft-IIS/10.0
08-22 14:21:06.802 12560 14600 D OkHttp : X-Powered-By: ASP.NET
08-22 14:21:06.802 12560 14600 D OkHttp : <-- END HTTP
08-22 14:21:06.812 12560 12560 D DOWNLOAD_MANIFESTS: success
08-22 14:21:07.202 12560 12560 D DOWNLOAD_MANIFESTS: success
08-22 14:21:13.702 12560 12560 D ViewRootImpl: ViewPostImeInputStage processPointer 0
08-22 14:21:13.772 12560 12560 D ViewRootImpl: ViewPostImeInputStage processPointer 1
08-22 14:21:14.472 12560 12560 D ViewRootImpl: ViewPostImeInputStage processPointer 0
08-22 14:21:14.532 12560 12560 D ViewRootImpl: ViewPostImeInputStage processPointer 1
08-22 14:21:14.552 12560 12560 D AbsListView: Get MotionRecognitionManager
08-22 14:21:17.822 12560 12560 D ViewRootImpl: ViewPostImeInputStage processPointer 0
08-22 14:21:17.902 12560 12560 D ViewRootImpl: ViewPostImeInputStage processPointer 1
08-22 14:21:18.292 12560 12560 D ViewRootImpl: ViewPostImeInputStage processPointer 0
08-22 14:21:18.322 12560 12560 D ViewRootImpl: ViewPostImeInputStage processPointer 1
08-22 14:21:19.002 12560 12560 D ViewRootImpl: ViewPostImeInputStage processPointer 0
08-22 14:21:19.042 12560 12560 D ViewRootImpl: ViewPostImeInputStage processPointer 1
08-22 14:21:19.072 12560 12560 D ViewRootImpl: #1 mView = com.android.internal.policy.PhoneWindow$DecorView{b9246 V.E...... R.....I. 0,0-0,0}
08-22 14:21:19.072 12560 14600 D MYINTERCEPTOR: /GiengerService.svc/manifestinfo
08-22 14:21:19.072 12560 14600 D OkHttp : --> POST https://testsaig1.gienger.cz/GiengerService.svc/manifestinfo http/1.1
08-22 14:21:19.072 12560 14600 D OkHttp : Content-Length: 0
08-22 14:21:19.072 12560 14600 D OkHttp : state: CZ
08-22 14:21:19.072 12560 14600 D OkHttp : id: A04_trasa_A04-01_ranni_30_07_2018
08-22 14:21:19.072 12560 14600 D OkHttp : token: 89ef4f311993380e1f292e8b26f2197c
08-22 14:21:19.072 12560 14600 D OkHttp : --> END POST
08-22 14:21:19.122 12560 12560 D ViewRootImpl: MSG_RESIZED_REPORT: ci=Rect(0, 0 - 0, 0) vi=Rect(0, 0 - 0, 0) or=1
08-22 14:21:19.142 12560 14600 D OkHttp : <-- 200 OK https://testsaig1.gienger.cz/GiengerService.svc/manifestinfo (61ms)
08-22 14:21:19.142 12560 14600 D OkHttp : Connection: Keep-Alive
08-22 14:21:19.142 12560 14600 D OkHttp : Content-Length: 406
08-22 14:21:19.142 12560 14600 D OkHttp : Date: Wed, 22 Aug 2018 12:21:19 GMT
08-22 14:21:19.142 12560 14600 D OkHttp : Content-Type: application/xml; charset=utf-8
08-22 14:21:19.142 12560 14600 D OkHttp : Server: Microsoft-IIS/10.0
08-22 14:21:19.142 12560 14600 D OkHttp : X-Powered-By: ASP.NET
08-22 14:21:19.142 12560 14600 D OkHttp : <-- END HTTP
08-22 14:21:19.162 12560 14471 D MYINTERCEPTOR: /GiengerService.svc/corrections
08-22 14:21:19.162 12560 14471 D OkHttp : --> GET https://testsaig1.gienger.cz/GiengerService.svc/corrections http/1.1
08-22 14:21:19.162 12560 14471 D OkHttp : token: 89ef4f311993380e1f292e8b26f2197c
08-22 14:21:19.162 12560 14471 D OkHttp : --> END GET
08-22 14:21:19.202 12560 14471 D OkHttp : <-- 200 OK https://testsaig1.gienger.cz/GiengerService.svc/corrections (37ms)
08-22 14:21:19.202 12560 14471 D OkHttp : Connection: Keep-Alive
08-22 14:21:19.202 12560 14471 D OkHttp : Content-Length: 1267
08-22 14:21:19.202 12560 14471 D OkHttp : Date: Wed, 22 Aug 2018 12:21:19 GMT
08-22 14:21:19.202 12560 14471 D OkHttp : Content-Type: application/xml; charset=utf-8
08-22 14:21:19.202 12560 14471 D OkHttp : Server: Microsoft-IIS/10.0
08-22 14:21:19.202 12560 14471 D OkHttp : X-Powered-By: ASP.NET
08-22 14:21:19.202 12560 14471 D OkHttp : <-- END HTTP
08-22 14:21:19.212 12560 14471 D MYINTERCEPTOR: /GiengerService.svc/getorder
08-22 14:21:19.212 12560 14471 D OkHttp : --> POST https://testsaig1.gienger.cz/GiengerService.svc/getorder http/1.1
08-22 14:21:19.212 12560 14471 D OkHttp : Content-Length: 0
08-22 14:21:19.212 12560 14471 D OkHttp : name: 130AT1180433269.xml
08-22 14:21:19.212 12560 14471 D OkHttp : token: 89ef4f311993380e1f292e8b26f2197c
08-22 14:21:19.212 12560 14471 D OkHttp : --> END POST
08-22 14:21:19.272 12560 14471 D OkHttp : <-- 200 OK https://testsaig1.gienger.cz/GiengerService.svc/getorder (57ms)
08-22 14:21:19.272 12560 14471 D OkHttp : Connection: Keep-Alive
08-22 14:21:19.272 12560 14471 D OkHttp : Content-Length: 168651
08-22 14:21:19.272 12560 14471 D OkHttp : Date: Wed, 22 Aug 2018 12:21:19 GMT
08-22 14:21:19.272 12560 14471 D OkHttp : Content-Type: application/xml; charset=utf-8
08-22 14:21:19.272 12560 14471 D OkHttp : Server: Microsoft-IIS/10.0
08-22 14:21:19.272 12560 14471 D OkHttp : checksum: bde30d9a06d759756e39b14aa5644275
08-22 14:21:19.272 12560 14471 D OkHttp : X-Powered-By: ASP.NET
08-22 14:21:19.272 12560 14471 D OkHttp : <-- END HTTP
08-22 14:21:21.792 12560 14471 D MYINTERCEPTOR: /GiengerService.svc/getorder
08-22 14:21:21.792 12560 14471 D OkHttp : --> POST https://testsaig1.gienger.cz/GiengerService.svc/getorder http/1.1
08-22 14:21:21.792 12560 14471 D OkHttp : Content-Length: 0
08-22 14:21:21.792 12560 14471 D OkHttp : name: 130AT1180433270.xml
08-22 14:21:21.792 12560 14471 D OkHttp : token: 89ef4f311993380e1f292e8b26f2197c
08-22 14:21:21.792 12560 14471 D OkHttp : --> END POST
08-22 14:21:21.822 12560 14471 D OkHttp : <-- 200 OK https://testsaig1.gienger.cz/GiengerService.svc/getorder (34ms)
08-22 14:21:21.822 12560 14471 D OkHttp : Connection: Keep-Alive
08-22 14:21:21.822 12560 14471 D OkHttp : Content-Length: 164671
08-22 14:21:21.822 12560 14471 D OkHttp : Date: Wed, 22 Aug 2018 12:21:21 GMT
08-22 14:21:21.822 12560 14471 D OkHttp : Content-Type: application/xml; charset=utf-8
08-22 14:21:21.822 12560 14471 D OkHttp : Server: Microsoft-IIS/10.0
08-22 14:21:21.822 12560 14471 D OkHttp : checksum: 536f517fb0e3ce78135e8feb30a120af
08-22 14:21:21.822 12560 14471 D OkHttp : X-Powered-By: ASP.NET
08-22 14:21:21.822 12560 14471 D OkHttp : <-- END HTTP
08-22 14:21:23.562 12560 12560 D ViewRootImpl: #3 mView = null
08-22 14:21:23.572 12560 12560 D AbsListView: Get MotionRecognitionManager
08-22 14:21:23.592 12560 12560 E ViewRootImpl: sendUserActionEvent() mView == null
08-22 14:21:23.592 12560 12560 D AbsListView: viewType is heaer or footer
08-22 14:21:23.592 12560 12560 D AbsListView: viewType is heaer or footer
08-22 14:21:23.592 12560 12560 D AbsListView: viewType is heaer or footer
08-22 14:21:23.592 12560 12560 D AbsListView: viewType is heaer or footer
08-22 14:21:23.682 12560 12560 D AbsListView: viewType is heaer or footer
08-22 14:21:23.692 12560 12560 D AbsListView: viewType is heaer or footer
08-22 14:21:23.692 12560 12560 D AbsListView: viewType is heaer or footer
08-22 14:21:23.692 12560 12560 D AbsListView: viewType is heaer or footer
08-22 14:21:24.752 12560 12560 D ViewRootImpl: ViewPostImeInputStage processPointer 0
08-22 14:21:24.822 12560 12560 D ViewRootImpl: ViewPostImeInputStage processPointer 1
08-22 14:21:24.862 12560 12560 D ViewRootImpl: #1 mView = com.android.internal.policy.PhoneWindow$DecorView{a484e2e V.E...... R.....I. 0,0-0,0}
08-22 14:21:24.922 12560 12560 D ViewRootImpl: MSG_RESIZED_REPORT: ci=Rect(0, 0 - 0, 0) vi=Rect(0, 0 - 0, 0) or=1
08-22 14:21:25.552 12560 12560 D ViewRootImpl: ViewPostImeInputStage processPointer 0
08-22 14:21:25.632 12560 12560 D ViewRootImpl: ViewPostImeInputStage processPointer 1
08-22 14:21:26.422 12560 12560 D ViewRootImpl: ViewPostImeInputStage processPointer 0
08-22 14:21:26.472 12560 12560 D ViewRootImpl: ViewPostImeInputStage processPointer 1
08-22 14:21:26.522 12560 12560 D ViewRootImpl: #1 mView = com.android.internal.policy.PhoneWindow$DecorView{49c1e19 V.E...... R.....I. 0,0-0,0}
08-22 14:21:26.522 12560 14600 D MYINTERCEPTOR: /GiengerService.svc/assign/A04_trasa_A04-01_ranni_30_07_2018
08-22 14:21:26.522 12560 14600 D OkHttp : --> POST https://testsaig1.gienger.cz/GiengerService.svc/assign/A04_trasa_A04-01_ranni_30_07_2018 http/1.1
08-22 14:21:26.522 12560 14600 D OkHttp : Content-Length: 0
08-22 14:21:26.522 12560 14600 D OkHttp : token: 89ef4f311993380e1f292e8b26f2197c
08-22 14:21:26.522 12560 14600 D OkHttp : --> END POST
08-22 14:21:26.532 12560 12580 D OpenGLRenderer: endAllStagingAnimators on 0xb7e16b18 (RippleDrawable) with handle 0xb7c4ad68
08-22 14:21:26.532 12560 12560 D ViewRootImpl: #3 mView = null
08-22 14:21:26.552 12560 12560 D ViewRootImpl: MSG_RESIZED_REPORT: ci=Rect(0, 0 - 0, 0) vi=Rect(0, 0 - 0, 0) or=1
08-22 14:21:26.562 12560 14600 D OkHttp : <-- 200 OK https://testsaig1.gienger.cz/GiengerService.svc/assign/A04_trasa_A04-01_ranni_30_07_2018 (37ms)
08-22 14:21:26.562 12560 14600 D OkHttp : Connection: Keep-Alive
08-22 14:21:26.562 12560 14600 D OkHttp : Content-Length: 187
08-22 14:21:26.562 12560 14600 D OkHttp : Date: Wed, 22 Aug 2018 12:21:26 GMT
08-22 14:21:26.562 12560 14600 D OkHttp : Content-Type: application/xml; charset=utf-8
08-22 14:21:26.562 12560 14600 D OkHttp : Server: Microsoft-IIS/10.0
08-22 14:21:26.562 12560 14600 D OkHttp : X-Powered-By: ASP.NET
08-22 14:21:26.562 12560 14600 D OkHttp : <-- END HTTP
08-22 14:21:26.592 12560 12560 D ViewRootImpl: #3 mView = null
08-22 14:21:26.612 12560 12560 D ALARM_REUPLOAD: alarm already scheduled
08-22 14:21:26.642 12560 12560 D ViewRootImpl: #1 mView = com.android.internal.policy.PhoneWindow$DecorView{754ffec V.E...... R.....I. 0,0-0,0}
08-22 14:21:26.652 12560 12560 E ViewRootImpl: sendUserActionEvent() mView == null
08-22 14:21:26.652 12560 14102 D MYINTERCEPTOR: /GiengerService.svc/metadata
08-22 14:21:26.652 12560 14102 D OkHttp : --> GET https://testsaig1.gienger.cz/GiengerService.svc/metadata http/1.1
08-22 14:21:26.652 12560 14102 D OkHttp : token: 89ef4f311993380e1f292e8b26f2197c
08-22 14:21:26.652 12560 14102 D OkHttp : state: CZ
08-22 14:21:26.652 12560 14102 D OkHttp : --> END GET
08-22 14:21:26.662 12560 12560 E ViewRootImpl: sendUserActionEvent() mView == null
08-22 14:21:26.672 12560 12560 D ViewRootImpl: MSG_RESIZED_REPORT: ci=Rect(0, 0 - 0, 0) vi=Rect(0, 0 - 0, 0) or=1
08-22 14:21:27.352 12560 14102 D OkHttp : <-- 200 OK https://testsaig1.gienger.cz/GiengerService.svc/metadata (693ms)
08-22 14:21:27.352 12560 14102 D OkHttp : Connection: Keep-Alive
08-22 14:21:27.352 12560 14102 D OkHttp : Content-Length: 550
08-22 14:21:27.352 12560 14102 D OkHttp : Date: Wed, 22 Aug 2018 12:21:26 GMT
08-22 14:21:27.352 12560 14102 D OkHttp : Content-Type: application/xml; charset=utf-8
08-22 14:21:27.352 12560 14102 D OkHttp : Server: Microsoft-IIS/10.0
08-22 14:21:27.352 12560 14102 D OkHttp : X-Powered-By: ASP.NET
08-22 14:21:27.352 12560 14102 D OkHttp : <-- END HTTP
08-22 14:21:27.372 12560 14102 E cz.gienger.mobile.poaz.configuration.GlobalConfiguration: java.lang.NumberFormatException: Invalid int: "null"
08-22 14:21:27.372 12560 14102 E cz.gienger.mobile.poaz.configuration.GlobalConfiguration: at java.lang.Integer.invalidInt(Integer.java:138)
08-22 14:21:27.372 12560 14102 E cz.gienger.mobile.poaz.configuration.GlobalConfiguration: at java.lang.Integer.parseInt(Integer.java:358)
08-22 14:21:27.372 12560 14102 E cz.gienger.mobile.poaz.configuration.GlobalConfiguration: at java.lang.Integer.parseInt(Integer.java:334)
08-22 14:21:27.372 12560 14102 E cz.gienger.mobile.poaz.configuration.GlobalConfiguration: at cz.gienger.mobile.poaz.configuration.GlobalConfiguration.getPriceTypeEnum(GlobalConfiguration.java:140)
08-22 14:21:27.372 12560 14102 E cz.gienger.mobile.poaz.configuration.GlobalConfiguration: at cz.gienger.mobile.poaz.configuration.GlobalConfiguration.setValues(GlobalConfiguration.java:97)
08-22 14:21:27.372 12560 14102 E cz.gienger.mobile.poaz.configuration.GlobalConfiguration: at cz.gienger.mobile.poaz.configuration.GlobalConfiguration.(GlobalConfiguration.java:36)
08-22 14:21:27.372 12560 14102 E cz.gienger.mobile.poaz.configuration.GlobalConfiguration: at cz.gienger.mobile.poaz.configuration.GlobalConfiguration.get(GlobalConfiguration.java:41)
08-22 14:21:27.372 12560 14102 E cz.gienger.mobile.poaz.configuration.GlobalConfiguration: at cz.gienger.mobile.poaz.database.PoazDatabaseSync.syncLibraries(PoazDatabaseSync.java:68)
08-22 14:21:27.372 12560 14102 E cz.gienger.mobile.poaz.configuration.GlobalConfiguration: at cz.gienger.mobile.poaz.database.PoazDatabaseSync.Sync(PoazDatabaseSync.java:56)
08-22 14:21:27.372 12560 14102 E cz.gienger.mobile.poaz.configuration.GlobalConfiguration: at cz.gienger.mobile.poaz.database.PoazInitializationTask.doInBackground(PoazInitializationTask.java:74)
08-22 14:21:27.372 12560 14102 E cz.gienger.mobile.poaz.configuration.GlobalConfiguration: at cz.gienger.mobile.poaz.database.PoazInitializationTask.doInBackground(PoazInitializationTask.java:36)
08-22 14:21:27.372 12560 14102 E cz.gienger.mobile.poaz.configuration.GlobalConfiguration: at android.os.AsyncTask$2.call(AsyncTask.java:295)
08-22 14:21:27.372 12560 14102 E cz.gienger.mobile.poaz.configuration.GlobalConfiguration: at java.util.concurrent.FutureTask.run(FutureTask.java:237)
08-22 14:21:27.372 12560 14102 E cz.gienger.mobile.poaz.configuration.GlobalConfiguration: at android.os.AsyncTask$SerialExecutor$1.run(AsyncTask.java:234)
08-22 14:21:27.372 12560 14102 E cz.gienger.mobile.poaz.configuration.GlobalConfiguration: at java.util.concurrent.ThreadPoolExecutor.runWorker(ThreadPoolExecutor.java:1113)
08-22 14:21:27.372 12560 14102 E cz.gienger.mobile.poaz.configuration.GlobalConfiguration: at java.util.concurrent.ThreadPoolExecutor$Worker.run(ThreadPoolExecutor.java:588)
08-22 14:21:27.372 12560 14102 E cz.gienger.mobile.poaz.configuration.GlobalConfiguration: at java.lang.Thread.run(Thread.java:818)
08-22 14:21:42.122 12560 12560 D ViewRootImpl: #3 mView = null
08-22 14:21:42.142 12560 12560 E ViewRootImpl: sendUserActionEvent() mView == null
08-22 14:21:42.162 12560 12560 D AbsListView: Get MotionRecognitionManager
08-22 14:21:42.292 12560 12560 D AbsListView: Get MotionRecognitionManager
08-22 14:21:42.382 12560 12560 D AbsListView: viewType is heaer or footer
08-22 14:21:42.412 12560 12560 D AbsListView: viewType is heaer or footer
08-22 14:21:42.422 12560 12560 D AbsListView: viewType is heaer or footer
08-22 14:21:42.452 12560 12560 D AbsListView: viewType is heaer or footer
08-22 14:21:42.512 12560 12560 I Timeline: Timeline: Activity_idle id: android.os.BinderProxy@b387f93 time:947490
08-22 14:21:42.752 12560 12560 D ViewRootImpl: #3 mView = null
08-22 14:21:43.432 12560 12560 D ViewRootImpl: ViewPostImeInputStage processPointer 0
08-22 14:21:43.952 12560 12560 D ViewRootImpl: ViewPostImeInputStage processPointer 1
08-22 14:21:44.402 12560 12560 D ViewRootImpl: ViewPostImeInputStage processPointer 0
08-22 14:21:44.472 12560 12560 D ViewRootImpl: ViewPostImeInputStage processPointer 1
08-22 14:21:44.482 12560 12560 D item_click: viewId = 2131820756, position = 0
08-22 14:21:44.562 12560 12560 I Timeline: Timeline: Activity_launch_request id:cz.gienger.mobile time:949544
08-22 14:21:44.752 12560 12560 D ViewRootImpl: #1 mView = com.android.internal.policy.PhoneWindow$DecorView{7853db1 I.E...... R.....ID 0,0-0,0}
08-22 14:21:44.752 12560 12560 D SecWifiDisplayUtil: Metadata value : SecSettings2
08-22 14:21:44.822 12560 12560 D ViewRootImpl: MSG_RESIZED_REPORT: ci=Rect(0, 24 - 0, 0) vi=Rect(0, 24 - 0, 0) or=1
08-22 14:21:44.862 12560 14443 D FILE_MANAGER: Copying file /data/user/0/cz.gienger.mobile/files/delivery/130AT1180433269/130AT1180433269.pdf to /storage/emulated/0/130AT1180433269.pdf
08-22 14:21:44.992 12560 12580 D OpenGLRenderer: endAllStagingAnimators on 0xb845fad8 (RippleDrawable) with handle 0xb855d020
08-22 14:21:45.002 12560 12560 I Timeline: Timeline: Activity_idle id: android.os.BinderProxy@88a1db0 time:949981
08-22 14:21:45.222 12560 12560 V ActivityThread: updateVisibility : ActivityRecord{9151222 token=android.os.BinderProxy@88a1db0 {cz.gienger.mobile/cz.gienger.mobile.activity.DeliverActivity}} show : true
08-22 14:21:45.222 12560 12560 V ActivityThread: updateVisibility : ActivityRecord{d9eece0 token=android.os.BinderProxy@b387f93 {cz.gienger.mobile/cz.gienger.mobile.activity.MainActivity}} show : false
08-22 14:21:45.362 12560 14443 D FILE_MANAGER: copy ok
08-22 14:21:46.072 12560 12560 D LOCATION_SERVICE: LocationListener gps
08-22 14:21:46.072 12560 12560 D LOCATION_SERVICE: LocationListener network
08-22 14:21:46.072 12560 12560 D LOCATION_SERVICE: onCreate
08-22 14:21:46.072 12560 12560 D LOCATION_SERVICE: initializeLocationManager
08-22 14:21:46.082 12560 12560 D LOCATION_SERVICE: onStartCommand
08-22 14:21:46.092 12560 12560 I Timeline: Timeline: Activity_idle id: android.os.BinderProxy@88a1db0 time:951073
08-22 14:21:46.582 12560 12560 D ViewRootImpl: ViewPostImeInputStage processPointer 0
08-22 14:21:46.592 12560 12560 D LOCATION_SERVICE: onLocationChanged: Location[network 49,212537,16,567140 acc=21 et=+15m51s570ms alt=0.0 vel=0.0 bear=0.0 {Bundle[mParcelledData.dataSize=80]}]
08-22 14:21:46.662 12560 12560 D ViewRootImpl: ViewPostImeInputStage processPointer 1
08-22 14:21:47.512 12560 12560 D ViewRootImpl: ViewPostImeInputStage processPointer 0
08-22 14:21:47.582 12560 12560 D ViewRootImpl: ViewPostImeInputStage processPointer 1
08-22 14:21:48.552 12560 12560 D ViewRootImpl: ViewPostImeInputStage processPointer 0
08-22 14:21:48.622 12560 12560 D ViewRootImpl: ViewPostImeInputStage processPointer 1
08-22 14:21:49.212 12560 12560 D ViewRootImpl: ViewPostImeInputStage processPointer 0
08-22 14:21:49.282 12560 12560 D ViewRootImpl: ViewPostImeInputStage processPointer 1
08-22 14:21:49.532 12560 12560 D ViewRootImpl: MSG_RESIZED: ci=Rect(0, 24 - 0, 359) vi=Rect(0, 24 - 0, 359) or=1
08-22 14:21:50.762 12560 12560 W : Unable to open '/system/framework/qcom.fmradio.jar': No such file or directory
08-22 14:21:50.762 12560 12560 W art : Failed to open zip archive '/system/framework/qcom.fmradio.jar': I/O Error
08-22 14:21:52.282 12560 12560 D ViewRootImpl: ViewPostImeInputStage processPointer 0
08-22 14:21:52.342 12560 12560 D ViewRootImpl: ViewPostImeInputStage processPointer 1
08-22 14:21:54.302 12560 12560 D ViewRootImpl: ViewPostImeInputStage processPointer 0
08-22 14:21:54.362 12560 12560 D ViewRootImpl: ViewPostImeInputStage processPointer 1
08-22 14:21:56.352 12560 12560 D ViewRootImpl: ViewPostImeInputStage processPointer 0
08-22 14:21:56.422 12560 12560 D ViewRootImpl: ViewPostImeInputStage processPointer 1
08-22 14:21:56.622 12560 12560 D ViewRootImpl: ViewPostImeInputStage processPointer 0
08-22 14:21:56.692 12560 12560 D ViewRootImpl: ViewPostImeInputStage processPointer 1
08-22 14:21:57.192 12560 12560 D ViewRootImpl: ViewPostImeInputStage processPointer 0
08-22 14:21:57.572 12560 12560 D ViewRootImpl: ViewPostImeInputStage processPointer 1
08-22 14:21:58.022 12560 12560 D ViewRootImpl: ViewPostImeInputStage processPointer 0
08-22 14:21:58.112 12560 12560 D ViewRootImpl: ViewPostImeInputStage processPointer 1
08-22 14:21:59.952 12560 12560 D ViewRootImpl: ViewPostImeInputStage processPointer 0
08-22 14:22:00.482 12560 12560 D ViewRootImpl: ViewPostImeInputStage processPointer 1
08-22 14:22:01.652 12560 12560 D ViewRootImpl: ViewPostImeInputStage processPointer 0
08-22 14:22:01.722 12560 12560 D ViewRootImpl: ViewPostImeInputStage processPointer 1
08-22 14:22:02.422 12560 12560 D ViewRootImpl: ViewPostImeInputStage processPointer 0
08-22 14:22:02.482 12560 12560 D ViewRootImpl: ViewPostImeInputStage processPointer 1
08-22 14:22:02.552 12560 12560 D ViewRootImpl: #1 mView = com.android.internal.policy.PhoneWindow$DecorView{ea35fa3 V.E...... R.....I. 0,0-0,0}
