11-05 13:56:38.031 20564 20564 D LOCATION_SERVICE: LocationListener gps
11-05 13:56:38.031 20564 20564 D LOCATION_SERVICE: LocationListener network
11-05 13:56:38.032 20564 20564 D LOCATION_SERVICE: onCreate
11-05 13:56:38.032 20564 20564 D LOCATION_SERVICE: initializeLocationManager
11-05 13:56:38.042 20564 20564 D LOCATION_SERVICE: onStartCommand
11-05 13:56:38.049 20564 20564 D ViewRootImpl@d21c669[DeliverActivity]: dispatchAttachedToWindow
11-05 13:56:38.080 20564 20564 D ViewRootImpl@d21c669[DeliverActivity]: Relayout returned: oldFrame=[0,0][0,0] newFrame=[0,0][768,1024] result=0x27 surface={isValid=true -2014269440} surfaceGenerationChanged=true
11-05 13:56:38.080 20564 20564 D ViewRootImpl@d21c669[DeliverActivity]: mHardwareRenderer.initialize() mSurface={isValid=true -2014269440} hwInitialized=true
11-05 13:56:38.112 20564 20564 D ViewRootImpl@d21c669[DeliverActivity]: MSG_RESIZED_REPORT: frame=Rect(0, 0 - 768, 1024) ci=Rect(0, 24 - 0, 0) vi=Rect(0, 24 - 0, 0) or=1
11-05 13:56:38.112 20564 20564 D ViewRootImpl@d21c669[DeliverActivity]: MSG_WINDOW_FOCUS_CHANGED 1
11-05 13:56:38.112 20564 20564 D ViewRootImpl@d21c669[DeliverActivity]: mHardwareRenderer.initializeIfNeeded()#2 mSurface={isValid=true -2014269440}
11-05 13:56:38.114 20564 20564 V InputMethodManager: Starting input: tba=android.view.inputmethod.EditorInfo@9443387 nm : cz.gienger.mobile ic=null
11-05 13:56:38.114 20564 20564 I InputMethodManager: startInputInner - mService.startInputOrWindowGainedFocus
11-05 13:56:38.127 20564 20564 D InputTransport: Input channel constructed: fd=71
11-05 13:56:38.128 20564 20564 D InputTransport: Input channel destroyed: fd=76
11-05 13:56:38.177 20564 23638 D FILE_MANAGER: Copying file /data/user/0/cz.gienger.mobile/files/delivery/130AT1190426884/130AT1190426884.pdf to /storage/emulated/0/130AT1190426884.pdf
11-05 13:56:38.179 20564 20610 D OpenGLRenderer: endAllActiveAnimators on 0x87fa9780 (RippleDrawable) with handle 0x8800c750
11-05 13:56:38.179 20564 20564 D ViewRootImpl@205ca73[MainActivity]: mHardwareRenderer.destroy()#1
11-05 13:56:38.188 20564 20564 D ViewRootImpl@205ca73[MainActivity]: Relayout returned: oldFrame=[0,0][768,1024] newFrame=[0,0][768,1024] result=0x5 surface={isValid=false 0} surfaceGenerationChanged=true
11-05 13:56:38.576 20564 20564 D ViewRootImpl@205ca73[MainActivity]: Relayout returned: oldFrame=[0,0][768,1024] newFrame=[0,0][768,1024] result=0x5 surface={isValid=false 0} surfaceGenerationChanged=false
11-05 13:56:38.679 20564 23638 D FILE_MANAGER: copy ok
11-05 13:56:39.833 20564 20564 D ViewRootImpl@d21c669[DeliverActivity]: ViewPostImeInputStage processPointer 0
11-05 13:56:39.907 20564 20564 D ViewRootImpl@d21c669[DeliverActivity]: ViewPostImeInputStage processPointer 1
11-05 13:56:40.073 20564 20575 I art : Background partial concurrent mark sweep GC freed 120995(5MB) AllocSpace objects, 38(3MB) LOS objects, 56% free, 9MB/21MB, paused 1.111ms total 127.013ms
11-05 13:56:42.571 20564 20564 D ViewRootImpl@d21c669[DeliverActivity]: ViewPostImeInputStage processPointer 0
11-05 13:56:42.631 20564 20564 D ViewRootImpl@d21c669[DeliverActivity]: ViewPostImeInputStage processPointer 1
11-05 13:56:42.646 20564 20564 D ScrollView: initGoToTop
11-05 13:56:42.704 20564 20564 D ScrollView: onsize change changed
11-05 13:56:43.014 20564 20564 D TextView: SYANI: Clipboard API is calling: clearFilter()
11-05 13:56:43.015 20564 20564 D TextView: SYANI: Clipboard API is calling: unregisterClipboardEventListener()
11-05 13:56:43.020 20564 20564 D TextView: SYANI: Clipboard API is calling: clearFilter()
11-05 13:56:43.020 20564 20564 D TextView: SYANI: Clipboard API is calling: unregisterClipboardEventListener()
11-05 13:56:43.023 20564 20564 D TextView: SYANI: Clipboard API is calling: clearFilter()
11-05 13:56:43.023 20564 20564 D TextView: SYANI: Clipboard API is calling: unregisterClipboardEventListener()
11-05 13:56:44.142 20564 20564 D ViewRootImpl@d21c669[DeliverActivity]: ViewPostImeInputStage processPointer 0
11-05 13:56:44.223 20564 20564 D ViewRootImpl@d21c669[DeliverActivity]: ViewPostImeInputStage processPointer 1
11-05 13:56:44.702 20564 20564 D ViewRootImpl@d21c669[DeliverActivity]: ViewPostImeInputStage processPointer 0
11-05 13:56:44.771 20564 20564 D ViewRootImpl@d21c669[DeliverActivity]: ViewPostImeInputStage processPointer 1
11-05 13:56:44.784 20564 20564 V InputMethodManager: Starting input: tba=android.view.inputmethod.EditorInfo@89dd80f nm : cz.gienger.mobile ic=com.android.internal.widget.EditableInputConnection@da3c09c
11-05 13:56:44.784 20564 20564 I InputMethodManager: startInputInner - mService.startInputOrWindowGainedFocus
11-05 13:56:44.785 20564 20564 D InputTransport: Input channel constructed: fd=76
11-05 13:56:44.785 20564 20564 D InputTransport: Input channel destroyed: fd=71
11-05 13:56:44.786 20564 20564 D InputMethodManager: SSI - flag : 0 Pid : 20564 view : cz.gienger.mobile
11-05 13:56:45.112 20564 20564 D ViewRootImpl@d21c669[DeliverActivity]: MSG_RESIZED: frame=Rect(0, 0 - 768, 1024) ci=Rect(0, 24 - 0, 359) vi=Rect(0, 24 - 0, 359) or=1
11-05 13:56:45.137 20564 20564 D ViewRootImpl@d21c669[DeliverActivity]: Relayout returned: oldFrame=[0,0][768,1024] newFrame=[0,0][768,1024] result=0x1 surface={isValid=true -2014269440} surfaceGenerationChanged=false
11-05 13:56:45.141 20564 20564 D ScrollView: onsize change changed
11-05 13:56:47.503 20564 20564 D ViewRootImpl@d21c669[DeliverActivity]: ViewPostImeInputStage processPointer 0
11-05 13:56:47.553 20564 20564 D ViewRootImpl@d21c669[DeliverActivity]: ViewPostImeInputStage processPointer 1
11-05 13:56:47.567 20564 20564 V InputMethodManager: Starting input: tba=android.view.inputmethod.EditorInfo@935e2a0 nm : cz.gienger.mobile ic=com.android.internal.widget.EditableInputConnection@ebe6e59
11-05 13:56:47.567 20564 20564 I InputMethodManager: startInputInner - mService.startInputOrWindowGainedFocus
11-05 13:56:47.569 20564 20564 D InputTransport: Input channel constructed: fd=71
11-05 13:56:47.569 20564 20564 D InputTransport: Input channel destroyed: fd=76
11-05 13:56:47.570 20564 20564 D InputMethodManager: SSI - flag : 0 Pid : 20564 view : cz.gienger.mobile
11-05 13:56:47.575 20564 20564 W IInputConnectionWrapper: finishComposingText on inactive InputConnection
11-05 13:56:49.907 20564 20564 D ViewRootImpl@d21c669[DeliverActivity]: ViewPostImeInputStage processPointer 0
11-05 13:56:49.987 20564 20564 D ViewRootImpl@d21c669[DeliverActivity]: ViewPostImeInputStage processPointer 1
11-05 13:56:50.431 20564 20564 D LOCATION_SERVICE: onLocationChanged: Location[network 49,191169,17,534483 acc=21 et=+1d23h48m10s773ms alt=0.0 vel=0.0 bear=0.0 {Bundle[mParcelledData.dataSize=80]}]
11-05 13:56:50.901 20564 20564 D ViewRootImpl@d21c669[DeliverActivity]: ViewPostImeInputStage processPointer 0
11-05 13:56:50.994 20564 20564 D ViewRootImpl@d21c669[DeliverActivity]: ViewPostImeInputStage processPointer 1
11-05 13:56:51.007 20564 20564 V InputMethodManager: Starting input: tba=android.view.inputmethod.EditorInfo@dde9715 nm : cz.gienger.mobile ic=com.android.internal.widget.EditableInputConnection@90cea2a
11-05 13:56:51.007 20564 20564 I InputMethodManager: startInputInner - mService.startInputOrWindowGainedFocus
11-05 13:56:51.009 20564 20564 D InputTransport: Input channel constructed: fd=76
11-05 13:56:51.009 20564 20564 D InputTransport: Input channel destroyed: fd=71
11-05 13:56:51.010 20564 20564 D InputMethodManager: SSI - flag : 0 Pid : 20564 view : cz.gienger.mobile
11-05 13:56:51.015 20564 20564 W IInputConnectionWrapper: finishComposingText on inactive InputConnection
11-05 13:56:52.893 20564 20564 D ViewRootImpl@d21c669[DeliverActivity]: ViewPostImeInputStage processPointer 0
11-05 13:56:52.974 20564 20564 D ViewRootImpl@d21c669[DeliverActivity]: ViewPostImeInputStage processPointer 1
11-05 13:56:53.265 20564 20564 D ViewRootImpl@d21c669[DeliverActivity]: ViewPostImeInputStage processPointer 0
11-05 13:56:53.336 20564 20564 D ViewRootImpl@d21c669[DeliverActivity]: ViewPostImeInputStage processPointer 1
11-05 13:56:53.940 20564 20564 D ViewRootImpl@d21c669[DeliverActivity]: ViewPostImeInputStage processPointer 0
11-05 13:56:54.012 20564 20564 D ViewRootImpl@d21c669[DeliverActivity]: ViewPostImeInputStage processPointer 1
11-05 13:56:54.051 20564 20564 D ScrollView: initGoToTop
11-05 13:56:54.055 20564 20564 D ScrollView: initGoToTop
11-05 13:56:54.064 20564 20564 D ViewRootImpl@66934f[DeliverActivity]: ThreadedRenderer.create() translucent=true
11-05 13:56:54.070 20564 20564 D InputTransport: Input channel constructed: fd=71
11-05 13:56:54.071 20564 20564 D ViewRootImpl@66934f[DeliverActivity]: setView = DecorView@aa8fadc[DeliverActivity] touchMode=true
11-05 13:56:54.072 20564 20564 D Graph : removeVertex() : insertDummyVertex, because there is no ancestor.
11-05 13:56:54.077 20564 20564 D ViewRootImpl@66934f[DeliverActivity]: dispatchAttachedToWindow
11-05 13:56:54.102 20564 20564 D ViewRootImpl@66934f[DeliverActivity]: Relayout returned: oldFrame=[0,0][0,0] newFrame=[108,466][660,582] result=0x27 surface={isValid=true -2015203328} surfaceGenerationChanged=true
11-05 13:56:54.103 20564 20564 D ViewRootImpl@66934f[DeliverActivity]: mHardwareRenderer.initialize() mSurface={isValid=true -2015203328} hwInitialized=true
11-05 13:56:54.124 20564 20564 D ViewRootImpl@66934f[DeliverActivity]: MSG_WINDOW_FOCUS_CHANGED 1
11-05 13:56:54.124 20564 20564 D ViewRootImpl@66934f[DeliverActivity]: mHardwareRenderer.initializeIfNeeded()#2 mSurface={isValid=true -2015203328}
11-05 13:56:54.150 20564 20564 D ViewRootImpl@66934f[DeliverActivity]: MSG_RESIZED_REPORT: frame=Rect(108, 466 - 660, 582) ci=Rect(0, 0 - 0, 0) vi=Rect(0, 0 - 0, 0) or=1
11-05 13:56:54.186 20564 20564 D ViewRootImpl@d21c669[DeliverActivity]: MSG_WINDOW_FOCUS_CHANGED 0
11-05 13:56:55.114 20564 20575 I art : Background partial concurrent mark sweep GC freed 347227(11MB) AllocSpace objects, 9(244KB) LOS objects, 52% free, 10MB/22MB, paused 1.291ms total 139.660ms
11-05 13:56:56.706 20564 20564 D ViewRootImpl@66934f[DeliverActivity]: mHardwareRenderer.destroy()#4
11-05 13:56:56.706 20564 20564 D ViewRootImpl@66934f[DeliverActivity]: dispatchDetachedFromWindow
11-05 13:56:56.721 20564 20564 D InputTransport: Input channel destroyed: fd=71
11-05 13:56:56.722 20564 20564 D SIGN_URI: file:///storage/emulated/0/130AT1190426884.pdf
11-05 13:56:56.759 20564 20564 D ViewRootImpl@d21c669[DeliverActivity]: MSG_WINDOW_FOCUS_CHANGED 1
11-05 13:56:56.759 20564 20564 D ViewRootImpl@d21c669[DeliverActivity]: mHardwareRenderer.initializeIfNeeded()#2 mSurface={isValid=true -2014269440}
11-05 13:56:56.772 20564 20564 E ViewRootImpl: sendUserActionEvent() returned.
11-05 13:56:56.772 20564 20564 D ViewRootImpl@d21c669[DeliverActivity]: MSG_WINDOW_FOCUS_CHANGED 0
11-05 13:56:58.457 20564 20564 D ViewRootImpl@d21c669[DeliverActivity]: mHardwareRenderer.destroy()#1
11-05 13:56:58.470 20564 20564 D ViewRootImpl@d21c669[DeliverActivity]: Relayout returned: oldFrame=[0,0][768,1024] newFrame=[0,0][768,1024] result=0x5 surface={isValid=false 0} surfaceGenerationChanged=true
11-05 13:56:58.473 20564 20564 D InputTransport: Input channel destroyed: fd=76
11-05 13:56:58.473 20564 20564 W IInputConnectionWrapper: finishComposingText on inactive InputConnection
11-05 13:56:58.483 20564 20564 W IInputConnectionWrapper: reportFullscreenMode on inexistent InputConnection
11-05 13:56:58.483 20564 20564 W IInputConnectionWrapper: finishComposingText on inactive InputConnection
11-05 13:57:44.036 20564 20564 D ViewRootImpl@bbb1248[PdfArchiveActivity]: ThreadedRenderer.create() translucent=true
11-05 13:57:44.039 20564 20564 D InputTransport: Input channel constructed: fd=68
11-05 13:57:44.040 20564 20564 D ViewRootImpl@bbb1248[PdfArchiveActivity]: setView = DecorView@9e8e8e1[PdfArchiveActivity] touchMode=true
11-05 13:57:44.047 20564 20564 D ViewRootImpl@bbb1248[PdfArchiveActivity]: dispatchAttachedToWindow
11-05 13:57:44.073 20564 20564 D ViewRootImpl@bbb1248[PdfArchiveActivity]: Relayout returned: oldFrame=[0,0][0,0] newFrame=[241,456][527,568] result=0x27 surface={isValid=true -2005792768} surfaceGenerationChanged=true
11-05 13:57:44.073 20564 20564 D ViewRootImpl@bbb1248[PdfArchiveActivity]: mHardwareRenderer.initialize() mSurface={isValid=true -2005792768} hwInitialized=true
11-05 13:57:44.077 20564 20564 D ViewRootImpl@bbb1248[PdfArchiveActivity]: MSG_RESIZED_REPORT: frame=Rect(241, 456 - 527, 568) ci=Rect(0, 0 - 0, 0) vi=Rect(0, 0 - 0, 0) or=1
11-05 13:57:44.077 20564 20564 D ViewRootImpl@bbb1248[PdfArchiveActivity]: MSG_WINDOW_FOCUS_CHANGED 1
11-05 13:57:44.077 20564 20564 D ViewRootImpl@bbb1248[PdfArchiveActivity]: mHardwareRenderer.initializeIfNeeded()#2 mSurface={isValid=true -2005792768}
11-05 13:57:44.078 20564 20564 V InputMethodManager: Starting input: tba=android.view.inputmethod.EditorInfo@e25e606 nm : cz.gienger.mobile ic=null
11-05 13:57:44.078 20564 20564 I InputMethodManager: startInputInner - mService.startInputOrWindowGainedFocus
11-05 13:57:44.080 20564 20564 D InputTransport: Input channel constructed: fd=71
11-05 13:57:45.146 20564 20564 D ViewRootImpl@bbb1248[PdfArchiveActivity]: mHardwareRenderer.destroy()#1
11-05 13:57:45.158 20564 20564 D ViewRootImpl@bbb1248[PdfArchiveActivity]: Relayout returned: oldFrame=[241,456][527,568] newFrame=[241,456][527,568] result=0x5 surface={isValid=false 0} surfaceGenerationChanged=true
11-05 13:57:45.158 20564 20564 D ViewRootImpl@bbb1248[PdfArchiveActivity]: MSG_WINDOW_FOCUS_CHANGED 0
11-05 13:57:45.160 20564 20564 D ViewRootImpl@d21c669[DeliverActivity]: mHardwareRenderer.destroy()#1
11-05 13:57:45.169 20564 20564 D ViewRootImpl@d21c669[DeliverActivity]: Relayout returned: oldFrame=[0,0][768,1024] newFrame=[0,0][768,1024] result=0x1 surface={isValid=false 0} surfaceGenerationChanged=false
11-05 13:57:45.199 20564 20564 D SIGNOSIGN_SIGNED: signed
11-05 13:57:45.202 20564 20564 D InputTransport: Input channel destroyed: fd=71
11-05 13:57:45.230 20564 23743 D MESSAGE_SERVICE: ACTION_COMPRESS_AND_UPLOAD
11-05 13:57:45.361 20564 20564 D ViewRootImpl@205ca73[MainActivity]: Relayout returned: oldFrame=[0,0][768,1024] newFrame=[0,0][768,1024] result=0x7 surface={isValid=true -2005698560} surfaceGenerationChanged=true
11-05 13:57:45.362 20564 20564 D ViewRootImpl@205ca73[MainActivity]: mHardwareRenderer.initialize() mSurface={isValid=true -2005698560} hwInitialized=true
11-05 13:57:45.388 20564 20564 D AbsListView: in onLayout changed
11-05 13:57:45.404 20564 20564 D ViewRootImpl@205ca73[MainActivity]: MSG_WINDOW_FOCUS_CHANGED 1
11-05 13:57:45.404 20564 20564 D ViewRootImpl@205ca73[MainActivity]: mHardwareRenderer.initializeIfNeeded()#2 mSurface={isValid=true -2005698560}
11-05 13:57:45.405 20564 20564 V InputMethodManager: Starting input: tba=android.view.inputmethod.EditorInfo@10dcd02 nm : cz.gienger.mobile ic=null
11-05 13:57:45.405 20564 20564 I InputMethodManager: startInputInner - mService.startInputOrWindowGainedFocus
11-05 13:57:45.437 20564 20564 D InputTransport: Input channel constructed: fd=73
11-05 13:57:45.491 20564 20564 D ViewRootImpl@d21c669[DeliverActivity]: mHardwareRenderer.destroy()#1
11-05 13:57:45.498 20564 20564 D ViewRootImpl@d21c669[DeliverActivity]: Relayout returned: oldFrame=[0,0][768,1024] newFrame=[0,0][768,1024] result=0x1 surface={isValid=false 0} surfaceGenerationChanged=false
11-05 13:57:45.971 20564 23743 D FILE_MANAGER: Serializing delivery /data/user/0/cz.gienger.mobile/files/finished/130AT1190426884/130AT1190426884.xml
11-05 13:57:45.971 20564 23743 D FILE_MANAGER: Null files:
11-05 13:57:46.110 20564 20564 D ViewRootImpl: updatePointerIcon pointerType = 20001, calling pid = 20564
11-05 13:57:46.111 20564 20564 D InputManager: setPointerIconType iconId = 20001, callingPid = 20564
11-05 13:57:46.112 20564 20564 D ViewRootImpl: updatePointerIcon pointerType = 20001, calling pid = 20564
11-05 13:57:46.112 20564 20564 D InputManager: setPointerIconType iconId = 20001, callingPid = 20564
11-05 13:57:46.169 20564 23743 D MYINTERCEPTOR: /GiengerService.svc/sendorder
11-05 13:57:46.170 20564 23743 D OkHttp : --> POST https://testsaig1.gienger.cz/GiengerService.svc/sendorder http/1.1
11-05 13:57:46.170 20564 23743 D OkHttp : Content-Type: text/raw
11-05 13:57:46.171 20564 23743 D OkHttp : Content-Length: 223728
11-05 13:57:46.171 20564 23743 D OkHttp : filename: 130AT1190426884.xml
11-05 13:57:46.171 20564 23743 D OkHttp : Checksum: 9918f7387066065121261a5b17b3e461
11-05 13:57:46.171 20564 23743 D OkHttp : token: d4e904b1ca85ef7217cfed02c93b125c
11-05 13:57:46.171 20564 23743 D OkHttp : --> END POST
11-05 13:57:46.374 20564 20564 D ViewRootImpl@205ca73[MainActivity]: ViewPostImeInputStage processPointer 0
11-05 13:57:46.376 20564 20564 D ViewRootImpl: updatePointerIcon pointerType = 20001, calling pid = 20564
11-05 13:57:46.378 20564 20564 D InputManager: setPointerIconType iconId = 20001, callingPid = 20564
11-05 13:57:46.423 20564 20564 D ViewRootImpl@205ca73[MainActivity]: ViewPostImeInputStage processPointer 1
11-05 13:57:46.430 20564 20564 D ViewRootImpl: updatePointerIcon pointerType = 20001, calling pid = 20564
11-05 13:57:46.430 20564 20564 D InputManager: setPointerIconType iconId = 20001, callingPid = 20564
11-05 13:57:46.431 20564 20564 D ViewRootImpl: updatePointerIcon pointerType = 20001, calling pid = 20564
11-05 13:57:46.431 20564 20564 D InputManager: setPointerIconType iconId = 20001, callingPid = 20564
11-05 13:57:46.461 20564 20564 D item_click: viewId = 2131820756, position = 0
11-05 13:57:46.521 20564 20564 D ViewRootImpl@205ca73[MainActivity]: MSG_WINDOW_FOCUS_CHANGED 0
11-05 13:57:46.639 20564 20564 D ViewRootImpl@e76a7a6[DeliverActivity]: ThreadedRenderer.create() translucent=false
11-05 13:57:46.644 20564 20564 D InputTransport: Input channel constructed: fd=88
11-05 13:57:46.644 20564 20564 D ViewRootImpl@e76a7a6[DeliverActivity]: setView = DecorView@ffe25e7[DeliverActivity] touchMode=true
11-05 13:57:46.649 20564 20564 D TextView: SYANI: Clipboard API is calling: clearFilter()
11-05 13:57:46.649 20564 20564 D TextView: SYANI: Clipboard API is calling: unregisterClipboardEventListener()
11-05 13:57:46.650 20564 20564 D TextView: SYANI: Clipboard API is calling: clearFilter()
11-05 13:57:46.650 20564 20564 D TextView: SYANI: Clipboard API is calling: unregisterClipboardEventListener()
11-05 13:57:46.651 20564 20564 D TextView: SYANI: Clipboard API is calling: clearFilter()
11-05 13:57:46.651 20564 20564 D TextView: SYANI: Clipboard API is calling: unregisterClipboardEventListener()
11-05 13:57:46.712 20564 20564 D ViewRootImpl@d21c669[DeliverActivity]: mHardwareRenderer.destroy()#4
11-05 13:57:46.712 20564 20564 D ViewRootImpl@d21c669[DeliverActivity]: dispatchDetachedFromWindow
11-05 13:57:46.719 20564 20564 D InputTransport: Input channel destroyed: fd=70
11-05 13:57:46.793 20564 20564 D ViewRootImpl@bbb1248[PdfArchiveActivity]: mHardwareRenderer.destroy()#4
11-05 13:57:46.794 20564 20564 D ViewRootImpl@bbb1248[PdfArchiveActivity]: dispatchDetachedFromWindow
11-05 13:57:46.794 20564 23753 D FILE_MANAGER: Copying file /data/user/0/cz.gienger.mobile/files/delivery/130AT1190426883/130AT1190426883.pdf to /storage/emulated/0/130AT1190426883.pdf
11-05 13:57:46.803 20564 20564 D InputTransport: Input channel destroyed: fd=68
11-05 13:57:46.808 20564 20564 D ViewRootImpl@e76a7a6[DeliverActivity]: dispatchAttachedToWindow
11-05 13:57:46.832 20564 20564 D ViewRootImpl@e76a7a6[DeliverActivity]: Relayout returned: oldFrame=[0,0][0,0] newFrame=[0,0][768,1024] result=0x7 surface={isValid=true -2013792256} surfaceGenerationChanged=true
11-05 13:57:46.833 20564 20564 D ViewRootImpl@e76a7a6[DeliverActivity]: mHardwareRenderer.initialize() mSurface={isValid=true -2013792256} hwInitialized=true
11-05 13:57:46.842 20564 20564 D LOCATION_SERVICE: onStartCommand
11-05 13:57:46.845 20564 20564 D LOCATION_SERVICE: onDestroy
11-05 13:57:46.885 20564 20564 D ViewRootImpl@e76a7a6[DeliverActivity]: MSG_RESIZED_REPORT: frame=Rect(0, 0 - 768, 1024) ci=Rect(0, 24 - 0, 0) vi=Rect(0, 24 - 0, 0) or=1
11-05 13:57:46.885 20564 20564 D ViewRootImpl@e76a7a6[DeliverActivity]: MSG_WINDOW_FOCUS_CHANGED 1
11-05 13:57:46.885 20564 20564 D ViewRootImpl@e76a7a6[DeliverActivity]: mHardwareRenderer.initializeIfNeeded()#2 mSurface={isValid=true -2013792256}
11-05 13:57:46.887 20564 20564 V InputMethodManager: Starting input: tba=android.view.inputmethod.EditorInfo@b299700 nm : cz.gienger.mobile ic=null
11-05 13:57:46.888 20564 20564 I InputMethodManager: startInputInner - mService.startInputOrWindowGainedFocus
11-05 13:57:46.901 20564 20564 D InputTransport: Input channel constructed: fd=91
11-05 13:57:46.901 20564 20564 D InputTransport: Input channel destroyed: fd=73
11-05 13:57:46.945 20564 20610 D OpenGLRenderer: endAllActiveAnimators on 0x8800da80 (RippleDrawable) with handle 0x8655d260
11-05 13:57:46.945 20564 20564 D ViewRootImpl@205ca73[MainActivity]: mHardwareRenderer.destroy()#1
11-05 13:57:46.952 20564 20564 D ViewRootImpl@205ca73[MainActivity]: Relayout returned: oldFrame=[0,0][768,1024] newFrame=[0,0][768,1024] result=0x5 surface={isValid=false 0} surfaceGenerationChanged=true
11-05 13:57:47.296 20564 23753 D FILE_MANAGER: copy ok
11-05 13:57:47.362 20564 20564 D ViewRootImpl@205ca73[MainActivity]: Relayout returned: oldFrame=[0,0][768,1024] newFrame=[0,0][768,1024] result=0x5 surface={isValid=false 0} surfaceGenerationChanged=false
11-05 13:57:47.846 20564 20564 D ViewRootImpl: updatePointerIcon pointerType = 20001, calling pid = 20564
11-05 13:57:47.847 20564 20564 D InputManager: setPointerIconType iconId = 20001, callingPid = 20564
11-05 13:57:47.849 20564 20564 D ViewRootImpl: updatePointerIcon pointerType = 20001, calling pid = 20564
11-05 13:57:47.850 20564 20564 D InputManager: setPointerIconType iconId = 20001, callingPid = 20564
11-05 13:57:47.953 20564 20564 D ViewRootImpl@e76a7a6[DeliverActivity]: ViewPostImeInputStage processPointer 0
11-05 13:57:47.954 20564 20564 D ViewRootImpl: updatePointerIcon pointerType = 20001, calling pid = 20564
11-05 13:57:47.955 20564 20564 D InputManager: setPointerIconType iconId = 20001, callingPid = 20564
11-05 13:57:48.062 20564 20564 D ViewRootImpl@e76a7a6[DeliverActivity]: ViewPostImeInputStage processPointer 1
11-05 13:57:48.070 20564 20564 D ViewRootImpl: updatePointerIcon pointerType = 20001, calling pid = 20564
11-05 13:57:48.070 20564 20564 D InputManager: setPointerIconType iconId = 20001, callingPid = 20564
11-05 13:57:48.071 20564 20564 D ViewRootImpl: updatePointerIcon pointerType = 20001, calling pid = 20564
11-05 13:57:48.072 20564 20564 D InputManager: setPointerIconType iconId = 20001, callingPid = 20564
11-05 13:57:48.939 20564 20564 D ViewRootImpl: updatePointerIcon pointerType = 20001, calling pid = 20564
11-05 13:57:48.939 20564 20564 D InputManager: setPointerIconType iconId = 20001, callingPid = 20564
11-05 13:57:49.045 20564 20564 D ViewRootImpl@e76a7a6[DeliverActivity]: ViewPostImeInputStage processPointer 0
11-05 13:57:49.047 20564 20564 D ViewRootImpl: updatePointerIcon pointerType = 20001, calling pid = 20564
11-05 13:57:49.047 20564 20564 D InputManager: setPointerIconType iconId = 20001, callingPid = 20564
11-05 13:57:49.125 20564 20564 D ViewRootImpl@e76a7a6[DeliverActivity]: ViewPostImeInputStage processPointer 1
11-05 13:57:49.132 20564 20564 D ViewRootImpl: updatePointerIcon pointerType = 20001, calling pid = 20564
11-05 13:57:49.132 20564 20564 D InputManager: setPointerIconType iconId = 20001, callingPid = 20564
11-05 13:57:49.132 20564 20564 D ViewRootImpl: updatePointerIcon pointerType = 20001, calling pid = 20564
11-05 13:57:49.133 20564 20564 D InputManager: setPointerIconType iconId = 20001, callingPid = 20564
11-05 13:57:49.152 20564 20564 D ScrollView: initGoToTop
11-05 13:57:49.200 20564 20564 D ScrollView: onsize change changed
11-05 13:57:49.515 20564 20564 D TextView: SYANI: Clipboard API is calling: clearFilter()
11-05 13:57:49.515 20564 20564 D TextView: SYANI: Clipboard API is calling: unregisterClipboardEventListener()
11-05 13:57:49.517 20564 20564 D TextView: SYANI: Clipboard API is calling: clearFilter()
11-05 13:57:49.518 20564 20564 D TextView: SYANI: Clipboard API is calling: unregisterClipboardEventListener()
11-05 13:57:49.520 20564 20564 D TextView: SYANI: Clipboard API is calling: clearFilter()
11-05 13:57:49.520 20564 20564 D TextView: SYANI: Clipboard API is calling: unregisterClipboardEventListener()
11-05 13:57:50.308 20564 20564 D ViewRootImpl: updatePointerIcon pointerType = 20001, calling pid = 20564
11-05 13:57:50.308 20564 20564 D InputManager: setPointerIconType iconId = 20001, callingPid = 20564
11-05 13:57:50.568 20564 20564 D ViewRootImpl@e76a7a6[DeliverActivity]: ViewPostImeInputStage processPointer 0
11-05 13:57:50.568 20564 20564 D ViewRootImpl: updatePointerIcon pointerType = 20001, calling pid = 20564
11-05 13:57:50.569 20564 20564 D InputManager: setPointerIconType iconId = 20001, callingPid = 20564
11-05 13:57:50.613 20564 20564 D ViewRootImpl@e76a7a6[DeliverActivity]: ViewPostImeInputStage processPointer 1
11-05 13:57:50.620 20564 20564 D ViewRootImpl: updatePointerIcon pointerType = 20001, calling pid = 20564
11-05 13:57:50.621 20564 20564 D InputManager: setPointerIconType iconId = 20001, callingPid = 20564
11-05 13:57:50.621 20564 20564 D ViewRootImpl: updatePointerIcon pointerType = 20001, calling pid = 20564
11-05 13:57:50.622 20564 20564 D InputManager: setPointerIconType iconId = 20001, callingPid = 20564
11-05 13:57:50.658 20564 20564 D ScrollView: initGoToTop
11-05 13:57:50.663 20564 20564 D ScrollView: initGoToTop
11-05 13:57:50.672 20564 20564 D ViewRootImpl@26c7635[DeliverActivity]: ThreadedRenderer.create() translucent=true
11-05 13:57:50.679 20564 20564 D InputTransport: Input channel constructed: fd=72
11-05 13:57:50.679 20564 20564 D ViewRootImpl@26c7635[DeliverActivity]: setView = DecorView@630aaca[DeliverActivity] touchMode=true
11-05 13:57:50.690 20564 20564 D ViewRootImpl@26c7635[DeliverActivity]: dispatchAttachedToWindow
11-05 13:57:50.721 20564 20564 D ViewRootImpl@26c7635[DeliverActivity]: Relayout returned: oldFrame=[0,0][0,0] newFrame=[108,466][660,582] result=0x27 surface={isValid=true -2000916480} surfaceGenerationChanged=true
11-05 13:57:50.721 20564 20564 D ViewRootImpl@26c7635[DeliverActivity]: mHardwareRenderer.initialize() mSurface={isValid=true -2000916480} hwInitialized=true
11-05 13:57:50.737 20564 20564 D ViewRootImpl@26c7635[DeliverActivity]: MSG_WINDOW_FOCUS_CHANGED 1
11-05 13:57:50.737 20564 20564 D ViewRootImpl@26c7635[DeliverActivity]: mHardwareRenderer.initializeIfNeeded()#2 mSurface={isValid=true -2000916480}
11-05 13:57:50.754 20564 20564 D ViewRootImpl@26c7635[DeliverActivity]: MSG_RESIZED_REPORT: frame=Rect(108, 466 - 660, 582) ci=Rect(0, 0 - 0, 0) vi=Rect(0, 0 - 0, 0) or=1
11-05 13:57:50.784 20564 20564 D ViewRootImpl@e76a7a6[DeliverActivity]: MSG_WINDOW_FOCUS_CHANGED 0
11-05 13:57:50.931 20564 20575 I art : Background partial concurrent mark sweep GC freed 40721(1541KB) AllocSpace objects, 4(1348KB) LOS objects, 51% free, 11MB/23MB, paused 1.517ms total 101.734ms
11-05 13:57:51.939 20564 20575 I art : Background sticky concurrent mark sweep GC freed 417033(12MB) AllocSpace objects, 2(56KB) LOS objects, 37% free, 14MB/23MB, paused 3.458ms total 113.074ms
11-05 13:57:52.620 20564 20575 I art : Background partial concurrent mark sweep GC freed 289655(8MB) AllocSpace objects, 11(352KB) LOS objects, 43% free, 15MB/27MB, paused 1.258ms total 129.316ms
11-05 13:57:53.299 20564 20564 D ViewRootImpl@26c7635[DeliverActivity]: mHardwareRenderer.destroy()#4
11-05 13:57:53.299 20564 20564 D ViewRootImpl@26c7635[DeliverActivity]: dispatchDetachedFromWindow
11-05 13:57:53.316 20564 20564 D InputTransport: Input channel destroyed: fd=72
11-05 13:57:53.316 20564 20564 D SIGN_URI: file:///storage/emulated/0/130AT1190426883.pdf
11-05 13:57:53.351 20564 20564 D ViewRootImpl@e76a7a6[DeliverActivity]: MSG_WINDOW_FOCUS_CHANGED 1
11-05 13:57:53.352 20564 20564 D ViewRootImpl@e76a7a6[DeliverActivity]: mHardwareRenderer.initializeIfNeeded()#2 mSurface={isValid=true -2013792256}
11-05 13:57:53.359 20564 20564 E ViewRootImpl: sendUserActionEvent() returned.
11-05 13:57:53.360 20564 20564 D ViewRootImpl@e76a7a6[DeliverActivity]: MSG_WINDOW_FOCUS_CHANGED 0
11-05 13:57:55.199 20564 20564 D ViewRootImpl@e76a7a6[DeliverActivity]: mHardwareRenderer.destroy()#1
11-05 13:57:55.207 20564 20564 D ViewRootImpl@e76a7a6[DeliverActivity]: Relayout returned: oldFrame=[0,0][768,1024] newFrame=[0,0][768,1024] result=0x5 surface={isValid=false 0} surfaceGenerationChanged=true
11-05 13:57:55.208 20564 20564 D InputTransport: Input channel destroyed: fd=91
11-05 13:58:00.697 20564 23743 D OkHttp : <-- 200 https://testsaig1.gienger.cz/GiengerService.svc/sendorder (14525ms)
11-05 13:58:00.697 20564 23743 D OkHttp : content-type: application/xml; charset=utf-8
11-05 13:58:00.697 20564 23743 D OkHttp : server: Microsoft-IIS/10.0
11-05 13:58:00.698 20564 23743 D OkHttp : x-powered-by: ASP.NET
11-05 13:58:00.698 20564 23743 D OkHttp : date: Thu, 05 Nov 2020 12:57:59 GMT
11-05 13:58:00.698 20564 23743 D OkHttp : content-length: 175
11-05 13:58:00.698 20564 23743 D OkHttp : <-- END HTTP
11-05 13:58:00.702 20564 23743 D sendOrder_SUCCESS: 200
11-05 13:58:27.084 20564 20564 D Graph : removeVertex() : insertDummyVertex, because there is no ancestor.
11-05 13:58:27.121 20564 20564 D ViewRootImpl@8631f33[PdfArchiveActivity]: ThreadedRenderer.create() translucent=true
11-05 13:58:27.124 20564 20564 D InputTransport: Input channel constructed: fd=63
11-05 13:58:27.124 20564 20564 D ViewRootImpl@8631f33[PdfArchiveActivity]: setView = DecorView@a2802f0[PdfArchiveActivity] touchMode=true
11-05 13:58:27.126 20564 20564 D ViewRootImpl@8631f33[PdfArchiveActivity]: dispatchAttachedToWindow
11-05 13:58:27.152 20564 20564 D ViewRootImpl@8631f33[PdfArchiveActivity]: Relayout returned: oldFrame=[0,0][0,0] newFrame=[241,456][527,568] result=0x27 surface={isValid=true -2005792768} surfaceGenerationChanged=true
11-05 13:58:27.153 20564 20564 D ViewRootImpl@8631f33[PdfArchiveActivity]: mHardwareRenderer.initialize() mSurface={isValid=true -2005792768} hwInitialized=true
11-05 13:58:27.155 20564 20564 D ViewRootImpl@8631f33[PdfArchiveActivity]: MSG_RESIZED_REPORT: frame=Rect(241, 456 - 527, 568) ci=Rect(0, 0 - 0, 0) vi=Rect(0, 0 - 0, 0) or=1
11-05 13:58:27.155 20564 20564 D ViewRootImpl@8631f33[PdfArchiveActivity]: MSG_WINDOW_FOCUS_CHANGED 1
11-05 13:58:27.155 20564 20564 D ViewRootImpl@8631f33[PdfArchiveActivity]: mHardwareRenderer.initializeIfNeeded()#2 mSurface={isValid=true -2005792768}
11-05 13:58:27.156 20564 20564 V InputMethodManager: Starting input: tba=android.view.inputmethod.EditorInfo@98e9069 nm : cz.gienger.mobile ic=null
11-05 13:58:27.156 20564 20564 I InputMethodManager: startInputInner - mService.startInputOrWindowGainedFocus
11-05 13:58:27.157 20564 20564 D InputTransport: Input channel constructed: fd=66
11-05 13:58:28.243 20564 20564 D ViewRootImpl@8631f33[PdfArchiveActivity]: mHardwareRenderer.destroy()#1
11-05 13:58:28.256 20564 20564 D ViewRootImpl@8631f33[PdfArchiveActivity]: Relayout returned: oldFrame=[241,456][527,568] newFrame=[241,456][527,568] result=0x5 surface={isValid=false 0} surfaceGenerationChanged=true
11-05 13:58:28.256 20564 20564 D ViewRootImpl@8631f33[PdfArchiveActivity]: MSG_WINDOW_FOCUS_CHANGED 0
11-05 13:58:28.262 20564 20564 D ViewRootImpl@e76a7a6[DeliverActivity]: mHardwareRenderer.destroy()#1
11-05 13:58:28.271 20564 20564 D ViewRootImpl@e76a7a6[DeliverActivity]: Relayout returned: oldFrame=[0,0][768,1024] newFrame=[0,0][768,1024] result=0x1 surface={isValid=false 0} surfaceGenerationChanged=false
11-05 13:58:28.305 20564 20564 D SIGNOSIGN_SIGNED: signed
11-05 13:58:28.339 20564 23782 D MESSAGE_SERVICE: ACTION_COMPRESS_AND_UPLOAD
11-05 13:58:28.473 20564 20564 D ViewRootImpl@205ca73[MainActivity]: Relayout returned: oldFrame=[0,0][768,1024] newFrame=[0,0][768,1024] result=0x7 surface={isValid=true -2004162560} surfaceGenerationChanged=true
11-05 13:58:28.473 20564 20564 D ViewRootImpl@205ca73[MainActivity]: mHardwareRenderer.initialize() mSurface={isValid=true -2004162560} hwInitialized=true
11-05 13:58:28.501 20564 20564 D AbsListView: in onLayout changed
11-05 13:58:28.520 20564 20564 D ViewRootImpl@205ca73[MainActivity]: MSG_WINDOW_FOCUS_CHANGED 1
11-05 13:58:28.520 20564 20564 D ViewRootImpl@205ca73[MainActivity]: mHardwareRenderer.initializeIfNeeded()#2 mSurface={isValid=true -2004162560}
11-05 13:58:28.521 20564 20564 V InputMethodManager: Starting input: tba=android.view.inputmethod.EditorInfo@9a6265e nm : cz.gienger.mobile ic=null
11-05 13:58:28.521 20564 20564 I InputMethodManager: startInputInner - mService.startInputOrWindowGainedFocus
11-05 13:58:28.550 20564 20564 D InputTransport: Input channel constructed: fd=69
11-05 13:58:28.550 20564 20564 D InputTransport: Input channel destroyed: fd=66
11-05 13:58:28.617 20564 20564 D ViewRootImpl@e76a7a6[DeliverActivity]: mHardwareRenderer.destroy()#1
11-05 13:58:28.670 20564 20564 D ViewRootImpl@e76a7a6[DeliverActivity]: Relayout returned: oldFrame=[0,0][768,1024] newFrame=[0,0][768,1024] result=0x1 surface={isValid=false 0} surfaceGenerationChanged=false
11-05 13:58:29.088 20564 23782 D FILE_MANAGER: Serializing delivery /data/user/0/cz.gienger.mobile/files/finished/130AT1190426883/130AT1190426883.xml
11-05 13:58:29.089 20564 23782 D FILE_MANAGER: Null files:
11-05 13:58:29.332 20564 23782 D MYINTERCEPTOR: /GiengerService.svc/sendorder
11-05 13:58:29.333 20564 23782 D OkHttp : --> POST https://testsaig1.gienger.cz/GiengerService.svc/sendorder http/1.1
11-05 13:58:29.334 20564 23782 D OkHttp : Content-Type: text/raw
11-05 13:58:29.334 20564 23782 D OkHttp : Content-Length: 245465
11-05 13:58:29.334 20564 23782 D OkHttp : filename: 130AT1190426883.xml
11-05 13:58:29.334 20564 23782 D OkHttp : Checksum: 25148120f76b0bdcca9863a666751e51
11-05 13:58:29.334 20564 23782 D OkHttp : token: d4e904b1ca85ef7217cfed02c93b125c
11-05 13:58:29.334 20564 23782 D OkHttp : --> END POST
11-05 13:58:37.089 20564 20564 D TextView: SYANI: Clipboard API is calling: clearFilter()
11-05 13:58:37.089 20564 20564 D TextView: SYANI: Clipboard API is calling: unregisterClipboardEventListener()
11-05 13:58:37.096 20564 20564 D TextView: SYANI: Clipboard API is calling: clearFilter()
11-05 13:58:37.096 20564 20564 D TextView: SYANI: Clipboard API is calling: unregisterClipboardEventListener()
11-05 13:58:37.102 20564 20564 D TextView: SYANI: Clipboard API is calling: clearFilter()
11-05 13:58:37.102 20564 20564 D TextView: SYANI: Clipboard API is calling: unregisterClipboardEventListener()
11-05 13:58:37.150 20564 20564 D ViewRootImpl@e76a7a6[DeliverActivity]: mHardwareRenderer.destroy()#4
11-05 13:58:37.150 20564 20564 D ViewRootImpl@e76a7a6[DeliverActivity]: dispatchDetachedFromWindow
11-05 13:58:37.156 20564 20564 D InputTransport: Input channel destroyed: fd=88
11-05 13:58:37.161 20564 20564 D ViewRootImpl@8631f33[PdfArchiveActivity]: mHardwareRenderer.destroy()#4
11-05 13:58:37.161 20564 20564 D ViewRootImpl@8631f33[PdfArchiveActivity]: dispatchDetachedFromWindow
11-05 13:58:37.169 20564 20564 D InputTransport: Input channel destroyed: fd=63
11-05 13:59:00.697 20564 20564 D ViewRootImpl@205ca73[MainActivity]: ViewPostImeInputStage processPointer 0
11-05 13:59:01.087 20564 20564 D ViewRootImpl@205ca73[MainActivity]: ViewPostImeInputStage processPointer 1
11-05 13:59:03.302 20564 20564 D ViewRootImpl: updatePointerIcon pointerType = 20001, calling pid = 20564
11-05 13:59:03.302 20564 20564 D InputManager: setPointerIconType iconId = 20001, callingPid = 20564
11-05 13:59:03.304 20564 20564 D ViewRootImpl: updatePointerIcon pointerType = 20001, calling pid = 20564
11-05 13:59:03.304 20564 20564 D InputManager: setPointerIconType iconId = 20001, callingPid = 20564
11-05 13:59:04.432 20564 20564 D ViewRootImpl: updatePointerIcon pointerType = 20001, calling pid = 20564
11-05 13:59:04.433 20564 20564 D InputManager: setPointerIconType iconId = 20001, callingPid = 20564
11-05 13:59:36.642 20564 23782 D OkHttp : <-- 200 https://testsaig1.gienger.cz/GiengerService.svc/sendorder (67306ms)
11-05 13:59:36.642 20564 23782 D OkHttp : content-type: application/xml; charset=utf-8
11-05 13:59:36.642 20564 23782 D OkHttp : server: Microsoft-IIS/10.0
11-05 13:59:36.643 20564 23782 D OkHttp : x-powered-by: ASP.NET
11-05 13:59:36.643 20564 23782 D OkHttp : date: Thu, 05 Nov 2020 12:59:35 GMT
11-05 13:59:36.643 20564 23782 D OkHttp : content-length: 175
11-05 13:59:36.643 20564 23782 D OkHttp : <-- END HTTP
11-05 13:59:36.650 20564 23782 D sendOrder_SUCCESS: 200
11-05 13:59:36.843 20564 20564 D AbsListView: in onLayout changed
11-05 13:59:36.905 20564 20564 D ViewRootImpl@205ca73[MainActivity]: MSG_WINDOW_FOCUS_CHANGED 0
11-05 13:59:37.044 20564 20564 D AbsListView: in onLayout changed
11-05 13:59:37.114 20564 20564 D ScrollView: initGoToTop
11-05 13:59:37.121 20564 20564 D ScrollView: initGoToTop
11-05 13:59:37.132 20564 20564 D ViewRootImpl@bd1a9dc[MainActivity]: ThreadedRenderer.create() translucent=true
11-05 13:59:37.139 20564 20564 D InputTransport: Input channel constructed: fd=66
11-05 13:59:37.139 20564 20564 D ViewRootImpl@bd1a9dc[MainActivity]: setView = DecorView@62e8ae5[MainActivity] touchMode=true
11-05 13:59:37.182 20564 20564 D ViewRootImpl@87d2612[MainActivity]: ThreadedRenderer.create() translucent=false
11-05 13:59:37.186 20564 20564 D InputTransport: Input channel constructed: fd=67
11-05 13:59:37.187 20564 20564 D ViewRootImpl@87d2612[MainActivity]: setView = DecorView@2cee1e3[MainActivity] touchMode=true
11-05 13:59:37.212 20564 20564 D ViewRootImpl@205ca73[MainActivity]: mHardwareRenderer.destroy()#1
11-05 13:59:37.236 20564 20564 D ViewRootImpl@205ca73[MainActivity]: Relayout returned: oldFrame=[0,0][768,1024] newFrame=[0,0][768,1024] result=0x5 surface={isValid=false 0} surfaceGenerationChanged=true
11-05 13:59:37.237 20564 20564 D ViewRootImpl@bd1a9dc[MainActivity]: dispatchAttachedToWindow
11-05 13:59:37.278 20564 20564 D ViewRootImpl@bd1a9dc[MainActivity]: Relayout returned: oldFrame=[0,0][0,0] newFrame=[94,415][674,633] result=0x27 surface={isValid=true -2041579520} surfaceGenerationChanged=true
11-05 13:59:37.278 20564 20564 D ViewRootImpl@bd1a9dc[MainActivity]: mHardwareRenderer.initialize() mSurface={isValid=true -2041579520} hwInitialized=true
11-05 13:59:37.288 20564 20564 D ScrollView: onsize change changed
11-05 13:59:37.292 20564 20564 D ViewRootImpl@87d2612[MainActivity]: dispatchAttachedToWindow
11-05 13:59:37.339 20564 20564 D ViewRootImpl@87d2612[MainActivity]: Relayout returned: oldFrame=[0,0][0,0] newFrame=[0,0][768,1024] result=0x7 surface={isValid=true -2004162560} surfaceGenerationChanged=true
11-05 13:59:37.340 20564 20564 D ViewRootImpl@87d2612[MainActivity]: mHardwareRenderer.initialize() mSurface={isValid=true -2004162560} hwInitialized=true
11-05 13:59:37.371 20564 20564 D AbsListView: in onLayout changed
11-05 13:59:37.372 20564 20564 D ViewRootImpl@bd1a9dc[MainActivity]: MSG_WINDOW_FOCUS_CHANGED 1
11-05 13:59:37.372 20564 20564 D ViewRootImpl@bd1a9dc[MainActivity]: mHardwareRenderer.initializeIfNeeded()#2 mSurface={isValid=true -2041579520}
11-05 13:59:37.418 20564 20564 D ViewRootImpl@bd1a9dc[MainActivity]: MSG_RESIZED_REPORT: frame=Rect(94, 415 - 674, 633) ci=Rect(0, 0 - 0, 0) vi=Rect(0, 0 - 0, 0) or=1
11-05 13:59:37.425 20564 20564 D ViewRootImpl@87d2612[MainActivity]: MSG_RESIZED_REPORT: frame=Rect(0, 0 - 768, 1024) ci=Rect(0, 24 - 0, 0) vi=Rect(0, 24 - 0, 0) or=1
11-05 13:59:37.534 20564 20564 D ViewRootImpl@205ca73[MainActivity]: mHardwareRenderer.destroy()#4
11-05 13:59:37.534 20564 20564 D ViewRootImpl@205ca73[MainActivity]: dispatchDetachedFromWindow
11-05 13:59:37.542 20564 20564 D InputTransport: Input channel destroyed: fd=61
11-05 13:59:39.345 20564 20564 D ViewRootImpl@bd1a9dc[MainActivity]: ViewPostImeInputStage processPointer 0
11-05 13:59:39.439 20564 20564 D ViewRootImpl@bd1a9dc[MainActivity]: ViewPostImeInputStage processPointer 1
11-05 13:59:39.489 20564 20564 D ViewRootImpl@bd1a9dc[MainActivity]: mHardwareRenderer.destroy()#4
11-05 13:59:39.490 20564 20564 D ViewRootImpl@bd1a9dc[MainActivity]: dispatchDetachedFromWindow
11-05 13:59:39.496 20564 20564 D InputTransport: Input channel destroyed: fd=66
11-05 13:59:39.502 20564 20564 D InputTransport: Input channel constructed: fd=63
11-05 13:59:39.502 20564 20564 D ViewRootImpl@61c602b[Toast]: setView = android.widget.LinearLayout{ba43c88 V.E...... ......I. 0,0-0,0} touchMode=true
11-05 13:59:39.502 20564 20564 V Toast : Text: Nani in android.widget.Toast$TN@88f6621
11-05 13:59:39.502 20564 20564 E ViewRootImpl: sendUserActionEvent() returned.
11-05 13:59:39.524 20564 20564 D ViewRootImpl@61c602b[Toast]: dispatchAttachedToWindow
11-05 13:59:39.549 20564 20564 D ViewRootImpl@61c602b[Toast]: Relayout returned: oldFrame=[0,0][0,0] newFrame=[194,916][574,960] result=0x27 surface={isValid=true -2041579520} surfaceGenerationChanged=true
11-05 13:59:39.599 20564 20564 D ViewRootImpl@51ab764[LogcatActivity]: ThreadedRenderer.create() translucent=true
11-05 13:59:39.602 20564 20564 D InputTransport: Input channel constructed: fd=70
11-05 13:59:39.602 20564 20564 D ViewRootImpl@51ab764[LogcatActivity]: setView = DecorView@36b7682[LogcatActivity] touchMode=true
11-05 13:59:39.604 20564 20564 D ViewRootImpl@61c602b[Toast]: MSG_RESIZED_REPORT: frame=Rect(194, 916 - 574, 960) ci=Rect(0, 0 - 0, 0) vi=Rect(0, 0 - 0, 0) or=1
11-05 13:59:39.609 20564 20564 D ViewRootImpl@51ab764[LogcatActivity]: dispatchAttachedToWindow
11-05 13:59:39.647 20564 20564 D ViewRootImpl@51ab764[LogcatActivity]: Relayout returned: oldFrame=[0,0][0,0] newFrame=[237,468][531,580] result=0x27 surface={isValid=true -2001868800} surfaceGenerationChanged=true
11-05 13:59:39.648 20564 20564 D ViewRootImpl@51ab764[LogcatActivity]: mHardwareRenderer.initialize() mSurface={isValid=true -2001868800} hwInitialized=true
11-05 13:59:39.653 20564 20564 D ViewRootImpl@51ab764[LogcatActivity]: MSG_RESIZED_REPORT: frame=Rect(237, 468 - 531, 580) ci=Rect(0, 0 - 0, 0) vi=Rect(0, 0 - 0, 0) or=1
11-05 13:59:39.653 20564 20564 D ViewRootImpl@51ab764[LogcatActivity]: MSG_WINDOW_FOCUS_CHANGED 1
11-05 13:59:39.653 20564 20564 D ViewRootImpl@51ab764[LogcatActivity]: mHardwareRenderer.initializeIfNeeded()#2 mSurface={isValid=true -2001868800}
11-05 13:59:39.654 20564 20564 V InputMethodManager: Starting input: tba=android.view.inputmethod.EditorInfo@d694193 nm : cz.gienger.mobile ic=null
11-05 13:59:39.654 20564 20564 I InputMethodManager: startInputInner - mService.startInputOrWindowGainedFocus
11-05 13:59:39.656 20564 20564 D InputTransport: Input channel constructed: fd=76
11-05 13:59:39.657 20564 20564 D InputTransport: Input channel destroyed: fd=69