--------- beginning of main
11-05 13:54:24.139 20564 23522 D MYINTERCEPTOR: /GiengerService.svc/sendlog
11-05 13:54:24.140 20564 23522 D OkHttp : --> POST https://testsaig1.gienger.cz/GiengerService.svc/sendlog http/1.1
11-05 13:54:24.140 20564 23522 D OkHttp : Content-Type: text/raw
11-05 13:54:24.141 20564 23522 D OkHttp : Content-Length: 98343
11-05 13:54:24.141 20564 23522 D OkHttp : filename: logcat_7be540931fcaf9f3_2020_11_05_135423.txt
11-05 13:54:24.141 20564 23522 D OkHttp : Checksum: c0c6873881fa0760d83f28acb92a8a50
11-05 13:54:24.141 20564 23522 D OkHttp : token: 6246477b2201027d3155f34571f7c488
11-05 13:54:24.141 20564 23522 D OkHttp : --> END POST
11-05 13:54:24.176 20564 20564 D ViewRootImpl@f5db461[LogcatActivity]: Relayout returned: oldFrame=[237,468][531,580] newFrame=[267,468][500,580] result=0x21 surface={isValid=true -2015164416} surfaceGenerationChanged=false
11-05 13:54:24.176 20564 20564 D ViewRootImpl@f5db461[LogcatActivity]: mHardwareRenderer.updateSurface() mSurface={isValid=true -2015164416}
11-05 13:54:34.260 20564 23522 D OkHttp : <-- 200 https://testsaig1.gienger.cz/GiengerService.svc/sendlog (10118ms)
11-05 13:54:34.260 20564 23522 D OkHttp : content-type: application/xml; charset=utf-8
11-05 13:54:34.260 20564 23522 D OkHttp : server: Microsoft-IIS/10.0
11-05 13:54:34.260 20564 23522 D OkHttp : x-powered-by: ASP.NET
11-05 13:54:34.260 20564 23522 D OkHttp : date: Thu, 05 Nov 2020 12:54:33 GMT
11-05 13:54:34.260 20564 23522 D OkHttp : content-length: 175
11-05 13:54:34.260 20564 23522 D OkHttp : <-- END HTTP
11-05 13:54:34.324 20564 20564 D ViewRootImpl: updatePointerIcon pointerType = 20001, calling pid = 20564
11-05 13:54:34.325 20564 20564 D InputManager: setPointerIconType iconId = 20001, callingPid = 20564
11-05 13:54:34.337 20564 23503 D MYINTERCEPTOR: /GiengerService.svc/logout
11-05 13:54:34.338 20564 23503 D OkHttp : --> POST https://testsaig1.gienger.cz/GiengerService.svc/logout http/1.1
11-05 13:54:34.338 20564 23503 D OkHttp : Content-Type: application/xml; charset=UTF-8
11-05 13:54:34.338 20564 23503 D OkHttp : Content-Length: 268
11-05 13:54:34.338 20564 23503 D OkHttp : token: 6246477b2201027d3155f34571f7c488
11-05 13:54:34.338 20564 23503 D OkHttp : --> END POST
11-05 13:54:34.342 20564 20564 D ViewRootImpl@f5db461[LogcatActivity]: MSG_WINDOW_FOCUS_CHANGED 0
11-05 13:54:34.342 20564 20564 D ViewRootImpl@205ca73[MainActivity]: MSG_WINDOW_FOCUS_CHANGED 1
11-05 13:54:34.343 20564 20564 D ViewRootImpl@205ca73[MainActivity]: mHardwareRenderer.initializeIfNeeded()#2 mSurface={isValid=true -2037993472}
11-05 13:54:34.344 20564 20564 V InputMethodManager: Starting input: tba=android.view.inputmethod.EditorInfo@638542f nm : cz.gienger.mobile ic=null
11-05 13:54:34.344 20564 20564 I InputMethodManager: startInputInner - mService.startInputOrWindowGainedFocus
11-05 13:54:34.346 20564 20564 D InputTransport: Input channel constructed: fd=80
11-05 13:54:34.346 20564 20564 D InputTransport: Input channel destroyed: fd=81
11-05 13:54:34.353 20564 20564 D ViewRootImpl@f5db461[LogcatActivity]: mHardwareRenderer.destroy()#1
11-05 13:54:34.364 20564 20564 D ViewRootImpl@f5db461[LogcatActivity]: Relayout returned: oldFrame=[267,468][500,580] newFrame=[267,468][500,580] result=0x5 surface={isValid=false 0} surfaceGenerationChanged=true
11-05 13:54:34.424 20564 20564 D ViewRootImpl@f5db461[LogcatActivity]: mHardwareRenderer.destroy()#4
11-05 13:54:34.424 20564 20564 D ViewRootImpl@f5db461[LogcatActivity]: dispatchDetachedFromWindow
11-05 13:54:34.431 20564 20564 D InputTransport: Input channel destroyed: fd=77
11-05 13:54:34.859 20564 23503 D OkHttp : <-- 200 https://testsaig1.gienger.cz/GiengerService.svc/logout (521ms)
11-05 13:54:34.860 20564 23503 D OkHttp : server: Microsoft-IIS/10.0
11-05 13:54:34.860 20564 23503 D OkHttp : x-powered-by: ASP.NET
11-05 13:54:34.860 20564 23503 D OkHttp : date: Thu, 05 Nov 2020 12:54:33 GMT
11-05 13:54:34.860 20564 23503 D OkHttp : content-length: 0
11-05 13:54:34.860 20564 23503 D OkHttp : <-- END HTTP
11-05 13:54:34.862 20564 23503 D ALARM_REUPLOAD: cancelling alarm
11-05 13:54:34.889 20564 23503 D DELETING_DIRECTORY: /data/user/0/cz.gienger.mobile/files/delivery
11-05 13:54:34.889 20564 23503 D DELETING_DIRECTORY: exists /data/user/0/cz.gienger.mobile/files/delivery
11-05 13:54:34.890 20564 23503 D DELETING_DIRECTORY: /data/user/0/cz.gienger.mobile/files/delivery/130AT1190426883
11-05 13:54:34.890 20564 23503 D DELETING_DIRECTORY: exists /data/user/0/cz.gienger.mobile/files/delivery/130AT1190426883
11-05 13:54:34.890 20564 23503 D DELETING_DIRECTORY: /data/user/0/cz.gienger.mobile/files/delivery/130AT1190426883/corrections
11-05 13:54:34.890 20564 23503 D DELETING_DIRECTORY: exists /data/user/0/cz.gienger.mobile/files/delivery/130AT1190426883/corrections
11-05 13:54:34.890 20564 23503 D DELETING_DIRECTORY: file deleted /data/user/0/cz.gienger.mobile/files/delivery/130AT1190426883/130AT1190426883.pdf
11-05 13:54:34.891 20564 23503 D DELETING_DIRECTORY: /data/user/0/cz.gienger.mobile/files/delivery/130AT1190426884
11-05 13:54:34.891 20564 23503 D DELETING_DIRECTORY: exists /data/user/0/cz.gienger.mobile/files/delivery/130AT1190426884
11-05 13:54:34.891 20564 23503 D DELETING_DIRECTORY: /data/user/0/cz.gienger.mobile/files/delivery/130AT1190426884/corrections
11-05 13:54:34.891 20564 23503 D DELETING_DIRECTORY: exists /data/user/0/cz.gienger.mobile/files/delivery/130AT1190426884/corrections
11-05 13:54:34.892 20564 23503 D DELETING_DIRECTORY: file deleted /data/user/0/cz.gienger.mobile/files/delivery/130AT1190426884/130AT1190426884.pdf
11-05 13:54:34.892 20564 23503 D DELETING_DIRECTORY: /data/user/0/cz.gienger.mobile/files/finished
11-05 13:54:34.907 20564 20564 D ViewRootImpl@205ca73[MainActivity]: MSG_WINDOW_FOCUS_CHANGED 0
11-05 13:54:34.953 20564 20564 D FILES : /data/user/0/cz.gienger.mobile/files/delivery
11-05 13:54:34.957 20564 20564 D ScrollView: initGoToTop
11-05 13:54:34.980 20564 20564 D ViewRootImpl@4d5c02a[LoginActivity]: ThreadedRenderer.create() translucent=false
11-05 13:54:34.983 20564 20564 D InputTransport: Input channel constructed: fd=76
11-05 13:54:34.983 20564 20564 D ViewRootImpl@4d5c02a[LoginActivity]: setView = DecorView@a0bce1b[LoginActivity] touchMode=true
11-05 13:54:34.991 20564 20564 D ViewRootImpl@4d5c02a[LoginActivity]: dispatchAttachedToWindow
11-05 13:54:35.016 20564 20564 D ViewRootImpl@4d5c02a[LoginActivity]: Relayout returned: oldFrame=[0,0][0,0] newFrame=[0,0][768,1024] result=0x27 surface={isValid=true -2013794304} surfaceGenerationChanged=true
11-05 13:54:35.017 20564 20564 D ViewRootImpl@4d5c02a[LoginActivity]: mHardwareRenderer.initialize() mSurface={isValid=true -2013794304} hwInitialized=true
11-05 13:54:35.021 20564 20564 D ScrollView: onsize change changed
11-05 13:54:35.045 20564 20564 D ViewRootImpl@4d5c02a[LoginActivity]: MSG_RESIZED_REPORT: frame=Rect(0, 0 - 768, 1024) ci=Rect(0, 24 - 0, 0) vi=Rect(0, 24 - 0, 0) or=1
11-05 13:54:35.045 20564 20564 D ViewRootImpl@4d5c02a[LoginActivity]: MSG_WINDOW_FOCUS_CHANGED 1
11-05 13:54:35.046 20564 20564 D ViewRootImpl@4d5c02a[LoginActivity]: mHardwareRenderer.initializeIfNeeded()#2 mSurface={isValid=true -2013794304}
11-05 13:54:35.056 20564 20564 V InputMethodManager: Starting input: tba=android.view.inputmethod.EditorInfo@37be593 nm : cz.gienger.mobile ic=com.android.internal.widget.EditableInputConnection@e65b9d0
11-05 13:54:35.056 20564 20564 I InputMethodManager: startInputInner - mService.startInputOrWindowGainedFocus
11-05 13:54:35.065 20564 20564 D InputTransport: Input channel constructed: fd=77
11-05 13:54:35.065 20564 20564 D InputTransport: Input channel destroyed: fd=80
11-05 13:54:35.093 20564 20564 D ViewRootImpl@205ca73[MainActivity]: mHardwareRenderer.destroy()#1
11-05 13:54:35.103 20564 20564 D ViewRootImpl@205ca73[MainActivity]: Relayout returned: oldFrame=[0,0][768,1024] newFrame=[0,0][768,1024] result=0x5 surface={isValid=false 0} surfaceGenerationChanged=true
11-05 13:54:35.381 20564 20564 D ViewRootImpl@4d5c02a[LoginActivity]: MSG_RESIZED: frame=Rect(0, 0 - 768, 1024) ci=Rect(0, 24 - 0, 320) vi=Rect(0, 24 - 0, 320) or=1
11-05 13:54:35.401 20564 20564 D ViewRootImpl@4d5c02a[LoginActivity]: Relayout returned: oldFrame=[0,0][768,1024] newFrame=[0,0][768,1024] result=0x1 surface={isValid=true -2013794304} surfaceGenerationChanged=false
11-05 13:54:35.403 20564 20564 D ScrollView: onsize change changed
11-05 13:54:35.514 20564 20564 D ViewRootImpl@205ca73[MainActivity]: Relayout returned: oldFrame=[0,0][768,1024] newFrame=[0,0][768,1024] result=0x5 surface={isValid=false 0} surfaceGenerationChanged=false
11-05 13:54:56.790 20564 20564 D ViewRootImpl@4d5c02a[LoginActivity]: ViewPostImeInputStage processPointer 0
11-05 13:54:56.872 20564 20564 D ViewRootImpl@4d5c02a[LoginActivity]: ViewPostImeInputStage processPointer 1
11-05 13:54:56.886 20564 20564 V InputMethodManager: Starting input: tba=android.view.inputmethod.EditorInfo@9f8740b nm : cz.gienger.mobile ic=com.android.internal.widget.EditableInputConnection@da6f2e8
11-05 13:54:56.886 20564 20564 I InputMethodManager: startInputInner - mService.startInputOrWindowGainedFocus
11-05 13:54:56.888 20564 20564 D InputTransport: Input channel constructed: fd=69
11-05 13:54:56.888 20564 20564 D InputTransport: Input channel destroyed: fd=77
11-05 13:54:56.888 20564 20564 D InputMethodManager: SSI - flag : 0 Pid : 20564 view : cz.gienger.mobile
11-05 13:54:56.892 20564 20564 W IInputConnectionWrapper: performPrivateCommand on inactive InputConnection
11-05 13:54:56.893 20564 20564 W IInputConnectionWrapper: finishComposingText on inactive InputConnection
11-05 13:55:39.494 20564 20564 V InputMethodManager: Starting input: tba=android.view.inputmethod.EditorInfo@7a09b39 nm : cz.gienger.mobile ic=com.android.internal.widget.EditableInputConnection@5c3a57e
11-05 13:55:39.495 20564 20564 I InputMethodManager: startInputInner - mService.startInputOrWindowGainedFocus
11-05 13:55:39.497 20564 20564 D InputTransport: Input channel constructed: fd=70
11-05 13:55:39.497 20564 20564 D InputTransport: Input channel destroyed: fd=69
11-05 13:55:39.505 20564 20564 W IInputConnectionWrapper: performPrivateCommand on inactive InputConnection
11-05 13:55:39.511 20564 20564 W IInputConnectionWrapper: finishComposingText on inactive InputConnection
11-05 13:55:39.521 20564 20564 W IInputConnectionWrapper: performPrivateCommand on inactive InputConnection
11-05 13:55:39.640 20564 20564 W IInputConnectionWrapper: getCursorCapsMode on inactive InputConnection
11-05 13:55:39.715 20564 20564 W IInputConnectionWrapper: getCursorCapsMode on inactive InputConnection
11-05 13:55:39.816 20564 20564 W IInputConnectionWrapper: getSelectedText on inactive InputConnection
11-05 13:55:39.817 20564 20564 W IInputConnectionWrapper: getTextBeforeCursor on inactive InputConnection
11-05 13:55:39.818 20564 20564 W IInputConnectionWrapper: getTextAfterCursor on inactive InputConnection
11-05 13:55:49.832 20564 20564 V InputMethodManager: Starting input: tba=android.view.inputmethod.EditorInfo@e2e0adf nm : cz.gienger.mobile ic=com.android.internal.widget.EditableInputConnection@864c32c
11-05 13:55:49.832 20564 20564 I InputMethodManager: startInputInner - mService.startInputOrWindowGainedFocus
11-05 13:55:49.845 20564 20564 D InputTransport: Input channel constructed: fd=69
11-05 13:55:49.845 20564 20564 D InputTransport: Input channel destroyed: fd=70
11-05 13:55:49.870 20564 20564 W IInputConnectionWrapper: performPrivateCommand on inactive InputConnection
11-05 13:55:49.870 20564 20564 W IInputConnectionWrapper: finishComposingText on inactive InputConnection
11-05 13:55:50.231 20564 20564 D ViewRootImpl@4d5c02a[LoginActivity]: Relayout returned: oldFrame=[0,0][768,1024] newFrame=[0,0][768,1024] result=0x1 surface={isValid=true -2013794304} surfaceGenerationChanged=false
11-05 13:55:50.232 20564 20564 D ViewRootImpl@4d5c02a[LoginActivity]: MSG_RESIZED_REPORT: frame=Rect(0, 0 - 768, 1024) ci=Rect(0, 24 - 0, 320) vi=Rect(0, 24 - 0, 320) or=1
11-05 13:55:51.600 20564 20564 D ViewRootImpl@4d5c02a[LoginActivity]: ViewPostImeInputStage processPointer 0
11-05 13:55:51.647 20564 20564 D ViewRootImpl@4d5c02a[LoginActivity]: ViewPostImeInputStage processPointer 1
11-05 13:55:51.673 20564 20564 D ScrollView: initGoToTop
11-05 13:55:51.677 20564 20564 D ScrollView: initGoToTop
11-05 13:55:51.685 20564 20564 D ViewRootImpl@4d84ed5[LoginActivity]: ThreadedRenderer.create() translucent=true
11-05 13:55:51.691 20564 20564 D InputTransport: Input channel constructed: fd=70
11-05 13:55:51.692 20564 20564 D ViewRootImpl@4d84ed5[LoginActivity]: setView = DecorView@5dca6ea[LoginActivity] touchMode=true
11-05 13:55:51.697 20564 23608 D MYINTERCEPTOR: /GiengerService.svc/oauth
11-05 13:55:51.698 20564 23608 D OkHttp : --> POST https://testsaig1.gienger.cz/GiengerService.svc/oauth http/1.1
11-05 13:55:51.698 20564 23608 D OkHttp : Content-Type: application/xml; charset=UTF-8
11-05 13:55:51.698 20564 20564 D ViewRootImpl@4d84ed5[LoginActivity]: dispatchAttachedToWindow
11-05 13:55:51.698 20564 23608 D OkHttp : Content-Length: 298
11-05 13:55:51.698 20564 23608 D OkHttp : --> END POST
11-05 13:55:51.725 20564 20564 D ViewRootImpl@4d84ed5[LoginActivity]: Relayout returned: oldFrame=[0,0][0,0] newFrame=[108,466][660,582] result=0x27 surface={isValid=true -2012221440} surfaceGenerationChanged=true
11-05 13:55:51.725 20564 20564 D ViewRootImpl@4d84ed5[LoginActivity]: mHardwareRenderer.initialize() mSurface={isValid=true -2012221440} hwInitialized=true
11-05 13:55:51.740 20564 20564 D ViewRootImpl@4d84ed5[LoginActivity]: MSG_WINDOW_FOCUS_CHANGED 1
11-05 13:55:51.741 20564 20564 D ViewRootImpl@4d84ed5[LoginActivity]: mHardwareRenderer.initializeIfNeeded()#2 mSurface={isValid=true -2012221440}
11-05 13:55:51.755 20564 20564 D ViewRootImpl@4d84ed5[LoginActivity]: MSG_RESIZED_REPORT: frame=Rect(108, 466 - 660, 582) ci=Rect(0, 0 - 0, 0) vi=Rect(0, 0 - 0, 0) or=1
11-05 13:55:51.777 20564 20564 D ViewRootImpl@4d5c02a[LoginActivity]: MSG_WINDOW_FOCUS_CHANGED 0
11-05 13:55:51.842 20564 23608 D OkHttp : <-- 200 https://testsaig1.gienger.cz/GiengerService.svc/oauth (143ms)
11-05 13:55:51.842 20564 23608 D OkHttp : content-type: application/xml; charset=utf-8
11-05 13:55:51.842 20564 23608 D OkHttp : server: Microsoft-IIS/10.0
11-05 13:55:51.842 20564 23608 D OkHttp : x-powered-by: ASP.NET
11-05 13:55:51.842 20564 23608 D OkHttp : date: Thu, 05 Nov 2020 12:55:50 GMT
11-05 13:55:51.842 20564 23608 D OkHttp : content-length: 292
11-05 13:55:51.842 20564 23608 D OkHttp : <-- END HTTP
11-05 13:55:51.859 20564 23608 D MYINTERCEPTOR: /GiengerService.svc/userinfo
11-05 13:55:51.859 20564 23608 D OkHttp : --> POST https://testsaig1.gienger.cz/GiengerService.svc/userinfo http/1.1
11-05 13:55:51.859 20564 23608 D OkHttp : Content-Type: application/xml; charset=UTF-8
11-05 13:55:51.859 20564 23608 D OkHttp : Content-Length: 139
11-05 13:55:51.859 20564 23608 D OkHttp : token: d4e904b1ca85ef7217cfed02c93b125c
11-05 13:55:51.859 20564 23608 D OkHttp : --> END POST
11-05 13:55:51.992 20564 23608 D OkHttp : <-- 200 https://testsaig1.gienger.cz/GiengerService.svc/userinfo (132ms)
11-05 13:55:51.992 20564 23608 D OkHttp : content-type: application/xml; charset=utf-8
11-05 13:55:51.992 20564 23608 D OkHttp : server: Microsoft-IIS/10.0
11-05 13:55:51.992 20564 23608 D OkHttp : x-powered-by: ASP.NET
11-05 13:55:51.992 20564 23608 D OkHttp : date: Thu, 05 Nov 2020 12:55:50 GMT
11-05 13:55:51.992 20564 23608 D OkHttp : content-length: 195
11-05 13:55:51.992 20564 23608 D OkHttp : <-- END HTTP
11-05 13:55:52.030 20564 20564 D ScrollView: initGoToTop
11-05 13:55:52.037 20564 20564 D ScrollView: initGoToTop
11-05 13:55:52.047 20564 20564 D ViewRootImpl@7f3d916[LoginActivity]: ThreadedRenderer.create() translucent=true
11-05 13:55:52.056 20564 20564 D InputTransport: Input channel constructed: fd=89
11-05 13:55:52.056 20564 20564 D ViewRootImpl@7f3d916[LoginActivity]: setView = DecorView@bfc5297[LoginActivity] touchMode=true
11-05 13:55:52.100 20564 20564 D ViewRootImpl@4d84ed5[LoginActivity]: mHardwareRenderer.destroy()#4
11-05 13:55:52.101 20564 20564 D ViewRootImpl@4d84ed5[LoginActivity]: dispatchDetachedFromWindow
11-05 13:55:52.122 20564 20564 D InputTransport: Input channel destroyed: fd=70
11-05 13:55:52.142 20564 20564 D ViewRootImpl@4d5c02a[LoginActivity]: Relayout returned: oldFrame=[0,0][768,1024] newFrame=[0,0][768,1024] result=0x1 surface={isValid=true -2013794304} surfaceGenerationChanged=false
11-05 13:55:52.150 20564 20564 D ViewRootImpl@7f3d916[LoginActivity]: dispatchAttachedToWindow
11-05 13:55:52.195 20564 20564 D ViewRootImpl@7f3d916[LoginActivity]: Relayout returned: oldFrame=[0,0][0,0] newFrame=[108,423][660,624] result=0x27 surface={isValid=true -2012221440} surfaceGenerationChanged=true
11-05 13:55:52.195 20564 20564 D ViewRootImpl@7f3d916[LoginActivity]: mHardwareRenderer.initialize() mSurface={isValid=true -2012221440} hwInitialized=true
11-05 13:55:52.201 20564 20564 D ScrollView: onsize change changed
11-05 13:55:52.202 20564 20564 D ScrollView: onsize change changed
11-05 13:55:52.203 20564 20564 D ViewRootImpl@7f3d916[LoginActivity]: MSG_WINDOW_FOCUS_CHANGED 1
11-05 13:55:52.203 20564 20564 D ViewRootImpl@7f3d916[LoginActivity]: mHardwareRenderer.initializeIfNeeded()#2 mSurface={isValid=true -2012221440}
11-05 13:55:52.228 20564 20564 D ViewRootImpl@7f3d916[LoginActivity]: MSG_RESIZED_REPORT: frame=Rect(108, 423 - 660, 624) ci=Rect(0, 0 - 0, 0) vi=Rect(0, 0 - 0, 0) or=1
11-05 13:55:52.250 20564 20564 E ViewRootImpl: sendUserActionEvent() returned.
11-05 13:55:53.097 20564 20564 D ViewRootImpl@7f3d916[LoginActivity]: ViewPostImeInputStage processPointer 0
11-05 13:55:53.166 20564 20564 D ViewRootImpl@7f3d916[LoginActivity]: ViewPostImeInputStage processPointer 1
11-05 13:55:53.190 20564 20564 D ViewRootImpl@7f3d916[LoginActivity]: mHardwareRenderer.destroy()#4
11-05 13:55:53.190 20564 20564 D ViewRootImpl@7f3d916[LoginActivity]: dispatchDetachedFromWindow
11-05 13:55:53.201 20564 20564 D InputTransport: Input channel destroyed: fd=89
11-05 13:55:53.215 20564 23608 D MYINTERCEPTOR: /GiengerService.svc/manifests
11-05 13:55:53.218 20564 23608 D OkHttp : --> GET https://testsaig1.gienger.cz/GiengerService.svc/manifests http/1.1
11-05 13:55:53.218 20564 23608 D OkHttp : state: CZ
11-05 13:55:53.218 20564 23608 D OkHttp : token: d4e904b1ca85ef7217cfed02c93b125c
11-05 13:55:53.218 20564 23608 D OkHttp : --> END GET
11-05 13:55:53.230 20564 20564 D TextView: SYANI: Clipboard API is calling: clearFilter()
11-05 13:55:53.230 20564 20564 D TextView: SYANI: Clipboard API is calling: unregisterClipboardEventListener()
11-05 13:55:53.232 20564 20564 D TextView: SYANI: Clipboard API is calling: clearFilter()
11-05 13:55:53.233 20564 20564 D TextView: SYANI: Clipboard API is calling: unregisterClipboardEventListener()
11-05 13:55:53.245 20564 20564 D ViewRootImpl@4d5c02a[LoginActivity]: mHardwareRenderer.destroy()#4
11-05 13:55:53.245 20564 20564 D ViewRootImpl@4d5c02a[LoginActivity]: dispatchDetachedFromWindow
11-05 13:55:53.248 20564 20564 D InputTransport: Input channel destroyed: fd=76
11-05 13:55:53.274 20564 20564 D FILES : /data/user/0/cz.gienger.mobile/files/delivery
11-05 13:55:53.287 20564 23611 D MYINTERCEPTOR: /GiengerService.svc/manifests
11-05 13:55:53.288 20564 23611 D OkHttp : --> GET https://testsaig1.gienger.cz/GiengerService.svc/manifests http/1.1
11-05 13:55:53.288 20564 23611 D OkHttp : state: CZ
11-05 13:55:53.288 20564 23611 D OkHttp : token: d4e904b1ca85ef7217cfed02c93b125c
11-05 13:55:53.288 20564 23611 D OkHttp : --> END GET
11-05 13:55:53.305 20564 23612 D MYINTERCEPTOR: /GiengerService.svc/manifests
11-05 13:55:53.307 20564 23612 D OkHttp : --> GET https://testsaig1.gienger.cz/GiengerService.svc/manifests http/1.1
11-05 13:55:53.307 20564 23612 D OkHttp : state: CZ
11-05 13:55:53.307 20564 23612 D OkHttp : token: d4e904b1ca85ef7217cfed02c93b125c
11-05 13:55:53.307 20564 23612 D OkHttp : --> END GET
11-05 13:55:53.310 20564 20564 D ViewRootImpl@c77e90a[LoginActivity]: ThreadedRenderer.create() translucent=false
11-05 13:55:53.314 20564 20564 D InputTransport: Input channel constructed: fd=68
11-05 13:55:53.315 20564 20564 D ViewRootImpl@c77e90a[LoginActivity]: setView = DecorView@fcb757b[LoginActivity] touchMode=true
11-05 13:55:53.317 20564 20564 D ViewRootImpl@c77e90a[LoginActivity]: dispatchAttachedToWindow
11-05 13:55:53.347 20564 20564 D ViewRootImpl@c77e90a[LoginActivity]: Relayout returned: oldFrame=[0,0][0,0] newFrame=[0,0][768,1024] result=0x27 surface={isValid=true -2049277952} surfaceGenerationChanged=true
11-05 13:55:53.347 20564 20564 D ViewRootImpl@c77e90a[LoginActivity]: mHardwareRenderer.initialize() mSurface={isValid=true -2049277952} hwInitialized=true
11-05 13:55:53.352 20564 20564 D AbsListView: in onLayout changed
11-05 13:55:53.352 20564 20564 E ViewRootImpl: sendUserActionEvent() returned.
11-05 13:55:53.353 20564 20564 E ViewRootImpl: sendUserActionEvent() returned.
11-05 13:55:53.357 20564 23608 D OkHttp : <-- 200 https://testsaig1.gienger.cz/GiengerService.svc/manifests (138ms)
11-05 13:55:53.357 20564 23608 D OkHttp : content-type: application/xml; charset=utf-8
11-05 13:55:53.357 20564 23608 D OkHttp : server: Microsoft-IIS/10.0
11-05 13:55:53.357 20564 23608 D OkHttp : x-powered-by: ASP.NET
11-05 13:55:53.357 20564 23608 D OkHttp : date: Thu, 05 Nov 2020 12:55:52 GMT
11-05 13:55:53.357 20564 23608 D OkHttp : content-length: 12556
11-05 13:55:53.357 20564 23608 D OkHttp : <-- END HTTP
11-05 13:55:53.382 20564 20564 D ViewRootImpl@c77e90a[LoginActivity]: MSG_RESIZED_REPORT: frame=Rect(0, 0 - 768, 1024) ci=Rect(0, 24 - 0, 320) vi=Rect(0, 24 - 0, 320) or=1
11-05 13:55:53.382 20564 20564 D ViewRootImpl@c77e90a[LoginActivity]: MSG_WINDOW_FOCUS_CHANGED 1
11-05 13:55:53.382 20564 20564 D ViewRootImpl@c77e90a[LoginActivity]: mHardwareRenderer.initializeIfNeeded()#2 mSurface={isValid=true -2049277952}
11-05 13:55:53.383 20564 20564 V InputMethodManager: Starting input: tba=android.view.inputmethod.EditorInfo@58b2d44 nm : cz.gienger.mobile ic=null
11-05 13:55:53.383 20564 20564 I InputMethodManager: startInputInner - mService.startInputOrWindowGainedFocus
11-05 13:55:53.410 20564 20564 D InputTransport: Input channel constructed: fd=70
11-05 13:55:53.410 20564 20564 D InputTransport: Input channel destroyed: fd=69
11-05 13:55:53.419 20564 20564 D DOWNLOAD_MANIFESTS: success
11-05 13:55:53.422 20564 23611 D OkHttp : <-- 200 https://testsaig1.gienger.cz/GiengerService.svc/manifests (133ms)
11-05 13:55:53.422 20564 23611 D OkHttp : content-type: application/xml; charset=utf-8
11-05 13:55:53.422 20564 23611 D OkHttp : server: Microsoft-IIS/10.0
11-05 13:55:53.422 20564 23611 D OkHttp : x-powered-by: ASP.NET
11-05 13:55:53.422 20564 23611 D OkHttp : date: Thu, 05 Nov 2020 12:55:52 GMT
11-05 13:55:53.422 20564 23611 D OkHttp : content-length: 12556
11-05 13:55:53.422 20564 23611 D OkHttp : <-- END HTTP
11-05 13:55:53.426 20564 23612 D OkHttp : <-- 200 https://testsaig1.gienger.cz/GiengerService.svc/manifests (118ms)
11-05 13:55:53.426 20564 23612 D OkHttp : content-type: application/xml; charset=utf-8
11-05 13:55:53.426 20564 23612 D OkHttp : server: Microsoft-IIS/10.0
11-05 13:55:53.426 20564 23612 D OkHttp : x-powered-by: ASP.NET
11-05 13:55:53.426 20564 23612 D OkHttp : date: Thu, 05 Nov 2020 12:55:52 GMT
11-05 13:55:53.426 20564 23612 D OkHttp : content-length: 12556
11-05 13:55:53.426 20564 23612 D OkHttp : <-- END HTTP
11-05 13:55:53.439 20564 20564 E ViewRootImpl: sendUserActionEvent() returned.
11-05 13:55:53.440 20564 20564 W IInputConnectionWrapper: finishComposingText on inactive InputConnection
11-05 13:55:53.440 20564 20564 W IInputConnectionWrapper: performPrivateCommand on inactive InputConnection
11-05 13:55:53.440 20564 20564 W IInputConnectionWrapper: finishComposingText on inactive InputConnection
11-05 13:55:53.470 20564 20564 D DOWNLOAD_MANIFESTS: success
11-05 13:55:53.480 20564 20564 D DOWNLOAD_MANIFESTS: success
11-05 13:55:53.597 20564 20564 D ViewRootImpl@c77e90a[LoginActivity]: MSG_RESIZED: frame=Rect(0, 0 - 768, 1024) ci=Rect(0, 24 - 0, 0) vi=Rect(0, 24 - 0, 0) or=1
11-05 13:55:53.598 20564 20564 V InputMethodManager: Starting input: tba=android.view.inputmethod.EditorInfo@8aa0445 nm : cz.gienger.mobile ic=null
11-05 13:55:53.598 20564 20564 I InputMethodManager: startInputInner - mService.startInputOrWindowGainedFocus
11-05 13:55:53.600 20564 20564 D InputTransport: Input channel constructed: fd=77
11-05 13:55:53.600 20564 20564 D InputTransport: Input channel destroyed: fd=70
11-05 13:55:53.612 20564 20564 D ViewRootImpl@c77e90a[LoginActivity]: Relayout returned: oldFrame=[0,0][768,1024] newFrame=[0,0][768,1024] result=0x1 surface={isValid=true -2049277952} surfaceGenerationChanged=false
11-05 13:55:53.690 20564 20564 D AbsListView: in onLayout changed
11-05 13:55:55.743 20564 20564 D ViewRootImpl@c77e90a[LoginActivity]: ViewPostImeInputStage processPointer 0
11-05 13:55:55.823 20564 20564 D ViewRootImpl@c77e90a[LoginActivity]: ViewPostImeInputStage processPointer 1
11-05 13:55:55.824 20564 20564 D AbsListView: onTouchUp() mTouchMode : 0
11-05 13:55:57.499 20564 20564 D ViewRootImpl@c77e90a[LoginActivity]: ViewPostImeInputStage processPointer 0
11-05 13:55:57.569 20564 20564 D ViewRootImpl@c77e90a[LoginActivity]: ViewPostImeInputStage processPointer 1
11-05 13:55:57.618 20564 20564 D InputMethodManager: HSIFW - flag : 0 Pid : 20564
11-05 13:55:57.725 20564 20564 D AbsListView: in onLayout changed
11-05 13:56:00.970 20564 20564 D ViewRootImpl@c77e90a[LoginActivity]: ViewPostImeInputStage processPointer 0
11-05 13:56:01.040 20564 20564 D ViewRootImpl@c77e90a[LoginActivity]: ViewPostImeInputStage processPointer 1
11-05 13:56:01.041 20564 20564 D AbsListView: onTouchUp() mTouchMode : 0
11-05 13:56:01.949 20564 20564 D ViewRootImpl@c77e90a[LoginActivity]: ViewPostImeInputStage processPointer 0
11-05 13:56:02.019 20564 20564 D ViewRootImpl@c77e90a[LoginActivity]: ViewPostImeInputStage processPointer 1
11-05 13:56:02.037 20564 20564 D ScrollView: initGoToTop
11-05 13:56:02.041 20564 20564 D ScrollView: initGoToTop
11-05 13:56:02.048 20564 20564 D ViewRootImpl@5d405ed[LoginActivity]: ThreadedRenderer.create() translucent=true
11-05 13:56:02.053 20564 20564 D InputTransport: Input channel constructed: fd=70
11-05 13:56:02.053 20564 20564 D ViewRootImpl@5d405ed[LoginActivity]: setView = DecorView@762ec22[LoginActivity] touchMode=true
11-05 13:56:02.055 20564 23612 D MYINTERCEPTOR: /GiengerService.svc/manifestinfo
11-05 13:56:02.055 20564 23612 D OkHttp : --> POST https://testsaig1.gienger.cz/GiengerService.svc/manifestinfo http/1.1
11-05 13:56:02.055 20564 23612 D OkHttp : Content-Length: 0
11-05 13:56:02.055 20564 23612 D OkHttp : state: CZ
11-05 13:56:02.055 20564 23612 D OkHttp : id: A04_trasa_A04-02_1_ranni_13_06_2019
11-05 13:56:02.055 20564 23612 D OkHttp : token: d4e904b1ca85ef7217cfed02c93b125c
11-05 13:56:02.055 20564 23612 D OkHttp : --> END POST
11-05 13:56:02.056 20564 20564 D ViewRootImpl@5d405ed[LoginActivity]: dispatchAttachedToWindow
11-05 13:56:02.084 20564 20564 D ViewRootImpl@5d405ed[LoginActivity]: Relayout returned: oldFrame=[0,0][0,0] newFrame=[108,466][660,582] result=0x27 surface={isValid=true -2001209344} surfaceGenerationChanged=true
11-05 13:56:02.084 20564 23612 D OkHttp : <-- 200 https://testsaig1.gienger.cz/GiengerService.svc/manifestinfo (27ms)
11-05 13:56:02.084 20564 23612 D OkHttp : content-type: application/xml; charset=utf-8
11-05 13:56:02.084 20564 23612 D OkHttp : server: Microsoft-IIS/10.0
11-05 13:56:02.084 20564 20564 D ViewRootImpl@5d405ed[LoginActivity]: mHardwareRenderer.initialize() mSurface={isValid=true -2001209344} hwInitialized=true
11-05 13:56:02.084 20564 23612 D OkHttp : x-powered-by: ASP.NET
11-05 13:56:02.084 20564 23612 D OkHttp : date: Thu, 05 Nov 2020 12:56:00 GMT
11-05 13:56:02.084 20564 23612 D OkHttp : content-length: 148
11-05 13:56:02.084 20564 23612 D OkHttp : <-- END HTTP
11-05 13:56:02.106 20564 20564 D ViewRootImpl@5d405ed[LoginActivity]: MSG_WINDOW_FOCUS_CHANGED 1
11-05 13:56:02.106 20564 20564 D ViewRootImpl@5d405ed[LoginActivity]: mHardwareRenderer.initializeIfNeeded()#2 mSurface={isValid=true -2001209344}
11-05 13:56:02.124 20564 20564 D ViewRootImpl@5d405ed[LoginActivity]: MSG_RESIZED_REPORT: frame=Rect(108, 466 - 660, 582) ci=Rect(0, 0 - 0, 0) vi=Rect(0, 0 - 0, 0) or=1
11-05 13:56:02.140 20564 23618 D MYINTERCEPTOR: /GiengerService.svc/corrections
11-05 13:56:02.142 20564 23618 D OkHttp : --> GET https://testsaig1.gienger.cz/GiengerService.svc/corrections http/1.1
11-05 13:56:02.142 20564 23618 D OkHttp : token: d4e904b1ca85ef7217cfed02c93b125c
11-05 13:56:02.142 20564 23618 D OkHttp : --> END GET
11-05 13:56:02.176 20564 23618 D OkHttp : <-- 200 https://testsaig1.gienger.cz/GiengerService.svc/corrections (33ms)
11-05 13:56:02.176 20564 23618 D OkHttp : content-type: application/xml; charset=utf-8
11-05 13:56:02.177 20564 23618 D OkHttp : server: Microsoft-IIS/10.0
11-05 13:56:02.177 20564 23618 D OkHttp : x-powered-by: ASP.NET
11-05 13:56:02.177 20564 20564 D ViewRootImpl@c77e90a[LoginActivity]: MSG_WINDOW_FOCUS_CHANGED 0
11-05 13:56:02.177 20564 23618 D OkHttp : date: Thu, 05 Nov 2020 12:56:00 GMT
11-05 13:56:02.177 20564 23618 D OkHttp : content-length: 1267
11-05 13:56:02.177 20564 23618 D OkHttp : <-- END HTTP
11-05 13:56:02.192 20564 23618 D MYINTERCEPTOR: /GiengerService.svc/getorder
11-05 13:56:02.195 20564 23618 D OkHttp : --> POST https://testsaig1.gienger.cz/GiengerService.svc/getorder http/1.1
11-05 13:56:02.196 20564 23618 D OkHttp : Content-Length: 0
11-05 13:56:02.196 20564 23618 D OkHttp : name: 130AT1190426883.xml
11-05 13:56:02.196 20564 23618 D OkHttp : token: d4e904b1ca85ef7217cfed02c93b125c
11-05 13:56:02.196 20564 23618 D OkHttp : --> END POST
11-05 13:56:02.240 20564 23618 D OkHttp : <-- 200 https://testsaig1.gienger.cz/GiengerService.svc/getorder (43ms)
11-05 13:56:02.240 20564 23618 D OkHttp : content-type: application/xml; charset=utf-8
11-05 13:56:02.240 20564 23618 D OkHttp : server: Microsoft-IIS/10.0
11-05 13:56:02.240 20564 23618 D OkHttp : checksum: fc25453df0b07b97e872586e7c0e9323
11-05 13:56:02.240 20564 23618 D OkHttp : x-powered-by: ASP.NET
11-05 13:56:02.240 20564 23618 D OkHttp : date: Thu, 05 Nov 2020 12:56:00 GMT
11-05 13:56:02.241 20564 23618 D OkHttp : content-length: 183346
11-05 13:56:02.241 20564 23618 D OkHttp : <-- END HTTP
11-05 13:56:02.688 20564 23618 D MYINTERCEPTOR: /GiengerService.svc/getorder
11-05 13:56:02.689 20564 23618 D OkHttp : --> POST https://testsaig1.gienger.cz/GiengerService.svc/getorder http/1.1
11-05 13:56:02.689 20564 23618 D OkHttp : Content-Length: 0
11-05 13:56:02.691 20564 23618 D OkHttp : name: 130AT1190426884.xml
11-05 13:56:02.691 20564 23618 D OkHttp : token: d4e904b1ca85ef7217cfed02c93b125c
11-05 13:56:02.691 20564 23618 D OkHttp : --> END POST
11-05 13:56:02.773 20564 23618 D OkHttp : <-- 200 https://testsaig1.gienger.cz/GiengerService.svc/getorder (81ms)
11-05 13:56:02.773 20564 23618 D OkHttp : content-type: application/xml; charset=utf-8
11-05 13:56:02.773 20564 23618 D OkHttp : server: Microsoft-IIS/10.0
11-05 13:56:02.773 20564 23618 D OkHttp : checksum: e297df79eda585da315a77b13f833d9a
11-05 13:56:02.773 20564 23618 D OkHttp : x-powered-by: ASP.NET
11-05 13:56:02.774 20564 23618 D OkHttp : date: Thu, 05 Nov 2020 12:56:00 GMT
11-05 13:56:02.774 20564 23618 D OkHttp : content-length: 175632
11-05 13:56:02.774 20564 23618 D OkHttp : <-- END HTTP
11-05 13:56:02.995 20564 20564 D ViewRootImpl@5d405ed[LoginActivity]: mHardwareRenderer.destroy()#4
11-05 13:56:02.995 20564 20564 D ViewRootImpl@5d405ed[LoginActivity]: dispatchDetachedFromWindow
11-05 13:56:03.004 20564 20564 D InputTransport: Input channel destroyed: fd=70
11-05 13:56:03.004 20564 20564 D ViewRootImpl@c77e90a[LoginActivity]: MSG_WINDOW_FOCUS_CHANGED 1
11-05 13:56:03.004 20564 20564 D ViewRootImpl@c77e90a[LoginActivity]: mHardwareRenderer.initializeIfNeeded()#2 mSurface={isValid=true -2049277952}
11-05 13:56:03.007 20564 20564 V InputMethodManager: Starting input: tba=android.view.inputmethod.EditorInfo@e82a1d2 nm : cz.gienger.mobile ic=null
11-05 13:56:03.007 20564 20564 I InputMethodManager: startInputInner - mService.startInputOrWindowGainedFocus
11-05 13:56:03.009 20564 20564 D InputTransport: Input channel constructed: fd=70
11-05 13:56:03.009 20564 20564 D InputTransport: Input channel destroyed: fd=77
11-05 13:56:03.009 20564 20564 E ViewRootImpl: sendUserActionEvent() returned.
11-05 13:56:03.029 20564 20564 D AbsListView: in onLayout changed
11-05 13:56:03.085 20564 20564 D AbsListView: in onLayout changed
11-05 13:56:04.190 20564 20564 D ViewRootImpl@c77e90a[LoginActivity]: ViewPostImeInputStage processPointer 0
11-05 13:56:04.280 20564 20564 D ViewRootImpl@c77e90a[LoginActivity]: ViewPostImeInputStage processPointer 1
11-05 13:56:04.311 20564 20564 D ScrollView: initGoToTop
11-05 13:56:04.315 20564 20564 D ScrollView: initGoToTop
11-05 13:56:04.323 20564 20564 D ViewRootImpl@8670130[LoginActivity]: ThreadedRenderer.create() translucent=true
11-05 13:56:04.328 20564 20564 D InputTransport: Input channel constructed: fd=77
11-05 13:56:04.329 20564 20564 D ViewRootImpl@8670130[LoginActivity]: setView = DecorView@15851a9[LoginActivity] touchMode=true
11-05 13:56:04.330 20564 20564 D ViewRootImpl@8670130[LoginActivity]: dispatchAttachedToWindow
11-05 13:56:04.353 20564 20564 D ViewRootImpl@8670130[LoginActivity]: Relayout returned: oldFrame=[0,0][0,0] newFrame=[108,450][660,597] result=0x27 surface={isValid=true -2041415680} surfaceGenerationChanged=true
11-05 13:56:04.354 20564 20564 D ViewRootImpl@8670130[LoginActivity]: mHardwareRenderer.initialize() mSurface={isValid=true -2041415680} hwInitialized=true
11-05 13:56:04.356 20564 20564 D ScrollView: onsize change changed
11-05 13:56:04.356 20564 20564 D ScrollView: onsize change changed
11-05 13:56:04.369 20564 20564 D ViewRootImpl@8670130[LoginActivity]: MSG_WINDOW_FOCUS_CHANGED 1
11-05 13:56:04.370 20564 20564 D ViewRootImpl@8670130[LoginActivity]: mHardwareRenderer.initializeIfNeeded()#2 mSurface={isValid=true -2041415680}
11-05 13:56:04.391 20564 20564 D ViewRootImpl@8670130[LoginActivity]: MSG_RESIZED_REPORT: frame=Rect(108, 450 - 660, 597) ci=Rect(0, 0 - 0, 0) vi=Rect(0, 0 - 0, 0) or=1
11-05 13:56:04.402 20564 20564 D ViewRootImpl@c77e90a[LoginActivity]: MSG_WINDOW_FOCUS_CHANGED 0
11-05 13:56:05.761 20564 20564 D ViewRootImpl@8670130[LoginActivity]: ViewPostImeInputStage processPointer 0
11-05 13:56:05.831 20564 20564 D ViewRootImpl@8670130[LoginActivity]: ViewPostImeInputStage processPointer 1
11-05 13:56:05.859 20564 20564 D ScrollView: initGoToTop
11-05 13:56:05.863 20564 20564 D ScrollView: initGoToTop
11-05 13:56:05.871 20564 20564 D ViewRootImpl@ba5388c[LoginActivity]: ThreadedRenderer.create() translucent=true
11-05 13:56:05.876 20564 20564 D InputTransport: Input channel constructed: fd=81
11-05 13:56:05.876 20564 20564 D ViewRootImpl@ba5388c[LoginActivity]: setView = DecorView@4dbebd5[LoginActivity] touchMode=true
11-05 13:56:05.878 20564 23612 D MYINTERCEPTOR: /GiengerService.svc/assign/A04_trasa_A04-02_1_ranni_13_06_2019
11-05 13:56:05.879 20564 23612 D OkHttp : --> POST https://testsaig1.gienger.cz/GiengerService.svc/assign/A04_trasa_A04-02_1_ranni_13_06_2019 http/1.1
11-05 13:56:05.879 20564 23612 D OkHttp : Content-Length: 0
11-05 13:56:05.879 20564 23612 D OkHttp : token: d4e904b1ca85ef7217cfed02c93b125c
11-05 13:56:05.879 20564 23612 D OkHttp : --> END POST
11-05 13:56:05.889 20564 20564 D ViewRootImpl@8670130[LoginActivity]: mHardwareRenderer.destroy()#4
11-05 13:56:05.889 20564 20564 D ViewRootImpl@8670130[LoginActivity]: dispatchDetachedFromWindow
11-05 13:56:05.899 20564 20564 D InputTransport: Input channel destroyed: fd=77
11-05 13:56:05.901 20564 20564 D ViewRootImpl@ba5388c[LoginActivity]: dispatchAttachedToWindow
11-05 13:56:05.920 20564 23612 D OkHttp : <-- 200 https://testsaig1.gienger.cz/GiengerService.svc/assign/A04_trasa_A04-02_1_ranni_13_06_2019 (41ms)
11-05 13:56:05.920 20564 23612 D OkHttp : content-type: application/xml; charset=utf-8
11-05 13:56:05.921 20564 23612 D OkHttp : server: Microsoft-IIS/10.0
11-05 13:56:05.921 20564 23612 D OkHttp : x-powered-by: ASP.NET
11-05 13:56:05.921 20564 23612 D OkHttp : date: Thu, 05 Nov 2020 12:56:04 GMT
11-05 13:56:05.921 20564 23612 D OkHttp : content-length: 187
11-05 13:56:05.921 20564 23612 D OkHttp : <-- END HTTP
11-05 13:56:05.926 20564 20564 D ViewRootImpl@ba5388c[LoginActivity]: Relayout returned: oldFrame=[0,0][0,0] newFrame=[108,466][660,582] result=0x27 surface={isValid=true -2041415680} surfaceGenerationChanged=true
11-05 13:56:05.927 20564 20564 D ViewRootImpl@ba5388c[LoginActivity]: mHardwareRenderer.initialize() mSurface={isValid=true -2041415680} hwInitialized=true
11-05 13:56:05.934 20564 20564 D ViewRootImpl@ba5388c[LoginActivity]: MSG_WINDOW_FOCUS_CHANGED 1
11-05 13:56:05.934 20564 20564 D ViewRootImpl@ba5388c[LoginActivity]: mHardwareRenderer.initializeIfNeeded()#2 mSurface={isValid=true -2041415680}
11-05 13:56:05.943 20564 20564 D ViewRootImpl@ba5388c[LoginActivity]: MSG_RESIZED_REPORT: frame=Rect(108, 466 - 660, 582) ci=Rect(0, 0 - 0, 0) vi=Rect(0, 0 - 0, 0) or=1
11-05 13:56:05.959 20564 20564 D ViewRootImpl@ba5388c[LoginActivity]: mHardwareRenderer.destroy()#4
11-05 13:56:05.959 20564 20564 D ViewRootImpl@ba5388c[LoginActivity]: dispatchDetachedFromWindow
11-05 13:56:05.972 20564 20564 D InputTransport: Input channel destroyed: fd=81
11-05 13:56:05.980 20564 20564 D ALARM_REUPLOAD: alarm already scheduled
11-05 13:56:06.006 20564 20564 D ScrollView: initGoToTop
11-05 13:56:06.012 20564 20564 D ScrollView: initGoToTop
11-05 13:56:06.022 20564 20564 D ViewRootImpl@d1fd28f[LoginActivity]: ThreadedRenderer.create() translucent=true
11-05 13:56:06.028 20564 20564 D InputTransport: Input channel constructed: fd=77
11-05 13:56:06.028 20564 20564 D ViewRootImpl@d1fd28f[LoginActivity]: setView = DecorView@24e691c[LoginActivity] touchMode=true
11-05 13:56:06.030 20564 20564 D ViewRootImpl@d1fd28f[LoginActivity]: dispatchAttachedToWindow
11-05 13:56:06.033 20564 23624 D MYINTERCEPTOR: /GiengerService.svc/metadata
11-05 13:56:06.034 20564 23624 D OkHttp : --> GET https://testsaig1.gienger.cz/GiengerService.svc/metadata http/1.1
11-05 13:56:06.034 20564 23624 D OkHttp : token: d4e904b1ca85ef7217cfed02c93b125c
11-05 13:56:06.034 20564 23624 D OkHttp : state: CZ
11-05 13:56:06.034 20564 23624 D OkHttp : --> END GET
11-05 13:56:06.059 20564 20564 D ViewRootImpl@d1fd28f[LoginActivity]: Relayout returned: oldFrame=[0,0][0,0] newFrame=[108,466][660,582] result=0x27 surface={isValid=true -2009088000} surfaceGenerationChanged=true
11-05 13:56:06.060 20564 20564 D ViewRootImpl@d1fd28f[LoginActivity]: mHardwareRenderer.initialize() mSurface={isValid=true -2009088000} hwInitialized=true
11-05 13:56:06.063 20564 20564 E ViewRootImpl: sendUserActionEvent() returned.
11-05 13:56:06.063 20564 20564 D ViewRootImpl@c77e90a[LoginActivity]: MSG_WINDOW_FOCUS_CHANGED 1
11-05 13:56:06.063 20564 20564 D ViewRootImpl@c77e90a[LoginActivity]: mHardwareRenderer.initializeIfNeeded()#2 mSurface={isValid=true -2049277952}
11-05 13:56:06.068 20564 20564 E ViewRootImpl: sendUserActionEvent() returned.
11-05 13:56:06.068 20564 20564 D ViewRootImpl@d1fd28f[LoginActivity]: MSG_WINDOW_FOCUS_CHANGED 1
11-05 13:56:06.069 20564 20564 D ViewRootImpl@d1fd28f[LoginActivity]: mHardwareRenderer.initializeIfNeeded()#2 mSurface={isValid=true -2009088000}
11-05 13:56:06.079 20564 20564 D ViewRootImpl@d1fd28f[LoginActivity]: MSG_RESIZED_REPORT: frame=Rect(108, 466 - 660, 582) ci=Rect(0, 0 - 0, 0) vi=Rect(0, 0 - 0, 0) or=1
11-05 13:56:06.115 20564 20564 D ViewRootImpl@c77e90a[LoginActivity]: MSG_WINDOW_FOCUS_CHANGED 0
11-05 13:56:07.592 20564 23624 D OkHttp : <-- 200 https://testsaig1.gienger.cz/GiengerService.svc/metadata (1557ms)
11-05 13:56:07.592 20564 23624 D OkHttp : content-type: application/xml; charset=utf-8
11-05 13:56:07.592 20564 23624 D OkHttp : server: Microsoft-IIS/10.0
11-05 13:56:07.592 20564 23624 D OkHttp : x-powered-by: ASP.NET
11-05 13:56:07.592 20564 23624 D OkHttp : date: Thu, 05 Nov 2020 12:56:06 GMT
11-05 13:56:07.592 20564 23624 D OkHttp : content-length: 550
11-05 13:56:07.593 20564 23624 D OkHttp : <-- END HTTP
11-05 13:56:26.195 20564 20564 D ViewRootImpl@d1fd28f[LoginActivity]: mHardwareRenderer.destroy()#4
11-05 13:56:26.195 20564 20564 D ViewRootImpl@d1fd28f[LoginActivity]: dispatchDetachedFromWindow
11-05 13:56:26.209 20564 20564 D InputTransport: Input channel destroyed: fd=77
11-05 13:56:26.229 20564 20564 D ViewRootImpl@c77e90a[LoginActivity]: MSG_WINDOW_FOCUS_CHANGED 1
11-05 13:56:26.230 20564 20564 D ViewRootImpl@c77e90a[LoginActivity]: mHardwareRenderer.initializeIfNeeded()#2 mSurface={isValid=true -2049277952}
11-05 13:56:26.233 20564 20564 E ViewRootImpl: sendUserActionEvent() returned.
11-05 13:56:26.502 20564 20564 D ViewRootImpl@205ca73[MainActivity]: Relayout returned: oldFrame=[0,0][768,1024] newFrame=[0,0][768,1024] result=0x7 surface={isValid=true -2009088000} surfaceGenerationChanged=true
11-05 13:56:26.503 20564 20564 D ViewRootImpl@205ca73[MainActivity]: mHardwareRenderer.initialize() mSurface={isValid=true -2009088000} hwInitialized=true
11-05 13:56:26.539 20564 20564 D AbsListView: in onLayout changed
11-05 13:56:26.567 20564 20564 D ViewRootImpl@205ca73[MainActivity]: MSG_WINDOW_FOCUS_CHANGED 1
11-05 13:56:26.568 20564 20564 D ViewRootImpl@205ca73[MainActivity]: mHardwareRenderer.initializeIfNeeded()#2 mSurface={isValid=true -2009088000}
11-05 13:56:26.570 20564 20564 V InputMethodManager: Starting input: tba=android.view.inputmethod.EditorInfo@8eebf86 nm : cz.gienger.mobile ic=null
11-05 13:56:26.570 20564 20564 I InputMethodManager: startInputInner - mService.startInputOrWindowGainedFocus
11-05 13:56:26.596 20564 20564 D InputTransport: Input channel constructed: fd=81
11-05 13:56:26.596 20564 20564 D InputTransport: Input channel destroyed: fd=70
11-05 13:56:26.603 20564 20564 D ViewRootImpl@c77e90a[LoginActivity]: MSG_WINDOW_FOCUS_CHANGED 0
11-05 13:56:26.638 20564 20564 D ViewRootImpl@c77e90a[LoginActivity]: mHardwareRenderer.destroy()#1
11-05 13:56:26.655 20564 20564 D ViewRootImpl@c77e90a[LoginActivity]: Relayout returned: oldFrame=[0,0][768,1024] newFrame=[0,0][768,1024] result=0x5 surface={isValid=false 0} surfaceGenerationChanged=true
11-05 13:56:27.024 20564 20564 D Graph : removeVertex() : insertDummyVertex, because there is no ancestor.
11-05 13:56:27.030 20564 20564 D ViewRootImpl@c77e90a[LoginActivity]: mHardwareRenderer.destroy()#4
11-05 13:56:27.030 20564 20564 D ViewRootImpl@c77e90a[LoginActivity]: dispatchDetachedFromWindow
11-05 13:56:27.041 20564 20564 D InputTransport: Input channel destroyed: fd=68
11-05 13:56:27.891 20564 20564 D ViewRootImpl: updatePointerIcon pointerType = 20001, calling pid = 20564
11-05 13:56:27.891 20564 20564 D InputManager: setPointerIconType iconId = 20001, callingPid = 20564
11-05 13:56:27.895 20564 20564 D ViewRootImpl: updatePointerIcon pointerType = 20001, calling pid = 20564
11-05 13:56:27.895 20564 20564 D InputManager: setPointerIconType iconId = 20001, callingPid = 20564
11-05 13:56:29.499 20564 20564 D ViewRootImpl@205ca73[MainActivity]: ViewPostImeInputStage processPointer 0
11-05 13:56:29.548 20564 20564 D ViewRootImpl@205ca73[MainActivity]: ViewPostImeInputStage processPointer 1
11-05 13:56:29.557 20564 20564 D item_click: viewId = 2131820756, position = 1
11-05 13:56:29.600 20564 20564 D ViewRootImpl@205ca73[MainActivity]: MSG_WINDOW_FOCUS_CHANGED 0
11-05 13:56:29.731 20564 20564 D ViewRootImpl@a708134[DeliverActivity]: ThreadedRenderer.create() translucent=false
11-05 13:56:29.735 20564 20564 D InputTransport: Input channel constructed: fd=70
11-05 13:56:29.735 20564 20564 D ViewRootImpl@a708134[DeliverActivity]: setView = DecorView@b7d0b5d[DeliverActivity] touchMode=true
11-05 13:56:29.737 20564 20564 D LOCATION_SERVICE: LocationListener gps
11-05 13:56:29.738 20564 20564 D LOCATION_SERVICE: LocationListener network
11-05 13:56:29.738 20564 20564 D LOCATION_SERVICE: onCreate
11-05 13:56:29.739 20564 20564 D LOCATION_SERVICE: initializeLocationManager
11-05 13:56:29.753 20564 20564 D LOCATION_SERVICE: onStartCommand
11-05 13:56:29.760 20564 20564 D ViewRootImpl@a708134[DeliverActivity]: dispatchAttachedToWindow
11-05 13:56:29.791 20564 20564 D ViewRootImpl@a708134[DeliverActivity]: Relayout returned: oldFrame=[0,0][0,0] newFrame=[0,0][768,1024] result=0x27 surface={isValid=true -2004162560} surfaceGenerationChanged=true
11-05 13:56:29.791 20564 20564 D ViewRootImpl@a708134[DeliverActivity]: mHardwareRenderer.initialize() mSurface={isValid=true -2004162560} hwInitialized=true
11-05 13:56:29.829 20564 20564 D ViewRootImpl@a708134[DeliverActivity]: MSG_RESIZED_REPORT: frame=Rect(0, 0 - 768, 1024) ci=Rect(0, 24 - 0, 0) vi=Rect(0, 24 - 0, 0) or=1
11-05 13:56:29.829 20564 20564 D ViewRootImpl@a708134[DeliverActivity]: MSG_WINDOW_FOCUS_CHANGED 1
11-05 13:56:29.829 20564 20564 D ViewRootImpl@a708134[DeliverActivity]: mHardwareRenderer.initializeIfNeeded()#2 mSurface={isValid=true -2004162560}
11-05 13:56:29.830 20564 20564 V InputMethodManager: Starting input: tba=android.view.inputmethod.EditorInfo@430b42a nm : cz.gienger.mobile ic=null
11-05 13:56:29.830 20564 20564 I InputMethodManager: startInputInner - mService.startInputOrWindowGainedFocus
11-05 13:56:29.844 20564 20564 D InputTransport: Input channel constructed: fd=71
11-05 13:56:29.844 20564 20564 D InputTransport: Input channel destroyed: fd=81
11-05 13:56:29.872 20564 23618 D FILE_MANAGER: Copying file /data/user/0/cz.gienger.mobile/files/delivery/130AT1190426884/130AT1190426884.pdf to /storage/emulated/0/130AT1190426884.pdf
11-05 13:56:29.877 20564 20610 D OpenGLRenderer: endAllActiveAnimators on 0x880c8300 (RippleDrawable) with handle 0x87f98ca0
11-05 13:56:29.878 20564 20564 D ViewRootImpl@205ca73[MainActivity]: mHardwareRenderer.destroy()#1
11-05 13:56:29.924 20564 20564 D ViewRootImpl@205ca73[MainActivity]: Relayout returned: oldFrame=[0,0][768,1024] newFrame=[0,0][768,1024] result=0x5 surface={isValid=false 0} surfaceGenerationChanged=true
11-05 13:56:30.323 20564 20564 D ViewRootImpl@205ca73[MainActivity]: Relayout returned: oldFrame=[0,0][768,1024] newFrame=[0,0][768,1024] result=0x5 surface={isValid=false 0} surfaceGenerationChanged=false
11-05 13:56:30.373 20564 20564 D LOCATION_SERVICE: onLocationChanged: Location[network 49,191184,17,534460 acc=21 et=+1d23h47m50s713ms alt=0.0 vel=0.0 bear=0.0 {Bundle[mParcelledData.dataSize=80]}]
11-05 13:56:30.374 20564 23618 D FILE_MANAGER: copy ok
11-05 13:56:31.023 20564 20564 D ViewRootImpl@a708134[DeliverActivity]: ViewPostImeInputStage processKey 0
11-05 13:56:31.091 20564 20564 D ViewRootImpl@a708134[DeliverActivity]: ViewPostImeInputStage processKey 1
11-05 13:56:31.211 20564 20564 D ViewRootImpl@205ca73[MainActivity]: Relayout returned: oldFrame=[0,0][768,1024] newFrame=[0,0][768,1024] result=0x7 surface={isValid=true -2009088000} surfaceGenerationChanged=true
11-05 13:56:31.211 20564 20564 D ViewRootImpl@205ca73[MainActivity]: mHardwareRenderer.initialize() mSurface={isValid=true -2009088000} hwInitialized=true
11-05 13:56:31.236 20564 20564 D AbsListView: in onLayout changed
11-05 13:56:31.252 20564 20564 D ViewRootImpl@205ca73[MainActivity]: MSG_WINDOW_FOCUS_CHANGED 1
11-05 13:56:31.252 20564 20564 D ViewRootImpl@205ca73[MainActivity]: mHardwareRenderer.initializeIfNeeded()#2 mSurface={isValid=true -2009088000}
11-05 13:56:31.254 20564 20564 V InputMethodManager: Starting input: tba=android.view.inputmethod.EditorInfo@5e00d73 nm : cz.gienger.mobile ic=null
11-05 13:56:31.254 20564 20564 I InputMethodManager: startInputInner - mService.startInputOrWindowGainedFocus
11-05 13:56:31.269 20564 20564 D InputTransport: Input channel constructed: fd=76
11-05 13:56:31.269 20564 20564 D InputTransport: Input channel destroyed: fd=71
11-05 13:56:31.272 20564 20564 D ViewRootImpl@a708134[DeliverActivity]: MSG_WINDOW_FOCUS_CHANGED 0
11-05 13:56:31.306 20564 20564 D ViewRootImpl@a708134[DeliverActivity]: mHardwareRenderer.destroy()#1
11-05 13:56:31.316 20564 20564 D ViewRootImpl@a708134[DeliverActivity]: Relayout returned: oldFrame=[0,0][768,1024] newFrame=[0,0][768,1024] result=0x5 surface={isValid=false 0} surfaceGenerationChanged=true
11-05 13:56:31.714 20564 20564 D ViewRootImpl@a708134[DeliverActivity]: mHardwareRenderer.destroy()#4
11-05 13:56:31.714 20564 20564 D ViewRootImpl@a708134[DeliverActivity]: dispatchDetachedFromWindow
11-05 13:56:31.729 20564 20564 D InputTransport: Input channel destroyed: fd=70
11-05 13:56:31.729 20564 20564 D LOCATION_SERVICE: onDestroy
11-05 13:56:32.533 20564 20564 D ViewRootImpl: updatePointerIcon pointerType = 20001, calling pid = 20564
11-05 13:56:32.534 20564 20564 D InputManager: setPointerIconType iconId = 20001, callingPid = 20564
11-05 13:56:32.535 20564 20564 D ViewRootImpl: updatePointerIcon pointerType = 20001, calling pid = 20564
11-05 13:56:32.536 20564 20564 D InputManager: setPointerIconType iconId = 20001, callingPid = 20564
11-05 13:56:37.813 20564 20564 D ViewRootImpl@205ca73[MainActivity]: ViewPostImeInputStage processPointer 0
11-05 13:56:37.848 20564 20564 D ViewRootImpl@205ca73[MainActivity]: ViewPostImeInputStage processPointer 1
11-05 13:56:37.871 20564 20564 D item_click: viewId = 2131820756, position = 1
11-05 13:56:37.913 20564 20564 D ViewRootImpl@205ca73[MainActivity]: MSG_WINDOW_FOCUS_CHANGED 0
11-05 13:56:38.025 20564 20564 D ViewRootImpl@d21c669[DeliverActivity]: ThreadedRenderer.create() translucent=false
11-05 13:56:38.028 20564 20564 D InputTransport: Input channel constructed: fd=70
11-05 13:56:38.028 20564 20564 D ViewRootImpl@d21c669[DeliverActivity]: setView = DecorView@ba8ee[DeliverActivity] touchMode=true
