--------- beginning of main
11-05 13:50:45.882 20564 20564 D ViewRootImpl@2c9354f[LogcatActivity]: Relayout returned: oldFrame=[237,468][531,580] newFrame=[267,468][500,580] result=0x21 surface={isValid=true -2013360128} surfaceGenerationChanged=false
11-05 13:50:45.882 20564 20564 D ViewRootImpl@2c9354f[LogcatActivity]: mHardwareRenderer.updateSurface() mSurface={isValid=true -2013360128}
11-05 13:50:45.981 20564 23248 D OkHttp : <-- 200 https://testsaig1.gienger.cz/GiengerService.svc/sendlog (134ms)
11-05 13:50:45.981 20564 23248 D OkHttp : content-type: application/xml; charset=utf-8
11-05 13:50:45.981 20564 23248 D OkHttp : server: Microsoft-IIS/10.0
11-05 13:50:45.981 20564 23248 D OkHttp : x-powered-by: ASP.NET
11-05 13:50:45.981 20564 23248 D OkHttp : date: Thu, 05 Nov 2020 12:50:44 GMT
11-05 13:50:45.982 20564 23248 D OkHttp : content-length: 175
11-05 13:50:45.982 20564 23248 D OkHttp : <-- END HTTP
11-05 13:50:46.127 20564 20564 D ViewRootImpl@2c9354f[LogcatActivity]: mHardwareRenderer.destroy()#1
11-05 13:50:46.140 20564 20564 D ViewRootImpl@2c9354f[LogcatActivity]: Relayout returned: oldFrame=[267,468][500,580] newFrame=[267,468][500,580] result=0x5 surface={isValid=false 0} surfaceGenerationChanged=true
11-05 13:50:46.160 20564 20564 D ViewRootImpl@527dd68[MainActivity]: MSG_WINDOW_FOCUS_CHANGED 1
11-05 13:50:46.161 20564 20564 D ViewRootImpl@527dd68[MainActivity]: mHardwareRenderer.initializeIfNeeded()#2 mSurface={isValid=true -2014982144}
11-05 13:50:46.163 20564 20564 V InputMethodManager: Starting input: tba=android.view.inputmethod.EditorInfo@a77715b nm : cz.gienger.mobile ic=null
11-05 13:50:46.163 20564 20564 I InputMethodManager: startInputInner - mService.startInputOrWindowGainedFocus
11-05 13:50:46.165 20564 20564 D InputTransport: Input channel constructed: fd=73
11-05 13:50:46.165 20564 20564 D InputTransport: Input channel destroyed: fd=80
11-05 13:50:46.165 20564 20564 D ViewRootImpl@2c9354f[LogcatActivity]: MSG_WINDOW_FOCUS_CHANGED 0
11-05 13:50:46.187 20564 20564 D ScrollView: initGoToTop
11-05 13:50:46.198 20564 20564 D ViewRootImpl@6cf2d27[MainActivity]: ThreadedRenderer.create() translucent=true
11-05 13:50:46.204 20564 20564 D InputTransport: Input channel constructed: fd=78
11-05 13:50:46.204 20564 20564 D ViewRootImpl@6cf2d27[MainActivity]: setView = DecorView@9224bd4[MainActivity] touchMode=true
11-05 13:50:46.207 20564 20564 D ViewRootImpl@6cf2d27[MainActivity]: dispatchAttachedToWindow
11-05 13:50:46.251 20564 20564 D ViewRootImpl@6cf2d27[MainActivity]: Relayout returned: oldFrame=[0,0][0,0] newFrame=[108,423][660,624] result=0x27 surface={isValid=true -2005702656} surfaceGenerationChanged=true
11-05 13:50:46.251 20564 20564 D ViewRootImpl@6cf2d27[MainActivity]: mHardwareRenderer.initialize() mSurface={isValid=true -2005702656} hwInitialized=true
11-05 13:50:46.256 20564 20564 D ScrollView: onsize change changed
11-05 13:50:46.257 20564 20564 D ViewRootImpl@6cf2d27[MainActivity]: MSG_WINDOW_FOCUS_CHANGED 1
11-05 13:50:46.258 20564 20564 D ViewRootImpl@6cf2d27[MainActivity]: mHardwareRenderer.initializeIfNeeded()#2 mSurface={isValid=true -2005702656}
11-05 13:50:46.269 20564 20564 D ViewRootImpl@6cf2d27[MainActivity]: MSG_RESIZED_REPORT: frame=Rect(108, 423 - 660, 624) ci=Rect(0, 0 - 0, 0) vi=Rect(0, 0 - 0, 0) or=1
11-05 13:50:46.292 20564 20564 D ViewRootImpl@527dd68[MainActivity]: MSG_WINDOW_FOCUS_CHANGED 0
11-05 13:50:46.321 20564 20564 D Graph : removeVertex() : insertDummyVertex, because there is no ancestor.
11-05 13:50:46.324 20564 20564 D ViewRootImpl@2c9354f[LogcatActivity]: mHardwareRenderer.destroy()#4
11-05 13:50:46.324 20564 20564 D ViewRootImpl@2c9354f[LogcatActivity]: dispatchDetachedFromWindow
11-05 13:50:46.332 20564 20564 D InputTransport: Input channel destroyed: fd=77
11-05 13:50:47.275 20564 20564 D ViewRootImpl@6cf2d27[MainActivity]: ViewPostImeInputStage processPointer 0
11-05 13:50:47.329 20564 20564 D ViewRootImpl@6cf2d27[MainActivity]: ViewPostImeInputStage processPointer 1
11-05 13:50:47.358 20564 20564 D ViewRootImpl@6cf2d27[MainActivity]: mHardwareRenderer.destroy()#4
11-05 13:50:47.358 20564 20564 D ViewRootImpl@6cf2d27[MainActivity]: dispatchDetachedFromWindow
11-05 13:50:47.368 20564 20564 D InputTransport: Input channel destroyed: fd=78
11-05 13:50:47.368 20564 20564 D ViewRootImpl@527dd68[MainActivity]: MSG_WINDOW_FOCUS_CHANGED 1
11-05 13:50:47.369 20564 20564 D ViewRootImpl@527dd68[MainActivity]: mHardwareRenderer.initializeIfNeeded()#2 mSurface={isValid=true -2014982144}
11-05 13:50:47.371 20564 20564 E ViewRootImpl: sendUserActionEvent() returned.
11-05 13:50:47.913 20564 20564 D ViewRootImpl@527dd68[MainActivity]: ViewPostImeInputStage processKey 0
11-05 13:50:47.981 20564 20564 D ViewRootImpl@527dd68[MainActivity]: ViewPostImeInputStage processKey 1
11-05 13:50:47.997 20564 20564 D ViewRootImpl@527dd68[MainActivity]: MSG_WINDOW_FOCUS_CHANGED 0
11-05 13:50:48.109 20564 20564 D InputTransport: Input channel destroyed: fd=73
11-05 13:50:48.173 20564 20564 D ViewRootImpl@527dd68[MainActivity]: mHardwareRenderer.destroy()#1
11-05 13:50:48.180 20564 20564 D ViewRootImpl@527dd68[MainActivity]: Relayout returned: oldFrame=[0,0][768,1024] newFrame=[0,0][768,1024] result=0x5 surface={isValid=false 0} surfaceGenerationChanged=true
11-05 13:50:48.468 20564 20564 D ViewRootImpl@527dd68[MainActivity]: mHardwareRenderer.destroy()#4
11-05 13:50:48.469 20564 20564 D ViewRootImpl@527dd68[MainActivity]: dispatchDetachedFromWindow
11-05 13:50:48.475 20564 20564 D InputTransport: Input channel destroyed: fd=61
11-05 13:50:50.175 20564 20564 D ScrollView: initGoToTop
11-05 13:50:50.206 20564 20564 D ViewRootImpl@ba63a2c[ExportActivity]: ThreadedRenderer.create() translucent=false
11-05 13:50:50.208 20564 20564 D InputTransport: Input channel constructed: fd=63
11-05 13:50:50.209 20564 20564 D ViewRootImpl@ba63a2c[ExportActivity]: setView = DecorView@5885cf5[ExportActivity] touchMode=true
11-05 13:50:50.217 20564 20564 D ViewRootImpl@ba63a2c[ExportActivity]: dispatchAttachedToWindow
11-05 13:50:50.242 20564 20564 D ViewRootImpl@ba63a2c[ExportActivity]: Relayout returned: oldFrame=[0,0][0,0] newFrame=[0,0][768,1024] result=0x27 surface={isValid=true -2013358080} surfaceGenerationChanged=true
11-05 13:50:50.242 20564 20564 D ViewRootImpl@ba63a2c[ExportActivity]: mHardwareRenderer.initialize() mSurface={isValid=true -2013358080} hwInitialized=true
11-05 13:50:50.246 20564 20564 D ScrollView: onsize change changed
11-05 13:50:50.265 20564 20564 D ViewRootImpl@ba63a2c[ExportActivity]: MSG_RESIZED_REPORT: frame=Rect(0, 0 - 768, 1024) ci=Rect(0, 24 - 0, 0) vi=Rect(0, 24 - 0, 0) or=1
11-05 13:50:50.265 20564 20564 D ViewRootImpl@ba63a2c[ExportActivity]: MSG_WINDOW_FOCUS_CHANGED 1
11-05 13:50:50.265 20564 20564 D ViewRootImpl@ba63a2c[ExportActivity]: mHardwareRenderer.initializeIfNeeded()#2 mSurface={isValid=true -2013358080}
11-05 13:50:50.266 20564 20564 V InputMethodManager: Starting input: tba=android.view.inputmethod.EditorInfo@1e06a8a nm : cz.gienger.mobile ic=null
11-05 13:50:50.266 20564 20564 I InputMethodManager: startInputInner - mService.startInputOrWindowGainedFocus
11-05 13:50:50.276 20564 20564 D InputTransport: Input channel constructed: fd=66
11-05 13:50:51.035 20564 20564 D ViewRootImpl@ba63a2c[ExportActivity]: ViewPostImeInputStage processPointer 0
11-05 13:50:51.108 20564 20564 D ViewRootImpl@ba63a2c[ExportActivity]: ViewPostImeInputStage processPointer 1
11-05 13:50:51.144 20564 20564 D ScrollView: initGoToTop
11-05 13:50:51.148 20564 20564 D ScrollView: initGoToTop
11-05 13:50:51.156 20564 20564 D ViewRootImpl@fc530db[ExportActivity]: ThreadedRenderer.create() translucent=true
11-05 13:50:51.161 20564 20564 D InputTransport: Input channel constructed: fd=69
11-05 13:50:51.162 20564 20564 D ViewRootImpl@fc530db[ExportActivity]: setView = DecorView@3ab778[ExportActivity] touchMode=true
11-05 13:50:51.163 20564 20564 D ViewRootImpl@fc530db[ExportActivity]: dispatchAttachedToWindow
11-05 13:50:51.170 20564 23195 D FILE_MANAGER: Copying file /data/user/0/cz.gienger.mobile/files/finished/130AT1190426655/130AT1190426655.xml to /data/user/0/cz.gienger.mobile/files/finished/130AT1190426655/130AT1190426655.xml
11-05 13:50:51.172 20564 23195 D FILE_MANAGER: copy ok
11-05 13:50:51.172 20564 23195 D FILE_MANAGER: Copying file /data/user/0/cz.gienger.mobile/files/finished/130AT1190427190/130AT1190427190.xml to /data/user/0/cz.gienger.mobile/files/finished/130AT1190427190/130AT1190427190.xml
11-05 13:50:51.174 20564 23195 D FILE_MANAGER: copy ok
11-05 13:50:51.174 20564 23195 D FILE_MANAGER: Copying file /data/user/0/cz.gienger.mobile/files/finished/130AT1190427616/130AT1190427616.xml to /data/user/0/cz.gienger.mobile/files/finished/130AT1190427616/130AT1190427616.xml
11-05 13:50:51.176 20564 23195 D FILE_MANAGER: copy ok
11-05 13:50:51.194 20564 20564 D ViewRootImpl@fc530db[ExportActivity]: Relayout returned: oldFrame=[0,0][0,0] newFrame=[108,466][660,582] result=0x27 surface={isValid=true -2012221440} surfaceGenerationChanged=true
11-05 13:50:51.194 20564 20564 D ViewRootImpl@fc530db[ExportActivity]: mHardwareRenderer.initialize() mSurface={isValid=true -2012221440} hwInitialized=true
11-05 13:50:51.208 20564 20564 D ViewRootImpl@fc530db[ExportActivity]: MSG_WINDOW_FOCUS_CHANGED 1
11-05 13:50:51.208 20564 20564 D ViewRootImpl@fc530db[ExportActivity]: mHardwareRenderer.initializeIfNeeded()#2 mSurface={isValid=true -2012221440}
11-05 13:50:51.234 20564 20564 D ViewRootImpl@fc530db[ExportActivity]: mHardwareRenderer.destroy()#4
11-05 13:50:51.234 20564 20564 D ViewRootImpl@fc530db[ExportActivity]: dispatchDetachedFromWindow
11-05 13:50:51.248 20564 20564 D InputTransport: Input channel destroyed: fd=69
11-05 13:50:51.266 20564 20564 D ScrollView: initGoToTop
11-05 13:50:51.275 20564 20564 D ViewRootImpl@9689816[ExportActivity]: ThreadedRenderer.create() translucent=true
11-05 13:50:51.281 20564 20564 D InputTransport: Input channel constructed: fd=77
11-05 13:50:51.281 20564 20564 D ViewRootImpl@9689816[ExportActivity]: setView = DecorView@6e3a597[ExportActivity] touchMode=true
11-05 13:50:51.284 20564 20564 D ViewRootImpl@9689816[ExportActivity]: dispatchAttachedToWindow
11-05 13:50:51.315 20564 20564 D ViewRootImpl@9689816[ExportActivity]: Relayout returned: oldFrame=[0,0][0,0] newFrame=[94,423][674,624] result=0x27 surface={isValid=true -2009464832} surfaceGenerationChanged=true
11-05 13:50:51.315 20564 20564 D ViewRootImpl@9689816[ExportActivity]: mHardwareRenderer.initialize() mSurface={isValid=true -2009464832} hwInitialized=true
11-05 13:50:51.321 20564 20564 D ScrollView: onsize change changed
11-05 13:50:51.321 20564 20564 D ViewRootImpl@ba63a2c[ExportActivity]: MSG_WINDOW_FOCUS_CHANGED 0
11-05 13:50:51.322 20564 20564 D ViewRootImpl@ba63a2c[ExportActivity]: MSG_WINDOW_FOCUS_CHANGED 1
11-05 13:50:51.322 20564 20564 D ViewRootImpl@ba63a2c[ExportActivity]: mHardwareRenderer.initializeIfNeeded()#2 mSurface={isValid=true -2013358080}
11-05 13:50:51.323 20564 20564 E ViewRootImpl: sendUserActionEvent() returned.
11-05 13:50:51.328 20564 20564 D ViewRootImpl@9689816[ExportActivity]: MSG_WINDOW_FOCUS_CHANGED 1
11-05 13:50:51.328 20564 20564 D ViewRootImpl@9689816[ExportActivity]: mHardwareRenderer.initializeIfNeeded()#2 mSurface={isValid=true -2009464832}
11-05 13:50:51.344 20564 20564 D ViewRootImpl@9689816[ExportActivity]: MSG_RESIZED_REPORT: frame=Rect(94, 423 - 674, 624) ci=Rect(0, 0 - 0, 0) vi=Rect(0, 0 - 0, 0) or=1
11-05 13:50:51.361 20564 20564 D ViewRootImpl@ba63a2c[ExportActivity]: MSG_WINDOW_FOCUS_CHANGED 0
11-05 13:50:52.122 20564 20564 D ViewRootImpl@9689816[ExportActivity]: ViewPostImeInputStage processPointer 0
11-05 13:50:52.194 20564 20564 D ViewRootImpl@9689816[ExportActivity]: ViewPostImeInputStage processPointer 1
11-05 13:50:52.226 20564 20564 D ViewRootImpl@9689816[ExportActivity]: mHardwareRenderer.destroy()#4
11-05 13:50:52.226 20564 20564 D ViewRootImpl@9689816[ExportActivity]: dispatchDetachedFromWindow
11-05 13:50:52.234 20564 20564 D InputTransport: Input channel destroyed: fd=77
11-05 13:50:52.235 20564 20564 D ViewRootImpl@ba63a2c[ExportActivity]: MSG_WINDOW_FOCUS_CHANGED 1
11-05 13:50:52.235 20564 20564 D ViewRootImpl@ba63a2c[ExportActivity]: mHardwareRenderer.initializeIfNeeded()#2 mSurface={isValid=true -2013358080}
11-05 13:50:52.236 20564 20564 E ViewRootImpl: sendUserActionEvent() returned.
11-05 13:50:53.615 20564 20564 D ViewRootImpl@ba63a2c[ExportActivity]: ViewPostImeInputStage processPointer 0
11-05 13:50:53.684 20564 20564 D ViewRootImpl@ba63a2c[ExportActivity]: ViewPostImeInputStage processPointer 1
11-05 13:50:53.716 20564 20564 D ScrollView: initGoToTop
11-05 13:50:53.725 20564 20564 D ViewRootImpl@6b875dd[ExportActivity]: ThreadedRenderer.create() translucent=true
11-05 13:50:53.730 20564 20564 D InputTransport: Input channel constructed: fd=77
11-05 13:50:53.730 20564 20564 D ViewRootImpl@6b875dd[ExportActivity]: setView = DecorView@661b552[ExportActivity] touchMode=true
11-05 13:50:53.731 20564 20564 D ViewRootImpl@6b875dd[ExportActivity]: dispatchAttachedToWindow
11-05 13:50:53.769 20564 20564 D ViewRootImpl@6b875dd[ExportActivity]: Relayout returned: oldFrame=[0,0][0,0] newFrame=[94,423][674,624] result=0x27 surface={isValid=true -2005794816} surfaceGenerationChanged=true
11-05 13:50:53.769 20564 20564 D ViewRootImpl@6b875dd[ExportActivity]: mHardwareRenderer.initialize() mSurface={isValid=true -2005794816} hwInitialized=true
11-05 13:50:53.777 20564 20564 D ScrollView: onsize change changed
11-05 13:50:53.794 20564 20564 D ViewRootImpl@6b875dd[ExportActivity]: MSG_WINDOW_FOCUS_CHANGED 1
11-05 13:50:53.794 20564 20564 D ViewRootImpl@6b875dd[ExportActivity]: mHardwareRenderer.initializeIfNeeded()#2 mSurface={isValid=true -2005794816}
11-05 13:50:53.809 20564 20564 D ViewRootImpl@6b875dd[ExportActivity]: MSG_RESIZED_REPORT: frame=Rect(94, 423 - 674, 624) ci=Rect(0, 0 - 0, 0) vi=Rect(0, 0 - 0, 0) or=1
11-05 13:50:53.838 20564 20564 D ViewRootImpl@ba63a2c[ExportActivity]: MSG_WINDOW_FOCUS_CHANGED 0
11-05 13:50:54.719 20564 20564 D ViewRootImpl@6b875dd[ExportActivity]: ViewPostImeInputStage processPointer 0
11-05 13:50:54.767 20564 20564 D ViewRootImpl@6b875dd[ExportActivity]: ViewPostImeInputStage processPointer 1
11-05 13:50:54.800 20564 20564 D ScrollView: initGoToTop
11-05 13:50:54.805 20564 20564 D ScrollView: initGoToTop
11-05 13:50:54.813 20564 20564 D ViewRootImpl@3f3bb77[ExportActivity]: ThreadedRenderer.create() translucent=true
11-05 13:50:54.819 20564 20564 D InputTransport: Input channel constructed: fd=78
11-05 13:50:54.819 20564 20564 D ViewRootImpl@3f3bb77[ExportActivity]: setView = DecorView@6ef43e4[ExportActivity] touchMode=true
11-05 13:50:54.821 20564 23194 D ALARM_REUPLOAD: cancelling alarm
11-05 13:50:54.830 20564 20564 D ViewRootImpl@6b875dd[ExportActivity]: mHardwareRenderer.destroy()#4
11-05 13:50:54.830 20564 20564 D ViewRootImpl@6b875dd[ExportActivity]: dispatchDetachedFromWindow
11-05 13:50:54.843 20564 20564 D InputTransport: Input channel destroyed: fd=77
11-05 13:50:54.844 20564 20564 D ViewRootImpl@3f3bb77[ExportActivity]: dispatchAttachedToWindow
11-05 13:50:54.860 20564 23194 D DELETING_DIRECTORY: /data/user/0/cz.gienger.mobile/files/delivery
11-05 13:50:54.860 20564 23194 D DELETING_DIRECTORY: exists /data/user/0/cz.gienger.mobile/files/delivery
11-05 13:50:54.861 20564 23194 D DELETING_DIRECTORY: /data/user/0/cz.gienger.mobile/files/delivery/130AT1190426655
11-05 13:50:54.861 20564 23194 D DELETING_DIRECTORY: exists /data/user/0/cz.gienger.mobile/files/delivery/130AT1190426655
11-05 13:50:54.861 20564 23194 D DELETING_DIRECTORY: /data/user/0/cz.gienger.mobile/files/delivery/130AT1190426655/corrections
11-05 13:50:54.861 20564 23194 D DELETING_DIRECTORY: exists /data/user/0/cz.gienger.mobile/files/delivery/130AT1190426655/corrections
11-05 13:50:54.862 20564 23194 D DELETING_DIRECTORY: /data/user/0/cz.gienger.mobile/files/delivery/130AT1190427190
11-05 13:50:54.862 20564 23194 D DELETING_DIRECTORY: exists /data/user/0/cz.gienger.mobile/files/delivery/130AT1190427190
11-05 13:50:54.862 20564 23194 D DELETING_DIRECTORY: /data/user/0/cz.gienger.mobile/files/delivery/130AT1190427190/corrections
11-05 13:50:54.862 20564 23194 D DELETING_DIRECTORY: exists /data/user/0/cz.gienger.mobile/files/delivery/130AT1190427190/corrections
11-05 13:50:54.862 20564 23194 D DELETING_DIRECTORY: /data/user/0/cz.gienger.mobile/files/delivery/130AT1190427616
11-05 13:50:54.862 20564 23194 D DELETING_DIRECTORY: exists /data/user/0/cz.gienger.mobile/files/delivery/130AT1190427616
11-05 13:50:54.862 20564 23194 D DELETING_DIRECTORY: /data/user/0/cz.gienger.mobile/files/delivery/130AT1190427616/corrections
11-05 13:50:54.862 20564 23194 D DELETING_DIRECTORY: exists /data/user/0/cz.gienger.mobile/files/delivery/130AT1190427616/corrections
11-05 13:50:54.863 20564 23194 D DELETING_DIRECTORY: /data/user/0/cz.gienger.mobile/files/delivery/130AT1190427660
11-05 13:50:54.863 20564 23194 D DELETING_DIRECTORY: exists /data/user/0/cz.gienger.mobile/files/delivery/130AT1190427660
11-05 13:50:54.863 20564 23194 D DELETING_DIRECTORY: /data/user/0/cz.gienger.mobile/files/delivery/130AT1190427660/corrections
11-05 13:50:54.863 20564 23194 D DELETING_DIRECTORY: exists /data/user/0/cz.gienger.mobile/files/delivery/130AT1190427660/corrections
11-05 13:50:54.864 20564 23194 D DELETING_DIRECTORY: file deleted /data/user/0/cz.gienger.mobile/files/delivery/130AT1190427660/130AT1190427660.pdf
11-05 13:50:54.864 20564 23194 D DELETING_DIRECTORY: /data/user/0/cz.gienger.mobile/files/delivery/130AT1190427598
11-05 13:50:54.864 20564 23194 D DELETING_DIRECTORY: exists /data/user/0/cz.gienger.mobile/files/delivery/130AT1190427598
11-05 13:50:54.864 20564 23194 D DELETING_DIRECTORY: /data/user/0/cz.gienger.mobile/files/delivery/130AT1190427598/corrections
11-05 13:50:54.864 20564 23194 D DELETING_DIRECTORY: exists /data/user/0/cz.gienger.mobile/files/delivery/130AT1190427598/corrections
11-05 13:50:54.865 20564 23194 D DELETING_DIRECTORY: file deleted /data/user/0/cz.gienger.mobile/files/delivery/130AT1190427598/130AT1190427598.pdf
11-05 13:50:54.865 20564 23194 D DELETING_DIRECTORY: /data/user/0/cz.gienger.mobile/files/delivery/130AT1190427599
11-05 13:50:54.865 20564 23194 D DELETING_DIRECTORY: exists /data/user/0/cz.gienger.mobile/files/delivery/130AT1190427599
11-05 13:50:54.865 20564 23194 D DELETING_DIRECTORY: /data/user/0/cz.gienger.mobile/files/delivery/130AT1190427599/corrections
11-05 13:50:54.865 20564 23194 D DELETING_DIRECTORY: exists /data/user/0/cz.gienger.mobile/files/delivery/130AT1190427599/corrections
11-05 13:50:54.865 20564 23194 D DELETING_DIRECTORY: file deleted /data/user/0/cz.gienger.mobile/files/delivery/130AT1190427599/130AT1190427599.pdf
11-05 13:50:54.866 20564 23194 D DELETING_DIRECTORY: /data/user/0/cz.gienger.mobile/files/delivery/130AT1190427643
11-05 13:50:54.866 20564 23194 D DELETING_DIRECTORY: exists /data/user/0/cz.gienger.mobile/files/delivery/130AT1190427643
11-05 13:50:54.866 20564 23194 D DELETING_DIRECTORY: /data/user/0/cz.gienger.mobile/files/delivery/130AT1190427643/corrections
11-05 13:50:54.866 20564 23194 D DELETING_DIRECTORY: exists /data/user/0/cz.gienger.mobile/files/delivery/130AT1190427643/corrections
11-05 13:50:54.866 20564 23194 D DELETING_DIRECTORY: file deleted /data/user/0/cz.gienger.mobile/files/delivery/130AT1190427643/130AT1190427643.pdf
11-05 13:50:54.867 20564 23194 D DELETING_DIRECTORY: /data/user/0/cz.gienger.mobile/files/delivery/130AT1190427685
11-05 13:50:54.867 20564 23194 D DELETING_DIRECTORY: exists /data/user/0/cz.gienger.mobile/files/delivery/130AT1190427685
11-05 13:50:54.867 20564 23194 D DELETING_DIRECTORY: /data/user/0/cz.gienger.mobile/files/delivery/130AT1190427685/corrections
11-05 13:50:54.867 20564 23194 D DELETING_DIRECTORY: exists /data/user/0/cz.gienger.mobile/files/delivery/130AT1190427685/corrections
11-05 13:50:54.867 20564 23194 D DELETING_DIRECTORY: file deleted /data/user/0/cz.gienger.mobile/files/delivery/130AT1190427685/130AT1190427685.pdf
11-05 13:50:54.867 20564 23194 D DELETING_DIRECTORY: /data/user/0/cz.gienger.mobile/files/delivery/130AT1190427093
11-05 13:50:54.867 20564 23194 D DELETING_DIRECTORY: exists /data/user/0/cz.gienger.mobile/files/delivery/130AT1190427093
11-05 13:50:54.868 20564 23194 D DELETING_DIRECTORY: /data/user/0/cz.gienger.mobile/files/delivery/130AT1190427093/corrections
11-05 13:50:54.868 20564 23194 D DELETING_DIRECTORY: exists /data/user/0/cz.gienger.mobile/files/delivery/130AT1190427093/corrections
11-05 13:50:54.869 20564 23194 D DELETING_DIRECTORY: file deleted /data/user/0/cz.gienger.mobile/files/delivery/130AT1190427093/130AT1190427093.pdf
11-05 13:50:54.870 20564 23194 D DELETING_DIRECTORY: /data/user/0/cz.gienger.mobile/files/delivery/130AT1190427553
11-05 13:50:54.870 20564 23194 D DELETING_DIRECTORY: exists /data/user/0/cz.gienger.mobile/files/delivery/130AT1190427553
11-05 13:50:54.870 20564 23194 D DELETING_DIRECTORY: /data/user/0/cz.gienger.mobile/files/delivery/130AT1190427553/corrections
11-05 13:50:54.870 20564 23194 D DELETING_DIRECTORY: exists /data/user/0/cz.gienger.mobile/files/delivery/130AT1190427553/corrections
11-05 13:50:54.871 20564 23194 D DELETING_DIRECTORY: file deleted /data/user/0/cz.gienger.mobile/files/delivery/130AT1190427553/130AT1190427553.pdf
11-05 13:50:54.871 20564 23194 D DELETING_DIRECTORY: /data/user/0/cz.gienger.mobile/files/delivery/130AT1190427486
11-05 13:50:54.871 20564 23194 D DELETING_DIRECTORY: exists /data/user/0/cz.gienger.mobile/files/delivery/130AT1190427486
11-05 13:50:54.871 20564 23194 D DELETING_DIRECTORY: /data/user/0/cz.gienger.mobile/files/delivery/130AT1190427486/corrections
11-05 13:50:54.871 20564 23194 D DELETING_DIRECTORY: exists /data/user/0/cz.gienger.mobile/files/delivery/130AT1190427486/corrections
11-05 13:50:54.872 20564 23194 D DELETING_DIRECTORY: file deleted /data/user/0/cz.gienger.mobile/files/delivery/130AT1190427486/130AT1190427486.pdf
11-05 13:50:54.872 20564 23194 D DELETING_DIRECTORY: /data/user/0/cz.gienger.mobile/files/delivery/130AT1190427561
11-05 13:50:54.872 20564 23194 D DELETING_DIRECTORY: exists /data/user/0/cz.gienger.mobile/files/delivery/130AT1190427561
11-05 13:50:54.872 20564 23194 D DELETING_DIRECTORY: /data/user/0/cz.gienger.mobile/files/delivery/130AT1190427561/corrections
11-05 13:50:54.872 20564 23194 D DELETING_DIRECTORY: exists /data/user/0/cz.gienger.mobile/files/delivery/130AT1190427561/corrections
11-05 13:50:54.872 20564 23194 D DELETING_DIRECTORY: file deleted /data/user/0/cz.gienger.mobile/files/delivery/130AT1190427561/130AT1190427561.pdf
11-05 13:50:54.873 20564 23194 D DELETING_DIRECTORY: /data/user/0/cz.gienger.mobile/files/delivery/130AT1190427708
11-05 13:50:54.873 20564 23194 D DELETING_DIRECTORY: exists /data/user/0/cz.gienger.mobile/files/delivery/130AT1190427708
11-05 13:50:54.873 20564 23194 D DELETING_DIRECTORY: /data/user/0/cz.gienger.mobile/files/delivery/130AT1190427708/corrections
11-05 13:50:54.873 20564 23194 D DELETING_DIRECTORY: exists /data/user/0/cz.gienger.mobile/files/delivery/130AT1190427708/corrections
11-05 13:50:54.873 20564 23194 D DELETING_DIRECTORY: file deleted /data/user/0/cz.gienger.mobile/files/delivery/130AT1190427708/130AT1190427708.pdf
11-05 13:50:54.874 20564 23194 D DELETING_DIRECTORY: /data/user/0/cz.gienger.mobile/files/delivery/130AT1190427710
11-05 13:50:54.874 20564 23194 D DELETING_DIRECTORY: exists /data/user/0/cz.gienger.mobile/files/delivery/130AT1190427710
11-05 13:50:54.874 20564 23194 D DELETING_DIRECTORY: /data/user/0/cz.gienger.mobile/files/delivery/130AT1190427710/corrections
11-05 13:50:54.874 20564 23194 D DELETING_DIRECTORY: exists /data/user/0/cz.gienger.mobile/files/delivery/130AT1190427710/corrections
11-05 13:50:54.874 20564 20564 D ViewRootImpl@3f3bb77[ExportActivity]: Relayout returned: oldFrame=[0,0][0,0] newFrame=[108,466][660,582] result=0x27 surface={isValid=true -2005794816} surfaceGenerationChanged=true
11-05 13:50:54.874 20564 23194 D DELETING_DIRECTORY: file deleted /data/user/0/cz.gienger.mobile/files/delivery/130AT1190427710/130AT1190427710.pdf
11-05 13:50:54.875 20564 23194 D DELETING_DIRECTORY: /data/user/0/cz.gienger.mobile/files/delivery/130AT1190427690
11-05 13:50:54.875 20564 23194 D DELETING_DIRECTORY: exists /data/user/0/cz.gienger.mobile/files/delivery/130AT1190427690
11-05 13:50:54.875 20564 23194 D DELETING_DIRECTORY: /data/user/0/cz.gienger.mobile/files/delivery/130AT1190427690/corrections
11-05 13:50:54.875 20564 23194 D DELETING_DIRECTORY: exists /data/user/0/cz.gienger.mobile/files/delivery/130AT1190427690/corrections
11-05 13:50:54.875 20564 23194 D DELETING_DIRECTORY: file deleted /data/user/0/cz.gienger.mobile/files/delivery/130AT1190427690/130AT1190427690.pdf
11-05 13:50:54.876 20564 23194 D DELETING_DIRECTORY: /data/user/0/cz.gienger.mobile/files/finished
11-05 13:50:54.876 20564 23194 D DELETING_DIRECTORY: exists /data/user/0/cz.gienger.mobile/files/finished
11-05 13:50:54.876 20564 23194 D DELETING_DIRECTORY: /data/user/0/cz.gienger.mobile/files/finished/130AT1190426655
11-05 13:50:54.876 20564 23194 D DELETING_DIRECTORY: exists /data/user/0/cz.gienger.mobile/files/finished/130AT1190426655
11-05 13:50:54.876 20564 23194 D DELETING_DIRECTORY: file deleted /data/user/0/cz.gienger.mobile/files/finished/130AT1190426655/130AT1190426655.pdf
11-05 13:50:54.877 20564 23194 D DELETING_DIRECTORY: file deleted /data/user/0/cz.gienger.mobile/files/finished/130AT1190426655/130AT1190426655.xml
11-05 13:50:54.877 20564 23194 D DELETING_DIRECTORY: /data/user/0/cz.gienger.mobile/files/finished/130AT1190427190
11-05 13:50:54.877 20564 20564 D ViewRootImpl@3f3bb77[ExportActivity]: mHardwareRenderer.initialize() mSurface={isValid=true -2005794816} hwInitialized=true
11-05 13:50:54.877 20564 23194 D DELETING_DIRECTORY: exists /data/user/0/cz.gienger.mobile/files/finished/130AT1190427190
11-05 13:50:54.877 20564 23194 D DELETING_DIRECTORY: file deleted /data/user/0/cz.gienger.mobile/files/finished/130AT1190427190/130AT1190427190.pdf
11-05 13:50:54.879 20564 23194 D DELETING_DIRECTORY: file deleted /data/user/0/cz.gienger.mobile/files/finished/130AT1190427190/130AT1190427190.xml
11-05 13:50:54.879 20564 23194 D DELETING_DIRECTORY: /data/user/0/cz.gienger.mobile/files/finished/130AT1190427616
11-05 13:50:54.880 20564 23194 D DELETING_DIRECTORY: exists /data/user/0/cz.gienger.mobile/files/finished/130AT1190427616
11-05 13:50:54.880 20564 23194 D DELETING_DIRECTORY: file deleted /data/user/0/cz.gienger.mobile/files/finished/130AT1190427616/130AT1190427616.pdf
11-05 13:50:54.881 20564 23194 D DELETING_DIRECTORY: file deleted /data/user/0/cz.gienger.mobile/files/finished/130AT1190427616/130AT1190427616.xml
11-05 13:50:54.882 20564 20564 D ViewRootImpl@3f3bb77[ExportActivity]: MSG_WINDOW_FOCUS_CHANGED 1
11-05 13:50:54.882 20564 20564 D ViewRootImpl@3f3bb77[ExportActivity]: mHardwareRenderer.initializeIfNeeded()#2 mSurface={isValid=true -2005794816}
11-05 13:50:54.888 20564 20564 D ViewRootImpl@3f3bb77[ExportActivity]: mHardwareRenderer.destroy()#4
11-05 13:50:54.888 20564 20564 D ViewRootImpl@3f3bb77[ExportActivity]: dispatchDetachedFromWindow
11-05 13:50:54.903 20564 20564 D InputTransport: Input channel destroyed: fd=78
11-05 13:50:54.909 20564 20564 D ViewRootImpl@ba63a2c[ExportActivity]: MSG_WINDOW_FOCUS_CHANGED 1
11-05 13:50:54.910 20564 20564 D ViewRootImpl@ba63a2c[ExportActivity]: mHardwareRenderer.initializeIfNeeded()#2 mSurface={isValid=true -2013358080}
11-05 13:50:54.916 20564 20564 E ViewRootImpl: sendUserActionEvent() returned.
11-05 13:50:54.916 20564 20564 E ViewRootImpl: sendUserActionEvent() returned.
11-05 13:50:58.229 20564 20564 D ViewRootImpl@ba63a2c[ExportActivity]: ViewPostImeInputStage processPointer 0
11-05 13:50:58.297 20564 20564 D ViewRootImpl@ba63a2c[ExportActivity]: ViewPostImeInputStage processPointer 1
11-05 13:50:59.301 20564 20564 D ViewRootImpl@ba63a2c[ExportActivity]: ViewPostImeInputStage processKey 0
11-05 13:50:59.383 20564 20564 D ViewRootImpl@ba63a2c[ExportActivity]: ViewPostImeInputStage processKey 1
11-05 13:50:59.402 20564 20564 D ViewRootImpl@ba63a2c[ExportActivity]: MSG_WINDOW_FOCUS_CHANGED 0
11-05 13:50:59.499 20564 20564 D InputTransport: Input channel destroyed: fd=66
11-05 13:50:59.557 20564 20564 D ViewRootImpl@ba63a2c[ExportActivity]: mHardwareRenderer.destroy()#1
11-05 13:50:59.569 20564 20564 D ViewRootImpl@ba63a2c[ExportActivity]: Relayout returned: oldFrame=[0,0][768,1024] newFrame=[0,0][768,1024] result=0x5 surface={isValid=false 0} surfaceGenerationChanged=true
11-05 13:50:59.822 20564 20564 D ViewRootImpl@ba63a2c[ExportActivity]: mHardwareRenderer.destroy()#4
11-05 13:50:59.822 20564 20564 D ViewRootImpl@ba63a2c[ExportActivity]: dispatchDetachedFromWindow
11-05 13:50:59.828 20564 20564 D InputTransport: Input channel destroyed: fd=63
11-05 13:51:58.169 20564 20564 D Graph : removeVertex() : insertDummyVertex, because there is no ancestor.
11-05 13:51:58.286 20564 20564 D FILES : /data/user/0/cz.gienger.mobile/files/delivery
11-05 13:51:58.291 20564 20564 D ScrollView: initGoToTop
11-05 13:51:58.320 20564 20564 D ViewRootImpl@e394c0e[LoginActivity]: ThreadedRenderer.create() translucent=false
11-05 13:51:58.323 20564 20564 D InputTransport: Input channel constructed: fd=63
11-05 13:51:58.324 20564 20564 D ViewRootImpl@e394c0e[LoginActivity]: setView = DecorView@465d62f[LoginActivity] touchMode=true
11-05 13:51:58.328 20564 20564 D ViewRootImpl@e394c0e[LoginActivity]: dispatchAttachedToWindow
11-05 13:51:58.350 20564 20564 D ViewRootImpl@e394c0e[LoginActivity]: Relayout returned: oldFrame=[0,0][0,0] newFrame=[0,0][768,1024] result=0x27 surface={isValid=true -2037993472} surfaceGenerationChanged=true
11-05 13:51:58.350 20564 20564 D ViewRootImpl@e394c0e[LoginActivity]: mHardwareRenderer.initialize() mSurface={isValid=true -2037993472} hwInitialized=true
11-05 13:51:58.354 20564 20564 D ScrollView: onsize change changed
11-05 13:51:58.380 20564 20564 D ViewRootImpl@e394c0e[LoginActivity]: MSG_RESIZED_REPORT: frame=Rect(0, 0 - 768, 1024) ci=Rect(0, 24 - 0, 0) vi=Rect(0, 24 - 0, 0) or=1
11-05 13:51:58.380 20564 20564 D ViewRootImpl@e394c0e[LoginActivity]: MSG_WINDOW_FOCUS_CHANGED 1
11-05 13:51:58.381 20564 20564 D ViewRootImpl@e394c0e[LoginActivity]: mHardwareRenderer.initializeIfNeeded()#2 mSurface={isValid=true -2037993472}
11-05 13:51:58.390 20564 20564 V InputMethodManager: Starting input: tba=android.view.inputmethod.EditorInfo@b645c27 nm : cz.gienger.mobile ic=com.android.internal.widget.EditableInputConnection@af94ed4
11-05 13:51:58.391 20564 20564 I InputMethodManager: startInputInner - mService.startInputOrWindowGainedFocus
11-05 13:51:58.401 20564 20564 D InputTransport: Input channel constructed: fd=66
11-05 13:51:58.708 20564 20564 D ViewRootImpl@e394c0e[LoginActivity]: MSG_RESIZED: frame=Rect(0, 0 - 768, 1024) ci=Rect(0, 24 - 0, 320) vi=Rect(0, 24 - 0, 320) or=1
11-05 13:51:58.735 20564 20564 D ViewRootImpl@e394c0e[LoginActivity]: Relayout returned: oldFrame=[0,0][768,1024] newFrame=[0,0][768,1024] result=0x1 surface={isValid=true -2037993472} surfaceGenerationChanged=false
11-05 13:51:58.737 20564 20564 D ScrollView: onsize change changed
11-05 13:52:00.292 20564 20564 D ViewRootImpl@e394c0e[LoginActivity]: ViewPostImeInputStage processPointer 0
11-05 13:52:00.352 20564 20564 D ViewRootImpl@e394c0e[LoginActivity]: ViewPostImeInputStage processPointer 1
11-05 13:52:00.365 20564 20564 V InputMethodManager: Starting input: tba=android.view.inputmethod.EditorInfo@7fea91f nm : cz.gienger.mobile ic=com.android.internal.widget.EditableInputConnection@befa46c
11-05 13:52:00.365 20564 20564 I InputMethodManager: startInputInner - mService.startInputOrWindowGainedFocus
11-05 13:52:00.368 20564 20564 D InputTransport: Input channel constructed: fd=77
11-05 13:52:00.368 20564 20564 D InputTransport: Input channel destroyed: fd=66
11-05 13:52:00.368 20564 20564 D InputMethodManager: SSI - flag : 0 Pid : 20564 view : cz.gienger.mobile
11-05 13:52:00.374 20564 20564 W IInputConnectionWrapper: performPrivateCommand on inactive InputConnection
11-05 13:52:00.374 20564 20564 W IInputConnectionWrapper: finishComposingText on inactive InputConnection
11-05 13:52:02.783 20564 20564 D ViewRootImpl@e394c0e[LoginActivity]: ViewPostImeInputStage processPointer 0
11-05 13:52:02.843 20564 20564 D ViewRootImpl@e394c0e[LoginActivity]: ViewPostImeInputStage processPointer 1
11-05 13:52:02.878 20564 20564 D ScrollView: initGoToTop
11-05 13:52:02.882 20564 20564 D ScrollView: initGoToTop
11-05 13:52:02.890 20564 20564 D ViewRootImpl@ba9d3cd[LoginActivity]: ThreadedRenderer.create() translucent=true
11-05 13:52:02.896 20564 20564 D InputTransport: Input channel constructed: fd=69
11-05 13:52:02.896 20564 20564 D ViewRootImpl@ba9d3cd[LoginActivity]: setView = DecorView@365d482[LoginActivity] touchMode=true
11-05 13:52:02.902 20564 20564 D ViewRootImpl@ba9d3cd[LoginActivity]: dispatchAttachedToWindow
11-05 13:52:02.909 20564 23376 D MYINTERCEPTOR: /GiengerService.svc/oauth
11-05 13:52:02.910 20564 23376 D OkHttp : --> POST https://testsaig1.gienger.cz/GiengerService.svc/oauth http/1.1
11-05 13:52:02.910 20564 23376 D OkHttp : Content-Type: application/xml; charset=UTF-8
11-05 13:52:02.910 20564 23376 D OkHttp : Content-Length: 298
11-05 13:52:02.910 20564 23376 D OkHttp : --> END POST
11-05 13:52:02.928 20564 20564 D ViewRootImpl@ba9d3cd[LoginActivity]: Relayout returned: oldFrame=[0,0][0,0] newFrame=[108,466][660,582] result=0x27 surface={isValid=true -2013792256} surfaceGenerationChanged=true
11-05 13:52:02.928 20564 20564 D ViewRootImpl@ba9d3cd[LoginActivity]: mHardwareRenderer.initialize() mSurface={isValid=true -2013792256} hwInitialized=true
11-05 13:52:02.947 20564 20564 D ViewRootImpl@ba9d3cd[LoginActivity]: MSG_WINDOW_FOCUS_CHANGED 1
11-05 13:52:02.948 20564 20564 D ViewRootImpl@ba9d3cd[LoginActivity]: mHardwareRenderer.initializeIfNeeded()#2 mSurface={isValid=true -2013792256}
11-05 13:52:02.965 20564 20564 D ViewRootImpl@ba9d3cd[LoginActivity]: MSG_RESIZED_REPORT: frame=Rect(108, 466 - 660, 582) ci=Rect(0, 0 - 0, 0) vi=Rect(0, 0 - 0, 0) or=1
11-05 13:52:02.989 20564 20564 D ViewRootImpl@e394c0e[LoginActivity]: MSG_WINDOW_FOCUS_CHANGED 0
11-05 13:52:06.471 20564 23376 D OkHttp : <-- 200 https://testsaig1.gienger.cz/GiengerService.svc/oauth (3560ms)
11-05 13:52:06.471 20564 23376 D OkHttp : content-type: application/xml; charset=utf-8
11-05 13:52:06.471 20564 23376 D OkHttp : server: Microsoft-IIS/10.0
11-05 13:52:06.472 20564 23376 D OkHttp : x-powered-by: ASP.NET
11-05 13:52:06.472 20564 23376 D OkHttp : date: Thu, 05 Nov 2020 12:52:05 GMT
11-05 13:52:06.472 20564 23376 D OkHttp : content-length: 292
11-05 13:52:06.472 20564 23376 D OkHttp : <-- END HTTP
11-05 13:52:06.482 20564 23376 D MYINTERCEPTOR: /GiengerService.svc/userinfo
11-05 13:52:06.483 20564 23376 D OkHttp : --> POST https://testsaig1.gienger.cz/GiengerService.svc/userinfo http/1.1
11-05 13:52:06.483 20564 23376 D OkHttp : Content-Type: application/xml; charset=UTF-8
11-05 13:52:06.483 20564 23376 D OkHttp : Content-Length: 139
11-05 13:52:06.483 20564 23376 D OkHttp : token: 6246477b2201027d3155f34571f7c488
11-05 13:52:06.483 20564 23376 D OkHttp : --> END POST
11-05 13:52:06.750 20564 23376 D OkHttp : <-- 200 https://testsaig1.gienger.cz/GiengerService.svc/userinfo (266ms)
11-05 13:52:06.750 20564 23376 D OkHttp : content-type: application/xml; charset=utf-8
11-05 13:52:06.750 20564 23376 D OkHttp : server: Microsoft-IIS/10.0
11-05 13:52:06.750 20564 23376 D OkHttp : x-powered-by: ASP.NET
11-05 13:52:06.751 20564 23376 D OkHttp : date: Thu, 05 Nov 2020 12:52:05 GMT
11-05 13:52:06.751 20564 23376 D OkHttp : content-length: 195
11-05 13:52:06.751 20564 23376 D OkHttp : <-- END HTTP
11-05 13:52:06.791 20564 20564 D ScrollView: initGoToTop
11-05 13:52:06.800 20564 20564 D ScrollView: initGoToTop
11-05 13:52:06.811 20564 20564 D ViewRootImpl@7d0a95c[LoginActivity]: ThreadedRenderer.create() translucent=true
11-05 13:52:06.816 20564 20564 D InputTransport: Input channel constructed: fd=91
11-05 13:52:06.817 20564 20564 D ViewRootImpl@7d0a95c[LoginActivity]: setView = DecorView@9a5465[LoginActivity] touchMode=true
11-05 13:52:06.828 20564 20564 D ViewRootImpl@ba9d3cd[LoginActivity]: mHardwareRenderer.destroy()#4
11-05 13:52:06.828 20564 20564 D ViewRootImpl@ba9d3cd[LoginActivity]: dispatchDetachedFromWindow
11-05 13:52:06.843 20564 20564 D InputTransport: Input channel destroyed: fd=69
11-05 13:52:06.854 20564 20564 D ViewRootImpl@e394c0e[LoginActivity]: Relayout returned: oldFrame=[0,0][768,1024] newFrame=[0,0][768,1024] result=0x1 surface={isValid=true -2037993472} surfaceGenerationChanged=false
11-05 13:52:06.862 20564 20564 D ViewRootImpl@7d0a95c[LoginActivity]: dispatchAttachedToWindow
11-05 13:52:06.888 20564 20564 D ViewRootImpl@7d0a95c[LoginActivity]: Relayout returned: oldFrame=[0,0][0,0] newFrame=[108,423][660,624] result=0x27 surface={isValid=true -2013792256} surfaceGenerationChanged=true
11-05 13:52:06.888 20564 20564 D ViewRootImpl@7d0a95c[LoginActivity]: mHardwareRenderer.initialize() mSurface={isValid=true -2013792256} hwInitialized=true
11-05 13:52:06.891 20564 20564 D ScrollView: onsize change changed
11-05 13:52:06.892 20564 20564 D ScrollView: onsize change changed
11-05 13:52:06.893 20564 20564 D ViewRootImpl@7d0a95c[LoginActivity]: MSG_WINDOW_FOCUS_CHANGED 1
11-05 13:52:06.895 20564 20564 D ViewRootImpl@7d0a95c[LoginActivity]: mHardwareRenderer.initializeIfNeeded()#2 mSurface={isValid=true -2013792256}
11-05 13:52:06.904 20564 20564 D ViewRootImpl@7d0a95c[LoginActivity]: MSG_RESIZED_REPORT: frame=Rect(108, 423 - 660, 624) ci=Rect(0, 0 - 0, 0) vi=Rect(0, 0 - 0, 0) or=1
11-05 13:52:06.927 20564 20564 E ViewRootImpl: sendUserActionEvent() returned.
11-05 13:52:08.092 20564 20564 D ViewRootImpl@7d0a95c[LoginActivity]: ViewPostImeInputStage processPointer 0
11-05 13:52:08.138 20564 20564 D ViewRootImpl@7d0a95c[LoginActivity]: ViewPostImeInputStage processPointer 1
11-05 13:52:08.156 20564 20564 D ViewRootImpl@7d0a95c[LoginActivity]: mHardwareRenderer.destroy()#4
11-05 13:52:08.156 20564 20564 D ViewRootImpl@7d0a95c[LoginActivity]: dispatchDetachedFromWindow
11-05 13:52:08.170 20564 20564 D InputTransport: Input channel destroyed: fd=91
11-05 13:52:08.184 20564 23376 D MYINTERCEPTOR: /GiengerService.svc/manifests
11-05 13:52:08.185 20564 23376 D OkHttp : --> GET https://testsaig1.gienger.cz/GiengerService.svc/manifests http/1.1
11-05 13:52:08.185 20564 23376 D OkHttp : state: CZ
11-05 13:52:08.185 20564 23376 D OkHttp : token: 6246477b2201027d3155f34571f7c488
11-05 13:52:08.185 20564 23376 D OkHttp : --> END GET
11-05 13:52:08.190 20564 20564 D TextView: SYANI: Clipboard API is calling: clearFilter()
11-05 13:52:08.190 20564 20564 D TextView: SYANI: Clipboard API is calling: unregisterClipboardEventListener()
11-05 13:52:08.192 20564 20564 D TextView: SYANI: Clipboard API is calling: clearFilter()
11-05 13:52:08.192 20564 20564 D TextView: SYANI: Clipboard API is calling: unregisterClipboardEventListener()
11-05 13:52:08.203 20564 20564 D ViewRootImpl@e394c0e[LoginActivity]: mHardwareRenderer.destroy()#4
11-05 13:52:08.203 20564 20564 D ViewRootImpl@e394c0e[LoginActivity]: dispatchDetachedFromWindow
11-05 13:52:08.204 20564 20564 D InputTransport: Input channel destroyed: fd=63
11-05 13:52:08.228 20564 20564 D FILES : /data/user/0/cz.gienger.mobile/files/delivery
11-05 13:52:08.240 20564 23383 D MYINTERCEPTOR: /GiengerService.svc/manifests
11-05 13:52:08.241 20564 23383 D OkHttp : --> GET https://testsaig1.gienger.cz/GiengerService.svc/manifests http/1.1
11-05 13:52:08.241 20564 23383 D OkHttp : state: CZ
11-05 13:52:08.241 20564 23383 D OkHttp : token: 6246477b2201027d3155f34571f7c488
11-05 13:52:08.241 20564 23383 D OkHttp : --> END GET
11-05 13:52:08.253 20564 23384 D MYINTERCEPTOR: /GiengerService.svc/manifests
11-05 13:52:08.253 20564 23384 D OkHttp : --> GET https://testsaig1.gienger.cz/GiengerService.svc/manifests http/1.1
11-05 13:52:08.253 20564 23384 D OkHttp : state: CZ
11-05 13:52:08.253 20564 23384 D OkHttp : token: 6246477b2201027d3155f34571f7c488
11-05 13:52:08.254 20564 23384 D OkHttp : --> END GET
11-05 13:52:08.259 20564 20564 D ViewRootImpl@3903eee[LoginActivity]: ThreadedRenderer.create() translucent=false
11-05 13:52:08.265 20564 20564 D InputTransport: Input channel constructed: fd=63
11-05 13:52:08.266 20564 20564 D ViewRootImpl@3903eee[LoginActivity]: setView = DecorView@1ab7f8f[LoginActivity] touchMode=true
11-05 13:52:08.268 20564 20564 D ViewRootImpl@3903eee[LoginActivity]: dispatchAttachedToWindow
11-05 13:52:08.290 20564 20564 D ViewRootImpl@3903eee[LoginActivity]: Relayout returned: oldFrame=[0,0][0,0] newFrame=[0,0][768,1024] result=0x27 surface={isValid=true -2005792768} surfaceGenerationChanged=true
11-05 13:52:08.290 20564 20564 D ViewRootImpl@3903eee[LoginActivity]: mHardwareRenderer.initialize() mSurface={isValid=true -2005792768} hwInitialized=true
11-05 13:52:08.293 20564 20564 D AbsListView: in onLayout changed
11-05 13:52:08.294 20564 20564 E ViewRootImpl: sendUserActionEvent() returned.
11-05 13:52:08.294 20564 20564 E ViewRootImpl: sendUserActionEvent() returned.
11-05 13:52:08.310 20564 20564 D ViewRootImpl@3903eee[LoginActivity]: MSG_RESIZED_REPORT: frame=Rect(0, 0 - 768, 1024) ci=Rect(0, 24 - 0, 320) vi=Rect(0, 24 - 0, 320) or=1
11-05 13:52:08.311 20564 20564 D ViewRootImpl@3903eee[LoginActivity]: MSG_WINDOW_FOCUS_CHANGED 1
11-05 13:52:08.311 20564 20564 D ViewRootImpl@3903eee[LoginActivity]: mHardwareRenderer.initializeIfNeeded()#2 mSurface={isValid=true -2005792768}
11-05 13:52:08.314 20564 20564 V InputMethodManager: Starting input: tba=android.view.inputmethod.EditorInfo@d573408 nm : cz.gienger.mobile ic=null
11-05 13:52:08.314 20564 20564 I InputMethodManager: startInputInner - mService.startInputOrWindowGainedFocus
11-05 13:52:08.337 20564 20564 D InputTransport: Input channel constructed: fd=67
11-05 13:52:08.337 20564 20564 D InputTransport: Input channel destroyed: fd=77
11-05 13:52:08.344 20564 20564 E ViewRootImpl: sendUserActionEvent() returned.
11-05 13:52:08.349 20564 20564 W IInputConnectionWrapper: finishComposingText on inactive InputConnection
11-05 13:52:08.349 20564 20564 W IInputConnectionWrapper: performPrivateCommand on inactive InputConnection
11-05 13:52:08.364 20564 20564 W IInputConnectionWrapper: finishComposingText on inactive InputConnection
11-05 13:52:08.399 20564 20564 D ViewRootImpl@3903eee[LoginActivity]: MSG_RESIZED: frame=Rect(0, 0 - 768, 1024) ci=Rect(0, 24 - 0, 0) vi=Rect(0, 24 - 0, 0) or=1
11-05 13:52:08.423 20564 20564 D ViewRootImpl@3903eee[LoginActivity]: Relayout returned: oldFrame=[0,0][768,1024] newFrame=[0,0][768,1024] result=0x1 surface={isValid=true -2005792768} surfaceGenerationChanged=false
11-05 13:52:08.424 20564 20564 D AbsListView: in onLayout changed
11-05 13:52:08.441 20564 23376 D OkHttp : <-- 200 https://testsaig1.gienger.cz/GiengerService.svc/manifests (255ms)
11-05 13:52:08.441 20564 23376 D OkHttp : content-type: application/xml; charset=utf-8
11-05 13:52:08.441 20564 23376 D OkHttp : server: Microsoft-IIS/10.0
11-05 13:52:08.441 20564 23376 D OkHttp : x-powered-by: ASP.NET
11-05 13:52:08.441 20564 23376 D OkHttp : date: Thu, 05 Nov 2020 12:52:07 GMT
11-05 13:52:08.441 20564 23376 D OkHttp : content-length: 12556
11-05 13:52:08.441 20564 23376 D OkHttp : <-- END HTTP
11-05 13:52:08.491 20564 20564 D DOWNLOAD_MANIFESTS: success
11-05 13:52:08.551 20564 23384 D OkHttp : <-- 200 https://testsaig1.gienger.cz/GiengerService.svc/manifests (297ms)
11-05 13:52:08.551 20564 23384 D OkHttp : content-type: application/xml; charset=utf-8
11-05 13:52:08.552 20564 23384 D OkHttp : server: Microsoft-IIS/10.0
11-05 13:52:08.552 20564 23384 D OkHttp : x-powered-by: ASP.NET
11-05 13:52:08.552 20564 23384 D OkHttp : date: Thu, 05 Nov 2020 12:52:07 GMT
11-05 13:52:08.552 20564 23384 D OkHttp : content-length: 12556
11-05 13:52:08.552 20564 23384 D OkHttp : <-- END HTTP
11-05 13:52:08.552 20564 23383 D OkHttp : <-- 200 https://testsaig1.gienger.cz/GiengerService.svc/manifests (310ms)
11-05 13:52:08.552 20564 23383 D OkHttp : content-type: application/xml; charset=utf-8
11-05 13:52:08.552 20564 23383 D OkHttp : server: Microsoft-IIS/10.0
11-05 13:52:08.552 20564 23383 D OkHttp : x-powered-by: ASP.NET
11-05 13:52:08.552 20564 23383 D OkHttp : date: Thu, 05 Nov 2020 12:52:07 GMT
11-05 13:52:08.552 20564 23383 D OkHttp : content-length: 12556
11-05 13:52:08.552 20564 23383 D OkHttp : <-- END HTTP
11-05 13:52:08.581 20564 20564 D DOWNLOAD_MANIFESTS: success
11-05 13:52:08.773 20564 20564 D DOWNLOAD_MANIFESTS: success
11-05 13:52:08.784 20564 20564 V InputMethodManager: Starting input: tba=android.view.inputmethod.EditorInfo@b9499ee nm : cz.gienger.mobile ic=null
11-05 13:52:08.784 20564 20564 I InputMethodManager: startInputInner - mService.startInputOrWindowGainedFocus
11-05 13:52:08.786 20564 20564 D InputTransport: Input channel constructed: fd=78
11-05 13:52:08.786 20564 20564 D InputTransport: Input channel destroyed: fd=67
11-05 13:52:09.763 20564 20564 D ViewRootImpl@3903eee[LoginActivity]: ViewPostImeInputStage processPointer 0
11-05 13:52:09.809 20564 20564 D ViewRootImpl@3903eee[LoginActivity]: ViewPostImeInputStage processPointer 1
11-05 13:52:09.809 20564 20564 D AbsListView: onTouchUp() mTouchMode : 0
11-05 13:52:10.689 20564 20564 D ViewRootImpl@3903eee[LoginActivity]: ViewPostImeInputStage processPointer 0
11-05 13:52:10.760 20564 20564 D ViewRootImpl@3903eee[LoginActivity]: ViewPostImeInputStage processPointer 1
11-05 13:52:10.778 20564 20564 D InputMethodManager: HSIFW - flag : 0 Pid : 20564
11-05 13:52:10.857 20564 20564 D AbsListView: in onLayout changed
11-05 13:52:18.091 20564 20564 D ViewRootImpl@3903eee[LoginActivity]: ViewPostImeInputStage processPointer 0
11-05 13:52:18.170 20564 20564 D ViewRootImpl@3903eee[LoginActivity]: ViewPostImeInputStage processPointer 1
11-05 13:52:18.170 20564 20564 D AbsListView: onTouchUp() mTouchMode : 0
11-05 13:52:19.156 20564 20564 D ViewRootImpl@3903eee[LoginActivity]: ViewPostImeInputStage processPointer 0
11-05 13:52:19.274 20564 20564 D ViewRootImpl@3903eee[LoginActivity]: ViewPostImeInputStage processPointer 1
11-05 13:52:19.300 20564 20564 D ScrollView: initGoToTop
11-05 13:52:19.305 20564 20564 D ScrollView: initGoToTop
11-05 13:52:19.312 20564 20564 D ViewRootImpl@981d217[LoginActivity]: ThreadedRenderer.create() translucent=true
11-05 13:52:19.319 20564 20564 D InputTransport: Input channel constructed: fd=70
11-05 13:52:19.319 20564 20564 D ViewRootImpl@981d217[LoginActivity]: setView = DecorView@f13a604[LoginActivity] touchMode=true
11-05 13:52:19.320 20564 23383 D MYINTERCEPTOR: /GiengerService.svc/manifestinfo
11-05 13:52:19.321 20564 23383 D OkHttp : --> POST https://testsaig1.gienger.cz/GiengerService.svc/manifestinfo http/1.1
11-05 13:52:19.321 20564 23383 D OkHttp : Content-Length: 0
11-05 13:52:19.321 20564 23383 D OkHttp : state: CZ
11-05 13:52:19.321 20564 23383 D OkHttp : id: A04_trasa_A04-02_1_ranni_13_06_2019
11-05 13:52:19.321 20564 23383 D OkHttp : token: 6246477b2201027d3155f34571f7c488
11-05 13:52:19.321 20564 23383 D OkHttp : --> END POST
11-05 13:52:19.322 20564 20564 D ViewRootImpl@981d217[LoginActivity]: dispatchAttachedToWindow
11-05 13:52:19.347 20564 20564 D ViewRootImpl@981d217[LoginActivity]: Relayout returned: oldFrame=[0,0][0,0] newFrame=[108,466][660,582] result=0x27 surface={isValid=true -2013224960} surfaceGenerationChanged=true
11-05 13:52:19.347 20564 20564 D ViewRootImpl@981d217[LoginActivity]: mHardwareRenderer.initialize() mSurface={isValid=true -2013224960} hwInitialized=true
11-05 13:52:19.362 20564 20564 D ViewRootImpl@981d217[LoginActivity]: MSG_WINDOW_FOCUS_CHANGED 1
11-05 13:52:19.362 20564 20564 D ViewRootImpl@981d217[LoginActivity]: mHardwareRenderer.initializeIfNeeded()#2 mSurface={isValid=true -2013224960}
11-05 13:52:19.372 20564 20564 D ViewRootImpl@981d217[LoginActivity]: MSG_RESIZED_REPORT: frame=Rect(108, 466 - 660, 582) ci=Rect(0, 0 - 0, 0) vi=Rect(0, 0 - 0, 0) or=1
11-05 13:52:19.402 20564 20564 D ViewRootImpl@3903eee[LoginActivity]: MSG_WINDOW_FOCUS_CHANGED 0
11-05 13:52:19.442 20564 23383 D OkHttp : <-- 200 https://testsaig1.gienger.cz/GiengerService.svc/manifestinfo (120ms)
11-05 13:52:19.442 20564 23383 D OkHttp : content-type: application/xml; charset=utf-8
11-05 13:52:19.442 20564 23383 D OkHttp : server: Microsoft-IIS/10.0
11-05 13:52:19.442 20564 23383 D OkHttp : x-powered-by: ASP.NET
11-05 13:52:19.442 20564 23383 D OkHttp : date: Thu, 05 Nov 2020 12:52:18 GMT
11-05 13:52:19.443 20564 23383 D OkHttp : content-length: 148
11-05 13:52:19.443 20564 23383 D OkHttp : <-- END HTTP
11-05 13:52:19.470 20564 23392 D MYINTERCEPTOR: /GiengerService.svc/corrections
11-05 13:52:19.479 20564 23392 D OkHttp : --> GET https://testsaig1.gienger.cz/GiengerService.svc/corrections http/1.1
11-05 13:52:19.479 20564 23392 D OkHttp : token: 6246477b2201027d3155f34571f7c488
11-05 13:52:19.479 20564 23392 D OkHttp : --> END GET
11-05 13:52:19.563 20564 23392 D OkHttp : <-- 200 https://testsaig1.gienger.cz/GiengerService.svc/corrections (83ms)
11-05 13:52:19.563 20564 23392 D OkHttp : content-type: application/xml; charset=utf-8
11-05 13:52:19.563 20564 23392 D OkHttp : server: Microsoft-IIS/10.0
11-05 13:52:19.563 20564 23392 D OkHttp : x-powered-by: ASP.NET
11-05 13:52:19.563 20564 23392 D OkHttp : date: Thu, 05 Nov 2020 12:52:18 GMT
11-05 13:52:19.564 20564 23392 D OkHttp : content-length: 1267
11-05 13:52:19.564 20564 23392 D OkHttp : <-- END HTTP
11-05 13:52:19.576 20564 23392 D MYINTERCEPTOR: /GiengerService.svc/getorder
11-05 13:52:19.578 20564 23392 D OkHttp : --> POST https://testsaig1.gienger.cz/GiengerService.svc/getorder http/1.1
11-05 13:52:19.579 20564 23392 D OkHttp : Content-Length: 0
