11-05 13:52:19.579 20564 23392 D OkHttp : name: 130AT1190426883.xml
11-05 13:52:19.579 20564 23392 D OkHttp : token: 6246477b2201027d3155f34571f7c488
11-05 13:52:19.579 20564 23392 D OkHttp : --> END POST
11-05 13:52:19.721 20564 23392 D OkHttp : <-- 200 https://testsaig1.gienger.cz/GiengerService.svc/getorder (142ms)
11-05 13:52:19.721 20564 23392 D OkHttp : content-type: application/xml; charset=utf-8
11-05 13:52:19.722 20564 23392 D OkHttp : server: Microsoft-IIS/10.0
11-05 13:52:19.722 20564 23392 D OkHttp : checksum: fc25453df0b07b97e872586e7c0e9323
11-05 13:52:19.722 20564 23392 D OkHttp : x-powered-by: ASP.NET
11-05 13:52:19.722 20564 23392 D OkHttp : date: Thu, 05 Nov 2020 12:52:18 GMT
11-05 13:52:19.722 20564 23392 D OkHttp : content-length: 183346
11-05 13:52:19.722 20564 23392 D OkHttp : <-- END HTTP
11-05 13:52:19.844 20564 20575 I art : Background partial concurrent mark sweep GC freed 105736(5MB) AllocSpace objects, 14(448KB) LOS objects, 59% free, 8MB/20MB, paused 1.579ms total 107.335ms
11-05 13:52:19.956 20564 23392 D MYINTERCEPTOR: /GiengerService.svc/getorder
11-05 13:52:19.958 20564 23392 D OkHttp : --> POST https://testsaig1.gienger.cz/GiengerService.svc/getorder http/1.1
11-05 13:52:19.958 20564 23392 D OkHttp : Content-Length: 0
11-05 13:52:19.958 20564 23392 D OkHttp : name: 130AT1190426884.xml
11-05 13:52:19.958 20564 23392 D OkHttp : token: 6246477b2201027d3155f34571f7c488
11-05 13:52:19.958 20564 23392 D OkHttp : --> END POST
11-05 13:52:20.380 20564 23392 D OkHttp : <-- 200 https://testsaig1.gienger.cz/GiengerService.svc/getorder (421ms)
11-05 13:52:20.380 20564 23392 D OkHttp : content-type: application/xml; charset=utf-8
11-05 13:52:20.380 20564 23392 D OkHttp : server: Microsoft-IIS/10.0
11-05 13:52:20.380 20564 23392 D OkHttp : checksum: d40b220bd47a1500654c4572133d4efe
11-05 13:52:20.380 20564 23392 D OkHttp : x-powered-by: ASP.NET
11-05 13:52:20.381 20564 23392 D OkHttp : date: Thu, 05 Nov 2020 12:52:18 GMT
11-05 13:52:20.381 20564 23392 D OkHttp : content-length: 163290
11-05 13:52:20.381 20564 23392 D OkHttp : <-- END HTTP
11-05 13:52:20.876 20564 20564 D ViewRootImpl@981d217[LoginActivity]: mHardwareRenderer.destroy()#4
11-05 13:52:20.876 20564 20564 D ViewRootImpl@981d217[LoginActivity]: dispatchDetachedFromWindow
11-05 13:52:20.891 20564 20564 D InputTransport: Input channel destroyed: fd=70
11-05 13:52:20.905 20564 20564 D ViewRootImpl@3903eee[LoginActivity]: MSG_WINDOW_FOCUS_CHANGED 1
11-05 13:52:20.906 20564 20564 D ViewRootImpl@3903eee[LoginActivity]: mHardwareRenderer.initializeIfNeeded()#2 mSurface={isValid=true -2005792768}
11-05 13:52:20.907 20564 20564 V InputMethodManager: Starting input: tba=android.view.inputmethod.EditorInfo@f007aa6 nm : cz.gienger.mobile ic=null
11-05 13:52:20.907 20564 20564 I InputMethodManager: startInputInner - mService.startInputOrWindowGainedFocus
11-05 13:52:20.909 20564 20564 D InputTransport: Input channel constructed: fd=70
11-05 13:52:20.909 20564 20564 D InputTransport: Input channel destroyed: fd=78
11-05 13:52:20.909 20564 20564 E ViewRootImpl: sendUserActionEvent() returned.
11-05 13:52:20.915 20564 20564 D AbsListView: in onLayout changed
11-05 13:52:20.971 20564 20564 D AbsListView: in onLayout changed
11-05 13:52:22.108 20564 20564 D ViewRootImpl@3903eee[LoginActivity]: ViewPostImeInputStage processPointer 0
11-05 13:52:22.145 20564 20564 D ViewRootImpl@3903eee[LoginActivity]: ViewPostImeInputStage processPointer 1
11-05 13:52:22.163 20564 20564 D ScrollView: initGoToTop
11-05 13:52:22.167 20564 20564 D ScrollView: initGoToTop
11-05 13:52:22.175 20564 20564 D ViewRootImpl@71b34e2[LoginActivity]: ThreadedRenderer.create() translucent=true
11-05 13:52:22.181 20564 20564 D InputTransport: Input channel constructed: fd=78
11-05 13:52:22.182 20564 20564 D ViewRootImpl@71b34e2[LoginActivity]: setView = DecorView@97e9073[LoginActivity] touchMode=true
11-05 13:52:22.183 20564 20564 D ViewRootImpl@71b34e2[LoginActivity]: dispatchAttachedToWindow
11-05 13:52:22.204 20564 20564 D ViewRootImpl@71b34e2[LoginActivity]: Relayout returned: oldFrame=[0,0][0,0] newFrame=[108,450][660,597] result=0x27 surface={isValid=true -2041903104} surfaceGenerationChanged=true
11-05 13:52:22.204 20564 20564 D ViewRootImpl@71b34e2[LoginActivity]: mHardwareRenderer.initialize() mSurface={isValid=true -2041903104} hwInitialized=true
11-05 13:52:22.208 20564 20564 D ScrollView: onsize change changed
11-05 13:52:22.209 20564 20564 D ScrollView: onsize change changed
11-05 13:52:22.222 20564 20564 D ViewRootImpl@71b34e2[LoginActivity]: MSG_WINDOW_FOCUS_CHANGED 1
11-05 13:52:22.222 20564 20564 D ViewRootImpl@71b34e2[LoginActivity]: mHardwareRenderer.initializeIfNeeded()#2 mSurface={isValid=true -2041903104}
11-05 13:52:22.239 20564 20564 D ViewRootImpl@71b34e2[LoginActivity]: MSG_RESIZED_REPORT: frame=Rect(108, 450 - 660, 597) ci=Rect(0, 0 - 0, 0) vi=Rect(0, 0 - 0, 0) or=1
11-05 13:52:22.260 20564 20564 D ViewRootImpl@3903eee[LoginActivity]: MSG_WINDOW_FOCUS_CHANGED 0
11-05 13:52:23.243 20564 20564 D ViewRootImpl@71b34e2[LoginActivity]: ViewPostImeInputStage processPointer 0
11-05 13:52:23.302 20564 20564 D ViewRootImpl@71b34e2[LoginActivity]: ViewPostImeInputStage processPointer 1
11-05 13:52:23.335 20564 20564 D ScrollView: initGoToTop
11-05 13:52:23.340 20564 20564 D ScrollView: initGoToTop
11-05 13:52:23.347 20564 20564 D ViewRootImpl@6d198f4[LoginActivity]: ThreadedRenderer.create() translucent=true
11-05 13:52:23.352 20564 20564 D InputTransport: Input channel constructed: fd=82
11-05 13:52:23.352 20564 20564 D ViewRootImpl@6d198f4[LoginActivity]: setView = DecorView@490a81d[LoginActivity] touchMode=true
11-05 13:52:23.353 20564 23383 D MYINTERCEPTOR: /GiengerService.svc/assign/A04_trasa_A04-02_1_ranni_13_06_2019
11-05 13:52:23.354 20564 23383 D OkHttp : --> POST https://testsaig1.gienger.cz/GiengerService.svc/assign/A04_trasa_A04-02_1_ranni_13_06_2019 http/1.1
11-05 13:52:23.354 20564 23383 D OkHttp : Content-Length: 0
11-05 13:52:23.354 20564 23383 D OkHttp : token: 6246477b2201027d3155f34571f7c488
11-05 13:52:23.354 20564 23383 D OkHttp : --> END POST
11-05 13:52:23.363 20564 20564 D ViewRootImpl@71b34e2[LoginActivity]: mHardwareRenderer.destroy()#4
11-05 13:52:23.363 20564 20564 D ViewRootImpl@71b34e2[LoginActivity]: dispatchDetachedFromWindow
11-05 13:52:23.378 20564 20564 D InputTransport: Input channel destroyed: fd=78
11-05 13:52:23.380 20564 20564 D ViewRootImpl@6d198f4[LoginActivity]: dispatchAttachedToWindow
11-05 13:52:23.408 20564 20564 D ViewRootImpl@6d198f4[LoginActivity]: Relayout returned: oldFrame=[0,0][0,0] newFrame=[108,466][660,582] result=0x27 surface={isValid=true -2041903104} surfaceGenerationChanged=true
11-05 13:52:23.409 20564 20564 D ViewRootImpl@6d198f4[LoginActivity]: mHardwareRenderer.initialize() mSurface={isValid=true -2041903104} hwInitialized=true
11-05 13:52:23.412 20564 20564 D ViewRootImpl@6d198f4[LoginActivity]: MSG_WINDOW_FOCUS_CHANGED 1
11-05 13:52:23.413 20564 20564 D ViewRootImpl@6d198f4[LoginActivity]: mHardwareRenderer.initializeIfNeeded()#2 mSurface={isValid=true -2041903104}
11-05 13:52:23.424 20564 20564 D ViewRootImpl@6d198f4[LoginActivity]: MSG_RESIZED_REPORT: frame=Rect(108, 466 - 660, 582) ci=Rect(0, 0 - 0, 0) vi=Rect(0, 0 - 0, 0) or=1
11-05 13:52:23.449 20564 20564 E ViewRootImpl: sendUserActionEvent() returned.
11-05 13:52:23.479 20564 23383 D OkHttp : <-- 200 https://testsaig1.gienger.cz/GiengerService.svc/assign/A04_trasa_A04-02_1_ranni_13_06_2019 (125ms)
11-05 13:52:23.479 20564 23383 D OkHttp : content-type: application/xml; charset=utf-8
11-05 13:52:23.480 20564 23383 D OkHttp : server: Microsoft-IIS/10.0
11-05 13:52:23.480 20564 23383 D OkHttp : x-powered-by: ASP.NET
11-05 13:52:23.480 20564 23383 D OkHttp : date: Thu, 05 Nov 2020 12:52:22 GMT
11-05 13:52:23.480 20564 23383 D OkHttp : content-length: 187
11-05 13:52:23.480 20564 23383 D OkHttp : <-- END HTTP
11-05 13:52:23.514 20564 20564 D ViewRootImpl@6d198f4[LoginActivity]: mHardwareRenderer.destroy()#4
11-05 13:52:23.514 20564 20564 D ViewRootImpl@6d198f4[LoginActivity]: dispatchDetachedFromWindow
11-05 13:52:23.530 20564 20564 D InputTransport: Input channel destroyed: fd=82
11-05 13:52:23.540 20564 20564 D ALARM_REUPLOAD: alarm already scheduled
11-05 13:52:23.572 20564 20564 D ScrollView: initGoToTop
11-05 13:52:23.577 20564 20564 D ScrollView: initGoToTop
11-05 13:52:23.587 20564 20564 D ViewRootImpl@2a5c997[LoginActivity]: ThreadedRenderer.create() translucent=true
11-05 13:52:23.593 20564 20564 D InputTransport: Input channel constructed: fd=78
11-05 13:52:23.593 20564 20564 D ViewRootImpl@2a5c997[LoginActivity]: setView = DecorView@5cd0784[LoginActivity] touchMode=true
11-05 13:52:23.595 20564 20564 D ViewRootImpl@2a5c997[LoginActivity]: dispatchAttachedToWindow
11-05 13:52:23.595 20564 23396 D MYINTERCEPTOR: /GiengerService.svc/metadata
11-05 13:52:23.596 20564 23396 D OkHttp : --> GET https://testsaig1.gienger.cz/GiengerService.svc/metadata http/1.1
11-05 13:52:23.596 20564 23396 D OkHttp : token: 6246477b2201027d3155f34571f7c488
11-05 13:52:23.596 20564 23396 D OkHttp : state: CZ
11-05 13:52:23.596 20564 23396 D OkHttp : --> END GET
11-05 13:52:23.628 20564 20564 D ViewRootImpl@2a5c997[LoginActivity]: Relayout returned: oldFrame=[0,0][0,0] newFrame=[108,466][660,582] result=0x27 surface={isValid=true -2013218816} surfaceGenerationChanged=true
11-05 13:52:23.628 20564 20564 D ViewRootImpl@2a5c997[LoginActivity]: mHardwareRenderer.initialize() mSurface={isValid=true -2013218816} hwInitialized=true
11-05 13:52:23.631 20564 20564 D ViewRootImpl@3903eee[LoginActivity]: MSG_WINDOW_FOCUS_CHANGED 1
11-05 13:52:23.632 20564 20564 D ViewRootImpl@3903eee[LoginActivity]: mHardwareRenderer.initializeIfNeeded()#2 mSurface={isValid=true -2005792768}
11-05 13:52:23.634 20564 20564 E ViewRootImpl: sendUserActionEvent() returned.
11-05 13:52:23.635 20564 20564 D ViewRootImpl@2a5c997[LoginActivity]: MSG_WINDOW_FOCUS_CHANGED 1
11-05 13:52:23.635 20564 20564 D ViewRootImpl@2a5c997[LoginActivity]: mHardwareRenderer.initializeIfNeeded()#2 mSurface={isValid=true -2013218816}
11-05 13:52:23.647 20564 20564 D ViewRootImpl@2a5c997[LoginActivity]: MSG_RESIZED_REPORT: frame=Rect(108, 466 - 660, 582) ci=Rect(0, 0 - 0, 0) vi=Rect(0, 0 - 0, 0) or=1
11-05 13:52:23.682 20564 20564 D ViewRootImpl@3903eee[LoginActivity]: MSG_WINDOW_FOCUS_CHANGED 0
11-05 13:52:25.380 20564 23396 D OkHttp : <-- 200 https://testsaig1.gienger.cz/GiengerService.svc/metadata (1784ms)
11-05 13:52:25.380 20564 23396 D OkHttp : content-type: application/xml; charset=utf-8
11-05 13:52:25.380 20564 23396 D OkHttp : server: Microsoft-IIS/10.0
11-05 13:52:25.381 20564 23396 D OkHttp : x-powered-by: ASP.NET
11-05 13:52:25.381 20564 23396 D OkHttp : date: Thu, 05 Nov 2020 12:52:24 GMT
11-05 13:52:25.381 20564 23396 D OkHttp : content-length: 550
11-05 13:52:25.381 20564 23396 D OkHttp : <-- END HTTP
11-05 13:52:43.878 20564 20564 D ViewRootImpl@2a5c997[LoginActivity]: mHardwareRenderer.destroy()#4
11-05 13:52:43.878 20564 20564 D ViewRootImpl@2a5c997[LoginActivity]: dispatchDetachedFromWindow
11-05 13:52:43.891 20564 20564 D InputTransport: Input channel destroyed: fd=78
11-05 13:52:43.908 20564 20564 D ViewRootImpl@3903eee[LoginActivity]: MSG_WINDOW_FOCUS_CHANGED 1
11-05 13:52:43.908 20564 20564 D ViewRootImpl@3903eee[LoginActivity]: mHardwareRenderer.initializeIfNeeded()#2 mSurface={isValid=true -2005792768}
11-05 13:52:43.915 20564 20564 E ViewRootImpl: sendUserActionEvent() returned.
11-05 13:52:44.032 20564 20564 D ViewRootImpl@397df77[MainActivity]: ThreadedRenderer.create() translucent=false
11-05 13:52:44.035 20564 20564 D InputTransport: Input channel constructed: fd=82
11-05 13:52:44.036 20564 20564 D ViewRootImpl@397df77[MainActivity]: setView = DecorView@aca97e4[MainActivity] touchMode=true
11-05 13:52:44.043 20564 20564 D ViewRootImpl@397df77[MainActivity]: dispatchAttachedToWindow
11-05 13:52:44.084 20564 20564 D ViewRootImpl@397df77[MainActivity]: Relayout returned: oldFrame=[0,0][0,0] newFrame=[0,0][768,1024] result=0x7 surface={isValid=true -2013218816} surfaceGenerationChanged=true
11-05 13:52:44.084 20564 20564 D ViewRootImpl@397df77[MainActivity]: mHardwareRenderer.initialize() mSurface={isValid=true -2013218816} hwInitialized=true
11-05 13:52:44.114 20564 20564 D AbsListView: in onLayout changed
11-05 13:52:44.167 20564 20564 D ViewRootImpl@397df77[MainActivity]: MSG_RESIZED_REPORT: frame=Rect(0, 0 - 768, 1024) ci=Rect(0, 24 - 0, 0) vi=Rect(0, 24 - 0, 0) or=1
11-05 13:52:44.167 20564 20564 D ViewRootImpl@397df77[MainActivity]: MSG_WINDOW_FOCUS_CHANGED 1
11-05 13:52:44.168 20564 20564 D ViewRootImpl@397df77[MainActivity]: mHardwareRenderer.initializeIfNeeded()#2 mSurface={isValid=true -2013218816}
11-05 13:52:44.169 20564 20564 V InputMethodManager: Starting input: tba=android.view.inputmethod.EditorInfo@d8e0f1a nm : cz.gienger.mobile ic=null
11-05 13:52:44.169 20564 20564 I InputMethodManager: startInputInner - mService.startInputOrWindowGainedFocus
11-05 13:52:44.198 20564 20564 D InputTransport: Input channel constructed: fd=85
11-05 13:52:44.199 20564 20564 D InputTransport: Input channel destroyed: fd=70
11-05 13:52:44.209 20564 20564 D ViewRootImpl@3903eee[LoginActivity]: MSG_WINDOW_FOCUS_CHANGED 0
11-05 13:52:44.254 20564 20564 D ViewRootImpl@3903eee[LoginActivity]: mHardwareRenderer.destroy()#1
11-05 13:52:44.271 20564 20564 D ViewRootImpl@3903eee[LoginActivity]: Relayout returned: oldFrame=[0,0][768,1024] newFrame=[0,0][768,1024] result=0x5 surface={isValid=false 0} surfaceGenerationChanged=true
11-05 13:52:44.631 20564 20564 D ViewRootImpl@3903eee[LoginActivity]: mHardwareRenderer.destroy()#4
11-05 13:52:44.632 20564 20564 D ViewRootImpl@3903eee[LoginActivity]: dispatchDetachedFromWindow
11-05 13:52:44.640 20564 20564 D InputTransport: Input channel destroyed: fd=63
11-05 13:52:47.010 20564 20564 D ViewRootImpl@397df77[MainActivity]: ViewPostImeInputStage processPointer 0
11-05 13:52:47.045 20564 20564 D ViewRootImpl@397df77[MainActivity]: ViewPostImeInputStage processPointer 1
11-05 13:52:47.057 20564 20564 D item_click: viewId = 2131820756, position = 0
11-05 13:52:47.102 20564 20564 D ViewRootImpl@397df77[MainActivity]: MSG_WINDOW_FOCUS_CHANGED 0
11-05 13:52:47.223 20564 20564 D ViewRootImpl@5bc00e8[DeliverActivity]: ThreadedRenderer.create() translucent=false
11-05 13:52:47.226 20564 20564 D InputTransport: Input channel constructed: fd=68
11-05 13:52:47.227 20564 20564 D ViewRootImpl@5bc00e8[DeliverActivity]: setView = DecorView@4c34301[DeliverActivity] touchMode=true
11-05 13:52:47.228 20564 20564 D LOCATION_SERVICE: LocationListener gps
11-05 13:52:47.229 20564 20564 D LOCATION_SERVICE: LocationListener network
11-05 13:52:47.229 20564 20564 D LOCATION_SERVICE: onCreate
11-05 13:52:47.230 20564 20564 D LOCATION_SERVICE: initializeLocationManager
11-05 13:52:47.238 20564 20564 D LOCATION_SERVICE: onStartCommand
11-05 13:52:47.245 20564 20564 D ViewRootImpl@5bc00e8[DeliverActivity]: dispatchAttachedToWindow
11-05 13:52:47.280 20564 20564 D ViewRootImpl@5bc00e8[DeliverActivity]: Relayout returned: oldFrame=[0,0][0,0] newFrame=[0,0][768,1024] result=0x27 surface={isValid=true -2010738688} surfaceGenerationChanged=true
11-05 13:52:47.280 20564 20564 D ViewRootImpl@5bc00e8[DeliverActivity]: mHardwareRenderer.initialize() mSurface={isValid=true -2010738688} hwInitialized=true
11-05 13:52:47.312 20564 20564 D ViewRootImpl@5bc00e8[DeliverActivity]: MSG_RESIZED_REPORT: frame=Rect(0, 0 - 768, 1024) ci=Rect(0, 24 - 0, 0) vi=Rect(0, 24 - 0, 0) or=1
11-05 13:52:47.312 20564 20564 D ViewRootImpl@5bc00e8[DeliverActivity]: MSG_WINDOW_FOCUS_CHANGED 1
11-05 13:52:47.312 20564 20564 D ViewRootImpl@5bc00e8[DeliverActivity]: mHardwareRenderer.initializeIfNeeded()#2 mSurface={isValid=true -2010738688}
11-05 13:52:47.313 20564 20564 V InputMethodManager: Starting input: tba=android.view.inputmethod.EditorInfo@c2c237e nm : cz.gienger.mobile ic=null
11-05 13:52:47.313 20564 20564 I InputMethodManager: startInputInner - mService.startInputOrWindowGainedFocus
11-05 13:52:47.326 20564 20564 D InputTransport: Input channel constructed: fd=69
11-05 13:52:47.326 20564 20564 D InputTransport: Input channel destroyed: fd=85
11-05 13:52:47.360 20564 20610 D OpenGLRenderer: endAllActiveAnimators on 0x89089580 (RippleDrawable) with handle 0x8781fd90
11-05 13:52:47.360 20564 20564 D ViewRootImpl@397df77[MainActivity]: mHardwareRenderer.destroy()#1
11-05 13:52:47.363 20564 23392 D FILE_MANAGER: Copying file /data/user/0/cz.gienger.mobile/files/delivery/130AT1190426883/130AT1190426883.pdf to /storage/emulated/0/130AT1190426883.pdf
11-05 13:52:47.367 20564 20564 D ViewRootImpl@397df77[MainActivity]: Relayout returned: oldFrame=[0,0][768,1024] newFrame=[0,0][768,1024] result=0x5 surface={isValid=false 0} surfaceGenerationChanged=true
11-05 13:52:47.758 20564 20564 D ViewRootImpl@397df77[MainActivity]: Relayout returned: oldFrame=[0,0][768,1024] newFrame=[0,0][768,1024] result=0x5 surface={isValid=false 0} surfaceGenerationChanged=false
11-05 13:52:47.866 20564 23392 D FILE_MANAGER: copy ok
11-05 13:52:51.543 20564 20564 D ViewRootImpl@5bc00e8[DeliverActivity]: ViewPostImeInputStage processPointer 0
11-05 13:52:51.632 20564 20564 D ViewRootImpl@5bc00e8[DeliverActivity]: ViewPostImeInputStage processPointer 1
11-05 13:52:53.578 20564 20564 D ViewRootImpl@5bc00e8[DeliverActivity]: ViewPostImeInputStage processPointer 0
11-05 13:52:53.658 20564 20564 D ViewRootImpl@5bc00e8[DeliverActivity]: ViewPostImeInputStage processPointer 1
11-05 13:52:53.665 20564 20564 D ScrollView: initGoToTop
11-05 13:52:53.703 20564 20564 D ScrollView: onsize change changed
11-05 13:52:54.019 20564 20564 D TextView: SYANI: Clipboard API is calling: clearFilter()
11-05 13:52:54.019 20564 20564 D TextView: SYANI: Clipboard API is calling: unregisterClipboardEventListener()
11-05 13:52:54.022 20564 20564 D TextView: SYANI: Clipboard API is calling: clearFilter()
11-05 13:52:54.022 20564 20564 D TextView: SYANI: Clipboard API is calling: unregisterClipboardEventListener()
11-05 13:52:54.025 20564 20564 D TextView: SYANI: Clipboard API is calling: clearFilter()
11-05 13:52:54.025 20564 20564 D TextView: SYANI: Clipboard API is calling: unregisterClipboardEventListener()
11-05 13:52:55.077 20564 20564 D ViewRootImpl@5bc00e8[DeliverActivity]: ViewPostImeInputStage processPointer 0
11-05 13:52:55.155 20564 20564 D ViewRootImpl@5bc00e8[DeliverActivity]: ViewPostImeInputStage processPointer 1
11-05 13:52:55.780 20564 20564 D ViewRootImpl@5bc00e8[DeliverActivity]: ViewPostImeInputStage processPointer 0
11-05 13:52:55.854 20564 20564 D ViewRootImpl@5bc00e8[DeliverActivity]: ViewPostImeInputStage processPointer 1
11-05 13:52:55.864 20564 20564 V InputMethodManager: Starting input: tba=android.view.inputmethod.EditorInfo@46150b6 nm : cz.gienger.mobile ic=com.android.internal.widget.EditableInputConnection@6cb01b7
11-05 13:52:55.864 20564 20564 I InputMethodManager: startInputInner - mService.startInputOrWindowGainedFocus
11-05 13:52:55.866 20564 20564 D InputTransport: Input channel constructed: fd=63
11-05 13:52:55.866 20564 20564 D InputTransport: Input channel destroyed: fd=69
11-05 13:52:55.866 20564 20564 D InputMethodManager: SSI - flag : 0 Pid : 20564 view : cz.gienger.mobile
11-05 13:52:56.179 20564 20564 D ViewRootImpl@5bc00e8[DeliverActivity]: MSG_RESIZED: frame=Rect(0, 0 - 768, 1024) ci=Rect(0, 24 - 0, 359) vi=Rect(0, 24 - 0, 359) or=1
11-05 13:52:56.204 20564 20564 D ViewRootImpl@5bc00e8[DeliverActivity]: Relayout returned: oldFrame=[0,0][768,1024] newFrame=[0,0][768,1024] result=0x1 surface={isValid=true -2010738688} surfaceGenerationChanged=false
11-05 13:52:56.208 20564 20564 D ScrollView: onsize change changed
11-05 13:52:59.092 20564 20564 D ViewRootImpl@5bc00e8[DeliverActivity]: ViewPostImeInputStage processPointer 0
11-05 13:52:59.151 20564 20564 D ViewRootImpl@5bc00e8[DeliverActivity]: ViewPostImeInputStage processPointer 1
11-05 13:52:59.164 20564 20564 V InputMethodManager: Starting input: tba=android.view.inputmethod.EditorInfo@64f68cb nm : cz.gienger.mobile ic=com.android.internal.widget.EditableInputConnection@9bfa8a8
11-05 13:52:59.165 20564 20564 I InputMethodManager: startInputInner - mService.startInputOrWindowGainedFocus
11-05 13:52:59.167 20564 20564 D InputTransport: Input channel constructed: fd=64
11-05 13:52:59.167 20564 20564 D InputTransport: Input channel destroyed: fd=63
11-05 13:52:59.167 20564 20564 D InputMethodManager: SSI - flag : 0 Pid : 20564 view : cz.gienger.mobile
11-05 13:52:59.173 20564 20564 W IInputConnectionWrapper: finishComposingText on inactive InputConnection
11-05 13:53:02.324 20564 20564 D ViewRootImpl@5bc00e8[DeliverActivity]: ViewPostImeInputStage processPointer 0
11-05 13:53:02.396 20564 20564 D ViewRootImpl@5bc00e8[DeliverActivity]: ViewPostImeInputStage processPointer 1
11-05 13:53:02.409 20564 20564 V InputMethodManager: Starting input: tba=android.view.inputmethod.EditorInfo@4baa754 nm : cz.gienger.mobile ic=com.android.internal.widget.EditableInputConnection@16d06fd
11-05 13:53:02.409 20564 20564 I InputMethodManager: startInputInner - mService.startInputOrWindowGainedFocus
11-05 13:53:02.412 20564 20564 D InputTransport: Input channel constructed: fd=63
11-05 13:53:02.412 20564 20564 D InputTransport: Input channel destroyed: fd=64
11-05 13:53:02.412 20564 20564 D InputMethodManager: SSI - flag : 0 Pid : 20564 view : cz.gienger.mobile
11-05 13:53:02.417 20564 20564 W IInputConnectionWrapper: finishComposingText on inactive InputConnection
11-05 13:53:04.370 20564 20564 D ViewRootImpl@5bc00e8[DeliverActivity]: ViewPostImeInputStage processPointer 0
11-05 13:53:04.452 20564 20564 D ViewRootImpl@5bc00e8[DeliverActivity]: ViewPostImeInputStage processPointer 1
11-05 13:53:04.704 20564 20564 D ViewRootImpl@5bc00e8[DeliverActivity]: ViewPostImeInputStage processPointer 0
11-05 13:53:04.763 20564 20564 D ViewRootImpl@5bc00e8[DeliverActivity]: ViewPostImeInputStage processPointer 1
11-05 13:53:05.185 20564 20564 D ViewRootImpl@5bc00e8[DeliverActivity]: ViewPostImeInputStage processPointer 0
11-05 13:53:05.243 20564 20564 D ViewRootImpl@5bc00e8[DeliverActivity]: ViewPostImeInputStage processPointer 1
11-05 13:53:05.290 20564 20564 D ScrollView: initGoToTop
11-05 13:53:05.296 20564 20564 D ScrollView: initGoToTop
11-05 13:53:05.306 20564 20564 D ViewRootImpl@a700ca5[DeliverActivity]: ThreadedRenderer.create() translucent=true
11-05 13:53:05.316 20564 20564 D InputTransport: Input channel constructed: fd=64
11-05 13:53:05.316 20564 20564 D ViewRootImpl@a700ca5[DeliverActivity]: setView = DecorView@22dd87a[DeliverActivity] touchMode=true
11-05 13:53:05.334 20564 20564 D ViewRootImpl@a700ca5[DeliverActivity]: dispatchAttachedToWindow
11-05 13:53:05.367 20564 20564 D ViewRootImpl@a700ca5[DeliverActivity]: Relayout returned: oldFrame=[0,0][0,0] newFrame=[108,466][660,582] result=0x27 surface={isValid=true -2036338688} surfaceGenerationChanged=true
11-05 13:53:05.367 20564 20564 D ViewRootImpl@a700ca5[DeliverActivity]: mHardwareRenderer.initialize() mSurface={isValid=true -2036338688} hwInitialized=true
11-05 13:53:05.374 20564 20564 D ViewRootImpl@a700ca5[DeliverActivity]: MSG_WINDOW_FOCUS_CHANGED 1
11-05 13:53:05.375 20564 20564 D ViewRootImpl@a700ca5[DeliverActivity]: mHardwareRenderer.initializeIfNeeded()#2 mSurface={isValid=true -2036338688}
11-05 13:53:05.386 20564 20564 D ViewRootImpl@a700ca5[DeliverActivity]: MSG_RESIZED_REPORT: frame=Rect(108, 466 - 660, 582) ci=Rect(0, 0 - 0, 0) vi=Rect(0, 0 - 0, 0) or=1
11-05 13:53:05.421 20564 20564 D ViewRootImpl@5bc00e8[DeliverActivity]: MSG_WINDOW_FOCUS_CHANGED 0
11-05 13:53:05.870 20564 20575 I art : Background partial concurrent mark sweep GC freed 167720(5MB) AllocSpace objects, 13(2MB) LOS objects, 47% free, 13MB/25MB, paused 1.210ms total 134.751ms
11-05 13:53:07.429 20564 20575 I art : Background partial concurrent mark sweep GC freed 344046(10MB) AllocSpace objects, 6(176KB) LOS objects, 42% free, 16MB/28MB, paused 1.653ms total 143.830ms
11-05 13:53:07.866 20564 20564 D LOCATION_SERVICE: onLocationChanged: Location[network 49,191182,17,534377 acc=20 et=+1d23h44m28s196ms alt=0.0 vel=0.0 bear=0.0 {Bundle[mParcelledData.dataSize=80]}]
11-05 13:53:07.975 20564 20564 D ViewRootImpl@a700ca5[DeliverActivity]: mHardwareRenderer.destroy()#4
11-05 13:53:07.975 20564 20564 D ViewRootImpl@a700ca5[DeliverActivity]: dispatchDetachedFromWindow
11-05 13:53:07.990 20564 20564 D InputTransport: Input channel destroyed: fd=64
11-05 13:53:07.991 20564 20564 D SIGN_URI: file:///storage/emulated/0/130AT1190426883.pdf
11-05 13:53:08.028 20564 20564 D ViewRootImpl@5bc00e8[DeliverActivity]: MSG_WINDOW_FOCUS_CHANGED 1
11-05 13:53:08.028 20564 20564 D ViewRootImpl@5bc00e8[DeliverActivity]: mHardwareRenderer.initializeIfNeeded()#2 mSurface={isValid=true -2010738688}
11-05 13:53:08.039 20564 20564 E ViewRootImpl: sendUserActionEvent() returned.
11-05 13:53:08.039 20564 20564 D ViewRootImpl@5bc00e8[DeliverActivity]: MSG_WINDOW_FOCUS_CHANGED 0
11-05 13:53:09.873 20564 20564 D ViewRootImpl@5bc00e8[DeliverActivity]: mHardwareRenderer.destroy()#1
11-05 13:53:09.882 20564 20564 D ViewRootImpl@5bc00e8[DeliverActivity]: Relayout returned: oldFrame=[0,0][768,1024] newFrame=[0,0][768,1024] result=0x5 surface={isValid=false 0} surfaceGenerationChanged=true
11-05 13:53:09.886 20564 20564 D InputTransport: Input channel destroyed: fd=63
11-05 13:53:09.904 20564 20564 W IInputConnectionWrapper: finishComposingText on inactive InputConnection
11-05 13:53:09.904 20564 20564 W IInputConnectionWrapper: reportFullscreenMode on inexistent InputConnection
11-05 13:53:09.904 20564 20564 W IInputConnectionWrapper: finishComposingText on inactive InputConnection
11-05 13:53:48.894 20564 20564 D LOCATION_SERVICE: onLocationChanged: Location[network 49,191142,17,534512 acc=21 et=+1d23h45m9s228ms alt=0.0 vel=0.0 bear=0.0 {Bundle[mParcelledData.dataSize=80]}]
11-05 13:54:15.285 20564 20564 D ViewRootImpl@5bc00e8[DeliverActivity]: mHardwareRenderer.destroy()#1
11-05 13:54:15.292 20564 20564 D ViewRootImpl@5bc00e8[DeliverActivity]: Relayout returned: oldFrame=[0,0][768,1024] newFrame=[0,0][768,1024] result=0x1 surface={isValid=false 0} surfaceGenerationChanged=false
11-05 13:54:15.377 20564 20564 D ViewRootImpl@5bc00e8[DeliverActivity]: Relayout returned: oldFrame=[0,0][768,1024] newFrame=[0,0][768,1024] result=0x7 surface={isValid=true -2046052352} surfaceGenerationChanged=true
11-05 13:54:15.377 20564 20564 D ViewRootImpl@5bc00e8[DeliverActivity]: mHardwareRenderer.initialize() mSurface={isValid=true -2046052352} hwInitialized=true
11-05 13:54:15.385 20564 20564 D ScrollView: onsize change changed
11-05 13:54:15.412 20564 20564 D ScrollView: initGoToTop
11-05 13:54:15.929 20564 20564 D ViewRootImpl@a70d1da[CorrectionActivity]: ThreadedRenderer.create() translucent=false
11-05 13:54:15.933 20564 20564 D InputTransport: Input channel constructed: fd=61
11-05 13:54:15.934 20564 20564 D ViewRootImpl@a70d1da[CorrectionActivity]: setView = DecorView@a95f60b[CorrectionActivity] touchMode=true
11-05 13:54:15.935 20564 20564 I Choreographer: Skipped 33 frames! The application may be doing too much work on its main thread.
11-05 13:54:16.027 20564 20564 D ViewRootImpl@a70d1da[CorrectionActivity]: dispatchAttachedToWindow
11-05 13:54:16.063 20564 20564 D ViewRootImpl@a70d1da[CorrectionActivity]: Relayout returned: oldFrame=[0,0][0,0] newFrame=[0,0][768,1024] result=0x7 surface={isValid=true -2037993472} surfaceGenerationChanged=true
11-05 13:54:16.063 20564 20564 D ViewRootImpl@a70d1da[CorrectionActivity]: mHardwareRenderer.initialize() mSurface={isValid=true -2037993472} hwInitialized=true
11-05 13:54:16.086 20564 20564 D AbsListView: in onLayout changed
11-05 13:54:16.086 20564 20564 D ScrollView: onsize change changed
11-05 13:54:16.142 20564 20564 D ViewRootImpl@a70d1da[CorrectionActivity]: MSG_RESIZED_REPORT: frame=Rect(0, 0 - 768, 1024) ci=Rect(0, 24 - 0, 0) vi=Rect(0, 24 - 0, 0) or=1
11-05 13:54:16.142 20564 20564 D ViewRootImpl@a70d1da[CorrectionActivity]: MSG_WINDOW_FOCUS_CHANGED 1
11-05 13:54:16.142 20564 20564 D ViewRootImpl@a70d1da[CorrectionActivity]: mHardwareRenderer.initializeIfNeeded()#2 mSurface={isValid=true -2037993472}
11-05 13:54:16.183 20564 20564 V InputMethodManager: Starting input: tba=android.view.inputmethod.EditorInfo@c739a4c nm : cz.gienger.mobile ic=null
11-05 13:54:16.183 20564 20564 I InputMethodManager: startInputInner - mService.startInputOrWindowGainedFocus
11-05 13:54:16.186 20564 20564 D InputTransport: Input channel constructed: fd=63
11-05 13:54:16.235 20564 20564 D ViewRootImpl@5bc00e8[DeliverActivity]: mHardwareRenderer.destroy()#1
11-05 13:54:16.245 20564 20564 D ViewRootImpl@5bc00e8[DeliverActivity]: Relayout returned: oldFrame=[0,0][768,1024] newFrame=[0,0][768,1024] result=0x5 surface={isValid=false 0} surfaceGenerationChanged=true
11-05 13:54:18.130 20564 20564 D ViewRootImpl@a70d1da[CorrectionActivity]: ViewPostImeInputStage processKey 0
11-05 13:54:18.222 20564 20564 D ViewRootImpl@a70d1da[CorrectionActivity]: ViewPostImeInputStage processKey 1
11-05 13:54:18.286 20564 20564 D ViewRootImpl@5bc00e8[DeliverActivity]: Relayout returned: oldFrame=[0,0][768,1024] newFrame=[0,0][768,1024] result=0x7 surface={isValid=true -2046052352} surfaceGenerationChanged=true
11-05 13:54:18.290 20564 20564 D ViewRootImpl@5bc00e8[DeliverActivity]: mHardwareRenderer.initialize() mSurface={isValid=true -2046052352} hwInitialized=true
11-05 13:54:18.294 20564 20564 D ScrollView: onsize change changed
11-05 13:54:18.296 20564 20564 D ViewRootImpl@5bc00e8[DeliverActivity]: MSG_RESIZED_REPORT: frame=Rect(0, 0 - 768, 1024) ci=Rect(0, 24 - 0, 0) vi=Rect(0, 24 - 0, 0) or=1
11-05 13:54:18.296 20564 20564 D ViewRootImpl@5bc00e8[DeliverActivity]: MSG_WINDOW_FOCUS_CHANGED 1
11-05 13:54:18.296 20564 20564 D ViewRootImpl@5bc00e8[DeliverActivity]: mHardwareRenderer.initializeIfNeeded()#2 mSurface={isValid=true -2046052352}
11-05 13:54:18.312 20564 20564 V InputMethodManager: Starting input: tba=android.view.inputmethod.EditorInfo@9660f38 nm : cz.gienger.mobile ic=com.android.internal.widget.EditableInputConnection@667bb11
11-05 13:54:18.313 20564 20564 I InputMethodManager: startInputInner - mService.startInputOrWindowGainedFocus
11-05 13:54:18.314 20564 20564 D InputTransport: Input channel constructed: fd=69
11-05 13:54:18.314 20564 20564 D InputTransport: Input channel destroyed: fd=63
11-05 13:54:18.366 20564 20564 D ViewRootImpl@a70d1da[CorrectionActivity]: mHardwareRenderer.destroy()#1
11-05 13:54:18.377 20564 20564 D ViewRootImpl@a70d1da[CorrectionActivity]: Relayout returned: oldFrame=[0,0][768,1024] newFrame=[0,0][768,1024] result=0x5 surface={isValid=false 0} surfaceGenerationChanged=true
11-05 13:54:18.382 20564 20564 D ViewRootImpl@a70d1da[CorrectionActivity]: MSG_WINDOW_FOCUS_CHANGED 0
11-05 13:54:18.767 20564 23504 D DELETING_DIRECTORY: /data/user/0/cz.gienger.mobile/files/delivery/130AT1190426883/corrections
11-05 13:54:18.767 20564 23504 D DELETING_DIRECTORY: exists /data/user/0/cz.gienger.mobile/files/delivery/130AT1190426883/corrections
11-05 13:54:18.774 20564 20564 D TextView: SYANI: Clipboard API is calling: clearFilter()
11-05 13:54:18.774 20564 20564 D TextView: SYANI: Clipboard API is calling: unregisterClipboardEventListener()
11-05 13:54:18.779 20564 20564 D TextView: SYANI: Clipboard API is calling: clearFilter()
11-05 13:54:18.779 20564 20564 D TextView: SYANI: Clipboard API is calling: unregisterClipboardEventListener()
11-05 13:54:18.783 20564 20564 D TextView: SYANI: Clipboard API is calling: clearFilter()
11-05 13:54:18.783 20564 20564 D TextView: SYANI: Clipboard API is calling: unregisterClipboardEventListener()
11-05 13:54:18.789 20564 20564 D TextView: SYANI: Clipboard API is calling: clearFilter()
11-05 13:54:18.790 20564 20564 D TextView: SYANI: Clipboard API is calling: unregisterClipboardEventListener()
11-05 13:54:18.794 20564 20564 D TextView: SYANI: Clipboard API is calling: clearFilter()
11-05 13:54:18.794 20564 20564 D TextView: SYANI: Clipboard API is calling: unregisterClipboardEventListener()
11-05 13:54:18.804 20564 20564 D TextView: SYANI: Clipboard API is calling: clearFilter()
11-05 13:54:18.804 20564 20564 D TextView: SYANI: Clipboard API is calling: unregisterClipboardEventListener()
11-05 13:54:18.810 20564 20564 D TextView: SYANI: Clipboard API is calling: clearFilter()
11-05 13:54:18.810 20564 20564 D TextView: SYANI: Clipboard API is calling: unregisterClipboardEventListener()
11-05 13:54:18.814 20564 20564 D TextView: SYANI: Clipboard API is calling: clearFilter()
11-05 13:54:18.814 20564 20564 D TextView: SYANI: Clipboard API is calling: unregisterClipboardEventListener()
11-05 13:54:18.820 20564 20564 D TextView: SYANI: Clipboard API is calling: clearFilter()
11-05 13:54:18.820 20564 20564 D TextView: SYANI: Clipboard API is calling: unregisterClipboardEventListener()
11-05 13:54:18.824 20564 20564 D TextView: SYANI: Clipboard API is calling: clearFilter()
11-05 13:54:18.824 20564 20564 D TextView: SYANI: Clipboard API is calling: unregisterClipboardEventListener()
11-05 13:54:18.831 20564 20564 D TextView: SYANI: Clipboard API is calling: clearFilter()
11-05 13:54:18.831 20564 20564 D TextView: SYANI: Clipboard API is calling: unregisterClipboardEventListener()
11-05 13:54:18.837 20564 20564 D TextView: SYANI: Clipboard API is calling: clearFilter()
11-05 13:54:18.837 20564 20564 D TextView: SYANI: Clipboard API is calling: unregisterClipboardEventListener()
11-05 13:54:18.842 20564 20564 D TextView: SYANI: Clipboard API is calling: clearFilter()
11-05 13:54:18.842 20564 20564 D TextView: SYANI: Clipboard API is calling: unregisterClipboardEventListener()
11-05 13:54:18.847 20564 20564 D TextView: SYANI: Clipboard API is calling: clearFilter()
11-05 13:54:18.847 20564 20564 D TextView: SYANI: Clipboard API is calling: unregisterClipboardEventListener()
11-05 13:54:18.851 20564 20564 D TextView: SYANI: Clipboard API is calling: clearFilter()
11-05 13:54:18.852 20564 20564 D TextView: SYANI: Clipboard API is calling: unregisterClipboardEventListener()
11-05 13:54:18.856 20564 20564 D TextView: SYANI: Clipboard API is calling: clearFilter()
11-05 13:54:18.857 20564 20564 D TextView: SYANI: Clipboard API is calling: unregisterClipboardEventListener()
11-05 13:54:18.860 20564 20564 D TextView: SYANI: Clipboard API is calling: clearFilter()
11-05 13:54:18.860 20564 20564 D TextView: SYANI: Clipboard API is calling: unregisterClipboardEventListener()
11-05 13:54:18.863 20564 20564 D TextView: SYANI: Clipboard API is calling: clearFilter()
11-05 13:54:18.863 20564 20564 D TextView: SYANI: Clipboard API is calling: unregisterClipboardEventListener()
11-05 13:54:18.866 20564 20564 D TextView: SYANI: Clipboard API is calling: clearFilter()
11-05 13:54:18.867 20564 20564 D TextView: SYANI: Clipboard API is calling: unregisterClipboardEventListener()
11-05 13:54:18.870 20564 20564 D TextView: SYANI: Clipboard API is calling: clearFilter()
11-05 13:54:18.870 20564 20564 D TextView: SYANI: Clipboard API is calling: unregisterClipboardEventListener()
11-05 13:54:18.876 20564 20564 D TextView: SYANI: Clipboard API is calling: clearFilter()
11-05 13:54:18.876 20564 20564 D TextView: SYANI: Clipboard API is calling: unregisterClipboardEventListener()
11-05 13:54:18.880 20564 20564 D TextView: SYANI: Clipboard API is calling: clearFilter()
11-05 13:54:18.880 20564 20564 D TextView: SYANI: Clipboard API is calling: unregisterClipboardEventListener()
11-05 13:54:18.883 20564 20564 D TextView: SYANI: Clipboard API is calling: clearFilter()
11-05 13:54:18.883 20564 20564 D TextView: SYANI: Clipboard API is calling: unregisterClipboardEventListener()
11-05 13:54:18.886 20564 20564 D TextView: SYANI: Clipboard API is calling: clearFilter()
11-05 13:54:18.886 20564 20564 D TextView: SYANI: Clipboard API is calling: unregisterClipboardEventListener()
11-05 13:54:18.890 20564 20564 D TextView: SYANI: Clipboard API is calling: clearFilter()
11-05 13:54:18.890 20564 20564 D TextView: SYANI: Clipboard API is calling: unregisterClipboardEventListener()
11-05 13:54:18.895 20564 20564 D TextView: SYANI: Clipboard API is calling: clearFilter()
11-05 13:54:18.895 20564 20564 D TextView: SYANI: Clipboard API is calling: unregisterClipboardEventListener()
11-05 13:54:18.898 20564 20564 D TextView: SYANI: Clipboard API is calling: clearFilter()
11-05 13:54:18.898 20564 20564 D TextView: SYANI: Clipboard API is calling: unregisterClipboardEventListener()
11-05 13:54:18.902 20564 20564 D TextView: SYANI: Clipboard API is calling: clearFilter()
11-05 13:54:18.902 20564 20564 D TextView: SYANI: Clipboard API is calling: unregisterClipboardEventListener()
11-05 13:54:18.905 20564 20564 D TextView: SYANI: Clipboard API is calling: clearFilter()
11-05 13:54:18.905 20564 20564 D TextView: SYANI: Clipboard API is calling: unregisterClipboardEventListener()
11-05 13:54:18.909 20564 20564 D TextView: SYANI: Clipboard API is calling: clearFilter()
11-05 13:54:18.909 20564 20564 D TextView: SYANI: Clipboard API is calling: unregisterClipboardEventListener()
11-05 13:54:18.914 20564 20564 D TextView: SYANI: Clipboard API is calling: clearFilter()
11-05 13:54:18.914 20564 20564 D TextView: SYANI: Clipboard API is calling: unregisterClipboardEventListener()
11-05 13:54:18.917 20564 20564 D TextView: SYANI: Clipboard API is calling: clearFilter()
11-05 13:54:18.917 20564 20564 D TextView: SYANI: Clipboard API is calling: unregisterClipboardEventListener()
11-05 13:54:18.921 20564 20564 D TextView: SYANI: Clipboard API is calling: clearFilter()
11-05 13:54:18.921 20564 20564 D TextView: SYANI: Clipboard API is calling: unregisterClipboardEventListener()
11-05 13:54:18.924 20564 20564 D TextView: SYANI: Clipboard API is calling: clearFilter()
11-05 13:54:18.924 20564 20564 D TextView: SYANI: Clipboard API is calling: unregisterClipboardEventListener()
11-05 13:54:18.927 20564 20564 D TextView: SYANI: Clipboard API is calling: clearFilter()
11-05 13:54:18.927 20564 20564 D TextView: SYANI: Clipboard API is calling: unregisterClipboardEventListener()
11-05 13:54:18.932 20564 20564 D TextView: SYANI: Clipboard API is calling: clearFilter()
11-05 13:54:18.932 20564 20564 D TextView: SYANI: Clipboard API is calling: unregisterClipboardEventListener()
11-05 13:54:18.936 20564 20564 D TextView: SYANI: Clipboard API is calling: clearFilter()
11-05 13:54:18.936 20564 20564 D TextView: SYANI: Clipboard API is calling: unregisterClipboardEventListener()
11-05 13:54:18.939 20564 20564 D TextView: SYANI: Clipboard API is calling: clearFilter()
11-05 13:54:18.939 20564 20564 D TextView: SYANI: Clipboard API is calling: unregisterClipboardEventListener()
11-05 13:54:18.943 20564 20564 D TextView: SYANI: Clipboard API is calling: clearFilter()
11-05 13:54:18.943 20564 20564 D TextView: SYANI: Clipboard API is calling: unregisterClipboardEventListener()
11-05 13:54:18.946 20564 20564 D TextView: SYANI: Clipboard API is calling: clearFilter()
11-05 13:54:18.946 20564 20564 D TextView: SYANI: Clipboard API is calling: unregisterClipboardEventListener()
11-05 13:54:18.960 20564 20564 D ViewRootImpl@a70d1da[CorrectionActivity]: mHardwareRenderer.destroy()#4
11-05 13:54:18.961 20564 20564 D ViewRootImpl@a70d1da[CorrectionActivity]: dispatchDetachedFromWindow
11-05 13:54:18.969 20564 20564 D InputTransport: Input channel destroyed: fd=61
11-05 13:54:18.972 20564 20564 D DELETING_PHOTOS: true
11-05 13:54:18.972 20564 20564 D ViewRootImpl@5bc00e8[DeliverActivity]: ViewPostImeInputStage processKey 0
11-05 13:54:18.983 20564 20564 D ViewRootImpl@5bc00e8[DeliverActivity]: ViewPostImeInputStage processKey 1
11-05 13:54:19.325 20564 20564 D TextView: SYANI: Clipboard API is calling: clearFilter()
11-05 13:54:19.325 20564 20564 D TextView: SYANI: Clipboard API is calling: unregisterClipboardEventListener()
11-05 13:54:19.328 20564 20564 D TextView: SYANI: Clipboard API is calling: clearFilter()
11-05 13:54:19.328 20564 20564 D TextView: SYANI: Clipboard API is calling: unregisterClipboardEventListener()
11-05 13:54:19.329 20564 20564 D TextView: SYANI: Clipboard API is calling: clearFilter()
11-05 13:54:19.329 20564 20564 D TextView: SYANI: Clipboard API is calling: unregisterClipboardEventListener()
11-05 13:54:19.636 20564 20564 D ViewRootImpl@5bc00e8[DeliverActivity]: ViewPostImeInputStage processKey 0
11-05 13:54:19.713 20564 20564 D ViewRootImpl@5bc00e8[DeliverActivity]: ViewPostImeInputStage processKey 1
11-05 13:54:20.058 20564 20564 D TextView: SYANI: Clipboard API is calling: clearFilter()
11-05 13:54:20.059 20564 20564 D TextView: SYANI: Clipboard API is calling: unregisterClipboardEventListener()
11-05 13:54:20.061 20564 20564 D TextView: SYANI: Clipboard API is calling: clearFilter()
11-05 13:54:20.062 20564 20564 D TextView: SYANI: Clipboard API is calling: unregisterClipboardEventListener()
11-05 13:54:20.064 20564 20564 D TextView: SYANI: Clipboard API is calling: clearFilter()
11-05 13:54:20.064 20564 20564 D TextView: SYANI: Clipboard API is calling: unregisterClipboardEventListener()
11-05 13:54:20.340 20564 20564 D ViewRootImpl@5bc00e8[DeliverActivity]: ViewPostImeInputStage processKey 0
11-05 13:54:20.433 20564 20564 D ViewRootImpl@5bc00e8[DeliverActivity]: ViewPostImeInputStage processKey 1
11-05 13:54:20.603 20564 20564 D ViewRootImpl@397df77[MainActivity]: Relayout returned: oldFrame=[0,0][768,1024] newFrame=[0,0][768,1024] result=0x7 surface={isValid=true -2005794816} surfaceGenerationChanged=true
11-05 13:54:20.603 20564 20564 D ViewRootImpl@397df77[MainActivity]: mHardwareRenderer.initialize() mSurface={isValid=true -2005794816} hwInitialized=true
11-05 13:54:20.626 20564 20564 D AbsListView: in onLayout changed
11-05 13:54:20.652 20564 20564 D ViewRootImpl@397df77[MainActivity]: MSG_WINDOW_FOCUS_CHANGED 1
11-05 13:54:20.652 20564 20564 D ViewRootImpl@397df77[MainActivity]: mHardwareRenderer.initializeIfNeeded()#2 mSurface={isValid=true -2005794816}
11-05 13:54:20.653 20564 20564 V InputMethodManager: Starting input: tba=android.view.inputmethod.EditorInfo@ffb41ce nm : cz.gienger.mobile ic=null
11-05 13:54:20.653 20564 20564 I InputMethodManager: startInputInner - mService.startInputOrWindowGainedFocus
11-05 13:54:20.670 20564 20564 D InputTransport: Input channel constructed: fd=63
11-05 13:54:20.670 20564 20564 D InputTransport: Input channel destroyed: fd=69
11-05 13:54:20.676 20564 20564 W IInputConnectionWrapper: finishComposingText on inactive InputConnection
11-05 13:54:20.676 20564 20564 D ViewRootImpl@5bc00e8[DeliverActivity]: MSG_WINDOW_FOCUS_CHANGED 0
11-05 13:54:20.719 20564 20564 D ViewRootImpl@5bc00e8[DeliverActivity]: mHardwareRenderer.destroy()#1
11-05 13:54:20.732 20564 20564 D ViewRootImpl@5bc00e8[DeliverActivity]: Relayout returned: oldFrame=[0,0][768,1024] newFrame=[0,0][768,1024] result=0x5 surface={isValid=false 0} surfaceGenerationChanged=true
11-05 13:54:21.099 20564 20564 D ViewRootImpl@5bc00e8[DeliverActivity]: mHardwareRenderer.destroy()#4
11-05 13:54:21.099 20564 20564 D ViewRootImpl@5bc00e8[DeliverActivity]: dispatchDetachedFromWindow
11-05 13:54:21.107 20564 20564 D InputTransport: Input channel destroyed: fd=68
11-05 13:54:21.108 20564 20564 D LOCATION_SERVICE: onDestroy
11-05 13:54:21.427 20564 20564 D ViewRootImpl@397df77[MainActivity]: ViewPostImeInputStage processKey 0
11-05 13:54:21.492 20564 20564 D ViewRootImpl@397df77[MainActivity]: ViewPostImeInputStage processKey 1
11-05 13:54:21.518 20564 20564 D ViewRootImpl@397df77[MainActivity]: MSG_WINDOW_FOCUS_CHANGED 0
11-05 13:54:21.648 20564 20564 D InputTransport: Input channel destroyed: fd=63
11-05 13:54:21.705 20564 20564 D ViewRootImpl@397df77[MainActivity]: mHardwareRenderer.destroy()#1
11-05 13:54:21.723 20564 20564 D ViewRootImpl@397df77[MainActivity]: Relayout returned: oldFrame=[0,0][768,1024] newFrame=[0,0][768,1024] result=0x5 surface={isValid=false 0} surfaceGenerationChanged=true
11-05 13:54:21.988 20564 20564 D ViewRootImpl@397df77[MainActivity]: mHardwareRenderer.destroy()#4
11-05 13:54:21.988 20564 20564 D ViewRootImpl@397df77[MainActivity]: dispatchDetachedFromWindow
11-05 13:54:22.003 20564 20564 D InputTransport: Input channel destroyed: fd=82
11-05 13:54:22.004 20564 20564 E ViewRootImpl: sendUserActionEvent() returned.
11-05 13:54:22.926 20564 20564 D ViewRootImpl@205ca73[MainActivity]: ThreadedRenderer.create() translucent=false
11-05 13:54:22.936 20564 20564 D InputTransport: Input channel constructed: fd=61
11-05 13:54:22.936 20564 20564 D ViewRootImpl@205ca73[MainActivity]: setView = DecorView@8186d30[MainActivity] touchMode=true
11-05 13:54:22.944 20564 23514 D MESSAGE_SERVICE: ACTION_RESEND_ORDERS
11-05 13:54:22.950 20564 20564 D ViewRootImpl@205ca73[MainActivity]: dispatchAttachedToWindow
11-05 13:54:23.028 20564 20564 D ViewRootImpl@205ca73[MainActivity]: Relayout returned: oldFrame=[0,0][0,0] newFrame=[0,0][768,1024] result=0x27 surface={isValid=true -2037993472} surfaceGenerationChanged=true
11-05 13:54:23.028 20564 20564 D ViewRootImpl@205ca73[MainActivity]: mHardwareRenderer.initialize() mSurface={isValid=true -2037993472} hwInitialized=true
11-05 13:54:23.069 20564 20564 D AbsListView: in onLayout changed
11-05 13:54:23.136 20564 20564 D ViewRootImpl@205ca73[MainActivity]: MSG_RESIZED_REPORT: frame=Rect(0, 0 - 768, 1024) ci=Rect(0, 24 - 0, 0) vi=Rect(0, 24 - 0, 0) or=1
11-05 13:54:23.136 20564 20564 D ViewRootImpl@205ca73[MainActivity]: MSG_WINDOW_FOCUS_CHANGED 1
11-05 13:54:23.136 20564 20564 D ViewRootImpl@205ca73[MainActivity]: mHardwareRenderer.initializeIfNeeded()#2 mSurface={isValid=true -2037993472}
11-05 13:54:23.137 20564 20564 V InputMethodManager: Starting input: tba=android.view.inputmethod.EditorInfo@f1c8e16 nm : cz.gienger.mobile ic=null
11-05 13:54:23.137 20564 20564 I InputMethodManager: startInputInner - mService.startInputOrWindowGainedFocus
11-05 13:54:23.141 20564 20564 D InputTransport: Input channel constructed: fd=63
11-05 13:54:23.253 20564 20564 D AbsListView: in onLayout changed
11-05 13:54:23.809 20564 20564 D ViewRootImpl@205ca73[MainActivity]: ViewPostImeInputStage processPointer 0
11-05 13:54:23.894 20564 20564 D ViewRootImpl@205ca73[MainActivity]: ViewPostImeInputStage processPointer 1
11-05 13:54:23.924 20564 20564 D ViewRootImpl@205ca73[MainActivity]: MSG_WINDOW_FOCUS_CHANGED 0
11-05 13:54:23.952 20564 20564 D Graph : removeVertex() : insertDummyVertex, because there is no ancestor.
11-05 13:54:23.994 20564 20564 D ViewRootImpl@f5db461[LogcatActivity]: ThreadedRenderer.create() translucent=true
11-05 13:54:23.997 20564 20564 D InputTransport: Input channel constructed: fd=77
11-05 13:54:23.998 20564 20564 D ViewRootImpl@f5db461[LogcatActivity]: setView = DecorView@be18b86[LogcatActivity] touchMode=true
11-05 13:54:24.000 20564 20564 D ViewRootImpl@f5db461[LogcatActivity]: dispatchAttachedToWindow
11-05 13:54:24.028 20564 20564 D ViewRootImpl@f5db461[LogcatActivity]: Relayout returned: oldFrame=[0,0][0,0] newFrame=[237,468][531,580] result=0x27 surface={isValid=true -2015164416} surfaceGenerationChanged=true
11-05 13:54:24.028 20564 20564 D ViewRootImpl@f5db461[LogcatActivity]: mHardwareRenderer.initialize() mSurface={isValid=true -2015164416} hwInitialized=true
11-05 13:54:24.031 20564 20564 D ViewRootImpl@f5db461[LogcatActivity]: MSG_RESIZED_REPORT: frame=Rect(237, 468 - 531, 580) ci=Rect(0, 0 - 0, 0) vi=Rect(0, 0 - 0, 0) or=1
11-05 13:54:24.031 20564 20564 D ViewRootImpl@f5db461[LogcatActivity]: MSG_WINDOW_FOCUS_CHANGED 1
11-05 13:54:24.031 20564 20564 D ViewRootImpl@f5db461[LogcatActivity]: mHardwareRenderer.initializeIfNeeded()#2 mSurface={isValid=true -2015164416}
11-05 13:54:24.032 20564 20564 V InputMethodManager: Starting input: tba=android.view.inputmethod.EditorInfo@72f6c47 nm : cz.gienger.mobile ic=null
11-05 13:54:24.032 20564 20564 I InputMethodManager: startInputInner - mService.startInputOrWindowGainedFocus
11-05 13:54:24.033 20564 20564 D InputTransport: Input channel constructed: fd=81
11-05 13:54:24.033 20564 20564 D InputTransport: Input channel destroyed: fd=63