11-05 13:34:29.597 20564 20564 D ViewRootImpl@a441a32[LoginActivity]: ViewPostImeInputStage processPointer 0
11-05 13:34:29.665 20564 20564 D ViewRootImpl@a441a32[LoginActivity]: ViewPostImeInputStage processPointer 1
11-05 13:34:29.675 20564 20564 V InputMethodManager: Starting input: tba=android.view.inputmethod.EditorInfo@476f17a nm : cz.gienger.mobile ic=com.android.internal.widget.EditableInputConnection@2942d2b
11-05 13:34:29.675 20564 20564 I InputMethodManager: startInputInner - mService.startInputOrWindowGainedFocus
11-05 13:34:29.677 20564 20564 D InputTransport: Input channel constructed: fd=94
11-05 13:34:29.677 20564 20564 D InputTransport: Input channel destroyed: fd=106
11-05 13:34:29.677 20564 20564 D InputMethodManager: SSI - flag : 0 Pid : 20564 view : cz.gienger.mobile
11-05 13:34:29.975 20564 20564 D ViewRootImpl@a441a32[LoginActivity]: MSG_RESIZED: frame=Rect(0, 0 - 768, 1024) ci=Rect(0, 24 - 0, 320) vi=Rect(0, 24 - 0, 320) or=1
11-05 13:34:30.002 20564 20564 D ViewRootImpl@a441a32[LoginActivity]: Relayout returned: oldFrame=[0,0][768,1024] newFrame=[0,0][768,1024] result=0x1 surface={isValid=true -2013171712} surfaceGenerationChanged=false
11-05 13:34:30.006 20564 20564 D ScrollView: onsize change changed
11-05 13:34:31.929 20564 20564 D ViewRootImpl@a441a32[LoginActivity]: ViewPostImeInputStage processPointer 0
11-05 13:34:31.998 20564 20564 D ViewRootImpl@a441a32[LoginActivity]: ViewPostImeInputStage processPointer 1
11-05 13:34:32.014 20564 20564 V InputMethodManager: Starting input: tba=android.view.inputmethod.EditorInfo@8af16a3 nm : cz.gienger.mobile ic=com.android.internal.widget.EditableInputConnection@847da0
11-05 13:34:32.014 20564 20564 I InputMethodManager: startInputInner - mService.startInputOrWindowGainedFocus
11-05 13:34:32.017 20564 20564 D InputTransport: Input channel constructed: fd=106
11-05 13:34:32.017 20564 20564 D InputTransport: Input channel destroyed: fd=94
11-05 13:34:32.017 20564 20564 D InputMethodManager: SSI - flag : 0 Pid : 20564 view : cz.gienger.mobile
11-05 13:34:32.022 20564 20564 W IInputConnectionWrapper: performPrivateCommand on inactive InputConnection
11-05 13:34:32.022 20564 20564 W IInputConnectionWrapper: finishComposingText on inactive InputConnection
11-05 13:34:35.998 20564 20564 D ViewRootImpl@a441a32[LoginActivity]: ViewPostImeInputStage processPointer 0
11-05 13:34:36.069 20564 20564 D ViewRootImpl@a441a32[LoginActivity]: ViewPostImeInputStage processPointer 1
11-05 13:34:36.101 20564 20564 D ScrollView: initGoToTop
11-05 13:34:36.105 20564 20564 D ScrollView: initGoToTop
11-05 13:34:36.113 20564 20564 D ViewRootImpl@bc4088a[LoginActivity]: ThreadedRenderer.create() translucent=true
11-05 13:34:36.120 20564 20564 D InputTransport: Input channel constructed: fd=94
11-05 13:34:36.120 20564 20564 D ViewRootImpl@bc4088a[LoginActivity]: setView = DecorView@1cddefb[LoginActivity] touchMode=true
11-05 13:34:36.126 20564 22453 D MYINTERCEPTOR: /GiengerService.svc/oauth
11-05 13:34:36.126 20564 22453 D OkHttp : --> POST https://testsaig1.gienger.cz/GiengerService.svc/oauth http/1.1
11-05 13:34:36.126 20564 22453 D OkHttp : Content-Type: application/xml; charset=UTF-8
11-05 13:34:36.126 20564 22453 D OkHttp : Content-Length: 298
11-05 13:34:36.126 20564 22453 D OkHttp : --> END POST
11-05 13:34:36.127 20564 20564 D ViewRootImpl@bc4088a[LoginActivity]: dispatchAttachedToWindow
11-05 13:34:36.149 20564 20564 D ViewRootImpl@bc4088a[LoginActivity]: Relayout returned: oldFrame=[0,0][0,0] newFrame=[108,466][660,582] result=0x27 surface={isValid=true -2013169664} surfaceGenerationChanged=true
11-05 13:34:36.150 20564 20564 D ViewRootImpl@bc4088a[LoginActivity]: mHardwareRenderer.initialize() mSurface={isValid=true -2013169664} hwInitialized=true
11-05 13:34:36.170 20564 20564 D ViewRootImpl@bc4088a[LoginActivity]: MSG_WINDOW_FOCUS_CHANGED 1
11-05 13:34:36.170 20564 20564 D ViewRootImpl@bc4088a[LoginActivity]: mHardwareRenderer.initializeIfNeeded()#2 mSurface={isValid=true -2013169664}
11-05 13:34:36.195 20564 20564 D ViewRootImpl@bc4088a[LoginActivity]: MSG_RESIZED_REPORT: frame=Rect(108, 466 - 660, 582) ci=Rect(0, 0 - 0, 0) vi=Rect(0, 0 - 0, 0) or=1
11-05 13:34:36.224 20564 20564 D ViewRootImpl@a441a32[LoginActivity]: MSG_WINDOW_FOCUS_CHANGED 0
11-05 13:34:36.876 20564 22453 D OkHttp : <-- 200 https://testsaig1.gienger.cz/GiengerService.svc/oauth (750ms)
11-05 13:34:36.877 20564 22453 D OkHttp : content-type: application/xml; charset=utf-8
11-05 13:34:36.877 20564 22453 D OkHttp : server: Microsoft-IIS/10.0
11-05 13:34:36.877 20564 22453 D OkHttp : x-powered-by: ASP.NET
11-05 13:34:36.877 20564 22453 D OkHttp : date: Thu, 05 Nov 2020 12:34:35 GMT
11-05 13:34:36.877 20564 22453 D OkHttp : content-length: 292
11-05 13:34:36.877 20564 22453 D OkHttp : <-- END HTTP
11-05 13:34:36.899 20564 22453 D MYINTERCEPTOR: /GiengerService.svc/userinfo
11-05 13:34:36.900 20564 22453 D OkHttp : --> POST https://testsaig1.gienger.cz/GiengerService.svc/userinfo http/1.1
11-05 13:34:36.900 20564 22453 D OkHttp : Content-Type: application/xml; charset=UTF-8
11-05 13:34:36.900 20564 22453 D OkHttp : Content-Length: 139
11-05 13:34:36.900 20564 22453 D OkHttp : token: 3b56d5f729a2a484c7cfb85a5d3dce02
11-05 13:34:36.900 20564 22453 D OkHttp : --> END POST
11-05 13:34:37.066 20564 22453 D OkHttp : <-- 200 https://testsaig1.gienger.cz/GiengerService.svc/userinfo (165ms)
11-05 13:34:37.066 20564 22453 D OkHttp : content-type: application/xml; charset=utf-8
11-05 13:34:37.066 20564 22453 D OkHttp : server: Microsoft-IIS/10.0
11-05 13:34:37.066 20564 22453 D OkHttp : x-powered-by: ASP.NET
11-05 13:34:37.066 20564 22453 D OkHttp : date: Thu, 05 Nov 2020 12:34:35 GMT
11-05 13:34:37.066 20564 22453 D OkHttp : content-length: 195
11-05 13:34:37.066 20564 22453 D OkHttp : <-- END HTTP
11-05 13:34:37.100 20564 20564 D ScrollView: initGoToTop
11-05 13:34:37.105 20564 20564 D ScrollView: initGoToTop
11-05 13:34:37.118 20564 20564 D ViewRootImpl@95604b6[LoginActivity]: ThreadedRenderer.create() translucent=true
11-05 13:34:37.125 20564 20564 D InputTransport: Input channel constructed: fd=116
11-05 13:34:37.125 20564 20564 D ViewRootImpl@95604b6[LoginActivity]: setView = DecorView@9d3a5b7[LoginActivity] touchMode=true
11-05 13:34:37.136 20564 20564 D ViewRootImpl@bc4088a[LoginActivity]: mHardwareRenderer.destroy()#4
11-05 13:34:37.136 20564 20564 D ViewRootImpl@bc4088a[LoginActivity]: dispatchDetachedFromWindow
11-05 13:34:37.152 20564 20564 D InputTransport: Input channel destroyed: fd=94
11-05 13:34:37.164 20564 20564 D ViewRootImpl@a441a32[LoginActivity]: Relayout returned: oldFrame=[0,0][768,1024] newFrame=[0,0][768,1024] result=0x1 surface={isValid=true -2013171712} surfaceGenerationChanged=false
11-05 13:34:37.168 20564 20564 D ViewRootImpl@95604b6[LoginActivity]: dispatchAttachedToWindow
11-05 13:34:37.202 20564 20564 D ViewRootImpl@95604b6[LoginActivity]: Relayout returned: oldFrame=[0,0][0,0] newFrame=[108,423][660,624] result=0x27 surface={isValid=true -2013169664} surfaceGenerationChanged=true
11-05 13:34:37.203 20564 20564 D ViewRootImpl@95604b6[LoginActivity]: mHardwareRenderer.initialize() mSurface={isValid=true -2013169664} hwInitialized=true
11-05 13:34:37.208 20564 20564 D ScrollView: onsize change changed
11-05 13:34:37.208 20564 20564 D ScrollView: onsize change changed
11-05 13:34:37.209 20564 20564 D ViewRootImpl@95604b6[LoginActivity]: MSG_WINDOW_FOCUS_CHANGED 1
11-05 13:34:37.210 20564 20564 D ViewRootImpl@95604b6[LoginActivity]: mHardwareRenderer.initializeIfNeeded()#2 mSurface={isValid=true -2013169664}
11-05 13:34:37.227 20564 20564 D ViewRootImpl@95604b6[LoginActivity]: MSG_RESIZED_REPORT: frame=Rect(108, 423 - 660, 624) ci=Rect(0, 0 - 0, 0) vi=Rect(0, 0 - 0, 0) or=1
11-05 13:34:37.240 20564 20564 E ViewRootImpl: sendUserActionEvent() returned.
11-05 13:34:38.238 20564 20564 D ViewRootImpl@95604b6[LoginActivity]: ViewPostImeInputStage processPointer 0
11-05 13:34:38.350 20564 20564 D ViewRootImpl@95604b6[LoginActivity]: ViewPostImeInputStage processPointer 1
11-05 13:34:38.371 20564 20564 D ViewRootImpl@95604b6[LoginActivity]: mHardwareRenderer.destroy()#4
11-05 13:34:38.371 20564 20564 D ViewRootImpl@95604b6[LoginActivity]: dispatchDetachedFromWindow
11-05 13:34:38.381 20564 20564 D InputTransport: Input channel destroyed: fd=116
11-05 13:34:38.399 20564 22453 D MYINTERCEPTOR: /GiengerService.svc/manifests
11-05 13:34:38.400 20564 22453 D OkHttp : --> GET https://testsaig1.gienger.cz/GiengerService.svc/manifests http/1.1
11-05 13:34:38.400 20564 22453 D OkHttp : state: CZ
11-05 13:34:38.400 20564 22453 D OkHttp : token: 3b56d5f729a2a484c7cfb85a5d3dce02
11-05 13:34:38.400 20564 22453 D OkHttp : --> END GET
11-05 13:34:38.405 20564 20564 D Graph : removeVertex() : insertDummyVertex, because there is no ancestor.
11-05 13:34:38.406 20564 20564 D TextView: SYANI: Clipboard API is calling: clearFilter()
11-05 13:34:38.406 20564 20564 D TextView: SYANI: Clipboard API is calling: unregisterClipboardEventListener()
11-05 13:34:38.407 20564 20564 D TextView: SYANI: Clipboard API is calling: clearFilter()
11-05 13:34:38.407 20564 20564 D TextView: SYANI: Clipboard API is calling: unregisterClipboardEventListener()
11-05 13:34:38.419 20564 20564 D ViewRootImpl@a441a32[LoginActivity]: mHardwareRenderer.destroy()#4
11-05 13:34:38.419 20564 20564 D ViewRootImpl@a441a32[LoginActivity]: dispatchDetachedFromWindow
11-05 13:34:38.420 20564 20564 D InputTransport: Input channel destroyed: fd=88
11-05 13:34:38.444 20564 20564 D FILES : /data/user/0/cz.gienger.mobile/files/delivery
11-05 13:34:38.455 20564 22454 D MYINTERCEPTOR: /GiengerService.svc/manifests
11-05 13:34:38.456 20564 22454 D OkHttp : --> GET https://testsaig1.gienger.cz/GiengerService.svc/manifests http/1.1
11-05 13:34:38.456 20564 22454 D OkHttp : state: CZ
11-05 13:34:38.456 20564 22454 D OkHttp : token: 3b56d5f729a2a484c7cfb85a5d3dce02
11-05 13:34:38.456 20564 22454 D OkHttp : --> END GET
11-05 13:34:38.469 20564 22449 D MYINTERCEPTOR: /GiengerService.svc/manifests
11-05 13:34:38.470 20564 22449 D OkHttp : --> GET https://testsaig1.gienger.cz/GiengerService.svc/manifests http/1.1
11-05 13:34:38.470 20564 22449 D OkHttp : state: CZ
11-05 13:34:38.470 20564 22449 D OkHttp : token: 3b56d5f729a2a484c7cfb85a5d3dce02
11-05 13:34:38.470 20564 22449 D OkHttp : --> END GET
11-05 13:34:38.479 20564 20564 D ViewRootImpl@4956a38[LoginActivity]: ThreadedRenderer.create() translucent=false
11-05 13:34:38.483 20564 20564 D InputTransport: Input channel constructed: fd=88
11-05 13:34:38.484 20564 20564 D ViewRootImpl@4956a38[LoginActivity]: setView = DecorView@94b7a11[LoginActivity] touchMode=true
11-05 13:34:38.486 20564 20564 D ViewRootImpl@4956a38[LoginActivity]: dispatchAttachedToWindow
11-05 13:34:38.520 20564 20564 D ViewRootImpl@4956a38[LoginActivity]: Relayout returned: oldFrame=[0,0][0,0] newFrame=[0,0][768,1024] result=0x27 surface={isValid=true -2002198528} surfaceGenerationChanged=true
11-05 13:34:38.520 20564 20564 D ViewRootImpl@4956a38[LoginActivity]: mHardwareRenderer.initialize() mSurface={isValid=true -2002198528} hwInitialized=true
11-05 13:34:38.524 20564 20564 D AbsListView: in onLayout changed
11-05 13:34:38.525 20564 20564 E ViewRootImpl: sendUserActionEvent() returned.
11-05 13:34:38.525 20564 20564 E ViewRootImpl: sendUserActionEvent() returned.
11-05 13:34:38.525 20564 22453 D OkHttp : <-- 200 https://testsaig1.gienger.cz/GiengerService.svc/manifests (125ms)
11-05 13:34:38.525 20564 22453 D OkHttp : content-type: application/xml; charset=utf-8
11-05 13:34:38.525 20564 22453 D OkHttp : server: Microsoft-IIS/10.0
11-05 13:34:38.526 20564 22453 D OkHttp : x-powered-by: ASP.NET
11-05 13:34:38.526 20564 22453 D OkHttp : date: Thu, 05 Nov 2020 12:34:37 GMT
11-05 13:34:38.526 20564 22453 D OkHttp : content-length: 12556
11-05 13:34:38.526 20564 22453 D OkHttp : <-- END HTTP
11-05 13:34:38.551 20564 20564 D ViewRootImpl@4956a38[LoginActivity]: MSG_RESIZED_REPORT: frame=Rect(0, 0 - 768, 1024) ci=Rect(0, 24 - 0, 320) vi=Rect(0, 24 - 0, 320) or=1
11-05 13:34:38.551 20564 20564 D ViewRootImpl@4956a38[LoginActivity]: MSG_WINDOW_FOCUS_CHANGED 1
11-05 13:34:38.551 20564 20564 D ViewRootImpl@4956a38[LoginActivity]: mHardwareRenderer.initializeIfNeeded()#2 mSurface={isValid=true -2002198528}
11-05 13:34:38.553 20564 20564 V InputMethodManager: Starting input: tba=android.view.inputmethod.EditorInfo@eac7502 nm : cz.gienger.mobile ic=null
11-05 13:34:38.553 20564 20564 I InputMethodManager: startInputInner - mService.startInputOrWindowGainedFocus
11-05 13:34:38.564 20564 20564 D InputTransport: Input channel constructed: fd=90
11-05 13:34:38.564 20564 20564 D InputTransport: Input channel destroyed: fd=106
11-05 13:34:38.583 20564 20564 D DOWNLOAD_MANIFESTS: success
11-05 13:34:38.597 20564 20564 E ViewRootImpl: sendUserActionEvent() returned.
11-05 13:34:38.599 20564 20564 W IInputConnectionWrapper: finishComposingText on inactive InputConnection
11-05 13:34:38.599 20564 20564 W IInputConnectionWrapper: performPrivateCommand on inactive InputConnection
11-05 13:34:38.599 20564 20564 W IInputConnectionWrapper: finishComposingText on inactive InputConnection
11-05 13:34:38.613 20564 20564 D ViewRootImpl@4956a38[LoginActivity]: MSG_RESIZED: frame=Rect(0, 0 - 768, 1024) ci=Rect(0, 24 - 0, 0) vi=Rect(0, 24 - 0, 0) or=1
11-05 13:34:38.637 20564 20564 D ViewRootImpl@4956a38[LoginActivity]: Relayout returned: oldFrame=[0,0][768,1024] newFrame=[0,0][768,1024] result=0x1 surface={isValid=true -2002198528} surfaceGenerationChanged=false
11-05 13:34:38.638 20564 20564 D AbsListView: in onLayout changed
11-05 13:34:38.647 20564 22449 D OkHttp : <-- 200 https://testsaig1.gienger.cz/GiengerService.svc/manifests (176ms)
11-05 13:34:38.647 20564 22449 D OkHttp : content-type: application/xml; charset=utf-8
11-05 13:34:38.647 20564 22449 D OkHttp : server: Microsoft-IIS/10.0
11-05 13:34:38.647 20564 22449 D OkHttp : x-powered-by: ASP.NET
11-05 13:34:38.647 20564 22449 D OkHttp : date: Thu, 05 Nov 2020 12:34:37 GMT
11-05 13:34:38.648 20564 22449 D OkHttp : content-length: 12556
11-05 13:34:38.648 20564 22449 D OkHttp : <-- END HTTP
11-05 13:34:38.696 20564 20564 D DOWNLOAD_MANIFESTS: success
11-05 13:34:38.765 20564 22454 D OkHttp : <-- 200 https://testsaig1.gienger.cz/GiengerService.svc/manifests (308ms)
11-05 13:34:38.765 20564 22454 D OkHttp : content-type: application/xml; charset=utf-8
11-05 13:34:38.765 20564 22454 D OkHttp : server: Microsoft-IIS/10.0
11-05 13:34:38.765 20564 22454 D OkHttp : x-powered-by: ASP.NET
11-05 13:34:38.765 20564 22454 D OkHttp : date: Thu, 05 Nov 2020 12:34:37 GMT
11-05 13:34:38.765 20564 22454 D OkHttp : content-length: 12556
11-05 13:34:38.765 20564 22454 D OkHttp : <-- END HTTP
11-05 13:34:38.880 20564 20564 V InputMethodManager: Starting input: tba=android.view.inputmethod.EditorInfo@21c782a nm : cz.gienger.mobile ic=null
11-05 13:34:38.880 20564 20564 I InputMethodManager: startInputInner - mService.startInputOrWindowGainedFocus
11-05 13:34:38.881 20564 20564 D InputTransport: Input channel constructed: fd=106
11-05 13:34:38.882 20564 20564 D InputTransport: Input channel destroyed: fd=90
11-05 13:34:38.891 20564 20564 D DOWNLOAD_MANIFESTS: success
11-05 13:34:43.145 20564 20564 D ViewRootImpl@4956a38[LoginActivity]: ViewPostImeInputStage processPointer 0
11-05 13:34:43.192 20564 20564 D ViewRootImpl@4956a38[LoginActivity]: ViewPostImeInputStage processPointer 1
11-05 13:34:43.193 20564 20564 D AbsListView: onTouchUp() mTouchMode : 0
11-05 13:34:44.278 20564 20564 D ViewRootImpl@4956a38[LoginActivity]: ViewPostImeInputStage processPointer 0
11-05 13:34:44.369 20564 20564 D ViewRootImpl@4956a38[LoginActivity]: ViewPostImeInputStage processPointer 1
11-05 13:34:44.396 20564 20564 D InputMethodManager: HSIFW - flag : 0 Pid : 20564
11-05 13:34:44.494 20564 20564 D AbsListView: in onLayout changed
11-05 13:34:49.023 20564 20564 D ViewRootImpl: updatePointerIcon pointerType = 20001, calling pid = 20564
11-05 13:34:49.023 20564 20564 D InputManager: setPointerIconType iconId = 20001, callingPid = 20564
11-05 13:34:49.024 20564 20564 D ViewRootImpl: updatePointerIcon pointerType = 20001, calling pid = 20564
11-05 13:34:49.026 20564 20564 D InputManager: setPointerIconType iconId = 20001, callingPid = 20564
11-05 13:34:49.728 20564 20564 D ViewRootImpl: updatePointerIcon pointerType = 20001, calling pid = 20564
11-05 13:34:49.730 20564 20564 D InputManager: setPointerIconType iconId = 20001, callingPid = 20564
11-05 13:34:54.578 20564 20564 D ViewRootImpl@4956a38[LoginActivity]: ViewPostImeInputStage processPointer 0
11-05 13:34:54.734 20564 20564 D ViewRootImpl@4956a38[LoginActivity]: ViewPostImeInputStage processPointer 1
11-05 13:35:00.528 20564 20564 D ViewRootImpl@4956a38[LoginActivity]: ViewPostImeInputStage processKey 0
11-05 13:35:00.629 20564 20564 D ViewRootImpl@4956a38[LoginActivity]: ViewPostImeInputStage processKey 1
11-05 13:35:04.067 20564 20564 D ViewRootImpl@4956a38[LoginActivity]: ViewPostImeInputStage processKey 0
11-05 13:35:04.170 20564 20564 D ViewRootImpl@4956a38[LoginActivity]: ViewPostImeInputStage processKey 1
11-05 13:35:06.267 20564 20564 D ViewRootImpl@4956a38[LoginActivity]: ViewPostImeInputStage processKey 0
11-05 13:35:06.368 20564 20564 D ViewRootImpl@4956a38[LoginActivity]: ViewPostImeInputStage processKey 1
11-05 13:35:06.482 20564 20564 D ViewRootImpl@4956a38[LoginActivity]: ViewPostImeInputStage processKey 0
11-05 13:35:06.553 20564 20564 D ViewRootImpl@4956a38[LoginActivity]: ViewPostImeInputStage processKey 1
11-05 13:35:06.648 20564 20564 D ViewRootImpl@4956a38[LoginActivity]: ViewPostImeInputStage processKey 0
11-05 13:35:06.728 20564 20564 D ViewRootImpl@4956a38[LoginActivity]: ViewPostImeInputStage processKey 1
11-05 13:35:15.050 20564 20564 D ViewRootImpl@4956a38[LoginActivity]: ViewPostImeInputStage processPointer 0
11-05 13:35:15.108 20564 20564 D ViewRootImpl@4956a38[LoginActivity]: ViewPostImeInputStage processPointer 1
11-05 13:35:15.118 20564 22494 D MYINTERCEPTOR: /GiengerService.svc/logout
11-05 13:35:15.120 20564 22494 D OkHttp : --> POST https://testsaig1.gienger.cz/GiengerService.svc/logout http/1.1
11-05 13:35:15.120 20564 22494 D OkHttp : Content-Type: application/xml; charset=UTF-8
11-05 13:35:15.120 20564 22494 D OkHttp : Content-Length: 204
11-05 13:35:15.120 20564 22494 D OkHttp : token: 3b56d5f729a2a484c7cfb85a5d3dce02
11-05 13:35:15.120 20564 22494 D OkHttp : --> END POST
11-05 13:35:15.245 20564 22494 D OkHttp : <-- 200 https://testsaig1.gienger.cz/GiengerService.svc/logout (124ms)
11-05 13:35:15.245 20564 22494 D OkHttp : server: Microsoft-IIS/10.0
11-05 13:35:15.245 20564 22494 D OkHttp : x-powered-by: ASP.NET
11-05 13:35:15.245 20564 22494 D OkHttp : date: Thu, 05 Nov 2020 12:35:14 GMT
11-05 13:35:15.245 20564 22494 D OkHttp : content-length: 0
11-05 13:35:15.245 20564 22494 D OkHttp : <-- END HTTP
11-05 13:35:15.254 20564 20564 D ScrollView: initGoToTop
11-05 13:35:15.283 20564 20564 D ScrollView: onsize change changed
11-05 13:35:16.676 20564 20564 D ViewRootImpl@4956a38[LoginActivity]: ViewPostImeInputStage processKey 0
11-05 13:35:16.789 20564 20564 D ViewRootImpl@4956a38[LoginActivity]: ViewPostImeInputStage processKey 1
11-05 13:35:18.466 20564 20564 D ViewRootImpl@4956a38[LoginActivity]: MSG_WINDOW_FOCUS_CHANGED 0
11-05 13:35:18.555 20564 20564 D ViewRootImpl@4956a38[LoginActivity]: mHardwareRenderer.destroy()#1
11-05 13:35:18.573 20564 20564 D ViewRootImpl@4956a38[LoginActivity]: Relayout returned: oldFrame=[0,0][768,1024] newFrame=[0,0][768,1024] result=0x5 surface={isValid=false 0} surfaceGenerationChanged=true
11-05 13:35:18.653 20564 20564 D InputTransport: Input channel destroyed: fd=106
11-05 13:35:18.703 20564 20564 D ViewRootImpl@4956a38[LoginActivity]: mHardwareRenderer.destroy()#1
11-05 13:35:18.713 20564 20564 D ViewRootImpl@4956a38[LoginActivity]: Relayout returned: oldFrame=[0,0][768,1024] newFrame=[0,0][768,1024] result=0x1 surface={isValid=false 0} surfaceGenerationChanged=false
11-05 13:38:34.149 20564 20564 D TextView: SYANI: Clipboard API is calling: clearFilter()
11-05 13:38:34.150 20564 20564 D TextView: SYANI: Clipboard API is calling: unregisterClipboardEventListener()
11-05 13:38:34.153 20564 20564 D TextView: SYANI: Clipboard API is calling: clearFilter()
11-05 13:38:34.153 20564 20564 D TextView: SYANI: Clipboard API is calling: unregisterClipboardEventListener()
11-05 13:38:34.157 20564 20564 D Graph : removeVertex() : insertDummyVertex, because there is no ancestor.
11-05 13:38:34.159 20564 20564 D ViewRootImpl@4956a38[LoginActivity]: mHardwareRenderer.destroy()#4
11-05 13:38:34.159 20564 20564 D ViewRootImpl@4956a38[LoginActivity]: dispatchDetachedFromWindow
11-05 13:38:34.173 20564 20564 D InputTransport: Input channel destroyed: fd=88
11-05 13:38:34.205 20564 20564 D ViewRootImpl@9e10112[MainActivity]: mHardwareRenderer.destroy()#1
11-05 13:38:34.216 20564 20564 D ViewRootImpl@9e10112[MainActivity]: Relayout returned: oldFrame=[0,0][768,1024] newFrame=[0,0][768,1024] result=0x1 surface={isValid=false 0} surfaceGenerationChanged=false
11-05 13:38:34.293 20564 20564 D FILES : /data/user/0/cz.gienger.mobile/files/delivery
11-05 13:38:34.297 20564 20564 D ScrollView: initGoToTop
11-05 13:38:34.324 20564 20564 D ViewRootImpl@5670274[LoginActivity]: ThreadedRenderer.create() translucent=false
11-05 13:38:34.327 20564 20564 D InputTransport: Input channel constructed: fd=61
11-05 13:38:34.327 20564 20564 D ViewRootImpl@5670274[LoginActivity]: setView = DecorView@953939d[LoginActivity] touchMode=true
11-05 13:38:34.337 20564 20564 D ViewRootImpl@5670274[LoginActivity]: dispatchAttachedToWindow
11-05 13:38:34.359 20564 20564 D ViewRootImpl@5670274[LoginActivity]: Relayout returned: oldFrame=[0,0][0,0] newFrame=[0,0][768,1024] result=0x27 surface={isValid=true -2046740480} surfaceGenerationChanged=true
11-05 13:38:34.360 20564 20564 D ViewRootImpl@5670274[LoginActivity]: mHardwareRenderer.initialize() mSurface={isValid=true -2046740480} hwInitialized=true
11-05 13:38:34.364 20564 20564 D ScrollView: onsize change changed
11-05 13:38:34.387 20564 20564 D ViewRootImpl@5670274[LoginActivity]: MSG_RESIZED_REPORT: frame=Rect(0, 0 - 768, 1024) ci=Rect(0, 24 - 0, 0) vi=Rect(0, 24 - 0, 0) or=1
11-05 13:38:34.387 20564 20564 D ViewRootImpl@5670274[LoginActivity]: MSG_WINDOW_FOCUS_CHANGED 1
11-05 13:38:34.387 20564 20564 D ViewRootImpl@5670274[LoginActivity]: mHardwareRenderer.initializeIfNeeded()#2 mSurface={isValid=true -2046740480}
11-05 13:38:34.398 20564 20564 V InputMethodManager: Starting input: tba=android.view.inputmethod.EditorInfo@29955 nm : cz.gienger.mobile ic=com.android.internal.widget.EditableInputConnection@8915f6a
11-05 13:38:34.398 20564 20564 I InputMethodManager: startInputInner - mService.startInputOrWindowGainedFocus
11-05 13:38:34.404 20564 20564 D InputTransport: Input channel constructed: fd=63
11-05 13:38:34.434 20564 20564 D ViewRootImpl@9e10112[MainActivity]: mHardwareRenderer.destroy()#1
11-05 13:38:34.452 20564 20564 D ViewRootImpl@9e10112[MainActivity]: Relayout returned: oldFrame=[0,0][768,1024] newFrame=[0,0][768,1024] result=0x1 surface={isValid=false 0} surfaceGenerationChanged=false
11-05 13:38:34.763 20564 20564 D ViewRootImpl@5670274[LoginActivity]: MSG_RESIZED: frame=Rect(0, 0 - 768, 1024) ci=Rect(0, 24 - 0, 320) vi=Rect(0, 24 - 0, 320) or=1
11-05 13:38:34.781 20564 20564 D ViewRootImpl@5670274[LoginActivity]: Relayout returned: oldFrame=[0,0][768,1024] newFrame=[0,0][768,1024] result=0x1 surface={isValid=true -2046740480} surfaceGenerationChanged=false
11-05 13:38:34.783 20564 20564 D ScrollView: onsize change changed
11-05 13:38:36.659 20564 20564 D ViewRootImpl@5670274[LoginActivity]: ViewPostImeInputStage processPointer 0
11-05 13:38:36.718 20564 20564 D ViewRootImpl@5670274[LoginActivity]: ViewPostImeInputStage processPointer 1
11-05 13:38:36.730 20564 20564 V InputMethodManager: Starting input: tba=android.view.inputmethod.EditorInfo@a659e0d nm : cz.gienger.mobile ic=com.android.internal.widget.EditableInputConnection@e7a71c2
11-05 13:38:36.730 20564 20564 I InputMethodManager: startInputInner - mService.startInputOrWindowGainedFocus
11-05 13:38:36.738 20564 20564 D InputTransport: Input channel constructed: fd=73
11-05 13:38:36.739 20564 20564 D InputTransport: Input channel destroyed: fd=63
11-05 13:38:36.739 20564 20564 D InputMethodManager: SSI - flag : 0 Pid : 20564 view : cz.gienger.mobile
11-05 13:38:36.743 20564 20564 W IInputConnectionWrapper: performPrivateCommand on inactive InputConnection
11-05 13:38:36.744 20564 20564 W IInputConnectionWrapper: finishComposingText on inactive InputConnection
11-05 13:38:39.334 20564 20564 D ViewRootImpl@5670274[LoginActivity]: ViewPostImeInputStage processPointer 0
11-05 13:38:39.404 20564 20564 D ViewRootImpl@5670274[LoginActivity]: ViewPostImeInputStage processPointer 1
11-05 13:38:39.439 20564 20564 D ScrollView: initGoToTop
11-05 13:38:39.443 20564 20564 D ScrollView: initGoToTop
11-05 13:38:39.452 20564 20564 D ViewRootImpl@d2d522b[LoginActivity]: ThreadedRenderer.create() translucent=true
11-05 13:38:39.460 20564 20564 D InputTransport: Input channel constructed: fd=67
11-05 13:38:39.460 20564 20564 D ViewRootImpl@d2d522b[LoginActivity]: setView = DecorView@3974688[LoginActivity] touchMode=true
11-05 13:38:39.465 20564 20564 D ViewRootImpl@d2d522b[LoginActivity]: dispatchAttachedToWindow
11-05 13:38:39.469 20564 22704 D MYINTERCEPTOR: /GiengerService.svc/oauth
11-05 13:38:39.469 20564 22704 D OkHttp : --> POST https://testsaig1.gienger.cz/GiengerService.svc/oauth http/1.1
11-05 13:38:39.469 20564 22704 D OkHttp : Content-Type: application/xml; charset=UTF-8
11-05 13:38:39.469 20564 22704 D OkHttp : Content-Length: 298
11-05 13:38:39.469 20564 22704 D OkHttp : --> END POST
11-05 13:38:39.487 20564 20564 D ViewRootImpl@d2d522b[LoginActivity]: Relayout returned: oldFrame=[0,0][0,0] newFrame=[108,466][660,582] result=0x27 surface={isValid=true -2041581568} surfaceGenerationChanged=true
11-05 13:38:39.488 20564 20564 D ViewRootImpl@d2d522b[LoginActivity]: mHardwareRenderer.initialize() mSurface={isValid=true -2041581568} hwInitialized=true
11-05 13:38:39.507 20564 20564 D ViewRootImpl@d2d522b[LoginActivity]: MSG_WINDOW_FOCUS_CHANGED 1
11-05 13:38:39.507 20564 20564 D ViewRootImpl@d2d522b[LoginActivity]: mHardwareRenderer.initializeIfNeeded()#2 mSurface={isValid=true -2041581568}
11-05 13:38:39.526 20564 20564 D ViewRootImpl@d2d522b[LoginActivity]: MSG_RESIZED_REPORT: frame=Rect(108, 466 - 660, 582) ci=Rect(0, 0 - 0, 0) vi=Rect(0, 0 - 0, 0) or=1
11-05 13:38:39.556 20564 20564 D ViewRootImpl@5670274[LoginActivity]: MSG_WINDOW_FOCUS_CHANGED 0
11-05 13:38:40.001 20564 22704 D OkHttp : <-- 200 https://testsaig1.gienger.cz/GiengerService.svc/oauth (531ms)
11-05 13:38:40.001 20564 22704 D OkHttp : content-type: application/xml; charset=utf-8
11-05 13:38:40.001 20564 22704 D OkHttp : server: Microsoft-IIS/10.0
11-05 13:38:40.001 20564 22704 D OkHttp : x-powered-by: ASP.NET
11-05 13:38:40.001 20564 22704 D OkHttp : date: Thu, 05 Nov 2020 12:38:38 GMT
11-05 13:38:40.001 20564 22704 D OkHttp : content-length: 292
11-05 13:38:40.001 20564 22704 D OkHttp : <-- END HTTP
11-05 13:38:40.024 20564 22704 D MYINTERCEPTOR: /GiengerService.svc/userinfo
11-05 13:38:40.024 20564 22704 D OkHttp : --> POST https://testsaig1.gienger.cz/GiengerService.svc/userinfo http/1.1
11-05 13:38:40.024 20564 22704 D OkHttp : Content-Type: application/xml; charset=UTF-8
11-05 13:38:40.024 20564 22704 D OkHttp : Content-Length: 139
11-05 13:38:40.025 20564 22704 D OkHttp : token: 6246477b2201027d3155f34571f7c488
11-05 13:38:40.025 20564 22704 D OkHttp : --> END POST
11-05 13:38:40.361 20564 22704 D OkHttp : <-- 200 https://testsaig1.gienger.cz/GiengerService.svc/userinfo (336ms)
11-05 13:38:40.361 20564 22704 D OkHttp : content-type: application/xml; charset=utf-8
11-05 13:38:40.361 20564 22704 D OkHttp : server: Microsoft-IIS/10.0
11-05 13:38:40.362 20564 22704 D OkHttp : x-powered-by: ASP.NET
11-05 13:38:40.362 20564 22704 D OkHttp : date: Thu, 05 Nov 2020 12:38:38 GMT
11-05 13:38:40.362 20564 22704 D OkHttp : content-length: 195
11-05 13:38:40.362 20564 22704 D OkHttp : <-- END HTTP
11-05 13:38:40.396 20564 20564 D ScrollView: initGoToTop
11-05 13:38:40.402 20564 20564 D ScrollView: initGoToTop
11-05 13:38:40.411 20564 20564 D ViewRootImpl@a223e32[LoginActivity]: ThreadedRenderer.create() translucent=true
11-05 13:38:40.417 20564 20564 D InputTransport: Input channel constructed: fd=78
11-05 13:38:40.417 20564 20564 D ViewRootImpl@a223e32[LoginActivity]: setView = DecorView@c33e783[LoginActivity] touchMode=true
11-05 13:38:40.426 20564 20564 D ViewRootImpl@d2d522b[LoginActivity]: mHardwareRenderer.destroy()#4
11-05 13:38:40.426 20564 20564 D ViewRootImpl@d2d522b[LoginActivity]: dispatchDetachedFromWindow
11-05 13:38:40.438 20564 20564 D InputTransport: Input channel destroyed: fd=67
11-05 13:38:40.448 20564 20564 D ViewRootImpl@5670274[LoginActivity]: Relayout returned: oldFrame=[0,0][768,1024] newFrame=[0,0][768,1024] result=0x1 surface={isValid=true -2046740480} surfaceGenerationChanged=false
11-05 13:38:40.453 20564 20564 D ViewRootImpl@a223e32[LoginActivity]: dispatchAttachedToWindow
11-05 13:38:40.495 20564 20564 D ViewRootImpl@a223e32[LoginActivity]: Relayout returned: oldFrame=[0,0][0,0] newFrame=[108,423][660,624] result=0x27 surface={isValid=true -2041581568} surfaceGenerationChanged=true
11-05 13:38:40.495 20564 20564 D ViewRootImpl@a223e32[LoginActivity]: mHardwareRenderer.initialize() mSurface={isValid=true -2041581568} hwInitialized=true
11-05 13:38:40.500 20564 20564 D ScrollView: onsize change changed
11-05 13:38:40.500 20564 20564 D ScrollView: onsize change changed
11-05 13:38:40.501 20564 20564 D ViewRootImpl@a223e32[LoginActivity]: MSG_WINDOW_FOCUS_CHANGED 1
11-05 13:38:40.502 20564 20564 D ViewRootImpl@a223e32[LoginActivity]: mHardwareRenderer.initializeIfNeeded()#2 mSurface={isValid=true -2041581568}
11-05 13:38:40.523 20564 20564 D ViewRootImpl@a223e32[LoginActivity]: MSG_RESIZED_REPORT: frame=Rect(108, 423 - 660, 624) ci=Rect(0, 0 - 0, 0) vi=Rect(0, 0 - 0, 0) or=1
11-05 13:38:40.543 20564 20564 E ViewRootImpl: sendUserActionEvent() returned.
11-05 13:38:41.380 20564 20564 D ViewRootImpl@a223e32[LoginActivity]: ViewPostImeInputStage processPointer 0
11-05 13:38:41.451 20564 20564 D ViewRootImpl@a223e32[LoginActivity]: ViewPostImeInputStage processPointer 1
11-05 13:38:41.464 20564 20564 D ViewRootImpl@a223e32[LoginActivity]: mHardwareRenderer.destroy()#4
11-05 13:38:41.464 20564 20564 D ViewRootImpl@a223e32[LoginActivity]: dispatchDetachedFromWindow
11-05 13:38:41.474 20564 20564 D InputTransport: Input channel destroyed: fd=78
11-05 13:38:41.494 20564 22704 D MYINTERCEPTOR: /GiengerService.svc/manifests
11-05 13:38:41.495 20564 22704 D OkHttp : --> GET https://testsaig1.gienger.cz/GiengerService.svc/manifests http/1.1
11-05 13:38:41.495 20564 22704 D OkHttp : state: CZ
11-05 13:38:41.495 20564 22704 D OkHttp : token: 6246477b2201027d3155f34571f7c488
11-05 13:38:41.495 20564 22704 D OkHttp : --> END GET
11-05 13:38:41.503 20564 20564 D TextView: SYANI: Clipboard API is calling: clearFilter()
11-05 13:38:41.503 20564 20564 D TextView: SYANI: Clipboard API is calling: unregisterClipboardEventListener()
11-05 13:38:41.506 20564 20564 D TextView: SYANI: Clipboard API is calling: clearFilter()
11-05 13:38:41.507 20564 20564 D TextView: SYANI: Clipboard API is calling: unregisterClipboardEventListener()
11-05 13:38:41.516 20564 20564 D ViewRootImpl@5670274[LoginActivity]: mHardwareRenderer.destroy()#4
11-05 13:38:41.516 20564 20564 D ViewRootImpl@5670274[LoginActivity]: dispatchDetachedFromWindow
11-05 13:38:41.519 20564 20564 D InputTransport: Input channel destroyed: fd=61
11-05 13:38:41.546 20564 20564 D FILES : /data/user/0/cz.gienger.mobile/files/delivery
11-05 13:38:41.559 20564 22712 D MYINTERCEPTOR: /GiengerService.svc/manifests
11-05 13:38:41.560 20564 22712 D OkHttp : --> GET https://testsaig1.gienger.cz/GiengerService.svc/manifests http/1.1
11-05 13:38:41.560 20564 22712 D OkHttp : state: CZ
11-05 13:38:41.560 20564 22712 D OkHttp : token: 6246477b2201027d3155f34571f7c488
11-05 13:38:41.560 20564 22712 D OkHttp : --> END GET
11-05 13:38:41.577 20564 22713 D MYINTERCEPTOR: /GiengerService.svc/manifests
11-05 13:38:41.578 20564 22713 D OkHttp : --> GET https://testsaig1.gienger.cz/GiengerService.svc/manifests http/1.1
11-05 13:38:41.578 20564 22713 D OkHttp : state: CZ
11-05 13:38:41.578 20564 22713 D OkHttp : token: 6246477b2201027d3155f34571f7c488
11-05 13:38:41.578 20564 22713 D OkHttp : --> END GET
11-05 13:38:41.585 20564 20564 D ViewRootImpl@453b066[LoginActivity]: ThreadedRenderer.create() translucent=false
11-05 13:38:41.591 20564 20564 D InputTransport: Input channel constructed: fd=61
11-05 13:38:41.591 20564 20564 D ViewRootImpl@453b066[LoginActivity]: setView = DecorView@c455fa7[LoginActivity] touchMode=true
11-05 13:38:41.594 20564 20564 D ViewRootImpl@453b066[LoginActivity]: dispatchAttachedToWindow
11-05 13:38:41.629 20564 20564 D ViewRootImpl@453b066[LoginActivity]: Relayout returned: oldFrame=[0,0][0,0] newFrame=[0,0][768,1024] result=0x27 surface={isValid=true -2038312960} surfaceGenerationChanged=true
11-05 13:38:41.630 20564 20564 D ViewRootImpl@453b066[LoginActivity]: mHardwareRenderer.initialize() mSurface={isValid=true -2038312960} hwInitialized=true
11-05 13:38:41.633 20564 20564 D AbsListView: in onLayout changed
11-05 13:38:41.633 20564 20564 E ViewRootImpl: sendUserActionEvent() returned.
11-05 13:38:41.633 20564 20564 E ViewRootImpl: sendUserActionEvent() returned.
11-05 13:38:41.660 20564 20564 D ViewRootImpl@453b066[LoginActivity]: MSG_RESIZED_REPORT: frame=Rect(0, 0 - 768, 1024) ci=Rect(0, 24 - 0, 320) vi=Rect(0, 24 - 0, 320) or=1
11-05 13:38:41.660 20564 20564 D ViewRootImpl@453b066[LoginActivity]: MSG_WINDOW_FOCUS_CHANGED 1
11-05 13:38:41.660 20564 20564 D ViewRootImpl@453b066[LoginActivity]: mHardwareRenderer.initializeIfNeeded()#2 mSurface={isValid=true -2038312960}
11-05 13:38:41.661 20564 20564 V InputMethodManager: Starting input: tba=android.view.inputmethod.EditorInfo@22059c0 nm : cz.gienger.mobile ic=null
11-05 13:38:41.661 20564 20564 I InputMethodManager: startInputInner - mService.startInputOrWindowGainedFocus
11-05 13:38:41.686 20564 20564 D InputTransport: Input channel constructed: fd=64
11-05 13:38:41.686 20564 20564 D InputTransport: Input channel destroyed: fd=73
11-05 13:38:41.694 20564 22704 D OkHttp : <-- 200 https://testsaig1.gienger.cz/GiengerService.svc/manifests (199ms)
11-05 13:38:41.694 20564 22704 D OkHttp : content-type: application/xml; charset=utf-8
11-05 13:38:41.695 20564 22704 D OkHttp : server: Microsoft-IIS/10.0
11-05 13:38:41.695 20564 22704 D OkHttp : x-powered-by: ASP.NET
11-05 13:38:41.695 20564 20564 E ViewRootImpl: sendUserActionEvent() returned.
11-05 13:38:41.695 20564 22704 D OkHttp : date: Thu, 05 Nov 2020 12:38:40 GMT
11-05 13:38:41.695 20564 22704 D OkHttp : content-length: 12556
11-05 13:38:41.695 20564 22704 D OkHttp : <-- END HTTP
11-05 13:38:41.696 20564 22713 D OkHttp : <-- 200 https://testsaig1.gienger.cz/GiengerService.svc/manifests (117ms)
11-05 13:38:41.696 20564 22713 D OkHttp : content-type: application/xml; charset=utf-8
11-05 13:38:41.696 20564 22713 D OkHttp : server: Microsoft-IIS/10.0
11-05 13:38:41.696 20564 22713 D OkHttp : x-powered-by: ASP.NET
11-05 13:38:41.696 20564 22713 D OkHttp : date: Thu, 05 Nov 2020 12:38:40 GMT
11-05 13:38:41.696 20564 22713 D OkHttp : content-length: 12556
11-05 13:38:41.696 20564 22713 D OkHttp : <-- END HTTP
11-05 13:38:41.705 20564 20564 W IInputConnectionWrapper: finishComposingText on inactive InputConnection
11-05 13:38:41.705 20564 20564 W IInputConnectionWrapper: performPrivateCommand on inactive InputConnection
11-05 13:38:41.710 20564 22712 D OkHttp : <-- 200 https://testsaig1.gienger.cz/GiengerService.svc/manifests (149ms)
11-05 13:38:41.710 20564 22712 D OkHttp : content-type: application/xml; charset=utf-8
11-05 13:38:41.710 20564 22712 D OkHttp : server: Microsoft-IIS/10.0
11-05 13:38:41.710 20564 22712 D OkHttp : x-powered-by: ASP.NET
11-05 13:38:41.710 20564 22712 D OkHttp : date: Thu, 05 Nov 2020 12:38:40 GMT
11-05 13:38:41.710 20564 22712 D OkHttp : content-length: 12556
11-05 13:38:41.710 20564 22712 D OkHttp : <-- END HTTP
11-05 13:38:41.735 20564 20564 D DOWNLOAD_MANIFESTS: success
11-05 13:38:41.752 20564 20564 W IInputConnectionWrapper: finishComposingText on inactive InputConnection
11-05 13:38:41.851 20564 20564 D DOWNLOAD_MANIFESTS: success
11-05 13:38:41.861 20564 20564 D DOWNLOAD_MANIFESTS: success
11-05 13:38:41.874 20564 20564 V InputMethodManager: Starting input: tba=android.view.inputmethod.EditorInfo@1e7915b nm : cz.gienger.mobile ic=null
11-05 13:38:41.874 20564 20564 I InputMethodManager: startInputInner - mService.startInputOrWindowGainedFocus
11-05 13:38:41.875 20564 20564 D InputTransport: Input channel constructed: fd=73
11-05 13:38:41.875 20564 20564 D InputTransport: Input channel destroyed: fd=64
11-05 13:38:41.876 20564 20564 D ViewRootImpl@453b066[LoginActivity]: MSG_RESIZED: frame=Rect(0, 0 - 768, 1024) ci=Rect(0, 24 - 0, 0) vi=Rect(0, 24 - 0, 0) or=1
11-05 13:38:41.887 20564 20564 D ViewRootImpl@453b066[LoginActivity]: Relayout returned: oldFrame=[0,0][768,1024] newFrame=[0,0][768,1024] result=0x1 surface={isValid=true -2038312960} surfaceGenerationChanged=false
11-05 13:38:41.972 20564 20564 D AbsListView: in onLayout changed
11-05 13:38:42.723 20564 20564 D ViewRootImpl@453b066[LoginActivity]: ViewPostImeInputStage processPointer 0
11-05 13:38:42.791 20564 20564 D ViewRootImpl@453b066[LoginActivity]: ViewPostImeInputStage processPointer 1
11-05 13:38:42.792 20564 20564 D AbsListView: onTouchUp() mTouchMode : 0
11-05 13:38:43.474 20564 20564 D ViewRootImpl@453b066[LoginActivity]: ViewPostImeInputStage processPointer 0
11-05 13:38:43.523 20564 20564 D ViewRootImpl@453b066[LoginActivity]: ViewPostImeInputStage processPointer 1
11-05 13:38:43.542 20564 20564 D InputMethodManager: HSIFW - flag : 0 Pid : 20564
11-05 13:38:43.629 20564 20564 D AbsListView: in onLayout changed
11-05 13:38:47.046 20564 20564 D ViewRootImpl@453b066[LoginActivity]: ViewPostImeInputStage processPointer 0
11-05 13:38:47.152 20564 20564 D ViewRootImpl@453b066[LoginActivity]: ViewPostImeInputStage processPointer 1
11-05 13:38:47.153 20564 20564 D AbsListView: onTouchUp() mTouchMode : 2
11-05 13:38:48.045 20564 20564 D ViewRootImpl@453b066[LoginActivity]: ViewPostImeInputStage processPointer 0
11-05 13:38:48.119 20564 20564 D ViewRootImpl@453b066[LoginActivity]: ViewPostImeInputStage processPointer 1
11-05 13:38:48.143 20564 20564 D ScrollView: initGoToTop
11-05 13:38:48.148 20564 20564 D ScrollView: initGoToTop
11-05 13:38:48.155 20564 20564 D ViewRootImpl@1a1e76b[LoginActivity]: ThreadedRenderer.create() translucent=true
11-05 13:38:48.161 20564 20564 D InputTransport: Input channel constructed: fd=68
11-05 13:38:48.161 20564 20564 D ViewRootImpl@1a1e76b[LoginActivity]: setView = DecorView@e3452c8[LoginActivity] touchMode=true
11-05 13:38:48.164 20564 22712 D MYINTERCEPTOR: /GiengerService.svc/manifestinfo
11-05 13:38:48.164 20564 20564 D ViewRootImpl@1a1e76b[LoginActivity]: dispatchAttachedToWindow
11-05 13:38:48.165 20564 22712 D OkHttp : --> POST https://testsaig1.gienger.cz/GiengerService.svc/manifestinfo http/1.1
11-05 13:38:48.165 20564 22712 D OkHttp : Content-Length: 0
11-05 13:38:48.165 20564 22712 D OkHttp : state: CZ
11-05 13:38:48.165 20564 22712 D OkHttp : id: A04_trasa_A04-01_ranni_13_06_2019
11-05 13:38:48.165 20564 22712 D OkHttp : token: 6246477b2201027d3155f34571f7c488
11-05 13:38:48.165 20564 22712 D OkHttp : --> END POST
11-05 13:38:48.190 20564 20564 D ViewRootImpl@1a1e76b[LoginActivity]: Relayout returned: oldFrame=[0,0][0,0] newFrame=[108,466][660,582] result=0x27 surface={isValid=true -2001274880} surfaceGenerationChanged=true
11-05 13:38:48.191 20564 20564 D ViewRootImpl@1a1e76b[LoginActivity]: mHardwareRenderer.initialize() mSurface={isValid=true -2001274880} hwInitialized=true
11-05 13:38:48.201 20564 22712 D OkHttp : <-- 200 https://testsaig1.gienger.cz/GiengerService.svc/manifestinfo (36ms)
11-05 13:38:48.201 20564 22712 D OkHttp : content-type: application/xml; charset=utf-8
11-05 13:38:48.201 20564 22712 D OkHttp : server: Microsoft-IIS/10.0
11-05 13:38:48.201 20564 22712 D OkHttp : x-powered-by: ASP.NET
11-05 13:38:48.201 20564 22712 D OkHttp : date: Thu, 05 Nov 2020 12:38:47 GMT
11-05 13:38:48.201 20564 22712 D OkHttp : content-length: 590
11-05 13:38:48.201 20564 22712 D OkHttp : <-- END HTTP
11-05 13:38:48.205 20564 20564 D ViewRootImpl@1a1e76b[LoginActivity]: MSG_WINDOW_FOCUS_CHANGED 1
11-05 13:38:48.205 20564 20564 D ViewRootImpl@1a1e76b[LoginActivity]: mHardwareRenderer.initializeIfNeeded()#2 mSurface={isValid=true -2001274880}
11-05 13:38:48.218 20564 20564 D ViewRootImpl@1a1e76b[LoginActivity]: MSG_RESIZED_REPORT: frame=Rect(108, 466 - 660, 582) ci=Rect(0, 0 - 0, 0) vi=Rect(0, 0 - 0, 0) or=1
11-05 13:38:48.228 20564 22720 D MYINTERCEPTOR: /GiengerService.svc/corrections
11-05 13:38:48.229 20564 22720 D OkHttp : --> GET https://testsaig1.gienger.cz/GiengerService.svc/corrections http/1.1
11-05 13:38:48.229 20564 22720 D OkHttp : token: 6246477b2201027d3155f34571f7c488
11-05 13:38:48.229 20564 22720 D OkHttp : --> END GET
11-05 13:38:48.244 20564 20564 D ViewRootImpl@453b066[LoginActivity]: MSG_WINDOW_FOCUS_CHANGED 0
11-05 13:38:48.276 20564 22720 D OkHttp : <-- 200 https://testsaig1.gienger.cz/GiengerService.svc/corrections (46ms)
11-05 13:38:48.277 20564 22720 D OkHttp : content-type: application/xml; charset=utf-8
11-05 13:38:48.277 20564 22720 D OkHttp : server: Microsoft-IIS/10.0
11-05 13:38:48.277 20564 22720 D OkHttp : x-powered-by: ASP.NET
11-05 13:38:48.277 20564 22720 D OkHttp : date: Thu, 05 Nov 2020 12:38:47 GMT
11-05 13:38:48.277 20564 22720 D OkHttp : content-length: 1267
11-05 13:38:48.277 20564 22720 D OkHttp : <-- END HTTP
11-05 13:38:48.284 20564 22720 D MYINTERCEPTOR: /GiengerService.svc/getorder
11-05 13:38:48.285 20564 22720 D OkHttp : --> POST https://testsaig1.gienger.cz/GiengerService.svc/getorder http/1.1
11-05 13:38:48.285 20564 22720 D OkHttp : Content-Length: 0
11-05 13:38:48.286 20564 22720 D OkHttp : name: 130AT1190426655.xml
11-05 13:38:48.286 20564 22720 D OkHttp : token: 6246477b2201027d3155f34571f7c488
11-05 13:38:48.286 20564 22720 D OkHttp : --> END POST
11-05 13:38:48.375 20564 22720 D OkHttp : <-- 200 https://testsaig1.gienger.cz/GiengerService.svc/getorder (89ms)
11-05 13:38:48.375 20564 22720 D OkHttp : content-type: application/xml; charset=utf-8
11-05 13:38:48.375 20564 22720 D OkHttp : server: Microsoft-IIS/10.0
11-05 13:38:48.375 20564 22720 D OkHttp : checksum: ab2a355fdc0b549952beb99884f510a0
11-05 13:38:48.375 20564 22720 D OkHttp : x-powered-by: ASP.NET
11-05 13:38:48.376 20564 22720 D OkHttp : date: Thu, 05 Nov 2020 12:38:47 GMT
11-05 13:38:48.376 20564 22720 D OkHttp : content-length: 181493
11-05 13:38:48.376 20564 22720 D OkHttp : <-- END HTTP
11-05 13:38:48.506 20564 20575 I art : Background partial concurrent mark sweep GC freed 72359(2MB) AllocSpace objects, 14(484KB) LOS objects, 54% free, 10MB/22MB, paused 1.749ms total 124.398ms
11-05 13:38:48.766 20564 22720 D MYINTERCEPTOR: /GiengerService.svc/getorder
11-05 13:38:48.768 20564 22720 D OkHttp : --> POST https://testsaig1.gienger.cz/GiengerService.svc/getorder http/1.1
11-05 13:38:48.769 20564 22720 D OkHttp : Content-Length: 0
11-05 13:38:48.769 20564 22720 D OkHttp : name: 130AT1190427190.xml
11-05 13:38:48.769 20564 22720 D OkHttp : token: 6246477b2201027d3155f34571f7c488
11-05 13:38:48.769 20564 22720 D OkHttp : --> END POST
11-05 13:38:48.853 20564 22720 D OkHttp : <-- 200 https://testsaig1.gienger.cz/GiengerService.svc/getorder (83ms)
11-05 13:38:48.853 20564 22720 D OkHttp : content-type: application/xml; charset=utf-8
11-05 13:38:48.853 20564 22720 D OkHttp : server: Microsoft-IIS/10.0
11-05 13:38:48.853 20564 22720 D OkHttp : checksum: d8b7564812415ce718154b81f00fc1b0
11-05 13:38:48.853 20564 22720 D OkHttp : x-powered-by: ASP.NET
11-05 13:38:48.853 20564 22720 D OkHttp : date: Thu, 05 Nov 2020 12:38:47 GMT
11-05 13:38:48.853 20564 22720 D OkHttp : content-length: 179530
11-05 13:38:48.853 20564 22720 D OkHttp : <-- END HTTP
11-05 13:38:50.503 20564 22720 D MYINTERCEPTOR: /GiengerService.svc/getorder
11-05 13:38:50.504 20564 22720 D OkHttp : --> POST https://testsaig1.gienger.cz/GiengerService.svc/getorder http/1.1
11-05 13:38:50.504 20564 22720 D OkHttp : Content-Length: 0
11-05 13:38:50.504 20564 22720 D OkHttp : name: 130AT1190427616.xml
11-05 13:38:50.504 20564 22720 D OkHttp : token: 6246477b2201027d3155f34571f7c488
11-05 13:38:50.504 20564 22720 D OkHttp : --> END POST
11-05 13:38:50.679 20564 22720 D OkHttp : <-- 200 https://testsaig1.gienger.cz/GiengerService.svc/getorder (174ms)
11-05 13:38:50.679 20564 22720 D OkHttp : content-type: application/xml; charset=utf-8
11-05 13:38:50.679 20564 22720 D OkHttp : server: Microsoft-IIS/10.0
11-05 13:38:50.680 20564 22720 D OkHttp : checksum: 4ac8ba6df5361189fa81c5d36698896d
11-05 13:38:50.680 20564 22720 D OkHttp : x-powered-by: ASP.NET
11-05 13:38:50.680 20564 22720 D OkHttp : date: Thu, 05 Nov 2020 12:38:49 GMT
11-05 13:38:50.680 20564 22720 D OkHttp : content-length: 178819
11-05 13:38:50.680 20564 22720 D OkHttp : <-- END HTTP
11-05 13:38:50.991 20564 22720 D MYINTERCEPTOR: /GiengerService.svc/getorder
11-05 13:38:50.992 20564 22720 D OkHttp : --> POST https://testsaig1.gienger.cz/GiengerService.svc/getorder http/1.1
11-05 13:38:50.992 20564 22720 D OkHttp : Content-Length: 0
11-05 13:38:50.992 20564 22720 D OkHttp : name: 130AT1190427660.xml
11-05 13:38:50.992 20564 22720 D OkHttp : token: 6246477b2201027d3155f34571f7c488
11-05 13:38:50.992 20564 22720 D OkHttp : --> END POST
11-05 13:38:51.118 20564 22720 D OkHttp : <-- 200 https://testsaig1.gienger.cz/GiengerService.svc/getorder (125ms)
11-05 13:38:51.118 20564 22720 D OkHttp : content-type: application/xml; charset=utf-8
11-05 13:38:51.118 20564 22720 D OkHttp : server: Microsoft-IIS/10.0
11-05 13:38:51.119 20564 22720 D OkHttp : checksum: 29e1e0ed2b81e32de5bc78d7dba1aedc
11-05 13:38:51.119 20564 22720 D OkHttp : x-powered-by: ASP.NET
11-05 13:38:51.119 20564 22720 D OkHttp : date: Thu, 05 Nov 2020 12:38:49 GMT
11-05 13:38:51.119 20564 22720 D OkHttp : content-length: 173731
11-05 13:38:51.119 20564 22720 D OkHttp : <-- END HTTP
11-05 13:38:53.199 20564 22720 D MYINTERCEPTOR: /GiengerService.svc/getorder
11-05 13:38:53.200 20564 22720 D OkHttp : --> POST https://testsaig1.gienger.cz/GiengerService.svc/getorder http/1.1
11-05 13:38:53.200 20564 22720 D OkHttp : Content-Length: 0
11-05 13:38:53.200 20564 22720 D OkHttp : name: 130AT1190427598.xml
11-05 13:38:53.200 20564 22720 D OkHttp : token: 6246477b2201027d3155f34571f7c488
11-05 13:38:53.200 20564 22720 D OkHttp : --> END POST
11-05 13:38:53.290 20564 22720 D OkHttp : <-- 200 https://testsaig1.gienger.cz/GiengerService.svc/getorder (90ms)
11-05 13:38:53.291 20564 22720 D OkHttp : content-type: application/xml; charset=utf-8
11-05 13:38:53.291 20564 22720 D OkHttp : server: Microsoft-IIS/10.0
11-05 13:38:53.291 20564 22720 D OkHttp : checksum: c030a469cb56335aa641efeab4c2f848
11-05 13:38:53.291 20564 22720 D OkHttp : x-powered-by: ASP.NET
11-05 13:38:53.291 20564 22720 D OkHttp : date: Thu, 05 Nov 2020 12:38:52 GMT
11-05 13:38:53.291 20564 22720 D OkHttp : content-length: 191600
11-05 13:38:53.291 20564 22720 D OkHttp : <-- END HTTP
11-05 13:38:53.720 20564 22720 D MYINTERCEPTOR: /GiengerService.svc/getorder
11-05 13:38:53.722 20564 22720 D OkHttp : --> POST https://testsaig1.gienger.cz/GiengerService.svc/getorder http/1.1
11-05 13:38:53.722 20564 22720 D OkHttp : Content-Length: 0
11-05 13:38:53.722 20564 22720 D OkHttp : name: 130AT1190427599.xml
11-05 13:38:53.722 20564 22720 D OkHttp : token: 6246477b2201027d3155f34571f7c488
11-05 13:38:53.722 20564 22720 D OkHttp : --> END POST
11-05 13:38:53.813 20564 22720 D OkHttp : <-- 200 https://testsaig1.gienger.cz/GiengerService.svc/getorder (90ms)
11-05 13:38:53.813 20564 22720 D OkHttp : content-type: application/xml; charset=utf-8
11-05 13:38:53.813 20564 22720 D OkHttp : server: Microsoft-IIS/10.0
11-05 13:38:53.813 20564 22720 D OkHttp : checksum: 205ee4be137d6157784a1d8557374273
11-05 13:38:53.813 20564 22720 D OkHttp : x-powered-by: ASP.NET
11-05 13:38:53.814 20564 22720 D OkHttp : date: Thu, 05 Nov 2020 12:38:52 GMT
11-05 13:38:53.814 20564 22720 D OkHttp : content-length: 166482
11-05 13:38:53.814 20564 22720 D OkHttp : <-- END HTTP
11-05 13:38:54.337 20564 22720 D MYINTERCEPTOR: /GiengerService.svc/getorder
11-05 13:38:54.339 20564 22720 D OkHttp : --> POST https://testsaig1.gienger.cz/GiengerService.svc/getorder http/1.1
11-05 13:38:54.340 20564 22720 D OkHttp : Content-Length: 0
11-05 13:38:54.340 20564 22720 D OkHttp : name: 130AT1190427643.xml
11-05 13:38:54.340 20564 22720 D OkHttp : token: 6246477b2201027d3155f34571f7c488
11-05 13:38:54.340 20564 22720 D OkHttp : --> END POST
11-05 13:38:54.429 20564 22720 D OkHttp : <-- 200 https://testsaig1.gienger.cz/GiengerService.svc/getorder (88ms)
11-05 13:38:54.429 20564 22720 D OkHttp : content-type: application/xml; charset=utf-8
11-05 13:38:54.429 20564 22720 D OkHttp : server: Microsoft-IIS/10.0
11-05 13:38:54.430 20564 22720 D OkHttp : checksum: 8502df0cf84b347bc26ff7e85ae4706c
11-05 13:38:54.430 20564 22720 D OkHttp : x-powered-by: ASP.NET
11-05 13:38:54.430 20564 22720 D OkHttp : date: Thu, 05 Nov 2020 12:38:53 GMT
11-05 13:38:54.430 20564 22720 D OkHttp : content-length: 175230
11-05 13:38:54.430 20564 22720 D OkHttp : <-- END HTTP
11-05 13:38:54.592 20564 22720 D MYINTERCEPTOR: /GiengerService.svc/getorder
