11-05 13:38:54.593 20564 22720 D OkHttp : --> POST https://testsaig1.gienger.cz/GiengerService.svc/getorder http/1.1
11-05 13:38:54.593 20564 22720 D OkHttp : Content-Length: 0
11-05 13:38:54.593 20564 22720 D OkHttp : name: 130AT1190427685.xml
11-05 13:38:54.593 20564 22720 D OkHttp : token: 6246477b2201027d3155f34571f7c488
11-05 13:38:54.593 20564 22720 D OkHttp : --> END POST
11-05 13:38:54.723 20564 22720 D OkHttp : <-- 200 https://testsaig1.gienger.cz/GiengerService.svc/getorder (130ms)
11-05 13:38:54.724 20564 22720 D OkHttp : content-type: application/xml; charset=utf-8
11-05 13:38:54.724 20564 22720 D OkHttp : server: Microsoft-IIS/10.0
11-05 13:38:54.724 20564 22720 D OkHttp : checksum: 1d7e812bb4b3cde5bb62ca8fd99086d5
11-05 13:38:54.724 20564 22720 D OkHttp : x-powered-by: ASP.NET
11-05 13:38:54.725 20564 22720 D OkHttp : date: Thu, 05 Nov 2020 12:38:53 GMT
11-05 13:38:54.725 20564 22720 D OkHttp : content-length: 177372
11-05 13:38:54.725 20564 22720 D OkHttp : <-- END HTTP
11-05 13:38:54.847 20564 22720 D MYINTERCEPTOR: /GiengerService.svc/getorder
11-05 13:38:54.849 20564 22720 D OkHttp : --> POST https://testsaig1.gienger.cz/GiengerService.svc/getorder http/1.1
11-05 13:38:54.850 20564 22720 D OkHttp : Content-Length: 0
11-05 13:38:54.850 20564 22720 D OkHttp : name: 130AT1190427093.xml
11-05 13:38:54.850 20564 22720 D OkHttp : token: 6246477b2201027d3155f34571f7c488
11-05 13:38:54.850 20564 22720 D OkHttp : --> END POST
11-05 13:38:54.915 20564 22720 D OkHttp : <-- 200 https://testsaig1.gienger.cz/GiengerService.svc/getorder (65ms)
11-05 13:38:54.915 20564 22720 D OkHttp : content-type: application/xml; charset=utf-8
11-05 13:38:54.915 20564 22720 D OkHttp : server: Microsoft-IIS/10.0
11-05 13:38:54.915 20564 22720 D OkHttp : checksum: d0d293b1dd3dbf23269b57917f6cf258
11-05 13:38:54.916 20564 22720 D OkHttp : x-powered-by: ASP.NET
11-05 13:38:54.916 20564 22720 D OkHttp : date: Thu, 05 Nov 2020 12:38:53 GMT
11-05 13:38:54.916 20564 22720 D OkHttp : content-length: 175646
11-05 13:38:54.916 20564 22720 D OkHttp : <-- END HTTP
11-05 13:38:55.077 20564 22720 D MYINTERCEPTOR: /GiengerService.svc/getorder
11-05 13:38:55.078 20564 22720 D OkHttp : --> POST https://testsaig1.gienger.cz/GiengerService.svc/getorder http/1.1
11-05 13:38:55.079 20564 22720 D OkHttp : Content-Length: 0
11-05 13:38:55.079 20564 22720 D OkHttp : name: 130AT1190427553.xml
11-05 13:38:55.079 20564 22720 D OkHttp : token: 6246477b2201027d3155f34571f7c488
11-05 13:38:55.079 20564 22720 D OkHttp : --> END POST
11-05 13:38:55.170 20564 22720 D OkHttp : <-- 200 https://testsaig1.gienger.cz/GiengerService.svc/getorder (91ms)
11-05 13:38:55.171 20564 22720 D OkHttp : content-type: application/xml; charset=utf-8
11-05 13:38:55.171 20564 22720 D OkHttp : server: Microsoft-IIS/10.0
11-05 13:38:55.171 20564 22720 D OkHttp : checksum: b9ff04f381ba2741926c2b1275127c49
11-05 13:38:55.171 20564 22720 D OkHttp : x-powered-by: ASP.NET
11-05 13:38:55.171 20564 22720 D OkHttp : date: Thu, 05 Nov 2020 12:38:53 GMT
11-05 13:38:55.171 20564 22720 D OkHttp : content-length: 221382
11-05 13:38:55.171 20564 22720 D OkHttp : <-- END HTTP
11-05 13:38:55.311 20564 20575 I art : Background partial concurrent mark sweep GC freed 74151(3MB) AllocSpace objects, 68(11MB) LOS objects, 53% free, 10MB/22MB, paused 1.403ms total 128.037ms
11-05 13:38:55.330 20564 22720 D MYINTERCEPTOR: /GiengerService.svc/getorder
11-05 13:38:55.331 20564 22720 D OkHttp : --> POST https://testsaig1.gienger.cz/GiengerService.svc/getorder http/1.1
11-05 13:38:55.331 20564 22720 D OkHttp : Content-Length: 0
11-05 13:38:55.331 20564 22720 D OkHttp : name: 130AT1190427486.xml
11-05 13:38:55.331 20564 22720 D OkHttp : token: 6246477b2201027d3155f34571f7c488
11-05 13:38:55.331 20564 22720 D OkHttp : --> END POST
11-05 13:38:55.456 20564 22720 D OkHttp : <-- 200 https://testsaig1.gienger.cz/GiengerService.svc/getorder (124ms)
11-05 13:38:55.456 20564 22720 D OkHttp : content-type: application/xml; charset=utf-8
11-05 13:38:55.456 20564 22720 D OkHttp : server: Microsoft-IIS/10.0
11-05 13:38:55.456 20564 22720 D OkHttp : checksum: 2c7b4050d4dc03ae40e5b258ba305a3b
11-05 13:38:55.456 20564 22720 D OkHttp : x-powered-by: ASP.NET
11-05 13:38:55.456 20564 22720 D OkHttp : date: Thu, 05 Nov 2020 12:38:54 GMT
11-05 13:38:55.457 20564 22720 D OkHttp : content-length: 179969
11-05 13:38:55.457 20564 22720 D OkHttp : <-- END HTTP
11-05 13:38:55.560 20564 22720 D MYINTERCEPTOR: /GiengerService.svc/getorder
11-05 13:38:55.561 20564 22720 D OkHttp : --> POST https://testsaig1.gienger.cz/GiengerService.svc/getorder http/1.1
11-05 13:38:55.561 20564 22720 D OkHttp : Content-Length: 0
11-05 13:38:55.561 20564 22720 D OkHttp : name: 130AT1190427561.xml
11-05 13:38:55.561 20564 22720 D OkHttp : token: 6246477b2201027d3155f34571f7c488
11-05 13:38:55.561 20564 22720 D OkHttp : --> END POST
11-05 13:38:55.625 20564 22720 D OkHttp : <-- 200 https://testsaig1.gienger.cz/GiengerService.svc/getorder (63ms)
11-05 13:38:55.625 20564 22720 D OkHttp : content-type: application/xml; charset=utf-8
11-05 13:38:55.625 20564 22720 D OkHttp : server: Microsoft-IIS/10.0
11-05 13:38:55.625 20564 22720 D OkHttp : checksum: 5a162dcc8d3dc97cdc8be70dc3f67b2f
11-05 13:38:55.626 20564 22720 D OkHttp : x-powered-by: ASP.NET
11-05 13:38:55.626 20564 22720 D OkHttp : date: Thu, 05 Nov 2020 12:38:54 GMT
11-05 13:38:55.626 20564 22720 D OkHttp : content-length: 188706
11-05 13:38:55.626 20564 22720 D OkHttp : <-- END HTTP
11-05 13:38:55.829 20564 22720 D MYINTERCEPTOR: /GiengerService.svc/getorder
11-05 13:38:55.830 20564 22720 D OkHttp : --> POST https://testsaig1.gienger.cz/GiengerService.svc/getorder http/1.1
11-05 13:38:55.830 20564 22720 D OkHttp : Content-Length: 0
11-05 13:38:55.830 20564 22720 D OkHttp : name: 130AT1190427708.xml
11-05 13:38:55.830 20564 22720 D OkHttp : token: 6246477b2201027d3155f34571f7c488
11-05 13:38:55.830 20564 22720 D OkHttp : --> END POST
11-05 13:38:55.891 20564 22720 D OkHttp : <-- 200 https://testsaig1.gienger.cz/GiengerService.svc/getorder (60ms)
11-05 13:38:55.891 20564 22720 D OkHttp : content-type: application/xml; charset=utf-8
11-05 13:38:55.892 20564 22720 D OkHttp : server: Microsoft-IIS/10.0
11-05 13:38:55.892 20564 22720 D OkHttp : checksum: e3b4bd3d598534b7e81ea3389c524afe
11-05 13:38:55.892 20564 22720 D OkHttp : x-powered-by: ASP.NET
11-05 13:38:55.892 20564 22720 D OkHttp : date: Thu, 05 Nov 2020 12:38:54 GMT
11-05 13:38:55.892 20564 22720 D OkHttp : content-length: 180597
11-05 13:38:55.892 20564 22720 D OkHttp : <-- END HTTP
11-05 13:38:56.265 20564 22720 D MYINTERCEPTOR: /GiengerService.svc/getorder
11-05 13:38:56.265 20564 22720 D OkHttp : --> POST https://testsaig1.gienger.cz/GiengerService.svc/getorder http/1.1
11-05 13:38:56.265 20564 22720 D OkHttp : Content-Length: 0
11-05 13:38:56.265 20564 22720 D OkHttp : name: 130AT1190427710.xml
11-05 13:38:56.265 20564 22720 D OkHttp : token: 6246477b2201027d3155f34571f7c488
11-05 13:38:56.265 20564 22720 D OkHttp : --> END POST
11-05 13:38:56.340 20564 22720 D OkHttp : <-- 200 https://testsaig1.gienger.cz/GiengerService.svc/getorder (74ms)
11-05 13:38:56.340 20564 22720 D OkHttp : content-type: application/xml; charset=utf-8
11-05 13:38:56.341 20564 22720 D OkHttp : server: Microsoft-IIS/10.0
11-05 13:38:56.341 20564 22720 D OkHttp : checksum: bc540f7e39523bd3e46a4445385c7fcd
11-05 13:38:56.341 20564 22720 D OkHttp : x-powered-by: ASP.NET
11-05 13:38:56.341 20564 22720 D OkHttp : date: Thu, 05 Nov 2020 12:38:54 GMT
11-05 13:38:56.341 20564 22720 D OkHttp : content-length: 196582
11-05 13:38:56.341 20564 22720 D OkHttp : <-- END HTTP
11-05 13:38:56.497 20564 22720 D MYINTERCEPTOR: /GiengerService.svc/getorder
11-05 13:38:56.498 20564 22720 D OkHttp : --> POST https://testsaig1.gienger.cz/GiengerService.svc/getorder http/1.1
11-05 13:38:56.499 20564 22720 D OkHttp : Content-Length: 0
11-05 13:38:56.499 20564 22720 D OkHttp : name: 130AT1190427690.xml
11-05 13:38:56.499 20564 22720 D OkHttp : token: 6246477b2201027d3155f34571f7c488
11-05 13:38:56.499 20564 22720 D OkHttp : --> END POST
11-05 13:38:56.576 20564 22720 D OkHttp : <-- 200 https://testsaig1.gienger.cz/GiengerService.svc/getorder (76ms)
11-05 13:38:56.576 20564 22720 D OkHttp : content-type: application/xml; charset=utf-8
11-05 13:38:56.576 20564 22720 D OkHttp : server: Microsoft-IIS/10.0
11-05 13:38:56.576 20564 22720 D OkHttp : checksum: 98ec98e1027c63eb96f90e74374a50e9
11-05 13:38:56.576 20564 22720 D OkHttp : x-powered-by: ASP.NET
11-05 13:38:56.576 20564 22720 D OkHttp : date: Thu, 05 Nov 2020 12:38:55 GMT
11-05 13:38:56.576 20564 22720 D OkHttp : content-length: 184217
11-05 13:38:56.576 20564 22720 D OkHttp : <-- END HTTP
11-05 13:38:56.730 20564 20564 D ViewRootImpl@1a1e76b[LoginActivity]: mHardwareRenderer.destroy()#4
11-05 13:38:56.730 20564 20564 D ViewRootImpl@1a1e76b[LoginActivity]: dispatchDetachedFromWindow
11-05 13:38:56.740 20564 20564 D InputTransport: Input channel destroyed: fd=68
11-05 13:38:56.740 20564 20564 D ViewRootImpl@453b066[LoginActivity]: MSG_WINDOW_FOCUS_CHANGED 1
11-05 13:38:56.740 20564 20564 D ViewRootImpl@453b066[LoginActivity]: mHardwareRenderer.initializeIfNeeded()#2 mSurface={isValid=true -2038312960}
11-05 13:38:56.742 20564 20564 V InputMethodManager: Starting input: tba=android.view.inputmethod.EditorInfo@d05fdf8 nm : cz.gienger.mobile ic=null
11-05 13:38:56.742 20564 20564 I InputMethodManager: startInputInner - mService.startInputOrWindowGainedFocus
11-05 13:38:56.744 20564 20564 D InputTransport: Input channel constructed: fd=68
11-05 13:38:56.744 20564 20564 D InputTransport: Input channel destroyed: fd=73
11-05 13:38:56.744 20564 20564 E ViewRootImpl: sendUserActionEvent() returned.
11-05 13:38:56.769 20564 20564 D AbsListView: in onLayout changed
11-05 13:38:56.989 20564 20564 D AbsListView: in onLayout changed
11-05 13:38:58.229 20564 20564 D ViewRootImpl@453b066[LoginActivity]: ViewPostImeInputStage processPointer 0
11-05 13:38:58.256 20564 20564 D AbsListView: reportScrollStateChange() newState : 1
11-05 13:38:58.790 20564 20564 D ViewRootImpl@453b066[LoginActivity]: ViewPostImeInputStage processPointer 1
11-05 13:38:58.790 20564 20564 D AbsListView: onTouchUp() mTouchMode : 3
11-05 13:38:58.790 20564 20564 D AbsListView: onTouchUp() TOUCH_MODE_SCROLL initialVelocity : 8
11-05 13:38:58.790 20564 20564 D AbsListView: reportScrollStateChange() newState : 0
11-05 13:39:02.021 20564 20564 D ViewRootImpl@453b066[LoginActivity]: ViewPostImeInputStage processPointer 0
11-05 13:39:02.074 20564 20564 D AbsListView: reportScrollStateChange() newState : 1
11-05 13:39:02.465 20564 20564 D ViewRootImpl@453b066[LoginActivity]: ViewPostImeInputStage processPointer 1
11-05 13:39:02.465 20564 20564 D AbsListView: onTouchUp() mTouchMode : 3
11-05 13:39:02.465 20564 20564 D AbsListView: onTouchUp() TOUCH_MODE_SCROLL initialVelocity : 66
11-05 13:39:02.465 20564 20564 D AbsListView: reportScrollStateChange() newState : 0
11-05 13:39:03.472 20564 20564 D ViewRootImpl@453b066[LoginActivity]: ViewPostImeInputStage processPointer 0
11-05 13:39:03.516 20564 20564 D AbsListView: reportScrollStateChange() newState : 1
11-05 13:39:03.893 20564 20564 D ViewRootImpl@453b066[LoginActivity]: ViewPostImeInputStage processPointer 1
11-05 13:39:03.893 20564 20564 D AbsListView: onTouchUp() mTouchMode : 3
11-05 13:39:03.893 20564 20564 D AbsListView: onTouchUp() TOUCH_MODE_SCROLL initialVelocity : 0
11-05 13:39:03.893 20564 20564 D AbsListView: reportScrollStateChange() newState : 0
11-05 13:39:05.639 20564 20564 D ViewRootImpl@453b066[LoginActivity]: ViewPostImeInputStage processPointer 0
11-05 13:39:05.719 20564 20564 D ViewRootImpl@453b066[LoginActivity]: ViewPostImeInputStage processPointer 1
11-05 13:39:05.739 20564 20564 D ScrollView: initGoToTop
11-05 13:39:05.743 20564 20564 D ScrollView: initGoToTop
11-05 13:39:05.751 20564 20564 D ViewRootImpl@57029fc[LoginActivity]: ThreadedRenderer.create() translucent=true
11-05 13:39:05.757 20564 20564 D InputTransport: Input channel constructed: fd=73
11-05 13:39:05.757 20564 20564 D ViewRootImpl@57029fc[LoginActivity]: setView = DecorView@274d885[LoginActivity] touchMode=true
11-05 13:39:05.759 20564 20564 D ViewRootImpl@57029fc[LoginActivity]: dispatchAttachedToWindow
11-05 13:39:05.779 20564 20564 D ViewRootImpl@57029fc[LoginActivity]: Relayout returned: oldFrame=[0,0][0,0] newFrame=[108,450][660,597] result=0x27 surface={isValid=true -2041016320} surfaceGenerationChanged=true
11-05 13:39:05.779 20564 20564 D ViewRootImpl@57029fc[LoginActivity]: mHardwareRenderer.initialize() mSurface={isValid=true -2041016320} hwInitialized=true
11-05 13:39:05.783 20564 20564 D ScrollView: onsize change changed
11-05 13:39:05.783 20564 20564 D ScrollView: onsize change changed
11-05 13:39:05.798 20564 20564 D ViewRootImpl@57029fc[LoginActivity]: MSG_WINDOW_FOCUS_CHANGED 1
11-05 13:39:05.798 20564 20564 D ViewRootImpl@57029fc[LoginActivity]: mHardwareRenderer.initializeIfNeeded()#2 mSurface={isValid=true -2041016320}
11-05 13:39:05.817 20564 20564 D ViewRootImpl@57029fc[LoginActivity]: MSG_RESIZED_REPORT: frame=Rect(108, 450 - 660, 597) ci=Rect(0, 0 - 0, 0) vi=Rect(0, 0 - 0, 0) or=1
11-05 13:39:05.830 20564 20564 D ViewRootImpl@453b066[LoginActivity]: MSG_WINDOW_FOCUS_CHANGED 0
11-05 13:39:06.704 20564 20564 D ViewRootImpl@57029fc[LoginActivity]: ViewPostImeInputStage processPointer 0
11-05 13:39:06.783 20564 20564 D ViewRootImpl@57029fc[LoginActivity]: ViewPostImeInputStage processPointer 1
11-05 13:39:06.811 20564 20564 D ScrollView: initGoToTop
11-05 13:39:06.816 20564 20564 D ScrollView: initGoToTop
11-05 13:39:06.826 20564 20564 D ViewRootImpl@45d47e[LoginActivity]: ThreadedRenderer.create() translucent=true
11-05 13:39:06.830 20564 20564 D InputTransport: Input channel constructed: fd=75
11-05 13:39:06.830 20564 20564 D ViewRootImpl@45d47e[LoginActivity]: setView = DecorView@bee0ddf[LoginActivity] touchMode=true
11-05 13:39:06.832 20564 22712 D MYINTERCEPTOR: /GiengerService.svc/assign/A04_trasa_A04-01_ranni_13_06_2019
11-05 13:39:06.833 20564 22712 D OkHttp : --> POST https://testsaig1.gienger.cz/GiengerService.svc/assign/A04_trasa_A04-01_ranni_13_06_2019 http/1.1
11-05 13:39:06.833 20564 22712 D OkHttp : Content-Length: 0
11-05 13:39:06.833 20564 22712 D OkHttp : token: 6246477b2201027d3155f34571f7c488
11-05 13:39:06.833 20564 22712 D OkHttp : --> END POST
11-05 13:39:06.841 20564 20564 D ViewRootImpl@57029fc[LoginActivity]: mHardwareRenderer.destroy()#4
11-05 13:39:06.841 20564 20564 D ViewRootImpl@57029fc[LoginActivity]: dispatchDetachedFromWindow
11-05 13:39:06.852 20564 20564 D InputTransport: Input channel destroyed: fd=73
11-05 13:39:06.853 20564 20564 D ViewRootImpl@45d47e[LoginActivity]: dispatchAttachedToWindow
11-05 13:39:06.885 20564 20564 D ViewRootImpl@45d47e[LoginActivity]: Relayout returned: oldFrame=[0,0][0,0] newFrame=[108,466][660,582] result=0x27 surface={isValid=true -2041016320} surfaceGenerationChanged=true
11-05 13:39:06.885 20564 20564 D ViewRootImpl@45d47e[LoginActivity]: mHardwareRenderer.initialize() mSurface={isValid=true -2041016320} hwInitialized=true
11-05 13:39:06.889 20564 20564 D ViewRootImpl@45d47e[LoginActivity]: MSG_WINDOW_FOCUS_CHANGED 1
11-05 13:39:06.890 20564 20564 D ViewRootImpl@45d47e[LoginActivity]: mHardwareRenderer.initializeIfNeeded()#2 mSurface={isValid=true -2041016320}
11-05 13:39:06.899 20564 20564 D ViewRootImpl@45d47e[LoginActivity]: MSG_RESIZED_REPORT: frame=Rect(108, 466 - 660, 582) ci=Rect(0, 0 - 0, 0) vi=Rect(0, 0 - 0, 0) or=1
11-05 13:39:06.915 20564 20564 E ViewRootImpl: sendUserActionEvent() returned.
11-05 13:39:06.962 20564 22712 D OkHttp : <-- 200 https://testsaig1.gienger.cz/GiengerService.svc/assign/A04_trasa_A04-01_ranni_13_06_2019 (128ms)
11-05 13:39:06.963 20564 22712 D OkHttp : content-type: application/xml; charset=utf-8
11-05 13:39:06.963 20564 22712 D OkHttp : server: Microsoft-IIS/10.0
11-05 13:39:06.963 20564 22712 D OkHttp : x-powered-by: ASP.NET
11-05 13:39:06.963 20564 22712 D OkHttp : date: Thu, 05 Nov 2020 12:39:05 GMT
11-05 13:39:06.963 20564 22712 D OkHttp : content-length: 187
11-05 13:39:06.963 20564 22712 D OkHttp : <-- END HTTP
11-05 13:39:06.988 20564 20564 D ViewRootImpl@45d47e[LoginActivity]: mHardwareRenderer.destroy()#4
11-05 13:39:06.988 20564 20564 D ViewRootImpl@45d47e[LoginActivity]: dispatchDetachedFromWindow
11-05 13:39:07.001 20564 20564 D InputTransport: Input channel destroyed: fd=75
11-05 13:39:07.009 20564 20564 D ALARM_REUPLOAD: scheduling alarm
11-05 13:39:07.040 20564 20564 D ScrollView: initGoToTop
11-05 13:39:07.046 20564 20564 D ScrollView: initGoToTop
11-05 13:39:07.054 20564 20564 D ViewRootImpl@9c69689[LoginActivity]: ThreadedRenderer.create() translucent=true
11-05 13:39:07.060 20564 20564 D InputTransport: Input channel constructed: fd=73
11-05 13:39:07.061 20564 20564 D ViewRootImpl@9c69689[LoginActivity]: setView = DecorView@262068e[LoginActivity] touchMode=true
11-05 13:39:07.063 20564 20564 D ViewRootImpl@9c69689[LoginActivity]: dispatchAttachedToWindow
11-05 13:39:07.068 20564 22725 D MYINTERCEPTOR: /GiengerService.svc/metadata
11-05 13:39:07.069 20564 22725 D OkHttp : --> GET https://testsaig1.gienger.cz/GiengerService.svc/metadata http/1.1
11-05 13:39:07.069 20564 22725 D OkHttp : token: 6246477b2201027d3155f34571f7c488
11-05 13:39:07.069 20564 22725 D OkHttp : state: CZ
11-05 13:39:07.069 20564 22725 D OkHttp : --> END GET
11-05 13:39:07.085 20564 20564 D ViewRootImpl@9c69689[LoginActivity]: Relayout returned: oldFrame=[0,0][0,0] newFrame=[108,466][660,582] result=0x27 surface={isValid=true -2046824448} surfaceGenerationChanged=true
11-05 13:39:07.085 20564 20564 D ViewRootImpl@9c69689[LoginActivity]: mHardwareRenderer.initialize() mSurface={isValid=true -2046824448} hwInitialized=true
11-05 13:39:07.087 20564 20564 D ViewRootImpl@453b066[LoginActivity]: MSG_WINDOW_FOCUS_CHANGED 1
11-05 13:39:07.088 20564 20564 D ViewRootImpl@453b066[LoginActivity]: mHardwareRenderer.initializeIfNeeded()#2 mSurface={isValid=true -2038312960}
11-05 13:39:07.089 20564 20564 E ViewRootImpl: sendUserActionEvent() returned.
11-05 13:39:07.091 20564 20564 D ViewRootImpl@9c69689[LoginActivity]: MSG_WINDOW_FOCUS_CHANGED 1
11-05 13:39:07.091 20564 20564 D ViewRootImpl@9c69689[LoginActivity]: mHardwareRenderer.initializeIfNeeded()#2 mSurface={isValid=true -2046824448}
11-05 13:39:07.109 20564 20564 D ViewRootImpl@9c69689[LoginActivity]: MSG_RESIZED_REPORT: frame=Rect(108, 466 - 660, 582) ci=Rect(0, 0 - 0, 0) vi=Rect(0, 0 - 0, 0) or=1
11-05 13:39:07.133 20564 20564 D ViewRootImpl@453b066[LoginActivity]: MSG_WINDOW_FOCUS_CHANGED 0
11-05 13:39:08.713 20564 22725 D OkHttp : <-- 200 https://testsaig1.gienger.cz/GiengerService.svc/metadata (1643ms)
11-05 13:39:08.713 20564 22725 D OkHttp : content-type: application/xml; charset=utf-8
11-05 13:39:08.713 20564 22725 D OkHttp : server: Microsoft-IIS/10.0
11-05 13:39:08.713 20564 22725 D OkHttp : x-powered-by: ASP.NET
11-05 13:39:08.713 20564 22725 D OkHttp : date: Thu, 05 Nov 2020 12:39:07 GMT
11-05 13:39:08.714 20564 22725 D OkHttp : content-length: 550
11-05 13:39:08.714 20564 22725 D OkHttp : <-- END HTTP
11-05 13:39:27.251 20564 20564 D ViewRootImpl@9c69689[LoginActivity]: mHardwareRenderer.destroy()#4
11-05 13:39:27.251 20564 20564 D ViewRootImpl@9c69689[LoginActivity]: dispatchDetachedFromWindow
11-05 13:39:27.265 20564 20564 D InputTransport: Input channel destroyed: fd=73
11-05 13:39:27.288 20564 20564 D ViewRootImpl@453b066[LoginActivity]: MSG_WINDOW_FOCUS_CHANGED 1
11-05 13:39:27.288 20564 20564 D ViewRootImpl@453b066[LoginActivity]: mHardwareRenderer.initializeIfNeeded()#2 mSurface={isValid=true -2038312960}
11-05 13:39:27.293 20564 20564 E ViewRootImpl: sendUserActionEvent() returned.
11-05 13:39:27.661 20564 20564 D ViewRootImpl@9e10112[MainActivity]: Relayout returned: oldFrame=[0,0][768,1024] newFrame=[0,0][768,1024] result=0x7 surface={isValid=true -2039861248} surfaceGenerationChanged=true
11-05 13:39:27.661 20564 20564 D ViewRootImpl@9e10112[MainActivity]: mHardwareRenderer.initialize() mSurface={isValid=true -2039861248} hwInitialized=true
11-05 13:39:27.708 20564 20564 D AbsListView: in onLayout changed
11-05 13:39:27.730 20564 20564 D ViewRootImpl@9e10112[MainActivity]: MSG_WINDOW_FOCUS_CHANGED 1
11-05 13:39:27.730 20564 20564 D ViewRootImpl@9e10112[MainActivity]: mHardwareRenderer.initializeIfNeeded()#2 mSurface={isValid=true -2039861248}
11-05 13:39:27.732 20564 20564 V InputMethodManager: Starting input: tba=android.view.inputmethod.EditorInfo@59a3bac nm : cz.gienger.mobile ic=null
11-05 13:39:27.732 20564 20564 I InputMethodManager: startInputInner - mService.startInputOrWindowGainedFocus
11-05 13:39:27.756 20564 20564 D InputTransport: Input channel constructed: fd=75
11-05 13:39:27.756 20564 20564 D InputTransport: Input channel destroyed: fd=68
11-05 13:39:27.766 20564 20564 D ViewRootImpl@453b066[LoginActivity]: MSG_WINDOW_FOCUS_CHANGED 0
11-05 13:39:27.804 20564 20564 D ViewRootImpl@453b066[LoginActivity]: mHardwareRenderer.destroy()#1
11-05 13:39:27.815 20564 20564 D ViewRootImpl@453b066[LoginActivity]: Relayout returned: oldFrame=[0,0][768,1024] newFrame=[0,0][768,1024] result=0x5 surface={isValid=false 0} surfaceGenerationChanged=true
11-05 13:39:28.198 20564 20564 D ViewRootImpl@453b066[LoginActivity]: mHardwareRenderer.destroy()#4
11-05 13:39:28.198 20564 20564 D ViewRootImpl@453b066[LoginActivity]: dispatchDetachedFromWindow
11-05 13:39:28.206 20564 20564 D InputTransport: Input channel destroyed: fd=61
11-05 13:39:34.571 20564 20564 D ViewRootImpl@9e10112[MainActivity]: ViewPostImeInputStage processPointer 0
11-05 13:39:34.607 20564 20564 D ViewRootImpl@9e10112[MainActivity]: ViewPostImeInputStage processPointer 1
11-05 13:39:34.626 20564 20564 D item_click: viewId = 2131820756, position = 0
11-05 13:39:34.668 20564 20564 D ViewRootImpl@9e10112[MainActivity]: MSG_WINDOW_FOCUS_CHANGED 0
11-05 13:39:34.784 20564 20564 D ViewRootImpl@22ec83b[DeliverActivity]: ThreadedRenderer.create() translucent=false
11-05 13:39:34.789 20564 20564 D InputTransport: Input channel constructed: fd=61
11-05 13:39:34.790 20564 20564 D ViewRootImpl@22ec83b[DeliverActivity]: setView = DecorView@78f6b58[DeliverActivity] touchMode=true
11-05 13:39:34.791 20564 20564 D LOCATION_SERVICE: LocationListener gps
11-05 13:39:34.792 20564 20564 D LOCATION_SERVICE: LocationListener network
11-05 13:39:34.793 20564 20564 D LOCATION_SERVICE: onCreate
11-05 13:39:34.793 20564 20564 D LOCATION_SERVICE: initializeLocationManager
11-05 13:39:34.800 20564 20564 D LOCATION_SERVICE: onStartCommand
11-05 13:39:34.814 20564 20564 D ViewRootImpl@22ec83b[DeliverActivity]: dispatchAttachedToWindow
11-05 13:39:34.862 20564 20564 D ViewRootImpl@22ec83b[DeliverActivity]: Relayout returned: oldFrame=[0,0][0,0] newFrame=[0,0][768,1024] result=0x27 surface={isValid=true -2001649664} surfaceGenerationChanged=true
11-05 13:39:34.862 20564 20564 D ViewRootImpl@22ec83b[DeliverActivity]: mHardwareRenderer.initialize() mSurface={isValid=true -2001649664} hwInitialized=true
11-05 13:39:34.898 20564 20564 D ViewRootImpl@22ec83b[DeliverActivity]: MSG_RESIZED_REPORT: frame=Rect(0, 0 - 768, 1024) ci=Rect(0, 24 - 0, 0) vi=Rect(0, 24 - 0, 0) or=1
11-05 13:39:34.898 20564 20564 D ViewRootImpl@22ec83b[DeliverActivity]: MSG_WINDOW_FOCUS_CHANGED 1
11-05 13:39:34.898 20564 20564 D ViewRootImpl@22ec83b[DeliverActivity]: mHardwareRenderer.initializeIfNeeded()#2 mSurface={isValid=true -2001649664}
11-05 13:39:34.899 20564 20564 V InputMethodManager: Starting input: tba=android.view.inputmethod.EditorInfo@4dd48e9 nm : cz.gienger.mobile ic=null
11-05 13:39:34.899 20564 20564 I InputMethodManager: startInputInner - mService.startInputOrWindowGainedFocus
11-05 13:39:34.914 20564 20564 D InputTransport: Input channel constructed: fd=67
11-05 13:39:34.914 20564 20564 D InputTransport: Input channel destroyed: fd=75
11-05 13:39:34.933 20564 22733 D FILE_MANAGER: Copying file /data/user/0/cz.gienger.mobile/files/delivery/130AT1190426655/130AT1190426655.pdf to /storage/emulated/0/130AT1190426655.pdf
11-05 13:39:34.958 20564 20610 D OpenGLRenderer: endAllActiveAnimators on 0x89085a00 (RippleDrawable) with handle 0x87f66ac0
11-05 13:39:34.958 20564 20564 D ViewRootImpl@9e10112[MainActivity]: mHardwareRenderer.destroy()#1
11-05 13:39:34.966 20564 20564 D ViewRootImpl@9e10112[MainActivity]: Relayout returned: oldFrame=[0,0][768,1024] newFrame=[0,0][768,1024] result=0x5 surface={isValid=false 0} surfaceGenerationChanged=true
11-05 13:39:35.282 20564 20564 D LOCATION_SERVICE: onLocationChanged: Location[network 49,191156,17,534450 acc=21 et=+1d23h30m55s623ms alt=0.0 vel=0.0 bear=0.0 {Bundle[mParcelledData.dataSize=80]}]
11-05 13:39:35.343 20564 20564 D ViewRootImpl@9e10112[MainActivity]: Relayout returned: oldFrame=[0,0][768,1024] newFrame=[0,0][768,1024] result=0x5 surface={isValid=false 0} surfaceGenerationChanged=false
11-05 13:39:35.438 20564 22733 D FILE_MANAGER: copy ok
11-05 13:39:36.166 20564 20564 D ViewRootImpl@22ec83b[DeliverActivity]: ViewPostImeInputStage processPointer 0
11-05 13:39:36.248 20564 20564 D ViewRootImpl@22ec83b[DeliverActivity]: ViewPostImeInputStage processPointer 1
11-05 13:39:37.853 20564 20564 D ViewRootImpl@22ec83b[DeliverActivity]: ViewPostImeInputStage processPointer 0
11-05 13:39:37.935 20564 20564 D ViewRootImpl@22ec83b[DeliverActivity]: ViewPostImeInputStage processPointer 1
11-05 13:39:37.946 20564 20564 D ScrollView: initGoToTop
11-05 13:39:37.985 20564 20564 D ScrollView: onsize change changed
11-05 13:39:38.297 20564 20564 D TextView: SYANI: Clipboard API is calling: clearFilter()
11-05 13:39:38.297 20564 20564 D TextView: SYANI: Clipboard API is calling: unregisterClipboardEventListener()
11-05 13:39:38.299 20564 20564 D TextView: SYANI: Clipboard API is calling: clearFilter()
11-05 13:39:38.299 20564 20564 D TextView: SYANI: Clipboard API is calling: unregisterClipboardEventListener()
11-05 13:39:38.302 20564 20564 D TextView: SYANI: Clipboard API is calling: clearFilter()
11-05 13:39:38.302 20564 20564 D TextView: SYANI: Clipboard API is calling: unregisterClipboardEventListener()
11-05 13:39:39.076 20564 20564 D ViewRootImpl@22ec83b[DeliverActivity]: ViewPostImeInputStage processPointer 0
11-05 13:39:39.168 20564 20564 D ViewRootImpl@22ec83b[DeliverActivity]: ViewPostImeInputStage processPointer 1
11-05 13:39:39.617 20564 20564 D ViewRootImpl@22ec83b[DeliverActivity]: ViewPostImeInputStage processPointer 0
11-05 13:39:39.688 20564 20564 D ViewRootImpl@22ec83b[DeliverActivity]: ViewPostImeInputStage processPointer 1
11-05 13:39:39.700 20564 20564 V InputMethodManager: Starting input: tba=android.view.inputmethod.EditorInfo@a0494cb nm : cz.gienger.mobile ic=com.android.internal.widget.EditableInputConnection@94b64a8
11-05 13:39:39.700 20564 20564 I InputMethodManager: startInputInner - mService.startInputOrWindowGainedFocus
11-05 13:39:39.701 20564 20564 D InputTransport: Input channel constructed: fd=70
11-05 13:39:39.701 20564 20564 D InputTransport: Input channel destroyed: fd=67
11-05 13:39:39.701 20564 20564 D InputMethodManager: SSI - flag : 0 Pid : 20564 view : cz.gienger.mobile
11-05 13:39:40.019 20564 20564 D ViewRootImpl@22ec83b[DeliverActivity]: MSG_RESIZED: frame=Rect(0, 0 - 768, 1024) ci=Rect(0, 24 - 0, 359) vi=Rect(0, 24 - 0, 359) or=1
11-05 13:39:40.042 20564 20564 D ViewRootImpl@22ec83b[DeliverActivity]: Relayout returned: oldFrame=[0,0][768,1024] newFrame=[0,0][768,1024] result=0x1 surface={isValid=true -2001649664} surfaceGenerationChanged=false
11-05 13:39:40.045 20564 20564 D ScrollView: onsize change changed
11-05 13:39:41.629 20564 20564 D ViewRootImpl@22ec83b[DeliverActivity]: ViewPostImeInputStage processPointer 0
11-05 13:39:41.712 20564 20564 D ViewRootImpl@22ec83b[DeliverActivity]: ViewPostImeInputStage processPointer 1
11-05 13:39:41.727 20564 20564 V InputMethodManager: Starting input: tba=android.view.inputmethod.EditorInfo@17288ec nm : cz.gienger.mobile ic=com.android.internal.widget.EditableInputConnection@60464b5
11-05 13:39:41.728 20564 20564 I InputMethodManager: startInputInner - mService.startInputOrWindowGainedFocus
11-05 13:39:41.729 20564 20564 D InputTransport: Input channel constructed: fd=67
11-05 13:39:41.729 20564 20564 D InputTransport: Input channel destroyed: fd=70
11-05 13:39:41.730 20564 20564 D InputMethodManager: SSI - flag : 0 Pid : 20564 view : cz.gienger.mobile
11-05 13:39:41.735 20564 20564 W IInputConnectionWrapper: finishComposingText on inactive InputConnection
11-05 13:39:43.553 20564 20564 D ViewRootImpl@22ec83b[DeliverActivity]: ViewPostImeInputStage processPointer 0
11-05 13:39:43.625 20564 20564 D ViewRootImpl@22ec83b[DeliverActivity]: ViewPostImeInputStage processPointer 1
11-05 13:39:43.639 20564 20564 V InputMethodManager: Starting input: tba=android.view.inputmethod.EditorInfo@5de7e16 nm : cz.gienger.mobile ic=com.android.internal.widget.EditableInputConnection@52a9397
11-05 13:39:43.640 20564 20564 I InputMethodManager: startInputInner - mService.startInputOrWindowGainedFocus
11-05 13:39:43.641 20564 20564 D InputTransport: Input channel constructed: fd=70
11-05 13:39:43.641 20564 20564 D InputTransport: Input channel destroyed: fd=67
11-05 13:39:43.642 20564 20564 D InputMethodManager: SSI - flag : 0 Pid : 20564 view : cz.gienger.mobile
11-05 13:39:43.646 20564 20564 W IInputConnectionWrapper: finishComposingText on inactive InputConnection
11-05 13:39:45.163 20564 20564 D ViewRootImpl@22ec83b[DeliverActivity]: ViewPostImeInputStage processPointer 0
11-05 13:39:45.236 20564 20564 D ViewRootImpl@22ec83b[DeliverActivity]: ViewPostImeInputStage processPointer 1
11-05 13:39:45.499 20564 20564 D ViewRootImpl@22ec83b[DeliverActivity]: ViewPostImeInputStage processPointer 0
11-05 13:39:45.570 20564 20564 D ViewRootImpl@22ec83b[DeliverActivity]: ViewPostImeInputStage processPointer 1
11-05 13:39:45.867 20564 20564 D ViewRootImpl@22ec83b[DeliverActivity]: ViewPostImeInputStage processPointer 0
11-05 13:39:45.939 20564 20564 D ViewRootImpl@22ec83b[DeliverActivity]: ViewPostImeInputStage processPointer 1
11-05 13:39:45.978 20564 20564 D ScrollView: initGoToTop
11-05 13:39:45.984 20564 20564 D ScrollView: initGoToTop
11-05 13:39:45.995 20564 20564 D ViewRootImpl@6f75ecc[DeliverActivity]: ThreadedRenderer.create() translucent=true
11-05 13:39:46.004 20564 20564 D InputTransport: Input channel constructed: fd=67
11-05 13:39:46.004 20564 20564 D ViewRootImpl@6f75ecc[DeliverActivity]: setView = DecorView@3fdb515[DeliverActivity] touchMode=true
11-05 13:39:46.021 20564 20564 D ViewRootImpl@6f75ecc[DeliverActivity]: dispatchAttachedToWindow
11-05 13:39:46.055 20564 20564 D ViewRootImpl@6f75ecc[DeliverActivity]: Relayout returned: oldFrame=[0,0][0,0] newFrame=[108,466][660,582] result=0x27 surface={isValid=true -1985622016} surfaceGenerationChanged=true
11-05 13:39:46.056 20564 20564 D ViewRootImpl@6f75ecc[DeliverActivity]: mHardwareRenderer.initialize() mSurface={isValid=true -1985622016} hwInitialized=true
11-05 13:39:46.062 20564 20564 D ViewRootImpl@6f75ecc[DeliverActivity]: MSG_WINDOW_FOCUS_CHANGED 1
11-05 13:39:46.063 20564 20564 D ViewRootImpl@6f75ecc[DeliverActivity]: mHardwareRenderer.initializeIfNeeded()#2 mSurface={isValid=true -1985622016}
11-05 13:39:46.094 20564 20564 D ViewRootImpl@6f75ecc[DeliverActivity]: MSG_RESIZED_REPORT: frame=Rect(108, 466 - 660, 582) ci=Rect(0, 0 - 0, 0) vi=Rect(0, 0 - 0, 0) or=1
11-05 13:39:46.140 20564 20564 D ViewRootImpl@22ec83b[DeliverActivity]: MSG_WINDOW_FOCUS_CHANGED 0
11-05 13:39:46.230 20564 20575 I art : Background partial concurrent mark sweep GC freed 155935(6MB) AllocSpace objects, 52(7MB) LOS objects, 43% free, 15MB/27MB, paused 4.841ms total 162.353ms
11-05 13:39:47.257 20564 20575 I art : Background sticky concurrent mark sweep GC freed 423572(12MB) AllocSpace objects, 3(92KB) LOS objects, 41% free, 15MB/27MB, paused 1.392ms total 108.579ms
11-05 13:39:48.077 20564 20575 I art : Background partial concurrent mark sweep GC freed 375127(11MB) AllocSpace objects, 4(128KB) LOS objects, 41% free, 16MB/28MB, paused 1.494ms total 181.609ms
11-05 13:39:48.168 20564 20564 D ViewRootImpl@6f75ecc[DeliverActivity]: MSG_WINDOW_FOCUS_CHANGED 1
11-05 13:39:48.168 20564 20564 D ViewRootImpl@6f75ecc[DeliverActivity]: mHardwareRenderer.initializeIfNeeded()#2 mSurface={isValid=true -1985622016}
11-05 13:39:48.771 20564 20564 D ViewRootImpl@6f75ecc[DeliverActivity]: mHardwareRenderer.destroy()#4
11-05 13:39:48.771 20564 20564 D ViewRootImpl@6f75ecc[DeliverActivity]: dispatchDetachedFromWindow
11-05 13:39:48.787 20564 20564 D InputTransport: Input channel destroyed: fd=67
11-05 13:39:48.788 20564 20564 D SIGN_URI: file:///storage/emulated/0/130AT1190426655.pdf
11-05 13:39:48.831 20564 20564 D ViewRootImpl@22ec83b[DeliverActivity]: MSG_WINDOW_FOCUS_CHANGED 1
11-05 13:39:48.831 20564 20564 D ViewRootImpl@22ec83b[DeliverActivity]: mHardwareRenderer.initializeIfNeeded()#2 mSurface={isValid=true -2001649664}
11-05 13:39:48.843 20564 20564 E ViewRootImpl: sendUserActionEvent() returned.
11-05 13:39:48.843 20564 20564 D ViewRootImpl@22ec83b[DeliverActivity]: MSG_WINDOW_FOCUS_CHANGED 0
11-05 13:39:50.684 20564 20564 D ViewRootImpl@22ec83b[DeliverActivity]: mHardwareRenderer.destroy()#1
11-05 13:39:50.700 20564 20564 D ViewRootImpl@22ec83b[DeliverActivity]: Relayout returned: oldFrame=[0,0][768,1024] newFrame=[0,0][768,1024] result=0x5 surface={isValid=false 0} surfaceGenerationChanged=true
11-05 13:39:50.729 20564 20564 D InputTransport: Input channel destroyed: fd=70
11-05 13:39:50.729 20564 20564 W IInputConnectionWrapper: finishComposingText on inactive InputConnection
11-05 13:39:50.729 20564 20564 W IInputConnectionWrapper: reportFullscreenMode on inexistent InputConnection
11-05 13:39:50.729 20564 20564 W IInputConnectionWrapper: finishComposingText on inactive InputConnection
11-05 13:41:06.819 20564 20564 D ViewRootImpl@cedb54d[PdfArchiveActivity]: ThreadedRenderer.create() translucent=true
11-05 13:41:06.823 20564 20564 D InputTransport: Input channel constructed: fd=66
11-05 13:41:06.823 20564 20564 D ViewRootImpl@cedb54d[PdfArchiveActivity]: setView = DecorView@501d802[PdfArchiveActivity] touchMode=true
11-05 13:41:06.825 20564 20564 D ViewRootImpl@cedb54d[PdfArchiveActivity]: dispatchAttachedToWindow
11-05 13:41:06.847 20564 20564 D ViewRootImpl@cedb54d[PdfArchiveActivity]: Relayout returned: oldFrame=[0,0][0,0] newFrame=[241,456][527,568] result=0x27 surface={isValid=true -2005127168} surfaceGenerationChanged=true
11-05 13:41:06.847 20564 20564 D ViewRootImpl@cedb54d[PdfArchiveActivity]: mHardwareRenderer.initialize() mSurface={isValid=true -2005127168} hwInitialized=true
11-05 13:41:06.850 20564 20564 D ViewRootImpl@cedb54d[PdfArchiveActivity]: MSG_RESIZED_REPORT: frame=Rect(241, 456 - 527, 568) ci=Rect(0, 0 - 0, 0) vi=Rect(0, 0 - 0, 0) or=1
11-05 13:41:06.850 20564 20564 D ViewRootImpl@cedb54d[PdfArchiveActivity]: MSG_WINDOW_FOCUS_CHANGED 1
11-05 13:41:06.850 20564 20564 D ViewRootImpl@cedb54d[PdfArchiveActivity]: mHardwareRenderer.initializeIfNeeded()#2 mSurface={isValid=true -2005127168}
11-05 13:41:06.851 20564 20564 V InputMethodManager: Starting input: tba=android.view.inputmethod.EditorInfo@525c513 nm : cz.gienger.mobile ic=null
11-05 13:41:06.851 20564 20564 I InputMethodManager: startInputInner - mService.startInputOrWindowGainedFocus
11-05 13:41:06.852 20564 20564 D InputTransport: Input channel constructed: fd=67
11-05 13:41:07.944 20564 20564 D ViewRootImpl@cedb54d[PdfArchiveActivity]: mHardwareRenderer.destroy()#1
11-05 13:41:07.955 20564 20564 D ViewRootImpl@cedb54d[PdfArchiveActivity]: Relayout returned: oldFrame=[241,456][527,568] newFrame=[241,456][527,568] result=0x5 surface={isValid=false 0} surfaceGenerationChanged=true
11-05 13:41:07.956 20564 20564 D ViewRootImpl@cedb54d[PdfArchiveActivity]: MSG_WINDOW_FOCUS_CHANGED 0
11-05 13:41:07.960 20564 20564 D ViewRootImpl@22ec83b[DeliverActivity]: mHardwareRenderer.destroy()#1
11-05 13:41:07.971 20564 20564 D ViewRootImpl@22ec83b[DeliverActivity]: Relayout returned: oldFrame=[0,0][768,1024] newFrame=[0,0][768,1024] result=0x1 surface={isValid=false 0} surfaceGenerationChanged=false
11-05 13:41:08.008 20564 20564 D SIGNOSIGN_SIGNED: signed
11-05 13:41:08.016 20564 20564 D InputTransport: Input channel destroyed: fd=67
11-05 13:41:08.038 20564 22854 D MESSAGE_SERVICE: ACTION_COMPRESS_AND_UPLOAD
11-05 13:41:08.269 20564 20564 D ViewRootImpl@9e10112[MainActivity]: Relayout returned: oldFrame=[0,0][768,1024] newFrame=[0,0][768,1024] result=0x7 surface={isValid=true -2002153472} surfaceGenerationChanged=true
11-05 13:41:08.269 20564 20564 D ViewRootImpl@9e10112[MainActivity]: mHardwareRenderer.initialize() mSurface={isValid=true -2002153472} hwInitialized=true
11-05 13:41:08.322 20564 20564 D AbsListView: in onLayout changed
11-05 13:41:08.349 20564 20564 D ViewRootImpl@9e10112[MainActivity]: MSG_WINDOW_FOCUS_CHANGED 1
11-05 13:41:08.349 20564 20564 D ViewRootImpl@9e10112[MainActivity]: mHardwareRenderer.initializeIfNeeded()#2 mSurface={isValid=true -2002153472}
11-05 13:41:08.350 20564 20564 V InputMethodManager: Starting input: tba=android.view.inputmethod.EditorInfo@adc7a17 nm : cz.gienger.mobile ic=null
11-05 13:41:08.350 20564 20564 I InputMethodManager: startInputInner - mService.startInputOrWindowGainedFocus
11-05 13:41:08.369 20564 20564 D InputTransport: Input channel constructed: fd=69
11-05 13:41:08.413 20564 20564 D ViewRootImpl@22ec83b[DeliverActivity]: mHardwareRenderer.destroy()#1
11-05 13:41:08.421 20564 20564 D ViewRootImpl@22ec83b[DeliverActivity]: Relayout returned: oldFrame=[0,0][768,1024] newFrame=[0,0][768,1024] result=0x1 surface={isValid=false 0} surfaceGenerationChanged=false
11-05 13:41:08.789 20564 22854 D FILE_MANAGER: Serializing delivery /data/user/0/cz.gienger.mobile/files/finished/130AT1190426655/130AT1190426655.xml
11-05 13:41:08.789 20564 22854 D FILE_MANAGER: Null files:
11-05 13:41:09.017 20564 22854 D MYINTERCEPTOR: /GiengerService.svc/sendorder
11-05 13:41:09.017 20564 22854 D OkHttp : --> POST https://testsaig1.gienger.cz/GiengerService.svc/sendorder http/1.1
11-05 13:41:09.017 20564 22854 D OkHttp : Content-Type: text/raw
11-05 13:41:09.018 20564 22854 D OkHttp : Content-Length: 234355
11-05 13:41:09.018 20564 22854 D OkHttp : filename: 130AT1190426655.xml
11-05 13:41:09.018 20564 22854 D OkHttp : Checksum: 951c9fe9346e6af05cfaaa9267df0b4f
11-05 13:41:09.018 20564 22854 D OkHttp : token: 6246477b2201027d3155f34571f7c488
11-05 13:41:09.018 20564 22854 D OkHttp : --> END POST
11-05 13:41:09.401 20564 20564 D ViewRootImpl: updatePointerIcon pointerType = 20001, calling pid = 20564
11-05 13:41:09.402 20564 20564 D InputManager: setPointerIconType iconId = 20001, callingPid = 20564
11-05 13:41:09.403 20564 20564 D ViewRootImpl: updatePointerIcon pointerType = 20001, calling pid = 20564
11-05 13:41:09.404 20564 20564 D InputManager: setPointerIconType iconId = 20001, callingPid = 20564
11-05 13:41:10.224 20564 22854 D OkHttp : <-- 200 https://testsaig1.gienger.cz/GiengerService.svc/sendorder (1205ms)
11-05 13:41:10.224 20564 22854 D OkHttp : content-type: application/xml; charset=utf-8
11-05 13:41:10.224 20564 22854 D OkHttp : server: Microsoft-IIS/10.0
11-05 13:41:10.224 20564 22854 D OkHttp : x-powered-by: ASP.NET
11-05 13:41:10.224 20564 22854 D OkHttp : date: Thu, 05 Nov 2020 12:41:09 GMT
11-05 13:41:10.224 20564 22854 D OkHttp : content-length: 175
11-05 13:41:10.224 20564 22854 D OkHttp : <-- END HTTP
11-05 13:41:10.234 20564 22854 D sendOrder_SUCCESS: 200
11-05 13:41:10.542 20564 20564 D AbsListView: in onLayout changed
11-05 13:41:10.575 20564 20564 D TextView: SYANI: Clipboard API is calling: clearFilter()
11-05 13:41:10.575 20564 20564 D TextView: SYANI: Clipboard API is calling: unregisterClipboardEventListener()
11-05 13:41:10.576 20564 20564 D TextView: SYANI: Clipboard API is calling: clearFilter()
11-05 13:41:10.576 20564 20564 D TextView: SYANI: Clipboard API is calling: unregisterClipboardEventListener()
11-05 13:41:10.577 20564 20564 D TextView: SYANI: Clipboard API is calling: clearFilter()
11-05 13:41:10.578 20564 20564 D TextView: SYANI: Clipboard API is calling: unregisterClipboardEventListener()
11-05 13:41:10.600 20564 20564 D ViewRootImpl@22ec83b[DeliverActivity]: mHardwareRenderer.destroy()#4
11-05 13:41:10.600 20564 20564 D ViewRootImpl@22ec83b[DeliverActivity]: dispatchDetachedFromWindow
11-05 13:41:10.607 20564 20564 D InputTransport: Input channel destroyed: fd=61
11-05 13:41:10.611 20564 20564 D ViewRootImpl@cedb54d[PdfArchiveActivity]: mHardwareRenderer.destroy()#4
11-05 13:41:10.611 20564 20564 D ViewRootImpl@cedb54d[PdfArchiveActivity]: dispatchDetachedFromWindow
11-05 13:41:10.626 20564 20564 D InputTransport: Input channel destroyed: fd=66
11-05 13:41:10.626 20564 20564 D LOCATION_SERVICE: onDestroy
11-05 13:41:11.283 20564 20564 D ViewRootImpl@9e10112[MainActivity]: ViewPostImeInputStage processPointer 0
11-05 13:41:11.323 20564 20564 D ViewRootImpl@9e10112[MainActivity]: ViewPostImeInputStage processPointer 1
11-05 13:41:11.342 20564 20564 D item_click: viewId = 2131820756, position = 1
11-05 13:41:11.385 20564 20564 D ViewRootImpl@9e10112[MainActivity]: MSG_WINDOW_FOCUS_CHANGED 0
11-05 13:41:11.508 20564 20564 D ViewRootImpl@e21ac99[DeliverActivity]: ThreadedRenderer.create() translucent=false
11-05 13:41:11.511 20564 20564 D InputTransport: Input channel constructed: fd=63
11-05 13:41:11.512 20564 20564 D ViewRootImpl@e21ac99[DeliverActivity]: setView = DecorView@e434b5e[DeliverActivity] touchMode=true
11-05 13:41:11.513 20564 20564 D LOCATION_SERVICE: LocationListener gps
11-05 13:41:11.514 20564 20564 D LOCATION_SERVICE: LocationListener network
11-05 13:41:11.516 20564 20564 D LOCATION_SERVICE: onCreate
11-05 13:41:11.517 20564 20564 D LOCATION_SERVICE: initializeLocationManager
11-05 13:41:11.529 20564 20564 D LOCATION_SERVICE: onStartCommand
11-05 13:41:11.544 20564 20564 D ViewRootImpl@e21ac99[DeliverActivity]: dispatchAttachedToWindow
11-05 13:41:11.579 20564 20564 D ViewRootImpl@e21ac99[DeliverActivity]: Relayout returned: oldFrame=[0,0][0,0] newFrame=[0,0][768,1024] result=0x27 surface={isValid=true -2041905152} surfaceGenerationChanged=true
11-05 13:41:11.579 20564 20564 D ViewRootImpl@e21ac99[DeliverActivity]: mHardwareRenderer.initialize() mSurface={isValid=true -2041905152} hwInitialized=true
11-05 13:41:11.617 20564 20564 D ViewRootImpl@e21ac99[DeliverActivity]: MSG_RESIZED_REPORT: frame=Rect(0, 0 - 768, 1024) ci=Rect(0, 24 - 0, 0) vi=Rect(0, 24 - 0, 0) or=1
11-05 13:41:11.617 20564 20564 D ViewRootImpl@e21ac99[DeliverActivity]: MSG_WINDOW_FOCUS_CHANGED 1
11-05 13:41:11.617 20564 20564 D ViewRootImpl@e21ac99[DeliverActivity]: mHardwareRenderer.initializeIfNeeded()#2 mSurface={isValid=true -2041905152}
11-05 13:41:11.619 20564 20564 V InputMethodManager: Starting input: tba=android.view.inputmethod.EditorInfo@5fc0337 nm : cz.gienger.mobile ic=null
11-05 13:41:11.619 20564 20564 I InputMethodManager: startInputInner - mService.startInputOrWindowGainedFocus
11-05 13:41:11.651 20564 20564 D InputTransport: Input channel constructed: fd=64
11-05 13:41:11.651 20564 20564 D InputTransport: Input channel destroyed: fd=69
11-05 13:41:11.652 20564 22869 D FILE_MANAGER: Copying file /data/user/0/cz.gienger.mobile/files/delivery/130AT1190427190/130AT1190427190.pdf to /storage/emulated/0/130AT1190427190.pdf
11-05 13:41:11.672 20564 20564 D LOCATION_SERVICE: onLocationChanged: Location[network 49,191168,17,534393 acc=20 et=+1d23h32m31s984ms alt=0.0 vel=0.0 bear=0.0 {Bundle[mParcelledData.dataSize=80]}]
11-05 13:41:11.704 20564 20610 D OpenGLRenderer: endAllActiveAnimators on 0x8873ec80 (RippleDrawable) with handle 0x867c4900
11-05 13:41:11.704 20564 20564 D ViewRootImpl@9e10112[MainActivity]: mHardwareRenderer.destroy()#1
11-05 13:41:11.715 20564 20564 D ViewRootImpl@9e10112[MainActivity]: Relayout returned: oldFrame=[0,0][768,1024] newFrame=[0,0][768,1024] result=0x5 surface={isValid=false 0} surfaceGenerationChanged=true
11-05 13:41:12.125 20564 20564 D ViewRootImpl@9e10112[MainActivity]: Relayout returned: oldFrame=[0,0][768,1024] newFrame=[0,0][768,1024] result=0x5 surface={isValid=false 0} surfaceGenerationChanged=false
11-05 13:41:12.160 20564 22869 D FILE_MANAGER: copy ok
11-05 13:41:13.034 20564 20564 D ViewRootImpl@e21ac99[DeliverActivity]: ViewPostImeInputStage processPointer 0
11-05 13:41:13.093 20564 20564 D ViewRootImpl@e21ac99[DeliverActivity]: ViewPostImeInputStage processPointer 1
11-05 13:41:14.186 20564 20564 D ViewRootImpl@e21ac99[DeliverActivity]: ViewPostImeInputStage processPointer 0
11-05 13:41:14.256 20564 20564 D ViewRootImpl@e21ac99[DeliverActivity]: ViewPostImeInputStage processPointer 1
11-05 13:41:14.273 20564 20564 D ScrollView: initGoToTop
11-05 13:41:14.316 20564 20564 D ScrollView: onsize change changed
11-05 13:41:14.627 20564 20564 D TextView: SYANI: Clipboard API is calling: clearFilter()
11-05 13:41:14.627 20564 20564 D TextView: SYANI: Clipboard API is calling: unregisterClipboardEventListener()
11-05 13:41:14.632 20564 20564 D TextView: SYANI: Clipboard API is calling: clearFilter()
11-05 13:41:14.632 20564 20564 D TextView: SYANI: Clipboard API is calling: unregisterClipboardEventListener()
11-05 13:41:14.635 20564 20564 D TextView: SYANI: Clipboard API is calling: clearFilter()
11-05 13:41:14.635 20564 20564 D TextView: SYANI: Clipboard API is calling: unregisterClipboardEventListener()
11-05 13:41:18.183 20564 20564 D ViewRootImpl@e21ac99[DeliverActivity]: ViewPostImeInputStage processPointer 0
11-05 13:41:18.244 20564 20564 D ViewRootImpl@e21ac99[DeliverActivity]: ViewPostImeInputStage processPointer 1
11-05 13:41:18.285 20564 20564 D ScrollView: initGoToTop
11-05 13:41:18.290 20564 20564 D ScrollView: initGoToTop
11-05 13:41:18.299 20564 20564 D ViewRootImpl@84ee213[DeliverActivity]: ThreadedRenderer.create() translucent=true
11-05 13:41:18.306 20564 20564 D InputTransport: Input channel constructed: fd=68
11-05 13:41:18.306 20564 20564 D ViewRootImpl@84ee213[DeliverActivity]: setView = DecorView@2a3c50[DeliverActivity] touchMode=true
11-05 13:41:18.313 20564 20564 D ViewRootImpl@84ee213[DeliverActivity]: dispatchAttachedToWindow
11-05 13:41:18.341 20564 20564 D ViewRootImpl@84ee213[DeliverActivity]: Relayout returned: oldFrame=[0,0][0,0] newFrame=[108,466][660,582] result=0x27 surface={isValid=true -2015092736} surfaceGenerationChanged=true
11-05 13:41:18.342 20564 20564 D ViewRootImpl@84ee213[DeliverActivity]: mHardwareRenderer.initialize() mSurface={isValid=true -2015092736} hwInitialized=true
11-05 13:41:18.357 20564 20564 D ViewRootImpl@84ee213[DeliverActivity]: MSG_WINDOW_FOCUS_CHANGED 1
11-05 13:41:18.357 20564 20564 D ViewRootImpl@84ee213[DeliverActivity]: mHardwareRenderer.initializeIfNeeded()#2 mSurface={isValid=true -2015092736}
11-05 13:41:18.378 20564 20564 D ViewRootImpl@84ee213[DeliverActivity]: MSG_RESIZED_REPORT: frame=Rect(108, 466 - 660, 582) ci=Rect(0, 0 - 0, 0) vi=Rect(0, 0 - 0, 0) or=1
11-05 13:41:18.409 20564 20564 D ViewRootImpl@e21ac99[DeliverActivity]: MSG_WINDOW_FOCUS_CHANGED 0
11-05 13:41:18.508 20564 20575 W art : Suspending all threads took: 9.343ms
11-05 13:41:18.560 20564 20575 I art : Background partial concurrent mark sweep GC freed 48147(1782KB) AllocSpace objects, 7(1756KB) LOS objects, 47% free, 13MB/25MB, paused 11.292ms total 136.438ms
11-05 13:41:19.963 20564 20575 I art : Background sticky concurrent mark sweep GC freed 411658(12MB) AllocSpace objects, 2(56KB) LOS objects, 44% free, 13MB/25MB, paused 1.484ms total 101.414ms
11-05 13:41:20.692 20564 20575 I art : Background partial concurrent mark sweep GC freed 318290(9MB) AllocSpace objects, 14(1312KB) LOS objects, 42% free, 15MB/27MB, paused 1.177ms total 143.374ms
11-05 13:41:21.334 20564 20564 D ViewRootImpl@84ee213[DeliverActivity]: mHardwareRenderer.destroy()#4
11-05 13:41:21.334 20564 20564 D ViewRootImpl@84ee213[DeliverActivity]: dispatchDetachedFromWindow
11-05 13:41:21.349 20564 20564 D InputTransport: Input channel destroyed: fd=68
11-05 13:41:21.349 20564 20564 D SIGN_URI: file:///storage/emulated/0/130AT1190427190.pdf
11-05 13:41:21.383 20564 20564 D ViewRootImpl@e21ac99[DeliverActivity]: MSG_WINDOW_FOCUS_CHANGED 1
11-05 13:41:21.383 20564 20564 D ViewRootImpl@e21ac99[DeliverActivity]: mHardwareRenderer.initializeIfNeeded()#2 mSurface={isValid=true -2041905152}
11-05 13:41:21.390 20564 20564 E ViewRootImpl: sendUserActionEvent() returned.
11-05 13:41:21.412 20564 20564 D ViewRootImpl@e21ac99[DeliverActivity]: MSG_WINDOW_FOCUS_CHANGED 0
11-05 13:41:23.200 20564 20564 D ViewRootImpl@e21ac99[DeliverActivity]: mHardwareRenderer.destroy()#1
11-05 13:41:23.212 20564 20564 D ViewRootImpl@e21ac99[DeliverActivity]: Relayout returned: oldFrame=[0,0][768,1024] newFrame=[0,0][768,1024] result=0x5 surface={isValid=false 0} surfaceGenerationChanged=true
11-05 13:41:23.212 20564 20564 D InputTransport: Input channel destroyed: fd=64
11-05 13:42:23.760 20564 20564 D Graph : removeVertex() : insertDummyVertex, because there is no ancestor.
11-05 13:42:23.800 20564 20564 D ViewRootImpl@eb01432[PdfArchiveActivity]: ThreadedRenderer.create() translucent=true
11-05 13:42:23.803 20564 20564 D InputTransport: Input channel constructed: fd=61
11-05 13:42:23.803 20564 20564 D ViewRootImpl@eb01432[PdfArchiveActivity]: setView = DecorView@7cc0583[PdfArchiveActivity] touchMode=true
11-05 13:42:23.809 20564 20564 D ViewRootImpl@eb01432[PdfArchiveActivity]: dispatchAttachedToWindow
11-05 13:42:23.836 20564 20564 D ViewRootImpl@eb01432[PdfArchiveActivity]: Relayout returned: oldFrame=[0,0][0,0] newFrame=[241,456][527,568] result=0x27 surface={isValid=true -2005702656} surfaceGenerationChanged=true
11-05 13:42:23.836 20564 20564 D ViewRootImpl@eb01432[PdfArchiveActivity]: mHardwareRenderer.initialize() mSurface={isValid=true -2005702656} hwInitialized=true
