--------- beginning of main
11-05 13:34:07.432 20564 22413 D MYINTERCEPTOR: /GiengerService.svc/sendlog
11-05 13:34:07.433 20564 22413 D OkHttp : --> POST https://testsaig1.gienger.cz/GiengerService.svc/sendlog http/1.1
11-05 13:34:07.433 20564 22413 D OkHttp : Content-Type: text/raw
11-05 13:34:07.433 20564 22413 D OkHttp : Content-Length: 468355
11-05 13:34:07.433 20564 22413 D OkHttp : filename: logcat_7be540931fcaf9f3_2020_11_05_133407.txt
11-05 13:34:07.433 20564 22413 D OkHttp : Checksum: a82aa8fd0f96412d9aa3df99c7e08ad5
11-05 13:34:07.433 20564 22413 D OkHttp : token: eabfd6ce5e545622f7ce8815de79e0a7
11-05 13:34:07.433 20564 22413 D OkHttp : --> END POST
11-05 13:34:07.472 20564 20564 D ViewRootImpl@51e7c1d[LogcatActivity]: Relayout returned: oldFrame=[237,468][531,580] newFrame=[267,468][500,580] result=0x21 surface={isValid=true -2041688064} surfaceGenerationChanged=false
11-05 13:34:07.473 20564 20564 D ViewRootImpl@51e7c1d[LogcatActivity]: mHardwareRenderer.updateSurface() mSurface={isValid=true -2041688064}
11-05 13:34:10.435 20564 20564 D ViewRootImpl@5992f0b[Toast]: dispatchDetachedFromWindow
11-05 13:34:10.444 20564 20564 D InputTransport: Input channel destroyed: fd=67
11-05 13:34:11.091 20564 22413 D OkHttp : <-- 200 https://testsaig1.gienger.cz/GiengerService.svc/sendlog (3657ms)
11-05 13:34:11.091 20564 22413 D OkHttp : content-type: application/xml; charset=utf-8
11-05 13:34:11.091 20564 22413 D OkHttp : server: Microsoft-IIS/10.0
11-05 13:34:11.092 20564 22413 D OkHttp : x-powered-by: ASP.NET
11-05 13:34:11.092 20564 22413 D OkHttp : date: Thu, 05 Nov 2020 12:34:09 GMT
11-05 13:34:11.092 20564 22413 D OkHttp : content-length: 175
11-05 13:34:11.092 20564 22413 D OkHttp : <-- END HTTP
11-05 13:34:11.192 20564 22363 D MYINTERCEPTOR: /GiengerService.svc/logout
11-05 13:34:11.193 20564 22363 D OkHttp : --> POST https://testsaig1.gienger.cz/GiengerService.svc/logout http/1.1
11-05 13:34:11.193 20564 22363 D OkHttp : Content-Type: application/xml; charset=UTF-8
11-05 13:34:11.193 20564 22363 D OkHttp : Content-Length: 265
11-05 13:34:11.193 20564 22363 D OkHttp : token: eabfd6ce5e545622f7ce8815de79e0a7
11-05 13:34:11.193 20564 22363 D OkHttp : --> END POST
11-05 13:34:11.203 20564 20564 D ViewRootImpl@51e7c1d[LogcatActivity]: mHardwareRenderer.destroy()#1
11-05 13:34:11.212 20564 20564 D ViewRootImpl@51e7c1d[LogcatActivity]: Relayout returned: oldFrame=[267,468][500,580] newFrame=[267,468][500,580] result=0x5 surface={isValid=false 0} surfaceGenerationChanged=true
11-05 13:34:11.216 20564 20564 D ViewRootImpl@9e10112[MainActivity]: MSG_WINDOW_FOCUS_CHANGED 1
11-05 13:34:11.216 20564 20564 D ViewRootImpl@9e10112[MainActivity]: mHardwareRenderer.initializeIfNeeded()#2 mSurface={isValid=true -2046300160}
11-05 13:34:11.220 20564 20564 V InputMethodManager: Starting input: tba=android.view.inputmethod.EditorInfo@a5c1a45 nm : cz.gienger.mobile ic=null
11-05 13:34:11.220 20564 20564 I InputMethodManager: startInputInner - mService.startInputOrWindowGainedFocus
11-05 13:34:11.224 20564 20564 D InputTransport: Input channel constructed: fd=91
11-05 13:34:11.224 20564 20564 D InputTransport: Input channel destroyed: fd=100
11-05 13:34:11.224 20564 20564 D ViewRootImpl@51e7c1d[LogcatActivity]: MSG_WINDOW_FOCUS_CHANGED 0
11-05 13:34:11.288 20564 20564 D ViewRootImpl@51e7c1d[LogcatActivity]: mHardwareRenderer.destroy()#4
11-05 13:34:11.289 20564 20564 D ViewRootImpl@51e7c1d[LogcatActivity]: dispatchDetachedFromWindow
11-05 13:34:11.303 20564 22363 D OkHttp : <-- 200 https://testsaig1.gienger.cz/GiengerService.svc/logout (109ms)
11-05 13:34:11.303 20564 22363 D OkHttp : server: Microsoft-IIS/10.0
11-05 13:34:11.303 20564 22363 D OkHttp : x-powered-by: ASP.NET
11-05 13:34:11.303 20564 22363 D OkHttp : date: Thu, 05 Nov 2020 12:34:09 GMT
11-05 13:34:11.303 20564 22363 D OkHttp : content-length: 0
11-05 13:34:11.303 20564 22363 D OkHttp : <-- END HTTP
11-05 13:34:11.305 20564 22363 D ALARM_REUPLOAD: cancelling alarm
11-05 13:34:11.311 20564 20564 D InputTransport: Input channel destroyed: fd=90
11-05 13:34:11.340 20564 22363 D DELETING_DIRECTORY: /data/user/0/cz.gienger.mobile/files/delivery
11-05 13:34:11.340 20564 22363 D DELETING_DIRECTORY: exists /data/user/0/cz.gienger.mobile/files/delivery
11-05 13:34:11.342 20564 22363 D DELETING_DIRECTORY: /data/user/0/cz.gienger.mobile/files/delivery/130AT1190319555
11-05 13:34:11.342 20564 22363 D DELETING_DIRECTORY: exists /data/user/0/cz.gienger.mobile/files/delivery/130AT1190319555
11-05 13:34:11.343 20564 22363 D DELETING_DIRECTORY: /data/user/0/cz.gienger.mobile/files/delivery/130AT1190319555/corrections
11-05 13:34:11.343 20564 22363 D DELETING_DIRECTORY: exists /data/user/0/cz.gienger.mobile/files/delivery/130AT1190319555/corrections
11-05 13:34:11.343 20564 22363 D DELETING_DIRECTORY: /data/user/0/cz.gienger.mobile/files/delivery/130AT1190319556
11-05 13:34:11.344 20564 22363 D DELETING_DIRECTORY: exists /data/user/0/cz.gienger.mobile/files/delivery/130AT1190319556
11-05 13:34:11.344 20564 22363 D DELETING_DIRECTORY: /data/user/0/cz.gienger.mobile/files/delivery/130AT1190319556/corrections
11-05 13:34:11.344 20564 22363 D DELETING_DIRECTORY: exists /data/user/0/cz.gienger.mobile/files/delivery/130AT1190319556/corrections
11-05 13:34:11.344 20564 22363 D DELETING_DIRECTORY: /data/user/0/cz.gienger.mobile/files/delivery/130AT1190319651
11-05 13:34:11.344 20564 22363 D DELETING_DIRECTORY: exists /data/user/0/cz.gienger.mobile/files/delivery/130AT1190319651
11-05 13:34:11.345 20564 22363 D DELETING_DIRECTORY: /data/user/0/cz.gienger.mobile/files/delivery/130AT1190319651/corrections
11-05 13:34:11.345 20564 22363 D DELETING_DIRECTORY: exists /data/user/0/cz.gienger.mobile/files/delivery/130AT1190319651/corrections
11-05 13:34:11.345 20564 22363 D DELETING_DIRECTORY: /data/user/0/cz.gienger.mobile/files/delivery/130AT1190319652
11-05 13:34:11.345 20564 22363 D DELETING_DIRECTORY: exists /data/user/0/cz.gienger.mobile/files/delivery/130AT1190319652
11-05 13:34:11.346 20564 22363 D DELETING_DIRECTORY: /data/user/0/cz.gienger.mobile/files/delivery/130AT1190319652/corrections
11-05 13:34:11.346 20564 22363 D DELETING_DIRECTORY: exists /data/user/0/cz.gienger.mobile/files/delivery/130AT1190319652/corrections
11-05 13:34:11.346 20564 22363 D DELETING_DIRECTORY: /data/user/0/cz.gienger.mobile/files/delivery/130AT1190319672
11-05 13:34:11.346 20564 22363 D DELETING_DIRECTORY: exists /data/user/0/cz.gienger.mobile/files/delivery/130AT1190319672
11-05 13:34:11.346 20564 22363 D DELETING_DIRECTORY: /data/user/0/cz.gienger.mobile/files/delivery/130AT1190319672/corrections
11-05 13:34:11.347 20564 22363 D DELETING_DIRECTORY: exists /data/user/0/cz.gienger.mobile/files/delivery/130AT1190319672/corrections
11-05 13:34:11.348 20564 22363 D DELETING_DIRECTORY: /data/user/0/cz.gienger.mobile/files/delivery/130AT1193103345
11-05 13:34:11.348 20564 22363 D DELETING_DIRECTORY: exists /data/user/0/cz.gienger.mobile/files/delivery/130AT1193103345
11-05 13:34:11.349 20564 22363 D DELETING_DIRECTORY: /data/user/0/cz.gienger.mobile/files/delivery/130AT1193103345/corrections
11-05 13:34:11.349 20564 22363 D DELETING_DIRECTORY: exists /data/user/0/cz.gienger.mobile/files/delivery/130AT1193103345/corrections
11-05 13:34:11.349 20564 22363 D DELETING_DIRECTORY: /data/user/0/cz.gienger.mobile/files/delivery/130AT1190319623
11-05 13:34:11.349 20564 22363 D DELETING_DIRECTORY: exists /data/user/0/cz.gienger.mobile/files/delivery/130AT1190319623
11-05 13:34:11.349 20564 22363 D DELETING_DIRECTORY: /data/user/0/cz.gienger.mobile/files/delivery/130AT1190319623/corrections
11-05 13:34:11.349 20564 22363 D DELETING_DIRECTORY: exists /data/user/0/cz.gienger.mobile/files/delivery/130AT1190319623/corrections
11-05 13:34:11.350 20564 22363 D DELETING_DIRECTORY: /data/user/0/cz.gienger.mobile/files/delivery/130AT1190319647
11-05 13:34:11.350 20564 22363 D DELETING_DIRECTORY: exists /data/user/0/cz.gienger.mobile/files/delivery/130AT1190319647
11-05 13:34:11.350 20564 22363 D DELETING_DIRECTORY: /data/user/0/cz.gienger.mobile/files/delivery/130AT1190319647/corrections
11-05 13:34:11.350 20564 22363 D DELETING_DIRECTORY: exists /data/user/0/cz.gienger.mobile/files/delivery/130AT1190319647/corrections
11-05 13:34:11.350 20564 22363 D DELETING_DIRECTORY: /data/user/0/cz.gienger.mobile/files/delivery/130AT1190517617
11-05 13:34:11.350 20564 22363 D DELETING_DIRECTORY: exists /data/user/0/cz.gienger.mobile/files/delivery/130AT1190517617
11-05 13:34:11.351 20564 22363 D DELETING_DIRECTORY: /data/user/0/cz.gienger.mobile/files/delivery/130AT1190517617/corrections
11-05 13:34:11.351 20564 22363 D DELETING_DIRECTORY: exists /data/user/0/cz.gienger.mobile/files/delivery/130AT1190517617/corrections
11-05 13:34:11.351 20564 22363 D DELETING_DIRECTORY: /data/user/0/cz.gienger.mobile/files/delivery/130AT1191103618
11-05 13:34:11.351 20564 22363 D DELETING_DIRECTORY: exists /data/user/0/cz.gienger.mobile/files/delivery/130AT1191103618
11-05 13:34:11.351 20564 22363 D DELETING_DIRECTORY: /data/user/0/cz.gienger.mobile/files/delivery/130AT1191103618/corrections
11-05 13:34:11.351 20564 22363 D DELETING_DIRECTORY: exists /data/user/0/cz.gienger.mobile/files/delivery/130AT1191103618/corrections
11-05 13:34:11.353 20564 22363 D DELETING_DIRECTORY: /data/user/0/cz.gienger.mobile/files/delivery/130AT1191103619
11-05 13:34:11.353 20564 22363 D DELETING_DIRECTORY: exists /data/user/0/cz.gienger.mobile/files/delivery/130AT1191103619
11-05 13:34:11.353 20564 22363 D DELETING_DIRECTORY: /data/user/0/cz.gienger.mobile/files/delivery/130AT1191103619/corrections
11-05 13:34:11.353 20564 22363 D DELETING_DIRECTORY: exists /data/user/0/cz.gienger.mobile/files/delivery/130AT1191103619/corrections
11-05 13:34:11.354 20564 22363 D DELETING_DIRECTORY: /data/user/0/cz.gienger.mobile/files/delivery/130AT1191103627
11-05 13:34:11.354 20564 22363 D DELETING_DIRECTORY: exists /data/user/0/cz.gienger.mobile/files/delivery/130AT1191103627
11-05 13:34:11.355 20564 22363 D DELETING_DIRECTORY: /data/user/0/cz.gienger.mobile/files/delivery/130AT1191103627/corrections
11-05 13:34:11.355 20564 22363 D DELETING_DIRECTORY: exists /data/user/0/cz.gienger.mobile/files/delivery/130AT1191103627/corrections
11-05 13:34:11.355 20564 22363 D DELETING_DIRECTORY: /data/user/0/cz.gienger.mobile/files/delivery/130AT1193305221
11-05 13:34:11.355 20564 22363 D DELETING_DIRECTORY: exists /data/user/0/cz.gienger.mobile/files/delivery/130AT1193305221
11-05 13:34:11.355 20564 22363 D DELETING_DIRECTORY: /data/user/0/cz.gienger.mobile/files/delivery/130AT1193305221/corrections
11-05 13:34:11.355 20564 22363 D DELETING_DIRECTORY: exists /data/user/0/cz.gienger.mobile/files/delivery/130AT1193305221/corrections
11-05 13:34:11.356 20564 22363 D DELETING_DIRECTORY: /data/user/0/cz.gienger.mobile/files/delivery/130AT1194304625
11-05 13:34:11.356 20564 22363 D DELETING_DIRECTORY: exists /data/user/0/cz.gienger.mobile/files/delivery/130AT1194304625
11-05 13:34:11.356 20564 22363 D DELETING_DIRECTORY: /data/user/0/cz.gienger.mobile/files/delivery/130AT1194304625/corrections
11-05 13:34:11.356 20564 22363 D DELETING_DIRECTORY: exists /data/user/0/cz.gienger.mobile/files/delivery/130AT1194304625/corrections
11-05 13:34:11.356 20564 22363 D DELETING_DIRECTORY: /data/user/0/cz.gienger.mobile/files/delivery/130AT1193305504
11-05 13:34:11.356 20564 22363 D DELETING_DIRECTORY: exists /data/user/0/cz.gienger.mobile/files/delivery/130AT1193305504
11-05 13:34:11.357 20564 22363 D DELETING_DIRECTORY: /data/user/0/cz.gienger.mobile/files/delivery/130AT1193305504/corrections
11-05 13:34:11.357 20564 22363 D DELETING_DIRECTORY: exists /data/user/0/cz.gienger.mobile/files/delivery/130AT1193305504/corrections
11-05 13:34:11.357 20564 22363 D DELETING_DIRECTORY: /data/user/0/cz.gienger.mobile/files/delivery/130AT1193902696
11-05 13:34:11.357 20564 22363 D DELETING_DIRECTORY: exists /data/user/0/cz.gienger.mobile/files/delivery/130AT1193902696
11-05 13:34:11.357 20564 22363 D DELETING_DIRECTORY: /data/user/0/cz.gienger.mobile/files/delivery/130AT1193902696/corrections
11-05 13:34:11.357 20564 22363 D DELETING_DIRECTORY: exists /data/user/0/cz.gienger.mobile/files/delivery/130AT1193902696/corrections
11-05 13:34:11.358 20564 22363 D DELETING_DIRECTORY: /data/user/0/cz.gienger.mobile/files/delivery/130AT1190427232
11-05 13:34:11.358 20564 22363 D DELETING_DIRECTORY: exists /data/user/0/cz.gienger.mobile/files/delivery/130AT1190427232
11-05 13:34:11.358 20564 22363 D DELETING_DIRECTORY: /data/user/0/cz.gienger.mobile/files/delivery/130AT1190427232/corrections
11-05 13:34:11.358 20564 22363 D DELETING_DIRECTORY: exists /data/user/0/cz.gienger.mobile/files/delivery/130AT1190427232/corrections
11-05 13:34:11.358 20564 22363 D DELETING_DIRECTORY: /data/user/0/cz.gienger.mobile/files/delivery/130AT1193902719
11-05 13:34:11.358 20564 22363 D DELETING_DIRECTORY: exists /data/user/0/cz.gienger.mobile/files/delivery/130AT1193902719
11-05 13:34:11.358 20564 22363 D DELETING_DIRECTORY: /data/user/0/cz.gienger.mobile/files/delivery/130AT1193902719/corrections
11-05 13:34:11.358 20564 22363 D DELETING_DIRECTORY: exists /data/user/0/cz.gienger.mobile/files/delivery/130AT1193902719/corrections
11-05 13:34:11.359 20564 22363 D DELETING_DIRECTORY: /data/user/0/cz.gienger.mobile/files/delivery/130AT1193902728
11-05 13:34:11.359 20564 22363 D DELETING_DIRECTORY: exists /data/user/0/cz.gienger.mobile/files/delivery/130AT1193902728
11-05 13:34:11.359 20564 22363 D DELETING_DIRECTORY: /data/user/0/cz.gienger.mobile/files/delivery/130AT1193902728/corrections
11-05 13:34:11.359 20564 22363 D DELETING_DIRECTORY: exists /data/user/0/cz.gienger.mobile/files/delivery/130AT1193902728/corrections
11-05 13:34:11.359 20564 22363 D DELETING_DIRECTORY: /data/user/0/cz.gienger.mobile/files/delivery/130AT1193902729
11-05 13:34:11.360 20564 22363 D DELETING_DIRECTORY: exists /data/user/0/cz.gienger.mobile/files/delivery/130AT1193902729
11-05 13:34:11.360 20564 22363 D DELETING_DIRECTORY: /data/user/0/cz.gienger.mobile/files/delivery/130AT1193902729/corrections
11-05 13:34:11.360 20564 22363 D DELETING_DIRECTORY: exists /data/user/0/cz.gienger.mobile/files/delivery/130AT1193902729/corrections
11-05 13:34:11.360 20564 22363 D DELETING_DIRECTORY: /data/user/0/cz.gienger.mobile/files/delivery/130AT1190427452
11-05 13:34:11.360 20564 22363 D DELETING_DIRECTORY: exists /data/user/0/cz.gienger.mobile/files/delivery/130AT1190427452
11-05 13:34:11.360 20564 22363 D DELETING_DIRECTORY: /data/user/0/cz.gienger.mobile/files/delivery/130AT1190427452/corrections
11-05 13:34:11.360 20564 22363 D DELETING_DIRECTORY: exists /data/user/0/cz.gienger.mobile/files/delivery/130AT1190427452/corrections
11-05 13:34:11.361 20564 22363 D DELETING_DIRECTORY: /data/user/0/cz.gienger.mobile/files/delivery/130AT1193902712
11-05 13:34:11.361 20564 22363 D DELETING_DIRECTORY: exists /data/user/0/cz.gienger.mobile/files/delivery/130AT1193902712
11-05 13:34:11.361 20564 22363 D DELETING_DIRECTORY: /data/user/0/cz.gienger.mobile/files/delivery/130AT1193902712/corrections
11-05 13:34:11.361 20564 22363 D DELETING_DIRECTORY: exists /data/user/0/cz.gienger.mobile/files/delivery/130AT1193902712/corrections
11-05 13:34:11.361 20564 22363 D DELETING_DIRECTORY: /data/user/0/cz.gienger.mobile/files/delivery/130AT1191103624
11-05 13:34:11.361 20564 22363 D DELETING_DIRECTORY: exists /data/user/0/cz.gienger.mobile/files/delivery/130AT1191103624
11-05 13:34:11.362 20564 22363 D DELETING_DIRECTORY: /data/user/0/cz.gienger.mobile/files/delivery/130AT1191103624/corrections
11-05 13:34:11.362 20564 22363 D DELETING_DIRECTORY: exists /data/user/0/cz.gienger.mobile/files/delivery/130AT1191103624/corrections
11-05 13:34:11.362 20564 22363 D DELETING_DIRECTORY: /data/user/0/cz.gienger.mobile/files/delivery/130AT1193305508
11-05 13:34:11.362 20564 22363 D DELETING_DIRECTORY: exists /data/user/0/cz.gienger.mobile/files/delivery/130AT1193305508
11-05 13:34:11.362 20564 22363 D DELETING_DIRECTORY: /data/user/0/cz.gienger.mobile/files/delivery/130AT1193305508/corrections
11-05 13:34:11.362 20564 22363 D DELETING_DIRECTORY: exists /data/user/0/cz.gienger.mobile/files/delivery/130AT1193305508/corrections
11-05 13:34:11.363 20564 22363 D DELETING_DIRECTORY: /data/user/0/cz.gienger.mobile/files/delivery/130AT1191103614
11-05 13:34:11.363 20564 22363 D DELETING_DIRECTORY: exists /data/user/0/cz.gienger.mobile/files/delivery/130AT1191103614
11-05 13:34:11.363 20564 22363 D DELETING_DIRECTORY: /data/user/0/cz.gienger.mobile/files/delivery/130AT1191103614/corrections
11-05 13:34:11.363 20564 22363 D DELETING_DIRECTORY: exists /data/user/0/cz.gienger.mobile/files/delivery/130AT1191103614/corrections
11-05 13:34:11.364 20564 22363 D DELETING_DIRECTORY: /data/user/0/cz.gienger.mobile/files/finished
11-05 13:34:11.364 20564 22363 D DELETING_DIRECTORY: exists /data/user/0/cz.gienger.mobile/files/finished
11-05 13:34:11.364 20564 22363 D DELETING_DIRECTORY: /data/user/0/cz.gienger.mobile/files/finished/130AT1193305478
11-05 13:34:11.364 20564 22363 D DELETING_DIRECTORY: exists /data/user/0/cz.gienger.mobile/files/finished/130AT1193305478
11-05 13:34:11.364 20564 22363 D DELETING_DIRECTORY: /data/user/0/cz.gienger.mobile/files/finished/130AT1193305478/corrections
11-05 13:34:11.364 20564 22363 D DELETING_DIRECTORY: exists /data/user/0/cz.gienger.mobile/files/finished/130AT1193305478/corrections
11-05 13:34:11.365 20564 22363 D DELETING_DIRECTORY: file deleted /data/user/0/cz.gienger.mobile/files/finished/130AT1193305478/130AT1193305478.pdf
11-05 13:34:11.365 20564 22363 D DELETING_DIRECTORY: file deleted /data/user/0/cz.gienger.mobile/files/finished/130AT1193305478/130AT1193305478.xml
11-05 13:34:11.365 20564 22363 D DELETING_DIRECTORY: /data/user/0/cz.gienger.mobile/files/finished/130AT1194304625
11-05 13:34:11.366 20564 22363 D DELETING_DIRECTORY: exists /data/user/0/cz.gienger.mobile/files/finished/130AT1194304625
11-05 13:34:11.366 20564 22363 D DELETING_DIRECTORY: file deleted /data/user/0/cz.gienger.mobile/files/finished/130AT1194304625/130AT1194304625.pdf
11-05 13:34:11.366 20564 22363 D DELETING_DIRECTORY: file deleted /data/user/0/cz.gienger.mobile/files/finished/130AT1194304625/130AT1194304625.xml
11-05 13:34:11.367 20564 22363 D DELETING_DIRECTORY: /data/user/0/cz.gienger.mobile/files/finished/130AT1190319555
11-05 13:34:11.367 20564 22363 D DELETING_DIRECTORY: exists /data/user/0/cz.gienger.mobile/files/finished/130AT1190319555
11-05 13:34:11.367 20564 22363 D DELETING_DIRECTORY: file deleted /data/user/0/cz.gienger.mobile/files/finished/130AT1190319555/130AT1190319555.pdf
11-05 13:34:11.367 20564 22363 D DELETING_DIRECTORY: file deleted /data/user/0/cz.gienger.mobile/files/finished/130AT1190319555/130AT1190319555.xml
11-05 13:34:11.368 20564 22363 D DELETING_DIRECTORY: /data/user/0/cz.gienger.mobile/files/finished/130AT1190319556
11-05 13:34:11.368 20564 22363 D DELETING_DIRECTORY: exists /data/user/0/cz.gienger.mobile/files/finished/130AT1190319556
11-05 13:34:11.368 20564 22363 D DELETING_DIRECTORY: file deleted /data/user/0/cz.gienger.mobile/files/finished/130AT1190319556/130AT1190319556.pdf
11-05 13:34:11.369 20564 22363 D DELETING_DIRECTORY: file deleted /data/user/0/cz.gienger.mobile/files/finished/130AT1190319556/130AT1190319556_2.xml
11-05 13:34:11.369 20564 22363 D DELETING_DIRECTORY: /data/user/0/cz.gienger.mobile/files/finished/130AT1190319651
11-05 13:34:11.369 20564 22363 D DELETING_DIRECTORY: exists /data/user/0/cz.gienger.mobile/files/finished/130AT1190319651
11-05 13:34:11.370 20564 22363 D DELETING_DIRECTORY: file deleted /data/user/0/cz.gienger.mobile/files/finished/130AT1190319651/130AT1190319651.pdf
11-05 13:34:11.370 20564 22363 D DELETING_DIRECTORY: file deleted /data/user/0/cz.gienger.mobile/files/finished/130AT1190319651/130AT1190319651.xml
11-05 13:34:11.370 20564 22363 D DELETING_DIRECTORY: /data/user/0/cz.gienger.mobile/files/finished/130AT1190319652
11-05 13:34:11.370 20564 22363 D DELETING_DIRECTORY: exists /data/user/0/cz.gienger.mobile/files/finished/130AT1190319652
11-05 13:34:11.371 20564 22363 D DELETING_DIRECTORY: file deleted /data/user/0/cz.gienger.mobile/files/finished/130AT1190319652/130AT1190319652.pdf
11-05 13:34:11.371 20564 22363 D DELETING_DIRECTORY: file deleted /data/user/0/cz.gienger.mobile/files/finished/130AT1190319652/130AT1190319652.xml
11-05 13:34:11.371 20564 22363 D DELETING_DIRECTORY: /data/user/0/cz.gienger.mobile/files/finished/130AT1190319672
11-05 13:34:11.371 20564 22363 D DELETING_DIRECTORY: exists /data/user/0/cz.gienger.mobile/files/finished/130AT1190319672
11-05 13:34:11.373 20564 22363 D DELETING_DIRECTORY: file deleted /data/user/0/cz.gienger.mobile/files/finished/130AT1190319672/130AT1190319672.pdf
11-05 13:34:11.373 20564 22363 D DELETING_DIRECTORY: file deleted /data/user/0/cz.gienger.mobile/files/finished/130AT1190319672/130AT1190319672.xml
11-05 13:34:11.373 20564 22363 D DELETING_DIRECTORY: /data/user/0/cz.gienger.mobile/files/finished/130AT1193103345
11-05 13:34:11.373 20564 22363 D DELETING_DIRECTORY: exists /data/user/0/cz.gienger.mobile/files/finished/130AT1193103345
11-05 13:34:11.374 20564 22363 D DELETING_DIRECTORY: file deleted /data/user/0/cz.gienger.mobile/files/finished/130AT1193103345/130AT1193103345.pdf
11-05 13:34:11.374 20564 22363 D DELETING_DIRECTORY: file deleted /data/user/0/cz.gienger.mobile/files/finished/130AT1193103345/130AT1193103345.xml
11-05 13:34:11.374 20564 22363 D DELETING_DIRECTORY: /data/user/0/cz.gienger.mobile/files/finished/130AT1191103624
11-05 13:34:11.374 20564 22363 D DELETING_DIRECTORY: exists /data/user/0/cz.gienger.mobile/files/finished/130AT1191103624
11-05 13:34:11.375 20564 22363 D DELETING_DIRECTORY: file deleted /data/user/0/cz.gienger.mobile/files/finished/130AT1191103624/130AT1191103624.pdf
11-05 13:34:11.376 20564 22363 D DELETING_DIRECTORY: file deleted /data/user/0/cz.gienger.mobile/files/finished/130AT1191103624/130AT1191103624.xml
11-05 13:34:11.376 20564 22363 D DELETING_DIRECTORY: /data/user/0/cz.gienger.mobile/files/finished/130AT1193305508
11-05 13:34:11.376 20564 22363 D DELETING_DIRECTORY: exists /data/user/0/cz.gienger.mobile/files/finished/130AT1193305508
11-05 13:34:11.376 20564 22363 D DELETING_DIRECTORY: file deleted /data/user/0/cz.gienger.mobile/files/finished/130AT1193305508/130AT1193305508.pdf
11-05 13:34:11.377 20564 22363 D DELETING_DIRECTORY: file deleted /data/user/0/cz.gienger.mobile/files/finished/130AT1193305508/130AT1193305508.xml
11-05 13:34:11.377 20564 22363 D DELETING_DIRECTORY: /data/user/0/cz.gienger.mobile/files/finished/130AT1190427232
11-05 13:34:11.377 20564 22363 D DELETING_DIRECTORY: exists /data/user/0/cz.gienger.mobile/files/finished/130AT1190427232
11-05 13:34:11.377 20564 22363 D DELETING_DIRECTORY: file deleted /data/user/0/cz.gienger.mobile/files/finished/130AT1190427232/130AT1190427232.pdf
11-05 13:34:11.377 20564 22363 D DELETING_DIRECTORY: file deleted /data/user/0/cz.gienger.mobile/files/finished/130AT1190427232/130AT1190427232.xml
11-05 13:34:11.378 20564 22363 D DELETING_DIRECTORY: /data/user/0/cz.gienger.mobile/files/finished/130AT1193902719
11-05 13:34:11.378 20564 22363 D DELETING_DIRECTORY: exists /data/user/0/cz.gienger.mobile/files/finished/130AT1193902719
11-05 13:34:11.379 20564 22363 D DELETING_DIRECTORY: file deleted /data/user/0/cz.gienger.mobile/files/finished/130AT1193902719/130AT1193902719.pdf
11-05 13:34:11.379 20564 22363 D DELETING_DIRECTORY: file deleted /data/user/0/cz.gienger.mobile/files/finished/130AT1193902719/130AT1193902719.xml
11-05 13:34:11.379 20564 22363 D DELETING_DIRECTORY: /data/user/0/cz.gienger.mobile/files/finished/130AT1193902728
11-05 13:34:11.379 20564 22363 D DELETING_DIRECTORY: exists /data/user/0/cz.gienger.mobile/files/finished/130AT1193902728
11-05 13:34:11.380 20564 22363 D DELETING_DIRECTORY: file deleted /data/user/0/cz.gienger.mobile/files/finished/130AT1193902728/130AT1193902728.pdf
11-05 13:34:11.380 20564 22363 D DELETING_DIRECTORY: file deleted /data/user/0/cz.gienger.mobile/files/finished/130AT1193902728/130AT1193902728.xml
11-05 13:34:11.380 20564 22363 D DELETING_DIRECTORY: /data/user/0/cz.gienger.mobile/files/finished/130AT1193902729
11-05 13:34:11.380 20564 22363 D DELETING_DIRECTORY: exists /data/user/0/cz.gienger.mobile/files/finished/130AT1193902729
11-05 13:34:11.381 20564 22363 D DELETING_DIRECTORY: file deleted /data/user/0/cz.gienger.mobile/files/finished/130AT1193902729/130AT1193902729.pdf
11-05 13:34:11.381 20564 22363 D DELETING_DIRECTORY: file deleted /data/user/0/cz.gienger.mobile/files/finished/130AT1193902729/130AT1193902729.xml
11-05 13:34:11.381 20564 22363 D DELETING_DIRECTORY: /data/user/0/cz.gienger.mobile/files/finished/130AT1190427452
11-05 13:34:11.381 20564 22363 D DELETING_DIRECTORY: exists /data/user/0/cz.gienger.mobile/files/finished/130AT1190427452
11-05 13:34:11.382 20564 22363 D DELETING_DIRECTORY: file deleted /data/user/0/cz.gienger.mobile/files/finished/130AT1190427452/130AT1190427452.pdf
11-05 13:34:11.382 20564 22363 D DELETING_DIRECTORY: file deleted /data/user/0/cz.gienger.mobile/files/finished/130AT1190427452/130AT1190427452.xml
11-05 13:34:11.382 20564 22363 D DELETING_DIRECTORY: /data/user/0/cz.gienger.mobile/files/finished/130AT1193902712
11-05 13:34:11.382 20564 22363 D DELETING_DIRECTORY: exists /data/user/0/cz.gienger.mobile/files/finished/130AT1193902712
11-05 13:34:11.383 20564 22363 D DELETING_DIRECTORY: file deleted /data/user/0/cz.gienger.mobile/files/finished/130AT1193902712/130AT1193902712.pdf
11-05 13:34:11.383 20564 22363 D DELETING_DIRECTORY: file deleted /data/user/0/cz.gienger.mobile/files/finished/130AT1193902712/130AT1193902712.xml
11-05 13:34:11.383 20564 22363 D DELETING_DIRECTORY: /data/user/0/cz.gienger.mobile/files/finished/130AT1190319623
11-05 13:34:11.383 20564 22363 D DELETING_DIRECTORY: exists /data/user/0/cz.gienger.mobile/files/finished/130AT1190319623
11-05 13:34:11.384 20564 22363 D DELETING_DIRECTORY: file deleted /data/user/0/cz.gienger.mobile/files/finished/130AT1190319623/130AT1190319623.pdf
11-05 13:34:11.384 20564 22363 D DELETING_DIRECTORY: file deleted /data/user/0/cz.gienger.mobile/files/finished/130AT1190319623/130AT1190319623.xml
11-05 13:34:11.384 20564 22363 D DELETING_DIRECTORY: /data/user/0/cz.gienger.mobile/files/finished/130AT1190319647
11-05 13:34:11.384 20564 22363 D DELETING_DIRECTORY: exists /data/user/0/cz.gienger.mobile/files/finished/130AT1190319647
11-05 13:34:11.385 20564 22363 D DELETING_DIRECTORY: file deleted /data/user/0/cz.gienger.mobile/files/finished/130AT1190319647/130AT1190319647.pdf
11-05 13:34:11.385 20564 22363 D DELETING_DIRECTORY: file deleted /data/user/0/cz.gienger.mobile/files/finished/130AT1190319647/130AT1190319647.xml
11-05 13:34:11.385 20564 22363 D DELETING_DIRECTORY: /data/user/0/cz.gienger.mobile/files/finished/130AT1190517617
11-05 13:34:11.385 20564 22363 D DELETING_DIRECTORY: exists /data/user/0/cz.gienger.mobile/files/finished/130AT1190517617
11-05 13:34:11.386 20564 22363 D DELETING_DIRECTORY: file deleted /data/user/0/cz.gienger.mobile/files/finished/130AT1190517617/130AT1190517617.pdf
11-05 13:34:11.386 20564 22363 D DELETING_DIRECTORY: file deleted /data/user/0/cz.gienger.mobile/files/finished/130AT1190517617/130AT1190517617.xml
11-05 13:34:11.386 20564 22363 D DELETING_DIRECTORY: /data/user/0/cz.gienger.mobile/files/finished/130AT1191103618
11-05 13:34:11.386 20564 22363 D DELETING_DIRECTORY: exists /data/user/0/cz.gienger.mobile/files/finished/130AT1191103618
11-05 13:34:11.387 20564 22363 D DELETING_DIRECTORY: file deleted /data/user/0/cz.gienger.mobile/files/finished/130AT1191103618/130AT1191103618.pdf
11-05 13:34:11.387 20564 22363 D DELETING_DIRECTORY: file deleted /data/user/0/cz.gienger.mobile/files/finished/130AT1191103618/130AT1191103618.xml
11-05 13:34:11.387 20564 22363 D DELETING_DIRECTORY: /data/user/0/cz.gienger.mobile/files/finished/130AT1191103614
11-05 13:34:11.387 20564 22363 D DELETING_DIRECTORY: exists /data/user/0/cz.gienger.mobile/files/finished/130AT1191103614
11-05 13:34:11.388 20564 22363 D DELETING_DIRECTORY: file deleted /data/user/0/cz.gienger.mobile/files/finished/130AT1191103614/130AT1191103614.pdf
11-05 13:34:11.388 20564 22363 D DELETING_DIRECTORY: file deleted /data/user/0/cz.gienger.mobile/files/finished/130AT1191103614/130AT1191103614.xml
11-05 13:34:11.388 20564 22363 D DELETING_DIRECTORY: /data/user/0/cz.gienger.mobile/files/finished/130AT1193902696
11-05 13:34:11.388 20564 22363 D DELETING_DIRECTORY: exists /data/user/0/cz.gienger.mobile/files/finished/130AT1193902696
11-05 13:34:11.389 20564 22363 D DELETING_DIRECTORY: file deleted /data/user/0/cz.gienger.mobile/files/finished/130AT1193902696/130AT1193902696.pdf
11-05 13:34:11.389 20564 22363 D DELETING_DIRECTORY: file deleted /data/user/0/cz.gienger.mobile/files/finished/130AT1193902696/130AT1193902696.xml
11-05 13:34:11.389 20564 22363 D DELETING_DIRECTORY: /data/user/0/cz.gienger.mobile/files/finished/130AT1193305504
11-05 13:34:11.389 20564 22363 D DELETING_DIRECTORY: exists /data/user/0/cz.gienger.mobile/files/finished/130AT1193305504
11-05 13:34:11.389 20564 22363 D DELETING_DIRECTORY: file deleted /data/user/0/cz.gienger.mobile/files/finished/130AT1193305504/130AT1193305504.pdf
11-05 13:34:11.390 20564 22363 D DELETING_DIRECTORY: file deleted /data/user/0/cz.gienger.mobile/files/finished/130AT1193305504/130AT1193305504.xml
11-05 13:34:11.390 20564 22363 D DELETING_DIRECTORY: /data/user/0/cz.gienger.mobile/files/finished/130AT1193305221
11-05 13:34:11.390 20564 22363 D DELETING_DIRECTORY: exists /data/user/0/cz.gienger.mobile/files/finished/130AT1193305221
11-05 13:34:11.390 20564 22363 D DELETING_DIRECTORY: file deleted /data/user/0/cz.gienger.mobile/files/finished/130AT1193305221/130AT1193305221.pdf
11-05 13:34:11.390 20564 22363 D DELETING_DIRECTORY: file deleted /data/user/0/cz.gienger.mobile/files/finished/130AT1193305221/130AT1193305221.xml
11-05 13:34:11.391 20564 22363 D DELETING_DIRECTORY: /data/user/0/cz.gienger.mobile/files/finished/130AT1191103619
11-05 13:34:11.391 20564 22363 D DELETING_DIRECTORY: exists /data/user/0/cz.gienger.mobile/files/finished/130AT1191103619
11-05 13:34:11.391 20564 22363 D DELETING_DIRECTORY: file deleted /data/user/0/cz.gienger.mobile/files/finished/130AT1191103619/130AT1191103619.pdf
11-05 13:34:11.391 20564 22363 D DELETING_DIRECTORY: file deleted /data/user/0/cz.gienger.mobile/files/finished/130AT1191103619/130AT1191103619.xml
11-05 13:34:11.391 20564 22363 D DELETING_DIRECTORY: /data/user/0/cz.gienger.mobile/files/finished/130AT1191103627
11-05 13:34:11.391 20564 22363 D DELETING_DIRECTORY: exists /data/user/0/cz.gienger.mobile/files/finished/130AT1191103627
11-05 13:34:11.392 20564 22363 D DELETING_DIRECTORY: file deleted /data/user/0/cz.gienger.mobile/files/finished/130AT1191103627/130AT1191103627.pdf
11-05 13:34:11.392 20564 22363 D DELETING_DIRECTORY: file deleted /data/user/0/cz.gienger.mobile/files/finished/130AT1191103627/130AT1191103627.xml
11-05 13:34:11.645 20564 20564 D FILES : /data/user/0/cz.gienger.mobile/files/delivery
11-05 13:34:11.649 20564 20564 D ScrollView: initGoToTop
11-05 13:34:11.674 20564 20564 D ViewRootImpl@a41089b[LoginActivity]: ThreadedRenderer.create() translucent=false
11-05 13:34:11.678 20564 20564 D InputTransport: Input channel constructed: fd=100
11-05 13:34:11.678 20564 20564 D ViewRootImpl@a41089b[LoginActivity]: setView = DecorView@1321438[LoginActivity] touchMode=true
11-05 13:34:11.679 20564 20564 D ViewRootImpl@9e10112[MainActivity]: MSG_WINDOW_FOCUS_CHANGED 0
11-05 13:34:11.686 20564 20564 D ViewRootImpl@a41089b[LoginActivity]: dispatchAttachedToWindow
11-05 13:34:11.728 20564 20564 D ViewRootImpl@a41089b[LoginActivity]: Relayout returned: oldFrame=[0,0][0,0] newFrame=[0,0][768,1024] result=0x27 surface={isValid=true -2038312960} surfaceGenerationChanged=true
11-05 13:34:11.729 20564 20564 D ViewRootImpl@a41089b[LoginActivity]: mHardwareRenderer.initialize() mSurface={isValid=true -2038312960} hwInitialized=true
11-05 13:34:11.741 20564 20564 D ScrollView: onsize change changed
11-05 13:34:11.766 20564 20564 D ViewRootImpl@a41089b[LoginActivity]: MSG_RESIZED_REPORT: frame=Rect(0, 0 - 768, 1024) ci=Rect(0, 24 - 0, 0) vi=Rect(0, 24 - 0, 0) or=1
11-05 13:34:11.766 20564 20564 D ViewRootImpl@a41089b[LoginActivity]: MSG_WINDOW_FOCUS_CHANGED 1
11-05 13:34:11.766 20564 20564 D ViewRootImpl@a41089b[LoginActivity]: mHardwareRenderer.initializeIfNeeded()#2 mSurface={isValid=true -2038312960}
11-05 13:34:11.778 20564 20564 V InputMethodManager: Starting input: tba=android.view.inputmethod.EditorInfo@873250 nm : cz.gienger.mobile ic=com.android.internal.widget.EditableInputConnection@4c4fc49
11-05 13:34:11.778 20564 20564 I InputMethodManager: startInputInner - mService.startInputOrWindowGainedFocus
11-05 13:34:11.794 20564 20564 D InputTransport: Input channel constructed: fd=88
11-05 13:34:11.794 20564 20564 D InputTransport: Input channel destroyed: fd=91
11-05 13:34:11.836 20564 20564 D ViewRootImpl@9e10112[MainActivity]: mHardwareRenderer.destroy()#1
11-05 13:34:11.847 20564 20564 D ViewRootImpl@9e10112[MainActivity]: Relayout returned: oldFrame=[0,0][768,1024] newFrame=[0,0][768,1024] result=0x5 surface={isValid=false 0} surfaceGenerationChanged=true
11-05 13:34:12.119 20564 20564 D ViewRootImpl@a41089b[LoginActivity]: MSG_RESIZED: frame=Rect(0, 0 - 768, 1024) ci=Rect(0, 24 - 0, 320) vi=Rect(0, 24 - 0, 320) or=1
11-05 13:34:12.144 20564 20564 D ViewRootImpl@a41089b[LoginActivity]: Relayout returned: oldFrame=[0,0][768,1024] newFrame=[0,0][768,1024] result=0x1 surface={isValid=true -2038312960} surfaceGenerationChanged=false
11-05 13:34:12.147 20564 20564 D ScrollView: onsize change changed
11-05 13:34:12.227 20564 20564 D ViewRootImpl@9e10112[MainActivity]: Relayout returned: oldFrame=[0,0][768,1024] newFrame=[0,0][768,1024] result=0x5 surface={isValid=false 0} surfaceGenerationChanged=false
11-05 13:34:15.878 20564 20564 D ViewRootImpl@a41089b[LoginActivity]: ViewPostImeInputStage processPointer 0
11-05 13:34:15.950 20564 20564 D ViewRootImpl@a41089b[LoginActivity]: ViewPostImeInputStage processPointer 1
11-05 13:34:15.983 20564 20564 V InputMethodManager: Starting input: tba=android.view.inputmethod.EditorInfo@26efb68 nm : cz.gienger.mobile ic=com.android.internal.widget.EditableInputConnection@44aeb81
11-05 13:34:15.983 20564 20564 I InputMethodManager: startInputInner - mService.startInputOrWindowGainedFocus
11-05 13:34:15.985 20564 20564 D InputTransport: Input channel constructed: fd=94
11-05 13:34:15.985 20564 20564 D InputTransport: Input channel destroyed: fd=88
11-05 13:34:15.985 20564 20564 D InputMethodManager: SSI - flag : 0 Pid : 20564 view : cz.gienger.mobile
11-05 13:34:15.989 20564 20564 W IInputConnectionWrapper: performPrivateCommand on inactive InputConnection
11-05 13:34:15.989 20564 20564 W IInputConnectionWrapper: finishComposingText on inactive InputConnection
11-05 13:34:18.557 20564 20564 D ViewRootImpl@a41089b[LoginActivity]: ViewPostImeInputStage processPointer 0
11-05 13:34:18.628 20564 20564 D ViewRootImpl@a41089b[LoginActivity]: ViewPostImeInputStage processPointer 1
11-05 13:34:18.658 20564 20564 D ScrollView: initGoToTop
11-05 13:34:18.662 20564 20564 D ScrollView: initGoToTop
11-05 13:34:18.670 20564 20564 D ViewRootImpl@6215f9d[LoginActivity]: ThreadedRenderer.create() translucent=true
11-05 13:34:18.679 20564 20564 D InputTransport: Input channel constructed: fd=91
11-05 13:34:18.679 20564 20564 D ViewRootImpl@6215f9d[LoginActivity]: setView = DecorView@7c5bc12[LoginActivity] touchMode=true
11-05 13:34:18.685 20564 22449 D MYINTERCEPTOR: /GiengerService.svc/oauth
11-05 13:34:18.685 20564 20564 D ViewRootImpl@6215f9d[LoginActivity]: dispatchAttachedToWindow
11-05 13:34:18.685 20564 22449 D OkHttp : --> POST https://testsaig1.gienger.cz/GiengerService.svc/oauth http/1.1
11-05 13:34:18.685 20564 22449 D OkHttp : Content-Type: application/xml; charset=UTF-8
11-05 13:34:18.685 20564 22449 D OkHttp : Content-Length: 298
11-05 13:34:18.685 20564 22449 D OkHttp : --> END POST
11-05 13:34:18.710 20564 20564 D ViewRootImpl@6215f9d[LoginActivity]: Relayout returned: oldFrame=[0,0][0,0] newFrame=[108,466][660,582] result=0x27 surface={isValid=true -2015203328} surfaceGenerationChanged=true
11-05 13:34:18.710 20564 20564 D ViewRootImpl@6215f9d[LoginActivity]: mHardwareRenderer.initialize() mSurface={isValid=true -2015203328} hwInitialized=true
11-05 13:34:18.727 20564 20564 D ViewRootImpl@6215f9d[LoginActivity]: MSG_WINDOW_FOCUS_CHANGED 1
11-05 13:34:18.728 20564 20564 D ViewRootImpl@6215f9d[LoginActivity]: mHardwareRenderer.initializeIfNeeded()#2 mSurface={isValid=true -2015203328}
11-05 13:34:18.743 20564 20564 D ViewRootImpl@6215f9d[LoginActivity]: MSG_RESIZED_REPORT: frame=Rect(108, 466 - 660, 582) ci=Rect(0, 0 - 0, 0) vi=Rect(0, 0 - 0, 0) or=1
11-05 13:34:18.778 20564 20564 D ViewRootImpl@a41089b[LoginActivity]: MSG_WINDOW_FOCUS_CHANGED 0
11-05 13:34:18.814 20564 22449 D OkHttp : <-- 200 https://testsaig1.gienger.cz/GiengerService.svc/oauth (128ms)
11-05 13:34:18.814 20564 22449 D OkHttp : content-type: application/xml; charset=utf-8
11-05 13:34:18.814 20564 22449 D OkHttp : server: Microsoft-IIS/10.0
11-05 13:34:18.814 20564 22449 D OkHttp : x-powered-by: ASP.NET
11-05 13:34:18.815 20564 22449 D OkHttp : date: Thu, 05 Nov 2020 12:34:17 GMT
11-05 13:34:18.815 20564 22449 D OkHttp : content-length: 292
11-05 13:34:18.815 20564 22449 D OkHttp : <-- END HTTP
11-05 13:34:18.841 20564 22449 D MYINTERCEPTOR: /GiengerService.svc/userinfo
11-05 13:34:18.842 20564 22449 D OkHttp : --> POST https://testsaig1.gienger.cz/GiengerService.svc/userinfo http/1.1
11-05 13:34:18.843 20564 22449 D OkHttp : Content-Type: application/xml; charset=UTF-8
11-05 13:34:18.843 20564 22449 D OkHttp : Content-Length: 139
11-05 13:34:18.843 20564 22449 D OkHttp : token: f6cd37a79a65a495809d91be26a61dde
11-05 13:34:18.843 20564 22449 D OkHttp : --> END POST
11-05 13:34:18.954 20564 22449 D OkHttp : <-- 200 https://testsaig1.gienger.cz/GiengerService.svc/userinfo (111ms)
11-05 13:34:18.955 20564 22449 D OkHttp : content-type: application/xml; charset=utf-8
11-05 13:34:18.955 20564 22449 D OkHttp : server: Microsoft-IIS/10.0
11-05 13:34:18.955 20564 22449 D OkHttp : x-powered-by: ASP.NET
11-05 13:34:18.955 20564 22449 D OkHttp : date: Thu, 05 Nov 2020 12:34:17 GMT
11-05 13:34:18.955 20564 22449 D OkHttp : content-length: 195
11-05 13:34:18.955 20564 22449 D OkHttp : <-- END HTTP
11-05 13:34:19.000 20564 20564 D ScrollView: initGoToTop
11-05 13:34:19.008 20564 20564 D ScrollView: initGoToTop
11-05 13:34:19.021 20564 20564 D ViewRootImpl@ea60cbe[LoginActivity]: ThreadedRenderer.create() translucent=true
11-05 13:34:19.031 20564 20564 D InputTransport: Input channel constructed: fd=116
11-05 13:34:19.031 20564 20564 D ViewRootImpl@ea60cbe[LoginActivity]: setView = DecorView@d89811f[LoginActivity] touchMode=true
11-05 13:34:19.070 20564 20564 D ViewRootImpl@6215f9d[LoginActivity]: mHardwareRenderer.destroy()#4
11-05 13:34:19.070 20564 20564 D ViewRootImpl@6215f9d[LoginActivity]: dispatchDetachedFromWindow
11-05 13:34:19.085 20564 20564 D InputTransport: Input channel destroyed: fd=91
11-05 13:34:19.095 20564 20564 D ViewRootImpl@a41089b[LoginActivity]: Relayout returned: oldFrame=[0,0][768,1024] newFrame=[0,0][768,1024] result=0x1 surface={isValid=true -2038312960} surfaceGenerationChanged=false
11-05 13:34:19.097 20564 20564 D ViewRootImpl@ea60cbe[LoginActivity]: dispatchAttachedToWindow
11-05 13:34:19.130 20564 20564 D ViewRootImpl@ea60cbe[LoginActivity]: Relayout returned: oldFrame=[0,0][0,0] newFrame=[108,423][660,624] result=0x27 surface={isValid=true -2015203328} surfaceGenerationChanged=true
11-05 13:34:19.130 20564 20564 D ViewRootImpl@ea60cbe[LoginActivity]: mHardwareRenderer.initialize() mSurface={isValid=true -2015203328} hwInitialized=true
11-05 13:34:19.135 20564 20564 D ScrollView: onsize change changed
11-05 13:34:19.135 20564 20564 D ScrollView: onsize change changed
11-05 13:34:19.136 20564 20564 D ViewRootImpl@ea60cbe[LoginActivity]: MSG_WINDOW_FOCUS_CHANGED 1
11-05 13:34:19.137 20564 20564 D ViewRootImpl@ea60cbe[LoginActivity]: mHardwareRenderer.initializeIfNeeded()#2 mSurface={isValid=true -2015203328}
11-05 13:34:19.152 20564 20564 D ViewRootImpl@ea60cbe[LoginActivity]: MSG_RESIZED_REPORT: frame=Rect(108, 423 - 660, 624) ci=Rect(0, 0 - 0, 0) vi=Rect(0, 0 - 0, 0) or=1
11-05 13:34:19.173 20564 20564 E ViewRootImpl: sendUserActionEvent() returned.
11-05 13:34:19.937 20564 20564 D ViewRootImpl@ea60cbe[LoginActivity]: ViewPostImeInputStage processPointer 0
11-05 13:34:20.019 20564 20564 D ViewRootImpl@ea60cbe[LoginActivity]: ViewPostImeInputStage processPointer 1
11-05 13:34:20.035 20564 20564 D ViewRootImpl@ea60cbe[LoginActivity]: mHardwareRenderer.destroy()#4
11-05 13:34:20.035 20564 20564 D ViewRootImpl@ea60cbe[LoginActivity]: dispatchDetachedFromWindow
11-05 13:34:20.047 20564 20564 D InputTransport: Input channel destroyed: fd=116
11-05 13:34:20.066 20564 22449 D MYINTERCEPTOR: /GiengerService.svc/manifests
11-05 13:34:20.068 20564 22449 D OkHttp : --> GET https://testsaig1.gienger.cz/GiengerService.svc/manifests http/1.1
11-05 13:34:20.068 20564 22449 D OkHttp : state: CZ
11-05 13:34:20.068 20564 22449 D OkHttp : token: f6cd37a79a65a495809d91be26a61dde
11-05 13:34:20.068 20564 22449 D OkHttp : --> END GET
11-05 13:34:20.074 20564 20564 D TextView: SYANI: Clipboard API is calling: clearFilter()
11-05 13:34:20.074 20564 20564 D TextView: SYANI: Clipboard API is calling: unregisterClipboardEventListener()
11-05 13:34:20.077 20564 20564 D TextView: SYANI: Clipboard API is calling: clearFilter()
11-05 13:34:20.077 20564 20564 D TextView: SYANI: Clipboard API is calling: unregisterClipboardEventListener()
11-05 13:34:20.086 20564 20564 D ViewRootImpl@a41089b[LoginActivity]: mHardwareRenderer.destroy()#4
11-05 13:34:20.086 20564 20564 D ViewRootImpl@a41089b[LoginActivity]: dispatchDetachedFromWindow
11-05 13:34:20.087 20564 20564 D InputTransport: Input channel destroyed: fd=100
11-05 13:34:20.114 20564 20564 D FILES : /data/user/0/cz.gienger.mobile/files/delivery
11-05 13:34:20.125 20564 22453 D MYINTERCEPTOR: /GiengerService.svc/manifests
11-05 13:34:20.127 20564 22453 D OkHttp : --> GET https://testsaig1.gienger.cz/GiengerService.svc/manifests http/1.1
11-05 13:34:20.127 20564 22453 D OkHttp : state: CZ
11-05 13:34:20.127 20564 22453 D OkHttp : token: f6cd37a79a65a495809d91be26a61dde
11-05 13:34:20.127 20564 22453 D OkHttp : --> END GET
11-05 13:34:20.139 20564 22454 D MYINTERCEPTOR: /GiengerService.svc/manifests
11-05 13:34:20.140 20564 22454 D OkHttp : --> GET https://testsaig1.gienger.cz/GiengerService.svc/manifests http/1.1
11-05 13:34:20.140 20564 22454 D OkHttp : state: CZ
11-05 13:34:20.140 20564 22454 D OkHttp : token: f6cd37a79a65a495809d91be26a61dde
11-05 13:34:20.140 20564 22454 D OkHttp : --> END GET
11-05 13:34:20.144 20564 20564 D ViewRootImpl@a441a32[LoginActivity]: ThreadedRenderer.create() translucent=false
11-05 13:34:20.149 20564 20564 D InputTransport: Input channel constructed: fd=88
11-05 13:34:20.149 20564 20564 D ViewRootImpl@a441a32[LoginActivity]: setView = DecorView@3a69383[LoginActivity] touchMode=true
11-05 13:34:20.153 20564 20564 D ViewRootImpl@a441a32[LoginActivity]: dispatchAttachedToWindow
11-05 13:34:20.179 20564 20564 D ViewRootImpl@a441a32[LoginActivity]: Relayout returned: oldFrame=[0,0][0,0] newFrame=[0,0][768,1024] result=0x27 surface={isValid=true -2013171712} surfaceGenerationChanged=true
11-05 13:34:20.180 20564 20564 D ViewRootImpl@a441a32[LoginActivity]: mHardwareRenderer.initialize() mSurface={isValid=true -2013171712} hwInitialized=true
11-05 13:34:20.183 20564 20564 D AbsListView: in onLayout changed
11-05 13:34:20.184 20564 20564 E ViewRootImpl: sendUserActionEvent() returned.
11-05 13:34:20.184 20564 20564 E ViewRootImpl: sendUserActionEvent() returned.
11-05 13:34:20.187 20564 22449 D OkHttp : <-- 200 https://testsaig1.gienger.cz/GiengerService.svc/manifests (118ms)
11-05 13:34:20.187 20564 22449 D OkHttp : content-type: application/xml; charset=utf-8
11-05 13:34:20.187 20564 22449 D OkHttp : server: Microsoft-IIS/10.0
11-05 13:34:20.187 20564 22449 D OkHttp : x-powered-by: ASP.NET
11-05 13:34:20.187 20564 22449 D OkHttp : date: Thu, 05 Nov 2020 12:34:19 GMT
11-05 13:34:20.187 20564 22449 D OkHttp : content-length: 12556
11-05 13:34:20.187 20564 22449 D OkHttp : <-- END HTTP
11-05 13:34:20.208 20564 20564 D ViewRootImpl@a441a32[LoginActivity]: MSG_RESIZED_REPORT: frame=Rect(0, 0 - 768, 1024) ci=Rect(0, 24 - 0, 320) vi=Rect(0, 24 - 0, 320) or=1
11-05 13:34:20.209 20564 20564 D ViewRootImpl@a441a32[LoginActivity]: MSG_WINDOW_FOCUS_CHANGED 1
11-05 13:34:20.209 20564 20564 D ViewRootImpl@a441a32[LoginActivity]: mHardwareRenderer.initializeIfNeeded()#2 mSurface={isValid=true -2013171712}
11-05 13:34:20.210 20564 20564 V InputMethodManager: Starting input: tba=android.view.inputmethod.EditorInfo@c3b952c nm : cz.gienger.mobile ic=null
11-05 13:34:20.210 20564 20564 I InputMethodManager: startInputInner - mService.startInputOrWindowGainedFocus
11-05 13:34:20.222 20564 20564 D InputTransport: Input channel constructed: fd=90
11-05 13:34:20.222 20564 20564 D InputTransport: Input channel destroyed: fd=94
11-05 13:34:20.250 20564 20564 E ViewRootImpl: sendUserActionEvent() returned.
11-05 13:34:20.250 20564 20564 W IInputConnectionWrapper: finishComposingText on inactive InputConnection
11-05 13:34:20.250 20564 20564 W IInputConnectionWrapper: performPrivateCommand on inactive InputConnection
11-05 13:34:20.250 20564 20564 D DOWNLOAD_MANIFESTS: success
11-05 13:34:20.262 20564 20564 W IInputConnectionWrapper: finishComposingText on inactive InputConnection
11-05 13:34:20.266 20564 20564 D ViewRootImpl@a441a32[LoginActivity]: MSG_RESIZED: frame=Rect(0, 0 - 768, 1024) ci=Rect(0, 24 - 0, 0) vi=Rect(0, 24 - 0, 0) or=1
11-05 13:34:20.282 20564 20564 D ViewRootImpl@a441a32[LoginActivity]: Relayout returned: oldFrame=[0,0][768,1024] newFrame=[0,0][768,1024] result=0x1 surface={isValid=true -2013171712} surfaceGenerationChanged=false
11-05 13:34:20.283 20564 20564 D AbsListView: in onLayout changed
11-05 13:34:20.516 20564 22454 D OkHttp : <-- 200 https://testsaig1.gienger.cz/GiengerService.svc/manifests (375ms)
11-05 13:34:20.516 20564 22454 D OkHttp : content-type: application/xml; charset=utf-8
11-05 13:34:20.516 20564 22454 D OkHttp : server: Microsoft-IIS/10.0
11-05 13:34:20.516 20564 22454 D OkHttp : x-powered-by: ASP.NET
11-05 13:34:20.517 20564 22453 D OkHttp : <-- 200 https://testsaig1.gienger.cz/GiengerService.svc/manifests (389ms)
11-05 13:34:20.517 20564 22454 D OkHttp : date: Thu, 05 Nov 2020 12:34:19 GMT
11-05 13:34:20.517 20564 22454 D OkHttp : content-length: 12556
11-05 13:34:20.517 20564 22454 D OkHttp : <-- END HTTP
11-05 13:34:20.517 20564 22453 D OkHttp : content-type: application/xml; charset=utf-8
11-05 13:34:20.517 20564 22453 D OkHttp : server: Microsoft-IIS/10.0
11-05 13:34:20.517 20564 22453 D OkHttp : x-powered-by: ASP.NET
11-05 13:34:20.517 20564 22453 D OkHttp : date: Thu, 05 Nov 2020 12:34:19 GMT
11-05 13:34:20.517 20564 22453 D OkHttp : content-length: 12556
11-05 13:34:20.517 20564 22453 D OkHttp : <-- END HTTP
11-05 13:34:20.557 20564 20564 D DOWNLOAD_MANIFESTS: success
11-05 13:34:20.569 20564 20564 D DOWNLOAD_MANIFESTS: success
11-05 13:34:20.747 20564 20564 V InputMethodManager: Starting input: tba=android.view.inputmethod.EditorInfo@1349914 nm : cz.gienger.mobile ic=null
11-05 13:34:20.747 20564 20564 I InputMethodManager: startInputInner - mService.startInputOrWindowGainedFocus
11-05 13:34:20.748 20564 20564 D InputTransport: Input channel constructed: fd=106
11-05 13:34:20.748 20564 20564 D InputTransport: Input channel destroyed: fd=90
11-05 13:34:20.836 20564 20575 I art : Background sticky concurrent mark sweep GC freed 197267(8MB) AllocSpace objects, 24(536KB) LOS objects, 35% free, 15MB/24MB, paused 1.592ms total 129.388ms
11-05 13:34:21.587 20564 20564 D ViewRootImpl@a441a32[LoginActivity]: ViewPostImeInputStage processPointer 0
11-05 13:34:21.667 20564 20564 D ViewRootImpl@a441a32[LoginActivity]: ViewPostImeInputStage processPointer 1
11-05 13:34:21.668 20564 20564 D AbsListView: onTouchUp() mTouchMode : 0
11-05 13:34:22.496 20564 20564 D ViewRootImpl@a441a32[LoginActivity]: ViewPostImeInputStage processPointer 0
11-05 13:34:22.589 20564 20564 D ViewRootImpl@a441a32[LoginActivity]: ViewPostImeInputStage processPointer 1
11-05 13:34:22.614 20564 20564 D InputMethodManager: HSIFW - flag : 0 Pid : 20564
11-05 13:34:22.617 20564 20564 D AbsListView: in onLayout changed
11-05 13:34:27.861 20564 20564 D ViewRootImpl@a441a32[LoginActivity]: ViewPostImeInputStage processPointer 0
11-05 13:34:27.974 20564 20564 D ViewRootImpl@a441a32[LoginActivity]: ViewPostImeInputStage processPointer 1
11-05 13:34:27.986 20564 22407 D MYINTERCEPTOR: /GiengerService.svc/logout
11-05 13:34:27.987 20564 22407 D OkHttp : --> POST https://testsaig1.gienger.cz/GiengerService.svc/logout http/1.1
11-05 13:34:27.987 20564 22407 D OkHttp : Content-Type: application/xml; charset=UTF-8
11-05 13:34:27.987 20564 22407 D OkHttp : Content-Length: 204
11-05 13:34:27.987 20564 22407 D OkHttp : token: f6cd37a79a65a495809d91be26a61dde
11-05 13:34:27.987 20564 22407 D OkHttp : --> END POST
11-05 13:34:28.484 20564 22407 D OkHttp : <-- 200 https://testsaig1.gienger.cz/GiengerService.svc/logout (496ms)
11-05 13:34:28.484 20564 22407 D OkHttp : server: Microsoft-IIS/10.0
11-05 13:34:28.484 20564 22407 D OkHttp : x-powered-by: ASP.NET
11-05 13:34:28.484 20564 22407 D OkHttp : date: Thu, 05 Nov 2020 12:34:26 GMT
11-05 13:34:28.485 20564 22407 D OkHttp : content-length: 0
11-05 13:34:28.485 20564 22407 D OkHttp : <-- END HTTP
11-05 13:34:28.491 20564 20564 D ScrollView: initGoToTop
11-05 13:34:28.519 20564 20564 D ScrollView: onsize change changed
