11-05 13:42:23.839 20564 20564 D ViewRootImpl@eb01432[PdfArchiveActivity]: MSG_RESIZED_REPORT: frame=Rect(241, 456 - 527, 568) ci=Rect(0, 0 - 0, 0) vi=Rect(0, 0 - 0, 0) or=1
11-05 13:42:23.839 20564 20564 D ViewRootImpl@eb01432[PdfArchiveActivity]: MSG_WINDOW_FOCUS_CHANGED 1
11-05 13:42:23.840 20564 20564 D ViewRootImpl@eb01432[PdfArchiveActivity]: mHardwareRenderer.initializeIfNeeded()#2 mSurface={isValid=true -2005702656}
11-05 13:42:23.840 20564 20564 V InputMethodManager: Starting input: tba=android.view.inputmethod.EditorInfo@1de7300 nm : cz.gienger.mobile ic=null
11-05 13:42:23.840 20564 20564 I InputMethodManager: startInputInner - mService.startInputOrWindowGainedFocus
11-05 13:42:23.842 20564 20564 D InputTransport: Input channel constructed: fd=64
11-05 13:42:24.943 20564 20564 D ViewRootImpl@eb01432[PdfArchiveActivity]: mHardwareRenderer.destroy()#1
11-05 13:42:24.954 20564 20564 D ViewRootImpl@eb01432[PdfArchiveActivity]: Relayout returned: oldFrame=[241,456][527,568] newFrame=[241,456][527,568] result=0x5 surface={isValid=false 0} surfaceGenerationChanged=true
11-05 13:42:24.954 20564 20564 D ViewRootImpl@eb01432[PdfArchiveActivity]: MSG_WINDOW_FOCUS_CHANGED 0
11-05 13:42:24.956 20564 20564 D ViewRootImpl@e21ac99[DeliverActivity]: mHardwareRenderer.destroy()#1
11-05 13:42:24.968 20564 20564 D ViewRootImpl@e21ac99[DeliverActivity]: Relayout returned: oldFrame=[0,0][768,1024] newFrame=[0,0][768,1024] result=0x1 surface={isValid=false 0} surfaceGenerationChanged=false
11-05 13:42:25.002 20564 20564 D SIGNOSIGN_SIGNED: signed
11-05 13:42:25.032 20564 22939 D MESSAGE_SERVICE: ACTION_COMPRESS_AND_UPLOAD
11-05 13:42:25.277 20564 20564 D ViewRootImpl@9e10112[MainActivity]: Relayout returned: oldFrame=[0,0][768,1024] newFrame=[0,0][768,1024] result=0x7 surface={isValid=true -2002112512} surfaceGenerationChanged=true
11-05 13:42:25.277 20564 20564 D ViewRootImpl@9e10112[MainActivity]: mHardwareRenderer.initialize() mSurface={isValid=true -2002112512} hwInitialized=true
11-05 13:42:25.336 20564 20564 D AbsListView: in onLayout changed
11-05 13:42:25.342 20564 20564 D ViewRootImpl: updatePointerIcon pointerType = 20001, calling pid = 20564
11-05 13:42:25.342 20564 20564 D InputManager: setPointerIconType iconId = 20001, callingPid = 20564
11-05 13:42:25.369 20564 20564 D ViewRootImpl@9e10112[MainActivity]: MSG_WINDOW_FOCUS_CHANGED 1
11-05 13:42:25.370 20564 20564 D ViewRootImpl@9e10112[MainActivity]: mHardwareRenderer.initializeIfNeeded()#2 mSurface={isValid=true -2002112512}
11-05 13:42:25.371 20564 20564 V InputMethodManager: Starting input: tba=android.view.inputmethod.EditorInfo@4ac119e nm : cz.gienger.mobile ic=null
11-05 13:42:25.371 20564 20564 I InputMethodManager: startInputInner - mService.startInputOrWindowGainedFocus
11-05 13:42:25.401 20564 20564 D InputTransport: Input channel constructed: fd=68
11-05 13:42:25.401 20564 20564 D InputTransport: Input channel destroyed: fd=64
11-05 13:42:25.454 20564 20564 D ViewRootImpl@e21ac99[DeliverActivity]: mHardwareRenderer.destroy()#1
11-05 13:42:25.467 20564 20564 D ViewRootImpl@e21ac99[DeliverActivity]: Relayout returned: oldFrame=[0,0][768,1024] newFrame=[0,0][768,1024] result=0x1 surface={isValid=false 0} surfaceGenerationChanged=false
11-05 13:42:25.627 20564 20564 D ViewRootImpl: updatePointerIcon pointerType = 20001, calling pid = 20564
11-05 13:42:25.627 20564 20564 D InputManager: setPointerIconType iconId = 20001, callingPid = 20564
11-05 13:42:25.772 20564 22939 D FILE_MANAGER: Serializing delivery /data/user/0/cz.gienger.mobile/files/finished/130AT1190427190/130AT1190427190.xml
11-05 13:42:25.772 20564 22939 D FILE_MANAGER: Null files:
11-05 13:42:25.990 20564 22939 D MYINTERCEPTOR: /GiengerService.svc/sendorder
11-05 13:42:25.991 20564 22939 D OkHttp : --> POST https://testsaig1.gienger.cz/GiengerService.svc/sendorder http/1.1
11-05 13:42:25.991 20564 22939 D OkHttp : Content-Type: text/raw
11-05 13:42:25.991 20564 22939 D OkHttp : Content-Length: 230849
11-05 13:42:25.991 20564 22939 D OkHttp : filename: 130AT1190427190.xml
11-05 13:42:25.991 20564 22939 D OkHttp : Checksum: b6c911bff780aa9382af826300ba7515
11-05 13:42:25.991 20564 22939 D OkHttp : token: 6246477b2201027d3155f34571f7c488
11-05 13:42:25.991 20564 22939 D OkHttp : --> END POST
11-05 13:42:26.637 20564 20564 D ViewRootImpl@9e10112[MainActivity]: ViewPostImeInputStage processPointer 0
11-05 13:42:26.683 20564 20564 D AbsListView: reportScrollStateChange() newState : 1
11-05 13:42:26.904 20564 20564 D ViewRootImpl@9e10112[MainActivity]: ViewPostImeInputStage processPointer 1
11-05 13:42:26.905 20564 20564 D AbsListView: onTouchUp() mTouchMode : 3
11-05 13:42:26.905 20564 20564 D AbsListView: onTouchUp() TOUCH_MODE_SCROLL initialVelocity : -669
11-05 13:42:26.905 20564 20564 D AbsListView: reportScrollStateChange() newState : 2
11-05 13:42:27.351 20564 20564 D AbsListView: reportScrollStateChange() newState : 0
11-05 13:42:27.496 20564 22939 D OkHttp : <-- 200 https://testsaig1.gienger.cz/GiengerService.svc/sendorder (1504ms)
11-05 13:42:27.497 20564 22939 D OkHttp : content-type: application/xml; charset=utf-8
11-05 13:42:27.497 20564 22939 D OkHttp : server: Microsoft-IIS/10.0
11-05 13:42:27.497 20564 22939 D OkHttp : x-powered-by: ASP.NET
11-05 13:42:27.497 20564 22939 D OkHttp : date: Thu, 05 Nov 2020 12:42:26 GMT
11-05 13:42:27.497 20564 22939 D OkHttp : content-length: 175
11-05 13:42:27.497 20564 22939 D OkHttp : <-- END HTTP
11-05 13:42:27.502 20564 22939 D sendOrder_SUCCESS: 200
11-05 13:42:27.782 20564 20564 D AbsListView: in onLayout changed
11-05 13:42:27.811 20564 20564 D TextView: SYANI: Clipboard API is calling: clearFilter()
11-05 13:42:27.811 20564 20564 D TextView: SYANI: Clipboard API is calling: unregisterClipboardEventListener()
11-05 13:42:27.813 20564 20564 D TextView: SYANI: Clipboard API is calling: clearFilter()
11-05 13:42:27.813 20564 20564 D TextView: SYANI: Clipboard API is calling: unregisterClipboardEventListener()
11-05 13:42:27.815 20564 20564 D TextView: SYANI: Clipboard API is calling: clearFilter()
11-05 13:42:27.815 20564 20564 D TextView: SYANI: Clipboard API is calling: unregisterClipboardEventListener()
11-05 13:42:27.839 20564 20564 D ViewRootImpl@e21ac99[DeliverActivity]: mHardwareRenderer.destroy()#4
11-05 13:42:27.839 20564 20564 D ViewRootImpl@e21ac99[DeliverActivity]: dispatchDetachedFromWindow
11-05 13:42:27.851 20564 20564 D InputTransport: Input channel destroyed: fd=63
11-05 13:42:27.856 20564 20564 D ViewRootImpl@eb01432[PdfArchiveActivity]: mHardwareRenderer.destroy()#4
11-05 13:42:27.856 20564 20564 D ViewRootImpl@eb01432[PdfArchiveActivity]: dispatchDetachedFromWindow
11-05 13:42:27.862 20564 20564 D InputTransport: Input channel destroyed: fd=61
11-05 13:42:27.863 20564 20564 D LOCATION_SERVICE: onDestroy
11-05 13:42:28.766 20564 20564 D ViewRootImpl@9e10112[MainActivity]: ViewPostImeInputStage processPointer 0
11-05 13:42:28.821 20564 20564 D AbsListView: reportScrollStateChange() newState : 1
11-05 13:42:29.434 20564 20564 D ViewRootImpl@9e10112[MainActivity]: ViewPostImeInputStage processPointer 1
11-05 13:42:29.434 20564 20564 D AbsListView: onTouchUp() mTouchMode : 3
11-05 13:42:29.434 20564 20564 D AbsListView: onTouchUp() TOUCH_MODE_SCROLL initialVelocity : -10
11-05 13:42:29.434 20564 20564 D AbsListView: reportScrollStateChange() newState : 0
11-05 13:42:29.787 20564 20564 D ViewRootImpl@9e10112[MainActivity]: ViewPostImeInputStage processPointer 0
11-05 13:42:29.866 20564 20564 D ViewRootImpl@9e10112[MainActivity]: ViewPostImeInputStage processPointer 1
11-05 13:42:29.893 20564 20564 D item_click: viewId = 2131820756, position = 2
11-05 13:42:29.937 20564 20564 D ViewRootImpl@9e10112[MainActivity]: MSG_WINDOW_FOCUS_CHANGED 0
11-05 13:42:30.059 20564 20564 D ViewRootImpl@b5f8176[DeliverActivity]: ThreadedRenderer.create() translucent=false
11-05 13:42:30.063 20564 20564 D InputTransport: Input channel constructed: fd=63
11-05 13:42:30.063 20564 20564 D ViewRootImpl@b5f8176[DeliverActivity]: setView = DecorView@8604377[DeliverActivity] touchMode=true
11-05 13:42:30.068 20564 20564 D ViewRootImpl@b5f8176[DeliverActivity]: dispatchAttachedToWindow
11-05 13:42:30.102 20564 20564 D ViewRootImpl@b5f8176[DeliverActivity]: Relayout returned: oldFrame=[0,0][0,0] newFrame=[0,0][768,1024] result=0x27 surface={isValid=true -2038310912} surfaceGenerationChanged=true
11-05 13:42:30.103 20564 20564 D ViewRootImpl@b5f8176[DeliverActivity]: mHardwareRenderer.initialize() mSurface={isValid=true -2038310912} hwInitialized=true
11-05 13:42:30.109 20564 20564 D LOCATION_SERVICE: LocationListener gps
11-05 13:42:30.110 20564 20564 D LOCATION_SERVICE: LocationListener network
11-05 13:42:30.111 20564 20564 D LOCATION_SERVICE: onCreate
11-05 13:42:30.111 20564 20564 D LOCATION_SERVICE: initializeLocationManager
11-05 13:42:30.118 20564 20564 D LOCATION_SERVICE: onStartCommand
11-05 13:42:30.173 20564 20564 D ViewRootImpl@b5f8176[DeliverActivity]: MSG_RESIZED_REPORT: frame=Rect(0, 0 - 768, 1024) ci=Rect(0, 24 - 0, 0) vi=Rect(0, 24 - 0, 0) or=1
11-05 13:42:30.173 20564 20564 D ViewRootImpl@b5f8176[DeliverActivity]: MSG_WINDOW_FOCUS_CHANGED 1
11-05 13:42:30.173 20564 20564 D ViewRootImpl@b5f8176[DeliverActivity]: mHardwareRenderer.initializeIfNeeded()#2 mSurface={isValid=true -2038310912}
11-05 13:42:30.175 20564 20564 V InputMethodManager: Starting input: tba=android.view.inputmethod.EditorInfo@b68137c nm : cz.gienger.mobile ic=null
11-05 13:42:30.175 20564 20564 I InputMethodManager: startInputInner - mService.startInputOrWindowGainedFocus
11-05 13:42:30.181 20564 20564 D InputTransport: Input channel constructed: fd=64
11-05 13:42:30.181 20564 20564 D InputTransport: Input channel destroyed: fd=68
11-05 13:42:30.210 20564 22952 D FILE_MANAGER: Copying file /data/user/0/cz.gienger.mobile/files/delivery/130AT1190427616/130AT1190427616.pdf to /storage/emulated/0/130AT1190427616.pdf
11-05 13:42:30.236 20564 20610 D OpenGLRenderer: endAllActiveAnimators on 0x883a2380 (RippleDrawable) with handle 0x87f665d0
11-05 13:42:30.236 20564 20564 D ViewRootImpl@9e10112[MainActivity]: mHardwareRenderer.destroy()#1
11-05 13:42:30.247 20564 20564 D ViewRootImpl@9e10112[MainActivity]: Relayout returned: oldFrame=[0,0][768,1024] newFrame=[0,0][768,1024] result=0x5 surface={isValid=false 0} surfaceGenerationChanged=true
11-05 13:42:30.631 20564 20564 D ViewRootImpl@9e10112[MainActivity]: Relayout returned: oldFrame=[0,0][768,1024] newFrame=[0,0][768,1024] result=0x5 surface={isValid=false 0} surfaceGenerationChanged=false
11-05 13:42:30.713 20564 22952 D FILE_MANAGER: copy ok
11-05 13:42:31.276 20564 20564 D ViewRootImpl@b5f8176[DeliverActivity]: ViewPostImeInputStage processPointer 0
11-05 13:42:31.322 20564 20564 D ViewRootImpl@b5f8176[DeliverActivity]: ViewPostImeInputStage processPointer 1
11-05 13:42:32.399 20564 20564 D ViewRootImpl@b5f8176[DeliverActivity]: ViewPostImeInputStage processPointer 0
11-05 13:42:32.447 20564 20564 D ViewRootImpl@b5f8176[DeliverActivity]: ViewPostImeInputStage processPointer 1
11-05 13:42:32.464 20564 20564 D ScrollView: initGoToTop
11-05 13:42:32.512 20564 20564 D ScrollView: onsize change changed
11-05 13:42:32.816 20564 20564 D TextView: SYANI: Clipboard API is calling: clearFilter()
11-05 13:42:32.816 20564 20564 D TextView: SYANI: Clipboard API is calling: unregisterClipboardEventListener()
11-05 13:42:32.819 20564 20564 D TextView: SYANI: Clipboard API is calling: clearFilter()
11-05 13:42:32.819 20564 20564 D TextView: SYANI: Clipboard API is calling: unregisterClipboardEventListener()
11-05 13:42:32.822 20564 20564 D TextView: SYANI: Clipboard API is calling: clearFilter()
11-05 13:42:32.822 20564 20564 D TextView: SYANI: Clipboard API is calling: unregisterClipboardEventListener()
11-05 13:42:34.173 20564 20564 D ViewRootImpl@b5f8176[DeliverActivity]: ViewPostImeInputStage processPointer 0
11-05 13:42:34.220 20564 20564 D ViewRootImpl@b5f8176[DeliverActivity]: ViewPostImeInputStage processPointer 1
11-05 13:42:34.737 20564 20564 D ViewRootImpl@b5f8176[DeliverActivity]: ViewPostImeInputStage processPointer 0
11-05 13:42:34.793 20564 20564 D ViewRootImpl@b5f8176[DeliverActivity]: ViewPostImeInputStage processPointer 1
11-05 13:42:34.804 20564 20564 V InputMethodManager: Starting input: tba=android.view.inputmethod.EditorInfo@636bbf8 nm : cz.gienger.mobile ic=com.android.internal.widget.EditableInputConnection@c63c8d1
11-05 13:42:34.804 20564 20564 I InputMethodManager: startInputInner - mService.startInputOrWindowGainedFocus
11-05 13:42:34.806 20564 20564 D InputTransport: Input channel constructed: fd=68
11-05 13:42:34.806 20564 20564 D InputTransport: Input channel destroyed: fd=64
11-05 13:42:34.806 20564 20564 D InputMethodManager: SSI - flag : 0 Pid : 20564 view : cz.gienger.mobile
11-05 13:42:35.101 20564 20564 D ViewRootImpl@b5f8176[DeliverActivity]: MSG_RESIZED: frame=Rect(0, 0 - 768, 1024) ci=Rect(0, 24 - 0, 359) vi=Rect(0, 24 - 0, 359) or=1
11-05 13:42:35.131 20564 20564 D ViewRootImpl@b5f8176[DeliverActivity]: Relayout returned: oldFrame=[0,0][768,1024] newFrame=[0,0][768,1024] result=0x1 surface={isValid=true -2038310912} surfaceGenerationChanged=false
11-05 13:42:35.135 20564 20564 D ScrollView: onsize change changed
11-05 13:42:36.623 20564 20564 D ViewRootImpl@b5f8176[DeliverActivity]: ViewPostImeInputStage processPointer 0
11-05 13:42:36.683 20564 20564 D ViewRootImpl@b5f8176[DeliverActivity]: ViewPostImeInputStage processPointer 1
11-05 13:42:36.695 20564 20564 V InputMethodManager: Starting input: tba=android.view.inputmethod.EditorInfo@30d1e1a nm : cz.gienger.mobile ic=com.android.internal.widget.EditableInputConnection@ddded4b
11-05 13:42:36.695 20564 20564 I InputMethodManager: startInputInner - mService.startInputOrWindowGainedFocus
11-05 13:42:36.698 20564 20564 D InputTransport: Input channel constructed: fd=64
11-05 13:42:36.698 20564 20564 D InputTransport: Input channel destroyed: fd=68
11-05 13:42:36.698 20564 20564 D InputMethodManager: SSI - flag : 0 Pid : 20564 view : cz.gienger.mobile
11-05 13:42:36.702 20564 20564 W IInputConnectionWrapper: finishComposingText on inactive InputConnection
11-05 13:42:38.606 20564 20564 D ViewRootImpl@b5f8176[DeliverActivity]: ViewPostImeInputStage processPointer 0
11-05 13:42:38.654 20564 20564 D ViewRootImpl@b5f8176[DeliverActivity]: ViewPostImeInputStage processPointer 1
11-05 13:42:38.666 20564 20564 V InputMethodManager: Starting input: tba=android.view.inputmethod.EditorInfo@b7439d4 nm : cz.gienger.mobile ic=com.android.internal.widget.EditableInputConnection@813677d
11-05 13:42:38.666 20564 20564 I InputMethodManager: startInputInner - mService.startInputOrWindowGainedFocus
11-05 13:42:38.671 20564 20564 D InputTransport: Input channel constructed: fd=68
11-05 13:42:38.671 20564 20564 D InputTransport: Input channel destroyed: fd=64
11-05 13:42:38.671 20564 20564 D InputMethodManager: SSI - flag : 0 Pid : 20564 view : cz.gienger.mobile
11-05 13:42:38.676 20564 20564 W IInputConnectionWrapper: finishComposingText on inactive InputConnection
11-05 13:42:40.489 20564 20564 D ViewRootImpl@b5f8176[DeliverActivity]: ViewPostImeInputStage processPointer 0
11-05 13:42:40.548 20564 20564 D ViewRootImpl@b5f8176[DeliverActivity]: ViewPostImeInputStage processPointer 1
11-05 13:42:40.984 20564 20564 D ViewRootImpl@b5f8176[DeliverActivity]: ViewPostImeInputStage processPointer 0
11-05 13:42:41.045 20564 20564 D ViewRootImpl@b5f8176[DeliverActivity]: ViewPostImeInputStage processPointer 1
11-05 13:42:41.412 20564 20564 D ViewRootImpl@b5f8176[DeliverActivity]: ViewPostImeInputStage processPointer 0
11-05 13:42:41.484 20564 20564 D ViewRootImpl@b5f8176[DeliverActivity]: ViewPostImeInputStage processPointer 1
11-05 13:42:41.888 20564 20564 D ViewRootImpl@b5f8176[DeliverActivity]: ViewPostImeInputStage processPointer 0
11-05 13:42:41.943 20564 20564 D ViewRootImpl@b5f8176[DeliverActivity]: ViewPostImeInputStage processPointer 1
11-05 13:42:41.987 20564 20564 D ScrollView: initGoToTop
11-05 13:42:41.993 20564 20564 D ScrollView: initGoToTop
11-05 13:42:42.003 20564 20564 D ViewRootImpl@2113a11[DeliverActivity]: ThreadedRenderer.create() translucent=true
11-05 13:42:42.011 20564 20564 D InputTransport: Input channel constructed: fd=64
11-05 13:42:42.011 20564 20564 D ViewRootImpl@2113a11[DeliverActivity]: setView = DecorView@b2d1776[DeliverActivity] touchMode=true
11-05 13:42:42.020 20564 20564 D ViewRootImpl@2113a11[DeliverActivity]: dispatchAttachedToWindow
11-05 13:42:42.060 20564 20564 D ViewRootImpl@2113a11[DeliverActivity]: Relayout returned: oldFrame=[0,0][0,0] newFrame=[108,466][660,582] result=0x27 surface={isValid=true -2005166080} surfaceGenerationChanged=true
11-05 13:42:42.060 20564 20564 D ViewRootImpl@2113a11[DeliverActivity]: mHardwareRenderer.initialize() mSurface={isValid=true -2005166080} hwInitialized=true
11-05 13:42:42.068 20564 20564 D ViewRootImpl@2113a11[DeliverActivity]: MSG_WINDOW_FOCUS_CHANGED 1
11-05 13:42:42.069 20564 20564 D ViewRootImpl@2113a11[DeliverActivity]: mHardwareRenderer.initializeIfNeeded()#2 mSurface={isValid=true -2005166080}
11-05 13:42:42.088 20564 20564 D ViewRootImpl@2113a11[DeliverActivity]: MSG_RESIZED_REPORT: frame=Rect(108, 466 - 660, 582) ci=Rect(0, 0 - 0, 0) vi=Rect(0, 0 - 0, 0) or=1
11-05 13:42:42.119 20564 20564 D ViewRootImpl@b5f8176[DeliverActivity]: MSG_WINDOW_FOCUS_CHANGED 0
11-05 13:42:42.253 20564 20575 I art : Background partial concurrent mark sweep GC freed 38521(1552KB) AllocSpace objects, 4(1396KB) LOS objects, 49% free, 12MB/24MB, paused 1.963ms total 107.822ms
11-05 13:42:43.224 20564 20575 I art : Background sticky concurrent mark sweep GC freed 416103(12MB) AllocSpace objects, 2(56KB) LOS objects, 45% free, 13MB/24MB, paused 1.126ms total 104.702ms
11-05 13:42:43.524 20564 20564 D LOCATION_SERVICE: onLocationChanged: Location[network 49,191168,17,534433 acc=21 et=+1d23h34m3s865ms alt=0.0 vel=0.0 bear=0.0 {Bundle[mParcelledData.dataSize=80]}]
11-05 13:42:43.980 20564 20575 I art : Background partial concurrent mark sweep GC freed 304052(9MB) AllocSpace objects, 10(320KB) LOS objects, 42% free, 16MB/28MB, paused 1.559ms total 140.163ms
11-05 13:42:44.654 20564 20564 D ViewRootImpl@2113a11[DeliverActivity]: mHardwareRenderer.destroy()#4
11-05 13:42:44.654 20564 20564 D ViewRootImpl@2113a11[DeliverActivity]: dispatchDetachedFromWindow
11-05 13:42:44.663 20564 20564 D InputTransport: Input channel destroyed: fd=64
11-05 13:42:44.663 20564 20564 D SIGN_URI: file:///storage/emulated/0/130AT1190427616.pdf
11-05 13:42:44.697 20564 20564 D ViewRootImpl@b5f8176[DeliverActivity]: MSG_WINDOW_FOCUS_CHANGED 1
11-05 13:42:44.697 20564 20564 D ViewRootImpl@b5f8176[DeliverActivity]: mHardwareRenderer.initializeIfNeeded()#2 mSurface={isValid=true -2038310912}
11-05 13:42:44.710 20564 20564 E ViewRootImpl: sendUserActionEvent() returned.
11-05 13:42:44.710 20564 20564 D ViewRootImpl@b5f8176[DeliverActivity]: MSG_WINDOW_FOCUS_CHANGED 0
11-05 13:42:46.481 20564 20564 D ViewRootImpl@b5f8176[DeliverActivity]: mHardwareRenderer.destroy()#1
11-05 13:42:46.511 20564 20564 D ViewRootImpl@b5f8176[DeliverActivity]: Relayout returned: oldFrame=[0,0][768,1024] newFrame=[0,0][768,1024] result=0x5 surface={isValid=false 0} surfaceGenerationChanged=true
11-05 13:42:46.519 20564 20564 D InputTransport: Input channel destroyed: fd=68
11-05 13:42:46.520 20564 20564 W IInputConnectionWrapper: finishComposingText on inactive InputConnection
11-05 13:42:46.520 20564 20564 W IInputConnectionWrapper: reportFullscreenMode on inexistent InputConnection
11-05 13:42:46.520 20564 20564 W IInputConnectionWrapper: finishComposingText on inactive InputConnection
11-05 13:45:49.119 20564 20564 D Graph : removeVertex() : insertDummyVertex, because there is no ancestor.
11-05 13:45:49.152 20564 20564 D ViewRootImpl@dbdfae8[PdfArchiveActivity]: ThreadedRenderer.create() translucent=true
11-05 13:45:49.155 20564 20564 D InputTransport: Input channel constructed: fd=61
11-05 13:45:49.155 20564 20564 D ViewRootImpl@dbdfae8[PdfArchiveActivity]: setView = DecorView@3c6b501[PdfArchiveActivity] touchMode=true
11-05 13:45:49.165 20564 20564 D ViewRootImpl@dbdfae8[PdfArchiveActivity]: dispatchAttachedToWindow
11-05 13:45:49.191 20564 20564 D ViewRootImpl@dbdfae8[PdfArchiveActivity]: Relayout returned: oldFrame=[0,0][0,0] newFrame=[241,456][527,568] result=0x27 surface={isValid=true -2000916480} surfaceGenerationChanged=true
11-05 13:45:49.191 20564 20564 D ViewRootImpl@dbdfae8[PdfArchiveActivity]: mHardwareRenderer.initialize() mSurface={isValid=true -2000916480} hwInitialized=true
11-05 13:45:49.194 20564 20564 D ViewRootImpl@dbdfae8[PdfArchiveActivity]: MSG_RESIZED_REPORT: frame=Rect(241, 456 - 527, 568) ci=Rect(0, 0 - 0, 0) vi=Rect(0, 0 - 0, 0) or=1
11-05 13:45:49.194 20564 20564 D ViewRootImpl@dbdfae8[PdfArchiveActivity]: MSG_WINDOW_FOCUS_CHANGED 1
11-05 13:45:49.194 20564 20564 D ViewRootImpl@dbdfae8[PdfArchiveActivity]: mHardwareRenderer.initializeIfNeeded()#2 mSurface={isValid=true -2000916480}
11-05 13:45:49.195 20564 20564 V InputMethodManager: Starting input: tba=android.view.inputmethod.EditorInfo@6878fa6 nm : cz.gienger.mobile ic=null
11-05 13:45:49.195 20564 20564 I InputMethodManager: startInputInner - mService.startInputOrWindowGainedFocus
11-05 13:45:49.199 20564 20564 D InputTransport: Input channel constructed: fd=64
11-05 13:45:50.255 20564 20564 D ViewRootImpl@dbdfae8[PdfArchiveActivity]: mHardwareRenderer.destroy()#1
11-05 13:45:50.268 20564 20564 D ViewRootImpl@dbdfae8[PdfArchiveActivity]: Relayout returned: oldFrame=[241,456][527,568] newFrame=[241,456][527,568] result=0x5 surface={isValid=false 0} surfaceGenerationChanged=true
11-05 13:45:50.269 20564 20564 D ViewRootImpl@dbdfae8[PdfArchiveActivity]: MSG_WINDOW_FOCUS_CHANGED 0
11-05 13:45:50.294 20564 20564 D ViewRootImpl@b5f8176[DeliverActivity]: mHardwareRenderer.destroy()#1
11-05 13:45:50.303 20564 20564 D ViewRootImpl@b5f8176[DeliverActivity]: Relayout returned: oldFrame=[0,0][768,1024] newFrame=[0,0][768,1024] result=0x1 surface={isValid=false 0} surfaceGenerationChanged=false
11-05 13:45:50.329 20564 20564 D SIGNOSIGN_SIGNED: signed
11-05 13:45:50.331 20564 20564 D InputTransport: Input channel destroyed: fd=64
11-05 13:45:50.360 20564 23068 D MESSAGE_SERVICE: ACTION_COMPRESS_AND_UPLOAD
11-05 13:45:50.603 20564 20564 D ViewRootImpl@9e10112[MainActivity]: Relayout returned: oldFrame=[0,0][768,1024] newFrame=[0,0][768,1024] result=0x7 surface={isValid=true -1997735936} surfaceGenerationChanged=true
11-05 13:45:50.603 20564 20564 D ViewRootImpl@9e10112[MainActivity]: mHardwareRenderer.initialize() mSurface={isValid=true -1997735936} hwInitialized=true
11-05 13:45:50.677 20564 20564 D AbsListView: in onLayout changed
11-05 13:45:50.701 20564 20564 D ViewRootImpl@9e10112[MainActivity]: MSG_WINDOW_FOCUS_CHANGED 1
11-05 13:45:50.701 20564 20564 D ViewRootImpl@9e10112[MainActivity]: mHardwareRenderer.initializeIfNeeded()#2 mSurface={isValid=true -1997735936}
11-05 13:45:50.703 20564 20564 V InputMethodManager: Starting input: tba=android.view.inputmethod.EditorInfo@5114095 nm : cz.gienger.mobile ic=null
11-05 13:45:50.703 20564 20564 I InputMethodManager: startInputInner - mService.startInputOrWindowGainedFocus
11-05 13:45:50.723 20564 20564 D InputTransport: Input channel constructed: fd=67
11-05 13:45:50.800 20564 20564 D ViewRootImpl@b5f8176[DeliverActivity]: mHardwareRenderer.destroy()#1
11-05 13:45:50.812 20564 20564 D ViewRootImpl@b5f8176[DeliverActivity]: Relayout returned: oldFrame=[0,0][768,1024] newFrame=[0,0][768,1024] result=0x1 surface={isValid=false 0} surfaceGenerationChanged=false
11-05 13:45:51.105 20564 23068 D FILE_MANAGER: Serializing delivery /data/user/0/cz.gienger.mobile/files/finished/130AT1190427616/130AT1190427616.xml
11-05 13:45:51.105 20564 23068 D FILE_MANAGER: Null files:
11-05 13:45:51.331 20564 23068 D MYINTERCEPTOR: /GiengerService.svc/sendorder
11-05 13:45:51.332 20564 23068 D OkHttp : --> POST https://testsaig1.gienger.cz/GiengerService.svc/sendorder http/1.1
11-05 13:45:51.332 20564 23068 D OkHttp : Content-Type: text/raw
11-05 13:45:51.332 20564 23068 D OkHttp : Content-Length: 229261
11-05 13:45:51.332 20564 23068 D OkHttp : filename: 130AT1190427616.xml
11-05 13:45:51.332 20564 23068 D OkHttp : Checksum: 9b893c976145c78d36ab4c2ac780e713
11-05 13:45:51.332 20564 23068 D OkHttp : token: 6246477b2201027d3155f34571f7c488
11-05 13:45:51.332 20564 23068 D OkHttp : --> END POST
11-05 13:45:52.378 20564 20564 D ViewRootImpl@9e10112[MainActivity]: ViewPostImeInputStage processPointer 0
11-05 13:45:52.457 20564 20564 D AbsListView: reportScrollStateChange() newState : 1
11-05 13:45:53.183 20564 20564 D ViewRootImpl@9e10112[MainActivity]: ViewPostImeInputStage processPointer 1
11-05 13:45:53.183 20564 20564 D AbsListView: onTouchUp() mTouchMode : 3
11-05 13:45:53.183 20564 20564 D AbsListView: onTouchUp() TOUCH_MODE_SCROLL initialVelocity : -154
11-05 13:45:53.183 20564 20564 D AbsListView: reportScrollStateChange() newState : 2
11-05 13:45:53.358 20564 20564 D AbsListView: reportScrollStateChange() newState : 0
11-05 13:45:59.134 20564 20564 D TextView: SYANI: Clipboard API is calling: clearFilter()
11-05 13:45:59.134 20564 20564 D TextView: SYANI: Clipboard API is calling: unregisterClipboardEventListener()
11-05 13:45:59.135 20564 20564 D TextView: SYANI: Clipboard API is calling: clearFilter()
11-05 13:45:59.135 20564 20564 D TextView: SYANI: Clipboard API is calling: unregisterClipboardEventListener()
11-05 13:45:59.137 20564 20564 D TextView: SYANI: Clipboard API is calling: clearFilter()
11-05 13:45:59.137 20564 20564 D TextView: SYANI: Clipboard API is calling: unregisterClipboardEventListener()
11-05 13:45:59.174 20564 20564 D ViewRootImpl@b5f8176[DeliverActivity]: mHardwareRenderer.destroy()#4
11-05 13:45:59.174 20564 20564 D ViewRootImpl@b5f8176[DeliverActivity]: dispatchDetachedFromWindow
11-05 13:45:59.180 20564 20564 D InputTransport: Input channel destroyed: fd=63
11-05 13:45:59.186 20564 20564 D ViewRootImpl@dbdfae8[PdfArchiveActivity]: mHardwareRenderer.destroy()#4
11-05 13:45:59.186 20564 20564 D ViewRootImpl@dbdfae8[PdfArchiveActivity]: dispatchDetachedFromWindow
11-05 13:45:59.194 20564 20564 D InputTransport: Input channel destroyed: fd=61
11-05 13:45:59.198 20564 20564 D LOCATION_SERVICE: onDestroy
11-05 13:46:03.651 20564 20564 D ViewRootImpl: updatePointerIcon pointerType = 20001, calling pid = 20564
11-05 13:46:03.651 20564 20564 D InputManager: setPointerIconType iconId = 20001, callingPid = 20564
11-05 13:46:03.652 20564 20564 D ViewRootImpl: updatePointerIcon pointerType = 20001, calling pid = 20564
11-05 13:46:03.653 20564 20564 D InputManager: setPointerIconType iconId = 20001, callingPid = 20564
11-05 13:46:06.180 20564 20564 D ViewRootImpl: updatePointerIcon pointerType = 20001, calling pid = 20564
11-05 13:46:06.180 20564 20564 D InputManager: setPointerIconType iconId = 20001, callingPid = 20564
11-05 13:46:07.386 20564 20564 D ViewRootImpl@9e10112[MainActivity]: ViewPostImeInputStage processPointer 0
11-05 13:46:07.424 20564 20564 D AbsListView: reportScrollStateChange() newState : 1
11-05 13:46:08.189 20564 20564 D ViewRootImpl@9e10112[MainActivity]: ViewPostImeInputStage processPointer 1
11-05 13:46:08.189 20564 20564 D AbsListView: onTouchUp() mTouchMode : 3
11-05 13:46:08.189 20564 20564 D AbsListView: onTouchUp() TOUCH_MODE_SCROLL initialVelocity : -117
11-05 13:46:08.189 20564 20564 D AbsListView: reportScrollStateChange() newState : 2
11-05 13:46:08.325 20564 20564 D AbsListView: reportScrollStateChange() newState : 0
11-05 13:46:08.933 20564 20564 D ViewRootImpl: updatePointerIcon pointerType = 20001, calling pid = 20564
11-05 13:46:08.933 20564 20564 D InputManager: setPointerIconType iconId = 20001, callingPid = 20564
11-05 13:46:08.935 20564 20564 D ViewRootImpl: updatePointerIcon pointerType = 20001, calling pid = 20564
11-05 13:46:08.935 20564 20564 D InputManager: setPointerIconType iconId = 20001, callingPid = 20564
11-05 13:46:09.515 20564 20564 D ViewRootImpl: updatePointerIcon pointerType = 20001, calling pid = 20564
11-05 13:46:09.515 20564 20564 D InputManager: setPointerIconType iconId = 20001, callingPid = 20564
11-05 13:46:15.514 20564 20564 D ViewRootImpl@9e10112[MainActivity]: ViewPostImeInputStage processPointer 0
11-05 13:46:15.576 20564 20564 D AbsListView: reportScrollStateChange() newState : 1
11-05 13:46:15.837 20564 20564 D ViewRootImpl@9e10112[MainActivity]: ViewPostImeInputStage processPointer 1
11-05 13:46:15.838 20564 20564 D AbsListView: onTouchUp() mTouchMode : 3
11-05 13:46:15.838 20564 20564 D AbsListView: onTouchUp() TOUCH_MODE_SCROLL initialVelocity : 1083
11-05 13:46:15.838 20564 20564 D AbsListView: reportScrollStateChange() newState : 2
11-05 13:46:16.409 20564 20564 D AbsListView: reportScrollStateChange() newState : 0
11-05 13:46:16.949 20564 20564 D ViewRootImpl@9e10112[MainActivity]: ViewPostImeInputStage processPointer 0
11-05 13:46:16.977 20564 20564 D AbsListView: reportScrollStateChange() newState : 1
11-05 13:46:17.104 20564 20564 D ViewRootImpl@9e10112[MainActivity]: ViewPostImeInputStage processPointer 1
11-05 13:46:17.105 20564 20564 D AbsListView: onTouchUp() mTouchMode : 3
11-05 13:46:17.105 20564 20564 D AbsListView: onTouchUp() TOUCH_MODE_SCROLL initialVelocity : -579
11-05 13:46:17.105 20564 20564 D AbsListView: reportScrollStateChange() newState : 2
11-05 13:46:17.494 20564 20564 D AbsListView: reportScrollStateChange() newState : 0
11-05 13:46:17.622 20564 20564 D ViewRootImpl@9e10112[MainActivity]: ViewPostImeInputStage processPointer 0
11-05 13:46:17.665 20564 20564 D AbsListView: reportScrollStateChange() newState : 1
11-05 13:46:17.729 20564 20564 D ViewRootImpl@9e10112[MainActivity]: ViewPostImeInputStage processPointer 1
11-05 13:46:17.729 20564 20564 D AbsListView: onTouchUp() mTouchMode : 3
11-05 13:46:17.729 20564 20564 D AbsListView: onTouchUp() TOUCH_MODE_SCROLL initialVelocity : -2115
11-05 13:46:17.729 20564 20564 D AbsListView: reportScrollStateChange() newState : 2
11-05 13:46:18.207 20564 20564 D ViewRootImpl@9e10112[MainActivity]: ViewPostImeInputStage processPointer 0
11-05 13:46:18.251 20564 20564 D AbsListView: reportScrollStateChange() newState : 0
11-05 13:46:18.253 20564 20564 D AbsListView: reportScrollStateChange() newState : 1
11-05 13:46:18.305 20564 20564 D ViewRootImpl@9e10112[MainActivity]: ViewPostImeInputStage processPointer 1
11-05 13:46:18.305 20564 20564 D AbsListView: onTouchUp() mTouchMode : 3
11-05 13:46:18.305 20564 20564 D AbsListView: onTouchUp() TOUCH_MODE_SCROLL initialVelocity : 3062
11-05 13:46:18.305 20564 20564 D AbsListView: reportScrollStateChange() newState : 2
11-05 13:46:18.536 20564 20564 D ViewRootImpl@9e10112[MainActivity]: ViewPostImeInputStage processPointer 0
11-05 13:46:18.588 20564 20564 D AbsListView: reportScrollStateChange() newState : 0
11-05 13:46:18.590 20564 20564 D AbsListView: reportScrollStateChange() newState : 1
11-05 13:46:18.859 20564 20564 D ViewRootImpl@9e10112[MainActivity]: ViewPostImeInputStage processPointer 1
11-05 13:46:18.859 20564 20564 D AbsListView: onTouchUp() mTouchMode : 3
11-05 13:46:18.859 20564 20564 D AbsListView: onTouchUp() TOUCH_MODE_SCROLL initialVelocity : -962
11-05 13:46:18.859 20564 20564 D AbsListView: reportScrollStateChange() newState : 2
11-05 13:46:19.433 20564 20564 D AbsListView: reportScrollStateChange() newState : 0
11-05 13:46:25.461 20564 20564 D ViewRootImpl: updatePointerIcon pointerType = 20001, calling pid = 20564
11-05 13:46:25.462 20564 20564 D InputManager: setPointerIconType iconId = 20001, callingPid = 20564
11-05 13:46:25.463 20564 20564 D ViewRootImpl: updatePointerIcon pointerType = 20001, calling pid = 20564
11-05 13:46:25.464 20564 20564 D InputManager: setPointerIconType iconId = 20001, callingPid = 20564
11-05 13:46:25.611 20564 20564 D ViewRootImpl: updatePointerIcon pointerType = 20001, calling pid = 20564
11-05 13:46:25.614 20564 20564 D InputManager: setPointerIconType iconId = 20001, callingPid = 20564
11-05 13:46:37.444 20564 20564 D ViewRootImpl@9e10112[MainActivity]: ViewPostImeInputStage processPointer 0
11-05 13:46:37.516 20564 20564 D ViewRootImpl@9e10112[MainActivity]: ViewPostImeInputStage processPointer 1
11-05 13:46:37.541 20564 20564 D item_click: viewId = 2131820756, position = 3
11-05 13:46:37.584 20564 20564 D ViewRootImpl@9e10112[MainActivity]: MSG_WINDOW_FOCUS_CHANGED 0
11-05 13:46:37.719 20564 20564 D ViewRootImpl@63019ad[DeliverActivity]: ThreadedRenderer.create() translucent=false
11-05 13:46:37.722 20564 20564 D InputTransport: Input channel constructed: fd=66
11-05 13:46:37.723 20564 20564 D ViewRootImpl@63019ad[DeliverActivity]: setView = DecorView@31bd4e2[DeliverActivity] touchMode=true
11-05 13:46:37.727 20564 20564 D ViewRootImpl@63019ad[DeliverActivity]: dispatchAttachedToWindow
11-05 13:46:37.752 20564 20564 D ViewRootImpl@63019ad[DeliverActivity]: Relayout returned: oldFrame=[0,0][0,0] newFrame=[0,0][768,1024] result=0x27 surface={isValid=true -2041415680} surfaceGenerationChanged=true
11-05 13:46:37.752 20564 20564 D ViewRootImpl@63019ad[DeliverActivity]: mHardwareRenderer.initialize() mSurface={isValid=true -2041415680} hwInitialized=true
11-05 13:46:37.758 20564 20564 D LOCATION_SERVICE: LocationListener gps
11-05 13:46:37.758 20564 20564 D LOCATION_SERVICE: LocationListener network
11-05 13:46:37.759 20564 20564 D LOCATION_SERVICE: onCreate
11-05 13:46:37.759 20564 20564 D LOCATION_SERVICE: initializeLocationManager
11-05 13:46:37.767 20564 20564 D LOCATION_SERVICE: onStartCommand
11-05 13:46:37.815 20564 20564 D ViewRootImpl@63019ad[DeliverActivity]: MSG_RESIZED_REPORT: frame=Rect(0, 0 - 768, 1024) ci=Rect(0, 24 - 0, 0) vi=Rect(0, 24 - 0, 0) or=1
11-05 13:46:37.815 20564 20564 D ViewRootImpl@63019ad[DeliverActivity]: MSG_WINDOW_FOCUS_CHANGED 1
11-05 13:46:37.815 20564 20564 D ViewRootImpl@63019ad[DeliverActivity]: mHardwareRenderer.initializeIfNeeded()#2 mSurface={isValid=true -2041415680}
11-05 13:46:37.817 20564 20564 V InputMethodManager: Starting input: tba=android.view.inputmethod.EditorInfo@bf1baeb nm : cz.gienger.mobile ic=null
11-05 13:46:37.817 20564 20564 I InputMethodManager: startInputInner - mService.startInputOrWindowGainedFocus
11-05 13:46:37.828 20564 20564 D InputTransport: Input channel constructed: fd=72
11-05 13:46:37.828 20564 20564 D InputTransport: Input channel destroyed: fd=67
11-05 13:46:37.865 20564 20610 D OpenGLRenderer: endAllActiveAnimators on 0x883a3500 (RippleDrawable) with handle 0x867e3d30
11-05 13:46:37.866 20564 20564 D ViewRootImpl@9e10112[MainActivity]: mHardwareRenderer.destroy()#1
11-05 13:46:37.868 20564 23083 D FILE_MANAGER: Copying file /data/user/0/cz.gienger.mobile/files/delivery/130AT1190427660/130AT1190427660.pdf to /storage/emulated/0/130AT1190427660.pdf
11-05 13:46:37.874 20564 20564 D ViewRootImpl@9e10112[MainActivity]: Relayout returned: oldFrame=[0,0][768,1024] newFrame=[0,0][768,1024] result=0x5 surface={isValid=false 0} surfaceGenerationChanged=true
11-05 13:46:38.282 20564 20564 D ViewRootImpl@9e10112[MainActivity]: Relayout returned: oldFrame=[0,0][768,1024] newFrame=[0,0][768,1024] result=0x5 surface={isValid=false 0} surfaceGenerationChanged=false
11-05 13:46:38.370 20564 23083 D FILE_MANAGER: copy ok
11-05 13:46:38.868 20564 20564 D ViewRootImpl@63019ad[DeliverActivity]: ViewPostImeInputStage processPointer 0
11-05 13:46:38.941 20564 20564 D ViewRootImpl@63019ad[DeliverActivity]: ViewPostImeInputStage processPointer 1
11-05 13:46:41.907 20564 20564 D ViewRootImpl@63019ad[DeliverActivity]: ViewPostImeInputStage processPointer 0
11-05 13:46:42.041 20564 20564 D ViewRootImpl@63019ad[DeliverActivity]: ViewPostImeInputStage processPointer 1
11-05 13:46:42.051 20564 20564 V InputMethodManager: Starting input: tba=android.view.inputmethod.EditorInfo@1031d2d nm : cz.gienger.mobile ic=com.android.internal.widget.EditableInputConnection@f055262
11-05 13:46:42.052 20564 20564 I InputMethodManager: startInputInner - mService.startInputOrWindowGainedFocus
11-05 13:46:42.053 20564 20564 D InputTransport: Input channel constructed: fd=67
11-05 13:46:42.053 20564 20564 D InputTransport: Input channel destroyed: fd=72
11-05 13:46:42.054 20564 20564 D InputMethodManager: SSI - flag : 0 Pid : 20564 view : cz.gienger.mobile
11-05 13:46:42.407 20564 20564 D ViewRootImpl@63019ad[DeliverActivity]: MSG_RESIZED: frame=Rect(0, 0 - 768, 1024) ci=Rect(0, 24 - 0, 320) vi=Rect(0, 24 - 0, 320) or=1
11-05 13:46:42.427 20564 20564 D ViewRootImpl@63019ad[DeliverActivity]: Relayout returned: oldFrame=[0,0][768,1024] newFrame=[0,0][768,1024] result=0x1 surface={isValid=true -2041415680} surfaceGenerationChanged=false
11-05 13:46:51.991 20564 23068 D OkHttp : <-- 200 https://testsaig1.gienger.cz/GiengerService.svc/sendorder (60658ms)
11-05 13:46:51.991 20564 23068 D OkHttp : content-type: application/xml; charset=utf-8
11-05 13:46:51.991 20564 23068 D OkHttp : server: Microsoft-IIS/10.0
11-05 13:46:51.991 20564 23068 D OkHttp : x-powered-by: ASP.NET
11-05 13:46:51.991 20564 23068 D OkHttp : date: Thu, 05 Nov 2020 12:46:50 GMT
11-05 13:46:51.991 20564 23068 D OkHttp : content-length: 175
11-05 13:46:51.991 20564 23068 D OkHttp : <-- END HTTP
11-05 13:46:51.994 20564 23068 D sendOrder_SUCCESS: 200
11-05 13:46:52.242 20564 20564 D ViewRootImpl: updatePointerIcon pointerType = 20001, calling pid = 20564
11-05 13:46:52.243 20564 20564 D InputManager: setPointerIconType iconId = 20001, callingPid = 20564
11-05 13:46:52.244 20564 20564 D ViewRootImpl: updatePointerIcon pointerType = 20001, calling pid = 20564
11-05 13:46:52.245 20564 20564 D InputManager: setPointerIconType iconId = 20001, callingPid = 20564
11-05 13:46:52.771 20564 20564 D ViewRootImpl@63019ad[DeliverActivity]: ViewPostImeInputStage processPointer 0
11-05 13:46:52.773 20564 20564 D ViewRootImpl: updatePointerIcon pointerType = 20001, calling pid = 20564
11-05 13:46:52.774 20564 20564 D InputManager: setPointerIconType iconId = 20001, callingPid = 20564
11-05 13:46:52.819 20564 20564 D ViewRootImpl@63019ad[DeliverActivity]: ViewPostImeInputStage processPointer 1
11-05 13:46:52.827 20564 20564 D ViewRootImpl: updatePointerIcon pointerType = 20001, calling pid = 20564
11-05 13:46:52.827 20564 20564 D InputManager: setPointerIconType iconId = 20001, callingPid = 20564
11-05 13:46:52.828 20564 20564 D ViewRootImpl: updatePointerIcon pointerType = 20001, calling pid = 20564
11-05 13:46:52.829 20564 20564 D InputManager: setPointerIconType iconId = 20001, callingPid = 20564
11-05 13:46:52.831 20564 20564 D VALID_CARDS: [1030, 1031, 29456, 29457]
11-05 13:46:52.862 20564 20564 D ScrollView: initGoToTop
11-05 13:46:52.867 20564 20564 D ScrollView: initGoToTop
11-05 13:46:52.877 20564 20564 D ViewRootImpl@35d99c5[DeliverActivity]: ThreadedRenderer.create() translucent=true
11-05 13:46:52.884 20564 20564 D InputTransport: Input channel constructed: fd=63
11-05 13:46:52.885 20564 20564 D ViewRootImpl@35d99c5[DeliverActivity]: setView = DecorView@712af1a[DeliverActivity] touchMode=true
11-05 13:46:52.896 20564 20564 D ViewRootImpl@35d99c5[DeliverActivity]: dispatchAttachedToWindow
11-05 13:46:52.920 20564 20564 D ViewRootImpl@35d99c5[DeliverActivity]: Relayout returned: oldFrame=[0,0][0,0] newFrame=[108,466][660,582] result=0x27 surface={isValid=true -2005278720} surfaceGenerationChanged=true
11-05 13:46:52.921 20564 20564 D ViewRootImpl@35d99c5[DeliverActivity]: mHardwareRenderer.initialize() mSurface={isValid=true -2005278720} hwInitialized=true --------- beginning of system
11-05 13:46:52.933 20564 20564 D ViewRootImpl@35d99c5[DeliverActivity]: updatePointerIcon called with position out of bounds
11-05 13:46:52.935 20564 20564 D ViewRootImpl@35d99c5[DeliverActivity]: MSG_WINDOW_FOCUS_CHANGED 1
11-05 13:46:52.936 20564 20564 D ViewRootImpl@35d99c5[DeliverActivity]: mHardwareRenderer.initializeIfNeeded()#2 mSurface={isValid=true -2005278720}
11-05 13:46:52.937 20564 20564 D ViewRootImpl@35d99c5[DeliverActivity]: updatePointerIcon called with position out of bounds
11-05 13:46:52.961 20564 20564 D ViewRootImpl@35d99c5[DeliverActivity]: MSG_RESIZED_REPORT: frame=Rect(108, 466 - 660, 582) ci=Rect(0, 0 - 0, 0) vi=Rect(0, 0 - 0, 0) or=1
11-05 13:46:52.961 20564 20564 D ViewRootImpl@35d99c5[DeliverActivity]: updatePointerIcon called with position out of bounds
11-05 13:46:52.979 20564 20564 D ViewRootImpl@35d99c5[DeliverActivity]: updatePointerIcon called with position out of bounds
11-05 13:46:52.996 20564 20564 D ViewRootImpl@63019ad[DeliverActivity]: MSG_WINDOW_FOCUS_CHANGED 0
11-05 13:46:53.013 20564 20564 D ViewRootImpl@35d99c5[DeliverActivity]: updatePointerIcon called with position out of bounds
11-05 13:46:53.028 20564 20564 D ViewRootImpl@35d99c5[DeliverActivity]: updatePointerIcon called with position out of bounds
11-05 13:46:53.046 20564 20564 D ViewRootImpl@35d99c5[DeliverActivity]: updatePointerIcon called with position out of bounds
11-05 13:46:54.093 20564 20575 I art : Background sticky concurrent mark sweep GC freed 413798(11MB) AllocSpace objects, 2(56KB) LOS objects, 45% free, 13MB/24MB, paused 1.402ms total 110.548ms
11-05 13:46:54.802 20564 20575 I art : Background partial concurrent mark sweep GC freed 304104(9MB) AllocSpace objects, 13(1400KB) LOS objects, 43% free, 15MB/27MB, paused 1.030ms total 143.616ms
11-05 13:46:55.459 20564 20564 D ViewRootImpl@35d99c5[DeliverActivity]: mHardwareRenderer.destroy()#4
11-05 13:46:55.459 20564 20564 D ViewRootImpl@35d99c5[DeliverActivity]: dispatchDetachedFromWindow
11-05 13:46:55.475 20564 20564 D InputTransport: Input channel destroyed: fd=63
11-05 13:46:55.475 20564 20564 D SIGN_URI: file:///storage/emulated/0/130AT1190427660.pdf
11-05 13:46:55.503 20564 20564 D ViewRootImpl@63019ad[DeliverActivity]: MSG_WINDOW_FOCUS_CHANGED 1
11-05 13:46:55.503 20564 20564 D ViewRootImpl@63019ad[DeliverActivity]: mHardwareRenderer.initializeIfNeeded()#2 mSurface={isValid=true -2041415680}
11-05 13:46:55.516 20564 20564 E ViewRootImpl: sendUserActionEvent() returned.
11-05 13:46:55.516 20564 20564 D ViewRootImpl@63019ad[DeliverActivity]: MSG_WINDOW_FOCUS_CHANGED 0
11-05 13:46:56.464 20564 20564 D LOCATION_SERVICE: onLocationChanged: Location[network 49,191166,17,534509 acc=21 et=+1d23h38m16s805ms alt=0.0 vel=0.0 bear=0.0 {Bundle[mParcelledData.dataSize=80]}]
11-05 13:46:57.335 20564 20564 D ViewRootImpl@63019ad[DeliverActivity]: mHardwareRenderer.destroy()#1
11-05 13:46:57.344 20564 20564 D ViewRootImpl@63019ad[DeliverActivity]: Relayout returned: oldFrame=[0,0][768,1024] newFrame=[0,0][768,1024] result=0x5 surface={isValid=false 0} surfaceGenerationChanged=true
11-05 13:46:57.352 20564 20564 D InputTransport: Input channel destroyed: fd=67
11-05 13:46:57.355 20564 20564 W IInputConnectionWrapper: finishComposingText on inactive InputConnection
11-05 13:46:57.355 20564 20564 W IInputConnectionWrapper: performPrivateCommand on inactive InputConnection
11-05 13:46:57.361 20564 20564 W IInputConnectionWrapper: reportFullscreenMode on inexistent InputConnection
11-05 13:46:57.362 20564 20564 W IInputConnectionWrapper: finishComposingText on inactive InputConnection
11-05 13:50:18.629 20564 20564 D ViewRootImpl@63019ad[DeliverActivity]: mHardwareRenderer.destroy()#1
11-05 13:50:18.642 20564 20564 D ViewRootImpl@63019ad[DeliverActivity]: Relayout returned: oldFrame=[0,0][768,1024] newFrame=[0,0][768,1024] result=0x1 surface={isValid=false 0} surfaceGenerationChanged=false
11-05 13:50:18.739 20564 20564 D ViewRootImpl@63019ad[DeliverActivity]: Relayout returned: oldFrame=[0,0][768,1024] newFrame=[0,0][768,1024] result=0x7 surface={isValid=true -2046054400} surfaceGenerationChanged=true
11-05 13:50:18.741 20564 20564 D ViewRootImpl@63019ad[DeliverActivity]: mHardwareRenderer.initialize() mSurface={isValid=true -2046054400} hwInitialized=true
11-05 13:50:18.751 20564 20564 D Graph : removeVertex() : insertDummyVertex, because there is no ancestor.
11-05 13:50:18.781 20564 20564 D ScrollView: initGoToTop
11-05 13:50:18.894 20564 20564 D ViewRootImpl@9936c3[CorrectionActivity]: ThreadedRenderer.create() translucent=false
11-05 13:50:18.897 20564 20564 D InputTransport: Input channel constructed: fd=61
11-05 13:50:18.897 20564 20564 D ViewRootImpl@9936c3[CorrectionActivity]: setView = DecorView@dbdeb40[CorrectionActivity] touchMode=true
11-05 13:50:18.933 20564 20564 D ViewRootImpl@9936c3[CorrectionActivity]: dispatchAttachedToWindow
11-05 13:50:18.955 20564 20564 D ViewRootImpl@9936c3[CorrectionActivity]: Relayout returned: oldFrame=[0,0][0,0] newFrame=[0,0][768,1024] result=0x7 surface={isValid=true -2039293952} surfaceGenerationChanged=true
11-05 13:50:18.955 20564 20564 D ViewRootImpl@9936c3[CorrectionActivity]: mHardwareRenderer.initialize() mSurface={isValid=true -2039293952} hwInitialized=true
11-05 13:50:18.968 20564 20564 D AbsListView: in onLayout changed
11-05 13:50:18.969 20564 20564 D ScrollView: onsize change changed
11-05 13:50:18.998 20564 20564 D ViewRootImpl@9936c3[CorrectionActivity]: MSG_RESIZED_REPORT: frame=Rect(0, 0 - 768, 1024) ci=Rect(0, 24 - 0, 0) vi=Rect(0, 24 - 0, 0) or=1
11-05 13:50:18.999 20564 20564 D ViewRootImpl@9936c3[CorrectionActivity]: MSG_WINDOW_FOCUS_CHANGED 1
11-05 13:50:18.999 20564 20564 D ViewRootImpl@9936c3[CorrectionActivity]: mHardwareRenderer.initializeIfNeeded()#2 mSurface={isValid=true -2039293952}
11-05 13:50:19.005 20564 20564 V InputMethodManager: Starting input: tba=android.view.inputmethod.EditorInfo@23f9721 nm : cz.gienger.mobile ic=null
11-05 13:50:19.005 20564 20564 I InputMethodManager: startInputInner - mService.startInputOrWindowGainedFocus
11-05 13:50:19.014 20564 20564 D InputTransport: Input channel constructed: fd=63
11-05 13:50:19.044 20564 20564 D ViewRootImpl@63019ad[DeliverActivity]: mHardwareRenderer.destroy()#1
11-05 13:50:19.058 20564 20564 D ViewRootImpl@63019ad[DeliverActivity]: Relayout returned: oldFrame=[0,0][768,1024] newFrame=[0,0][768,1024] result=0x5 surface={isValid=false 0} surfaceGenerationChanged=true
11-05 13:50:19.923 20564 20564 D ViewRootImpl@9936c3[CorrectionActivity]: ViewPostImeInputStage processKey 0
11-05 13:50:19.997 20564 20564 D ViewRootImpl@9936c3[CorrectionActivity]: ViewPostImeInputStage processKey 1
11-05 13:50:20.061 20564 20564 D ViewRootImpl@63019ad[DeliverActivity]: Relayout returned: oldFrame=[0,0][768,1024] newFrame=[0,0][768,1024] result=0x7 surface={isValid=true -2046054400} surfaceGenerationChanged=true
11-05 13:50:20.061 20564 20564 D ViewRootImpl@63019ad[DeliverActivity]: mHardwareRenderer.initialize() mSurface={isValid=true -2046054400} hwInitialized=true
11-05 13:50:20.068 20564 20564 D ViewRootImpl@63019ad[DeliverActivity]: MSG_RESIZED_REPORT: frame=Rect(0, 0 - 768, 1024) ci=Rect(0, 24 - 0, 0) vi=Rect(0, 24 - 0, 0) or=1
11-05 13:50:20.069 20564 20564 D ViewRootImpl@63019ad[DeliverActivity]: MSG_WINDOW_FOCUS_CHANGED 1
11-05 13:50:20.069 20564 20564 D ViewRootImpl@63019ad[DeliverActivity]: mHardwareRenderer.initializeIfNeeded()#2 mSurface={isValid=true -2046054400}
11-05 13:50:20.077 20564 20564 V InputMethodManager: Starting input: tba=android.view.inputmethod.EditorInfo@c133e34 nm : cz.gienger.mobile ic=com.android.internal.widget.EditableInputConnection@15d845d
11-05 13:50:20.077 20564 20564 I InputMethodManager: startInputInner - mService.startInputOrWindowGainedFocus
11-05 13:50:20.079 20564 20564 D InputTransport: Input channel constructed: fd=67
11-05 13:50:20.079 20564 20564 D InputTransport: Input channel destroyed: fd=63
11-05 13:50:20.119 20564 20564 D ViewRootImpl@9936c3[CorrectionActivity]: mHardwareRenderer.destroy()#1
11-05 13:50:20.129 20564 20564 D ViewRootImpl@9936c3[CorrectionActivity]: Relayout returned: oldFrame=[0,0][768,1024] newFrame=[0,0][768,1024] result=0x5 surface={isValid=false 0} surfaceGenerationChanged=true
11-05 13:50:20.131 20564 20564 D ViewRootImpl@9936c3[CorrectionActivity]: MSG_WINDOW_FOCUS_CHANGED 0
11-05 13:50:20.493 20564 20564 D ViewRootImpl@63019ad[DeliverActivity]: ViewPostImeInputStage processKey 0
11-05 13:50:20.524 20564 23194 D DELETING_DIRECTORY: /data/user/0/cz.gienger.mobile/files/delivery/130AT1190427660/corrections
11-05 13:50:20.524 20564 23194 D DELETING_DIRECTORY: exists /data/user/0/cz.gienger.mobile/files/delivery/130AT1190427660/corrections
11-05 13:50:20.527 20564 20564 D TextView: SYANI: Clipboard API is calling: clearFilter()
11-05 13:50:20.527 20564 20564 D TextView: SYANI: Clipboard API is calling: unregisterClipboardEventListener()
11-05 13:50:20.531 20564 20564 D TextView: SYANI: Clipboard API is calling: clearFilter()
11-05 13:50:20.531 20564 20564 D TextView: SYANI: Clipboard API is calling: unregisterClipboardEventListener()
11-05 13:50:20.536 20564 20564 D TextView: SYANI: Clipboard API is calling: clearFilter()
11-05 13:50:20.536 20564 20564 D TextView: SYANI: Clipboard API is calling: unregisterClipboardEventListener()
11-05 13:50:20.540 20564 20564 D TextView: SYANI: Clipboard API is calling: clearFilter()
11-05 13:50:20.540 20564 20564 D TextView: SYANI: Clipboard API is calling: unregisterClipboardEventListener()
11-05 13:50:20.543 20564 20564 D TextView: SYANI: Clipboard API is calling: clearFilter()
11-05 13:50:20.543 20564 20564 D TextView: SYANI: Clipboard API is calling: unregisterClipboardEventListener()
11-05 13:50:20.551 20564 20564 D ViewRootImpl@9936c3[CorrectionActivity]: mHardwareRenderer.destroy()#4
11-05 13:50:20.551 20564 20564 D ViewRootImpl@9936c3[CorrectionActivity]: dispatchDetachedFromWindow
11-05 13:50:20.558 20564 20564 D InputTransport: Input channel destroyed: fd=61
11-05 13:50:20.558 20564 20564 D DELETING_PHOTOS: true
11-05 13:50:20.574 20564 20564 D ViewRootImpl@63019ad[DeliverActivity]: ViewPostImeInputStage processKey 1
11-05 13:50:20.891 20564 20564 D ViewRootImpl@63019ad[DeliverActivity]: ViewPostImeInputStage processKey 0
