11-05 13:22:49.261 20564 20564 V InputMethodManager: Starting input: tba=android.view.inputmethod.EditorInfo@51a2528 nm : cz.gienger.mobile ic=com.android.internal.widget.EditableInputConnection@8643241
11-05 13:22:49.262 20564 20564 I InputMethodManager: startInputInner - mService.startInputOrWindowGainedFocus
11-05 13:22:49.263 20564 20564 D InputTransport: Input channel constructed: fd=68
11-05 13:22:49.264 20564 20564 D InputTransport: Input channel destroyed: fd=66
11-05 13:22:49.264 20564 20564 D InputMethodManager: SSI - flag : 0 Pid : 20564 view : cz.gienger.mobile
11-05 13:22:49.268 20564 20564 W IInputConnectionWrapper: finishComposingText on inactive InputConnection
11-05 13:22:50.906 20564 20564 D ViewRootImpl@6656b4e[DeliverActivity]: ViewPostImeInputStage processPointer 0
11-05 13:22:50.999 20564 20564 D ViewRootImpl@6656b4e[DeliverActivity]: ViewPostImeInputStage processPointer 1
11-05 13:22:51.170 20564 20564 D ViewRootImpl@6656b4e[DeliverActivity]: ViewPostImeInputStage processPointer 0
11-05 13:22:51.297 20564 20564 D ViewRootImpl@6656b4e[DeliverActivity]: ViewPostImeInputStage processPointer 1
11-05 13:22:51.778 20564 20564 D ViewRootImpl@6656b4e[DeliverActivity]: ViewPostImeInputStage processPointer 0
11-05 13:22:51.896 20564 20564 D ViewRootImpl@6656b4e[DeliverActivity]: ViewPostImeInputStage processPointer 1
11-05 13:22:52.405 20564 20564 D ViewRootImpl@6656b4e[DeliverActivity]: ViewPostImeInputStage processPointer 0
11-05 13:22:52.466 20564 20564 D ViewRootImpl@6656b4e[DeliverActivity]: ViewPostImeInputStage processPointer 1
11-05 13:22:52.512 20564 20564 D ScrollView: initGoToTop
11-05 13:22:52.518 20564 20564 D ScrollView: initGoToTop
11-05 13:22:52.530 20564 20564 D ViewRootImpl@6f6f976[DeliverActivity]: ThreadedRenderer.create() translucent=true
11-05 13:22:52.537 20564 20564 D InputTransport: Input channel constructed: fd=66
11-05 13:22:52.537 20564 20564 D ViewRootImpl@6f6f976[DeliverActivity]: setView = DecorView@e6e5b77[DeliverActivity] touchMode=true
11-05 13:22:52.548 20564 20564 D ViewRootImpl@6f6f976[DeliverActivity]: dispatchAttachedToWindow
11-05 13:22:52.567 20564 20564 D ViewRootImpl@6f6f976[DeliverActivity]: Relayout returned: oldFrame=[0,0][0,0] newFrame=[108,466][660,582] result=0x27 surface={isValid=true -2015201280} surfaceGenerationChanged=true
11-05 13:22:52.568 20564 20564 D ViewRootImpl@6f6f976[DeliverActivity]: mHardwareRenderer.initialize() mSurface={isValid=true -2015201280} hwInitialized=true
11-05 13:22:52.586 20564 20564 D ViewRootImpl@6f6f976[DeliverActivity]: MSG_WINDOW_FOCUS_CHANGED 1
11-05 13:22:52.586 20564 20564 D ViewRootImpl@6f6f976[DeliverActivity]: mHardwareRenderer.initializeIfNeeded()#2 mSurface={isValid=true -2015201280}
11-05 13:22:52.605 20564 20564 D ViewRootImpl@6f6f976[DeliverActivity]: MSG_RESIZED_REPORT: frame=Rect(108, 466 - 660, 582) ci=Rect(0, 0 - 0, 0) vi=Rect(0, 0 - 0, 0) or=1
11-05 13:22:52.634 20564 20564 D ViewRootImpl@6656b4e[DeliverActivity]: MSG_WINDOW_FOCUS_CHANGED 0
11-05 13:22:52.782 20564 20575 I art : Background partial concurrent mark sweep GC freed 58586(2MB) AllocSpace objects, 13(3MB) LOS objects, 50% free, 11MB/23MB, paused 2ms total 115.626ms
11-05 13:22:54.449 20564 20575 I art : Background partial concurrent mark sweep GC freed 294940(9MB) AllocSpace objects, 12(388KB) LOS objects, 43% free, 15MB/27MB, paused 1.188ms total 137.641ms
11-05 13:22:55.096 20564 20564 D ViewRootImpl@6f6f976[DeliverActivity]: mHardwareRenderer.destroy()#4
11-05 13:22:55.096 20564 20564 D ViewRootImpl@6f6f976[DeliverActivity]: dispatchDetachedFromWindow
11-05 13:22:55.112 20564 20564 D InputTransport: Input channel destroyed: fd=66
11-05 13:22:55.112 20564 20564 D SIGN_URI: file:///storage/emulated/0/130AT1190319555.pdf
11-05 13:22:55.152 20564 20564 E ViewRootImpl: sendUserActionEvent() returned.
11-05 13:22:55.152 20564 20564 D ViewRootImpl@6656b4e[DeliverActivity]: MSG_WINDOW_FOCUS_CHANGED 1
11-05 13:22:55.153 20564 20564 D ViewRootImpl@6656b4e[DeliverActivity]: mHardwareRenderer.initializeIfNeeded()#2 mSurface={isValid=true -2042206208}
11-05 13:22:55.165 20564 20564 D ViewRootImpl@6656b4e[DeliverActivity]: MSG_WINDOW_FOCUS_CHANGED 0
11-05 13:22:56.853 20564 20564 D ViewRootImpl@6656b4e[DeliverActivity]: mHardwareRenderer.destroy()#1
11-05 13:22:56.881 20564 20564 D ViewRootImpl@6656b4e[DeliverActivity]: Relayout returned: oldFrame=[0,0][768,1024] newFrame=[0,0][768,1024] result=0x5 surface={isValid=false 0} surfaceGenerationChanged=true
11-05 13:22:56.886 20564 20564 D InputTransport: Input channel destroyed: fd=68
11-05 13:22:56.886 20564 20564 W IInputConnectionWrapper: finishComposingText on inactive InputConnection
11-05 13:22:56.886 20564 20564 W IInputConnectionWrapper: reportFullscreenMode on inexistent InputConnection
11-05 13:22:56.886 20564 20564 W IInputConnectionWrapper: finishComposingText on inactive InputConnection
11-05 13:25:23.692 20564 20564 D Graph : removeVertex() : insertDummyVertex, because there is no ancestor.
11-05 13:25:23.730 20564 20564 D ViewRootImpl@c1a4f85[PdfArchiveActivity]: ThreadedRenderer.create() translucent=true
11-05 13:25:23.734 20564 20564 D InputTransport: Input channel constructed: fd=61
11-05 13:25:23.734 20564 20564 D ViewRootImpl@c1a4f85[PdfArchiveActivity]: setView = DecorView@14c91da[PdfArchiveActivity] touchMode=true
11-05 13:25:23.749 20564 20564 D ViewRootImpl@c1a4f85[PdfArchiveActivity]: dispatchAttachedToWindow
11-05 13:25:23.775 20564 20564 D ViewRootImpl@c1a4f85[PdfArchiveActivity]: Relayout returned: oldFrame=[0,0][0,0] newFrame=[241,456][527,568] result=0x27 surface={isValid=true -2048512000} surfaceGenerationChanged=true
11-05 13:25:23.775 20564 20564 D ViewRootImpl@c1a4f85[PdfArchiveActivity]: mHardwareRenderer.initialize() mSurface={isValid=true -2048512000} hwInitialized=true
11-05 13:25:23.778 20564 20564 D ViewRootImpl@c1a4f85[PdfArchiveActivity]: MSG_RESIZED_REPORT: frame=Rect(241, 456 - 527, 568) ci=Rect(0, 0 - 0, 0) vi=Rect(0, 0 - 0, 0) or=1
11-05 13:25:23.778 20564 20564 D ViewRootImpl@c1a4f85[PdfArchiveActivity]: MSG_WINDOW_FOCUS_CHANGED 1
11-05 13:25:23.778 20564 20564 D ViewRootImpl@c1a4f85[PdfArchiveActivity]: mHardwareRenderer.initializeIfNeeded()#2 mSurface={isValid=true -2048512000}
11-05 13:25:23.779 20564 20564 V InputMethodManager: Starting input: tba=android.view.inputmethod.EditorInfo@aa6b60b nm : cz.gienger.mobile ic=null
11-05 13:25:23.779 20564 20564 I InputMethodManager: startInputInner - mService.startInputOrWindowGainedFocus
11-05 13:25:23.781 20564 20564 D InputTransport: Input channel constructed: fd=64
11-05 13:25:24.853 20564 20564 D ViewRootImpl@c1a4f85[PdfArchiveActivity]: mHardwareRenderer.destroy()#1
11-05 13:25:24.868 20564 20564 D ViewRootImpl@c1a4f85[PdfArchiveActivity]: Relayout returned: oldFrame=[241,456][527,568] newFrame=[241,456][527,568] result=0x5 surface={isValid=false 0} surfaceGenerationChanged=true
11-05 13:25:24.868 20564 20564 D ViewRootImpl@c1a4f85[PdfArchiveActivity]: MSG_WINDOW_FOCUS_CHANGED 0
11-05 13:25:24.885 20564 20564 D ViewRootImpl@6656b4e[DeliverActivity]: mHardwareRenderer.destroy()#1
11-05 13:25:24.920 20564 20564 D ViewRootImpl@6656b4e[DeliverActivity]: Relayout returned: oldFrame=[0,0][768,1024] newFrame=[0,0][768,1024] result=0x1 surface={isValid=false 0} surfaceGenerationChanged=false
11-05 13:25:24.994 20564 20564 D SIGNOSIGN_SIGNED: signed
11-05 13:25:24.997 20564 20564 D InputTransport: Input channel destroyed: fd=64
11-05 13:25:25.028 20564 21825 D MESSAGE_SERVICE: ACTION_COMPRESS_AND_UPLOAD
11-05 13:25:25.298 20564 20564 D ViewRootImpl@b8a142[MainActivity]: Relayout returned: oldFrame=[0,0][768,1024] newFrame=[0,0][768,1024] result=0x7 surface={isValid=true -2048509952} surfaceGenerationChanged=true
11-05 13:25:25.298 20564 20564 D ViewRootImpl@b8a142[MainActivity]: mHardwareRenderer.initialize() mSurface={isValid=true -2048509952} hwInitialized=true
11-05 13:25:25.344 20564 20564 D AbsListView: in onLayout changed
11-05 13:25:25.367 20564 20564 D ViewRootImpl@b8a142[MainActivity]: MSG_WINDOW_FOCUS_CHANGED 1
11-05 13:25:25.367 20564 20564 D ViewRootImpl@b8a142[MainActivity]: mHardwareRenderer.initializeIfNeeded()#2 mSurface={isValid=true -2048509952}
11-05 13:25:25.369 20564 20564 V InputMethodManager: Starting input: tba=android.view.inputmethod.EditorInfo@41567a1 nm : cz.gienger.mobile ic=null
11-05 13:25:25.369 20564 20564 I InputMethodManager: startInputInner - mService.startInputOrWindowGainedFocus
11-05 13:25:25.385 20564 20564 D InputTransport: Input channel constructed: fd=67
11-05 13:25:25.438 20564 20564 D ViewRootImpl@6656b4e[DeliverActivity]: mHardwareRenderer.destroy()#1
11-05 13:25:25.446 20564 20564 D ViewRootImpl@6656b4e[DeliverActivity]: Relayout returned: oldFrame=[0,0][768,1024] newFrame=[0,0][768,1024] result=0x1 surface={isValid=false 0} surfaceGenerationChanged=false
11-05 13:25:25.799 20564 21825 D FILE_MANAGER: Serializing delivery /data/user/0/cz.gienger.mobile/files/finished/130AT1190319555/130AT1190319555.xml
11-05 13:25:25.799 20564 21825 D FILE_MANAGER: Null files:
11-05 13:25:26.065 20564 21825 D MYINTERCEPTOR: /GiengerService.svc/sendorder
11-05 13:25:26.066 20564 21825 D OkHttp : --> POST https://testsaig1.gienger.cz/GiengerService.svc/sendorder http/1.1
11-05 13:25:26.066 20564 21825 D OkHttp : Content-Type: text/raw
11-05 13:25:26.066 20564 21825 D OkHttp : Content-Length: 231933
11-05 13:25:26.066 20564 21825 D OkHttp : filename: 130AT1190319555.xml
11-05 13:25:26.066 20564 21825 D OkHttp : Checksum: 85218a73e7b19813fc5a2b94ed93268c
11-05 13:25:26.066 20564 21825 D OkHttp : token: eabfd6ce5e545622f7ce8815de79e0a7
11-05 13:25:26.066 20564 21825 D OkHttp : --> END POST
11-05 13:25:28.513 20564 21825 D OkHttp : <-- 200 https://testsaig1.gienger.cz/GiengerService.svc/sendorder (2446ms)
11-05 13:25:28.513 20564 21825 D OkHttp : content-type: application/xml; charset=utf-8
11-05 13:25:28.513 20564 21825 D OkHttp : server: Microsoft-IIS/10.0
11-05 13:25:28.513 20564 21825 D OkHttp : x-powered-by: ASP.NET
11-05 13:25:28.513 20564 21825 D OkHttp : date: Thu, 05 Nov 2020 12:25:27 GMT
11-05 13:25:28.513 20564 21825 D OkHttp : content-length: 175
11-05 13:25:28.513 20564 21825 D OkHttp : <-- END HTTP
11-05 13:25:28.519 20564 21825 D sendOrder_SUCCESS: 200
11-05 13:25:28.863 20564 20564 D AbsListView: in onLayout changed
11-05 13:25:28.891 20564 20564 D TextView: SYANI: Clipboard API is calling: clearFilter()
11-05 13:25:28.891 20564 20564 D TextView: SYANI: Clipboard API is calling: unregisterClipboardEventListener()
11-05 13:25:28.893 20564 20564 D TextView: SYANI: Clipboard API is calling: clearFilter()
11-05 13:25:28.893 20564 20564 D TextView: SYANI: Clipboard API is calling: unregisterClipboardEventListener()
11-05 13:25:28.894 20564 20564 D TextView: SYANI: Clipboard API is calling: clearFilter()
11-05 13:25:28.894 20564 20564 D TextView: SYANI: Clipboard API is calling: unregisterClipboardEventListener()
11-05 13:25:28.914 20564 20564 D ViewRootImpl@6656b4e[DeliverActivity]: mHardwareRenderer.destroy()#4
11-05 13:25:28.914 20564 20564 D ViewRootImpl@6656b4e[DeliverActivity]: dispatchDetachedFromWindow
11-05 13:25:28.923 20564 20564 D InputTransport: Input channel destroyed: fd=63
11-05 13:25:28.928 20564 20564 D ViewRootImpl@c1a4f85[PdfArchiveActivity]: mHardwareRenderer.destroy()#4
11-05 13:25:28.928 20564 20564 D ViewRootImpl@c1a4f85[PdfArchiveActivity]: dispatchDetachedFromWindow
11-05 13:25:28.938 20564 20564 D InputTransport: Input channel destroyed: fd=61
11-05 13:25:28.938 20564 20564 D LOCATION_SERVICE: onDestroy
11-05 13:25:29.762 20564 20564 D ViewRootImpl@b8a142[MainActivity]: ViewPostImeInputStage processPointer 0
11-05 13:25:29.824 20564 20564 D ViewRootImpl@b8a142[MainActivity]: ViewPostImeInputStage processPointer 1
11-05 13:25:29.836 20564 20564 D item_click: viewId = 2131820756, position = 1
11-05 13:25:29.879 20564 20564 D ViewRootImpl@b8a142[MainActivity]: MSG_WINDOW_FOCUS_CHANGED 0
11-05 13:25:29.995 20564 20564 D ViewRootImpl@a3ef663[DeliverActivity]: ThreadedRenderer.create() translucent=false
11-05 13:25:30.001 20564 20564 D InputTransport: Input channel constructed: fd=63
11-05 13:25:30.001 20564 20564 D ViewRootImpl@a3ef663[DeliverActivity]: setView = DecorView@f734260[DeliverActivity] touchMode=true
11-05 13:25:30.003 20564 20564 D LOCATION_SERVICE: LocationListener gps
11-05 13:25:30.004 20564 20564 D LOCATION_SERVICE: LocationListener network
11-05 13:25:30.008 20564 20564 D LOCATION_SERVICE: onCreate
11-05 13:25:30.008 20564 20564 D LOCATION_SERVICE: initializeLocationManager
11-05 13:25:30.025 20564 20564 D LOCATION_SERVICE: onStartCommand
11-05 13:25:30.031 20564 20564 D ViewRootImpl@a3ef663[DeliverActivity]: dispatchAttachedToWindow
11-05 13:25:30.076 20564 20564 D ViewRootImpl@a3ef663[DeliverActivity]: Relayout returned: oldFrame=[0,0][0,0] newFrame=[0,0][768,1024] result=0x27 surface={isValid=true -2013472768} surfaceGenerationChanged=true
11-05 13:25:30.076 20564 20564 D ViewRootImpl@a3ef663[DeliverActivity]: mHardwareRenderer.initialize() mSurface={isValid=true -2013472768} hwInitialized=true
11-05 13:25:30.109 20564 20564 D ViewRootImpl@a3ef663[DeliverActivity]: MSG_RESIZED_REPORT: frame=Rect(0, 0 - 768, 1024) ci=Rect(0, 24 - 0, 0) vi=Rect(0, 24 - 0, 0) or=1
11-05 13:25:30.109 20564 20564 D ViewRootImpl@a3ef663[DeliverActivity]: MSG_WINDOW_FOCUS_CHANGED 1
11-05 13:25:30.109 20564 20564 D ViewRootImpl@a3ef663[DeliverActivity]: mHardwareRenderer.initializeIfNeeded()#2 mSurface={isValid=true -2013472768}
11-05 13:25:30.110 20564 20564 V InputMethodManager: Starting input: tba=android.view.inputmethod.EditorInfo@ad8ac51 nm : cz.gienger.mobile ic=null
11-05 13:25:30.110 20564 20564 I InputMethodManager: startInputInner - mService.startInputOrWindowGainedFocus
11-05 13:25:30.124 20564 20564 D InputTransport: Input channel constructed: fd=64
11-05 13:25:30.124 20564 20564 D InputTransport: Input channel destroyed: fd=67
11-05 13:25:30.141 20564 21836 D FILE_MANAGER: Copying file /data/user/0/cz.gienger.mobile/files/delivery/130AT1190319556/130AT1190319556.pdf to /storage/emulated/0/130AT1190319556.pdf
11-05 13:25:30.168 20564 20610 D OpenGLRenderer: endAllActiveAnimators on 0x88ada780 (RippleDrawable) with handle 0x867e3980
11-05 13:25:30.168 20564 20564 D ViewRootImpl@b8a142[MainActivity]: mHardwareRenderer.destroy()#1
11-05 13:25:30.176 20564 20564 D ViewRootImpl@b8a142[MainActivity]: Relayout returned: oldFrame=[0,0][768,1024] newFrame=[0,0][768,1024] result=0x5 surface={isValid=false 0} surfaceGenerationChanged=true
11-05 13:25:30.571 20564 20564 D ViewRootImpl@b8a142[MainActivity]: Relayout returned: oldFrame=[0,0][768,1024] newFrame=[0,0][768,1024] result=0x5 surface={isValid=false 0} surfaceGenerationChanged=false
11-05 13:25:30.644 20564 21836 D FILE_MANAGER: copy ok
11-05 13:25:31.059 20564 20564 D LOCATION_SERVICE: onLocationChanged: Location[network 49,191145,17,534477 acc=21 et=+1d23h16m51s401ms alt=0.0 vel=0.0 bear=0.0 {Bundle[mParcelledData.dataSize=80]}]
11-05 13:25:31.444 20564 20564 D ViewRootImpl@a3ef663[DeliverActivity]: ViewPostImeInputStage processPointer 0
11-05 13:25:31.513 20564 20564 D ViewRootImpl@a3ef663[DeliverActivity]: ViewPostImeInputStage processPointer 1
11-05 13:25:37.028 20564 20564 D ViewRootImpl@a3ef663[DeliverActivity]: ViewPostImeInputStage processPointer 0
11-05 13:25:37.140 20564 20564 D ViewRootImpl@a3ef663[DeliverActivity]: ViewPostImeInputStage processPointer 1
11-05 13:25:38.360 20564 20564 D ViewRootImpl@a3ef663[DeliverActivity]: ViewPostImeInputStage processPointer 0
11-05 13:25:38.450 20564 20564 D ViewRootImpl@a3ef663[DeliverActivity]: ViewPostImeInputStage processPointer 1
11-05 13:25:38.465 20564 20564 D ScrollView: initGoToTop
11-05 13:25:38.510 20564 20564 D ScrollView: onsize change changed
11-05 13:25:38.820 20564 20564 D TextView: SYANI: Clipboard API is calling: clearFilter()
11-05 13:25:38.820 20564 20564 D TextView: SYANI: Clipboard API is calling: unregisterClipboardEventListener()
11-05 13:25:38.823 20564 20564 D TextView: SYANI: Clipboard API is calling: clearFilter()
11-05 13:25:38.823 20564 20564 D TextView: SYANI: Clipboard API is calling: unregisterClipboardEventListener()
11-05 13:25:38.825 20564 20564 D TextView: SYANI: Clipboard API is calling: clearFilter()
11-05 13:25:38.825 20564 20564 D TextView: SYANI: Clipboard API is calling: unregisterClipboardEventListener()
11-05 13:25:40.302 20564 20564 D ViewRootImpl@a3ef663[DeliverActivity]: ViewPostImeInputStage processPointer 0
11-05 13:25:40.405 20564 20564 D ViewRootImpl@a3ef663[DeliverActivity]: ViewPostImeInputStage processPointer 1
11-05 13:25:40.456 20564 20564 D ScrollView: initGoToTop
11-05 13:25:40.461 20564 20564 D ScrollView: initGoToTop
11-05 13:25:40.470 20564 20564 D ViewRootImpl@a29163a[DeliverActivity]: ThreadedRenderer.create() translucent=true
11-05 13:25:40.476 20564 20564 D InputTransport: Input channel constructed: fd=67
11-05 13:25:40.476 20564 20564 D ViewRootImpl@a29163a[DeliverActivity]: setView = DecorView@32052eb[DeliverActivity] touchMode=true
11-05 13:25:40.483 20564 20564 D ViewRootImpl@a29163a[DeliverActivity]: dispatchAttachedToWindow
11-05 13:25:40.521 20564 20564 D ViewRootImpl@a29163a[DeliverActivity]: Relayout returned: oldFrame=[0,0][0,0] newFrame=[108,466][660,582] result=0x27 surface={isValid=true -1990211584} surfaceGenerationChanged=true
11-05 13:25:40.521 20564 20564 D ViewRootImpl@a29163a[DeliverActivity]: mHardwareRenderer.initialize() mSurface={isValid=true -1990211584} hwInitialized=true
11-05 13:25:40.539 20564 20564 D ViewRootImpl@a29163a[DeliverActivity]: MSG_WINDOW_FOCUS_CHANGED 1
11-05 13:25:40.539 20564 20564 D ViewRootImpl@a29163a[DeliverActivity]: mHardwareRenderer.initializeIfNeeded()#2 mSurface={isValid=true -1990211584}
11-05 13:25:40.562 20564 20564 D ViewRootImpl@a29163a[DeliverActivity]: MSG_RESIZED_REPORT: frame=Rect(108, 466 - 660, 582) ci=Rect(0, 0 - 0, 0) vi=Rect(0, 0 - 0, 0) or=1
11-05 13:25:40.595 20564 20564 D ViewRootImpl@a3ef663[DeliverActivity]: MSG_WINDOW_FOCUS_CHANGED 0
11-05 13:25:40.702 20564 20575 I art : Background partial concurrent mark sweep GC freed 43633(1637KB) AllocSpace objects, 4(1400KB) LOS objects, 50% free, 11MB/23MB, paused 1.242ms total 103.794ms
11-05 13:25:41.696 20564 20575 I art : Background sticky concurrent mark sweep GC freed 417012(12MB) AllocSpace objects, 2(56KB) LOS objects, 40% free, 14MB/23MB, paused 983us total 100.528ms
11-05 13:25:42.389 20564 20575 I art : Background partial concurrent mark sweep GC freed 299941(9MB) AllocSpace objects, 5(172KB) LOS objects, 42% free, 16MB/28MB, paused 1.100ms total 137.996ms
11-05 13:25:43.057 20564 20564 D ViewRootImpl@a29163a[DeliverActivity]: mHardwareRenderer.destroy()#4
11-05 13:25:43.057 20564 20564 D ViewRootImpl@a29163a[DeliverActivity]: dispatchDetachedFromWindow
11-05 13:25:43.074 20564 20564 D InputTransport: Input channel destroyed: fd=67
11-05 13:25:43.075 20564 20564 D SIGN_URI: file:///storage/emulated/0/130AT1190319556.pdf
11-05 13:25:43.111 20564 20564 D ViewRootImpl@a3ef663[DeliverActivity]: MSG_WINDOW_FOCUS_CHANGED 1
11-05 13:25:43.112 20564 20564 D ViewRootImpl@a3ef663[DeliverActivity]: mHardwareRenderer.initializeIfNeeded()#2 mSurface={isValid=true -2013472768}
11-05 13:25:43.117 20564 20564 E ViewRootImpl: sendUserActionEvent() returned.
11-05 13:25:43.117 20564 20564 D ViewRootImpl@a3ef663[DeliverActivity]: MSG_WINDOW_FOCUS_CHANGED 0
11-05 13:25:44.827 20564 20564 D InputTransport: Input channel destroyed: fd=64
11-05 13:25:44.854 20564 20564 D ViewRootImpl@a3ef663[DeliverActivity]: mHardwareRenderer.destroy()#1
11-05 13:25:44.863 20564 20564 D ViewRootImpl@a3ef663[DeliverActivity]: Relayout returned: oldFrame=[0,0][768,1024] newFrame=[0,0][768,1024] result=0x5 surface={isValid=false 0} surfaceGenerationChanged=true
11-05 13:26:13.804 20564 20564 D ViewRootImpl@108dc0c[PdfArchiveActivity]: ThreadedRenderer.create() translucent=true
11-05 13:26:13.807 20564 20564 D InputTransport: Input channel constructed: fd=61
11-05 13:26:13.808 20564 20564 D ViewRootImpl@108dc0c[PdfArchiveActivity]: setView = DecorView@1198955[PdfArchiveActivity] touchMode=true
11-05 13:26:13.809 20564 20564 D ViewRootImpl@108dc0c[PdfArchiveActivity]: dispatchAttachedToWindow
11-05 13:26:13.836 20564 20564 D ViewRootImpl@108dc0c[PdfArchiveActivity]: Relayout returned: oldFrame=[0,0][0,0] newFrame=[241,456][527,568] result=0x27 surface={isValid=true -2049210368} surfaceGenerationChanged=true
11-05 13:26:13.836 20564 20564 D ViewRootImpl@108dc0c[PdfArchiveActivity]: mHardwareRenderer.initialize() mSurface={isValid=true -2049210368} hwInitialized=true
11-05 13:26:13.839 20564 20564 D ViewRootImpl@108dc0c[PdfArchiveActivity]: MSG_RESIZED_REPORT: frame=Rect(241, 456 - 527, 568) ci=Rect(0, 0 - 0, 0) vi=Rect(0, 0 - 0, 0) or=1
11-05 13:26:13.839 20564 20564 D ViewRootImpl@108dc0c[PdfArchiveActivity]: MSG_WINDOW_FOCUS_CHANGED 1
11-05 13:26:13.839 20564 20564 D ViewRootImpl@108dc0c[PdfArchiveActivity]: mHardwareRenderer.initializeIfNeeded()#2 mSurface={isValid=true -2049210368}
11-05 13:26:13.839 20564 20564 V InputMethodManager: Starting input: tba=android.view.inputmethod.EditorInfo@c758f6a nm : cz.gienger.mobile ic=null
11-05 13:26:13.839 20564 20564 I InputMethodManager: startInputInner - mService.startInputOrWindowGainedFocus
11-05 13:26:13.841 20564 20564 D InputTransport: Input channel constructed: fd=64
11-05 13:26:14.914 20564 20564 D ViewRootImpl@108dc0c[PdfArchiveActivity]: mHardwareRenderer.destroy()#1
11-05 13:26:14.932 20564 20564 D ViewRootImpl@108dc0c[PdfArchiveActivity]: Relayout returned: oldFrame=[241,456][527,568] newFrame=[241,456][527,568] result=0x5 surface={isValid=false 0} surfaceGenerationChanged=true
11-05 13:26:14.933 20564 20564 D ViewRootImpl@108dc0c[PdfArchiveActivity]: MSG_WINDOW_FOCUS_CHANGED 0
11-05 13:26:14.948 20564 20564 D ViewRootImpl@a3ef663[DeliverActivity]: mHardwareRenderer.destroy()#1
11-05 13:26:14.958 20564 20564 D ViewRootImpl@a3ef663[DeliverActivity]: Relayout returned: oldFrame=[0,0][768,1024] newFrame=[0,0][768,1024] result=0x1 surface={isValid=false 0} surfaceGenerationChanged=false
11-05 13:26:14.994 20564 20564 D SIGNOSIGN_SIGNED: signed
11-05 13:26:15.029 20564 21865 D MESSAGE_SERVICE: ACTION_COMPRESS_AND_UPLOAD
11-05 13:26:15.375 20564 20564 D ViewRootImpl@b8a142[MainActivity]: Relayout returned: oldFrame=[0,0][768,1024] newFrame=[0,0][768,1024] result=0x7 surface={isValid=true -2048512000} surfaceGenerationChanged=true
11-05 13:26:15.375 20564 20564 D ViewRootImpl@b8a142[MainActivity]: mHardwareRenderer.initialize() mSurface={isValid=true -2048512000} hwInitialized=true
11-05 13:26:15.439 20564 20564 D AbsListView: in onLayout changed
11-05 13:26:15.459 20564 20564 D ViewRootImpl@b8a142[MainActivity]: MSG_WINDOW_FOCUS_CHANGED 1
11-05 13:26:15.459 20564 20564 D ViewRootImpl@b8a142[MainActivity]: mHardwareRenderer.initializeIfNeeded()#2 mSurface={isValid=true -2048512000}
11-05 13:26:15.460 20564 20564 V InputMethodManager: Starting input: tba=android.view.inputmethod.EditorInfo@3b56671 nm : cz.gienger.mobile ic=null
11-05 13:26:15.460 20564 20564 I InputMethodManager: startInputInner - mService.startInputOrWindowGainedFocus
11-05 13:26:15.484 20564 20564 D InputTransport: Input channel constructed: fd=69
11-05 13:26:15.484 20564 20564 D InputTransport: Input channel destroyed: fd=64
11-05 13:26:15.533 20564 20564 D ViewRootImpl@a3ef663[DeliverActivity]: mHardwareRenderer.destroy()#1
11-05 13:26:15.543 20564 20564 D ViewRootImpl@a3ef663[DeliverActivity]: Relayout returned: oldFrame=[0,0][768,1024] newFrame=[0,0][768,1024] result=0x1 surface={isValid=false 0} surfaceGenerationChanged=false
11-05 13:26:15.800 20564 21865 D FILE_MANAGER: Serializing delivery /data/user/0/cz.gienger.mobile/files/finished/130AT1190319556/130AT1190319556_2.xml
11-05 13:26:15.800 20564 21865 D FILE_MANAGER: Null files:
11-05 13:26:16.060 20564 21865 D MYINTERCEPTOR: /GiengerService.svc/sendorder
11-05 13:26:16.061 20564 21865 D OkHttp : --> POST https://testsaig1.gienger.cz/GiengerService.svc/sendorder http/1.1
11-05 13:26:16.061 20564 21865 D OkHttp : Content-Type: text/raw
11-05 13:26:16.061 20564 21865 D OkHttp : Content-Length: 220664
11-05 13:26:16.061 20564 21865 D OkHttp : filename: 130AT1190319556_2.xml
11-05 13:26:16.061 20564 21865 D OkHttp : Checksum: 0d6acb5338f39b250e7456a8cbbb2757
11-05 13:26:16.061 20564 21865 D OkHttp : token: eabfd6ce5e545622f7ce8815de79e0a7
11-05 13:26:16.061 20564 21865 D OkHttp : --> END POST
11-05 13:26:17.910 20564 21865 D OkHttp : <-- 200 https://testsaig1.gienger.cz/GiengerService.svc/sendorder (1848ms)
11-05 13:26:17.910 20564 21865 D OkHttp : content-type: application/xml; charset=utf-8
11-05 13:26:17.910 20564 21865 D OkHttp : server: Microsoft-IIS/10.0
11-05 13:26:17.910 20564 21865 D OkHttp : x-powered-by: ASP.NET
11-05 13:26:17.910 20564 21865 D OkHttp : date: Thu, 05 Nov 2020 12:26:16 GMT
11-05 13:26:17.910 20564 21865 D OkHttp : content-length: 175
11-05 13:26:17.910 20564 21865 D OkHttp : <-- END HTTP
11-05 13:26:17.916 20564 21865 D sendOrder_SUCCESS: 200
11-05 13:26:18.234 20564 20564 D AbsListView: in onLayout changed
11-05 13:26:18.262 20564 20564 D TextView: SYANI: Clipboard API is calling: clearFilter()
11-05 13:26:18.262 20564 20564 D TextView: SYANI: Clipboard API is calling: unregisterClipboardEventListener()
11-05 13:26:18.265 20564 20564 D TextView: SYANI: Clipboard API is calling: clearFilter()
11-05 13:26:18.265 20564 20564 D TextView: SYANI: Clipboard API is calling: unregisterClipboardEventListener()
11-05 13:26:18.267 20564 20564 D TextView: SYANI: Clipboard API is calling: clearFilter()
11-05 13:26:18.267 20564 20564 D TextView: SYANI: Clipboard API is calling: unregisterClipboardEventListener()
11-05 13:26:18.288 20564 20564 D ViewRootImpl@a3ef663[DeliverActivity]: mHardwareRenderer.destroy()#4
11-05 13:26:18.288 20564 20564 D ViewRootImpl@a3ef663[DeliverActivity]: dispatchDetachedFromWindow
11-05 13:26:18.298 20564 20564 D InputTransport: Input channel destroyed: fd=63
11-05 13:26:18.302 20564 20564 D ViewRootImpl@108dc0c[PdfArchiveActivity]: mHardwareRenderer.destroy()#4
11-05 13:26:18.302 20564 20564 D ViewRootImpl@108dc0c[PdfArchiveActivity]: dispatchDetachedFromWindow
11-05 13:26:18.311 20564 20564 D InputTransport: Input channel destroyed: fd=61
11-05 13:26:18.312 20564 20564 D LOCATION_SERVICE: onDestroy
11-05 13:26:23.787 20564 20564 D ViewRootImpl@b8a142[MainActivity]: ViewPostImeInputStage processPointer 0
11-05 13:26:23.815 20564 20564 D AbsListView: reportScrollStateChange() newState : 1
11-05 13:26:24.207 20564 20564 D ViewRootImpl@b8a142[MainActivity]: ViewPostImeInputStage processPointer 1
11-05 13:26:24.208 20564 20564 D AbsListView: onTouchUp() mTouchMode : 3
11-05 13:26:24.208 20564 20564 D AbsListView: onTouchUp() TOUCH_MODE_SCROLL initialVelocity : -1082
11-05 13:26:24.208 20564 20564 D AbsListView: reportScrollStateChange() newState : 2
11-05 13:26:24.819 20564 20564 D AbsListView: reportScrollStateChange() newState : 0
11-05 13:26:24.876 20564 20564 D ViewRootImpl@b8a142[MainActivity]: ViewPostImeInputStage processPointer 0
11-05 13:26:24.901 20564 20564 D AbsListView: reportScrollStateChange() newState : 1
11-05 13:26:25.344 20564 20564 D ViewRootImpl@b8a142[MainActivity]: ViewPostImeInputStage processPointer 1
11-05 13:26:25.345 20564 20564 D AbsListView: onTouchUp() mTouchMode : 3
11-05 13:26:25.345 20564 20564 D AbsListView: onTouchUp() TOUCH_MODE_SCROLL initialVelocity : -117
11-05 13:26:25.345 20564 20564 D AbsListView: reportScrollStateChange() newState : 2
11-05 13:26:25.486 20564 20564 D AbsListView: reportScrollStateChange() newState : 0
11-05 13:26:25.603 20564 20564 D ViewRootImpl@b8a142[MainActivity]: ViewPostImeInputStage processPointer 0
11-05 13:26:25.828 20564 20564 D ViewRootImpl@b8a142[MainActivity]: ViewPostImeInputStage processPointer 1
11-05 13:26:25.834 20564 20564 D item_click: viewId = 2131820760, position = 2
11-05 13:26:25.894 20564 20564 D ViewRootImpl@b8a142[MainActivity]: MSG_WINDOW_FOCUS_CHANGED 0
11-05 13:26:25.984 20564 20564 D ViewRootImpl@6db1728[CategoryListActivity]: ThreadedRenderer.create() translucent=false
11-05 13:26:25.989 20564 20564 D InputTransport: Input channel constructed: fd=63
11-05 13:26:25.990 20564 20564 D ViewRootImpl@6db1728[CategoryListActivity]: setView = DecorView@d473c41[CategoryListActivity] touchMode=true
11-05 13:26:25.995 20564 20564 D ViewRootImpl@6db1728[CategoryListActivity]: dispatchAttachedToWindow
11-05 13:26:26.030 20564 20564 D ViewRootImpl@6db1728[CategoryListActivity]: Relayout returned: oldFrame=[0,0][0,0] newFrame=[0,0][768,1024] result=0x27 surface={isValid=true -1995630592} surfaceGenerationChanged=true
11-05 13:26:26.030 20564 20564 D ViewRootImpl@6db1728[CategoryListActivity]: mHardwareRenderer.initialize() mSurface={isValid=true -1995630592} hwInitialized=true
11-05 13:26:26.144 20564 20564 D LOCATION_SERVICE: LocationListener gps
11-05 13:26:26.145 20564 20564 D LOCATION_SERVICE: LocationListener network
11-05 13:26:26.145 20564 20564 D LOCATION_SERVICE: onCreate
11-05 13:26:26.146 20564 20564 D LOCATION_SERVICE: initializeLocationManager
11-05 13:26:26.159 20564 20564 D LOCATION_SERVICE: onStartCommand
11-05 13:26:26.238 20564 20564 D ViewRootImpl@6db1728[CategoryListActivity]: MSG_RESIZED_REPORT: frame=Rect(0, 0 - 768, 1024) ci=Rect(0, 24 - 0, 0) vi=Rect(0, 24 - 0, 0) or=1
11-05 13:26:26.238 20564 20564 D ViewRootImpl@6db1728[CategoryListActivity]: MSG_WINDOW_FOCUS_CHANGED 1
11-05 13:26:26.238 20564 20564 D ViewRootImpl@6db1728[CategoryListActivity]: mHardwareRenderer.initializeIfNeeded()#2 mSurface={isValid=true -1995630592}
11-05 13:26:26.240 20564 20564 V InputMethodManager: Starting input: tba=android.view.inputmethod.EditorInfo@1387765 nm : cz.gienger.mobile ic=null
11-05 13:26:26.240 20564 20564 I InputMethodManager: startInputInner - mService.startInputOrWindowGainedFocus
11-05 13:26:26.244 20564 20564 D InputTransport: Input channel constructed: fd=61
11-05 13:26:26.244 20564 20564 D InputTransport: Input channel destroyed: fd=69
11-05 13:26:26.318 20564 20610 D OpenGLRenderer: endAllActiveAnimators on 0x88886700 (RippleDrawable) with handle 0x87f7c090
11-05 13:26:26.318 20564 20564 D ViewRootImpl@b8a142[MainActivity]: mHardwareRenderer.destroy()#1
11-05 13:26:26.328 20564 20564 D ViewRootImpl@b8a142[MainActivity]: Relayout returned: oldFrame=[0,0][768,1024] newFrame=[0,0][768,1024] result=0x5 surface={isValid=false 0} surfaceGenerationChanged=true
11-05 13:26:26.661 20564 20564 D ViewRootImpl@b8a142[MainActivity]: Relayout returned: oldFrame=[0,0][768,1024] newFrame=[0,0][768,1024] result=0x5 surface={isValid=false 0} surfaceGenerationChanged=false
11-05 13:26:27.725 20564 20564 D ViewRootImpl@6db1728[CategoryListActivity]: ViewPostImeInputStage processKey 0
11-05 13:26:27.832 20564 20564 D ViewRootImpl@6db1728[CategoryListActivity]: ViewPostImeInputStage processKey 1
11-05 13:26:28.141 20564 20564 D ViewRootImpl@b8a142[MainActivity]: Relayout returned: oldFrame=[0,0][768,1024] newFrame=[0,0][768,1024] result=0x7 surface={isValid=true -2048512000} surfaceGenerationChanged=true
11-05 13:26:28.141 20564 20564 D ViewRootImpl@b8a142[MainActivity]: mHardwareRenderer.initialize() mSurface={isValid=true -2048512000} hwInitialized=true
11-05 13:26:28.205 20564 20564 D AbsListView: in onLayout changed
11-05 13:26:28.227 20564 20564 D ViewRootImpl@b8a142[MainActivity]: MSG_WINDOW_FOCUS_CHANGED 1
11-05 13:26:28.227 20564 20564 D ViewRootImpl@b8a142[MainActivity]: mHardwareRenderer.initializeIfNeeded()#2 mSurface={isValid=true -2048512000}
11-05 13:26:28.230 20564 20564 V InputMethodManager: Starting input: tba=android.view.inputmethod.EditorInfo@a6637b4 nm : cz.gienger.mobile ic=null
11-05 13:26:28.230 20564 20564 I InputMethodManager: startInputInner - mService.startInputOrWindowGainedFocus
11-05 13:26:28.248 20564 20564 D InputTransport: Input channel constructed: fd=69
11-05 13:26:28.248 20564 20564 D InputTransport: Input channel destroyed: fd=61
11-05 13:26:28.258 20564 20564 D ViewRootImpl@6db1728[CategoryListActivity]: MSG_WINDOW_FOCUS_CHANGED 0
11-05 13:26:28.297 20564 20564 D ViewRootImpl@6db1728[CategoryListActivity]: mHardwareRenderer.destroy()#1
11-05 13:26:28.312 20564 20564 D ViewRootImpl@6db1728[CategoryListActivity]: Relayout returned: oldFrame=[0,0][768,1024] newFrame=[0,0][768,1024] result=0x5 surface={isValid=false 0} surfaceGenerationChanged=true
11-05 13:26:28.719 20564 20564 D ViewRootImpl@6db1728[CategoryListActivity]: mHardwareRenderer.destroy()#4
11-05 13:26:28.719 20564 20564 D ViewRootImpl@6db1728[CategoryListActivity]: dispatchDetachedFromWindow
11-05 13:26:28.732 20564 20564 D InputTransport: Input channel destroyed: fd=63
11-05 13:26:28.733 20564 20564 D LOCATION_SERVICE: onDestroy
11-05 13:26:29.455 20564 20564 D ViewRootImpl@b8a142[MainActivity]: ViewPostImeInputStage processPointer 0
11-05 13:26:29.478 20564 20564 D AbsListView: reportScrollStateChange() newState : 1
11-05 13:26:30.098 20564 20564 D ViewRootImpl@b8a142[MainActivity]: ViewPostImeInputStage processPointer 1
11-05 13:26:30.098 20564 20564 D AbsListView: onTouchUp() mTouchMode : 3
11-05 13:26:30.098 20564 20564 D AbsListView: onTouchUp() TOUCH_MODE_SCROLL initialVelocity : 2218
11-05 13:26:30.098 20564 20564 D AbsListView: reportScrollStateChange() newState : 2
11-05 13:26:30.697 20564 20564 D AbsListView: reportScrollStateChange() newState : 0
11-05 13:26:30.909 20564 20564 D ViewRootImpl@b8a142[MainActivity]: ViewPostImeInputStage processPointer 0
11-05 13:26:30.949 20564 20564 D AbsListView: reportScrollStateChange() newState : 1
11-05 13:26:31.352 20564 20564 D ViewRootImpl@b8a142[MainActivity]: ViewPostImeInputStage processPointer 1
11-05 13:26:31.352 20564 20564 D AbsListView: onTouchUp() mTouchMode : 3
11-05 13:26:31.352 20564 20564 D AbsListView: onTouchUp() TOUCH_MODE_SCROLL initialVelocity : 2
11-05 13:26:31.352 20564 20564 D AbsListView: reportScrollStateChange() newState : 0
11-05 13:26:31.648 20564 20564 D ViewRootImpl@b8a142[MainActivity]: ViewPostImeInputStage processPointer 0
11-05 13:26:31.725 20564 20564 D ViewRootImpl@b8a142[MainActivity]: ViewPostImeInputStage processPointer 1
11-05 13:26:31.753 20564 20564 D item_click: viewId = 2131820758, position = 2
11-05 13:26:31.801 20564 20564 D ViewRootImpl@b8a142[MainActivity]: MSG_WINDOW_FOCUS_CHANGED 0
11-05 13:26:31.858 20564 20564 D ScrollView: initGoToTop
11-05 13:26:31.925 20564 20564 D ViewRootImpl@76db3da[CancelDeliveryActivity]: ThreadedRenderer.create() translucent=false
11-05 13:26:31.929 20564 20564 D InputTransport: Input channel constructed: fd=63
11-05 13:26:31.929 20564 20564 D ViewRootImpl@76db3da[CancelDeliveryActivity]: setView = DecorView@b1e300b[CancelDeliveryActivity] touchMode=true
11-05 13:26:31.940 20564 20564 D ViewRootImpl@76db3da[CancelDeliveryActivity]: dispatchAttachedToWindow
11-05 13:26:31.977 20564 20564 D ViewRootImpl@76db3da[CancelDeliveryActivity]: Relayout returned: oldFrame=[0,0][0,0] newFrame=[0,0][768,1024] result=0x27 surface={isValid=true -2005700608} surfaceGenerationChanged=true
11-05 13:26:31.977 20564 20564 D ViewRootImpl@76db3da[CancelDeliveryActivity]: mHardwareRenderer.initialize() mSurface={isValid=true -2005700608} hwInitialized=true
11-05 13:26:31.981 20564 20564 D ScrollView: onsize change changed
11-05 13:26:31.982 20564 20564 D LOCATION_SERVICE: LocationListener gps
11-05 13:26:31.983 20564 20564 D LOCATION_SERVICE: LocationListener network
11-05 13:26:31.984 20564 20564 D LOCATION_SERVICE: onCreate
11-05 13:26:31.984 20564 20564 D LOCATION_SERVICE: initializeLocationManager
11-05 13:26:31.991 20564 20564 D LOCATION_SERVICE: onStartCommand
11-05 13:26:32.043 20564 20564 D ViewRootImpl@76db3da[CancelDeliveryActivity]: MSG_RESIZED_REPORT: frame=Rect(0, 0 - 768, 1024) ci=Rect(0, 24 - 0, 0) vi=Rect(0, 24 - 0, 0) or=1
11-05 13:26:32.043 20564 20564 D ViewRootImpl@76db3da[CancelDeliveryActivity]: MSG_WINDOW_FOCUS_CHANGED 1
11-05 13:26:32.043 20564 20564 D ViewRootImpl@76db3da[CancelDeliveryActivity]: mHardwareRenderer.initializeIfNeeded()#2 mSurface={isValid=true -2005700608}
11-05 13:26:32.047 20564 20564 V InputMethodManager: Starting input: tba=android.view.inputmethod.EditorInfo@3b00f2c nm : cz.gienger.mobile ic=null
11-05 13:26:32.048 20564 20564 I InputMethodManager: startInputInner - mService.startInputOrWindowGainedFocus
11-05 13:26:32.053 20564 20564 D InputTransport: Input channel constructed: fd=67
11-05 13:26:32.053 20564 20564 D InputTransport: Input channel destroyed: fd=69
11-05 13:26:32.106 20564 20610 D OpenGLRenderer: endAllActiveAnimators on 0x88729680 (RippleDrawable) with handle 0x883fe680
11-05 13:26:32.106 20564 20564 D ViewRootImpl@b8a142[MainActivity]: mHardwareRenderer.destroy()#1
11-05 13:26:32.113 20564 20564 D ViewRootImpl@b8a142[MainActivity]: Relayout returned: oldFrame=[0,0][768,1024] newFrame=[0,0][768,1024] result=0x5 surface={isValid=false 0} surfaceGenerationChanged=true
11-05 13:26:32.491 20564 20564 D ViewRootImpl@b8a142[MainActivity]: Relayout returned: oldFrame=[0,0][768,1024] newFrame=[0,0][768,1024] result=0x5 surface={isValid=false 0} surfaceGenerationChanged=false
11-05 13:26:33.132 20564 20564 D ViewRootImpl@76db3da[CancelDeliveryActivity]: ViewPostImeInputStage processPointer 0
11-05 13:26:33.221 20564 20564 D ViewRootImpl@76db3da[CancelDeliveryActivity]: ViewPostImeInputStage processPointer 1
11-05 13:26:34.262 20564 20564 D ViewRootImpl@76db3da[CancelDeliveryActivity]: ViewPostImeInputStage processPointer 0
11-05 13:26:34.329 20564 20564 D ViewRootImpl@76db3da[CancelDeliveryActivity]: ViewPostImeInputStage processPointer 1
11-05 13:26:34.368 20564 20564 D UNDELIVERED: Reason ID = 0, Comment =
11-05 13:26:34.522 20564 21882 D MESSAGE_SERVICE: ACTION_COMPRESS_AND_UPLOAD
11-05 13:26:34.522 20564 20564 D ViewRootImpl@76db3da[CancelDeliveryActivity]: MSG_WINDOW_FOCUS_CHANGED 0
11-05 13:26:34.554 20564 20564 D ViewRootImpl@b8a142[MainActivity]: mHardwareRenderer.destroy()#4
11-05 13:26:34.554 20564 20564 D ViewRootImpl@b8a142[MainActivity]: dispatchDetachedFromWindow
11-05 13:26:34.562 20564 20564 D InputTransport: Input channel destroyed: fd=78
11-05 13:26:34.826 20564 20564 D ViewRootImpl@3b88676[MainActivity]: ThreadedRenderer.create() translucent=false
11-05 13:26:34.834 20564 20564 D InputTransport: Input channel constructed: fd=72
11-05 13:26:34.834 20564 20564 D ViewRootImpl@3b88676[MainActivity]: setView = DecorView@3cd6477[MainActivity] touchMode=true
11-05 13:26:34.837 20564 20564 D ViewRootImpl@3b88676[MainActivity]: dispatchAttachedToWindow
11-05 13:26:34.903 20564 20564 D ViewRootImpl@3b88676[MainActivity]: Relayout returned: oldFrame=[0,0][0,0] newFrame=[0,0][768,1024] result=0x27 surface={isValid=true -1993490432} surfaceGenerationChanged=true
11-05 13:26:34.903 20564 20564 D ViewRootImpl@3b88676[MainActivity]: mHardwareRenderer.initialize() mSurface={isValid=true -1993490432} hwInitialized=true
11-05 13:26:35.050 20564 20564 D AbsListView: in onLayout changed
11-05 13:26:35.065 20564 20610 D OpenGLRenderer: endAllActiveAnimators on 0x87f2d680 (RippleDrawable) with handle 0x887c47a0
11-05 13:26:35.065 20564 20564 D ViewRootImpl@76db3da[CancelDeliveryActivity]: mHardwareRenderer.destroy()#1
11-05 13:26:35.072 20564 20564 D ViewRootImpl@76db3da[CancelDeliveryActivity]: Relayout returned: oldFrame=[0,0][768,1024] newFrame=[0,0][768,1024] result=0x5 surface={isValid=false 0} surfaceGenerationChanged=true
11-05 13:26:35.132 20564 20564 D ViewRootImpl@3b88676[MainActivity]: MSG_RESIZED_REPORT: frame=Rect(0, 0 - 768, 1024) ci=Rect(0, 24 - 0, 0) vi=Rect(0, 24 - 0, 0) or=1
11-05 13:26:35.132 20564 20564 D ViewRootImpl@3b88676[MainActivity]: MSG_WINDOW_FOCUS_CHANGED 1
11-05 13:26:35.132 20564 20564 D ViewRootImpl@3b88676[MainActivity]: mHardwareRenderer.initializeIfNeeded()#2 mSurface={isValid=true -1993490432}
11-05 13:26:35.134 20564 20564 V InputMethodManager: Starting input: tba=android.view.inputmethod.EditorInfo@49f2546 nm : cz.gienger.mobile ic=null
11-05 13:26:35.134 20564 20564 I InputMethodManager: startInputInner - mService.startInputOrWindowGainedFocus
11-05 13:26:35.142 20564 20564 D InputTransport: Input channel constructed: fd=68
11-05 13:26:35.142 20564 20564 D InputTransport: Input channel destroyed: fd=67
11-05 13:26:35.251 20564 21882 D FILE_MANAGER: Serializing delivery /data/user/0/cz.gienger.mobile/files/finished/130AT1190319651/130AT1190319651.xml
11-05 13:26:35.251 20564 21882 D FILE_MANAGER: Null files:
11-05 13:26:35.362 20564 21882 D MYINTERCEPTOR: /GiengerService.svc/sendorder
11-05 13:26:35.363 20564 21882 D OkHttp : --> POST https://testsaig1.gienger.cz/GiengerService.svc/sendorder http/1.1
11-05 13:26:35.363 20564 21882 D OkHttp : Content-Type: text/raw
11-05 13:26:35.363 20564 21882 D OkHttp : Content-Length: 3761
11-05 13:26:35.363 20564 21882 D OkHttp : filename: 130AT1190319651.xml
11-05 13:26:35.363 20564 21882 D OkHttp : Checksum: f782cd4415144985c9a61ff382167c71
11-05 13:26:35.363 20564 21882 D OkHttp : token: eabfd6ce5e545622f7ce8815de79e0a7
11-05 13:26:35.363 20564 21882 D OkHttp : --> END POST
11-05 13:26:36.192 20564 21882 D OkHttp : <-- 200 https://testsaig1.gienger.cz/GiengerService.svc/sendorder (828ms)
11-05 13:26:36.192 20564 21882 D OkHttp : content-type: application/xml; charset=utf-8
11-05 13:26:36.192 20564 21882 D OkHttp : server: Microsoft-IIS/10.0
11-05 13:26:36.192 20564 21882 D OkHttp : x-powered-by: ASP.NET
11-05 13:26:36.192 20564 21882 D OkHttp : date: Thu, 05 Nov 2020 12:26:35 GMT
11-05 13:26:36.192 20564 21882 D OkHttp : content-length: 175
11-05 13:26:36.192 20564 21882 D OkHttp : <-- END HTTP
11-05 13:26:36.202 20564 21882 D sendOrder_SUCCESS: 200
11-05 13:26:36.245 20564 21882 D MESSAGE_SERVICE: ACTION_RESEND_ORDERS
11-05 13:26:36.511 20564 20564 D ViewRootImpl@3b88676[MainActivity]: ViewPostImeInputStage processPointer 0
11-05 13:26:36.622 20564 20564 D AbsListView: in onLayout changed
11-05 13:26:36.890 20564 20564 D ViewRootImpl@3b88676[MainActivity]: ViewPostImeInputStage processPointer 1
11-05 13:26:36.970 20564 20564 D AbsListView: in onLayout changed
11-05 13:26:37.017 20564 20564 D Graph : removeVertex() : insertDummyVertex, because there is no ancestor.
11-05 13:26:37.017 20564 20564 D Graph : removeVertex() : insertDummyVertex, because there is no ancestor.
11-05 13:26:37.024 20564 20564 D TextView: SYANI: Clipboard API is calling: clearFilter()
11-05 13:26:37.024 20564 20564 D TextView: SYANI: Clipboard API is calling: unregisterClipboardEventListener()
11-05 13:26:37.032 20564 20564 D ViewRootImpl@76db3da[CancelDeliveryActivity]: mHardwareRenderer.destroy()#4
11-05 13:26:37.032 20564 20564 D ViewRootImpl@76db3da[CancelDeliveryActivity]: dispatchDetachedFromWindow
11-05 13:26:37.038 20564 20564 D InputTransport: Input channel destroyed: fd=63
11-05 13:26:37.038 20564 20564 D LOCATION_SERVICE: onDestroy
11-05 13:26:37.182 20564 20564 D ViewRootImpl@3b88676[MainActivity]: ViewPostImeInputStage processPointer 0
11-05 13:26:37.212 20564 20564 D AbsListView: reportScrollStateChange() newState : 1
11-05 13:26:37.596 20564 20564 D ViewRootImpl@3b88676[MainActivity]: ViewPostImeInputStage processPointer 1
11-05 13:26:37.596 20564 20564 D AbsListView: onTouchUp() mTouchMode : 3
11-05 13:26:37.596 20564 20564 D AbsListView: onTouchUp() TOUCH_MODE_SCROLL initialVelocity : 8
11-05 13:26:37.596 20564 20564 D AbsListView: reportScrollStateChange() newState : 0
11-05 13:26:37.853 20564 20564 D ViewRootImpl@3b88676[MainActivity]: ViewPostImeInputStage processPointer 0
11-05 13:26:37.937 20564 20564 D ViewRootImpl@3b88676[MainActivity]: ViewPostImeInputStage processPointer 1
11-05 13:26:37.949 20564 20564 D item_click: viewId = 2131820758, position = 3
11-05 13:26:37.994 20564 20564 D ViewRootImpl@3b88676[MainActivity]: MSG_WINDOW_FOCUS_CHANGED 0
11-05 13:26:38.055 20564 20564 D ScrollView: initGoToTop
11-05 13:26:38.122 20564 20564 D ViewRootImpl@caba373[CancelDeliveryActivity]: ThreadedRenderer.create() translucent=false
11-05 13:26:38.129 20564 20564 D InputTransport: Input channel constructed: fd=67
11-05 13:26:38.129 20564 20564 D ViewRootImpl@caba373[CancelDeliveryActivity]: setView = DecorView@ed3d230[CancelDeliveryActivity] touchMode=true
11-05 13:26:38.145 20564 20564 D ViewRootImpl@caba373[CancelDeliveryActivity]: dispatchAttachedToWindow
11-05 13:26:38.196 20564 20564 D ViewRootImpl@caba373[CancelDeliveryActivity]: Relayout returned: oldFrame=[0,0][0,0] newFrame=[0,0][768,1024] result=0x27 surface={isValid=true -2015203328} surfaceGenerationChanged=true
11-05 13:26:38.197 20564 20564 D ViewRootImpl@caba373[CancelDeliveryActivity]: mHardwareRenderer.initialize() mSurface={isValid=true -2015203328} hwInitialized=true
11-05 13:26:38.203 20564 20564 D ScrollView: onsize change changed
11-05 13:26:38.204 20564 20564 D LOCATION_SERVICE: LocationListener gps
11-05 13:26:38.205 20564 20564 D LOCATION_SERVICE: LocationListener network
11-05 13:26:38.207 20564 20564 D LOCATION_SERVICE: onCreate
11-05 13:26:38.208 20564 20564 D LOCATION_SERVICE: initializeLocationManager
11-05 13:26:38.226 20564 20564 D LOCATION_SERVICE: onStartCommand
11-05 13:26:38.291 20564 20564 D ViewRootImpl@caba373[CancelDeliveryActivity]: MSG_RESIZED_REPORT: frame=Rect(0, 0 - 768, 1024) ci=Rect(0, 24 - 0, 0) vi=Rect(0, 24 - 0, 0) or=1
11-05 13:26:38.291 20564 20564 D ViewRootImpl@caba373[CancelDeliveryActivity]: MSG_WINDOW_FOCUS_CHANGED 1
11-05 13:26:38.292 20564 20564 D ViewRootImpl@caba373[CancelDeliveryActivity]: mHardwareRenderer.initializeIfNeeded()#2 mSurface={isValid=true -2015203328}
11-05 13:26:38.296 20564 20564 V InputMethodManager: Starting input: tba=android.view.inputmethod.EditorInfo@d159dc7 nm : cz.gienger.mobile ic=null
11-05 13:26:38.296 20564 20564 I InputMethodManager: startInputInner - mService.startInputOrWindowGainedFocus
11-05 13:26:38.310 20564 20564 D InputTransport: Input channel constructed: fd=69
11-05 13:26:38.310 20564 20564 D InputTransport: Input channel destroyed: fd=68
11-05 13:26:38.369 20564 20610 D OpenGLRenderer: endAllActiveAnimators on 0x9c090480 (RippleDrawable) with handle 0x87f7c680
11-05 13:26:38.369 20564 20564 D ViewRootImpl@3b88676[MainActivity]: mHardwareRenderer.destroy()#1
11-05 13:26:38.378 20564 20564 D ViewRootImpl@3b88676[MainActivity]: Relayout returned: oldFrame=[0,0][768,1024] newFrame=[0,0][768,1024] result=0x5 surface={isValid=false 0} surfaceGenerationChanged=true
11-05 13:26:38.764 20564 20564 D ViewRootImpl@3b88676[MainActivity]: Relayout returned: oldFrame=[0,0][768,1024] newFrame=[0,0][768,1024] result=0x5 surface={isValid=false 0} surfaceGenerationChanged=false
11-05 13:26:38.789 20564 20564 D LOCATION_SERVICE: onLocationChanged: Location[network 49,191155,17,534458 acc=21 et=+1d23h17m59s132ms alt=0.0 vel=0.0 bear=0.0 {Bundle[mParcelledData.dataSize=80]}]
11-05 13:26:39.478 20564 20564 D ViewRootImpl@caba373[CancelDeliveryActivity]: ViewPostImeInputStage processPointer 0
11-05 13:26:39.546 20564 20564 D ViewRootImpl@caba373[CancelDeliveryActivity]: ViewPostImeInputStage processPointer 1
11-05 13:26:43.253 20564 20564 D ViewRootImpl@caba373[CancelDeliveryActivity]: ViewPostImeInputStage processPointer 0
11-05 13:26:43.332 20564 20564 D ViewRootImpl@caba373[CancelDeliveryActivity]: ViewPostImeInputStage processPointer 1
11-05 13:26:43.356 20564 20564 D UNDELIVERED: Reason ID = 3, Comment =
11-05 13:26:43.456 20564 20564 D ViewRootImpl@caba373[CancelDeliveryActivity]: MSG_WINDOW_FOCUS_CHANGED 0
11-05 13:26:43.458 20564 21892 D MESSAGE_SERVICE: ACTION_COMPRESS_AND_UPLOAD
11-05 13:26:43.535 20564 20564 D ViewRootImpl@3b88676[MainActivity]: mHardwareRenderer.destroy()#4
11-05 13:26:43.535 20564 20564 D ViewRootImpl@3b88676[MainActivity]: dispatchDetachedFromWindow
11-05 13:26:43.551 20564 20564 D InputTransport: Input channel destroyed: fd=72
11-05 13:26:43.835 20564 20564 D ViewRootImpl@20a77b2[MainActivity]: ThreadedRenderer.create() translucent=false
11-05 13:26:43.838 20564 20564 D InputTransport: Input channel constructed: fd=72
11-05 13:26:43.838 20564 20564 D ViewRootImpl@20a77b2[MainActivity]: setView = DecorView@4996303[MainActivity] touchMode=true
11-05 13:26:43.841 20564 20564 D ViewRootImpl@20a77b2[MainActivity]: dispatchAttachedToWindow
11-05 13:26:43.904 20564 20564 D ViewRootImpl@20a77b2[MainActivity]: Relayout returned: oldFrame=[0,0][0,0] newFrame=[0,0][768,1024] result=0x27 surface={isValid=true -2041065472} surfaceGenerationChanged=true
11-05 13:26:43.904 20564 20564 D ViewRootImpl@20a77b2[MainActivity]: mHardwareRenderer.initialize() mSurface={isValid=true -2041065472} hwInitialized=true
11-05 13:26:44.007 20564 20564 D AbsListView: in onLayout changed
11-05 13:26:44.021 20564 20610 D OpenGLRenderer: endAllActiveAnimators on 0x8871a880 (RippleDrawable) with handle 0x88229750
11-05 13:26:44.021 20564 20564 D ViewRootImpl@caba373[CancelDeliveryActivity]: mHardwareRenderer.destroy()#1
11-05 13:26:44.030 20564 20564 D ViewRootImpl@caba373[CancelDeliveryActivity]: Relayout returned: oldFrame=[0,0][768,1024] newFrame=[0,0][768,1024] result=0x5 surface={isValid=false 0} surfaceGenerationChanged=true
11-05 13:26:44.096 20564 20564 D ViewRootImpl@20a77b2[MainActivity]: MSG_RESIZED_REPORT: frame=Rect(0, 0 - 768, 1024) ci=Rect(0, 24 - 0, 0) vi=Rect(0, 24 - 0, 0) or=1
11-05 13:26:44.096 20564 20564 D ViewRootImpl@20a77b2[MainActivity]: MSG_WINDOW_FOCUS_CHANGED 1
11-05 13:26:44.096 20564 20564 D ViewRootImpl@20a77b2[MainActivity]: mHardwareRenderer.initializeIfNeeded()#2 mSurface={isValid=true -2041065472}
11-05 13:26:44.098 20564 20564 V InputMethodManager: Starting input: tba=android.view.inputmethod.EditorInfo@e853e93 nm : cz.gienger.mobile ic=null
11-05 13:26:44.098 20564 20564 I InputMethodManager: startInputInner - mService.startInputOrWindowGainedFocus
11-05 13:26:44.105 20564 20564 D InputTransport: Input channel constructed: fd=70
