11-05 13:31:56.348 20564 20564 D ViewRootImpl@64a3384[DeliverActivity]: ViewPostImeInputStage processPointer 1
11-05 13:31:56.365 20564 20564 D ScrollView: initGoToTop
11-05 13:31:56.410 20564 20564 D ScrollView: onsize change changed
11-05 13:31:56.721 20564 20564 D TextView: SYANI: Clipboard API is calling: clearFilter()
11-05 13:31:56.721 20564 20564 D TextView: SYANI: Clipboard API is calling: unregisterClipboardEventListener()
11-05 13:31:56.725 20564 20564 D TextView: SYANI: Clipboard API is calling: clearFilter()
11-05 13:31:56.725 20564 20564 D TextView: SYANI: Clipboard API is calling: unregisterClipboardEventListener()
11-05 13:31:56.728 20564 20564 D TextView: SYANI: Clipboard API is calling: clearFilter()
11-05 13:31:56.728 20564 20564 D TextView: SYANI: Clipboard API is calling: unregisterClipboardEventListener()
11-05 13:31:57.541 20564 20564 D ViewRootImpl@64a3384[DeliverActivity]: ViewPostImeInputStage processPointer 0
11-05 13:31:57.611 20564 20564 D ViewRootImpl@64a3384[DeliverActivity]: ViewPostImeInputStage processPointer 1
11-05 13:31:58.067 20564 20564 D ViewRootImpl@64a3384[DeliverActivity]: ViewPostImeInputStage processPointer 0
11-05 13:31:58.116 20564 20564 D ViewRootImpl@64a3384[DeliverActivity]: ViewPostImeInputStage processPointer 1
11-05 13:31:58.133 20564 20564 V InputMethodManager: Starting input: tba=android.view.inputmethod.EditorInfo@3c4b03 nm : cz.gienger.mobile ic=com.android.internal.widget.EditableInputConnection@fd90a80
11-05 13:31:58.133 20564 20564 I InputMethodManager: startInputInner - mService.startInputOrWindowGainedFocus
11-05 13:31:58.135 20564 20564 D InputTransport: Input channel constructed: fd=66
11-05 13:31:58.135 20564 20564 D InputTransport: Input channel destroyed: fd=68
11-05 13:31:58.136 20564 20564 D InputMethodManager: SSI - flag : 0 Pid : 20564 view : cz.gienger.mobile
11-05 13:31:58.436 20564 20564 D ViewRootImpl@64a3384[DeliverActivity]: MSG_RESIZED: frame=Rect(0, 0 - 768, 1024) ci=Rect(0, 24 - 0, 359) vi=Rect(0, 24 - 0, 359) or=1
11-05 13:31:58.455 20564 20564 D ViewRootImpl@64a3384[DeliverActivity]: Relayout returned: oldFrame=[0,0][768,1024] newFrame=[0,0][768,1024] result=0x1 surface={isValid=true -2010822656} surfaceGenerationChanged=false
11-05 13:31:58.459 20564 20564 D ScrollView: onsize change changed
11-05 13:32:00.814 20564 20564 D ViewRootImpl@64a3384[DeliverActivity]: ViewPostImeInputStage processPointer 0
11-05 13:32:00.886 20564 20564 D ViewRootImpl@64a3384[DeliverActivity]: ViewPostImeInputStage processPointer 1
11-05 13:32:00.907 20564 20564 V InputMethodManager: Starting input: tba=android.view.inputmethod.EditorInfo@bafc744 nm : cz.gienger.mobile ic=com.android.internal.widget.EditableInputConnection@b26c02d
11-05 13:32:00.907 20564 20564 I InputMethodManager: startInputInner - mService.startInputOrWindowGainedFocus
11-05 13:32:00.910 20564 20564 D InputTransport: Input channel constructed: fd=67
11-05 13:32:00.910 20564 20564 D InputTransport: Input channel destroyed: fd=66
11-05 13:32:00.910 20564 20564 D InputMethodManager: SSI - flag : 0 Pid : 20564 view : cz.gienger.mobile
11-05 13:32:00.915 20564 20564 W IInputConnectionWrapper: finishComposingText on inactive InputConnection
11-05 13:32:02.445 20564 20564 D ViewRootImpl@64a3384[DeliverActivity]: ViewPostImeInputStage processPointer 0
11-05 13:32:02.495 20564 20564 D ViewRootImpl@64a3384[DeliverActivity]: ViewPostImeInputStage processPointer 1
11-05 13:32:02.508 20564 20564 V InputMethodManager: Starting input: tba=android.view.inputmethod.EditorInfo@45c3229 nm : cz.gienger.mobile ic=com.android.internal.widget.EditableInputConnection@74009ae
11-05 13:32:02.508 20564 20564 I InputMethodManager: startInputInner - mService.startInputOrWindowGainedFocus
11-05 13:32:02.511 20564 20564 D InputTransport: Input channel constructed: fd=66
11-05 13:32:02.511 20564 20564 D InputTransport: Input channel destroyed: fd=67
11-05 13:32:02.511 20564 20564 D InputMethodManager: SSI - flag : 0 Pid : 20564 view : cz.gienger.mobile
11-05 13:32:02.516 20564 20564 W IInputConnectionWrapper: finishComposingText on inactive InputConnection
11-05 13:32:03.899 20564 20564 D ViewRootImpl@64a3384[DeliverActivity]: ViewPostImeInputStage processPointer 0
11-05 13:32:03.960 20564 20564 D ViewRootImpl@64a3384[DeliverActivity]: ViewPostImeInputStage processPointer 1
11-05 13:32:04.242 20564 20564 D ViewRootImpl@64a3384[DeliverActivity]: ViewPostImeInputStage processPointer 0
11-05 13:32:04.304 20564 20564 D ViewRootImpl@64a3384[DeliverActivity]: ViewPostImeInputStage processPointer 1
11-05 13:32:04.981 20564 20564 D ViewRootImpl@64a3384[DeliverActivity]: ViewPostImeInputStage processPointer 0
11-05 13:32:05.027 20564 20564 D ViewRootImpl@64a3384[DeliverActivity]: ViewPostImeInputStage processPointer 1
11-05 13:32:05.071 20564 20564 D ScrollView: initGoToTop
11-05 13:32:05.076 20564 20564 D ScrollView: initGoToTop
11-05 13:32:05.085 20564 20564 D ViewRootImpl@c4f4bf2[DeliverActivity]: ThreadedRenderer.create() translucent=true
11-05 13:32:05.091 20564 20564 D InputTransport: Input channel constructed: fd=67
11-05 13:32:05.092 20564 20564 D ViewRootImpl@c4f4bf2[DeliverActivity]: setView = DecorView@6134243[DeliverActivity] touchMode=true
11-05 13:32:05.099 20564 20564 D ViewRootImpl@c4f4bf2[DeliverActivity]: dispatchAttachedToWindow
11-05 13:32:05.135 20564 20564 D ViewRootImpl@c4f4bf2[DeliverActivity]: Relayout returned: oldFrame=[0,0][0,0] newFrame=[108,466][660,582] result=0x27 surface={isValid=true -2011064320} surfaceGenerationChanged=true
11-05 13:32:05.135 20564 20564 D ViewRootImpl@c4f4bf2[DeliverActivity]: mHardwareRenderer.initialize() mSurface={isValid=true -2011064320} hwInitialized=true
11-05 13:32:05.152 20564 20564 D ViewRootImpl@c4f4bf2[DeliverActivity]: MSG_WINDOW_FOCUS_CHANGED 1
11-05 13:32:05.152 20564 20564 D ViewRootImpl@c4f4bf2[DeliverActivity]: mHardwareRenderer.initializeIfNeeded()#2 mSurface={isValid=true -2011064320}
11-05 13:32:05.169 20564 20564 D ViewRootImpl@c4f4bf2[DeliverActivity]: MSG_RESIZED_REPORT: frame=Rect(108, 466 - 660, 582) ci=Rect(0, 0 - 0, 0) vi=Rect(0, 0 - 0, 0) or=1
11-05 13:32:05.208 20564 20564 D ViewRootImpl@64a3384[DeliverActivity]: MSG_WINDOW_FOCUS_CHANGED 0
11-05 13:32:05.460 20564 20575 I art : Background partial concurrent mark sweep GC freed 108213(4MB) AllocSpace objects, 12(1384KB) LOS objects, 44% free, 14MB/26MB, paused 1.660ms total 143.598ms
11-05 13:32:06.389 20564 20575 I art : Background sticky concurrent mark sweep GC freed 421720(12MB) AllocSpace objects, 6(1056KB) LOS objects, 16% free, 22MB/26MB, paused 2.069ms total 120.646ms
11-05 13:32:07.181 20564 20575 I art : Background partial concurrent mark sweep GC freed 345003(11MB) AllocSpace objects, 9(260KB) LOS objects, 41% free, 16MB/28MB, paused 1.380ms total 171.610ms
11-05 13:32:07.757 20564 20564 D ViewRootImpl@c4f4bf2[DeliverActivity]: mHardwareRenderer.destroy()#4
11-05 13:32:07.757 20564 20564 D ViewRootImpl@c4f4bf2[DeliverActivity]: dispatchDetachedFromWindow
11-05 13:32:07.770 20564 20564 D InputTransport: Input channel destroyed: fd=67
11-05 13:32:07.770 20564 20564 D SIGN_URI: file:///storage/emulated/0/130AT1190319647.pdf
11-05 13:32:07.816 20564 20564 D ViewRootImpl@64a3384[DeliverActivity]: MSG_WINDOW_FOCUS_CHANGED 1
11-05 13:32:07.816 20564 20564 D ViewRootImpl@64a3384[DeliverActivity]: mHardwareRenderer.initializeIfNeeded()#2 mSurface={isValid=true -2010822656}
11-05 13:32:07.827 20564 20564 E ViewRootImpl: sendUserActionEvent() returned.
11-05 13:32:07.827 20564 20564 D ViewRootImpl@64a3384[DeliverActivity]: MSG_WINDOW_FOCUS_CHANGED 0
11-05 13:32:08.902 20564 20564 D LOCATION_SERVICE: onLocationChanged: Location[network 49,191144,17,534482 acc=21 et=+1d23h23m29s240ms alt=0.0 vel=0.0 bear=0.0 {Bundle[mParcelledData.dataSize=80]}]
11-05 13:32:09.702 20564 20564 D ViewRootImpl@64a3384[DeliverActivity]: mHardwareRenderer.destroy()#1
11-05 13:32:09.716 20564 20564 D ViewRootImpl@64a3384[DeliverActivity]: Relayout returned: oldFrame=[0,0][768,1024] newFrame=[0,0][768,1024] result=0x5 surface={isValid=false 0} surfaceGenerationChanged=true
11-05 13:32:09.718 20564 20564 D InputTransport: Input channel destroyed: fd=66
11-05 13:32:09.719 20564 20564 W IInputConnectionWrapper: finishComposingText on inactive InputConnection
11-05 13:32:09.719 20564 20564 W IInputConnectionWrapper: reportFullscreenMode on inexistent InputConnection
11-05 13:32:09.719 20564 20564 W IInputConnectionWrapper: finishComposingText on inactive InputConnection
11-05 13:32:19.985 20564 20564 D Graph : removeVertex() : insertDummyVertex, because there is no ancestor.
11-05 13:32:19.986 20564 20564 D Graph : removeVertex() : insertDummyVertex, because there is no ancestor.
11-05 13:32:20.020 20564 20564 D ViewRootImpl@e961b04[PdfArchiveActivity]: ThreadedRenderer.create() translucent=true
11-05 13:32:20.023 20564 20564 D InputTransport: Input channel constructed: fd=63
11-05 13:32:20.023 20564 20564 D ViewRootImpl@e961b04[PdfArchiveActivity]: setView = DecorView@b3ce8ed[PdfArchiveActivity] touchMode=true
11-05 13:32:20.037 20564 20564 D ViewRootImpl@e961b04[PdfArchiveActivity]: dispatchAttachedToWindow
11-05 13:32:20.062 20564 20564 D ViewRootImpl@e961b04[PdfArchiveActivity]: Relayout returned: oldFrame=[0,0][0,0] newFrame=[241,456][527,568] result=0x27 surface={isValid=true -2010822656} surfaceGenerationChanged=true
11-05 13:32:20.062 20564 20564 D ViewRootImpl@e961b04[PdfArchiveActivity]: mHardwareRenderer.initialize() mSurface={isValid=true -2010822656} hwInitialized=true
11-05 13:32:20.065 20564 20564 D ViewRootImpl@e961b04[PdfArchiveActivity]: MSG_RESIZED_REPORT: frame=Rect(241, 456 - 527, 568) ci=Rect(0, 0 - 0, 0) vi=Rect(0, 0 - 0, 0) or=1
11-05 13:32:20.065 20564 20564 D ViewRootImpl@e961b04[PdfArchiveActivity]: MSG_WINDOW_FOCUS_CHANGED 1
11-05 13:32:20.065 20564 20564 D ViewRootImpl@e961b04[PdfArchiveActivity]: mHardwareRenderer.initializeIfNeeded()#2 mSurface={isValid=true -2010822656}
11-05 13:32:20.066 20564 20564 V InputMethodManager: Starting input: tba=android.view.inputmethod.EditorInfo@c359322 nm : cz.gienger.mobile ic=null
11-05 13:32:20.066 20564 20564 I InputMethodManager: startInputInner - mService.startInputOrWindowGainedFocus
11-05 13:32:20.067 20564 20564 D InputTransport: Input channel constructed: fd=66
11-05 13:32:21.158 20564 20564 D ViewRootImpl@e961b04[PdfArchiveActivity]: mHardwareRenderer.destroy()#1
11-05 13:32:21.173 20564 20564 D ViewRootImpl@e961b04[PdfArchiveActivity]: Relayout returned: oldFrame=[241,456][527,568] newFrame=[241,456][527,568] result=0x5 surface={isValid=false 0} surfaceGenerationChanged=true
11-05 13:32:21.174 20564 20564 D ViewRootImpl@e961b04[PdfArchiveActivity]: MSG_WINDOW_FOCUS_CHANGED 0
11-05 13:32:21.200 20564 20564 D ViewRootImpl@64a3384[DeliverActivity]: mHardwareRenderer.destroy()#1
11-05 13:32:21.211 20564 20564 D ViewRootImpl@64a3384[DeliverActivity]: Relayout returned: oldFrame=[0,0][768,1024] newFrame=[0,0][768,1024] result=0x1 surface={isValid=false 0} surfaceGenerationChanged=false
11-05 13:32:21.241 20564 20564 D SIGNOSIGN_SIGNED: signed
11-05 13:32:21.245 20564 20564 D InputTransport: Input channel destroyed: fd=66
11-05 13:32:21.278 20564 22312 D MESSAGE_SERVICE: ACTION_COMPRESS_AND_UPLOAD
11-05 13:32:21.586 20564 20564 D ViewRootImpl@e8ed660[MainActivity]: Relayout returned: oldFrame=[0,0][768,1024] newFrame=[0,0][768,1024] result=0x7 surface={isValid=true -1993574400} surfaceGenerationChanged=true
11-05 13:32:21.586 20564 20564 D ViewRootImpl@e8ed660[MainActivity]: mHardwareRenderer.initialize() mSurface={isValid=true -1993574400} hwInitialized=true
11-05 13:32:21.653 20564 20564 D AbsListView: in onLayout changed
11-05 13:32:21.680 20564 20564 D ViewRootImpl@e8ed660[MainActivity]: MSG_WINDOW_FOCUS_CHANGED 1
11-05 13:32:21.680 20564 20564 D ViewRootImpl@e8ed660[MainActivity]: mHardwareRenderer.initializeIfNeeded()#2 mSurface={isValid=true -1993574400}
11-05 13:32:21.681 20564 20564 V InputMethodManager: Starting input: tba=android.view.inputmethod.EditorInfo@1ed02c1 nm : cz.gienger.mobile ic=null
11-05 13:32:21.681 20564 20564 I InputMethodManager: startInputInner - mService.startInputOrWindowGainedFocus
11-05 13:32:21.711 20564 20564 D InputTransport: Input channel constructed: fd=68
11-05 13:32:21.744 20564 20564 D ViewRootImpl@64a3384[DeliverActivity]: mHardwareRenderer.destroy()#1
11-05 13:32:21.751 20564 20564 D ViewRootImpl@64a3384[DeliverActivity]: Relayout returned: oldFrame=[0,0][768,1024] newFrame=[0,0][768,1024] result=0x1 surface={isValid=false 0} surfaceGenerationChanged=false
11-05 13:32:22.029 20564 22312 D FILE_MANAGER: Serializing delivery /data/user/0/cz.gienger.mobile/files/finished/130AT1190319647/130AT1190319647.xml
11-05 13:32:22.029 20564 22312 D FILE_MANAGER: Null files:
11-05 13:32:22.280 20564 22312 D MYINTERCEPTOR: /GiengerService.svc/sendorder
11-05 13:32:22.281 20564 22312 D OkHttp : --> POST https://testsaig1.gienger.cz/GiengerService.svc/sendorder http/1.1
11-05 13:32:22.281 20564 22312 D OkHttp : Content-Type: text/raw
11-05 13:32:22.281 20564 22312 D OkHttp : Content-Length: 219841
11-05 13:32:22.281 20564 22312 D OkHttp : filename: 130AT1190319647.xml
11-05 13:32:22.281 20564 22312 D OkHttp : Checksum: 567612a8b6dd7c0d19d04f40e4d2d947
11-05 13:32:22.281 20564 22312 D OkHttp : token: eabfd6ce5e545622f7ce8815de79e0a7
11-05 13:32:22.281 20564 22312 D OkHttp : --> END POST
11-05 13:32:22.932 20564 20564 D ViewRootImpl@e8ed660[MainActivity]: ViewPostImeInputStage processPointer 0
11-05 13:32:22.978 20564 20564 D AbsListView: reportScrollStateChange() newState : 1
11-05 13:32:23.377 20564 20564 D ViewRootImpl@e8ed660[MainActivity]: ViewPostImeInputStage processPointer 1
11-05 13:32:23.377 20564 20564 D AbsListView: onTouchUp() mTouchMode : 3
11-05 13:32:23.378 20564 20564 D AbsListView: onTouchUp() TOUCH_MODE_SCROLL initialVelocity : -118
11-05 13:32:23.378 20564 20564 D AbsListView: reportScrollStateChange() newState : 2
11-05 13:32:23.512 20564 20564 D AbsListView: reportScrollStateChange() newState : 0
11-05 13:32:23.982 20564 22312 D OkHttp : <-- 200 https://testsaig1.gienger.cz/GiengerService.svc/sendorder (1700ms)
11-05 13:32:23.982 20564 22312 D OkHttp : content-type: application/xml; charset=utf-8
11-05 13:32:23.982 20564 22312 D OkHttp : server: Microsoft-IIS/10.0
11-05 13:32:23.982 20564 22312 D OkHttp : x-powered-by: ASP.NET
11-05 13:32:23.982 20564 22312 D OkHttp : date: Thu, 05 Nov 2020 12:32:22 GMT
11-05 13:32:23.982 20564 22312 D OkHttp : content-length: 175
11-05 13:32:23.982 20564 22312 D OkHttp : <-- END HTTP
11-05 13:32:23.988 20564 22312 D sendOrder_SUCCESS: 200
11-05 13:32:24.371 20564 20564 D AbsListView: in onLayout changed
11-05 13:32:24.402 20564 20564 D TextView: SYANI: Clipboard API is calling: clearFilter()
11-05 13:32:24.402 20564 20564 D TextView: SYANI: Clipboard API is calling: unregisterClipboardEventListener()
11-05 13:32:24.404 20564 20564 D TextView: SYANI: Clipboard API is calling: clearFilter()
11-05 13:32:24.404 20564 20564 D TextView: SYANI: Clipboard API is calling: unregisterClipboardEventListener()
11-05 13:32:24.405 20564 20564 D TextView: SYANI: Clipboard API is calling: clearFilter()
11-05 13:32:24.405 20564 20564 D TextView: SYANI: Clipboard API is calling: unregisterClipboardEventListener()
11-05 13:32:24.437 20564 20564 D ViewRootImpl@64a3384[DeliverActivity]: mHardwareRenderer.destroy()#4
11-05 13:32:24.437 20564 20564 D ViewRootImpl@64a3384[DeliverActivity]: dispatchDetachedFromWindow
11-05 13:32:24.447 20564 20564 D InputTransport: Input channel destroyed: fd=64
11-05 13:32:24.453 20564 20564 D ViewRootImpl@e961b04[PdfArchiveActivity]: mHardwareRenderer.destroy()#4
11-05 13:32:24.453 20564 20564 D ViewRootImpl@e961b04[PdfArchiveActivity]: dispatchDetachedFromWindow
11-05 13:32:24.460 20564 20564 D InputTransport: Input channel destroyed: fd=63
11-05 13:32:24.460 20564 20564 D LOCATION_SERVICE: onDestroy
11-05 13:32:25.652 20564 20564 D ViewRootImpl@e8ed660[MainActivity]: ViewPostImeInputStage processPointer 0
11-05 13:32:25.683 20564 20564 D AbsListView: reportScrollStateChange() newState : 1
11-05 13:32:25.963 20564 20564 D ViewRootImpl@e8ed660[MainActivity]: ViewPostImeInputStage processPointer 1
11-05 13:32:25.963 20564 20564 D AbsListView: onTouchUp() mTouchMode : 3
11-05 13:32:25.963 20564 20564 D AbsListView: onTouchUp() TOUCH_MODE_SCROLL initialVelocity : -191
11-05 13:32:25.964 20564 20564 D AbsListView: reportScrollStateChange() newState : 2
11-05 13:32:26.151 20564 20564 D AbsListView: reportScrollStateChange() newState : 0
11-05 13:32:26.467 20564 20564 D ViewRootImpl@e8ed660[MainActivity]: ViewPostImeInputStage processPointer 0
11-05 13:32:26.513 20564 20564 D ViewRootImpl@e8ed660[MainActivity]: ViewPostImeInputStage processPointer 1
11-05 13:32:26.524 20564 20564 D item_click: viewId = 2131820758, position = 8
11-05 13:32:26.569 20564 20564 D ViewRootImpl@e8ed660[MainActivity]: MSG_WINDOW_FOCUS_CHANGED 0
11-05 13:32:26.653 20564 20564 D ScrollView: initGoToTop
11-05 13:32:26.772 20564 20564 D ViewRootImpl@e5d5b79[CancelDeliveryActivity]: ThreadedRenderer.create() translucent=false
11-05 13:32:26.779 20564 20564 D InputTransport: Input channel constructed: fd=64
11-05 13:32:26.779 20564 20564 D ViewRootImpl@e5d5b79[CancelDeliveryActivity]: setView = DecorView@83500be[CancelDeliveryActivity] touchMode=true
11-05 13:32:26.795 20564 20564 D ViewRootImpl@e5d5b79[CancelDeliveryActivity]: dispatchAttachedToWindow
11-05 13:32:26.832 20564 20564 D ViewRootImpl@e5d5b79[CancelDeliveryActivity]: Relayout returned: oldFrame=[0,0][0,0] newFrame=[0,0][768,1024] result=0x27 surface={isValid=true -2049208320} surfaceGenerationChanged=true
11-05 13:32:26.833 20564 20564 D ViewRootImpl@e5d5b79[CancelDeliveryActivity]: mHardwareRenderer.initialize() mSurface={isValid=true -2049208320} hwInitialized=true
11-05 13:32:26.839 20564 20564 D ScrollView: onsize change changed
11-05 13:32:26.841 20564 20564 D LOCATION_SERVICE: LocationListener gps
11-05 13:32:26.842 20564 20564 D LOCATION_SERVICE: LocationListener network
11-05 13:32:26.843 20564 20564 D Graph : removeVertex() : insertDummyVertex, because there is no ancestor.
11-05 13:32:26.843 20564 20564 D LOCATION_SERVICE: onCreate
11-05 13:32:26.844 20564 20564 D LOCATION_SERVICE: initializeLocationManager
11-05 13:32:26.855 20564 20564 D LOCATION_SERVICE: onStartCommand
11-05 13:32:26.932 20564 20564 D ViewRootImpl@e5d5b79[CancelDeliveryActivity]: MSG_RESIZED_REPORT: frame=Rect(0, 0 - 768, 1024) ci=Rect(0, 24 - 0, 0) vi=Rect(0, 24 - 0, 0) or=1
11-05 13:32:26.932 20564 20564 D ViewRootImpl@e5d5b79[CancelDeliveryActivity]: MSG_WINDOW_FOCUS_CHANGED 1
11-05 13:32:26.933 20564 20564 D ViewRootImpl@e5d5b79[CancelDeliveryActivity]: mHardwareRenderer.initializeIfNeeded()#2 mSurface={isValid=true -2049208320}
11-05 13:32:26.937 20564 20564 V InputMethodManager: Starting input: tba=android.view.inputmethod.EditorInfo@bccf6ed nm : cz.gienger.mobile ic=null
11-05 13:32:26.937 20564 20564 I InputMethodManager: startInputInner - mService.startInputOrWindowGainedFocus
11-05 13:32:26.942 20564 20564 D InputTransport: Input channel constructed: fd=88
11-05 13:32:26.942 20564 20564 D InputTransport: Input channel destroyed: fd=68
11-05 13:32:27.004 20564 20610 D OpenGLRenderer: endAllActiveAnimators on 0x883c7c00 (RippleDrawable) with handle 0x86845740
11-05 13:32:27.004 20564 20564 D ViewRootImpl@e8ed660[MainActivity]: mHardwareRenderer.destroy()#1
11-05 13:32:27.010 20564 20564 D ViewRootImpl@e8ed660[MainActivity]: Relayout returned: oldFrame=[0,0][768,1024] newFrame=[0,0][768,1024] result=0x5 surface={isValid=false 0} surfaceGenerationChanged=true
11-05 13:32:27.399 20564 20564 D ViewRootImpl@e8ed660[MainActivity]: Relayout returned: oldFrame=[0,0][768,1024] newFrame=[0,0][768,1024] result=0x5 surface={isValid=false 0} surfaceGenerationChanged=false
11-05 13:32:27.400 20564 20564 D LOCATION_SERVICE: onLocationChanged: Location[network 49,191147,17,534479 acc=21 et=+1d23h23m47s738ms alt=0.0 vel=0.0 bear=0.0 {Bundle[mParcelledData.dataSize=80]}]
11-05 13:32:27.910 20564 20564 D ViewRootImpl@e5d5b79[CancelDeliveryActivity]: ViewPostImeInputStage processPointer 0
11-05 13:32:27.983 20564 20564 D ViewRootImpl@e5d5b79[CancelDeliveryActivity]: ViewPostImeInputStage processPointer 1
11-05 13:32:30.968 20564 20564 D ViewRootImpl@e5d5b79[CancelDeliveryActivity]: ViewPostImeInputStage processPointer 0
11-05 13:32:31.005 20564 20564 D ViewRootImpl@e5d5b79[CancelDeliveryActivity]: ViewPostImeInputStage processPointer 1
11-05 13:32:31.018 20564 20564 V InputMethodManager: Starting input: tba=android.view.inputmethod.EditorInfo@6bed13a nm : cz.gienger.mobile ic=com.android.internal.widget.EditableInputConnection@fdaf1eb
11-05 13:32:31.018 20564 20564 I InputMethodManager: startInputInner - mService.startInputOrWindowGainedFocus
11-05 13:32:31.021 20564 20564 D InputTransport: Input channel constructed: fd=66
11-05 13:32:31.021 20564 20564 D InputTransport: Input channel destroyed: fd=88
11-05 13:32:31.021 20564 20564 D InputMethodManager: SSI - flag : 0 Pid : 20564 view : cz.gienger.mobile
11-05 13:32:31.302 20564 20564 D ViewRootImpl@e5d5b79[CancelDeliveryActivity]: MSG_RESIZED: frame=Rect(0, 0 - 768, 1024) ci=Rect(0, 24 - 0, 359) vi=Rect(0, 24 - 0, 359) or=1
11-05 13:32:31.323 20564 20564 D ViewRootImpl@e5d5b79[CancelDeliveryActivity]: Relayout returned: oldFrame=[0,0][768,1024] newFrame=[0,0][768,1024] result=0x1 surface={isValid=true -2049208320} surfaceGenerationChanged=false
11-05 13:32:31.325 20564 20564 D ScrollView: onsize change changed
11-05 13:32:33.684 20564 20564 D ViewRootImpl@e5d5b79[CancelDeliveryActivity]: ViewPostImeInputStage processPointer 0
11-05 13:32:34.031 20564 20564 D ViewRootImpl@e5d5b79[CancelDeliveryActivity]: ViewPostImeInputStage processPointer 1
11-05 13:32:34.389 20564 20564 D ViewRootImpl@e5d5b79[CancelDeliveryActivity]: ViewPostImeInputStage processPointer 0
11-05 13:32:34.680 20564 20564 D ViewRootImpl@e5d5b79[CancelDeliveryActivity]: ViewPostImeInputStage processPointer 1
11-05 13:32:35.407 20564 20564 D ViewRootImpl@e5d5b79[CancelDeliveryActivity]: ViewPostImeInputStage processPointer 0
11-05 13:32:35.477 20564 20564 D ViewRootImpl@e5d5b79[CancelDeliveryActivity]: ViewPostImeInputStage processPointer 1
11-05 13:32:35.501 20564 20564 D UNDELIVERED: Reason ID = 1, Comment = vul
11-05 13:32:35.631 20564 20564 D ViewRootImpl@e5d5b79[CancelDeliveryActivity]: MSG_WINDOW_FOCUS_CHANGED 0
11-05 13:32:35.633 20564 22337 D MESSAGE_SERVICE: ACTION_COMPRESS_AND_UPLOAD
11-05 13:32:35.697 20564 20564 D ViewRootImpl@e8ed660[MainActivity]: mHardwareRenderer.destroy()#4
11-05 13:32:35.697 20564 20564 D ViewRootImpl@e8ed660[MainActivity]: dispatchDetachedFromWindow
11-05 13:32:35.705 20564 20564 D InputTransport: Input channel destroyed: fd=72
11-05 13:32:36.000 20564 20564 D ViewRootImpl@4e7dc54[MainActivity]: ThreadedRenderer.create() translucent=false
11-05 13:32:36.003 20564 20564 D InputTransport: Input channel constructed: fd=72
11-05 13:32:36.004 20564 20564 D ViewRootImpl@4e7dc54[MainActivity]: setView = DecorView@8d297fd[MainActivity] touchMode=true
11-05 13:32:36.006 20564 20564 D ViewRootImpl@4e7dc54[MainActivity]: dispatchAttachedToWindow
11-05 13:32:36.051 20564 20564 D ViewRootImpl@4e7dc54[MainActivity]: Relayout returned: oldFrame=[0,0][0,0] newFrame=[0,0][768,1024] result=0x7 surface={isValid=true -2013794304} surfaceGenerationChanged=true
11-05 13:32:36.051 20564 20564 D ViewRootImpl@4e7dc54[MainActivity]: mHardwareRenderer.initialize() mSurface={isValid=true -2013794304} hwInitialized=true
11-05 13:32:36.106 20564 20564 D AbsListView: in onLayout changed
11-05 13:32:36.119 20564 20610 D OpenGLRenderer: endAllActiveAnimators on 0x87fafd00 (RippleDrawable) with handle 0x87f39460
11-05 13:32:36.119 20564 20564 D ViewRootImpl@e5d5b79[CancelDeliveryActivity]: mHardwareRenderer.destroy()#1
11-05 13:32:36.129 20564 20564 D ViewRootImpl@e5d5b79[CancelDeliveryActivity]: Relayout returned: oldFrame=[0,0][768,1024] newFrame=[0,0][768,1024] result=0x5 surface={isValid=false 0} surfaceGenerationChanged=true
11-05 13:32:36.199 20564 20564 D ViewRootImpl@4e7dc54[MainActivity]: MSG_RESIZED_REPORT: frame=Rect(0, 0 - 768, 1024) ci=Rect(0, 24 - 0, 359) vi=Rect(0, 24 - 0, 359) or=1
11-05 13:32:36.199 20564 20564 D ViewRootImpl@4e7dc54[MainActivity]: MSG_WINDOW_FOCUS_CHANGED 1
11-05 13:32:36.199 20564 20564 D ViewRootImpl@4e7dc54[MainActivity]: mHardwareRenderer.initializeIfNeeded()#2 mSurface={isValid=true -2013794304}
11-05 13:32:36.205 20564 20564 V InputMethodManager: Starting input: tba=android.view.inputmethod.EditorInfo@f3ab5ae nm : cz.gienger.mobile ic=null
11-05 13:32:36.205 20564 20564 I InputMethodManager: startInputInner - mService.startInputOrWindowGainedFocus
11-05 13:32:36.209 20564 20564 D InputTransport: Input channel constructed: fd=67
11-05 13:32:36.209 20564 20564 D InputTransport: Input channel destroyed: fd=66
11-05 13:32:36.226 20564 20564 W IInputConnectionWrapper: finishComposingText on inactive InputConnection
11-05 13:32:36.227 20564 20564 W IInputConnectionWrapper: finishComposingText on inactive InputConnection
11-05 13:32:36.259 20564 20564 D ViewRootImpl@4e7dc54[MainActivity]: MSG_RESIZED: frame=Rect(0, 0 - 768, 1024) ci=Rect(0, 24 - 0, 0) vi=Rect(0, 24 - 0, 0) or=1
11-05 13:32:36.286 20564 20564 D ViewRootImpl@4e7dc54[MainActivity]: Relayout returned: oldFrame=[0,0][768,1024] newFrame=[0,0][768,1024] result=0x1 surface={isValid=true -2013794304} surfaceGenerationChanged=false
11-05 13:32:36.300 20564 20564 D AbsListView: in onLayout changed
11-05 13:32:36.362 20564 22337 D FILE_MANAGER: Serializing delivery /data/user/0/cz.gienger.mobile/files/finished/130AT1190517617/130AT1190517617.xml
11-05 13:32:36.362 20564 22337 D FILE_MANAGER: Null files:
11-05 13:32:36.450 20564 22337 D MYINTERCEPTOR: /GiengerService.svc/sendorder
11-05 13:32:36.450 20564 22337 D OkHttp : --> POST https://testsaig1.gienger.cz/GiengerService.svc/sendorder http/1.1
11-05 13:32:36.450 20564 22337 D OkHttp : Content-Type: text/raw
11-05 13:32:36.451 20564 22337 D OkHttp : Content-Length: 3050
11-05 13:32:36.451 20564 22337 D OkHttp : filename: 130AT1190517617.xml
11-05 13:32:36.451 20564 22337 D OkHttp : Checksum: f1fe930c0fa44119c0a36c1f001d0e09
11-05 13:32:36.451 20564 22337 D OkHttp : token: eabfd6ce5e545622f7ce8815de79e0a7
11-05 13:32:36.451 20564 22337 D OkHttp : --> END POST
11-05 13:32:36.572 20564 22337 D OkHttp : <-- 200 https://testsaig1.gienger.cz/GiengerService.svc/sendorder (121ms)
11-05 13:32:36.572 20564 22337 D OkHttp : content-type: application/xml; charset=utf-8
11-05 13:32:36.572 20564 22337 D OkHttp : server: Microsoft-IIS/10.0
11-05 13:32:36.572 20564 22337 D OkHttp : x-powered-by: ASP.NET
11-05 13:32:36.572 20564 22337 D OkHttp : date: Thu, 05 Nov 2020 12:32:35 GMT
11-05 13:32:36.572 20564 22337 D OkHttp : content-length: 175
11-05 13:32:36.572 20564 22337 D OkHttp : <-- END HTTP
11-05 13:32:36.576 20564 22337 D sendOrder_SUCCESS: 200
11-05 13:32:36.610 20564 22337 D MESSAGE_SERVICE: ACTION_RESEND_ORDERS
11-05 13:32:36.955 20564 20564 D AbsListView: in onLayout changed
11-05 13:32:37.259 20564 20564 D AbsListView: in onLayout changed
11-05 13:32:37.323 20564 20564 D TextView: SYANI: Clipboard API is calling: clearFilter()
11-05 13:32:37.323 20564 20564 D TextView: SYANI: Clipboard API is calling: unregisterClipboardEventListener()
11-05 13:32:37.334 20564 20564 D ViewRootImpl@e5d5b79[CancelDeliveryActivity]: mHardwareRenderer.destroy()#4
11-05 13:32:37.334 20564 20564 D ViewRootImpl@e5d5b79[CancelDeliveryActivity]: dispatchDetachedFromWindow
11-05 13:32:37.341 20564 20564 D InputTransport: Input channel destroyed: fd=64
11-05 13:32:37.341 20564 20564 D LOCATION_SERVICE: onDestroy
11-05 13:32:37.456 20564 20564 D ViewRootImpl@4e7dc54[MainActivity]: ViewPostImeInputStage processPointer 0
11-05 13:32:37.493 20564 20564 D AbsListView: reportScrollStateChange() newState : 1
11-05 13:32:37.778 20564 20564 D ViewRootImpl@4e7dc54[MainActivity]: ViewPostImeInputStage processPointer 1
11-05 13:32:37.779 20564 20564 D AbsListView: onTouchUp() mTouchMode : 3
11-05 13:32:37.779 20564 20564 D AbsListView: onTouchUp() TOUCH_MODE_SCROLL initialVelocity : -103
11-05 13:32:37.779 20564 20564 D AbsListView: reportScrollStateChange() newState : 2
11-05 13:32:37.912 20564 20564 D AbsListView: reportScrollStateChange() newState : 0
11-05 13:32:38.155 20564 20564 D ViewRootImpl@4e7dc54[MainActivity]: ViewPostImeInputStage processPointer 0
11-05 13:32:38.202 20564 20564 D ViewRootImpl@4e7dc54[MainActivity]: ViewPostImeInputStage processPointer 1
11-05 13:32:38.217 20564 20564 D item_click: viewId = 2131820758, position = 9
11-05 13:32:38.262 20564 20564 D ViewRootImpl@4e7dc54[MainActivity]: MSG_WINDOW_FOCUS_CHANGED 0
11-05 13:32:38.320 20564 20564 D ScrollView: initGoToTop
11-05 13:32:38.379 20564 20564 D ViewRootImpl@bb832f8[CancelDeliveryActivity]: ThreadedRenderer.create() translucent=false
11-05 13:32:38.383 20564 20564 D InputTransport: Input channel constructed: fd=63
11-05 13:32:38.383 20564 20564 D ViewRootImpl@bb832f8[CancelDeliveryActivity]: setView = DecorView@c573d1[CancelDeliveryActivity] touchMode=true
11-05 13:32:38.384 20564 20564 D LOCATION_SERVICE: LocationListener gps
11-05 13:32:38.385 20564 20564 D LOCATION_SERVICE: LocationListener network
11-05 13:32:38.387 20564 20564 D LOCATION_SERVICE: onCreate
11-05 13:32:38.387 20564 20564 D LOCATION_SERVICE: initializeLocationManager
11-05 13:32:38.402 20564 20564 D LOCATION_SERVICE: onStartCommand
11-05 13:32:38.425 20564 20564 D ViewRootImpl@bb832f8[CancelDeliveryActivity]: dispatchAttachedToWindow
11-05 13:32:38.474 20564 20564 D ViewRootImpl@bb832f8[CancelDeliveryActivity]: Relayout returned: oldFrame=[0,0][0,0] newFrame=[0,0][768,1024] result=0x27 surface={isValid=true -2012219392} surfaceGenerationChanged=true
11-05 13:32:38.474 20564 20564 D ViewRootImpl@bb832f8[CancelDeliveryActivity]: mHardwareRenderer.initialize() mSurface={isValid=true -2012219392} hwInitialized=true
11-05 13:32:38.480 20564 20564 D ScrollView: onsize change changed
11-05 13:32:38.521 20564 20564 D ViewRootImpl@bb832f8[CancelDeliveryActivity]: MSG_RESIZED_REPORT: frame=Rect(0, 0 - 768, 1024) ci=Rect(0, 24 - 0, 0) vi=Rect(0, 24 - 0, 0) or=1
11-05 13:32:38.522 20564 20564 D ViewRootImpl@bb832f8[CancelDeliveryActivity]: MSG_WINDOW_FOCUS_CHANGED 1
11-05 13:32:38.522 20564 20564 D ViewRootImpl@bb832f8[CancelDeliveryActivity]: mHardwareRenderer.initializeIfNeeded()#2 mSurface={isValid=true -2012219392}
11-05 13:32:38.526 20564 20564 V InputMethodManager: Starting input: tba=android.view.inputmethod.EditorInfo@8e5063c nm : cz.gienger.mobile ic=null
11-05 13:32:38.527 20564 20564 I InputMethodManager: startInputInner - mService.startInputOrWindowGainedFocus
11-05 13:32:38.534 20564 20564 D InputTransport: Input channel constructed: fd=64
11-05 13:32:38.534 20564 20564 D InputTransport: Input channel destroyed: fd=67
11-05 13:32:38.576 20564 20610 D OpenGLRenderer: endAllActiveAnimators on 0x89c16f80 (RippleDrawable) with handle 0x883fe170
11-05 13:32:38.576 20564 20564 D ViewRootImpl@4e7dc54[MainActivity]: mHardwareRenderer.destroy()#1
11-05 13:32:38.587 20564 20564 D ViewRootImpl@4e7dc54[MainActivity]: Relayout returned: oldFrame=[0,0][768,1024] newFrame=[0,0][768,1024] result=0x5 surface={isValid=false 0} surfaceGenerationChanged=true
11-05 13:32:38.976 20564 20564 D ViewRootImpl@4e7dc54[MainActivity]: Relayout returned: oldFrame=[0,0][768,1024] newFrame=[0,0][768,1024] result=0x5 surface={isValid=false 0} surfaceGenerationChanged=false
11-05 13:32:38.978 20564 20564 D LOCATION_SERVICE: onLocationChanged: Location[network 49,191149,17,534473 acc=21 et=+1d23h23m59s308ms alt=0.0 vel=0.0 bear=0.0 {Bundle[mParcelledData.dataSize=80]}]
11-05 13:32:41.683 20564 20564 D ViewRootImpl@bb832f8[CancelDeliveryActivity]: ViewPostImeInputStage processPointer 0
11-05 13:32:41.752 20564 20564 D ViewRootImpl@bb832f8[CancelDeliveryActivity]: ViewPostImeInputStage processPointer 1
11-05 13:32:44.390 20564 20564 D ViewRootImpl@bb832f8[CancelDeliveryActivity]: ViewPostImeInputStage processPointer 0
11-05 13:32:44.450 20564 20564 D ViewRootImpl@bb832f8[CancelDeliveryActivity]: ViewPostImeInputStage processPointer 1
11-05 13:32:45.236 20564 20564 D ViewRootImpl@bb832f8[CancelDeliveryActivity]: ViewPostImeInputStage processPointer 0
11-05 13:32:45.305 20564 20564 D ViewRootImpl@bb832f8[CancelDeliveryActivity]: ViewPostImeInputStage processPointer 1
11-05 13:32:45.361 20564 20564 D ViewRootImpl@bb832f8[CancelDeliveryActivity]: MSG_WINDOW_FOCUS_CHANGED 0
11-05 13:32:45.468 20564 20564 D ViewRootImpl@209a112[DeliveryCenterActivity]: ThreadedRenderer.create() translucent=false
11-05 13:32:45.471 20564 20564 D InputTransport: Input channel constructed: fd=70
11-05 13:32:45.471 20564 20564 D ViewRootImpl@209a112[DeliveryCenterActivity]: setView = DecorView@31940e3[DeliveryCenterActivity] touchMode=true
11-05 13:32:45.474 20564 20564 D ViewRootImpl@209a112[DeliveryCenterActivity]: dispatchAttachedToWindow
11-05 13:32:45.501 20564 20564 D ViewRootImpl@209a112[DeliveryCenterActivity]: Relayout returned: oldFrame=[0,0][0,0] newFrame=[0,0][768,1024] result=0x27 surface={isValid=true -2048512000} surfaceGenerationChanged=true
11-05 13:32:45.501 20564 20564 D ViewRootImpl@209a112[DeliveryCenterActivity]: mHardwareRenderer.initialize() mSurface={isValid=true -2048512000} hwInitialized=true
11-05 13:32:45.688 20564 20564 D AbsListView: in onLayout changed
11-05 13:32:45.714 20564 20564 D ViewRootImpl@209a112[DeliveryCenterActivity]: MSG_RESIZED_REPORT: frame=Rect(0, 0 - 768, 1024) ci=Rect(0, 24 - 0, 0) vi=Rect(0, 24 - 0, 0) or=1
11-05 13:32:45.714 20564 20564 D ViewRootImpl@209a112[DeliveryCenterActivity]: MSG_WINDOW_FOCUS_CHANGED 1
11-05 13:32:45.714 20564 20564 D ViewRootImpl@209a112[DeliveryCenterActivity]: mHardwareRenderer.initializeIfNeeded()#2 mSurface={isValid=true -2048512000}
11-05 13:32:45.716 20564 20564 V InputMethodManager: Starting input: tba=android.view.inputmethod.EditorInfo@ccc79da nm : cz.gienger.mobile ic=null
11-05 13:32:45.716 20564 20564 I InputMethodManager: startInputInner - mService.startInputOrWindowGainedFocus
11-05 13:32:45.727 20564 20564 D InputTransport: Input channel constructed: fd=73
11-05 13:32:45.727 20564 20564 D InputTransport: Input channel destroyed: fd=64
11-05 13:32:45.764 20564 20610 D OpenGLRenderer: endAllActiveAnimators on 0x9c092e80 (RippleDrawable) with handle 0x887a7960
11-05 13:32:45.764 20564 20564 D ViewRootImpl@bb832f8[CancelDeliveryActivity]: mHardwareRenderer.destroy()#1
11-05 13:32:45.771 20564 20564 D ViewRootImpl@bb832f8[CancelDeliveryActivity]: Relayout returned: oldFrame=[0,0][768,1024] newFrame=[0,0][768,1024] result=0x5 surface={isValid=false 0} surfaceGenerationChanged=true
11-05 13:32:46.205 20564 20564 D ViewRootImpl@bb832f8[CancelDeliveryActivity]: Relayout returned: oldFrame=[0,0][768,1024] newFrame=[0,0][768,1024] result=0x5 surface={isValid=false 0} surfaceGenerationChanged=false
11-05 13:32:47.037 20564 20564 D ViewRootImpl@209a112[DeliveryCenterActivity]: ViewPostImeInputStage processPointer 0
11-05 13:32:47.083 20564 20564 D ViewRootImpl@209a112[DeliveryCenterActivity]: ViewPostImeInputStage processPointer 1
11-05 13:32:47.084 20564 20564 D AbsListView: onTouchUp() mTouchMode : 0
11-05 13:32:48.177 20564 20564 D ViewRootImpl@209a112[DeliveryCenterActivity]: ViewPostImeInputStage processPointer 0
11-05 13:32:48.244 20564 20564 D ViewRootImpl@209a112[DeliveryCenterActivity]: ViewPostImeInputStage processPointer 1
11-05 13:32:48.310 20564 20564 D UNDELIVERED: Reason ID = 13, Comment = , Delivery Center = A03_A10
11-05 13:32:48.400 20564 20564 D ViewRootImpl@bb832f8[CancelDeliveryActivity]: Relayout returned: oldFrame=[0,0][768,1024] newFrame=[0,0][768,1024] result=0x7 surface={isValid=true -2012219392} surfaceGenerationChanged=true
11-05 13:32:48.400 20564 20564 D ViewRootImpl@bb832f8[CancelDeliveryActivity]: mHardwareRenderer.initialize() mSurface={isValid=true -2012219392} hwInitialized=true
11-05 13:32:48.413 20564 20564 D ViewRootImpl@209a112[DeliveryCenterActivity]: MSG_WINDOW_FOCUS_CHANGED 0
11-05 13:32:48.478 20564 22348 D MESSAGE_SERVICE: ACTION_COMPRESS_AND_UPLOAD
11-05 13:32:48.557 20564 20564 D ViewRootImpl@4e7dc54[MainActivity]: mHardwareRenderer.destroy()#4
11-05 13:32:48.557 20564 20564 D ViewRootImpl@4e7dc54[MainActivity]: dispatchDetachedFromWindow
11-05 13:32:48.564 20564 20564 D InputTransport: Input channel destroyed: fd=72
11-05 13:32:48.897 20564 20564 D ViewRootImpl@3e5ed3a[MainActivity]: ThreadedRenderer.create() translucent=false
11-05 13:32:48.901 20564 20564 D InputTransport: Input channel constructed: fd=68
11-05 13:32:48.901 20564 20564 D ViewRootImpl@3e5ed3a[MainActivity]: setView = DecorView@c09ddeb[MainActivity] touchMode=true
11-05 13:32:48.904 20564 20564 D ViewRootImpl@3e5ed3a[MainActivity]: dispatchAttachedToWindow
11-05 13:32:48.963 20564 20564 D ViewRootImpl@3e5ed3a[MainActivity]: Relayout returned: oldFrame=[0,0][0,0] newFrame=[0,0][768,1024] result=0x27 surface={isValid=true -2012286976} surfaceGenerationChanged=true
11-05 13:32:48.964 20564 20564 D ViewRootImpl@3e5ed3a[MainActivity]: mHardwareRenderer.initialize() mSurface={isValid=true -2012286976} hwInitialized=true
11-05 13:32:49.041 20564 20564 D AbsListView: in onLayout changed
11-05 13:32:49.066 20564 20610 D OpenGLRenderer: endAllActiveAnimators on 0x883c9f00 (RippleDrawable) with handle 0x87f7c5e0
11-05 13:32:49.066 20564 20564 D ViewRootImpl@209a112[DeliveryCenterActivity]: mHardwareRenderer.destroy()#1
11-05 13:32:49.075 20564 20564 D ViewRootImpl@209a112[DeliveryCenterActivity]: Relayout returned: oldFrame=[0,0][768,1024] newFrame=[0,0][768,1024] result=0x5 surface={isValid=false 0} surfaceGenerationChanged=true
11-05 13:32:49.083 20564 20564 D ViewRootImpl@bb832f8[CancelDeliveryActivity]: mHardwareRenderer.destroy()#1
11-05 13:32:49.098 20564 20564 D ViewRootImpl@bb832f8[CancelDeliveryActivity]: Relayout returned: oldFrame=[0,0][768,1024] newFrame=[0,0][768,1024] result=0x5 surface={isValid=false 0} surfaceGenerationChanged=true
11-05 13:32:49.165 20564 20564 D ViewRootImpl@3e5ed3a[MainActivity]: MSG_RESIZED_REPORT: frame=Rect(0, 0 - 768, 1024) ci=Rect(0, 24 - 0, 0) vi=Rect(0, 24 - 0, 0) or=1
11-05 13:32:49.165 20564 20564 D ViewRootImpl@3e5ed3a[MainActivity]: MSG_WINDOW_FOCUS_CHANGED 1
11-05 13:32:49.165 20564 20564 D ViewRootImpl@3e5ed3a[MainActivity]: mHardwareRenderer.initializeIfNeeded()#2 mSurface={isValid=true -2012286976}
11-05 13:32:49.167 20564 20564 V InputMethodManager: Starting input: tba=android.view.inputmethod.EditorInfo@55e9f26 nm : cz.gienger.mobile ic=null
11-05 13:32:49.167 20564 20564 I InputMethodManager: startInputInner - mService.startInputOrWindowGainedFocus
11-05 13:32:49.175 20564 20564 D InputTransport: Input channel constructed: fd=67
11-05 13:32:49.175 20564 20564 D InputTransport: Input channel destroyed: fd=73
11-05 13:32:49.206 20564 22348 D FILE_MANAGER: Serializing delivery /data/user/0/cz.gienger.mobile/files/finished/130AT1191103618/130AT1191103618.xml
11-05 13:32:49.206 20564 22348 D FILE_MANAGER: Null files:
11-05 13:32:49.276 20564 22348 D MYINTERCEPTOR: /GiengerService.svc/sendorder
11-05 13:32:49.277 20564 22348 D OkHttp : --> POST https://testsaig1.gienger.cz/GiengerService.svc/sendorder http/1.1
11-05 13:32:49.277 20564 22348 D OkHttp : Content-Type: text/raw
11-05 13:32:49.277 20564 22348 D OkHttp : Content-Length: 3449
11-05 13:32:49.277 20564 22348 D OkHttp : filename: 130AT1191103618.xml
11-05 13:32:49.277 20564 22348 D OkHttp : Checksum: e90995225f75e06b0223d47ffb520a9d
11-05 13:32:49.278 20564 22348 D OkHttp : token: eabfd6ce5e545622f7ce8815de79e0a7
11-05 13:32:49.278 20564 22348 D OkHttp : --> END POST
11-05 13:32:49.432 20564 22348 D OkHttp : <-- 200 https://testsaig1.gienger.cz/GiengerService.svc/sendorder (154ms)
11-05 13:32:49.432 20564 22348 D OkHttp : content-type: application/xml; charset=utf-8
11-05 13:32:49.432 20564 22348 D OkHttp : server: Microsoft-IIS/10.0
11-05 13:32:49.432 20564 22348 D OkHttp : x-powered-by: ASP.NET
11-05 13:32:49.432 20564 22348 D OkHttp : date: Thu, 05 Nov 2020 12:32:48 GMT
11-05 13:32:49.432 20564 22348 D OkHttp : content-length: 175
11-05 13:32:49.432 20564 22348 D OkHttp : <-- END HTTP
11-05 13:32:49.436 20564 22348 D sendOrder_SUCCESS: 200
11-05 13:32:49.469 20564 22348 D MESSAGE_SERVICE: ACTION_RESEND_ORDERS
11-05 13:32:49.821 20564 20564 D AbsListView: in onLayout changed
11-05 13:32:50.128 20564 20564 D AbsListView: in onLayout changed
11-05 13:32:50.189 20564 20564 D TextView: SYANI: Clipboard API is calling: clearFilter()
11-05 13:32:50.189 20564 20564 D TextView: SYANI: Clipboard API is calling: unregisterClipboardEventListener()
11-05 13:32:50.202 20564 20564 D ViewRootImpl@bb832f8[CancelDeliveryActivity]: mHardwareRenderer.destroy()#4
11-05 13:32:50.202 20564 20564 D ViewRootImpl@bb832f8[CancelDeliveryActivity]: dispatchDetachedFromWindow
11-05 13:32:50.209 20564 20564 D InputTransport: Input channel destroyed: fd=63
11-05 13:32:50.223 20564 20564 D ViewRootImpl@209a112[DeliveryCenterActivity]: mHardwareRenderer.destroy()#4
11-05 13:32:50.224 20564 20564 D ViewRootImpl@209a112[DeliveryCenterActivity]: dispatchDetachedFromWindow
11-05 13:32:50.230 20564 20564 D InputTransport: Input channel destroyed: fd=70
11-05 13:32:50.230 20564 20564 D LOCATION_SERVICE: onDestroy
11-05 13:32:50.329 20564 20564 D ViewRootImpl@3e5ed3a[MainActivity]: ViewPostImeInputStage processPointer 0
11-05 13:32:50.371 20564 20564 D AbsListView: reportScrollStateChange() newState : 1
11-05 13:32:50.798 20564 20564 D ViewRootImpl@3e5ed3a[MainActivity]: ViewPostImeInputStage processPointer 1
11-05 13:32:50.798 20564 20564 D AbsListView: onTouchUp() mTouchMode : 3
11-05 13:32:50.798 20564 20564 D AbsListView: onTouchUp() TOUCH_MODE_SCROLL initialVelocity : -537
11-05 13:32:50.798 20564 20564 D AbsListView: reportScrollStateChange() newState : 2
11-05 13:32:51.176 20564 20564 D AbsListView: reportScrollStateChange() newState : 0
11-05 13:32:51.418 20564 20564 D ViewRootImpl@3e5ed3a[MainActivity]: ViewPostImeInputStage processPointer 0
11-05 13:32:51.441 20564 20564 D AbsListView: reportScrollStateChange() newState : 1
11-05 13:32:51.771 20564 20564 D ViewRootImpl@3e5ed3a[MainActivity]: ViewPostImeInputStage processPointer 1
11-05 13:32:51.771 20564 20564 D AbsListView: onTouchUp() mTouchMode : 3
11-05 13:32:51.771 20564 20564 D AbsListView: onTouchUp() TOUCH_MODE_SCROLL initialVelocity : -3
11-05 13:32:51.771 20564 20564 D AbsListView: reportScrollStateChange() newState : 0
11-05 13:33:15.255 20564 22357 D MESSAGE_SERVICE: ACTION_RESEND_ORDERS
11-05 13:33:15.617 20564 20564 D AbsListView: in onLayout changed
11-05 13:33:17.282 20564 20564 D ViewRootImpl: updatePointerIcon pointerType = 20001, calling pid = 20564
11-05 13:33:17.282 20564 20564 D InputManager: setPointerIconType iconId = 20001, callingPid = 20564
11-05 13:33:17.285 20564 20564 D ViewRootImpl: updatePointerIcon pointerType = 20001, calling pid = 20564
11-05 13:33:17.286 20564 20564 D InputManager: setPointerIconType iconId = 20001, callingPid = 20564
11-05 13:33:17.322 20564 20564 D ViewRootImpl@3e5ed3a[MainActivity]: ViewPostImeInputStage processPointer 0
11-05 13:33:17.323 20564 20564 D ViewRootImpl: updatePointerIcon pointerType = 20001, calling pid = 20564
11-05 13:33:17.324 20564 20564 D InputManager: setPointerIconType iconId = 20001, callingPid = 20564
11-05 13:33:17.348 20564 20564 D AbsListView: reportScrollStateChange() newState : 1
11-05 13:33:17.620 20564 20564 D ViewRootImpl@3e5ed3a[MainActivity]: ViewPostImeInputStage processPointer 1
11-05 13:33:17.621 20564 20564 D AbsListView: onTouchUp() mTouchMode : 3
11-05 13:33:17.621 20564 20564 D AbsListView: onTouchUp() TOUCH_MODE_SCROLL initialVelocity : -1219
11-05 13:33:17.621 20564 20564 D AbsListView: reportScrollStateChange() newState : 2
11-05 13:33:17.624 20564 20564 D ViewRootImpl: updatePointerIcon pointerType = 20001, calling pid = 20564
11-05 13:33:17.625 20564 20564 D InputManager: setPointerIconType iconId = 20001, callingPid = 20564
11-05 13:33:17.625 20564 20564 D ViewRootImpl: updatePointerIcon pointerType = 20001, calling pid = 20564
11-05 13:33:17.626 20564 20564 D InputManager: setPointerIconType iconId = 20001, callingPid = 20564
11-05 13:33:18.034 20564 20564 D ViewRootImpl: updatePointerIcon pointerType = 20001, calling pid = 20564
11-05 13:33:18.035 20564 20564 D InputManager: setPointerIconType iconId = 20001, callingPid = 20564
11-05 13:33:18.168 20564 20564 D ViewRootImpl@3e5ed3a[MainActivity]: ViewPostImeInputStage processPointer 0
11-05 13:33:18.168 20564 20564 D ViewRootImpl: updatePointerIcon pointerType = 20001, calling pid = 20564
11-05 13:33:18.169 20564 20564 D InputManager: setPointerIconType iconId = 20001, callingPid = 20564
11-05 13:33:18.291 20564 20564 D AbsListView: reportScrollStateChange() newState : 0
11-05 13:33:18.292 20564 20564 D AbsListView: reportScrollStateChange() newState : 1
11-05 13:33:18.389 20564 20564 D ViewRootImpl@3e5ed3a[MainActivity]: ViewPostImeInputStage processPointer 1
11-05 13:33:18.389 20564 20564 D AbsListView: onTouchUp() mTouchMode : 3
11-05 13:33:18.389 20564 20564 D AbsListView: onTouchUp() TOUCH_MODE_SCROLL initialVelocity : -1739
11-05 13:33:18.389 20564 20564 D AbsListView: reportScrollStateChange() newState : 2
11-05 13:33:18.391 20564 20564 D ViewRootImpl: updatePointerIcon pointerType = 20001, calling pid = 20564
11-05 13:33:18.391 20564 20564 D InputManager: setPointerIconType iconId = 20001, callingPid = 20564
11-05 13:33:18.392 20564 20564 D ViewRootImpl: updatePointerIcon pointerType = 20001, calling pid = 20564
11-05 13:33:18.393 20564 20564 D InputManager: setPointerIconType iconId = 20001, callingPid = 20564
11-05 13:33:18.973 20564 20564 D ViewRootImpl: updatePointerIcon pointerType = 20001, calling pid = 20564
11-05 13:33:18.973 20564 20564 D InputManager: setPointerIconType iconId = 20001, callingPid = 20564
11-05 13:33:19.058 20564 20564 D ViewRootImpl@3e5ed3a[MainActivity]: ViewPostImeInputStage processPointer 0
11-05 13:33:19.059 20564 20564 D ViewRootImpl: updatePointerIcon pointerType = 20001, calling pid = 20564
11-05 13:33:19.060 20564 20564 D InputManager: setPointerIconType iconId = 20001, callingPid = 20564
11-05 13:33:19.163 20564 20564 D ViewRootImpl@3e5ed3a[MainActivity]: ViewPostImeInputStage processPointer 1
11-05 13:33:19.163 20564 20564 D AbsListView: onTouchUp() mTouchMode : 3
11-05 13:33:19.163 20564 20564 D AbsListView: onTouchUp() TOUCH_MODE_SCROLL initialVelocity : -3932
11-05 13:33:19.169 20564 20564 D ViewRootImpl: updatePointerIcon pointerType = 20001, calling pid = 20564
11-05 13:33:19.170 20564 20564 D InputManager: setPointerIconType iconId = 20001, callingPid = 20564
11-05 13:33:19.171 20564 20564 D ViewRootImpl: updatePointerIcon pointerType = 20001, calling pid = 20564
11-05 13:33:19.171 20564 20564 D InputManager: setPointerIconType iconId = 20001, callingPid = 20564
11-05 13:33:19.931 20564 20564 D ViewRootImpl: updatePointerIcon pointerType = 20001, calling pid = 20564
11-05 13:33:19.931 20564 20564 D InputManager: setPointerIconType iconId = 20001, callingPid = 20564
11-05 13:33:20.112 20564 20564 D ViewRootImpl@3e5ed3a[MainActivity]: ViewPostImeInputStage processPointer 0
11-05 13:33:20.113 20564 20564 D ViewRootImpl: updatePointerIcon pointerType = 20001, calling pid = 20564
11-05 13:33:20.114 20564 20564 D InputManager: setPointerIconType iconId = 20001, callingPid = 20564
11-05 13:33:20.157 20564 20564 D AbsListView: reportScrollStateChange() newState : 0
11-05 13:33:20.158 20564 20564 D AbsListView: reportScrollStateChange() newState : 1
11-05 13:33:20.189 20564 20564 D ViewRootImpl@3e5ed3a[MainActivity]: ViewPostImeInputStage processPointer 1
11-05 13:33:20.189 20564 20564 D AbsListView: onTouchUp() mTouchMode : 3
11-05 13:33:20.189 20564 20564 D AbsListView: onTouchUp() TOUCH_MODE_SCROLL initialVelocity : -6056
11-05 13:33:20.189 20564 20564 D AbsListView: reportScrollStateChange() newState : 0
11-05 13:33:20.193 20564 20564 D ViewRootImpl: updatePointerIcon pointerType = 20001, calling pid = 20564
11-05 13:33:20.194 20564 20564 D InputManager: setPointerIconType iconId = 20001, callingPid = 20564
11-05 13:33:20.195 20564 20564 D ViewRootImpl: updatePointerIcon pointerType = 20001, calling pid = 20564
11-05 13:33:20.195 20564 20564 D InputManager: setPointerIconType iconId = 20001, callingPid = 20564
11-05 13:33:20.562 20564 20564 D ViewRootImpl: updatePointerIcon pointerType = 20001, calling pid = 20564
11-05 13:33:20.563 20564 20564 D InputManager: setPointerIconType iconId = 20001, callingPid = 20564
11-05 13:33:20.680 20564 20564 D ViewRootImpl@3e5ed3a[MainActivity]: ViewPostImeInputStage processPointer 0
11-05 13:33:20.681 20564 20564 D ViewRootImpl: updatePointerIcon pointerType = 20001, calling pid = 20564
11-05 13:33:20.681 20564 20564 D InputManager: setPointerIconType iconId = 20001, callingPid = 20564
11-05 13:33:20.689 20564 20564 D AbsListView: reportScrollStateChange() newState : 1
11-05 13:33:20.722 20564 20564 D ViewRootImpl@3e5ed3a[MainActivity]: ViewPostImeInputStage processPointer 1
11-05 13:33:20.722 20564 20564 D AbsListView: onTouchUp() mTouchMode : 3
11-05 13:33:20.722 20564 20564 D AbsListView: onTouchUp() TOUCH_MODE_SCROLL initialVelocity : 1450
11-05 13:33:20.722 20564 20564 D AbsListView: reportScrollStateChange() newState : 0
11-05 13:33:20.726 20564 20564 D ViewRootImpl: updatePointerIcon pointerType = 20001, calling pid = 20564
11-05 13:33:20.726 20564 20564 D InputManager: setPointerIconType iconId = 20001, callingPid = 20564
11-05 13:33:20.727 20564 20564 D ViewRootImpl: updatePointerIcon pointerType = 20001, calling pid = 20564
11-05 13:33:20.728 20564 20564 D InputManager: setPointerIconType iconId = 20001, callingPid = 20564
