11-05 13:27:36.581 20564 20564 D Graph : removeVertex() : insertDummyVertex, because there is no ancestor.
11-05 13:27:36.581 20564 20564 D Graph : removeVertex() : insertDummyVertex, because there is no ancestor.
11-05 13:27:36.581 20564 20564 D Graph : removeVertex() : insertDummyVertex, because there is no ancestor.
11-05 13:27:36.581 20564 20564 D Graph : removeVertex() : insertDummyVertex, because there is no ancestor.
11-05 13:27:36.582 20564 20564 D Graph : removeVertex() : insertDummyVertex, because there is no ancestor.
11-05 13:27:36.582 20564 20564 D Graph : removeVertex() : insertDummyVertex, because there is no ancestor.
11-05 13:27:36.586 20564 20564 D ViewRootImpl@a130489[BatchUploadActivity]: mHardwareRenderer.destroy()#4
11-05 13:27:36.586 20564 20564 D ViewRootImpl@a130489[BatchUploadActivity]: dispatchDetachedFromWindow
11-05 13:27:36.601 20564 20564 D InputTransport: Input channel destroyed: fd=67
11-05 13:27:36.602 20564 20564 D LOCATION_SERVICE: onDestroy
11-05 13:28:02.638 20564 20564 D ViewRootImpl@20a77b2[MainActivity]: ViewPostImeInputStage processPointer 0
11-05 13:28:02.668 20564 20564 D AbsListView: reportScrollStateChange() newState : 1
11-05 13:28:02.980 20564 20564 D ViewRootImpl@20a77b2[MainActivity]: ViewPostImeInputStage processPointer 1
11-05 13:28:02.980 20564 20564 D AbsListView: onTouchUp() mTouchMode : 3
11-05 13:28:02.981 20564 20564 D AbsListView: onTouchUp() TOUCH_MODE_SCROLL initialVelocity : -1560
11-05 13:28:02.981 20564 20564 D AbsListView: reportScrollStateChange() newState : 2
11-05 13:28:03.461 20564 20564 D ViewRootImpl@20a77b2[MainActivity]: ViewPostImeInputStage processPointer 0
11-05 13:28:03.722 20564 20564 D AbsListView: reportScrollStateChange() newState : 0
11-05 13:28:03.724 20564 20564 D AbsListView: reportScrollStateChange() newState : 1
11-05 13:28:03.873 20564 20564 D ViewRootImpl@20a77b2[MainActivity]: ViewPostImeInputStage processPointer 1
11-05 13:28:03.873 20564 20564 D AbsListView: onTouchUp() mTouchMode : 3
11-05 13:28:03.873 20564 20564 D AbsListView: onTouchUp() TOUCH_MODE_SCROLL initialVelocity : -217
11-05 13:28:03.873 20564 20564 D AbsListView: reportScrollStateChange() newState : 0
11-05 13:29:29.443 20564 20564 D ViewRootImpl@20a77b2[MainActivity]: MSG_RESIZED_REPORT: frame=Rect(0, 0 - 768, 1024) ci=Rect(0, 24 - 0, 0) vi=Rect(0, 24 - 0, 0) or=1
11-05 13:29:29.831 20564 20564 D ViewRootImpl@20a77b2[MainActivity]: Relayout returned: oldFrame=[0,0][768,1024] newFrame=[0,0][768,1024] result=0x1 surface={isValid=true -2001487872} surfaceGenerationChanged=false
11-05 13:29:29.915 20564 20564 D AbsListView: in onLayout changed
11-05 13:29:30.838 20564 20564 D ViewRootImpl@20a77b2[MainActivity]: ViewPostImeInputStage processPointer 0
11-05 13:29:30.869 20564 20564 D AbsListView: reportScrollStateChange() newState : 1
11-05 13:29:31.185 20564 20564 D ViewRootImpl@20a77b2[MainActivity]: ViewPostImeInputStage processPointer 1
11-05 13:29:31.185 20564 20564 D AbsListView: onTouchUp() mTouchMode : 3
11-05 13:29:31.185 20564 20564 D AbsListView: onTouchUp() TOUCH_MODE_SCROLL initialVelocity : -717
11-05 13:29:31.185 20564 20564 D AbsListView: reportScrollStateChange() newState : 0
11-05 13:29:31.515 20564 20564 D ViewRootImpl@20a77b2[MainActivity]: ViewPostImeInputStage processPointer 0
11-05 13:29:31.571 20564 20564 D AbsListView: reportScrollStateChange() newState : 1
11-05 13:29:31.785 20564 20564 D ViewRootImpl@20a77b2[MainActivity]: ViewPostImeInputStage processPointer 1
11-05 13:29:31.785 20564 20564 D AbsListView: onTouchUp() mTouchMode : 3
11-05 13:29:31.785 20564 20564 D AbsListView: onTouchUp() TOUCH_MODE_SCROLL initialVelocity : -1093
11-05 13:29:31.785 20564 20564 D AbsListView: reportScrollStateChange() newState : 0
11-05 13:29:32.045 20564 20564 D ViewRootImpl@20a77b2[MainActivity]: ViewPostImeInputStage processPointer 0
11-05 13:29:32.073 20564 20564 D AbsListView: reportScrollStateChange() newState : 1
11-05 13:29:32.236 20564 20564 D ViewRootImpl@20a77b2[MainActivity]: ViewPostImeInputStage processPointer 1
11-05 13:29:32.236 20564 20564 D AbsListView: onTouchUp() mTouchMode : 3
11-05 13:29:32.236 20564 20564 D AbsListView: onTouchUp() TOUCH_MODE_SCROLL initialVelocity : 2782
11-05 13:29:32.237 20564 20564 D AbsListView: reportScrollStateChange() newState : 2
11-05 13:29:32.790 20564 20564 D ViewRootImpl@20a77b2[MainActivity]: ViewPostImeInputStage processPointer 0
11-05 13:29:32.835 20564 20564 D AbsListView: reportScrollStateChange() newState : 0
11-05 13:29:32.835 20564 20564 D AbsListView: reportScrollStateChange() newState : 1
11-05 13:29:33.102 20564 20564 D ViewRootImpl@20a77b2[MainActivity]: ViewPostImeInputStage processPointer 1
11-05 13:29:33.102 20564 20564 D AbsListView: onTouchUp() mTouchMode : 3
11-05 13:29:33.102 20564 20564 D AbsListView: onTouchUp() TOUCH_MODE_SCROLL initialVelocity : -1189
11-05 13:29:33.102 20564 20564 D AbsListView: reportScrollStateChange() newState : 2
11-05 13:29:33.760 20564 20564 D AbsListView: reportScrollStateChange() newState : 0
11-05 13:29:33.811 20564 20564 D ViewRootImpl@20a77b2[MainActivity]: ViewPostImeInputStage processPointer 0
11-05 13:29:33.843 20564 20564 D AbsListView: reportScrollStateChange() newState : 1
11-05 13:29:34.188 20564 20564 D ViewRootImpl@20a77b2[MainActivity]: ViewPostImeInputStage processPointer 1
11-05 13:29:34.189 20564 20564 D AbsListView: onTouchUp() mTouchMode : 3
11-05 13:29:34.189 20564 20564 D AbsListView: onTouchUp() TOUCH_MODE_SCROLL initialVelocity : -11
11-05 13:29:34.189 20564 20564 D AbsListView: reportScrollStateChange() newState : 0
11-05 13:29:34.945 20564 20564 D ViewRootImpl@20a77b2[MainActivity]: ViewPostImeInputStage processPointer 0
11-05 13:29:35.014 20564 20564 D ViewRootImpl@20a77b2[MainActivity]: ViewPostImeInputStage processPointer 1
11-05 13:29:35.035 20564 20564 D item_click: viewId = 2131820756, position = 21
11-05 13:29:35.078 20564 20564 D ViewRootImpl@20a77b2[MainActivity]: MSG_WINDOW_FOCUS_CHANGED 0
11-05 13:29:35.257 20564 20564 D ViewRootImpl@86db04b[DeliverActivity]: ThreadedRenderer.create() translucent=false
11-05 13:29:35.260 20564 20564 D InputTransport: Input channel constructed: fd=63
11-05 13:29:35.261 20564 20564 D ViewRootImpl@86db04b[DeliverActivity]: setView = DecorView@76d1a28[DeliverActivity] touchMode=true
11-05 13:29:35.262 20564 20564 D LOCATION_SERVICE: LocationListener gps
11-05 13:29:35.263 20564 20564 D LOCATION_SERVICE: LocationListener network
11-05 13:29:35.265 20564 20564 D LOCATION_SERVICE: onCreate
11-05 13:29:35.265 20564 20564 D LOCATION_SERVICE: initializeLocationManager
11-05 13:29:35.274 20564 20564 D LOCATION_SERVICE: onStartCommand
11-05 13:29:35.291 20564 20564 D ViewRootImpl@86db04b[DeliverActivity]: dispatchAttachedToWindow
11-05 13:29:35.323 20564 20564 D ViewRootImpl@86db04b[DeliverActivity]: Relayout returned: oldFrame=[0,0][0,0] newFrame=[0,0][768,1024] result=0x27 surface={isValid=true -2047617024} surfaceGenerationChanged=true
11-05 13:29:35.323 20564 20564 D ViewRootImpl@86db04b[DeliverActivity]: mHardwareRenderer.initialize() mSurface={isValid=true -2047617024} hwInitialized=true
11-05 13:29:35.375 20564 20564 D ViewRootImpl@86db04b[DeliverActivity]: MSG_RESIZED_REPORT: frame=Rect(0, 0 - 768, 1024) ci=Rect(0, 24 - 0, 0) vi=Rect(0, 24 - 0, 0) or=1
11-05 13:29:35.376 20564 20564 D ViewRootImpl@86db04b[DeliverActivity]: MSG_WINDOW_FOCUS_CHANGED 1
11-05 13:29:35.376 20564 20564 D ViewRootImpl@86db04b[DeliverActivity]: mHardwareRenderer.initializeIfNeeded()#2 mSurface={isValid=true -2047617024}
11-05 13:29:35.377 20564 20564 V InputMethodManager: Starting input: tba=android.view.inputmethod.EditorInfo@77d5979 nm : cz.gienger.mobile ic=null
11-05 13:29:35.377 20564 20564 I InputMethodManager: startInputInner - mService.startInputOrWindowGainedFocus
11-05 13:29:35.393 20564 20564 D InputTransport: Input channel constructed: fd=64
11-05 13:29:35.393 20564 20564 D InputTransport: Input channel destroyed: fd=77
11-05 13:29:35.399 20564 22077 D FILE_MANAGER: Copying file /data/user/0/cz.gienger.mobile/files/delivery/130AT1190427452/130AT1190427452.pdf to /storage/emulated/0/130AT1190427452.pdf
11-05 13:29:35.444 20564 20610 D OpenGLRenderer: endAllActiveAnimators on 0x88b19600 (RippleDrawable) with handle 0x87f7c770
11-05 13:29:35.444 20564 20564 D ViewRootImpl@20a77b2[MainActivity]: mHardwareRenderer.destroy()#1
11-05 13:29:35.455 20564 20564 D ViewRootImpl@20a77b2[MainActivity]: Relayout returned: oldFrame=[0,0][768,1024] newFrame=[0,0][768,1024] result=0x5 surface={isValid=false 0} surfaceGenerationChanged=true
11-05 13:29:35.789 20564 20564 D LOCATION_SERVICE: onLocationChanged: Location[network 49,191145,17,534479 acc=21 et=+1d23h20m56s132ms alt=0.0 vel=0.0 bear=0.0 {Bundle[mParcelledData.dataSize=80]}]
11-05 13:29:35.838 20564 20564 D ViewRootImpl@20a77b2[MainActivity]: Relayout returned: oldFrame=[0,0][768,1024] newFrame=[0,0][768,1024] result=0x5 surface={isValid=false 0} surfaceGenerationChanged=false
11-05 13:29:35.901 20564 22077 D FILE_MANAGER: copy ok
11-05 13:29:36.420 20564 20564 D ViewRootImpl@86db04b[DeliverActivity]: ViewPostImeInputStage processPointer 0
11-05 13:29:36.515 20564 20564 D ViewRootImpl@86db04b[DeliverActivity]: ViewPostImeInputStage processPointer 1
11-05 13:29:38.570 20564 20564 D ViewRootImpl@86db04b[DeliverActivity]: ViewPostImeInputStage processPointer 0
11-05 13:29:38.619 20564 20564 D ViewRootImpl@86db04b[DeliverActivity]: ViewPostImeInputStage processPointer 1
11-05 13:29:38.638 20564 20564 D ScrollView: initGoToTop
11-05 13:29:38.678 20564 20564 D ScrollView: onsize change changed
11-05 13:29:38.991 20564 20564 D TextView: SYANI: Clipboard API is calling: clearFilter()
11-05 13:29:38.992 20564 20564 D TextView: SYANI: Clipboard API is calling: unregisterClipboardEventListener()
11-05 13:29:38.996 20564 20564 D TextView: SYANI: Clipboard API is calling: clearFilter()
11-05 13:29:38.996 20564 20564 D TextView: SYANI: Clipboard API is calling: unregisterClipboardEventListener()
11-05 13:29:38.998 20564 20564 D TextView: SYANI: Clipboard API is calling: clearFilter()
11-05 13:29:38.999 20564 20564 D TextView: SYANI: Clipboard API is calling: unregisterClipboardEventListener()
11-05 13:29:40.151 20564 20564 D ViewRootImpl@86db04b[DeliverActivity]: ViewPostImeInputStage processPointer 0
11-05 13:29:40.209 20564 20564 D ViewRootImpl@86db04b[DeliverActivity]: ViewPostImeInputStage processPointer 1
11-05 13:29:40.745 20564 20564 D ViewRootImpl@86db04b[DeliverActivity]: ViewPostImeInputStage processPointer 0
11-05 13:29:40.804 20564 20564 D ViewRootImpl@86db04b[DeliverActivity]: ViewPostImeInputStage processPointer 1
11-05 13:29:40.815 20564 20564 V InputMethodManager: Starting input: tba=android.view.inputmethod.EditorInfo@4ab0bf7 nm : cz.gienger.mobile ic=com.android.internal.widget.EditableInputConnection@2838a64
11-05 13:29:40.815 20564 20564 I InputMethodManager: startInputInner - mService.startInputOrWindowGainedFocus
11-05 13:29:40.817 20564 20564 D InputTransport: Input channel constructed: fd=69
11-05 13:29:40.817 20564 20564 D InputTransport: Input channel destroyed: fd=64
11-05 13:29:40.817 20564 20564 D InputMethodManager: SSI - flag : 0 Pid : 20564 view : cz.gienger.mobile
11-05 13:29:41.130 20564 20564 D ViewRootImpl@86db04b[DeliverActivity]: MSG_RESIZED: frame=Rect(0, 0 - 768, 1024) ci=Rect(0, 24 - 0, 359) vi=Rect(0, 24 - 0, 359) or=1
11-05 13:29:41.153 20564 20564 D ViewRootImpl@86db04b[DeliverActivity]: Relayout returned: oldFrame=[0,0][768,1024] newFrame=[0,0][768,1024] result=0x1 surface={isValid=true -2047617024} surfaceGenerationChanged=false
11-05 13:29:41.157 20564 20564 D ScrollView: onsize change changed
11-05 13:29:42.462 20564 20564 D ViewRootImpl@86db04b[DeliverActivity]: ViewPostImeInputStage processPointer 0
11-05 13:29:42.513 20564 20564 D ViewRootImpl@86db04b[DeliverActivity]: ViewPostImeInputStage processPointer 1
11-05 13:29:42.527 20564 20564 V InputMethodManager: Starting input: tba=android.view.inputmethod.EditorInfo@b901e8 nm : cz.gienger.mobile ic=com.android.internal.widget.EditableInputConnection@ecab001
11-05 13:29:42.527 20564 20564 I InputMethodManager: startInputInner - mService.startInputOrWindowGainedFocus
11-05 13:29:42.529 20564 20564 D InputTransport: Input channel constructed: fd=64
11-05 13:29:42.529 20564 20564 D InputTransport: Input channel destroyed: fd=69
11-05 13:29:42.529 20564 20564 D InputMethodManager: SSI - flag : 0 Pid : 20564 view : cz.gienger.mobile
11-05 13:29:42.535 20564 20564 W IInputConnectionWrapper: finishComposingText on inactive InputConnection
11-05 13:29:44.261 20564 20564 D ViewRootImpl@86db04b[DeliverActivity]: ViewPostImeInputStage processPointer 0
11-05 13:29:44.333 20564 20564 D ViewRootImpl@86db04b[DeliverActivity]: ViewPostImeInputStage processPointer 1
11-05 13:29:44.346 20564 20564 V InputMethodManager: Starting input: tba=android.view.inputmethod.EditorInfo@d314b3d nm : cz.gienger.mobile ic=com.android.internal.widget.EditableInputConnection@117cf32
11-05 13:29:44.346 20564 20564 I InputMethodManager: startInputInner - mService.startInputOrWindowGainedFocus
11-05 13:29:44.348 20564 20564 D InputTransport: Input channel constructed: fd=66
11-05 13:29:44.348 20564 20564 D InputTransport: Input channel destroyed: fd=64
11-05 13:29:44.348 20564 20564 D InputMethodManager: SSI - flag : 0 Pid : 20564 view : cz.gienger.mobile
11-05 13:29:44.354 20564 20564 W IInputConnectionWrapper: finishComposingText on inactive InputConnection
11-05 13:29:48.472 20564 20564 D ViewRootImpl@86db04b[DeliverActivity]: ViewPostImeInputStage processPointer 0
11-05 13:29:48.520 20564 20564 D ViewRootImpl@86db04b[DeliverActivity]: ViewPostImeInputStage processPointer 1
11-05 13:29:48.870 20564 20564 D ViewRootImpl@86db04b[DeliverActivity]: ViewPostImeInputStage processPointer 0
11-05 13:29:48.931 20564 20564 D ViewRootImpl@86db04b[DeliverActivity]: ViewPostImeInputStage processPointer 1
11-05 13:29:49.465 20564 20564 D ViewRootImpl@86db04b[DeliverActivity]: ViewPostImeInputStage processPointer 0
11-05 13:29:49.525 20564 20564 D ViewRootImpl@86db04b[DeliverActivity]: ViewPostImeInputStage processPointer 1
11-05 13:29:49.567 20564 20564 D ScrollView: initGoToTop
11-05 13:29:49.573 20564 20564 D ScrollView: initGoToTop
11-05 13:29:49.582 20564 20564 D ViewRootImpl@28a3f37[DeliverActivity]: ThreadedRenderer.create() translucent=true
11-05 13:29:49.590 20564 20564 D InputTransport: Input channel constructed: fd=64
11-05 13:29:49.590 20564 20564 D ViewRootImpl@28a3f37[DeliverActivity]: setView = DecorView@fa9dca4[DeliverActivity] touchMode=true
11-05 13:29:49.597 20564 20564 D ViewRootImpl@28a3f37[DeliverActivity]: dispatchAttachedToWindow
11-05 13:29:49.622 20564 20564 D ViewRootImpl@28a3f37[DeliverActivity]: Relayout returned: oldFrame=[0,0][0,0] newFrame=[108,466][660,582] result=0x27 surface={isValid=true -2039486464} surfaceGenerationChanged=true
11-05 13:29:49.622 20564 20564 D ViewRootImpl@28a3f37[DeliverActivity]: mHardwareRenderer.initialize() mSurface={isValid=true -2039486464} hwInitialized=true
11-05 13:29:49.641 20564 20564 D ViewRootImpl@28a3f37[DeliverActivity]: MSG_WINDOW_FOCUS_CHANGED 1
11-05 13:29:49.641 20564 20564 D ViewRootImpl@28a3f37[DeliverActivity]: mHardwareRenderer.initializeIfNeeded()#2 mSurface={isValid=true -2039486464}
11-05 13:29:49.657 20564 20564 D ViewRootImpl@28a3f37[DeliverActivity]: MSG_RESIZED_REPORT: frame=Rect(108, 466 - 660, 582) ci=Rect(0, 0 - 0, 0) vi=Rect(0, 0 - 0, 0) or=1
11-05 13:29:49.677 20564 20575 I art : Background sticky concurrent mark sweep GC freed 216935(8MB) AllocSpace objects, 24(528KB) LOS objects, 35% free, 15MB/23MB, paused 1.372ms total 126.380ms
11-05 13:29:49.696 20564 20564 D ViewRootImpl@86db04b[DeliverActivity]: MSG_WINDOW_FOCUS_CHANGED 0
11-05 13:29:50.376 20564 20575 I art : Background partial concurrent mark sweep GC freed 324140(12MB) AllocSpace objects, 21(584KB) LOS objects, 49% free, 12MB/24MB, paused 1.148ms total 175.686ms
11-05 13:29:52.182 20564 20564 D ViewRootImpl@28a3f37[DeliverActivity]: mHardwareRenderer.destroy()#4
11-05 13:29:52.183 20564 20564 D ViewRootImpl@28a3f37[DeliverActivity]: dispatchDetachedFromWindow
11-05 13:29:52.199 20564 20564 D InputTransport: Input channel destroyed: fd=64
11-05 13:29:52.199 20564 20564 D SIGN_URI: file:///storage/emulated/0/130AT1190427452.pdf
11-05 13:29:52.237 20564 20564 D ViewRootImpl@86db04b[DeliverActivity]: MSG_WINDOW_FOCUS_CHANGED 1
11-05 13:29:52.237 20564 20564 D ViewRootImpl@86db04b[DeliverActivity]: mHardwareRenderer.initializeIfNeeded()#2 mSurface={isValid=true -2047617024}
11-05 13:29:52.248 20564 20564 E ViewRootImpl: sendUserActionEvent() returned.
11-05 13:29:52.248 20564 20564 D ViewRootImpl@86db04b[DeliverActivity]: MSG_WINDOW_FOCUS_CHANGED 0
11-05 13:29:54.127 20564 20564 D ViewRootImpl@86db04b[DeliverActivity]: mHardwareRenderer.destroy()#1
11-05 13:29:54.150 20564 20564 D ViewRootImpl@86db04b[DeliverActivity]: Relayout returned: oldFrame=[0,0][768,1024] newFrame=[0,0][768,1024] result=0x5 surface={isValid=false 0} surfaceGenerationChanged=true
11-05 13:29:54.168 20564 20564 D InputTransport: Input channel destroyed: fd=66
11-05 13:29:54.168 20564 20564 W IInputConnectionWrapper: finishComposingText on inactive InputConnection
11-05 13:29:54.168 20564 20564 W IInputConnectionWrapper: reportFullscreenMode on inexistent InputConnection
11-05 13:29:54.169 20564 20564 W IInputConnectionWrapper: finishComposingText on inactive InputConnection
11-05 13:30:09.836 20564 20564 D Graph : removeVertex() : insertDummyVertex, because there is no ancestor.
11-05 13:30:09.867 20564 20564 D ViewRootImpl@d973145[PdfArchiveActivity]: ThreadedRenderer.create() translucent=true
11-05 13:30:09.870 20564 20564 D InputTransport: Input channel constructed: fd=61
11-05 13:30:09.870 20564 20564 D ViewRootImpl@d973145[PdfArchiveActivity]: setView = DecorView@ac1309a[PdfArchiveActivity] touchMode=true
11-05 13:30:09.873 20564 20564 D ViewRootImpl@d973145[PdfArchiveActivity]: dispatchAttachedToWindow
11-05 13:30:09.899 20564 20564 D ViewRootImpl@d973145[PdfArchiveActivity]: Relayout returned: oldFrame=[0,0][0,0] newFrame=[241,456][527,568] result=0x27 surface={isValid=true -2049210368} surfaceGenerationChanged=true
11-05 13:30:09.899 20564 20564 D ViewRootImpl@d973145[PdfArchiveActivity]: mHardwareRenderer.initialize() mSurface={isValid=true -2049210368} hwInitialized=true
11-05 13:30:09.902 20564 20564 D ViewRootImpl@d973145[PdfArchiveActivity]: MSG_RESIZED_REPORT: frame=Rect(241, 456 - 527, 568) ci=Rect(0, 0 - 0, 0) vi=Rect(0, 0 - 0, 0) or=1
11-05 13:30:09.902 20564 20564 D ViewRootImpl@d973145[PdfArchiveActivity]: MSG_WINDOW_FOCUS_CHANGED 1
11-05 13:30:09.902 20564 20564 D ViewRootImpl@d973145[PdfArchiveActivity]: mHardwareRenderer.initializeIfNeeded()#2 mSurface={isValid=true -2049210368}
11-05 13:30:09.902 20564 20564 V InputMethodManager: Starting input: tba=android.view.inputmethod.EditorInfo@22ccdcb nm : cz.gienger.mobile ic=null
11-05 13:30:09.902 20564 20564 I InputMethodManager: startInputInner - mService.startInputOrWindowGainedFocus
11-05 13:30:09.904 20564 20564 D InputTransport: Input channel constructed: fd=64
11-05 13:30:10.991 20564 20564 D ViewRootImpl@d973145[PdfArchiveActivity]: mHardwareRenderer.destroy()#1
11-05 13:30:11.003 20564 20564 D ViewRootImpl@d973145[PdfArchiveActivity]: Relayout returned: oldFrame=[241,456][527,568] newFrame=[241,456][527,568] result=0x5 surface={isValid=false 0} surfaceGenerationChanged=true
11-05 13:30:11.003 20564 20564 D ViewRootImpl@d973145[PdfArchiveActivity]: MSG_WINDOW_FOCUS_CHANGED 0
11-05 13:30:11.007 20564 20564 D ViewRootImpl@86db04b[DeliverActivity]: mHardwareRenderer.destroy()#1
11-05 13:30:11.014 20564 20564 D ViewRootImpl@86db04b[DeliverActivity]: Relayout returned: oldFrame=[0,0][768,1024] newFrame=[0,0][768,1024] result=0x1 surface={isValid=false 0} surfaceGenerationChanged=false
11-05 13:30:11.042 20564 20564 D SIGNOSIGN_SIGNED: signed
11-05 13:30:11.051 20564 20564 D InputTransport: Input channel destroyed: fd=64
11-05 13:30:11.078 20564 22163 D MESSAGE_SERVICE: ACTION_COMPRESS_AND_UPLOAD
11-05 13:30:11.348 20564 20564 D ViewRootImpl@20a77b2[MainActivity]: Relayout returned: oldFrame=[0,0][768,1024] newFrame=[0,0][768,1024] result=0x7 surface={isValid=true -2048462848} surfaceGenerationChanged=true
11-05 13:30:11.349 20564 20564 D ViewRootImpl@20a77b2[MainActivity]: mHardwareRenderer.initialize() mSurface={isValid=true -2048462848} hwInitialized=true
11-05 13:30:11.435 20564 20564 D AbsListView: in onLayout changed
11-05 13:30:11.456 20564 20564 D ViewRootImpl@20a77b2[MainActivity]: MSG_WINDOW_FOCUS_CHANGED 1
11-05 13:30:11.457 20564 20564 D ViewRootImpl@20a77b2[MainActivity]: mHardwareRenderer.initializeIfNeeded()#2 mSurface={isValid=true -2048462848}
11-05 13:30:11.458 20564 20564 V InputMethodManager: Starting input: tba=android.view.inputmethod.EditorInfo@9b22d2f nm : cz.gienger.mobile ic=null
11-05 13:30:11.458 20564 20564 I InputMethodManager: startInputInner - mService.startInputOrWindowGainedFocus
11-05 13:30:11.476 20564 20564 D InputTransport: Input channel constructed: fd=67
11-05 13:30:11.542 20564 20564 D ViewRootImpl@86db04b[DeliverActivity]: mHardwareRenderer.destroy()#1
11-05 13:30:11.553 20564 20564 D ViewRootImpl@86db04b[DeliverActivity]: Relayout returned: oldFrame=[0,0][768,1024] newFrame=[0,0][768,1024] result=0x1 surface={isValid=false 0} surfaceGenerationChanged=false
11-05 13:30:11.836 20564 22163 D FILE_MANAGER: Serializing delivery /data/user/0/cz.gienger.mobile/files/finished/130AT1190427452/130AT1190427452.xml
11-05 13:30:11.836 20564 22163 D FILE_MANAGER: Null files:
11-05 13:30:12.075 20564 22163 D MYINTERCEPTOR: /GiengerService.svc/sendorder
11-05 13:30:12.076 20564 22163 D OkHttp : --> POST https://testsaig1.gienger.cz/GiengerService.svc/sendorder http/1.1
11-05 13:30:12.076 20564 22163 D OkHttp : Content-Type: text/raw
11-05 13:30:12.077 20564 22163 D OkHttp : Content-Length: 218702
11-05 13:30:12.077 20564 22163 D OkHttp : filename: 130AT1190427452.xml
11-05 13:30:12.077 20564 22163 D OkHttp : Checksum: 859ab968f266336d666f89338caf02e8
11-05 13:30:12.077 20564 22163 D OkHttp : token: eabfd6ce5e545622f7ce8815de79e0a7
11-05 13:30:12.077 20564 22163 D OkHttp : --> END POST
11-05 13:30:13.639 20564 22163 D OkHttp : <-- 200 https://testsaig1.gienger.cz/GiengerService.svc/sendorder (1561ms)
11-05 13:30:13.639 20564 22163 D OkHttp : content-type: application/xml; charset=utf-8
11-05 13:30:13.639 20564 22163 D OkHttp : server: Microsoft-IIS/10.0
11-05 13:30:13.639 20564 22163 D OkHttp : x-powered-by: ASP.NET
11-05 13:30:13.639 20564 22163 D OkHttp : date: Thu, 05 Nov 2020 12:30:12 GMT
11-05 13:30:13.639 20564 22163 D OkHttp : content-length: 175
11-05 13:30:13.639 20564 22163 D OkHttp : <-- END HTTP
11-05 13:30:13.644 20564 22163 D sendOrder_SUCCESS: 200
11-05 13:30:14.022 20564 20564 D AbsListView: in onLayout changed
11-05 13:30:14.052 20564 20564 D TextView: SYANI: Clipboard API is calling: clearFilter()
11-05 13:30:14.052 20564 20564 D TextView: SYANI: Clipboard API is calling: unregisterClipboardEventListener()
11-05 13:30:14.053 20564 20564 D TextView: SYANI: Clipboard API is calling: clearFilter()
11-05 13:30:14.053 20564 20564 D TextView: SYANI: Clipboard API is calling: unregisterClipboardEventListener()
11-05 13:30:14.054 20564 20564 D TextView: SYANI: Clipboard API is calling: clearFilter()
11-05 13:30:14.054 20564 20564 D TextView: SYANI: Clipboard API is calling: unregisterClipboardEventListener()
11-05 13:30:14.088 20564 20564 D ViewRootImpl@86db04b[DeliverActivity]: mHardwareRenderer.destroy()#4
11-05 13:30:14.088 20564 20564 D ViewRootImpl@86db04b[DeliverActivity]: dispatchDetachedFromWindow
11-05 13:30:14.098 20564 20564 D InputTransport: Input channel destroyed: fd=63
11-05 13:30:14.103 20564 20564 D ViewRootImpl@d973145[PdfArchiveActivity]: mHardwareRenderer.destroy()#4
11-05 13:30:14.103 20564 20564 D ViewRootImpl@d973145[PdfArchiveActivity]: dispatchDetachedFromWindow
11-05 13:30:14.112 20564 20564 D InputTransport: Input channel destroyed: fd=61
11-05 13:30:14.112 20564 20564 D LOCATION_SERVICE: onDestroy
11-05 13:30:14.785 20564 20564 D ViewRootImpl@20a77b2[MainActivity]: ViewPostImeInputStage processPointer 0
11-05 13:30:14.817 20564 20564 D AbsListView: reportScrollStateChange() newState : 1
11-05 13:30:15.062 20564 20564 D ViewRootImpl@20a77b2[MainActivity]: ViewPostImeInputStage processPointer 1
11-05 13:30:15.063 20564 20564 D AbsListView: onTouchUp() mTouchMode : 3
11-05 13:30:15.063 20564 20564 D AbsListView: onTouchUp() TOUCH_MODE_SCROLL initialVelocity : -35
11-05 13:30:15.063 20564 20564 D AbsListView: reportScrollStateChange() newState : 0
11-05 13:30:15.592 20564 20564 D ViewRootImpl@20a77b2[MainActivity]: ViewPostImeInputStage processPointer 0
11-05 13:30:15.663 20564 20564 D ViewRootImpl@20a77b2[MainActivity]: ViewPostImeInputStage processPointer 1
11-05 13:30:15.688 20564 20564 D item_click: viewId = 2131820758, position = 22
11-05 13:30:15.740 20564 20564 D ViewRootImpl@20a77b2[MainActivity]: MSG_WINDOW_FOCUS_CHANGED 0
11-05 13:30:15.803 20564 20564 D Graph : removeVertex() : insertDummyVertex, because there is no ancestor.
11-05 13:30:15.869 20564 20564 D ScrollView: initGoToTop
11-05 13:30:15.950 20564 20564 D ViewRootImpl@2734fa8[CancelDeliveryActivity]: ThreadedRenderer.create() translucent=false
11-05 13:30:15.954 20564 20564 D InputTransport: Input channel constructed: fd=63
11-05 13:30:15.954 20564 20564 D ViewRootImpl@2734fa8[CancelDeliveryActivity]: setView = DecorView@14e4ac1[CancelDeliveryActivity] touchMode=true
11-05 13:30:15.956 20564 20564 D LOCATION_SERVICE: LocationListener gps
11-05 13:30:15.957 20564 20564 D LOCATION_SERVICE: LocationListener network
11-05 13:30:15.958 20564 20564 D LOCATION_SERVICE: onCreate
11-05 13:30:15.958 20564 20564 D LOCATION_SERVICE: initializeLocationManager
11-05 13:30:15.968 20564 20564 D LOCATION_SERVICE: onStartCommand
11-05 13:30:16.000 20564 20564 D ViewRootImpl@2734fa8[CancelDeliveryActivity]: dispatchAttachedToWindow
11-05 13:30:16.033 20564 20564 D ViewRootImpl@2734fa8[CancelDeliveryActivity]: Relayout returned: oldFrame=[0,0][0,0] newFrame=[0,0][768,1024] result=0x27 surface={isValid=true -2047617024} surfaceGenerationChanged=true
11-05 13:30:16.033 20564 20564 D ViewRootImpl@2734fa8[CancelDeliveryActivity]: mHardwareRenderer.initialize() mSurface={isValid=true -2047617024} hwInitialized=true
11-05 13:30:16.037 20564 20564 D ScrollView: onsize change changed
11-05 13:30:16.079 20564 20564 D ViewRootImpl@2734fa8[CancelDeliveryActivity]: MSG_RESIZED_REPORT: frame=Rect(0, 0 - 768, 1024) ci=Rect(0, 24 - 0, 0) vi=Rect(0, 24 - 0, 0) or=1
11-05 13:30:16.079 20564 20564 D ViewRootImpl@2734fa8[CancelDeliveryActivity]: MSG_WINDOW_FOCUS_CHANGED 1
11-05 13:30:16.080 20564 20564 D ViewRootImpl@2734fa8[CancelDeliveryActivity]: mHardwareRenderer.initializeIfNeeded()#2 mSurface={isValid=true -2047617024}
11-05 13:30:16.084 20564 20564 V InputMethodManager: Starting input: tba=android.view.inputmethod.EditorInfo@42043b5 nm : cz.gienger.mobile ic=null
11-05 13:30:16.084 20564 20564 I InputMethodManager: startInputInner - mService.startInputOrWindowGainedFocus
11-05 13:30:16.096 20564 20564 D InputTransport: Input channel constructed: fd=64
11-05 13:30:16.096 20564 20564 D InputTransport: Input channel destroyed: fd=67
11-05 13:30:16.124 20564 20610 D OpenGLRenderer: endAllActiveAnimators on 0x88251e80 (RippleDrawable) with handle 0x87f98c90
11-05 13:30:16.124 20564 20564 D ViewRootImpl@20a77b2[MainActivity]: mHardwareRenderer.destroy()#1
11-05 13:30:16.131 20564 20564 D ViewRootImpl@20a77b2[MainActivity]: Relayout returned: oldFrame=[0,0][768,1024] newFrame=[0,0][768,1024] result=0x5 surface={isValid=false 0} surfaceGenerationChanged=true
11-05 13:30:16.544 20564 20564 D ViewRootImpl@20a77b2[MainActivity]: Relayout returned: oldFrame=[0,0][768,1024] newFrame=[0,0][768,1024] result=0x5 surface={isValid=false 0} surfaceGenerationChanged=false
11-05 13:30:17.830 20564 20564 D ViewRootImpl@2734fa8[CancelDeliveryActivity]: ViewPostImeInputStage processPointer 0
11-05 13:30:17.909 20564 20564 D ViewRootImpl@2734fa8[CancelDeliveryActivity]: ViewPostImeInputStage processPointer 1
11-05 13:30:18.863 20564 20564 D ViewRootImpl@2734fa8[CancelDeliveryActivity]: ViewPostImeInputStage processPointer 0
11-05 13:30:18.944 20564 20564 D ViewRootImpl@2734fa8[CancelDeliveryActivity]: ViewPostImeInputStage processPointer 1
11-05 13:30:18.959 20564 20564 D UNDELIVERED: Reason ID = 1, Comment =
11-05 13:30:19.053 20564 20564 D ViewRootImpl@2734fa8[CancelDeliveryActivity]: MSG_WINDOW_FOCUS_CHANGED 0
11-05 13:30:19.055 20564 22173 D MESSAGE_SERVICE: ACTION_COMPRESS_AND_UPLOAD
11-05 13:30:19.117 20564 20564 D ViewRootImpl@20a77b2[MainActivity]: mHardwareRenderer.destroy()#4
11-05 13:30:19.117 20564 20564 D ViewRootImpl@20a77b2[MainActivity]: dispatchDetachedFromWindow
11-05 13:30:19.134 20564 20564 D InputTransport: Input channel destroyed: fd=72
11-05 13:30:19.418 20564 20564 D ViewRootImpl@7c76d1[MainActivity]: ThreadedRenderer.create() translucent=false
11-05 13:30:19.422 20564 20564 D InputTransport: Input channel constructed: fd=72
11-05 13:30:19.422 20564 20564 D ViewRootImpl@7c76d1[MainActivity]: setView = DecorView@7d87536[MainActivity] touchMode=true
11-05 13:30:19.424 20564 20564 D ViewRootImpl@7c76d1[MainActivity]: dispatchAttachedToWindow
11-05 13:30:19.492 20564 20564 D ViewRootImpl@7c76d1[MainActivity]: Relayout returned: oldFrame=[0,0][0,0] newFrame=[0,0][768,1024] result=0x27 surface={isValid=true -2013685760} surfaceGenerationChanged=true
11-05 13:30:19.492 20564 20564 D ViewRootImpl@7c76d1[MainActivity]: mHardwareRenderer.initialize() mSurface={isValid=true -2013685760} hwInitialized=true
11-05 13:30:19.591 20564 20564 D AbsListView: in onLayout changed
11-05 13:30:19.605 20564 20610 D OpenGLRenderer: endAllActiveAnimators on 0x8871eb00 (RippleDrawable) with handle 0x87f7c2b0
11-05 13:30:19.605 20564 20564 D ViewRootImpl@2734fa8[CancelDeliveryActivity]: mHardwareRenderer.destroy()#1
11-05 13:30:19.612 20564 20564 D ViewRootImpl@2734fa8[CancelDeliveryActivity]: Relayout returned: oldFrame=[0,0][768,1024] newFrame=[0,0][768,1024] result=0x5 surface={isValid=false 0} surfaceGenerationChanged=true
11-05 13:30:19.681 20564 20564 D ViewRootImpl@7c76d1[MainActivity]: MSG_RESIZED_REPORT: frame=Rect(0, 0 - 768, 1024) ci=Rect(0, 24 - 0, 0) vi=Rect(0, 24 - 0, 0) or=1
11-05 13:30:19.681 20564 20564 D ViewRootImpl@7c76d1[MainActivity]: MSG_WINDOW_FOCUS_CHANGED 1
11-05 13:30:19.681 20564 20564 D ViewRootImpl@7c76d1[MainActivity]: mHardwareRenderer.initializeIfNeeded()#2 mSurface={isValid=true -2013685760}
11-05 13:30:19.682 20564 20564 V InputMethodManager: Starting input: tba=android.view.inputmethod.EditorInfo@e54481d nm : cz.gienger.mobile ic=null
11-05 13:30:19.682 20564 20564 I InputMethodManager: startInputInner - mService.startInputOrWindowGainedFocus
11-05 13:30:19.692 20564 20564 D InputTransport: Input channel constructed: fd=61
11-05 13:30:19.692 20564 20564 D InputTransport: Input channel destroyed: fd=64
11-05 13:30:19.790 20564 22173 D FILE_MANAGER: Serializing delivery /data/user/0/cz.gienger.mobile/files/finished/130AT1193902712/130AT1193902712.xml
11-05 13:30:19.790 20564 22173 D FILE_MANAGER: Null files:
11-05 13:30:19.887 20564 22173 D MYINTERCEPTOR: /GiengerService.svc/sendorder
11-05 13:30:19.887 20564 22173 D OkHttp : --> POST https://testsaig1.gienger.cz/GiengerService.svc/sendorder http/1.1
11-05 13:30:19.887 20564 22173 D OkHttp : Content-Type: text/raw
11-05 13:30:19.888 20564 22173 D OkHttp : Content-Length: 7555
11-05 13:30:19.888 20564 22173 D OkHttp : filename: 130AT1193902712.xml
11-05 13:30:19.888 20564 22173 D OkHttp : Checksum: 1c1d8b1531ed29246bd96446db84c6bb
11-05 13:30:19.888 20564 22173 D OkHttp : token: eabfd6ce5e545622f7ce8815de79e0a7
11-05 13:30:19.888 20564 22173 D OkHttp : --> END POST
11-05 13:30:20.011 20564 22173 D OkHttp : <-- 200 https://testsaig1.gienger.cz/GiengerService.svc/sendorder (123ms)
11-05 13:30:20.011 20564 22173 D OkHttp : content-type: application/xml; charset=utf-8
11-05 13:30:20.011 20564 22173 D OkHttp : server: Microsoft-IIS/10.0
11-05 13:30:20.011 20564 22173 D OkHttp : x-powered-by: ASP.NET
11-05 13:30:20.012 20564 22173 D OkHttp : date: Thu, 05 Nov 2020 12:30:18 GMT
11-05 13:30:20.012 20564 22173 D OkHttp : content-length: 175
11-05 13:30:20.012 20564 22173 D OkHttp : <-- END HTTP
11-05 13:30:20.018 20564 22173 D sendOrder_SUCCESS: 200
11-05 13:30:20.056 20564 22173 D MESSAGE_SERVICE: ACTION_RESEND_ORDERS
11-05 13:30:20.428 20564 20564 D AbsListView: in onLayout changed
11-05 13:30:20.763 20564 20564 D AbsListView: in onLayout changed
11-05 13:30:20.831 20564 20564 D TextView: SYANI: Clipboard API is calling: clearFilter()
11-05 13:30:20.831 20564 20564 D TextView: SYANI: Clipboard API is calling: unregisterClipboardEventListener()
11-05 13:30:20.842 20564 20564 D ViewRootImpl@2734fa8[CancelDeliveryActivity]: mHardwareRenderer.destroy()#4
11-05 13:30:20.842 20564 20564 D ViewRootImpl@2734fa8[CancelDeliveryActivity]: dispatchDetachedFromWindow
11-05 13:30:20.851 20564 20564 D InputTransport: Input channel destroyed: fd=63
11-05 13:30:20.852 20564 20564 D LOCATION_SERVICE: onDestroy
11-05 13:30:20.944 20564 20564 D ViewRootImpl@7c76d1[MainActivity]: ViewPostImeInputStage processPointer 0
11-05 13:30:20.998 20564 20564 D AbsListView: reportScrollStateChange() newState : 1
11-05 13:30:21.527 20564 20564 D ViewRootImpl@7c76d1[MainActivity]: ViewPostImeInputStage processPointer 1
11-05 13:30:21.529 20564 20564 D AbsListView: onTouchUp() mTouchMode : 3
11-05 13:30:21.529 20564 20564 D AbsListView: onTouchUp() TOUCH_MODE_SCROLL initialVelocity : 4977
11-05 13:30:21.529 20564 20564 D AbsListView: reportScrollStateChange() newState : 2
11-05 13:30:22.274 20564 20564 D ViewRootImpl@7c76d1[MainActivity]: ViewPostImeInputStage processPointer 0
11-05 13:30:22.335 20564 20564 D ViewRootImpl@7c76d1[MainActivity]: ViewPostImeInputStage processPointer 1
11-05 13:30:22.336 20564 20564 D AbsListView: onTouchUp() mTouchMode : 3
11-05 13:30:22.336 20564 20564 D AbsListView: onTouchUp() TOUCH_MODE_SCROLL initialVelocity : 5575
11-05 13:30:22.893 20564 20564 D ViewRootImpl@7c76d1[MainActivity]: ViewPostImeInputStage processPointer 0
11-05 13:30:22.895 20564 20564 D AbsListView: reportScrollStateChange() newState : 0
11-05 13:30:22.942 20564 20564 D ViewRootImpl@7c76d1[MainActivity]: ViewPostImeInputStage processPointer 1
11-05 13:30:22.943 20564 20564 D AbsListView: onTouchUp() mTouchMode : 3
11-05 13:30:22.943 20564 20564 D AbsListView: onTouchUp() TOUCH_MODE_SCROLL initialVelocity : 5614
11-05 13:30:23.542 20564 20564 D ViewRootImpl@7c76d1[MainActivity]: ViewPostImeInputStage processPointer 0
11-05 13:30:23.587 20564 20564 D AbsListView: reportScrollStateChange() newState : 1
11-05 13:30:23.853 20564 20564 D ViewRootImpl@7c76d1[MainActivity]: ViewPostImeInputStage processPointer 1
11-05 13:30:23.853 20564 20564 D AbsListView: onTouchUp() mTouchMode : 3
11-05 13:30:23.853 20564 20564 D AbsListView: onTouchUp() TOUCH_MODE_SCROLL initialVelocity : -1635
11-05 13:30:23.853 20564 20564 D AbsListView: reportScrollStateChange() newState : 2
11-05 13:30:24.354 20564 20564 D ViewRootImpl@7c76d1[MainActivity]: ViewPostImeInputStage processPointer 0
11-05 13:30:24.677 20564 20564 D ViewRootImpl@7c76d1[MainActivity]: ViewPostImeInputStage processPointer 1
11-05 13:30:24.678 20564 20564 D AbsListView: onTouchUp() mTouchMode : 3
11-05 13:30:24.678 20564 20564 D AbsListView: onTouchUp() TOUCH_MODE_SCROLL initialVelocity : -453
11-05 13:30:25.007 20564 20564 D AbsListView: reportScrollStateChange() newState : 0
11-05 13:30:25.249 20564 20564 D ViewRootImpl@7c76d1[MainActivity]: ViewPostImeInputStage processPointer 0
11-05 13:30:25.274 20564 20564 D AbsListView: reportScrollStateChange() newState : 1
11-05 13:30:25.515 20564 20564 D ViewRootImpl@7c76d1[MainActivity]: ViewPostImeInputStage processPointer 1
11-05 13:30:25.515 20564 20564 D AbsListView: onTouchUp() mTouchMode : 3
11-05 13:30:25.515 20564 20564 D AbsListView: onTouchUp() TOUCH_MODE_SCROLL initialVelocity : -61
11-05 13:30:25.515 20564 20564 D AbsListView: reportScrollStateChange() newState : 2
11-05 13:30:25.609 20564 20564 D AbsListView: reportScrollStateChange() newState : 0
11-05 13:30:25.789 20564 20564 D ViewRootImpl@7c76d1[MainActivity]: ViewPostImeInputStage processPointer 0
11-05 13:30:25.873 20564 20564 D ViewRootImpl@7c76d1[MainActivity]: ViewPostImeInputStage processPointer 1
11-05 13:30:25.883 20564 20564 D item_click: viewId = 2131820758, position = 6
11-05 13:30:25.930 20564 20564 D ViewRootImpl@7c76d1[MainActivity]: MSG_WINDOW_FOCUS_CHANGED 0
11-05 13:30:25.990 20564 20564 D ScrollView: initGoToTop
11-05 13:30:26.065 20564 20564 D ViewRootImpl@aa9bd0d[CancelDeliveryActivity]: ThreadedRenderer.create() translucent=false
11-05 13:30:26.074 20564 20564 D InputTransport: Input channel constructed: fd=64
11-05 13:30:26.074 20564 20564 D ViewRootImpl@aa9bd0d[CancelDeliveryActivity]: setView = DecorView@6eda4c2[CancelDeliveryActivity] touchMode=true
11-05 13:30:26.077 20564 20564 D LOCATION_SERVICE: LocationListener gps
11-05 13:30:26.078 20564 20564 D LOCATION_SERVICE: LocationListener network
11-05 13:30:26.079 20564 20564 D LOCATION_SERVICE: onCreate
11-05 13:30:26.079 20564 20564 D LOCATION_SERVICE: initializeLocationManager
11-05 13:30:26.089 20564 20564 D LOCATION_SERVICE: onStartCommand
11-05 13:30:26.099 20564 20564 D ViewRootImpl@aa9bd0d[CancelDeliveryActivity]: dispatchAttachedToWindow
11-05 13:30:26.131 20564 20575 I art : Background sticky concurrent mark sweep GC freed 228238(9MB) AllocSpace objects, 10(200KB) LOS objects, 49% free, 9MB/19MB, paused 1.311ms total 109.701ms
11-05 13:30:26.137 20564 20564 D ViewRootImpl@aa9bd0d[CancelDeliveryActivity]: Relayout returned: oldFrame=[0,0][0,0] newFrame=[0,0][768,1024] result=0x27 surface={isValid=true -2010996736} surfaceGenerationChanged=true
11-05 13:30:26.137 20564 20564 D ViewRootImpl@aa9bd0d[CancelDeliveryActivity]: mHardwareRenderer.initialize() mSurface={isValid=true -2010996736} hwInitialized=true
11-05 13:30:26.147 20564 20564 D ScrollView: onsize change changed
11-05 13:30:26.199 20564 20564 D ViewRootImpl@aa9bd0d[CancelDeliveryActivity]: MSG_RESIZED_REPORT: frame=Rect(0, 0 - 768, 1024) ci=Rect(0, 24 - 0, 0) vi=Rect(0, 24 - 0, 0) or=1
11-05 13:30:26.199 20564 20564 D ViewRootImpl@aa9bd0d[CancelDeliveryActivity]: MSG_WINDOW_FOCUS_CHANGED 1
11-05 13:30:26.200 20564 20564 D ViewRootImpl@aa9bd0d[CancelDeliveryActivity]: mHardwareRenderer.initializeIfNeeded()#2 mSurface={isValid=true -2010996736}
11-05 13:30:26.204 20564 20564 V InputMethodManager: Starting input: tba=android.view.inputmethod.EditorInfo@eb3ade6 nm : cz.gienger.mobile ic=null
11-05 13:30:26.204 20564 20564 I InputMethodManager: startInputInner - mService.startInputOrWindowGainedFocus
11-05 13:30:26.214 20564 20564 D InputTransport: Input channel constructed: fd=59
11-05 13:30:26.214 20564 20564 D InputTransport: Input channel destroyed: fd=61
11-05 13:30:26.273 20564 20610 D OpenGLRenderer: endAllActiveAnimators on 0x85da4b80 (RippleDrawable) with handle 0x888cde20
11-05 13:30:26.273 20564 20564 D ViewRootImpl@7c76d1[MainActivity]: mHardwareRenderer.destroy()#1
11-05 13:30:26.287 20564 20564 D ViewRootImpl@7c76d1[MainActivity]: Relayout returned: oldFrame=[0,0][768,1024] newFrame=[0,0][768,1024] result=0x5 surface={isValid=false 0} surfaceGenerationChanged=true
11-05 13:30:26.663 20564 20564 D ViewRootImpl@7c76d1[MainActivity]: Relayout returned: oldFrame=[0,0][768,1024] newFrame=[0,0][768,1024] result=0x5 surface={isValid=false 0} surfaceGenerationChanged=false
11-05 13:30:26.674 20564 20564 D LOCATION_SERVICE: onLocationChanged: Location[network 49,191168,17,534392 acc=21 et=+1d23h21m47s17ms alt=0.0 vel=0.0 bear=0.0 {Bundle[mParcelledData.dataSize=80]}]
11-05 13:30:27.585 20564 20564 D ViewRootImpl@aa9bd0d[CancelDeliveryActivity]: ViewPostImeInputStage processPointer 0
11-05 13:30:27.637 20564 20564 D ViewRootImpl@aa9bd0d[CancelDeliveryActivity]: ViewPostImeInputStage processPointer 1
11-05 13:30:28.481 20564 20564 D ViewRootImpl@aa9bd0d[CancelDeliveryActivity]: ViewPostImeInputStage processPointer 0
11-05 13:30:28.551 20564 20564 D ViewRootImpl@aa9bd0d[CancelDeliveryActivity]: ViewPostImeInputStage processPointer 1
11-05 13:30:28.576 20564 20564 D UNDELIVERED: Reason ID = 10, Comment =
11-05 13:30:28.674 20564 20564 D ViewRootImpl@aa9bd0d[CancelDeliveryActivity]: MSG_WINDOW_FOCUS_CHANGED 0
11-05 13:30:28.675 20564 22181 D MESSAGE_SERVICE: ACTION_COMPRESS_AND_UPLOAD
11-05 13:30:28.695 20564 20564 D ViewRootImpl@7c76d1[MainActivity]: mHardwareRenderer.destroy()#4
11-05 13:30:28.695 20564 20564 D ViewRootImpl@7c76d1[MainActivity]: dispatchDetachedFromWindow
11-05 13:30:28.706 20564 20564 D InputTransport: Input channel destroyed: fd=72
11-05 13:30:28.977 20564 20564 D ViewRootImpl@e8ed660[MainActivity]: ThreadedRenderer.create() translucent=false
11-05 13:30:28.980 20564 20564 D InputTransport: Input channel constructed: fd=72
11-05 13:30:28.981 20564 20564 D ViewRootImpl@e8ed660[MainActivity]: setView = DecorView@662b719[MainActivity] touchMode=true
11-05 13:30:28.983 20564 20564 D ViewRootImpl@e8ed660[MainActivity]: dispatchAttachedToWindow
11-05 13:30:29.045 20564 20564 D ViewRootImpl@e8ed660[MainActivity]: Relayout returned: oldFrame=[0,0][0,0] newFrame=[0,0][768,1024] result=0x27 surface={isValid=true -1993574400} surfaceGenerationChanged=true
11-05 13:30:29.045 20564 20564 D ViewRootImpl@e8ed660[MainActivity]: mHardwareRenderer.initialize() mSurface={isValid=true -1993574400} hwInitialized=true
11-05 13:30:29.129 20564 20564 D AbsListView: in onLayout changed
11-05 13:30:29.145 20564 20610 D OpenGLRenderer: endAllActiveAnimators on 0x87f8fb00 (RippleDrawable) with handle 0x88248800
11-05 13:30:29.145 20564 20564 D ViewRootImpl@aa9bd0d[CancelDeliveryActivity]: mHardwareRenderer.destroy()#1
11-05 13:30:29.154 20564 20564 D ViewRootImpl@aa9bd0d[CancelDeliveryActivity]: Relayout returned: oldFrame=[0,0][768,1024] newFrame=[0,0][768,1024] result=0x5 surface={isValid=false 0} surfaceGenerationChanged=true
11-05 13:30:29.220 20564 20564 D ViewRootImpl@e8ed660[MainActivity]: MSG_RESIZED_REPORT: frame=Rect(0, 0 - 768, 1024) ci=Rect(0, 24 - 0, 0) vi=Rect(0, 24 - 0, 0) or=1
11-05 13:30:29.220 20564 20564 D ViewRootImpl@e8ed660[MainActivity]: MSG_WINDOW_FOCUS_CHANGED 1
11-05 13:30:29.220 20564 20564 D ViewRootImpl@e8ed660[MainActivity]: mHardwareRenderer.initializeIfNeeded()#2 mSurface={isValid=true -1993574400}
11-05 13:30:29.221 20564 20564 V InputMethodManager: Starting input: tba=android.view.inputmethod.EditorInfo@98aa275 nm : cz.gienger.mobile ic=null
11-05 13:30:29.221 20564 20564 I InputMethodManager: startInputInner - mService.startInputOrWindowGainedFocus
11-05 13:30:29.231 20564 20564 D InputTransport: Input channel constructed: fd=66
11-05 13:30:29.231 20564 20564 D InputTransport: Input channel destroyed: fd=59
11-05 13:30:29.396 20564 22181 D FILE_MANAGER: Serializing delivery /data/user/0/cz.gienger.mobile/files/finished/130AT1190319623/130AT1190319623.xml
11-05 13:30:29.396 20564 22181 D FILE_MANAGER: Null files:
11-05 13:30:29.483 20564 22181 D MYINTERCEPTOR: /GiengerService.svc/sendorder
11-05 13:30:29.484 20564 22181 D OkHttp : --> POST https://testsaig1.gienger.cz/GiengerService.svc/sendorder http/1.1
11-05 13:30:29.484 20564 22181 D OkHttp : Content-Type: text/raw
11-05 13:30:29.485 20564 22181 D OkHttp : Content-Length: 7260
11-05 13:30:29.485 20564 22181 D OkHttp : filename: 130AT1190319623.xml
11-05 13:30:29.485 20564 22181 D OkHttp : Checksum: d46ef7b0ba5fde3d31a23586cd993044
11-05 13:30:29.485 20564 22181 D OkHttp : token: eabfd6ce5e545622f7ce8815de79e0a7
11-05 13:30:29.485 20564 22181 D OkHttp : --> END POST
11-05 13:30:29.989 20564 22181 D OkHttp : <-- 200 https://testsaig1.gienger.cz/GiengerService.svc/sendorder (504ms)
11-05 13:30:29.990 20564 22181 D OkHttp : content-type: application/xml; charset=utf-8
11-05 13:30:29.990 20564 22181 D OkHttp : server: Microsoft-IIS/10.0
11-05 13:30:29.990 20564 22181 D OkHttp : x-powered-by: ASP.NET
11-05 13:30:29.990 20564 22181 D OkHttp : date: Thu, 05 Nov 2020 12:30:28 GMT
11-05 13:30:29.990 20564 22181 D OkHttp : content-length: 175
11-05 13:30:29.990 20564 22181 D OkHttp : <-- END HTTP
11-05 13:30:29.996 20564 22181 D sendOrder_SUCCESS: 200
11-05 13:30:30.040 20564 22181 D MESSAGE_SERVICE: ACTION_RESEND_ORDERS
11-05 13:30:30.400 20564 20564 D AbsListView: in onLayout changed
11-05 13:30:30.714 20564 20564 D AbsListView: in onLayout changed
11-05 13:30:30.789 20564 20564 D TextView: SYANI: Clipboard API is calling: clearFilter()
11-05 13:30:30.789 20564 20564 D TextView: SYANI: Clipboard API is calling: unregisterClipboardEventListener()
11-05 13:30:30.798 20564 20564 D ViewRootImpl@aa9bd0d[CancelDeliveryActivity]: mHardwareRenderer.destroy()#4
11-05 13:30:30.798 20564 20564 D ViewRootImpl@aa9bd0d[CancelDeliveryActivity]: dispatchDetachedFromWindow
11-05 13:30:30.808 20564 20564 D InputTransport: Input channel destroyed: fd=64
11-05 13:30:30.809 20564 20564 D LOCATION_SERVICE: onDestroy
11-05 13:30:31.056 20564 20564 D ViewRootImpl@e8ed660[MainActivity]: ViewPostImeInputStage processPointer 0
11-05 13:30:31.103 20564 20564 D AbsListView: reportScrollStateChange() newState : 1
11-05 13:30:31.489 20564 20564 D ViewRootImpl@e8ed660[MainActivity]: ViewPostImeInputStage processPointer 1
11-05 13:30:31.489 20564 20564 D AbsListView: onTouchUp() mTouchMode : 3
11-05 13:30:31.489 20564 20564 D AbsListView: onTouchUp() TOUCH_MODE_SCROLL initialVelocity : -71
11-05 13:30:31.489 20564 20564 D AbsListView: reportScrollStateChange() newState : 2
11-05 13:30:31.590 20564 20564 D AbsListView: reportScrollStateChange() newState : 0
11-05 13:31:51.617 20564 20564 D ViewRootImpl@e8ed660[MainActivity]: MSG_RESIZED_REPORT: frame=Rect(0, 0 - 768, 1024) ci=Rect(0, 24 - 0, 0) vi=Rect(0, 24 - 0, 0) or=1
11-05 13:31:51.661 20564 20564 D ViewRootImpl@e8ed660[MainActivity]: Relayout returned: oldFrame=[0,0][768,1024] newFrame=[0,0][768,1024] result=0x1 surface={isValid=true -1993574400} surfaceGenerationChanged=false
11-05 13:31:51.745 20564 20564 D AbsListView: in onLayout changed
11-05 13:31:53.256 20564 20564 D ViewRootImpl@e8ed660[MainActivity]: ViewPostImeInputStage processPointer 0
11-05 13:31:53.316 20564 20564 D ViewRootImpl@e8ed660[MainActivity]: ViewPostImeInputStage processPointer 1
11-05 13:31:53.347 20564 20564 D item_click: viewId = 2131820756, position = 7
11-05 13:31:53.390 20564 20564 D ViewRootImpl@e8ed660[MainActivity]: MSG_WINDOW_FOCUS_CHANGED 0
11-05 13:31:53.537 20564 20564 D ViewRootImpl@64a3384[DeliverActivity]: ThreadedRenderer.create() translucent=false
11-05 13:31:53.540 20564 20564 D InputTransport: Input channel constructed: fd=64
11-05 13:31:53.540 20564 20564 D ViewRootImpl@64a3384[DeliverActivity]: setView = DecorView@562576d[DeliverActivity] touchMode=true
11-05 13:31:53.544 20564 20564 D ViewRootImpl@64a3384[DeliverActivity]: dispatchAttachedToWindow
11-05 13:31:53.575 20564 20564 D ViewRootImpl@64a3384[DeliverActivity]: Relayout returned: oldFrame=[0,0][0,0] newFrame=[0,0][768,1024] result=0x27 surface={isValid=true -2010822656} surfaceGenerationChanged=true
11-05 13:31:53.575 20564 20564 D ViewRootImpl@64a3384[DeliverActivity]: mHardwareRenderer.initialize() mSurface={isValid=true -2010822656} hwInitialized=true
11-05 13:31:53.591 20564 20564 D LOCATION_SERVICE: LocationListener gps
11-05 13:31:53.592 20564 20564 D LOCATION_SERVICE: LocationListener network
11-05 13:31:53.593 20564 20564 D LOCATION_SERVICE: onCreate
11-05 13:31:53.594 20564 20564 D LOCATION_SERVICE: initializeLocationManager
11-05 13:31:53.603 20564 20564 D LOCATION_SERVICE: onStartCommand
11-05 13:31:53.654 20564 20564 D ViewRootImpl@64a3384[DeliverActivity]: MSG_RESIZED_REPORT: frame=Rect(0, 0 - 768, 1024) ci=Rect(0, 24 - 0, 0) vi=Rect(0, 24 - 0, 0) or=1
11-05 13:31:53.654 20564 20564 D ViewRootImpl@64a3384[DeliverActivity]: MSG_WINDOW_FOCUS_CHANGED 1
11-05 13:31:53.655 20564 20564 D ViewRootImpl@64a3384[DeliverActivity]: mHardwareRenderer.initializeIfNeeded()#2 mSurface={isValid=true -2010822656}
11-05 13:31:53.656 20564 20564 V InputMethodManager: Starting input: tba=android.view.inputmethod.EditorInfo@bea80fa nm : cz.gienger.mobile ic=null
11-05 13:31:53.656 20564 20564 I InputMethodManager: startInputInner - mService.startInputOrWindowGainedFocus
11-05 13:31:53.671 20564 20564 D InputTransport: Input channel constructed: fd=68
11-05 13:31:53.671 20564 20564 D InputTransport: Input channel destroyed: fd=66
11-05 13:31:53.687 20564 22249 D FILE_MANAGER: Copying file /data/user/0/cz.gienger.mobile/files/delivery/130AT1190319647/130AT1190319647.pdf to /storage/emulated/0/130AT1190319647.pdf
11-05 13:31:53.716 20564 20610 D OpenGLRenderer: endAllActiveAnimators on 0x88be0680 (RippleDrawable) with handle 0x87f39160
11-05 13:31:53.716 20564 20564 D ViewRootImpl@e8ed660[MainActivity]: mHardwareRenderer.destroy()#1
11-05 13:31:53.725 20564 20564 D ViewRootImpl@e8ed660[MainActivity]: Relayout returned: oldFrame=[0,0][768,1024] newFrame=[0,0][768,1024] result=0x5 surface={isValid=false 0} surfaceGenerationChanged=true
11-05 13:31:54.121 20564 20564 D ViewRootImpl@e8ed660[MainActivity]: Relayout returned: oldFrame=[0,0][768,1024] newFrame=[0,0][768,1024] result=0x5 surface={isValid=false 0} surfaceGenerationChanged=false
11-05 13:31:54.189 20564 22249 D FILE_MANAGER: copy ok
11-05 13:31:54.547 20564 20564 D ViewRootImpl@64a3384[DeliverActivity]: ViewPostImeInputStage processPointer 0
11-05 13:31:54.619 20564 20564 D ViewRootImpl@64a3384[DeliverActivity]: ViewPostImeInputStage processPointer 1
11-05 13:31:56.279 20564 20564 D ViewRootImpl@64a3384[DeliverActivity]: ViewPostImeInputStage processPointer 0
