11-05 13:33:21.225 20564 20564 D ViewRootImpl: updatePointerIcon pointerType = 20001, calling pid = 20564
11-05 13:33:21.226 20564 20564 D InputManager: setPointerIconType iconId = 20001, callingPid = 20564
11-05 13:33:21.310 20564 20564 D ViewRootImpl@3e5ed3a[MainActivity]: ViewPostImeInputStage processPointer 0
11-05 13:33:21.312 20564 20564 D ViewRootImpl: updatePointerIcon pointerType = 20001, calling pid = 20564
11-05 13:33:21.312 20564 20564 D InputManager: setPointerIconType iconId = 20001, callingPid = 20564
11-05 13:33:21.325 20564 20564 D AbsListView: reportScrollStateChange() newState : 1
11-05 13:33:21.823 20564 20564 D ViewRootImpl@3e5ed3a[MainActivity]: ViewPostImeInputStage processPointer 1
11-05 13:33:21.823 20564 20564 D AbsListView: onTouchUp() mTouchMode : 3
11-05 13:33:21.824 20564 20564 D AbsListView: onTouchUp() TOUCH_MODE_SCROLL initialVelocity : 149
11-05 13:33:21.824 20564 20564 D AbsListView: reportScrollStateChange() newState : 2
11-05 13:33:21.829 20564 20564 D ViewRootImpl: updatePointerIcon pointerType = 20001, calling pid = 20564
11-05 13:33:21.829 20564 20564 D InputManager: setPointerIconType iconId = 20001, callingPid = 20564
11-05 13:33:21.830 20564 20564 D ViewRootImpl: updatePointerIcon pointerType = 20001, calling pid = 20564
11-05 13:33:21.831 20564 20564 D InputManager: setPointerIconType iconId = 20001, callingPid = 20564
11-05 13:33:21.994 20564 20564 D AbsListView: reportScrollStateChange() newState : 0
11-05 13:33:23.387 20564 20564 D ViewRootImpl@3e5ed3a[MainActivity]: ViewPostImeInputStage processPointer 0
11-05 13:33:23.461 20564 20564 D AbsListView: reportScrollStateChange() newState : 1
11-05 13:33:23.684 20564 20564 D ViewRootImpl@3e5ed3a[MainActivity]: ViewPostImeInputStage processPointer 1
11-05 13:33:23.684 20564 20564 D AbsListView: onTouchUp() mTouchMode : 3
11-05 13:33:23.684 20564 20564 D AbsListView: onTouchUp() TOUCH_MODE_SCROLL initialVelocity : 0
11-05 13:33:23.684 20564 20564 D AbsListView: reportScrollStateChange() newState : 0
11-05 13:33:24.809 20564 20564 D ViewRootImpl@3e5ed3a[MainActivity]: ViewPostImeInputStage processPointer 0
11-05 13:33:24.889 20564 20564 D ViewRootImpl@3e5ed3a[MainActivity]: ViewPostImeInputStage processPointer 1
11-05 13:33:24.905 20564 20564 D item_click: viewId = 2131820758, position = 25
11-05 13:33:24.954 20564 20564 D ViewRootImpl@3e5ed3a[MainActivity]: MSG_WINDOW_FOCUS_CHANGED 0
11-05 13:33:25.003 20564 20564 D ScrollView: initGoToTop
11-05 13:33:25.068 20564 20564 D ViewRootImpl@847922e[CancelDeliveryActivity]: ThreadedRenderer.create() translucent=false
11-05 13:33:25.075 20564 20564 D InputTransport: Input channel constructed: fd=64
11-05 13:33:25.075 20564 20564 D ViewRootImpl@847922e[CancelDeliveryActivity]: setView = DecorView@29771cf[CancelDeliveryActivity] touchMode=true
11-05 13:33:25.078 20564 20564 D LOCATION_SERVICE: LocationListener gps
11-05 13:33:25.078 20564 20564 D LOCATION_SERVICE: LocationListener network
11-05 13:33:25.079 20564 20564 D LOCATION_SERVICE: onCreate
11-05 13:33:25.080 20564 20564 D LOCATION_SERVICE: initializeLocationManager
11-05 13:33:25.088 20564 20564 D LOCATION_SERVICE: onStartCommand
11-05 13:33:25.119 20564 20564 D ViewRootImpl@847922e[CancelDeliveryActivity]: dispatchAttachedToWindow
11-05 13:33:25.161 20564 20564 D ViewRootImpl@847922e[CancelDeliveryActivity]: Relayout returned: oldFrame=[0,0][0,0] newFrame=[0,0][768,1024] result=0x27 surface={isValid=true -2048512000} surfaceGenerationChanged=true
11-05 13:33:25.161 20564 20564 D ViewRootImpl@847922e[CancelDeliveryActivity]: mHardwareRenderer.initialize() mSurface={isValid=true -2048512000} hwInitialized=true
11-05 13:33:25.165 20564 20564 D ScrollView: onsize change changed
11-05 13:33:25.205 20564 20564 D ViewRootImpl@847922e[CancelDeliveryActivity]: MSG_RESIZED_REPORT: frame=Rect(0, 0 - 768, 1024) ci=Rect(0, 24 - 0, 0) vi=Rect(0, 24 - 0, 0) or=1
11-05 13:33:25.205 20564 20564 D ViewRootImpl@847922e[CancelDeliveryActivity]: MSG_WINDOW_FOCUS_CHANGED 1
11-05 13:33:25.206 20564 20564 D ViewRootImpl@847922e[CancelDeliveryActivity]: mHardwareRenderer.initializeIfNeeded()#2 mSurface={isValid=true -2048512000}
11-05 13:33:25.210 20564 20564 V InputMethodManager: Starting input: tba=android.view.inputmethod.EditorInfo@4271d60 nm : cz.gienger.mobile ic=null
11-05 13:33:25.210 20564 20564 I InputMethodManager: startInputInner - mService.startInputOrWindowGainedFocus
11-05 13:33:25.222 20564 20564 D InputTransport: Input channel constructed: fd=70
11-05 13:33:25.222 20564 20564 D InputTransport: Input channel destroyed: fd=67
11-05 13:33:25.263 20564 20610 D OpenGLRenderer: endAllActiveAnimators on 0x892b6780 (RippleDrawable) with handle 0x890c4910
11-05 13:33:25.264 20564 20564 D ViewRootImpl@3e5ed3a[MainActivity]: mHardwareRenderer.destroy()#1
11-05 13:33:25.270 20564 20564 D ViewRootImpl@3e5ed3a[MainActivity]: Relayout returned: oldFrame=[0,0][768,1024] newFrame=[0,0][768,1024] result=0x5 surface={isValid=false 0} surfaceGenerationChanged=true
11-05 13:33:25.674 20564 20564 D ViewRootImpl@3e5ed3a[MainActivity]: Relayout returned: oldFrame=[0,0][768,1024] newFrame=[0,0][768,1024] result=0x5 surface={isValid=false 0} surfaceGenerationChanged=false
11-05 13:33:25.703 20564 20564 D LOCATION_SERVICE: onLocationChanged: Location[network 49,191178,17,534442 acc=21 et=+1d23h24m46s41ms alt=0.0 vel=0.0 bear=0.0 {Bundle[mParcelledData.dataSize=80]}]
11-05 13:33:25.859 20564 20564 D ViewRootImpl@847922e[CancelDeliveryActivity]: ViewPostImeInputStage processPointer 0
11-05 13:33:25.921 20564 20564 D ViewRootImpl@847922e[CancelDeliveryActivity]: ViewPostImeInputStage processPointer 1
11-05 13:33:26.421 20564 20564 D ViewRootImpl@847922e[CancelDeliveryActivity]: ViewPostImeInputStage processPointer 0
11-05 13:33:26.482 20564 20564 D ViewRootImpl@847922e[CancelDeliveryActivity]: ViewPostImeInputStage processPointer 1
11-05 13:33:27.087 20564 20564 D ViewRootImpl@847922e[CancelDeliveryActivity]: ViewPostImeInputStage processPointer 0
11-05 13:33:27.146 20564 20564 D ViewRootImpl@847922e[CancelDeliveryActivity]: ViewPostImeInputStage processPointer 1
11-05 13:33:27.164 20564 20564 D UNDELIVERED: Reason ID = 3, Comment =
11-05 13:33:27.262 20564 20564 D ViewRootImpl@847922e[CancelDeliveryActivity]: MSG_WINDOW_FOCUS_CHANGED 0
11-05 13:33:27.265 20564 22365 D MESSAGE_SERVICE: ACTION_COMPRESS_AND_UPLOAD
11-05 13:33:27.297 20564 20564 D ViewRootImpl@3e5ed3a[MainActivity]: mHardwareRenderer.destroy()#4
11-05 13:33:27.297 20564 20564 D ViewRootImpl@3e5ed3a[MainActivity]: dispatchDetachedFromWindow
11-05 13:33:27.307 20564 20564 D InputTransport: Input channel destroyed: fd=68
11-05 13:33:27.574 20564 20564 D ViewRootImpl@4800d75[MainActivity]: ThreadedRenderer.create() translucent=false
11-05 13:33:27.581 20564 20564 D InputTransport: Input channel constructed: fd=75
11-05 13:33:27.581 20564 20564 D ViewRootImpl@4800d75[MainActivity]: setView = DecorView@c1d910a[MainActivity] touchMode=true
11-05 13:33:27.584 20564 20564 D ViewRootImpl@4800d75[MainActivity]: dispatchAttachedToWindow
11-05 13:33:27.648 20564 20564 D ViewRootImpl@4800d75[MainActivity]: Relayout returned: oldFrame=[0,0][0,0] newFrame=[0,0][768,1024] result=0x27 surface={isValid=true -2015227904} surfaceGenerationChanged=true
11-05 13:33:27.648 20564 20564 D ViewRootImpl@4800d75[MainActivity]: mHardwareRenderer.initialize() mSurface={isValid=true -2015227904} hwInitialized=true
11-05 13:33:27.732 20564 20564 D AbsListView: in onLayout changed
11-05 13:33:27.753 20564 20610 D OpenGLRenderer: endAllActiveAnimators on 0x89290c00 (RippleDrawable) with handle 0x892d30e0
11-05 13:33:27.753 20564 20564 D ViewRootImpl@847922e[CancelDeliveryActivity]: mHardwareRenderer.destroy()#1
11-05 13:33:27.761 20564 20564 D ViewRootImpl@847922e[CancelDeliveryActivity]: Relayout returned: oldFrame=[0,0][768,1024] newFrame=[0,0][768,1024] result=0x5 surface={isValid=false 0} surfaceGenerationChanged=true
11-05 13:33:27.823 20564 20564 D ViewRootImpl@4800d75[MainActivity]: MSG_RESIZED_REPORT: frame=Rect(0, 0 - 768, 1024) ci=Rect(0, 24 - 0, 0) vi=Rect(0, 24 - 0, 0) or=1
11-05 13:33:27.824 20564 20564 D ViewRootImpl@4800d75[MainActivity]: MSG_WINDOW_FOCUS_CHANGED 1
11-05 13:33:27.824 20564 20564 D ViewRootImpl@4800d75[MainActivity]: mHardwareRenderer.initializeIfNeeded()#2 mSurface={isValid=true -2015227904}
11-05 13:33:27.825 20564 20564 V InputMethodManager: Starting input: tba=android.view.inputmethod.EditorInfo@deaa7f7 nm : cz.gienger.mobile ic=null
11-05 13:33:27.825 20564 20564 I InputMethodManager: startInputInner - mService.startInputOrWindowGainedFocus
11-05 13:33:27.832 20564 20564 D InputTransport: Input channel constructed: fd=67
11-05 13:33:27.833 20564 20564 D InputTransport: Input channel destroyed: fd=70
11-05 13:33:27.989 20564 22365 D FILE_MANAGER: Serializing delivery /data/user/0/cz.gienger.mobile/files/finished/130AT1191103614/130AT1191103614.xml
11-05 13:33:27.989 20564 22365 D FILE_MANAGER: Null files:
11-05 13:33:28.070 20564 22365 D MYINTERCEPTOR: /GiengerService.svc/sendorder
11-05 13:33:28.071 20564 22365 D OkHttp : --> POST https://testsaig1.gienger.cz/GiengerService.svc/sendorder http/1.1
11-05 13:33:28.071 20564 22365 D OkHttp : Content-Type: text/raw
11-05 13:33:28.071 20564 22365 D OkHttp : Content-Length: 3074
11-05 13:33:28.071 20564 22365 D OkHttp : filename: 130AT1191103614.xml
11-05 13:33:28.071 20564 22365 D OkHttp : Checksum: efa2caea6e805184ffd5f09f45075d7c
11-05 13:33:28.071 20564 22365 D OkHttp : token: eabfd6ce5e545622f7ce8815de79e0a7
11-05 13:33:28.071 20564 22365 D OkHttp : --> END POST
11-05 13:33:28.576 20564 22365 D OkHttp : <-- 200 https://testsaig1.gienger.cz/GiengerService.svc/sendorder (504ms)
11-05 13:33:28.576 20564 22365 D OkHttp : content-type: application/xml; charset=utf-8
11-05 13:33:28.576 20564 22365 D OkHttp : server: Microsoft-IIS/10.0
11-05 13:33:28.577 20564 22365 D OkHttp : x-powered-by: ASP.NET
11-05 13:33:28.577 20564 22365 D OkHttp : date: Thu, 05 Nov 2020 12:33:27 GMT
11-05 13:33:28.577 20564 22365 D OkHttp : content-length: 175
11-05 13:33:28.577 20564 22365 D OkHttp : <-- END HTTP
11-05 13:33:28.582 20564 22365 D sendOrder_SUCCESS: 200
11-05 13:33:28.625 20564 22365 D MESSAGE_SERVICE: ACTION_RESEND_ORDERS
11-05 13:33:28.972 20564 20564 D AbsListView: in onLayout changed
11-05 13:33:29.268 20564 20564 D AbsListView: in onLayout changed
11-05 13:33:29.321 20564 20564 D TextView: SYANI: Clipboard API is calling: clearFilter()
11-05 13:33:29.321 20564 20564 D TextView: SYANI: Clipboard API is calling: unregisterClipboardEventListener()
11-05 13:33:29.328 20564 20564 D ViewRootImpl@847922e[CancelDeliveryActivity]: mHardwareRenderer.destroy()#4
11-05 13:33:29.328 20564 20564 D ViewRootImpl@847922e[CancelDeliveryActivity]: dispatchDetachedFromWindow
11-05 13:33:29.334 20564 20564 D InputTransport: Input channel destroyed: fd=64
11-05 13:33:29.334 20564 20564 D LOCATION_SERVICE: onDestroy
11-05 13:33:29.484 20564 20564 D ViewRootImpl@4800d75[MainActivity]: ViewPostImeInputStage processPointer 0
11-05 13:33:29.508 20564 20564 D AbsListView: reportScrollStateChange() newState : 1
11-05 13:33:29.867 20564 20564 D ViewRootImpl@4800d75[MainActivity]: ViewPostImeInputStage processPointer 1
11-05 13:33:29.867 20564 20564 D AbsListView: onTouchUp() mTouchMode : 3
11-05 13:33:29.867 20564 20564 D AbsListView: onTouchUp() TOUCH_MODE_SCROLL initialVelocity : 127
11-05 13:33:29.867 20564 20564 D AbsListView: reportScrollStateChange() newState : 2
11-05 13:33:30.009 20564 20564 D AbsListView: reportScrollStateChange() newState : 0
11-05 13:33:30.043 20564 20564 D ViewRootImpl@4800d75[MainActivity]: ViewPostImeInputStage processPointer 0
11-05 13:33:30.076 20564 20564 D AbsListView: reportScrollStateChange() newState : 1
11-05 13:33:30.697 20564 20564 D ViewRootImpl@4800d75[MainActivity]: ViewPostImeInputStage processPointer 1
11-05 13:33:30.697 20564 20564 D AbsListView: onTouchUp() mTouchMode : 3
11-05 13:33:30.697 20564 20564 D AbsListView: onTouchUp() TOUCH_MODE_SCROLL initialVelocity : 1224
11-05 13:33:30.697 20564 20564 D AbsListView: reportScrollStateChange() newState : 2
11-05 13:33:31.084 20564 20564 D ViewRootImpl@4800d75[MainActivity]: ViewPostImeInputStage processPointer 0
11-05 13:33:31.365 20564 20564 D AbsListView: reportScrollStateChange() newState : 0
11-05 13:33:31.366 20564 20564 D AbsListView: reportScrollStateChange() newState : 1
11-05 13:33:31.470 20564 20564 D ViewRootImpl@4800d75[MainActivity]: ViewPostImeInputStage processPointer 1
11-05 13:33:31.471 20564 20564 D AbsListView: onTouchUp() mTouchMode : 3
11-05 13:33:31.471 20564 20564 D AbsListView: onTouchUp() TOUCH_MODE_SCROLL initialVelocity : 1465
11-05 13:33:31.471 20564 20564 D AbsListView: reportScrollStateChange() newState : 2
11-05 13:33:31.953 20564 20564 D ViewRootImpl@4800d75[MainActivity]: ViewPostImeInputStage processPointer 0
11-05 13:33:32.201 20564 20564 D AbsListView: reportScrollStateChange() newState : 0
11-05 13:33:32.202 20564 20564 D AbsListView: reportScrollStateChange() newState : 1
11-05 13:33:32.319 20564 20564 D ViewRootImpl@4800d75[MainActivity]: ViewPostImeInputStage processPointer 1
11-05 13:33:32.319 20564 20564 D AbsListView: onTouchUp() mTouchMode : 3
11-05 13:33:32.319 20564 20564 D AbsListView: onTouchUp() TOUCH_MODE_SCROLL initialVelocity : 51
11-05 13:33:32.319 20564 20564 D AbsListView: reportScrollStateChange() newState : 2
11-05 13:33:32.401 20564 20564 D AbsListView: reportScrollStateChange() newState : 0
11-05 13:33:32.455 20564 20564 D ViewRootImpl@4800d75[MainActivity]: ViewPostImeInputStage processPointer 0
11-05 13:33:32.528 20564 20564 D ViewRootImpl@4800d75[MainActivity]: ViewPostImeInputStage processPointer 1
11-05 13:33:32.541 20564 20564 D item_click: viewId = 2131820758, position = 16
11-05 13:33:32.588 20564 20564 D ViewRootImpl@4800d75[MainActivity]: MSG_WINDOW_FOCUS_CHANGED 0
11-05 13:33:32.642 20564 20564 D ScrollView: initGoToTop
11-05 13:33:32.718 20564 20564 D ViewRootImpl@927f951[CancelDeliveryActivity]: ThreadedRenderer.create() translucent=false
11-05 13:33:32.722 20564 20564 D InputTransport: Input channel constructed: fd=64
11-05 13:33:32.722 20564 20564 D ViewRootImpl@927f951[CancelDeliveryActivity]: setView = DecorView@9a205b6[CancelDeliveryActivity] touchMode=true
11-05 13:33:32.726 20564 20564 D LOCATION_SERVICE: LocationListener gps
11-05 13:33:32.727 20564 20564 D LOCATION_SERVICE: LocationListener network
11-05 13:33:32.728 20564 20564 D LOCATION_SERVICE: onCreate
11-05 13:33:32.728 20564 20564 D LOCATION_SERVICE: initializeLocationManager
11-05 13:33:32.751 20564 20564 D LOCATION_SERVICE: onStartCommand
11-05 13:33:32.757 20564 20564 D ViewRootImpl@927f951[CancelDeliveryActivity]: dispatchAttachedToWindow
11-05 13:33:32.794 20564 20564 D ViewRootImpl@927f951[CancelDeliveryActivity]: Relayout returned: oldFrame=[0,0][0,0] newFrame=[0,0][768,1024] result=0x27 surface={isValid=true -2026547200} surfaceGenerationChanged=true
11-05 13:33:32.795 20564 20564 D ViewRootImpl@927f951[CancelDeliveryActivity]: mHardwareRenderer.initialize() mSurface={isValid=true -2026547200} hwInitialized=true
11-05 13:33:32.801 20564 20564 D ScrollView: onsize change changed
11-05 13:33:32.848 20564 20564 D ViewRootImpl@927f951[CancelDeliveryActivity]: MSG_RESIZED_REPORT: frame=Rect(0, 0 - 768, 1024) ci=Rect(0, 24 - 0, 0) vi=Rect(0, 24 - 0, 0) or=1
11-05 13:33:32.849 20564 20564 D ViewRootImpl@927f951[CancelDeliveryActivity]: MSG_WINDOW_FOCUS_CHANGED 1
11-05 13:33:32.849 20564 20564 D ViewRootImpl@927f951[CancelDeliveryActivity]: mHardwareRenderer.initializeIfNeeded()#2 mSurface={isValid=true -2026547200}
11-05 13:33:32.854 20564 20564 V InputMethodManager: Starting input: tba=android.view.inputmethod.EditorInfo@603fc9a nm : cz.gienger.mobile ic=null
11-05 13:33:32.854 20564 20564 I InputMethodManager: startInputInner - mService.startInputOrWindowGainedFocus
11-05 13:33:32.860 20564 20564 D InputTransport: Input channel constructed: fd=72
11-05 13:33:32.860 20564 20564 D InputTransport: Input channel destroyed: fd=67
11-05 13:33:32.907 20564 20610 D OpenGLRenderer: endAllActiveAnimators on 0x88b28300 (RippleDrawable) with handle 0x88afe450
11-05 13:33:32.907 20564 20564 D ViewRootImpl@4800d75[MainActivity]: mHardwareRenderer.destroy()#1
11-05 13:33:32.913 20564 20564 D ViewRootImpl@4800d75[MainActivity]: Relayout returned: oldFrame=[0,0][768,1024] newFrame=[0,0][768,1024] result=0x5 surface={isValid=false 0} surfaceGenerationChanged=true
11-05 13:33:33.290 20564 20564 D ViewRootImpl@4800d75[MainActivity]: Relayout returned: oldFrame=[0,0][768,1024] newFrame=[0,0][768,1024] result=0x5 surface={isValid=false 0} surfaceGenerationChanged=false
11-05 13:33:33.908 20564 20564 D ViewRootImpl@927f951[CancelDeliveryActivity]: ViewPostImeInputStage processPointer 0
11-05 13:33:33.979 20564 20564 D ViewRootImpl@927f951[CancelDeliveryActivity]: ViewPostImeInputStage processPointer 1
11-05 13:33:34.622 20564 20564 D ViewRootImpl@927f951[CancelDeliveryActivity]: ViewPostImeInputStage processPointer 0
11-05 13:33:34.691 20564 20564 D ViewRootImpl@927f951[CancelDeliveryActivity]: ViewPostImeInputStage processPointer 1
11-05 13:33:34.722 20564 20564 D UNDELIVERED: Reason ID = 1, Comment =
11-05 13:33:34.812 20564 20564 D ViewRootImpl@927f951[CancelDeliveryActivity]: MSG_WINDOW_FOCUS_CHANGED 0
11-05 13:33:34.813 20564 22373 D MESSAGE_SERVICE: ACTION_COMPRESS_AND_UPLOAD
11-05 13:33:34.845 20564 20564 D ViewRootImpl@4800d75[MainActivity]: mHardwareRenderer.destroy()#4
11-05 13:33:34.846 20564 20564 D ViewRootImpl@4800d75[MainActivity]: dispatchDetachedFromWindow
11-05 13:33:34.852 20564 20564 D InputTransport: Input channel destroyed: fd=75
11-05 13:33:35.129 20564 20564 D ViewRootImpl@77f8147[MainActivity]: ThreadedRenderer.create() translucent=false
11-05 13:33:35.133 20564 20564 D InputTransport: Input channel constructed: fd=75
11-05 13:33:35.133 20564 20564 D ViewRootImpl@77f8147[MainActivity]: setView = DecorView@e97dd74[MainActivity] touchMode=true
11-05 13:33:35.135 20564 20564 D ViewRootImpl@77f8147[MainActivity]: dispatchAttachedToWindow
11-05 13:33:35.187 20564 20564 D ViewRootImpl@77f8147[MainActivity]: Relayout returned: oldFrame=[0,0][0,0] newFrame=[0,0][768,1024] result=0x27 surface={isValid=true -2012829696} surfaceGenerationChanged=true
11-05 13:33:35.188 20564 20564 D ViewRootImpl@77f8147[MainActivity]: mHardwareRenderer.initialize() mSurface={isValid=true -2012829696} hwInitialized=true
11-05 13:33:35.300 20564 20564 D AbsListView: in onLayout changed
11-05 13:33:35.316 20564 20610 D OpenGLRenderer: endAllActiveAnimators on 0x87367100 (RippleDrawable) with handle 0x8800c380
11-05 13:33:35.316 20564 20564 D ViewRootImpl@927f951[CancelDeliveryActivity]: mHardwareRenderer.destroy()#1
11-05 13:33:35.326 20564 20564 D ViewRootImpl@927f951[CancelDeliveryActivity]: Relayout returned: oldFrame=[0,0][768,1024] newFrame=[0,0][768,1024] result=0x5 surface={isValid=false 0} surfaceGenerationChanged=true
11-05 13:33:35.385 20564 20564 D ViewRootImpl@77f8147[MainActivity]: MSG_RESIZED_REPORT: frame=Rect(0, 0 - 768, 1024) ci=Rect(0, 24 - 0, 0) vi=Rect(0, 24 - 0, 0) or=1
11-05 13:33:35.385 20564 20564 D ViewRootImpl@77f8147[MainActivity]: MSG_WINDOW_FOCUS_CHANGED 1
11-05 13:33:35.385 20564 20564 D ViewRootImpl@77f8147[MainActivity]: mHardwareRenderer.initializeIfNeeded()#2 mSurface={isValid=true -2012829696}
11-05 13:33:35.386 20564 20564 V InputMethodManager: Starting input: tba=android.view.inputmethod.EditorInfo@4f6ce73 nm : cz.gienger.mobile ic=null
11-05 13:33:35.386 20564 20564 I InputMethodManager: startInputInner - mService.startInputOrWindowGainedFocus
11-05 13:33:35.396 20564 20564 D InputTransport: Input channel constructed: fd=67
11-05 13:33:35.396 20564 20564 D InputTransport: Input channel destroyed: fd=72
11-05 13:33:35.530 20564 22373 D FILE_MANAGER: Serializing delivery /data/user/0/cz.gienger.mobile/files/finished/130AT1193902696/130AT1193902696.xml
11-05 13:33:35.530 20564 22373 D FILE_MANAGER: Null files:
11-05 13:33:35.677 20564 22373 D MYINTERCEPTOR: /GiengerService.svc/sendorder
11-05 13:33:35.677 20564 22373 D OkHttp : --> POST https://testsaig1.gienger.cz/GiengerService.svc/sendorder http/1.1
11-05 13:33:35.678 20564 22373 D OkHttp : Content-Type: text/raw
11-05 13:33:35.678 20564 22373 D OkHttp : Content-Length: 3397
11-05 13:33:35.678 20564 22373 D OkHttp : filename: 130AT1193902696.xml
11-05 13:33:35.678 20564 22373 D OkHttp : Checksum: 9c524059f8575fd0d8ccd45b582c611d
11-05 13:33:35.678 20564 22373 D OkHttp : token: eabfd6ce5e545622f7ce8815de79e0a7
11-05 13:33:35.678 20564 22373 D OkHttp : --> END POST
11-05 13:33:35.706 20564 20575 I art : Background partial concurrent mark sweep GC freed 134879(6MB) AllocSpace objects, 18(456KB) LOS objects, 47% free, 13MB/25MB, paused 2.375ms total 170.250ms
11-05 13:33:36.247 20564 22373 D OkHttp : <-- 200 https://testsaig1.gienger.cz/GiengerService.svc/sendorder (568ms)
11-05 13:33:36.247 20564 22373 D OkHttp : content-type: application/xml; charset=utf-8
11-05 13:33:36.247 20564 22373 D OkHttp : server: Microsoft-IIS/10.0
11-05 13:33:36.247 20564 22373 D OkHttp : x-powered-by: ASP.NET
11-05 13:33:36.247 20564 22373 D OkHttp : date: Thu, 05 Nov 2020 12:33:35 GMT
11-05 13:33:36.247 20564 22373 D OkHttp : content-length: 175
11-05 13:33:36.247 20564 22373 D OkHttp : <-- END HTTP
11-05 13:33:36.252 20564 22373 D sendOrder_SUCCESS: 200
11-05 13:33:36.287 20564 22373 D MESSAGE_SERVICE: ACTION_RESEND_ORDERS
11-05 13:33:36.657 20564 20564 D AbsListView: in onLayout changed
11-05 13:33:36.979 20564 20564 D AbsListView: in onLayout changed
11-05 13:33:37.032 20564 20564 D Graph : removeVertex() : insertDummyVertex, because there is no ancestor.
11-05 13:33:37.032 20564 20564 D Graph : removeVertex() : insertDummyVertex, because there is no ancestor.
11-05 13:33:37.032 20564 20564 D Graph : removeVertex() : insertDummyVertex, because there is no ancestor.
11-05 13:33:37.042 20564 20564 D TextView: SYANI: Clipboard API is calling: clearFilter()
11-05 13:33:37.043 20564 20564 D TextView: SYANI: Clipboard API is calling: unregisterClipboardEventListener()
11-05 13:33:37.053 20564 20564 D ViewRootImpl@927f951[CancelDeliveryActivity]: mHardwareRenderer.destroy()#4
11-05 13:33:37.053 20564 20564 D ViewRootImpl@927f951[CancelDeliveryActivity]: dispatchDetachedFromWindow
11-05 13:33:37.061 20564 20564 D InputTransport: Input channel destroyed: fd=64
11-05 13:33:37.062 20564 20564 D LOCATION_SERVICE: onDestroy
11-05 13:33:37.124 20564 20564 D ViewRootImpl@77f8147[MainActivity]: ViewPostImeInputStage processPointer 0
11-05 13:33:37.161 20564 20564 D ViewRootImpl@77f8147[MainActivity]: ViewPostImeInputStage processPointer 1
11-05 13:33:37.180 20564 20564 D item_click: viewId = 2131820758, position = 15
11-05 13:33:37.229 20564 20564 D ViewRootImpl@77f8147[MainActivity]: MSG_WINDOW_FOCUS_CHANGED 0
11-05 13:33:37.282 20564 20564 D ScrollView: initGoToTop
11-05 13:33:37.344 20564 20564 D ViewRootImpl@c6013ae[CancelDeliveryActivity]: ThreadedRenderer.create() translucent=false
11-05 13:33:37.347 20564 20564 D InputTransport: Input channel constructed: fd=69
11-05 13:33:37.348 20564 20564 D ViewRootImpl@c6013ae[CancelDeliveryActivity]: setView = DecorView@17b954f[CancelDeliveryActivity] touchMode=true
11-05 13:33:37.349 20564 20564 D LOCATION_SERVICE: LocationListener gps
11-05 13:33:37.350 20564 20564 D LOCATION_SERVICE: LocationListener network
11-05 13:33:37.351 20564 20564 D LOCATION_SERVICE: onCreate
11-05 13:33:37.351 20564 20564 D LOCATION_SERVICE: initializeLocationManager
11-05 13:33:37.359 20564 20564 D LOCATION_SERVICE: onStartCommand
11-05 13:33:37.368 20564 20564 D ViewRootImpl@c6013ae[CancelDeliveryActivity]: dispatchAttachedToWindow
11-05 13:33:37.402 20564 20564 D ViewRootImpl@c6013ae[CancelDeliveryActivity]: Relayout returned: oldFrame=[0,0][0,0] newFrame=[0,0][768,1024] result=0x27 surface={isValid=true -2049212416} surfaceGenerationChanged=true
11-05 13:33:37.403 20564 20564 D ViewRootImpl@c6013ae[CancelDeliveryActivity]: mHardwareRenderer.initialize() mSurface={isValid=true -2049212416} hwInitialized=true
11-05 13:33:37.408 20564 20564 D ScrollView: onsize change changed
11-05 13:33:37.453 20564 20564 D ViewRootImpl@c6013ae[CancelDeliveryActivity]: MSG_RESIZED_REPORT: frame=Rect(0, 0 - 768, 1024) ci=Rect(0, 24 - 0, 0) vi=Rect(0, 24 - 0, 0) or=1
11-05 13:33:37.453 20564 20564 D ViewRootImpl@c6013ae[CancelDeliveryActivity]: MSG_WINDOW_FOCUS_CHANGED 1
11-05 13:33:37.454 20564 20564 D ViewRootImpl@c6013ae[CancelDeliveryActivity]: mHardwareRenderer.initializeIfNeeded()#2 mSurface={isValid=true -2049212416}
11-05 13:33:37.458 20564 20564 V InputMethodManager: Starting input: tba=android.view.inputmethod.EditorInfo@76b2912 nm : cz.gienger.mobile ic=null
11-05 13:33:37.458 20564 20564 I InputMethodManager: startInputInner - mService.startInputOrWindowGainedFocus
11-05 13:33:37.473 20564 20564 D InputTransport: Input channel constructed: fd=90
11-05 13:33:37.473 20564 20564 D InputTransport: Input channel destroyed: fd=67
11-05 13:33:37.518 20564 20610 D OpenGLRenderer: endAllActiveAnimators on 0x8888b080 (RippleDrawable) with handle 0x867c4bf0
11-05 13:33:37.519 20564 20564 D ViewRootImpl@77f8147[MainActivity]: mHardwareRenderer.destroy()#1
11-05 13:33:37.527 20564 20564 D ViewRootImpl@77f8147[MainActivity]: Relayout returned: oldFrame=[0,0][768,1024] newFrame=[0,0][768,1024] result=0x5 surface={isValid=false 0} surfaceGenerationChanged=true
11-05 13:33:37.918 20564 20564 D ViewRootImpl@77f8147[MainActivity]: Relayout returned: oldFrame=[0,0][768,1024] newFrame=[0,0][768,1024] result=0x5 surface={isValid=false 0} surfaceGenerationChanged=false
11-05 13:33:37.940 20564 20564 D LOCATION_SERVICE: onLocationChanged: Location[network 49,191184,17,534415 acc=20 et=+1d23h24m58s282ms alt=0.0 vel=0.0 bear=0.0 {Bundle[mParcelledData.dataSize=80]}]
11-05 13:33:39.866 20564 20564 D ViewRootImpl@c6013ae[CancelDeliveryActivity]: ViewPostImeInputStage processPointer 0
11-05 13:33:39.946 20564 20564 D ViewRootImpl@c6013ae[CancelDeliveryActivity]: ViewPostImeInputStage processPointer 1
11-05 13:33:40.470 20564 20564 D ViewRootImpl@c6013ae[CancelDeliveryActivity]: ViewPostImeInputStage processPointer 0
11-05 13:33:40.542 20564 20564 D ViewRootImpl@c6013ae[CancelDeliveryActivity]: ViewPostImeInputStage processPointer 1
11-05 13:33:40.560 20564 20564 D UNDELIVERED: Reason ID = 0, Comment =
11-05 13:33:40.646 20564 22379 D MESSAGE_SERVICE: ACTION_COMPRESS_AND_UPLOAD
11-05 13:33:40.646 20564 20564 D ViewRootImpl@c6013ae[CancelDeliveryActivity]: MSG_WINDOW_FOCUS_CHANGED 0
11-05 13:33:40.712 20564 20564 D ViewRootImpl@77f8147[MainActivity]: mHardwareRenderer.destroy()#4
11-05 13:33:40.712 20564 20564 D ViewRootImpl@77f8147[MainActivity]: dispatchDetachedFromWindow
11-05 13:33:40.722 20564 20564 D InputTransport: Input channel destroyed: fd=75
11-05 13:33:40.993 20564 20564 D ViewRootImpl@da8f639[MainActivity]: ThreadedRenderer.create() translucent=false
11-05 13:33:40.997 20564 20564 D InputTransport: Input channel constructed: fd=73
11-05 13:33:40.997 20564 20564 D ViewRootImpl@da8f639[MainActivity]: setView = DecorView@50c647e[MainActivity] touchMode=true
11-05 13:33:41.001 20564 20564 D ViewRootImpl@da8f639[MainActivity]: dispatchAttachedToWindow
11-05 13:33:41.061 20564 20564 D ViewRootImpl@da8f639[MainActivity]: Relayout returned: oldFrame=[0,0][0,0] newFrame=[0,0][768,1024] result=0x27 surface={isValid=true -2013794304} surfaceGenerationChanged=true
11-05 13:33:41.062 20564 20564 D ViewRootImpl@da8f639[MainActivity]: mHardwareRenderer.initialize() mSurface={isValid=true -2013794304} hwInitialized=true
11-05 13:33:41.166 20564 20564 D AbsListView: in onLayout changed
11-05 13:33:41.179 20564 20610 D OpenGLRenderer: endAllActiveAnimators on 0x88b28300 (RippleDrawable) with handle 0x87f39870
11-05 13:33:41.180 20564 20564 D ViewRootImpl@c6013ae[CancelDeliveryActivity]: mHardwareRenderer.destroy()#1
11-05 13:33:41.188 20564 20564 D ViewRootImpl@c6013ae[CancelDeliveryActivity]: Relayout returned: oldFrame=[0,0][768,1024] newFrame=[0,0][768,1024] result=0x5 surface={isValid=false 0} surfaceGenerationChanged=true
11-05 13:33:41.249 20564 20564 D ViewRootImpl@da8f639[MainActivity]: MSG_RESIZED_REPORT: frame=Rect(0, 0 - 768, 1024) ci=Rect(0, 24 - 0, 0) vi=Rect(0, 24 - 0, 0) or=1
11-05 13:33:41.249 20564 20564 D ViewRootImpl@da8f639[MainActivity]: MSG_WINDOW_FOCUS_CHANGED 1
11-05 13:33:41.249 20564 20564 D ViewRootImpl@da8f639[MainActivity]: mHardwareRenderer.initializeIfNeeded()#2 mSurface={isValid=true -2013794304}
11-05 13:33:41.251 20564 20564 V InputMethodManager: Starting input: tba=android.view.inputmethod.EditorInfo@55cdc05 nm : cz.gienger.mobile ic=null
11-05 13:33:41.251 20564 20564 I InputMethodManager: startInputInner - mService.startInputOrWindowGainedFocus
11-05 13:33:41.259 20564 20564 D InputTransport: Input channel constructed: fd=68
11-05 13:33:41.259 20564 20564 D InputTransport: Input channel destroyed: fd=90
11-05 13:33:41.370 20564 22379 D FILE_MANAGER: Serializing delivery /data/user/0/cz.gienger.mobile/files/finished/130AT1193305504/130AT1193305504.xml
11-05 13:33:41.370 20564 22379 D FILE_MANAGER: Null files:
11-05 13:33:41.443 20564 22379 D MYINTERCEPTOR: /GiengerService.svc/sendorder
11-05 13:33:41.444 20564 22379 D OkHttp : --> POST https://testsaig1.gienger.cz/GiengerService.svc/sendorder http/1.1
11-05 13:33:41.444 20564 22379 D OkHttp : Content-Type: text/raw
11-05 13:33:41.444 20564 22379 D OkHttp : Content-Length: 3401
11-05 13:33:41.444 20564 22379 D OkHttp : filename: 130AT1193305504.xml
11-05 13:33:41.444 20564 22379 D OkHttp : Checksum: de3531a7b21dc6f9d12e950fdda10af9
11-05 13:33:41.444 20564 22379 D OkHttp : token: eabfd6ce5e545622f7ce8815de79e0a7
11-05 13:33:41.444 20564 22379 D OkHttp : --> END POST
11-05 13:33:41.876 20564 22379 D OkHttp : <-- 200 https://testsaig1.gienger.cz/GiengerService.svc/sendorder (431ms)
11-05 13:33:41.876 20564 22379 D OkHttp : content-type: application/xml; charset=utf-8
11-05 13:33:41.876 20564 22379 D OkHttp : server: Microsoft-IIS/10.0
11-05 13:33:41.876 20564 22379 D OkHttp : x-powered-by: ASP.NET
11-05 13:33:41.877 20564 22379 D OkHttp : date: Thu, 05 Nov 2020 12:33:40 GMT
11-05 13:33:41.877 20564 22379 D OkHttp : content-length: 175
11-05 13:33:41.877 20564 22379 D OkHttp : <-- END HTTP
11-05 13:33:41.881 20564 22379 D sendOrder_SUCCESS: 200
11-05 13:33:41.931 20564 22379 D MESSAGE_SERVICE: ACTION_RESEND_ORDERS
11-05 13:33:42.089 20564 20575 I art : Background sticky concurrent mark sweep GC freed 233770(9MB) AllocSpace objects, 14(300KB) LOS objects, 37% free, 15MB/25MB, paused 2.364ms total 115.228ms
11-05 13:33:42.314 20564 20564 D AbsListView: in onLayout changed
11-05 13:33:42.644 20564 20564 D AbsListView: in onLayout changed
11-05 13:33:42.704 20564 20564 D TextView: SYANI: Clipboard API is calling: clearFilter()
11-05 13:33:42.704 20564 20564 D TextView: SYANI: Clipboard API is calling: unregisterClipboardEventListener()
11-05 13:33:42.715 20564 20564 D ViewRootImpl@c6013ae[CancelDeliveryActivity]: mHardwareRenderer.destroy()#4
11-05 13:33:42.715 20564 20564 D ViewRootImpl@c6013ae[CancelDeliveryActivity]: dispatchDetachedFromWindow
11-05 13:33:42.723 20564 20564 D InputTransport: Input channel destroyed: fd=69
11-05 13:33:42.724 20564 20564 D ViewRootImpl@da8f639[MainActivity]: ViewPostImeInputStage processPointer 0
11-05 13:33:42.725 20564 20564 D LOCATION_SERVICE: onDestroy
11-05 13:33:42.755 20564 20564 D AbsListView: reportScrollStateChange() newState : 1
11-05 13:33:43.396 20564 20564 D ViewRootImpl@da8f639[MainActivity]: ViewPostImeInputStage processPointer 1
11-05 13:33:43.397 20564 20564 D AbsListView: onTouchUp() mTouchMode : 3
11-05 13:33:43.397 20564 20564 D AbsListView: onTouchUp() TOUCH_MODE_SCROLL initialVelocity : 1069
11-05 13:33:43.397 20564 20564 D AbsListView: reportScrollStateChange() newState : 2
11-05 13:33:43.833 20564 20564 D ViewRootImpl@da8f639[MainActivity]: ViewPostImeInputStage processPointer 0
11-05 13:33:43.996 20564 20564 D AbsListView: reportScrollStateChange() newState : 0
11-05 13:33:43.997 20564 20564 D AbsListView: reportScrollStateChange() newState : 1
11-05 13:33:44.274 20564 20564 D ViewRootImpl@da8f639[MainActivity]: ViewPostImeInputStage processPointer 1
11-05 13:33:44.274 20564 20564 D AbsListView: onTouchUp() mTouchMode : 3
11-05 13:33:44.274 20564 20564 D AbsListView: onTouchUp() TOUCH_MODE_SCROLL initialVelocity : 44
11-05 13:33:44.274 20564 20564 D AbsListView: reportScrollStateChange() newState : 0
11-05 13:33:44.524 20564 20564 D ViewRootImpl@da8f639[MainActivity]: ViewPostImeInputStage processPointer 0
11-05 13:33:44.617 20564 20564 D ViewRootImpl@da8f639[MainActivity]: ViewPostImeInputStage processPointer 1
11-05 13:33:44.632 20564 20564 D item_click: viewId = 2131820758, position = 12
11-05 13:33:44.676 20564 20564 D ViewRootImpl@da8f639[MainActivity]: MSG_WINDOW_FOCUS_CHANGED 0
11-05 13:33:44.733 20564 20564 D ScrollView: initGoToTop
11-05 13:33:44.799 20564 20564 D ViewRootImpl@5bd1679[CancelDeliveryActivity]: ThreadedRenderer.create() translucent=false
11-05 13:33:44.803 20564 20564 D InputTransport: Input channel constructed: fd=67
11-05 13:33:44.803 20564 20564 D ViewRootImpl@5bd1679[CancelDeliveryActivity]: setView = DecorView@8f19fbe[CancelDeliveryActivity] touchMode=true
11-05 13:33:44.811 20564 20564 D ViewRootImpl@5bd1679[CancelDeliveryActivity]: dispatchAttachedToWindow
11-05 13:33:44.859 20564 20564 D ViewRootImpl@5bd1679[CancelDeliveryActivity]: Relayout returned: oldFrame=[0,0][0,0] newFrame=[0,0][768,1024] result=0x27 surface={isValid=true -2012465152} surfaceGenerationChanged=true
11-05 13:33:44.859 20564 20564 D ViewRootImpl@5bd1679[CancelDeliveryActivity]: mHardwareRenderer.initialize() mSurface={isValid=true -2012465152} hwInitialized=true
11-05 13:33:44.865 20564 20564 D ScrollView: onsize change changed
11-05 13:33:44.867 20564 20564 D LOCATION_SERVICE: LocationListener gps
11-05 13:33:44.868 20564 20564 D LOCATION_SERVICE: LocationListener network
11-05 13:33:44.869 20564 20564 D LOCATION_SERVICE: onCreate
11-05 13:33:44.869 20564 20564 D LOCATION_SERVICE: initializeLocationManager
11-05 13:33:44.899 20564 20564 D LOCATION_SERVICE: onStartCommand
11-05 13:33:45.001 20564 20564 D ViewRootImpl@5bd1679[CancelDeliveryActivity]: MSG_RESIZED_REPORT: frame=Rect(0, 0 - 768, 1024) ci=Rect(0, 24 - 0, 0) vi=Rect(0, 24 - 0, 0) or=1
11-05 13:33:45.001 20564 20564 D ViewRootImpl@5bd1679[CancelDeliveryActivity]: MSG_WINDOW_FOCUS_CHANGED 1
11-05 13:33:45.001 20564 20564 D ViewRootImpl@5bd1679[CancelDeliveryActivity]: mHardwareRenderer.initializeIfNeeded()#2 mSurface={isValid=true -2012465152}
11-05 13:33:45.006 20564 20564 V InputMethodManager: Starting input: tba=android.view.inputmethod.EditorInfo@92fc1ed nm : cz.gienger.mobile ic=null
11-05 13:33:45.006 20564 20564 I InputMethodManager: startInputInner - mService.startInputOrWindowGainedFocus
11-05 13:33:45.031 20564 20564 D InputTransport: Input channel constructed: fd=69
11-05 13:33:45.033 20564 20564 D InputTransport: Input channel destroyed: fd=68
11-05 13:33:45.080 20564 20610 D OpenGLRenderer: endAllActiveAnimators on 0x887c1e80 (RippleDrawable) with handle 0x867e3700
11-05 13:33:45.080 20564 20564 D ViewRootImpl@da8f639[MainActivity]: mHardwareRenderer.destroy()#1
11-05 13:33:45.087 20564 20564 D ViewRootImpl@da8f639[MainActivity]: Relayout returned: oldFrame=[0,0][768,1024] newFrame=[0,0][768,1024] result=0x5 surface={isValid=false 0} surfaceGenerationChanged=true
11-05 13:33:45.486 20564 20564 D ViewRootImpl@da8f639[MainActivity]: Relayout returned: oldFrame=[0,0][768,1024] newFrame=[0,0][768,1024] result=0x5 surface={isValid=false 0} surfaceGenerationChanged=false
11-05 13:33:46.724 20564 20564 D ViewRootImpl@5bd1679[CancelDeliveryActivity]: ViewPostImeInputStage processPointer 0
11-05 13:33:46.822 20564 20564 D ViewRootImpl@5bd1679[CancelDeliveryActivity]: ViewPostImeInputStage processPointer 1
11-05 13:33:47.445 20564 20564 D ViewRootImpl@5bd1679[CancelDeliveryActivity]: ViewPostImeInputStage processPointer 0
11-05 13:33:47.506 20564 20564 D ViewRootImpl@5bd1679[CancelDeliveryActivity]: ViewPostImeInputStage processPointer 1
11-05 13:33:47.532 20564 20564 D UNDELIVERED: Reason ID = 9, Comment =
11-05 13:33:47.628 20564 22386 D MESSAGE_SERVICE: ACTION_COMPRESS_AND_UPLOAD
11-05 13:33:47.628 20564 20564 D ViewRootImpl@5bd1679[CancelDeliveryActivity]: MSG_WINDOW_FOCUS_CHANGED 0
11-05 13:33:47.666 20564 20564 D ViewRootImpl@da8f639[MainActivity]: mHardwareRenderer.destroy()#4
11-05 13:33:47.666 20564 20564 D ViewRootImpl@da8f639[MainActivity]: dispatchDetachedFromWindow
11-05 13:33:47.673 20564 20564 D InputTransport: Input channel destroyed: fd=73
11-05 13:33:47.957 20564 20564 D ViewRootImpl@a115489[MainActivity]: ThreadedRenderer.create() translucent=false
11-05 13:33:47.960 20564 20564 D InputTransport: Input channel constructed: fd=75
11-05 13:33:47.960 20564 20564 D ViewRootImpl@a115489[MainActivity]: setView = DecorView@c18ec8e[MainActivity] touchMode=true
11-05 13:33:47.963 20564 20564 D ViewRootImpl@a115489[MainActivity]: dispatchAttachedToWindow
11-05 13:33:48.027 20564 20564 D ViewRootImpl@a115489[MainActivity]: Relayout returned: oldFrame=[0,0][0,0] newFrame=[0,0][768,1024] result=0x27 surface={isValid=true -2000922624} surfaceGenerationChanged=true
11-05 13:33:48.027 20564 20564 D ViewRootImpl@a115489[MainActivity]: mHardwareRenderer.initialize() mSurface={isValid=true -2000922624} hwInitialized=true
11-05 13:33:48.122 20564 20564 D AbsListView: in onLayout changed
11-05 13:33:48.147 20564 20610 D OpenGLRenderer: endAllActiveAnimators on 0x87fb1d00 (RippleDrawable) with handle 0x87f9ee80
11-05 13:33:48.147 20564 20564 D ViewRootImpl@5bd1679[CancelDeliveryActivity]: mHardwareRenderer.destroy()#1
11-05 13:33:48.158 20564 20564 D ViewRootImpl@5bd1679[CancelDeliveryActivity]: Relayout returned: oldFrame=[0,0][768,1024] newFrame=[0,0][768,1024] result=0x5 surface={isValid=false 0} surfaceGenerationChanged=true
11-05 13:33:48.227 20564 20564 D ViewRootImpl@a115489[MainActivity]: MSG_RESIZED_REPORT: frame=Rect(0, 0 - 768, 1024) ci=Rect(0, 24 - 0, 0) vi=Rect(0, 24 - 0, 0) or=1
11-05 13:33:48.228 20564 20564 D ViewRootImpl@a115489[MainActivity]: MSG_WINDOW_FOCUS_CHANGED 1
11-05 13:33:48.228 20564 20564 D ViewRootImpl@a115489[MainActivity]: mHardwareRenderer.initializeIfNeeded()#2 mSurface={isValid=true -2000922624}
11-05 13:33:48.229 20564 20564 V InputMethodManager: Starting input: tba=android.view.inputmethod.EditorInfo@69ecdba nm : cz.gienger.mobile ic=null
11-05 13:33:48.229 20564 20564 I InputMethodManager: startInputInner - mService.startInputOrWindowGainedFocus
11-05 13:33:48.237 20564 20564 D InputTransport: Input channel constructed: fd=73
11-05 13:33:48.238 20564 20564 D InputTransport: Input channel destroyed: fd=69
11-05 13:33:48.350 20564 22386 D FILE_MANAGER: Serializing delivery /data/user/0/cz.gienger.mobile/files/finished/130AT1193305221/130AT1193305221.xml
11-05 13:33:48.350 20564 22386 D FILE_MANAGER: Null files:
11-05 13:33:48.428 20564 22386 D MYINTERCEPTOR: /GiengerService.svc/sendorder
11-05 13:33:48.429 20564 22386 D OkHttp : --> POST https://testsaig1.gienger.cz/GiengerService.svc/sendorder http/1.1
11-05 13:33:48.429 20564 22386 D OkHttp : Content-Type: text/raw
11-05 13:33:48.430 20564 22386 D OkHttp : Content-Length: 3031
11-05 13:33:48.430 20564 22386 D OkHttp : filename: 130AT1193305221.xml
11-05 13:33:48.430 20564 22386 D OkHttp : Checksum: 6784277eedae6a63894115d3a9ce442f
11-05 13:33:48.430 20564 22386 D OkHttp : token: eabfd6ce5e545622f7ce8815de79e0a7
11-05 13:33:48.430 20564 22386 D OkHttp : --> END POST
11-05 13:33:50.435 20564 22386 D OkHttp : <-- 200 https://testsaig1.gienger.cz/GiengerService.svc/sendorder (2005ms)
11-05 13:33:50.435 20564 22386 D OkHttp : content-type: application/xml; charset=utf-8
11-05 13:33:50.435 20564 22386 D OkHttp : server: Microsoft-IIS/10.0
11-05 13:33:50.435 20564 22386 D OkHttp : x-powered-by: ASP.NET
11-05 13:33:50.436 20564 22386 D OkHttp : date: Thu, 05 Nov 2020 12:33:49 GMT
11-05 13:33:50.436 20564 22386 D OkHttp : content-length: 175
11-05 13:33:50.436 20564 22386 D OkHttp : <-- END HTTP
11-05 13:33:50.441 20564 22386 D sendOrder_SUCCESS: 200
11-05 13:33:50.480 20564 22386 D MESSAGE_SERVICE: ACTION_RESEND_ORDERS
11-05 13:33:50.834 20564 20564 D AbsListView: in onLayout changed
11-05 13:33:51.144 20564 20564 D AbsListView: in onLayout changed
11-05 13:33:51.204 20564 20564 D TextView: SYANI: Clipboard API is calling: clearFilter()
11-05 13:33:51.204 20564 20564 D TextView: SYANI: Clipboard API is calling: unregisterClipboardEventListener()
11-05 13:33:51.212 20564 20564 D ViewRootImpl@5bd1679[CancelDeliveryActivity]: mHardwareRenderer.destroy()#4
11-05 13:33:51.212 20564 20564 D ViewRootImpl@5bd1679[CancelDeliveryActivity]: dispatchDetachedFromWindow
11-05 13:33:51.220 20564 20564 D InputTransport: Input channel destroyed: fd=67
11-05 13:33:51.220 20564 20564 D LOCATION_SERVICE: onDestroy
11-05 13:33:51.307 20564 20564 D ViewRootImpl@a115489[MainActivity]: ViewPostImeInputStage processPointer 0
11-05 13:33:51.340 20564 20564 D AbsListView: reportScrollStateChange() newState : 1
11-05 13:33:51.839 20564 20564 D ViewRootImpl@a115489[MainActivity]: ViewPostImeInputStage processPointer 1
11-05 13:33:51.839 20564 20564 D AbsListView: onTouchUp() mTouchMode : 3
11-05 13:33:51.840 20564 20564 D AbsListView: onTouchUp() TOUCH_MODE_SCROLL initialVelocity : 90
11-05 13:33:51.840 20564 20564 D AbsListView: reportScrollStateChange() newState : 2
11-05 13:33:51.958 20564 20564 D AbsListView: reportScrollStateChange() newState : 0
11-05 13:33:52.264 20564 20564 D ViewRootImpl@a115489[MainActivity]: ViewPostImeInputStage processPointer 0
11-05 13:33:52.292 20564 20564 D AbsListView: reportScrollStateChange() newState : 1
11-05 13:33:53.240 20564 20564 D ViewRootImpl@a115489[MainActivity]: ViewPostImeInputStage processPointer 1
11-05 13:33:53.240 20564 20564 D AbsListView: onTouchUp() mTouchMode : 3
11-05 13:33:53.240 20564 20564 D AbsListView: onTouchUp() TOUCH_MODE_SCROLL initialVelocity : -3
11-05 13:33:53.240 20564 20564 D AbsListView: reportScrollStateChange() newState : 0
11-05 13:33:53.414 20564 20564 D ViewRootImpl@a115489[MainActivity]: ViewPostImeInputStage processPointer 0
11-05 13:33:53.483 20564 20564 D ViewRootImpl@a115489[MainActivity]: ViewPostImeInputStage processPointer 1
11-05 13:33:53.504 20564 20564 D item_click: viewId = 2131820758, position = 10
11-05 13:33:53.557 20564 20564 D ViewRootImpl@a115489[MainActivity]: MSG_WINDOW_FOCUS_CHANGED 0
11-05 13:33:53.610 20564 20564 D ScrollView: initGoToTop
11-05 13:33:53.672 20564 20564 D ViewRootImpl@9fb75be[CancelDeliveryActivity]: ThreadedRenderer.create() translucent=false
11-05 13:33:53.676 20564 20564 D InputTransport: Input channel constructed: fd=67
11-05 13:33:53.676 20564 20564 D ViewRootImpl@9fb75be[CancelDeliveryActivity]: setView = DecorView@ce5361f[CancelDeliveryActivity] touchMode=true
11-05 13:33:53.677 20564 20564 D LOCATION_SERVICE: LocationListener gps
11-05 13:33:53.678 20564 20564 D LOCATION_SERVICE: LocationListener network
11-05 13:33:53.680 20564 20564 D LOCATION_SERVICE: onCreate
11-05 13:33:53.680 20564 20564 D LOCATION_SERVICE: initializeLocationManager
11-05 13:33:53.687 20564 20564 D LOCATION_SERVICE: onStartCommand
11-05 13:33:53.693 20564 20564 D ViewRootImpl@9fb75be[CancelDeliveryActivity]: dispatchAttachedToWindow
11-05 13:33:53.741 20564 20564 D ViewRootImpl@9fb75be[CancelDeliveryActivity]: Relayout returned: oldFrame=[0,0][0,0] newFrame=[0,0][768,1024] result=0x27 surface={isValid=true -2010738688} surfaceGenerationChanged=true
11-05 13:33:53.742 20564 20564 D ViewRootImpl@9fb75be[CancelDeliveryActivity]: mHardwareRenderer.initialize() mSurface={isValid=true -2010738688} hwInitialized=true
11-05 13:33:53.747 20564 20564 D ScrollView: onsize change changed
11-05 13:33:53.805 20564 20564 D ViewRootImpl@9fb75be[CancelDeliveryActivity]: MSG_RESIZED_REPORT: frame=Rect(0, 0 - 768, 1024) ci=Rect(0, 24 - 0, 0) vi=Rect(0, 24 - 0, 0) or=1
11-05 13:33:53.805 20564 20564 D ViewRootImpl@9fb75be[CancelDeliveryActivity]: MSG_WINDOW_FOCUS_CHANGED 1
11-05 13:33:53.806 20564 20564 D ViewRootImpl@9fb75be[CancelDeliveryActivity]: mHardwareRenderer.initializeIfNeeded()#2 mSurface={isValid=true -2010738688}
11-05 13:33:53.810 20564 20564 V InputMethodManager: Starting input: tba=android.view.inputmethod.EditorInfo@dbbee22 nm : cz.gienger.mobile ic=null
11-05 13:33:53.810 20564 20564 I InputMethodManager: startInputInner - mService.startInputOrWindowGainedFocus
11-05 13:33:53.819 20564 20564 D InputTransport: Input channel constructed: fd=68
11-05 13:33:53.819 20564 20564 D InputTransport: Input channel destroyed: fd=73
11-05 13:33:53.861 20564 20610 D OpenGLRenderer: endAllActiveAnimators on 0x89c1bc80 (RippleDrawable) with handle 0x883fe4d0
11-05 13:33:53.861 20564 20564 D ViewRootImpl@a115489[MainActivity]: mHardwareRenderer.destroy()#1
11-05 13:33:53.870 20564 20564 D ViewRootImpl@a115489[MainActivity]: Relayout returned: oldFrame=[0,0][768,1024] newFrame=[0,0][768,1024] result=0x5 surface={isValid=false 0} surfaceGenerationChanged=true
11-05 13:33:54.255 20564 20564 D ViewRootImpl@a115489[MainActivity]: Relayout returned: oldFrame=[0,0][768,1024] newFrame=[0,0][768,1024] result=0x5 surface={isValid=false 0} surfaceGenerationChanged=false
11-05 13:33:54.298 20564 20564 D LOCATION_SERVICE: onLocationChanged: Location[network 49,191185,17,534428 acc=20 et=+1d23h25m14s641ms alt=0.0 vel=0.0 bear=0.0 {Bundle[mParcelledData.dataSize=80]}]
11-05 13:33:55.347 20564 20564 D ViewRootImpl@9fb75be[CancelDeliveryActivity]: ViewPostImeInputStage processPointer 0
11-05 13:33:55.408 20564 20564 D ViewRootImpl@9fb75be[CancelDeliveryActivity]: ViewPostImeInputStage processPointer 1
11-05 13:33:56.364 20564 20564 D ViewRootImpl@9fb75be[CancelDeliveryActivity]: ViewPostImeInputStage processPointer 0
11-05 13:33:56.411 20564 20564 D ViewRootImpl@9fb75be[CancelDeliveryActivity]: ViewPostImeInputStage processPointer 1
11-05 13:33:56.430 20564 20564 D UNDELIVERED: Reason ID = 10, Comment =
11-05 13:33:56.530 20564 20564 D ViewRootImpl@9fb75be[CancelDeliveryActivity]: MSG_WINDOW_FOCUS_CHANGED 0
11-05 13:33:56.533 20564 22392 D MESSAGE_SERVICE: ACTION_COMPRESS_AND_UPLOAD
11-05 13:33:56.570 20564 20564 D ViewRootImpl@a115489[MainActivity]: mHardwareRenderer.destroy()#4
11-05 13:33:56.570 20564 20564 D ViewRootImpl@a115489[MainActivity]: dispatchDetachedFromWindow
11-05 13:33:56.576 20564 20564 D InputTransport: Input channel destroyed: fd=75
11-05 13:33:56.882 20564 20564 D ViewRootImpl@3ed428e[MainActivity]: ThreadedRenderer.create() translucent=false
11-05 13:33:56.887 20564 20564 D InputTransport: Input channel constructed: fd=88
11-05 13:33:56.888 20564 20564 D ViewRootImpl@3ed428e[MainActivity]: setView = DecorView@e20caaf[MainActivity] touchMode=true
11-05 13:33:56.890 20564 20564 D ViewRootImpl@3ed428e[MainActivity]: dispatchAttachedToWindow
11-05 13:33:56.952 20564 20564 D ViewRootImpl@3ed428e[MainActivity]: Relayout returned: oldFrame=[0,0][0,0] newFrame=[0,0][768,1024] result=0x7 surface={isValid=true -2010736640} surfaceGenerationChanged=true
11-05 13:33:56.952 20564 20564 D ViewRootImpl@3ed428e[MainActivity]: mHardwareRenderer.initialize() mSurface={isValid=true -2010736640} hwInitialized=true
11-05 13:33:57.040 20564 20564 D AbsListView: in onLayout changed
11-05 13:33:57.061 20564 20610 D OpenGLRenderer: endAllActiveAnimators on 0x8731f800 (RippleDrawable) with handle 0x888cd3d0
11-05 13:33:57.061 20564 20564 D ViewRootImpl@9fb75be[CancelDeliveryActivity]: mHardwareRenderer.destroy()#1
11-05 13:33:57.078 20564 20564 D ViewRootImpl@9fb75be[CancelDeliveryActivity]: Relayout returned: oldFrame=[0,0][768,1024] newFrame=[0,0][768,1024] result=0x5 surface={isValid=false 0} surfaceGenerationChanged=true
11-05 13:33:57.139 20564 20564 D ViewRootImpl@3ed428e[MainActivity]: MSG_RESIZED_REPORT: frame=Rect(0, 0 - 768, 1024) ci=Rect(0, 24 - 0, 0) vi=Rect(0, 24 - 0, 0) or=1
11-05 13:33:57.139 20564 20564 D ViewRootImpl@3ed428e[MainActivity]: MSG_WINDOW_FOCUS_CHANGED 1
11-05 13:33:57.139 20564 20564 D ViewRootImpl@3ed428e[MainActivity]: mHardwareRenderer.initializeIfNeeded()#2 mSurface={isValid=true -2010736640}
11-05 13:33:57.141 20564 20564 V InputMethodManager: Starting input: tba=android.view.inputmethod.EditorInfo@4b5f26b nm : cz.gienger.mobile ic=null
11-05 13:33:57.141 20564 20564 I InputMethodManager: startInputInner - mService.startInputOrWindowGainedFocus
11-05 13:33:57.148 20564 20564 D InputTransport: Input channel constructed: fd=73
11-05 13:33:57.148 20564 20564 D InputTransport: Input channel destroyed: fd=68
11-05 13:33:57.252 20564 22392 D FILE_MANAGER: Serializing delivery /data/user/0/cz.gienger.mobile/files/finished/130AT1191103619/130AT1191103619.xml
11-05 13:33:57.252 20564 22392 D FILE_MANAGER: Null files:
11-05 13:33:57.327 20564 22392 D MYINTERCEPTOR: /GiengerService.svc/sendorder
11-05 13:33:57.327 20564 22392 D OkHttp : --> POST https://testsaig1.gienger.cz/GiengerService.svc/sendorder http/1.1
11-05 13:33:57.327 20564 22392 D OkHttp : Content-Type: text/raw
11-05 13:33:57.328 20564 22392 D OkHttp : Content-Length: 3712
11-05 13:33:57.328 20564 22392 D OkHttp : filename: 130AT1191103619.xml
11-05 13:33:57.328 20564 22392 D OkHttp : Checksum: 9f7639a191d1b0d2bc282f3f57b77d95
11-05 13:33:57.328 20564 22392 D OkHttp : token: eabfd6ce5e545622f7ce8815de79e0a7
11-05 13:33:57.328 20564 22392 D OkHttp : --> END POST
11-05 13:33:58.185 20564 22392 D OkHttp : <-- 200 https://testsaig1.gienger.cz/GiengerService.svc/sendorder (857ms)
11-05 13:33:58.185 20564 22392 D OkHttp : content-type: application/xml; charset=utf-8
11-05 13:33:58.185 20564 22392 D OkHttp : server: Microsoft-IIS/10.0
