11-05 13:18:32.265 20564 20564 D ViewRootImpl@b9bdbc4[CartActivity]: dispatchDetachedFromWindow
11-05 13:18:32.279 20564 20564 D InputTransport: Input channel destroyed: fd=70
11-05 13:18:32.280 20564 20564 D ViewRootImpl@2accade[CartActivity]: dispatchAttachedToWindow
11-05 13:18:32.305 20564 20564 D ViewRootImpl@2accade[CartActivity]: Relayout returned: oldFrame=[0,0][0,0] newFrame=[108,466][660,582] result=0x27 surface={isValid=true -2015092736} surfaceGenerationChanged=true
11-05 13:18:32.306 20564 20564 D ViewRootImpl@2accade[CartActivity]: mHardwareRenderer.initialize() mSurface={isValid=true -2015092736} hwInitialized=true
11-05 13:18:32.317 20564 20564 D ViewRootImpl@2accade[CartActivity]: MSG_WINDOW_FOCUS_CHANGED 1
11-05 13:18:32.318 20564 20564 D ViewRootImpl@2accade[CartActivity]: mHardwareRenderer.initializeIfNeeded()#2 mSurface={isValid=true -2015092736}
11-05 13:18:32.339 20564 20564 D ViewRootImpl@2accade[CartActivity]: MSG_RESIZED_REPORT: frame=Rect(108, 466 - 660, 582) ci=Rect(0, 0 - 0, 0) vi=Rect(0, 0 - 0, 0) or=1
11-05 13:18:32.364 20564 20564 E ViewRootImpl: sendUserActionEvent() returned.
11-05 13:18:32.441 20564 20575 I art : Background sticky concurrent mark sweep GC freed 120780(5MB) AllocSpace objects, 13(2MB) LOS objects, 9% free, 17MB/19MB, paused 4.050ms total 131.012ms
11-05 13:18:32.676 20564 20575 I art : Background partial concurrent mark sweep GC freed 184351(6MB) AllocSpace objects, 4(1112KB) LOS objects, 47% free, 13MB/25MB, paused 1.690ms total 133.752ms
11-05 13:18:33.468 20564 20575 I art : Background sticky concurrent mark sweep GC freed 374687(10MB) AllocSpace objects, 6(1056KB) LOS objects, 12% free, 21MB/25MB, paused 10.747ms total 140.123ms
11-05 13:18:33.745 20564 20575 I art : Background partial concurrent mark sweep GC freed 165883(5MB) AllocSpace objects, 18(3MB) LOS objects, 41% free, 17MB/29MB, paused 1.197ms total 124.827ms
11-05 13:18:34.524 20564 20575 I art : Background sticky concurrent mark sweep GC freed 376050(10MB) AllocSpace objects, 6(1008KB) LOS objects, 13% free, 25MB/29MB, paused 1.128ms total 113.902ms
11-05 13:18:35.414 20564 20575 I art : Background partial concurrent mark sweep GC freed 319869(9MB) AllocSpace objects, 6(212KB) LOS objects, 39% free, 24MB/40MB, paused 1.155ms total 169.132ms
11-05 13:18:35.485 20564 20569 I art : Do full code cache collection, code=418KB, data=502KB
11-05 13:18:35.487 20564 20569 I art : Starting a blocking GC JitCodeCache
11-05 13:18:35.488 20564 20569 I art : After code cache collection, code=402KB, data=435KB
11-05 13:18:35.836 20564 20564 D ViewRootImpl@2accade[CartActivity]: mHardwareRenderer.destroy()#4
11-05 13:18:35.837 20564 20564 D ViewRootImpl@2accade[CartActivity]: dispatchDetachedFromWindow
11-05 13:18:35.852 20564 20564 D InputTransport: Input channel destroyed: fd=92
11-05 13:18:35.911 20564 20564 D ViewRootImpl@f52a05b[CartActivity]: MSG_WINDOW_FOCUS_CHANGED 1
11-05 13:18:35.912 20564 20564 V InputMethodManager: Not IME target window, ignoring
11-05 13:18:35.912 20564 20564 D ViewRootImpl@f52a05b[CartActivity]: mHardwareRenderer.initializeIfNeeded()#2 mSurface={isValid=true -2002173952}
11-05 13:18:35.929 20564 20564 V InputMethodManager: Starting input: tba=android.view.inputmethod.EditorInfo@6eba895 nm : cz.gienger.mobile ic=null
11-05 13:18:35.929 20564 20564 I InputMethodManager: startInputInner - mService.startInputOrWindowGainedFocus
11-05 13:18:35.965 20564 20564 D InputTransport: Input channel constructed: fd=70
11-05 13:18:35.965 20564 20564 D InputTransport: Input channel destroyed: fd=81
11-05 13:18:35.965 20564 20564 E ViewRootImpl: sendUserActionEvent() returned.
11-05 13:18:36.002 20564 20564 D ViewRootImpl@f52a05b[CartActivity]: MSG_WINDOW_FOCUS_CHANGED 0
11-05 13:18:36.113 20564 20610 D OpenGLRenderer: endAllActiveAnimators on 0x87f0e980 (RippleDrawable) with handle 0x860c1040
11-05 13:18:36.113 20564 20564 D ViewRootImpl@f52a05b[CartActivity]: mHardwareRenderer.destroy()#1
11-05 13:18:36.121 20564 20564 D ViewRootImpl@f52a05b[CartActivity]: Relayout returned: oldFrame=[0,0][768,1024] newFrame=[0,0][768,1024] result=0x5 surface={isValid=false 0} surfaceGenerationChanged=true
11-05 13:18:37.268 20564 20564 D InputTransport: Input channel destroyed: fd=70
11-05 13:18:48.481 20564 20564 D ViewRootImpl@729f90a[PdfArchiveActivity]: ThreadedRenderer.create() translucent=true
11-05 13:18:48.485 20564 20564 D InputTransport: Input channel constructed: fd=61
11-05 13:18:48.485 20564 20564 D ViewRootImpl@729f90a[PdfArchiveActivity]: setView = DecorView@e7c457b[PdfArchiveActivity] touchMode=true
11-05 13:18:48.498 20564 20564 D ViewRootImpl@729f90a[PdfArchiveActivity]: dispatchAttachedToWindow
11-05 13:18:48.525 20564 20564 D ViewRootImpl@729f90a[PdfArchiveActivity]: Relayout returned: oldFrame=[0,0][0,0] newFrame=[241,456][527,568] result=0x27 surface={isValid=true -2038312960} surfaceGenerationChanged=true
11-05 13:18:48.526 20564 20564 D ViewRootImpl@729f90a[PdfArchiveActivity]: mHardwareRenderer.initialize() mSurface={isValid=true -2038312960} hwInitialized=true
11-05 13:18:48.529 20564 20564 D ViewRootImpl@729f90a[PdfArchiveActivity]: MSG_RESIZED_REPORT: frame=Rect(241, 456 - 527, 568) ci=Rect(0, 0 - 0, 0) vi=Rect(0, 0 - 0, 0) or=1
11-05 13:18:48.529 20564 20564 D ViewRootImpl@729f90a[PdfArchiveActivity]: MSG_WINDOW_FOCUS_CHANGED 1
11-05 13:18:48.529 20564 20564 D ViewRootImpl@729f90a[PdfArchiveActivity]: mHardwareRenderer.initializeIfNeeded()#2 mSurface={isValid=true -2038312960}
11-05 13:18:48.530 20564 20564 V InputMethodManager: Starting input: tba=android.view.inputmethod.EditorInfo@373f98 nm : cz.gienger.mobile ic=null
11-05 13:18:48.530 20564 20564 I InputMethodManager: startInputInner - mService.startInputOrWindowGainedFocus
11-05 13:18:48.533 20564 20564 D InputTransport: Input channel constructed: fd=70
11-05 13:18:49.600 20564 20564 D ViewRootImpl@729f90a[PdfArchiveActivity]: mHardwareRenderer.destroy()#1
11-05 13:18:49.622 20564 20564 D ViewRootImpl@729f90a[PdfArchiveActivity]: Relayout returned: oldFrame=[241,456][527,568] newFrame=[241,456][527,568] result=0x5 surface={isValid=false 0} surfaceGenerationChanged=true
11-05 13:18:49.622 20564 20564 D ViewRootImpl@729f90a[PdfArchiveActivity]: MSG_WINDOW_FOCUS_CHANGED 0
11-05 13:18:49.636 20564 20564 D ViewRootImpl@f52a05b[CartActivity]: mHardwareRenderer.destroy()#1
11-05 13:18:49.649 20564 20564 D ViewRootImpl@f52a05b[CartActivity]: Relayout returned: oldFrame=[0,0][768,1024] newFrame=[0,0][768,1024] result=0x1 surface={isValid=false 0} surfaceGenerationChanged=false
11-05 13:18:49.672 20564 20569 I art : Do partial code cache collection, code=408KB, data=445KB
11-05 13:18:49.673 20564 20569 I art : After code cache collection, code=408KB, data=445KB
11-05 13:18:49.674 20564 20569 I art : Increasing code cache capacity to 2MB
11-05 13:18:49.822 20564 20564 D InputTransport: Input channel destroyed: fd=70
11-05 13:18:49.837 20564 20564 D ViewRootImpl@b8ea48a[CategoryListActivity]: mHardwareRenderer.destroy()#4
11-05 13:18:49.837 20564 20564 D ViewRootImpl@b8ea48a[CategoryListActivity]: dispatchDetachedFromWindow
11-05 13:18:49.841 20564 21473 D MYINTERCEPTOR: /GiengerService.svc/uploadfinishedorder
11-05 13:18:49.842 20564 21473 D OkHttp : --> POST https://testsaig1.gienger.cz/GiengerService.svc/uploadfinishedorder http/1.1
11-05 13:18:49.842 20564 21473 D OkHttp : Content-Type: text/raw
11-05 13:18:49.842 20564 21473 D OkHttp : Content-Length: 102904
11-05 13:18:49.842 20564 21473 D OkHttp : filename: e42972b1-38d9-41d5-a312-be08aa2692c7.xml
11-05 13:18:49.842 20564 21473 D OkHttp : Checksum: c7528f9714217fc077f3ddc405fa2d12
11-05 13:18:49.842 20564 21473 D OkHttp : token: eabfd6ce5e545622f7ce8815de79e0a7
11-05 13:18:49.842 20564 21473 D OkHttp : state: CZ
11-05 13:18:49.842 20564 21473 D OkHttp : --> END POST
11-05 13:18:49.846 20564 20564 D InputTransport: Input channel destroyed: fd=67
11-05 13:18:49.871 20564 20564 D ViewRootImpl@63ed191[ArticleListActivity]: mHardwareRenderer.destroy()#4
11-05 13:18:49.871 20564 20564 D ViewRootImpl@63ed191[ArticleListActivity]: dispatchDetachedFromWindow
11-05 13:18:49.878 20564 20564 D InputTransport: Input channel destroyed: fd=69
11-05 13:18:49.915 20564 20564 D ViewRootImpl@5a8174b[CategoryListActivity]: mHardwareRenderer.destroy()#4
11-05 13:18:49.915 20564 20564 D ViewRootImpl@5a8174b[CategoryListActivity]: dispatchDetachedFromWindow
11-05 13:18:49.922 20564 20564 D InputTransport: Input channel destroyed: fd=68
11-05 13:18:49.958 20564 20564 D ViewRootImpl@f52a05b[CartActivity]: Relayout returned: oldFrame=[0,0][768,1024] newFrame=[0,0][768,1024] result=0x7 surface={isValid=true -2038312960} surfaceGenerationChanged=true
11-05 13:18:49.958 20564 20564 D ViewRootImpl@f52a05b[CartActivity]: mHardwareRenderer.initialize() mSurface={isValid=true -2038312960} hwInitialized=true
11-05 13:18:49.965 20564 20564 D LOCATION_SERVICE: onDestroy
11-05 13:18:50.278 20564 20564 D ViewRootImpl@b8a142[MainActivity]: Relayout returned: oldFrame=[0,0][768,1024] newFrame=[0,0][768,1024] result=0x7 surface={isValid=true -2013368320} surfaceGenerationChanged=true
11-05 13:18:50.278 20564 20564 D ViewRootImpl@b8a142[MainActivity]: mHardwareRenderer.initialize() mSurface={isValid=true -2013368320} hwInitialized=true
11-05 13:18:50.361 20564 20564 D AbsListView: in onLayout changed
11-05 13:18:50.393 20564 20564 D ViewRootImpl@b8a142[MainActivity]: MSG_WINDOW_FOCUS_CHANGED 1
11-05 13:18:50.393 20564 20564 D ViewRootImpl@b8a142[MainActivity]: mHardwareRenderer.initializeIfNeeded()#2 mSurface={isValid=true -2013368320}
11-05 13:18:50.395 20564 20564 V InputMethodManager: Starting input: tba=android.view.inputmethod.EditorInfo@bd8bcd0 nm : cz.gienger.mobile ic=null
11-05 13:18:50.395 20564 20564 I InputMethodManager: startInputInner - mService.startInputOrWindowGainedFocus
11-05 13:18:50.433 20564 20564 D InputTransport: Input channel constructed: fd=68
11-05 13:18:50.473 20564 20564 D ViewRootImpl@f52a05b[CartActivity]: mHardwareRenderer.destroy()#1
11-05 13:18:50.481 20564 20564 D ViewRootImpl@f52a05b[CartActivity]: Relayout returned: oldFrame=[0,0][768,1024] newFrame=[0,0][768,1024] result=0x5 surface={isValid=false 0} surfaceGenerationChanged=true
11-05 13:18:50.487 20564 20564 D ViewRootImpl@729f90a[PdfArchiveActivity]: mHardwareRenderer.destroy()#4
11-05 13:18:50.487 20564 20564 D ViewRootImpl@729f90a[PdfArchiveActivity]: dispatchDetachedFromWindow
11-05 13:18:50.496 20564 20564 D InputTransport: Input channel destroyed: fd=61
11-05 13:18:50.841 20564 20564 D TextView: SYANI: Clipboard API is calling: clearFilter()
11-05 13:18:50.841 20564 20564 D TextView: SYANI: Clipboard API is calling: unregisterClipboardEventListener()
11-05 13:18:50.842 20564 20564 D TextView: SYANI: Clipboard API is calling: clearFilter()
11-05 13:18:50.842 20564 20564 D TextView: SYANI: Clipboard API is calling: unregisterClipboardEventListener()
11-05 13:18:50.843 20564 20564 D TextView: SYANI: Clipboard API is calling: clearFilter()
11-05 13:18:50.843 20564 20564 D TextView: SYANI: Clipboard API is calling: unregisterClipboardEventListener()
11-05 13:18:50.848 20564 20564 D TextView: SYANI: Clipboard API is calling: clearFilter()
11-05 13:18:50.848 20564 20564 D TextView: SYANI: Clipboard API is calling: unregisterClipboardEventListener()
11-05 13:18:50.850 20564 20564 D TextView: SYANI: Clipboard API is calling: clearFilter()
11-05 13:18:50.850 20564 20564 D TextView: SYANI: Clipboard API is calling: unregisterClipboardEventListener()
11-05 13:18:50.853 20564 20564 D TextView: SYANI: Clipboard API is calling: clearFilter()
11-05 13:18:50.853 20564 20564 D TextView: SYANI: Clipboard API is calling: unregisterClipboardEventListener()
11-05 13:18:50.857 20564 20564 D TextView: SYANI: Clipboard API is calling: clearFilter()
11-05 13:18:50.857 20564 20564 D TextView: SYANI: Clipboard API is calling: unregisterClipboardEventListener()
11-05 13:18:50.859 20564 20564 D TextView: SYANI: Clipboard API is calling: clearFilter()
11-05 13:18:50.859 20564 20564 D TextView: SYANI: Clipboard API is calling: unregisterClipboardEventListener()
11-05 13:18:50.860 20564 20564 D TextView: SYANI: Clipboard API is calling: clearFilter()
11-05 13:18:50.860 20564 20564 D TextView: SYANI: Clipboard API is calling: unregisterClipboardEventListener()
11-05 13:18:50.861 20564 20564 D TextView: SYANI: Clipboard API is calling: clearFilter()
11-05 13:18:50.861 20564 20564 D TextView: SYANI: Clipboard API is calling: unregisterClipboardEventListener()
11-05 13:18:50.861 20564 20564 D TextView: SYANI: Clipboard API is calling: clearFilter()
11-05 13:18:50.861 20564 20564 D TextView: SYANI: Clipboard API is calling: unregisterClipboardEventListener()
11-05 13:18:50.875 20564 20564 D ViewRootImpl@f52a05b[CartActivity]: mHardwareRenderer.destroy()#4
11-05 13:18:50.875 20564 20564 D ViewRootImpl@f52a05b[CartActivity]: dispatchDetachedFromWindow
11-05 13:18:50.886 20564 20564 D InputTransport: Input channel destroyed: fd=71
11-05 13:18:51.747 20564 20564 D ViewRootImpl@b8a142[MainActivity]: ViewPostImeInputStage processPointer 0
11-05 13:18:51.789 20564 20564 D AbsListView: reportScrollStateChange() newState : 1
11-05 13:18:52.324 20564 20564 D ViewRootImpl@b8a142[MainActivity]: ViewPostImeInputStage processPointer 1
11-05 13:18:52.324 20564 20564 D AbsListView: onTouchUp() mTouchMode : 3
11-05 13:18:52.324 20564 20564 D AbsListView: onTouchUp() TOUCH_MODE_SCROLL initialVelocity : 299
11-05 13:18:52.324 20564 20564 D AbsListView: reportScrollStateChange() newState : 2
11-05 13:18:52.575 20564 20564 D AbsListView: reportScrollStateChange() newState : 0
11-05 13:18:52.826 20564 20564 D ViewRootImpl@b8a142[MainActivity]: ViewPostImeInputStage processPointer 0
11-05 13:18:52.895 20564 20564 D ViewRootImpl@b8a142[MainActivity]: ViewPostImeInputStage processPointer 1
11-05 13:18:52.915 20564 20564 D item_click: viewId = 2131820756, position = 13
11-05 13:18:52.962 20564 20564 D ViewRootImpl@b8a142[MainActivity]: MSG_WINDOW_FOCUS_CHANGED 0
11-05 13:18:53.072 20564 20564 D ViewRootImpl@ae81aaf[DeliverActivity]: ThreadedRenderer.create() translucent=false
11-05 13:18:53.078 20564 20564 D InputTransport: Input channel constructed: fd=69
11-05 13:18:53.078 20564 20564 D ViewRootImpl@ae81aaf[DeliverActivity]: setView = DecorView@f4edebc[DeliverActivity] touchMode=true
11-05 13:18:53.085 20564 20564 D ViewRootImpl@ae81aaf[DeliverActivity]: dispatchAttachedToWindow
11-05 13:18:53.119 20564 20564 D ViewRootImpl@ae81aaf[DeliverActivity]: Relayout returned: oldFrame=[0,0][0,0] newFrame=[0,0][768,1024] result=0x27 surface={isValid=true -2041016320} surfaceGenerationChanged=true
11-05 13:18:53.120 20564 20564 D ViewRootImpl@ae81aaf[DeliverActivity]: mHardwareRenderer.initialize() mSurface={isValid=true -2041016320} hwInitialized=true
11-05 13:18:53.127 20564 20564 D LOCATION_SERVICE: LocationListener gps
11-05 13:18:53.128 20564 20564 D LOCATION_SERVICE: LocationListener network
11-05 13:18:53.128 20564 20564 D LOCATION_SERVICE: onCreate
11-05 13:18:53.128 20564 20564 D LOCATION_SERVICE: initializeLocationManager
11-05 13:18:53.141 20564 20564 D LOCATION_SERVICE: onStartCommand
11-05 13:18:53.192 20564 20564 D ViewRootImpl@ae81aaf[DeliverActivity]: MSG_RESIZED_REPORT: frame=Rect(0, 0 - 768, 1024) ci=Rect(0, 24 - 0, 0) vi=Rect(0, 24 - 0, 0) or=1
11-05 13:18:53.192 20564 20564 D ViewRootImpl@ae81aaf[DeliverActivity]: MSG_WINDOW_FOCUS_CHANGED 1
11-05 13:18:53.193 20564 20564 D ViewRootImpl@ae81aaf[DeliverActivity]: mHardwareRenderer.initializeIfNeeded()#2 mSurface={isValid=true -2041016320}
11-05 13:18:53.194 20564 20564 V InputMethodManager: Starting input: tba=android.view.inputmethod.EditorInfo@d0100fd nm : cz.gienger.mobile ic=null
11-05 13:18:53.194 20564 20564 I InputMethodManager: startInputInner - mService.startInputOrWindowGainedFocus
11-05 13:18:53.204 20564 20564 D InputTransport: Input channel constructed: fd=71
11-05 13:18:53.204 20564 20564 D InputTransport: Input channel destroyed: fd=68
11-05 13:18:53.223 20564 21271 D FILE_MANAGER: Copying file /data/user/0/cz.gienger.mobile/files/delivery/130AT1193305478/130AT1193305478.pdf to /storage/emulated/0/130AT1193305478.pdf
11-05 13:18:53.253 20564 20610 D OpenGLRenderer: endAllActiveAnimators on 0x887abb80 (RippleDrawable) with handle 0x860c1580
11-05 13:18:53.253 20564 20564 D ViewRootImpl@b8a142[MainActivity]: mHardwareRenderer.destroy()#1
11-05 13:18:53.288 20564 20564 D ViewRootImpl@b8a142[MainActivity]: Relayout returned: oldFrame=[0,0][768,1024] newFrame=[0,0][768,1024] result=0x5 surface={isValid=false 0} surfaceGenerationChanged=true
11-05 13:18:53.670 20564 20564 D ViewRootImpl@b8a142[MainActivity]: Relayout returned: oldFrame=[0,0][768,1024] newFrame=[0,0][768,1024] result=0x5 surface={isValid=false 0} surfaceGenerationChanged=false
11-05 13:18:53.693 20564 20564 D LOCATION_SERVICE: onLocationChanged: Location[network 49,191147,17,534485 acc=21 et=+1d23h10m14s36ms alt=0.0 vel=0.0 bear=0.0 {Bundle[mParcelledData.dataSize=80]}]
11-05 13:18:53.725 20564 21271 D FILE_MANAGER: copy ok
11-05 13:18:54.305 20564 20564 D ViewRootImpl@ae81aaf[DeliverActivity]: ViewPostImeInputStage processPointer 0
11-05 13:18:54.388 20564 20564 D ViewRootImpl@ae81aaf[DeliverActivity]: ViewPostImeInputStage processPointer 1
11-05 13:18:55.608 20564 20564 D ViewRootImpl@ae81aaf[DeliverActivity]: ViewPostImeInputStage processPointer 0
11-05 13:18:55.681 20564 20564 D ViewRootImpl@ae81aaf[DeliverActivity]: ViewPostImeInputStage processPointer 1
11-05 13:18:55.691 20564 20564 V InputMethodManager: Starting input: tba=android.view.inputmethod.EditorInfo@fdf8e09 nm : cz.gienger.mobile ic=com.android.internal.widget.EditableInputConnection@36c680e
11-05 13:18:55.691 20564 20564 I InputMethodManager: startInputInner - mService.startInputOrWindowGainedFocus
11-05 13:18:55.692 20564 20564 D InputTransport: Input channel constructed: fd=68
11-05 13:18:55.692 20564 20564 D InputTransport: Input channel destroyed: fd=71
11-05 13:18:55.693 20564 20564 D InputMethodManager: SSI - flag : 0 Pid : 20564 view : cz.gienger.mobile
11-05 13:18:56.011 20564 20564 D ViewRootImpl@ae81aaf[DeliverActivity]: MSG_RESIZED: frame=Rect(0, 0 - 768, 1024) ci=Rect(0, 24 - 0, 320) vi=Rect(0, 24 - 0, 320) or=1
11-05 13:18:56.029 20564 20564 D ViewRootImpl@ae81aaf[DeliverActivity]: Relayout returned: oldFrame=[0,0][768,1024] newFrame=[0,0][768,1024] result=0x1 surface={isValid=true -2041016320} surfaceGenerationChanged=false
11-05 13:18:57.051 20564 21473 D OkHttp : <-- 200 https://testsaig1.gienger.cz/GiengerService.svc/uploadfinishedorder (7208ms)
11-05 13:18:57.051 20564 21473 D OkHttp : content-type: application/xml; charset=utf-8
11-05 13:18:57.051 20564 21473 D OkHttp : server: Microsoft-IIS/10.0
11-05 13:18:57.052 20564 21473 D OkHttp : x-powered-by: ASP.NET
11-05 13:18:57.052 20564 21473 D OkHttp : date: Thu, 05 Nov 2020 12:18:55 GMT
11-05 13:18:57.052 20564 21473 D OkHttp : content-length: 175
11-05 13:18:57.052 20564 21473 D OkHttp : <-- END HTTP
11-05 13:18:57.058 20564 20564 D ViewRootImpl@ae81aaf[DeliverActivity]: ViewPostImeInputStage processPointer 0
11-05 13:18:57.129 20564 20564 D ViewRootImpl@ae81aaf[DeliverActivity]: ViewPostImeInputStage processPointer 1
11-05 13:18:57.142 20564 20564 D ScrollView: initGoToTop
11-05 13:18:57.180 20564 20564 D ScrollView: onsize change changed
11-05 13:18:57.490 20564 20564 D TextView: SYANI: Clipboard API is calling: clearFilter()
11-05 13:18:57.490 20564 20564 D TextView: SYANI: Clipboard API is calling: unregisterClipboardEventListener()
11-05 13:18:57.491 20564 20564 D TextView: SYANI: Clipboard API is calling: clearFilter()
11-05 13:18:57.492 20564 20564 D TextView: SYANI: Clipboard API is calling: unregisterClipboardEventListener()
11-05 13:18:57.494 20564 20564 D TextView: SYANI: Clipboard API is calling: clearFilter()
11-05 13:18:57.494 20564 20564 D TextView: SYANI: Clipboard API is calling: unregisterClipboardEventListener()
11-05 13:18:58.162 20564 20564 D ViewRootImpl@ae81aaf[DeliverActivity]: ViewPostImeInputStage processPointer 0
11-05 13:18:58.221 20564 20564 D ViewRootImpl@ae81aaf[DeliverActivity]: ViewPostImeInputStage processPointer 1
11-05 13:18:59.159 20564 20564 D ViewRootImpl@ae81aaf[DeliverActivity]: ViewPostImeInputStage processPointer 0
11-05 13:18:59.218 20564 20564 D ViewRootImpl@ae81aaf[DeliverActivity]: ViewPostImeInputStage processPointer 1
11-05 13:18:59.228 20564 20564 V InputMethodManager: Starting input: tba=android.view.inputmethod.EditorInfo@c1f82e4 nm : cz.gienger.mobile ic=com.android.internal.widget.EditableInputConnection@3a4634d
11-05 13:18:59.228 20564 20564 I InputMethodManager: startInputInner - mService.startInputOrWindowGainedFocus
11-05 13:18:59.231 20564 20564 D InputTransport: Input channel constructed: fd=67
11-05 13:18:59.231 20564 20564 D InputTransport: Input channel destroyed: fd=68
11-05 13:18:59.231 20564 20564 D InputMethodManager: SSI - flag : 0 Pid : 20564 view : cz.gienger.mobile
11-05 13:18:59.237 20564 20564 W IInputConnectionWrapper: performPrivateCommand on inactive InputConnection
11-05 13:18:59.237 20564 20564 W IInputConnectionWrapper: finishComposingText on inactive InputConnection
11-05 13:18:59.428 20564 20564 D ViewRootImpl@ae81aaf[DeliverActivity]: MSG_RESIZED: frame=Rect(0, 0 - 768, 1024) ci=Rect(0, 24 - 0, 359) vi=Rect(0, 24 - 0, 359) or=1
11-05 13:18:59.449 20564 20564 D ViewRootImpl@ae81aaf[DeliverActivity]: Relayout returned: oldFrame=[0,0][768,1024] newFrame=[0,0][768,1024] result=0x1 surface={isValid=true -2041016320} surfaceGenerationChanged=false
11-05 13:18:59.453 20564 20564 D ScrollView: onsize change changed
11-05 13:19:00.819 20564 20564 D ViewRootImpl@ae81aaf[DeliverActivity]: ViewPostImeInputStage processPointer 0
11-05 13:19:00.888 20564 20564 D ViewRootImpl@ae81aaf[DeliverActivity]: ViewPostImeInputStage processPointer 1
11-05 13:19:00.902 20564 20564 V InputMethodManager: Starting input: tba=android.view.inputmethod.EditorInfo@f193681 nm : cz.gienger.mobile ic=com.android.internal.widget.EditableInputConnection@51db326
11-05 13:19:00.902 20564 20564 I InputMethodManager: startInputInner - mService.startInputOrWindowGainedFocus
11-05 13:19:00.905 20564 20564 D InputTransport: Input channel constructed: fd=68
11-05 13:19:00.905 20564 20564 D InputTransport: Input channel destroyed: fd=67
11-05 13:19:00.905 20564 20564 D InputMethodManager: SSI - flag : 0 Pid : 20564 view : cz.gienger.mobile
11-05 13:19:00.910 20564 20564 W IInputConnectionWrapper: finishComposingText on inactive InputConnection
11-05 13:19:01.854 20564 20564 D ViewRootImpl@ae81aaf[DeliverActivity]: ViewPostImeInputStage processPointer 0
11-05 13:19:01.928 20564 20564 D ViewRootImpl@ae81aaf[DeliverActivity]: ViewPostImeInputStage processPointer 1
11-05 13:19:01.942 20564 20564 V InputMethodManager: Starting input: tba=android.view.inputmethod.EditorInfo@21dbb2 nm : cz.gienger.mobile ic=com.android.internal.widget.EditableInputConnection@d06f703
11-05 13:19:01.942 20564 20564 I InputMethodManager: startInputInner - mService.startInputOrWindowGainedFocus
11-05 13:19:01.944 20564 20564 D InputTransport: Input channel constructed: fd=67
11-05 13:19:01.944 20564 20564 D InputTransport: Input channel destroyed: fd=68
11-05 13:19:01.944 20564 20564 D InputMethodManager: SSI - flag : 0 Pid : 20564 view : cz.gienger.mobile
11-05 13:19:01.950 20564 20564 W IInputConnectionWrapper: finishComposingText on inactive InputConnection
11-05 13:19:03.403 20564 20564 D ViewRootImpl@ae81aaf[DeliverActivity]: ViewPostImeInputStage processPointer 0
11-05 13:19:03.474 20564 20564 D ViewRootImpl@ae81aaf[DeliverActivity]: ViewPostImeInputStage processPointer 1
11-05 13:19:03.682 20564 20564 D ViewRootImpl@ae81aaf[DeliverActivity]: ViewPostImeInputStage processPointer 0
11-05 13:19:03.740 20564 20564 D ViewRootImpl@ae81aaf[DeliverActivity]: ViewPostImeInputStage processPointer 1
11-05 13:19:04.030 20564 20564 D ViewRootImpl@ae81aaf[DeliverActivity]: ViewPostImeInputStage processPointer 0
11-05 13:19:04.104 20564 20564 D ViewRootImpl@ae81aaf[DeliverActivity]: ViewPostImeInputStage processPointer 1
11-05 13:19:04.157 20564 20564 D ScrollView: initGoToTop
11-05 13:19:04.163 20564 20564 D ScrollView: initGoToTop
11-05 13:19:04.177 20564 20564 D ViewRootImpl@58b5524[DeliverActivity]: ThreadedRenderer.create() translucent=true
11-05 13:19:04.185 20564 20564 D InputTransport: Input channel constructed: fd=68
11-05 13:19:04.185 20564 20564 D ViewRootImpl@58b5524[DeliverActivity]: setView = DecorView@e1c688d[DeliverActivity] touchMode=true
11-05 13:19:04.195 20564 20564 D ViewRootImpl@58b5524[DeliverActivity]: dispatchAttachedToWindow
11-05 13:19:04.227 20564 20564 D ViewRootImpl@58b5524[DeliverActivity]: Relayout returned: oldFrame=[0,0][0,0] newFrame=[108,466][660,582] result=0x27 surface={isValid=true -2013364224} surfaceGenerationChanged=true
11-05 13:19:04.227 20564 20564 D ViewRootImpl@58b5524[DeliverActivity]: mHardwareRenderer.initialize() mSurface={isValid=true -2013364224} hwInitialized=true
11-05 13:19:04.232 20564 20564 D ViewRootImpl@58b5524[DeliverActivity]: MSG_WINDOW_FOCUS_CHANGED 1
11-05 13:19:04.233 20564 20564 D ViewRootImpl@58b5524[DeliverActivity]: mHardwareRenderer.initializeIfNeeded()#2 mSurface={isValid=true -2013364224}
11-05 13:19:04.256 20564 20564 D ViewRootImpl@58b5524[DeliverActivity]: MSG_RESIZED_REPORT: frame=Rect(108, 466 - 660, 582) ci=Rect(0, 0 - 0, 0) vi=Rect(0, 0 - 0, 0) or=1
11-05 13:19:04.292 20564 20564 D ViewRootImpl@ae81aaf[DeliverActivity]: MSG_WINDOW_FOCUS_CHANGED 0
11-05 13:19:04.406 20564 20575 I art : Background partial concurrent mark sweep GC freed 61135(2MB) AllocSpace objects, 32(4MB) LOS objects, 46% free, 13MB/25MB, paused 1.777ms total 126.671ms
11-05 13:19:05.329 20564 20575 I art : Background sticky concurrent mark sweep GC freed 419230(12MB) AllocSpace objects, 2(56KB) LOS objects, 42% free, 14MB/25MB, paused 1.045ms total 114.742ms
11-05 13:19:06.066 20564 20575 I art : Background partial concurrent mark sweep GC freed 325450(10MB) AllocSpace objects, 17(544KB) LOS objects, 41% free, 16MB/28MB, paused 1.054ms total 142.309ms
11-05 13:19:06.710 20564 20564 D ViewRootImpl@58b5524[DeliverActivity]: mHardwareRenderer.destroy()#4
11-05 13:19:06.710 20564 20564 D ViewRootImpl@58b5524[DeliverActivity]: dispatchDetachedFromWindow
11-05 13:19:06.719 20564 20564 D InputTransport: Input channel destroyed: fd=68
11-05 13:19:06.720 20564 20564 D SIGN_URI: file:///storage/emulated/0/130AT1193305478.pdf
11-05 13:19:06.757 20564 20564 D ViewRootImpl@ae81aaf[DeliverActivity]: MSG_WINDOW_FOCUS_CHANGED 1
11-05 13:19:06.758 20564 20564 D ViewRootImpl@ae81aaf[DeliverActivity]: mHardwareRenderer.initializeIfNeeded()#2 mSurface={isValid=true -2041016320}
11-05 13:19:06.769 20564 20564 E ViewRootImpl: sendUserActionEvent() returned.
11-05 13:19:06.769 20564 20564 D ViewRootImpl@ae81aaf[DeliverActivity]: MSG_WINDOW_FOCUS_CHANGED 0
11-05 13:19:08.715 20564 20564 D ViewRootImpl@ae81aaf[DeliverActivity]: mHardwareRenderer.destroy()#1
11-05 13:19:08.740 20564 20564 D ViewRootImpl@ae81aaf[DeliverActivity]: Relayout returned: oldFrame=[0,0][768,1024] newFrame=[0,0][768,1024] result=0x5 surface={isValid=false 0} surfaceGenerationChanged=true
11-05 13:19:08.743 20564 20564 D InputTransport: Input channel destroyed: fd=67
11-05 13:19:08.743 20564 20564 W IInputConnectionWrapper: finishComposingText on inactive InputConnection
11-05 13:19:08.762 20564 20564 W IInputConnectionWrapper: reportFullscreenMode on inexistent InputConnection
11-05 13:19:08.762 20564 20564 W IInputConnectionWrapper: finishComposingText on inactive InputConnection
11-05 13:19:14.406 20564 20564 D ViewRootImpl@ae81aaf[DeliverActivity]: mHardwareRenderer.destroy()#1
11-05 13:19:14.413 20564 20564 D ViewRootImpl@ae81aaf[DeliverActivity]: Relayout returned: oldFrame=[0,0][768,1024] newFrame=[0,0][768,1024] result=0x1 surface={isValid=false 0} surfaceGenerationChanged=false
11-05 13:19:14.502 20564 20564 D ViewRootImpl@ae81aaf[DeliverActivity]: Relayout returned: oldFrame=[0,0][768,1024] newFrame=[0,0][768,1024] result=0x7 surface={isValid=true -2049277952} surfaceGenerationChanged=true
11-05 13:19:14.506 20564 20564 D ViewRootImpl@ae81aaf[DeliverActivity]: mHardwareRenderer.initialize() mSurface={isValid=true -2049277952} hwInitialized=true
11-05 13:19:14.511 20564 20564 D ScrollView: onsize change changed
11-05 13:19:14.514 20564 20564 D Graph : removeVertex() : insertDummyVertex, because there is no ancestor.
11-05 13:19:14.543 20564 20564 D ScrollView: initGoToTop
11-05 13:19:14.734 20564 20564 D ViewRootImpl@4e9319e[CorrectionActivity]: ThreadedRenderer.create() translucent=false
11-05 13:19:14.737 20564 20564 D InputTransport: Input channel constructed: fd=61
11-05 13:19:14.737 20564 20564 D ViewRootImpl@4e9319e[CorrectionActivity]: setView = DecorView@29c747f[CorrectionActivity] touchMode=true
11-05 13:19:14.773 20564 20564 D ViewRootImpl@4e9319e[CorrectionActivity]: dispatchAttachedToWindow
11-05 13:19:14.808 20564 20564 D ViewRootImpl@4e9319e[CorrectionActivity]: Relayout returned: oldFrame=[0,0][0,0] newFrame=[0,0][768,1024] result=0x7 surface={isValid=true -2001876992} surfaceGenerationChanged=true
11-05 13:19:14.809 20564 20564 D ViewRootImpl@4e9319e[CorrectionActivity]: mHardwareRenderer.initialize() mSurface={isValid=true -2001876992} hwInitialized=true
11-05 13:19:14.829 20564 20564 D AbsListView: in onLayout changed
11-05 13:19:14.829 20564 20564 D ScrollView: onsize change changed
11-05 13:19:14.866 20564 20564 D ViewRootImpl@4e9319e[CorrectionActivity]: MSG_RESIZED_REPORT: frame=Rect(0, 0 - 768, 1024) ci=Rect(0, 24 - 0, 0) vi=Rect(0, 24 - 0, 0) or=1
11-05 13:19:14.866 20564 20564 D ViewRootImpl@4e9319e[CorrectionActivity]: MSG_WINDOW_FOCUS_CHANGED 1
11-05 13:19:14.866 20564 20564 D ViewRootImpl@4e9319e[CorrectionActivity]: mHardwareRenderer.initializeIfNeeded()#2 mSurface={isValid=true -2001876992}
11-05 13:19:14.879 20564 20564 V InputMethodManager: Starting input: tba=android.view.inputmethod.EditorInfo@2e9b175 nm : cz.gienger.mobile ic=null
11-05 13:19:14.879 20564 20564 I InputMethodManager: startInputInner - mService.startInputOrWindowGainedFocus
11-05 13:19:14.885 20564 20564 D InputTransport: Input channel constructed: fd=67
11-05 13:19:14.928 20564 20564 D ViewRootImpl@ae81aaf[DeliverActivity]: mHardwareRenderer.destroy()#1
11-05 13:19:14.935 20564 20564 D ViewRootImpl@ae81aaf[DeliverActivity]: Relayout returned: oldFrame=[0,0][768,1024] newFrame=[0,0][768,1024] result=0x5 surface={isValid=false 0} surfaceGenerationChanged=true
11-05 13:19:26.527 20564 20564 D ViewRootImpl@4e9319e[CorrectionActivity]: ViewPostImeInputStage processPointer 0
11-05 13:19:26.596 20564 20564 D ViewRootImpl@4e9319e[CorrectionActivity]: ViewPostImeInputStage processPointer 1
11-05 13:19:26.620 20564 20564 D AbsListView: in onLayout changed
11-05 13:19:28.223 20564 20564 D ViewRootImpl@4e9319e[CorrectionActivity]: ViewPostImeInputStage processPointer 0
11-05 13:19:28.290 20564 20564 D ViewRootImpl@4e9319e[CorrectionActivity]: ViewPostImeInputStage processPointer 1
11-05 13:19:28.333 20564 20564 D AbsListView: in onLayout changed
11-05 13:19:29.870 20564 20564 D ViewRootImpl@4e9319e[CorrectionActivity]: ViewPostImeInputStage processPointer 0
11-05 13:19:29.948 20564 20564 D ViewRootImpl@4e9319e[CorrectionActivity]: ViewPostImeInputStage processPointer 1
11-05 13:19:29.958 20564 20564 V InputMethodManager: Starting input: tba=android.view.inputmethod.EditorInfo@3b3d0c9 nm : cz.gienger.mobile ic=com.android.internal.widget.EditableInputConnection@1a353ce
11-05 13:19:29.958 20564 20564 I InputMethodManager: startInputInner - mService.startInputOrWindowGainedFocus
11-05 13:19:29.960 20564 20564 D InputTransport: Input channel constructed: fd=68
11-05 13:19:29.960 20564 20564 D InputTransport: Input channel destroyed: fd=67
11-05 13:19:29.960 20564 20564 D InputMethodManager: SSI - flag : 0 Pid : 20564 view : cz.gienger.mobile
11-05 13:19:30.236 20564 20564 D ViewRootImpl@4e9319e[CorrectionActivity]: MSG_RESIZED: frame=Rect(0, 0 - 768, 1024) ci=Rect(0, 24 - 0, 359) vi=Rect(0, 24 - 0, 359) or=1
11-05 13:19:30.271 20564 20564 D ViewRootImpl@4e9319e[CorrectionActivity]: Relayout returned: oldFrame=[0,0][768,1024] newFrame=[0,0][768,1024] result=0x1 surface={isValid=true -2001876992} surfaceGenerationChanged=false
11-05 13:19:30.282 20564 20564 D ScrollView: onsize change changed
11-05 13:19:32.345 20564 20564 D ViewRootImpl@4e9319e[CorrectionActivity]: ViewPostImeInputStage processPointer 0
11-05 13:19:33.182 20564 20564 D ViewRootImpl@4e9319e[CorrectionActivity]: ViewPostImeInputStage processPointer 1
11-05 13:19:34.359 20564 20564 D ViewRootImpl@4e9319e[CorrectionActivity]: ViewPostImeInputStage processPointer 0
11-05 13:19:34.823 20564 20564 D ViewRootImpl@4e9319e[CorrectionActivity]: ViewPostImeInputStage processPointer 1
11-05 13:19:35.663 20564 20564 D ViewRootImpl@4e9319e[CorrectionActivity]: ViewPostImeInputStage processPointer 0
11-05 13:19:35.756 20564 20564 D ViewRootImpl@4e9319e[CorrectionActivity]: ViewPostImeInputStage processPointer 1
11-05 13:19:35.793 20564 20564 D ScrollView: initGoToTop
11-05 13:19:35.797 20564 20564 D ScrollView: initGoToTop
11-05 13:19:35.805 20564 20564 D ViewRootImpl@b004c1d[CorrectionActivity]: ThreadedRenderer.create() translucent=true
11-05 13:19:35.811 20564 20564 D InputTransport: Input channel constructed: fd=67
11-05 13:19:35.812 20564 20564 D ViewRootImpl@b004c1d[CorrectionActivity]: setView = DecorView@1bf6e92[CorrectionActivity] touchMode=true
11-05 13:19:35.825 20564 20564 D ViewRootImpl@b004c1d[CorrectionActivity]: dispatchAttachedToWindow
11-05 13:19:35.848 20564 20564 D ViewRootImpl@b004c1d[CorrectionActivity]: Relayout returned: oldFrame=[0,0][0,0] newFrame=[108,466][660,582] result=0x27 surface={isValid=true -2005168128} surfaceGenerationChanged=true
11-05 13:19:35.848 20564 20564 D ViewRootImpl@b004c1d[CorrectionActivity]: mHardwareRenderer.initialize() mSurface={isValid=true -2005168128} hwInitialized=true
11-05 13:19:35.862 20564 20564 D ViewRootImpl@b004c1d[CorrectionActivity]: MSG_WINDOW_FOCUS_CHANGED 1
11-05 13:19:35.862 20564 20564 D ViewRootImpl@b004c1d[CorrectionActivity]: mHardwareRenderer.initializeIfNeeded()#2 mSurface={isValid=true -2005168128}
11-05 13:19:35.888 20564 20564 D ViewRootImpl@b004c1d[CorrectionActivity]: MSG_RESIZED_REPORT: frame=Rect(108, 466 - 660, 582) ci=Rect(0, 0 - 0, 0) vi=Rect(0, 0 - 0, 0) or=1
11-05 13:19:35.918 20564 20564 D ViewRootImpl@4e9319e[CorrectionActivity]: MSG_WINDOW_FOCUS_CHANGED 0
11-05 13:19:37.657 20564 20575 I art : Background partial concurrent mark sweep GC freed 275922(7MB) AllocSpace objects, 3(108KB) LOS objects, 41% free, 16MB/28MB, paused 1.017ms total 136.806ms
11-05 13:19:39.307 20564 20564 D ViewRootImpl@b004c1d[CorrectionActivity]: mHardwareRenderer.destroy()#4
11-05 13:19:39.307 20564 20564 D ViewRootImpl@b004c1d[CorrectionActivity]: dispatchDetachedFromWindow
11-05 13:19:39.317 20564 20564 D InputTransport: Input channel destroyed: fd=67
11-05 13:19:39.346 20564 20564 D ViewRootImpl@4e9319e[CorrectionActivity]: MSG_WINDOW_FOCUS_CHANGED 1
11-05 13:19:39.346 20564 20564 D ViewRootImpl@4e9319e[CorrectionActivity]: mHardwareRenderer.initializeIfNeeded()#2 mSurface={isValid=true -2001876992}
11-05 13:19:39.361 20564 20564 E ViewRootImpl: sendUserActionEvent() returned.
11-05 13:19:39.361 20564 20564 D ViewRootImpl@4e9319e[CorrectionActivity]: MSG_WINDOW_FOCUS_CHANGED 0
11-05 13:19:40.439 20564 20564 D ViewRootImpl@4e9319e[CorrectionActivity]: mHardwareRenderer.destroy()#1
11-05 13:19:40.448 20564 20564 D ViewRootImpl@4e9319e[CorrectionActivity]: Relayout returned: oldFrame=[0,0][768,1024] newFrame=[0,0][768,1024] result=0x5 surface={isValid=false 0} surfaceGenerationChanged=true
11-05 13:19:40.454 20564 20564 D InputTransport: Input channel destroyed: fd=68
11-05 13:19:40.454 20564 20564 W IInputConnectionWrapper: finishComposingText on inactive InputConnection
11-05 13:19:40.478 20564 20564 W IInputConnectionWrapper: reportFullscreenMode on inexistent InputConnection
11-05 13:19:40.479 20564 20564 W IInputConnectionWrapper: finishComposingText on inactive InputConnection
11-05 13:19:40.855 20564 20564 D ViewRootImpl@4e9319e[CorrectionActivity]: Relayout returned: oldFrame=[0,0][768,1024] newFrame=[0,0][768,1024] result=0x5 surface={isValid=false 0} surfaceGenerationChanged=false
11-05 13:19:50.410 20564 20564 D ViewRootImpl@556694e[PdfArchiveActivity]: ThreadedRenderer.create() translucent=true
11-05 13:19:50.413 20564 20564 D InputTransport: Input channel constructed: fd=63
11-05 13:19:50.413 20564 20564 D ViewRootImpl@556694e[PdfArchiveActivity]: setView = DecorView@a34ca6f[PdfArchiveActivity] touchMode=true
11-05 13:19:50.419 20564 20564 D ViewRootImpl@556694e[PdfArchiveActivity]: dispatchAttachedToWindow
11-05 13:19:50.445 20564 20564 D ViewRootImpl@556694e[PdfArchiveActivity]: Relayout returned: oldFrame=[0,0][0,0] newFrame=[241,456][527,568] result=0x27 surface={isValid=true -1990316032} surfaceGenerationChanged=true
11-05 13:19:50.446 20564 20564 D ViewRootImpl@556694e[PdfArchiveActivity]: mHardwareRenderer.initialize() mSurface={isValid=true -1990316032} hwInitialized=true
11-05 13:19:50.448 20564 20564 D ViewRootImpl@556694e[PdfArchiveActivity]: MSG_RESIZED_REPORT: frame=Rect(241, 456 - 527, 568) ci=Rect(0, 0 - 0, 0) vi=Rect(0, 0 - 0, 0) or=1
11-05 13:19:50.448 20564 20564 D ViewRootImpl@556694e[PdfArchiveActivity]: MSG_WINDOW_FOCUS_CHANGED 1
11-05 13:19:50.449 20564 20564 D ViewRootImpl@556694e[PdfArchiveActivity]: mHardwareRenderer.initializeIfNeeded()#2 mSurface={isValid=true -1990316032}
11-05 13:19:50.449 20564 20564 V InputMethodManager: Starting input: tba=android.view.inputmethod.EditorInfo@f02337c nm : cz.gienger.mobile ic=null
11-05 13:19:50.449 20564 20564 I InputMethodManager: startInputInner - mService.startInputOrWindowGainedFocus
11-05 13:19:50.451 20564 20564 D InputTransport: Input channel constructed: fd=67
11-05 13:19:51.540 20564 20564 D ViewRootImpl@556694e[PdfArchiveActivity]: mHardwareRenderer.destroy()#1
11-05 13:19:51.555 20564 20564 D ViewRootImpl@556694e[PdfArchiveActivity]: Relayout returned: oldFrame=[241,456][527,568] newFrame=[241,456][527,568] result=0x5 surface={isValid=false 0} surfaceGenerationChanged=true
11-05 13:19:51.555 20564 20564 D ViewRootImpl@556694e[PdfArchiveActivity]: MSG_WINDOW_FOCUS_CHANGED 0
11-05 13:19:51.574 20564 20564 D ViewRootImpl@4e9319e[CorrectionActivity]: mHardwareRenderer.destroy()#1
11-05 13:19:51.591 20564 20564 D ViewRootImpl@4e9319e[CorrectionActivity]: Relayout returned: oldFrame=[0,0][768,1024] newFrame=[0,0][768,1024] result=0x1 surface={isValid=false 0} surfaceGenerationChanged=false
11-05 13:19:51.616 20564 20564 D ScrollView: initGoToTop
11-05 13:19:51.624 20564 20564 D ViewRootImpl@b687fba[CorrectionActivity]: ThreadedRenderer.create() translucent=true
11-05 13:19:51.631 20564 20564 D InputTransport: Input channel constructed: fd=68
11-05 13:19:51.631 20564 20564 D ViewRootImpl@b687fba[CorrectionActivity]: setView = DecorView@6453e6b[CorrectionActivity] touchMode=true
11-05 13:19:51.636 20564 20564 D InputTransport: Input channel destroyed: fd=67
11-05 13:19:51.667 20564 20564 D ViewRootImpl@4e9319e[CorrectionActivity]: Relayout returned: oldFrame=[0,0][768,1024] newFrame=[0,0][768,1024] result=0x7 surface={isValid=true -2041712640} surfaceGenerationChanged=true
11-05 13:19:51.668 20564 20564 D ViewRootImpl@4e9319e[CorrectionActivity]: mHardwareRenderer.initialize() mSurface={isValid=true -2041712640} hwInitialized=true
11-05 13:19:51.675 20564 20564 D ScrollView: onsize change changed
11-05 13:19:51.679 20564 20564 D ViewRootImpl@b687fba[CorrectionActivity]: dispatchAttachedToWindow
11-05 13:19:51.715 20564 20564 D ViewRootImpl@b687fba[CorrectionActivity]: Relayout returned: oldFrame=[0,0][0,0] newFrame=[108,411][660,612] result=0x27 surface={isValid=true -2041710592} surfaceGenerationChanged=true
11-05 13:19:51.715 20564 20564 D ViewRootImpl@b687fba[CorrectionActivity]: mHardwareRenderer.initialize() mSurface={isValid=true -2041710592} hwInitialized=true
11-05 13:19:51.720 20564 20564 D ScrollView: onsize change changed
11-05 13:19:51.721 20564 20564 D ViewRootImpl@b687fba[CorrectionActivity]: MSG_WINDOW_FOCUS_CHANGED 1
11-05 13:19:51.721 20564 20564 D ViewRootImpl@b687fba[CorrectionActivity]: mHardwareRenderer.initializeIfNeeded()#2 mSurface={isValid=true -2041710592}
11-05 13:19:51.746 20564 20564 D ViewRootImpl@4e9319e[CorrectionActivity]: MSG_RESIZED_REPORT: frame=Rect(0, 0 - 768, 1024) ci=Rect(0, 24 - 0, 0) vi=Rect(0, 24 - 0, 0) or=1
11-05 13:19:51.746 20564 20564 D ViewRootImpl@b687fba[CorrectionActivity]: MSG_RESIZED_REPORT: frame=Rect(108, 411 - 660, 612) ci=Rect(0, 0 - 0, 0) vi=Rect(0, 0 - 0, 0) or=1
11-05 13:19:51.824 20564 20564 D ViewRootImpl@556694e[PdfArchiveActivity]: mHardwareRenderer.destroy()#4
11-05 13:19:51.824 20564 20564 D ViewRootImpl@556694e[PdfArchiveActivity]: dispatchDetachedFromWindow
11-05 13:19:51.831 20564 20564 D InputTransport: Input channel destroyed: fd=63
11-05 13:19:54.808 20564 20564 D ViewRootImpl@b687fba[CorrectionActivity]: ViewPostImeInputStage processPointer 0
11-05 13:19:54.908 20564 20564 D ViewRootImpl@b687fba[CorrectionActivity]: ViewPostImeInputStage processPointer 1
11-05 13:19:54.934 20564 20564 D ScrollView: initGoToTop
11-05 13:19:54.938 20564 20564 D ScrollView: initGoToTop
11-05 13:19:54.947 20564 20564 D ViewRootImpl@1c04b6a[CorrectionActivity]: ThreadedRenderer.create() translucent=true
11-05 13:19:54.954 20564 20564 D InputTransport: Input channel constructed: fd=86
11-05 13:19:54.954 20564 20564 D ViewRootImpl@1c04b6a[CorrectionActivity]: setView = DecorView@3d6985b[CorrectionActivity] touchMode=true
11-05 13:19:54.982 20564 20564 D ViewRootImpl@b687fba[CorrectionActivity]: mHardwareRenderer.destroy()#4
11-05 13:19:54.982 20564 20564 D ViewRootImpl@b687fba[CorrectionActivity]: dispatchDetachedFromWindow
11-05 13:19:54.995 20564 20564 D InputTransport: Input channel destroyed: fd=68
11-05 13:19:54.996 20564 20564 D ViewRootImpl@1c04b6a[CorrectionActivity]: dispatchAttachedToWindow
11-05 13:19:55.025 20564 20564 D ViewRootImpl@1c04b6a[CorrectionActivity]: Relayout returned: oldFrame=[0,0][0,0] newFrame=[108,466][660,582] result=0x27 surface={isValid=true -2041710592} surfaceGenerationChanged=true
11-05 13:19:55.026 20564 20564 D ViewRootImpl@1c04b6a[CorrectionActivity]: mHardwareRenderer.initialize() mSurface={isValid=true -2041710592} hwInitialized=true
11-05 13:19:55.032 20564 20564 D ViewRootImpl@1c04b6a[CorrectionActivity]: MSG_WINDOW_FOCUS_CHANGED 1
11-05 13:19:55.032 20564 20564 D ViewRootImpl@1c04b6a[CorrectionActivity]: mHardwareRenderer.initializeIfNeeded()#2 mSurface={isValid=true -2041710592}
11-05 13:19:55.043 20564 20564 D ViewRootImpl@1c04b6a[CorrectionActivity]: MSG_RESIZED_REPORT: frame=Rect(108, 466 - 660, 582) ci=Rect(0, 0 - 0, 0) vi=Rect(0, 0 - 0, 0) or=1
11-05 13:19:55.065 20564 20564 E ViewRootImpl: sendUserActionEvent() returned.
11-05 13:19:56.757 20564 20575 I art : Background partial concurrent mark sweep GC freed 284604(8MB) AllocSpace objects, 4(144KB) LOS objects, 40% free, 17MB/29MB, paused 1.146ms total 137.625ms
11-05 13:19:57.503 20564 20564 D ViewRootImpl@1c04b6a[CorrectionActivity]: mHardwareRenderer.destroy()#4
11-05 13:19:57.503 20564 20564 D ViewRootImpl@1c04b6a[CorrectionActivity]: dispatchDetachedFromWindow
11-05 13:19:57.518 20564 20564 D InputTransport: Input channel destroyed: fd=86
11-05 13:19:57.552 20564 20564 D ViewRootImpl@4e9319e[CorrectionActivity]: MSG_WINDOW_FOCUS_CHANGED 1
11-05 13:19:57.553 20564 20564 D ViewRootImpl@4e9319e[CorrectionActivity]: mHardwareRenderer.initializeIfNeeded()#2 mSurface={isValid=true -2041712640}
11-05 13:19:57.566 20564 20564 V InputMethodManager: Starting input: tba=android.view.inputmethod.EditorInfo@2d8cff4 nm : cz.gienger.mobile ic=com.android.internal.widget.EditableInputConnection@65131d
11-05 13:19:57.566 20564 20564 I InputMethodManager: startInputInner - mService.startInputOrWindowGainedFocus
11-05 13:19:57.569 20564 20564 D InputTransport: Input channel constructed: fd=68
11-05 13:19:57.569 20564 20564 E ViewRootImpl: sendUserActionEvent() returned.
11-05 13:19:57.569 20564 20564 D ViewRootImpl@4e9319e[CorrectionActivity]: MSG_WINDOW_FOCUS_CHANGED 0
11-05 13:19:59.395 20564 20564 D ViewRootImpl@4e9319e[CorrectionActivity]: mHardwareRenderer.destroy()#1
11-05 13:19:59.405 20564 20564 D ViewRootImpl@4e9319e[CorrectionActivity]: Relayout returned: oldFrame=[0,0][768,1024] newFrame=[0,0][768,1024] result=0x5 surface={isValid=false 0} surfaceGenerationChanged=true
11-05 13:19:59.406 20564 20564 D InputTransport: Input channel destroyed: fd=68
11-05 13:19:59.406 20564 20564 W IInputConnectionWrapper: reportFullscreenMode on inexistent InputConnection
11-05 13:19:59.406 20564 20564 W IInputConnectionWrapper: finishComposingText on inactive InputConnection
11-05 13:19:59.850 20564 20564 D ViewRootImpl@4e9319e[CorrectionActivity]: Relayout returned: oldFrame=[0,0][768,1024] newFrame=[0,0][768,1024] result=0x5 surface={isValid=false 0} surfaceGenerationChanged=false
11-05 13:21:15.096 20564 20564 D ViewRootImpl@ac34b43[PdfArchiveActivity]: ThreadedRenderer.create() translucent=true
11-05 13:21:15.099 20564 20564 D InputTransport: Input channel constructed: fd=63
11-05 13:21:15.099 20564 20564 D ViewRootImpl@ac34b43[PdfArchiveActivity]: setView = DecorView@ee7a5c0[PdfArchiveActivity] touchMode=true
11-05 13:21:15.107 20564 20564 D ViewRootImpl@ac34b43[PdfArchiveActivity]: dispatchAttachedToWindow
11-05 13:21:15.135 20564 20564 D ViewRootImpl@ac34b43[PdfArchiveActivity]: Relayout returned: oldFrame=[0,0][0,0] newFrame=[241,456][527,568] result=0x27 surface={isValid=true -1996902400} surfaceGenerationChanged=true
11-05 13:21:15.135 20564 20564 D ViewRootImpl@ac34b43[PdfArchiveActivity]: mHardwareRenderer.initialize() mSurface={isValid=true -1996902400} hwInitialized=true
11-05 13:21:15.139 20564 20564 D ViewRootImpl@ac34b43[PdfArchiveActivity]: MSG_RESIZED_REPORT: frame=Rect(241, 456 - 527, 568) ci=Rect(0, 0 - 0, 0) vi=Rect(0, 0 - 0, 0) or=1
11-05 13:21:15.139 20564 20564 D ViewRootImpl@ac34b43[PdfArchiveActivity]: MSG_WINDOW_FOCUS_CHANGED 1
11-05 13:21:15.139 20564 20564 D ViewRootImpl@ac34b43[PdfArchiveActivity]: mHardwareRenderer.initializeIfNeeded()#2 mSurface={isValid=true -1996902400}
11-05 13:21:15.140 20564 20564 V InputMethodManager: Starting input: tba=android.view.inputmethod.EditorInfo@fa242f9 nm : cz.gienger.mobile ic=null
11-05 13:21:15.140 20564 20564 I InputMethodManager: startInputInner - mService.startInputOrWindowGainedFocus
11-05 13:21:15.142 20564 20564 D InputTransport: Input channel constructed: fd=64
11-05 13:21:16.238 20564 20564 D ViewRootImpl@ac34b43[PdfArchiveActivity]: mHardwareRenderer.destroy()#1
11-05 13:21:16.255 20564 20564 D ViewRootImpl@ac34b43[PdfArchiveActivity]: Relayout returned: oldFrame=[241,456][527,568] newFrame=[241,456][527,568] result=0x5 surface={isValid=false 0} surfaceGenerationChanged=true
11-05 13:21:16.255 20564 20564 D ViewRootImpl@ac34b43[PdfArchiveActivity]: MSG_WINDOW_FOCUS_CHANGED 0
11-05 13:21:16.305 20564 20564 D ViewRootImpl@4e9319e[CorrectionActivity]: mHardwareRenderer.destroy()#1
11-05 13:21:16.314 20564 20564 D ViewRootImpl@4e9319e[CorrectionActivity]: Relayout returned: oldFrame=[0,0][768,1024] newFrame=[0,0][768,1024] result=0x1 surface={isValid=false 0} surfaceGenerationChanged=false
11-05 13:21:16.347 20564 21626 D MESSAGE_SERVICE: ACTION_COMPRESS_AND_UPLOAD
11-05 13:21:16.376 20564 20564 D ViewRootImpl@ae81aaf[DeliverActivity]: mHardwareRenderer.destroy()#1
11-05 13:21:16.388 20564 20564 D ViewRootImpl@ae81aaf[DeliverActivity]: Relayout returned: oldFrame=[0,0][768,1024] newFrame=[0,0][768,1024] result=0x1 surface={isValid=false 0} surfaceGenerationChanged=false
11-05 13:21:16.706 20564 20564 D ViewRootImpl@b8a142[MainActivity]: Relayout returned: oldFrame=[0,0][768,1024] newFrame=[0,0][768,1024] result=0x7 surface={isValid=true -1996900352} surfaceGenerationChanged=true
11-05 13:21:16.707 20564 20564 D ViewRootImpl@b8a142[MainActivity]: mHardwareRenderer.initialize() mSurface={isValid=true -1996900352} hwInitialized=true
11-05 13:21:16.788 20564 20564 D AbsListView: in onLayout changed
11-05 13:21:16.817 20564 20564 D ViewRootImpl@b8a142[MainActivity]: MSG_WINDOW_FOCUS_CHANGED 1
11-05 13:21:16.817 20564 20564 D ViewRootImpl@b8a142[MainActivity]: mHardwareRenderer.initializeIfNeeded()#2 mSurface={isValid=true -1996900352}
11-05 13:21:16.819 20564 20564 V InputMethodManager: Starting input: tba=android.view.inputmethod.EditorInfo@6d93210 nm : cz.gienger.mobile ic=null
11-05 13:21:16.819 20564 20564 I InputMethodManager: startInputInner - mService.startInputOrWindowGainedFocus
11-05 13:21:16.847 20564 20564 D InputTransport: Input channel constructed: fd=68
11-05 13:21:16.847 20564 20564 D InputTransport: Input channel destroyed: fd=64
11-05 13:21:16.875 20564 20564 D ViewRootImpl@ae81aaf[DeliverActivity]: mHardwareRenderer.destroy()#1
11-05 13:21:16.884 20564 20564 D ViewRootImpl@ae81aaf[DeliverActivity]: Relayout returned: oldFrame=[0,0][768,1024] newFrame=[0,0][768,1024] result=0x1 surface={isValid=false 0} surfaceGenerationChanged=false
11-05 13:21:16.886 20564 20564 D ViewRootImpl@4e9319e[CorrectionActivity]: mHardwareRenderer.destroy()#1
11-05 13:21:16.894 20564 20564 D ViewRootImpl@4e9319e[CorrectionActivity]: Relayout returned: oldFrame=[0,0][768,1024] newFrame=[0,0][768,1024] result=0x1 surface={isValid=false 0} surfaceGenerationChanged=false
11-05 13:21:17.123 20564 21626 D FILE_MANAGER: Serializing delivery /data/user/0/cz.gienger.mobile/files/finished/130AT1193305478/130AT1193305478.xml
11-05 13:21:17.123 20564 21626 D FILE_MANAGER: Null files:
11-05 13:21:17.476 20564 21626 D MYINTERCEPTOR: /GiengerService.svc/sendorder
