--------- beginning of main
11-05 13:16:40.225 20564 20564 V InputMethodManager: Starting input: tba=android.view.inputmethod.EditorInfo@e0a91f0 nm : cz.gienger.mobile ic=com.android.internal.widget.EditableInputConnection@2977369
11-05 13:16:40.226 20564 20564 I InputMethodManager: startInputInner - mService.startInputOrWindowGainedFocus
11-05 13:16:40.266 20564 20564 D InputTransport: Input channel constructed: fd=68
11-05 13:16:40.266 20564 20564 D InputTransport: Input channel destroyed: fd=64
11-05 13:16:40.279 20564 20564 D ViewRootImpl@fdfc31d[LoginActivity]: MSG_RESIZED_REPORT: frame=Rect(0, 0 - 768, 1024) ci=Rect(0, 24 - 0, 320) vi=Rect(0, 24 - 0, 320) or=1
11-05 13:16:40.279 20564 20564 W IInputConnectionWrapper: performPrivateCommand on inactive InputConnection
11-05 13:16:40.279 20564 20564 W IInputConnectionWrapper: finishComposingText on inactive InputConnection
11-05 13:16:40.470 20564 20564 D ViewRootImpl@fdfc31d[LoginActivity]: Relayout returned: oldFrame=[0,0][768,1024] newFrame=[0,0][768,1024] result=0x1 surface={isValid=true -2005125120} surfaceGenerationChanged=false
11-05 13:16:43.743 20564 20564 D ViewRootImpl@fdfc31d[LoginActivity]: ViewPostImeInputStage processPointer 0
11-05 13:16:43.794 20564 20564 D ViewRootImpl@fdfc31d[LoginActivity]: ViewPostImeInputStage processPointer 1
11-05 13:16:43.809 20564 20564 V InputMethodManager: Starting input: tba=android.view.inputmethod.EditorInfo@f1edd1c nm : cz.gienger.mobile ic=com.android.internal.widget.EditableInputConnection@72add25
11-05 13:16:43.809 20564 20564 I InputMethodManager: startInputInner - mService.startInputOrWindowGainedFocus
11-05 13:16:43.814 20564 20564 D InputTransport: Input channel constructed: fd=64
11-05 13:16:43.814 20564 20564 D InputTransport: Input channel destroyed: fd=68
11-05 13:16:43.814 20564 20564 D InputMethodManager: SSI - flag : 0 Pid : 20564 view : cz.gienger.mobile
11-05 13:16:43.818 20564 20564 W IInputConnectionWrapper: performPrivateCommand on inactive InputConnection
11-05 13:16:43.818 20564 20564 W IInputConnectionWrapper: finishComposingText on inactive InputConnection
11-05 13:16:48.083 20564 20564 D ScrollView: initGoToTop
11-05 13:16:48.090 20564 20564 D ScrollView: initGoToTop
11-05 13:16:48.099 20564 20564 D ViewRootImpl@4d3cbd[LoginActivity]: ThreadedRenderer.create() translucent=true
11-05 13:16:48.106 20564 20564 D InputTransport: Input channel constructed: fd=68
11-05 13:16:48.106 20564 20564 D ViewRootImpl@4d3cbd[LoginActivity]: setView = DecorView@92a2b2[LoginActivity] touchMode=true
11-05 13:16:48.121 20564 21232 D MYINTERCEPTOR: /GiengerService.svc/oauth
11-05 13:16:48.122 20564 21232 D OkHttp : --> POST https://testsaig1.gienger.cz/GiengerService.svc/oauth http/1.1
11-05 13:16:48.122 20564 21232 D OkHttp : Content-Type: application/xml; charset=UTF-8
11-05 13:16:48.122 20564 21232 D OkHttp : Content-Length: 298
11-05 13:16:48.122 20564 21232 D OkHttp : --> END POST
11-05 13:16:48.123 20564 20564 D ViewRootImpl@4d3cbd[LoginActivity]: dispatchAttachedToWindow
11-05 13:16:48.158 20564 20564 D ViewRootImpl@4d3cbd[LoginActivity]: Relayout returned: oldFrame=[0,0][0,0] newFrame=[108,466][660,582] result=0x27 surface={isValid=true -2049208320} surfaceGenerationChanged=true
11-05 13:16:48.159 20564 20564 D ViewRootImpl@4d3cbd[LoginActivity]: mHardwareRenderer.initialize() mSurface={isValid=true -2049208320} hwInitialized=true
11-05 13:16:48.165 20564 20564 D ViewRootImpl@4d3cbd[LoginActivity]: MSG_WINDOW_FOCUS_CHANGED 1
11-05 13:16:48.166 20564 20564 D ViewRootImpl@4d3cbd[LoginActivity]: mHardwareRenderer.initializeIfNeeded()#2 mSurface={isValid=true -2049208320}
11-05 13:16:48.184 20564 20564 D ViewRootImpl@4d3cbd[LoginActivity]: MSG_RESIZED_REPORT: frame=Rect(108, 466 - 660, 582) ci=Rect(0, 0 - 0, 0) vi=Rect(0, 0 - 0, 0) or=1
11-05 13:16:48.221 20564 20564 D ViewRootImpl@fdfc31d[LoginActivity]: MSG_WINDOW_FOCUS_CHANGED 0
11-05 13:16:48.824 20564 21232 D OkHttp : <-- 200 https://testsaig1.gienger.cz/GiengerService.svc/oauth (701ms)
11-05 13:16:48.824 20564 21232 D OkHttp : content-type: application/xml; charset=utf-8
11-05 13:16:48.824 20564 21232 D OkHttp : server: Microsoft-IIS/10.0
11-05 13:16:48.824 20564 21232 D OkHttp : x-powered-by: ASP.NET
11-05 13:16:48.824 20564 21232 D OkHttp : date: Thu, 05 Nov 2020 12:16:47 GMT
11-05 13:16:48.825 20564 21232 D OkHttp : content-length: 292
11-05 13:16:48.825 20564 21232 D OkHttp : <-- END HTTP
11-05 13:16:48.843 20564 21232 D MYINTERCEPTOR: /GiengerService.svc/userinfo
11-05 13:16:48.844 20564 21232 D OkHttp : --> POST https://testsaig1.gienger.cz/GiengerService.svc/userinfo http/1.1
11-05 13:16:48.844 20564 21232 D OkHttp : Content-Type: application/xml; charset=UTF-8
11-05 13:16:48.845 20564 21232 D OkHttp : Content-Length: 139
11-05 13:16:48.845 20564 21232 D OkHttp : token: eabfd6ce5e545622f7ce8815de79e0a7
11-05 13:16:48.845 20564 21232 D OkHttp : --> END POST
11-05 13:16:48.882 20564 21232 D OkHttp : <-- 200 https://testsaig1.gienger.cz/GiengerService.svc/userinfo (37ms)
11-05 13:16:48.883 20564 21232 D OkHttp : content-type: application/xml; charset=utf-8
11-05 13:16:48.883 20564 21232 D OkHttp : server: Microsoft-IIS/10.0
11-05 13:16:48.883 20564 21232 D OkHttp : x-powered-by: ASP.NET
11-05 13:16:48.883 20564 21232 D OkHttp : date: Thu, 05 Nov 2020 12:16:47 GMT
11-05 13:16:48.883 20564 21232 D OkHttp : content-length: 195
11-05 13:16:48.883 20564 21232 D OkHttp : <-- END HTTP
11-05 13:16:48.914 20564 20564 D ScrollView: initGoToTop
11-05 13:16:48.919 20564 20564 D ScrollView: initGoToTop
11-05 13:16:48.928 20564 20564 D ViewRootImpl@cfa2355[LoginActivity]: ThreadedRenderer.create() translucent=true
11-05 13:16:48.933 20564 20564 D InputTransport: Input channel constructed: fd=86
11-05 13:16:48.934 20564 20564 D ViewRootImpl@cfa2355[LoginActivity]: setView = DecorView@603216a[LoginActivity] touchMode=true
11-05 13:16:48.943 20564 20564 D ViewRootImpl@4d3cbd[LoginActivity]: mHardwareRenderer.destroy()#4
11-05 13:16:48.943 20564 20564 D ViewRootImpl@4d3cbd[LoginActivity]: dispatchDetachedFromWindow
11-05 13:16:48.956 20564 20564 D InputTransport: Input channel destroyed: fd=68
11-05 13:16:48.965 20564 20564 D ViewRootImpl@fdfc31d[LoginActivity]: Relayout returned: oldFrame=[0,0][768,1024] newFrame=[0,0][768,1024] result=0x1 surface={isValid=true -2005125120} surfaceGenerationChanged=false
11-05 13:16:48.975 20564 20564 D ViewRootImpl@cfa2355[LoginActivity]: dispatchAttachedToWindow
11-05 13:16:49.029 20564 20564 D ViewRootImpl@cfa2355[LoginActivity]: Relayout returned: oldFrame=[0,0][0,0] newFrame=[108,423][660,624] result=0x27 surface={isValid=true -2049208320} surfaceGenerationChanged=true
11-05 13:16:49.029 20564 20564 D ViewRootImpl@cfa2355[LoginActivity]: mHardwareRenderer.initialize() mSurface={isValid=true -2049208320} hwInitialized=true
11-05 13:16:49.035 20564 20564 D ScrollView: onsize change changed
11-05 13:16:49.036 20564 20564 D ScrollView: onsize change changed
11-05 13:16:49.038 20564 20564 D ViewRootImpl@cfa2355[LoginActivity]: MSG_WINDOW_FOCUS_CHANGED 1
11-05 13:16:49.038 20564 20564 D ViewRootImpl@cfa2355[LoginActivity]: mHardwareRenderer.initializeIfNeeded()#2 mSurface={isValid=true -2049208320}
11-05 13:16:49.051 20564 20564 D ViewRootImpl@cfa2355[LoginActivity]: MSG_RESIZED_REPORT: frame=Rect(108, 423 - 660, 624) ci=Rect(0, 0 - 0, 0) vi=Rect(0, 0 - 0, 0) or=1
11-05 13:16:49.072 20564 20564 E ViewRootImpl: sendUserActionEvent() returned.
11-05 13:16:50.205 20564 20564 D ViewRootImpl@cfa2355[LoginActivity]: ViewPostImeInputStage processPointer 0
11-05 13:16:50.253 20564 20564 D ViewRootImpl@cfa2355[LoginActivity]: ViewPostImeInputStage processPointer 1
11-05 13:16:50.273 20564 20564 D ViewRootImpl@cfa2355[LoginActivity]: mHardwareRenderer.destroy()#4
11-05 13:16:50.273 20564 20564 D ViewRootImpl@cfa2355[LoginActivity]: dispatchDetachedFromWindow
11-05 13:16:50.282 20564 20564 D InputTransport: Input channel destroyed: fd=86
11-05 13:16:50.310 20564 21232 D MYINTERCEPTOR: /GiengerService.svc/manifests
11-05 13:16:50.311 20564 21232 D OkHttp : --> GET https://testsaig1.gienger.cz/GiengerService.svc/manifests http/1.1
11-05 13:16:50.311 20564 21232 D OkHttp : state: CZ
11-05 13:16:50.311 20564 21232 D OkHttp : token: eabfd6ce5e545622f7ce8815de79e0a7
11-05 13:16:50.311 20564 21232 D OkHttp : --> END GET
11-05 13:16:50.321 20564 20564 D TextView: SYANI: Clipboard API is calling: clearFilter()
11-05 13:16:50.321 20564 20564 D TextView: SYANI: Clipboard API is calling: unregisterClipboardEventListener()
11-05 13:16:50.323 20564 20564 D TextView: SYANI: Clipboard API is calling: clearFilter()
11-05 13:16:50.323 20564 20564 D TextView: SYANI: Clipboard API is calling: unregisterClipboardEventListener()
11-05 13:16:50.331 20564 20564 D ViewRootImpl@fdfc31d[LoginActivity]: mHardwareRenderer.destroy()#4
11-05 13:16:50.331 20564 20564 D ViewRootImpl@fdfc31d[LoginActivity]: dispatchDetachedFromWindow
11-05 13:16:50.332 20564 20564 D InputTransport: Input channel destroyed: fd=61
11-05 13:16:50.358 20564 21232 D OkHttp : <-- 200 https://testsaig1.gienger.cz/GiengerService.svc/manifests (46ms)
11-05 13:16:50.359 20564 21232 D OkHttp : content-type: application/xml; charset=utf-8
11-05 13:16:50.359 20564 21232 D OkHttp : server: Microsoft-IIS/10.0
11-05 13:16:50.359 20564 21232 D OkHttp : x-powered-by: ASP.NET
11-05 13:16:50.359 20564 21232 D OkHttp : date: Thu, 05 Nov 2020 12:16:49 GMT
11-05 13:16:50.359 20564 21232 D OkHttp : content-length: 12682
11-05 13:16:50.359 20564 21232 D OkHttp : <-- END HTTP
11-05 13:16:50.367 20564 20564 D FILES : /data/user/0/cz.gienger.mobile/files/delivery
11-05 13:16:50.390 20564 21241 D MYINTERCEPTOR: /GiengerService.svc/manifests
11-05 13:16:50.390 20564 21241 D OkHttp : --> GET https://testsaig1.gienger.cz/GiengerService.svc/manifests http/1.1
11-05 13:16:50.391 20564 21241 D OkHttp : state: CZ
11-05 13:16:50.391 20564 21241 D OkHttp : token: eabfd6ce5e545622f7ce8815de79e0a7
11-05 13:16:50.391 20564 21241 D OkHttp : --> END GET
11-05 13:16:50.406 20564 21242 D MYINTERCEPTOR: /GiengerService.svc/manifests
11-05 13:16:50.409 20564 21242 D OkHttp : --> GET https://testsaig1.gienger.cz/GiengerService.svc/manifests http/1.1
11-05 13:16:50.409 20564 21242 D OkHttp : state: CZ
11-05 13:16:50.409 20564 21242 D OkHttp : token: eabfd6ce5e545622f7ce8815de79e0a7
11-05 13:16:50.409 20564 21242 D OkHttp : --> END GET
11-05 13:16:50.411 20564 20564 D ViewRootImpl@d80c81e[LoginActivity]: ThreadedRenderer.create() translucent=false
11-05 13:16:50.416 20564 20564 D InputTransport: Input channel constructed: fd=61
11-05 13:16:50.416 20564 20564 D ViewRootImpl@d80c81e[LoginActivity]: setView = DecorView@20288ff[LoginActivity] touchMode=true
11-05 13:16:50.419 20564 20564 D ViewRootImpl@d80c81e[LoginActivity]: dispatchAttachedToWindow
11-05 13:16:50.431 20564 21241 D OkHttp : <-- 200 https://testsaig1.gienger.cz/GiengerService.svc/manifests (40ms)
11-05 13:16:50.431 20564 21241 D OkHttp : content-type: application/xml; charset=utf-8
11-05 13:16:50.431 20564 21241 D OkHttp : server: Microsoft-IIS/10.0
11-05 13:16:50.431 20564 21241 D OkHttp : x-powered-by: ASP.NET
11-05 13:16:50.432 20564 21241 D OkHttp : date: Thu, 05 Nov 2020 12:16:49 GMT
11-05 13:16:50.432 20564 21241 D OkHttp : content-length: 12682
11-05 13:16:50.432 20564 21241 D OkHttp : <-- END HTTP
11-05 13:16:50.447 20564 20564 D ViewRootImpl@d80c81e[LoginActivity]: Relayout returned: oldFrame=[0,0][0,0] newFrame=[0,0][768,1024] result=0x27 surface={isValid=true -1990213632} surfaceGenerationChanged=true
11-05 13:16:50.448 20564 20564 D ViewRootImpl@d80c81e[LoginActivity]: mHardwareRenderer.initialize() mSurface={isValid=true -1990213632} hwInitialized=true
11-05 13:16:50.457 20564 21242 D OkHttp : <-- 200 https://testsaig1.gienger.cz/GiengerService.svc/manifests (47ms)
11-05 13:16:50.457 20564 21242 D OkHttp : content-type: application/xml; charset=utf-8
11-05 13:16:50.457 20564 21242 D OkHttp : server: Microsoft-IIS/10.0
11-05 13:16:50.457 20564 21242 D OkHttp : x-powered-by: ASP.NET
11-05 13:16:50.458 20564 21242 D OkHttp : date: Thu, 05 Nov 2020 12:16:49 GMT
11-05 13:16:50.458 20564 21242 D OkHttp : content-length: 12682
11-05 13:16:50.458 20564 21242 D OkHttp : <-- END HTTP
11-05 13:16:50.466 20564 20564 D AbsListView: in onLayout changed
11-05 13:16:50.467 20564 20564 E ViewRootImpl: sendUserActionEvent() returned.
11-05 13:16:50.467 20564 20564 E ViewRootImpl: sendUserActionEvent() returned.
11-05 13:16:50.517 20564 20564 D DOWNLOAD_MANIFESTS: success
11-05 13:16:50.534 20564 20564 D ViewRootImpl@d80c81e[LoginActivity]: MSG_RESIZED_REPORT: frame=Rect(0, 0 - 768, 1024) ci=Rect(0, 24 - 0, 320) vi=Rect(0, 24 - 0, 320) or=1
11-05 13:16:50.534 20564 20564 D ViewRootImpl@d80c81e[LoginActivity]: MSG_WINDOW_FOCUS_CHANGED 1
11-05 13:16:50.535 20564 20564 D ViewRootImpl@d80c81e[LoginActivity]: mHardwareRenderer.initializeIfNeeded()#2 mSurface={isValid=true -1990213632}
11-05 13:16:50.536 20564 20564 V InputMethodManager: Starting input: tba=android.view.inputmethod.EditorInfo@c2bf3b8 nm : cz.gienger.mobile ic=null
11-05 13:16:50.536 20564 20564 I InputMethodManager: startInputInner - mService.startInputOrWindowGainedFocus
11-05 13:16:50.551 20564 20564 D InputTransport: Input channel constructed: fd=66
11-05 13:16:50.551 20564 20564 D InputTransport: Input channel destroyed: fd=64
11-05 13:16:50.559 20564 20564 D DOWNLOAD_MANIFESTS: success
11-05 13:16:50.593 20564 20564 E ViewRootImpl: sendUserActionEvent() returned.
11-05 13:16:50.593 20564 20564 D DOWNLOAD_MANIFESTS: success
11-05 13:16:50.607 20564 20564 V InputMethodManager: Starting input: tba=android.view.inputmethod.EditorInfo@b490591 nm : cz.gienger.mobile ic=null
11-05 13:16:50.607 20564 20564 I InputMethodManager: startInputInner - mService.startInputOrWindowGainedFocus
11-05 13:16:50.608 20564 20564 D InputTransport: Input channel constructed: fd=64
11-05 13:16:50.609 20564 20564 D InputTransport: Input channel destroyed: fd=66
11-05 13:16:50.628 20564 20575 I art : Background partial concurrent mark sweep GC freed 107143(4MB) AllocSpace objects, 18(428KB) LOS objects, 59% free, 8MB/20MB, paused 1.262ms total 154ms
11-05 13:16:50.751 20564 20564 W IInputConnectionWrapper: finishComposingText on inactive InputConnection
11-05 13:16:50.751 20564 20564 W IInputConnectionWrapper: performPrivateCommand on inactive InputConnection
11-05 13:16:50.751 20564 20564 W IInputConnectionWrapper: finishComposingText on inactive InputConnection
11-05 13:16:50.752 20564 20564 D ViewRootImpl@d80c81e[LoginActivity]: MSG_RESIZED: frame=Rect(0, 0 - 768, 1024) ci=Rect(0, 24 - 0, 0) vi=Rect(0, 24 - 0, 0) or=1
11-05 13:16:50.765 20564 20564 D ViewRootImpl@d80c81e[LoginActivity]: Relayout returned: oldFrame=[0,0][768,1024] newFrame=[0,0][768,1024] result=0x1 surface={isValid=true -1990213632} surfaceGenerationChanged=false
11-05 13:16:50.838 20564 20564 D AbsListView: in onLayout changed
11-05 13:16:51.911 20564 20564 D ViewRootImpl@d80c81e[LoginActivity]: ViewPostImeInputStage processPointer 0
11-05 13:16:51.992 20564 20564 D ViewRootImpl@d80c81e[LoginActivity]: ViewPostImeInputStage processPointer 1
11-05 13:16:51.993 20564 20564 D AbsListView: onTouchUp() mTouchMode : 0
11-05 13:16:53.358 20564 20564 D ViewRootImpl@d80c81e[LoginActivity]: ViewPostImeInputStage processPointer 0
11-05 13:16:53.439 20564 20564 D ViewRootImpl@d80c81e[LoginActivity]: ViewPostImeInputStage processPointer 1
11-05 13:16:53.458 20564 20564 D InputMethodManager: HSIFW - flag : 0 Pid : 20564
11-05 13:16:53.472 20564 20564 D AbsListView: in onLayout changed
11-05 13:16:58.386 20564 20564 D ViewRootImpl@d80c81e[LoginActivity]: ViewPostImeInputStage processPointer 0
11-05 13:16:58.455 20564 20564 D ViewRootImpl@d80c81e[LoginActivity]: ViewPostImeInputStage processPointer 1
11-05 13:16:58.455 20564 20564 D AbsListView: onTouchUp() mTouchMode : 0
11-05 13:17:01.291 20564 20564 D ViewRootImpl@d80c81e[LoginActivity]: ViewPostImeInputStage processPointer 0
11-05 13:17:01.348 20564 20564 D ViewRootImpl@d80c81e[LoginActivity]: ViewPostImeInputStage processPointer 1
11-05 13:17:01.372 20564 20564 D ScrollView: initGoToTop
11-05 13:17:01.375 20564 20564 D ScrollView: initGoToTop
11-05 13:17:01.383 20564 20564 D ViewRootImpl@4407021[LoginActivity]: ThreadedRenderer.create() translucent=true
11-05 13:17:01.391 20564 20564 D InputTransport: Input channel constructed: fd=76
11-05 13:17:01.391 20564 20564 D ViewRootImpl@4407021[LoginActivity]: setView = DecorView@c1ffc46[LoginActivity] touchMode=true
11-05 13:17:01.392 20564 21242 D MYINTERCEPTOR: /GiengerService.svc/manifestinfo
11-05 13:17:01.394 20564 20564 D ViewRootImpl@4407021[LoginActivity]: dispatchAttachedToWindow
11-05 13:17:01.394 20564 21242 D OkHttp : --> POST https://testsaig1.gienger.cz/GiengerService.svc/manifestinfo http/1.1
11-05 13:17:01.394 20564 21242 D OkHttp : Content-Length: 0
11-05 13:17:01.394 20564 21242 D OkHttp : state: CZ
11-05 13:17:01.394 20564 21242 D OkHttp : id: A03_trasa_A03-04_ranni_13_06_2019
11-05 13:17:01.394 20564 21242 D OkHttp : token: eabfd6ce5e545622f7ce8815de79e0a7
11-05 13:17:01.394 20564 21242 D OkHttp : --> END POST
11-05 13:17:01.425 20564 20564 D ViewRootImpl@4407021[LoginActivity]: Relayout returned: oldFrame=[0,0][0,0] newFrame=[108,466][660,582] result=0x27 surface={isValid=true -1990211584} surfaceGenerationChanged=true
11-05 13:17:01.426 20564 20564 D ViewRootImpl@4407021[LoginActivity]: mHardwareRenderer.initialize() mSurface={isValid=true -1990211584} hwInitialized=true
11-05 13:17:01.435 20564 21242 D OkHttp : <-- 200 https://testsaig1.gienger.cz/GiengerService.svc/manifestinfo (40ms)
11-05 13:17:01.435 20564 21242 D OkHttp : content-type: application/xml; charset=utf-8
11-05 13:17:01.435 20564 21242 D OkHttp : server: Microsoft-IIS/10.0
11-05 13:17:01.436 20564 21242 D OkHttp : x-powered-by: ASP.NET
11-05 13:17:01.436 20564 21242 D OkHttp : date: Thu, 05 Nov 2020 12:17:00 GMT
11-05 13:17:01.436 20564 21242 D OkHttp : content-length: 966
11-05 13:17:01.436 20564 21242 D OkHttp : <-- END HTTP
11-05 13:17:01.444 20564 20564 D ViewRootImpl@4407021[LoginActivity]: MSG_WINDOW_FOCUS_CHANGED 1
11-05 13:17:01.447 20564 20564 D ViewRootImpl@4407021[LoginActivity]: mHardwareRenderer.initializeIfNeeded()#2 mSurface={isValid=true -1990211584}
11-05 13:17:01.476 20564 20564 D ViewRootImpl@4407021[LoginActivity]: MSG_RESIZED_REPORT: frame=Rect(108, 466 - 660, 582) ci=Rect(0, 0 - 0, 0) vi=Rect(0, 0 - 0, 0) or=1
11-05 13:17:01.494 20564 21249 D MYINTERCEPTOR: /GiengerService.svc/corrections
11-05 13:17:01.497 20564 21249 D OkHttp : --> GET https://testsaig1.gienger.cz/GiengerService.svc/corrections http/1.1
11-05 13:17:01.497 20564 21249 D OkHttp : token: eabfd6ce5e545622f7ce8815de79e0a7
11-05 13:17:01.497 20564 21249 D OkHttp : --> END GET
11-05 13:17:01.523 20564 20564 D ViewRootImpl@d80c81e[LoginActivity]: MSG_WINDOW_FOCUS_CHANGED 0
11-05 13:17:01.542 20564 21249 D OkHttp : <-- 200 https://testsaig1.gienger.cz/GiengerService.svc/corrections (44ms)
11-05 13:17:01.542 20564 21249 D OkHttp : content-type: application/xml; charset=utf-8
11-05 13:17:01.542 20564 21249 D OkHttp : server: Microsoft-IIS/10.0
11-05 13:17:01.542 20564 21249 D OkHttp : x-powered-by: ASP.NET
11-05 13:17:01.542 20564 21249 D OkHttp : date: Thu, 05 Nov 2020 12:17:00 GMT
11-05 13:17:01.542 20564 21249 D OkHttp : content-length: 1267
11-05 13:17:01.542 20564 21249 D OkHttp : <-- END HTTP
11-05 13:17:01.552 20564 21249 D MYINTERCEPTOR: /GiengerService.svc/getorder
11-05 13:17:01.552 20564 21249 D OkHttp : --> POST https://testsaig1.gienger.cz/GiengerService.svc/getorder http/1.1
11-05 13:17:01.552 20564 21249 D OkHttp : Content-Length: 0
11-05 13:17:01.552 20564 21249 D OkHttp : name: 130AT1190319555.xml
11-05 13:17:01.553 20564 21249 D OkHttp : token: eabfd6ce5e545622f7ce8815de79e0a7
11-05 13:17:01.553 20564 21249 D OkHttp : --> END POST
11-05 13:17:01.600 20564 21249 D OkHttp : <-- 200 https://testsaig1.gienger.cz/GiengerService.svc/getorder (47ms)
11-05 13:17:01.600 20564 21249 D OkHttp : content-type: application/xml; charset=utf-8
11-05 13:17:01.601 20564 21249 D OkHttp : server: Microsoft-IIS/10.0
11-05 13:17:01.601 20564 21249 D OkHttp : checksum: 6f46baae045b8c888c65c0c6d8007c3d
11-05 13:17:01.601 20564 21249 D OkHttp : x-powered-by: ASP.NET
11-05 13:17:01.601 20564 21249 D OkHttp : date: Thu, 05 Nov 2020 12:17:00 GMT
11-05 13:17:01.601 20564 21249 D OkHttp : content-length: 161493
11-05 13:17:01.601 20564 21249 D OkHttp : <-- END HTTP
11-05 13:17:01.762 20564 21249 D MYINTERCEPTOR: /GiengerService.svc/getorder
11-05 13:17:01.762 20564 21249 D OkHttp : --> POST https://testsaig1.gienger.cz/GiengerService.svc/getorder http/1.1
11-05 13:17:01.763 20564 21249 D OkHttp : Content-Length: 0
11-05 13:17:01.763 20564 21249 D OkHttp : name: 130AT1190319556_2.xml
11-05 13:17:01.763 20564 21249 D OkHttp : token: eabfd6ce5e545622f7ce8815de79e0a7
11-05 13:17:01.763 20564 21249 D OkHttp : --> END POST
11-05 13:17:01.802 20564 21249 D OkHttp : <-- 200 https://testsaig1.gienger.cz/GiengerService.svc/getorder (39ms)
11-05 13:17:01.803 20564 21249 D OkHttp : content-type: application/xml; charset=utf-8
11-05 13:17:01.803 20564 21249 D OkHttp : server: Microsoft-IIS/10.0
11-05 13:17:01.803 20564 21249 D OkHttp : checksum: 2985aae893ba9965c52c238896837f41
11-05 13:17:01.803 20564 21249 D OkHttp : x-powered-by: ASP.NET
11-05 13:17:01.803 20564 21249 D OkHttp : date: Thu, 05 Nov 2020 12:17:00 GMT
11-05 13:17:01.803 20564 21249 D OkHttp : content-length: 173913
11-05 13:17:01.803 20564 21249 D OkHttp : <-- END HTTP
11-05 13:17:01.939 20564 21249 D MYINTERCEPTOR: /GiengerService.svc/getorder
11-05 13:17:01.939 20564 21249 D OkHttp : --> POST https://testsaig1.gienger.cz/GiengerService.svc/getorder http/1.1
11-05 13:17:01.940 20564 21249 D OkHttp : Content-Length: 0
11-05 13:17:01.940 20564 21249 D OkHttp : name: 130AT1190319651.xml
11-05 13:17:01.940 20564 21249 D OkHttp : token: eabfd6ce5e545622f7ce8815de79e0a7
11-05 13:17:01.940 20564 21249 D OkHttp : --> END POST
11-05 13:17:01.991 20564 21249 D OkHttp : <-- 200 https://testsaig1.gienger.cz/GiengerService.svc/getorder (51ms)
11-05 13:17:01.991 20564 21249 D OkHttp : content-type: application/xml; charset=utf-8
11-05 13:17:01.992 20564 21249 D OkHttp : server: Microsoft-IIS/10.0
11-05 13:17:01.992 20564 21249 D OkHttp : checksum: 72b0a13e193c04021a38416920d07219
11-05 13:17:01.992 20564 21249 D OkHttp : x-powered-by: ASP.NET
11-05 13:17:01.992 20564 21249 D OkHttp : date: Thu, 05 Nov 2020 12:17:00 GMT
11-05 13:17:01.992 20564 21249 D OkHttp : content-length: 163319
11-05 13:17:01.993 20564 21249 D OkHttp : <-- END HTTP
11-05 13:17:02.117 20564 21249 D MYINTERCEPTOR: /GiengerService.svc/getorder
11-05 13:17:02.118 20564 21249 D OkHttp : --> POST https://testsaig1.gienger.cz/GiengerService.svc/getorder http/1.1
11-05 13:17:02.118 20564 21249 D OkHttp : Content-Length: 0
11-05 13:17:02.118 20564 21249 D OkHttp : name: 130AT1190319652.xml
11-05 13:17:02.119 20564 21249 D OkHttp : token: eabfd6ce5e545622f7ce8815de79e0a7
11-05 13:17:02.119 20564 21249 D OkHttp : --> END POST
11-05 13:17:02.184 20564 21249 D OkHttp : <-- 200 https://testsaig1.gienger.cz/GiengerService.svc/getorder (64ms)
11-05 13:17:02.184 20564 21249 D OkHttp : content-type: application/xml; charset=utf-8
11-05 13:17:02.184 20564 21249 D OkHttp : server: Microsoft-IIS/10.0
11-05 13:17:02.184 20564 21249 D OkHttp : checksum: 8dc5493d3ba8641f278d4e03ef43ef8d
11-05 13:17:02.185 20564 21249 D OkHttp : x-powered-by: ASP.NET
11-05 13:17:02.185 20564 21249 D OkHttp : date: Thu, 05 Nov 2020 12:17:00 GMT
11-05 13:17:02.185 20564 21249 D OkHttp : content-length: 161839
11-05 13:17:02.185 20564 21249 D OkHttp : <-- END HTTP
11-05 13:17:02.316 20564 21249 D MYINTERCEPTOR: /GiengerService.svc/getorder
11-05 13:17:02.318 20564 21249 D OkHttp : --> POST https://testsaig1.gienger.cz/GiengerService.svc/getorder http/1.1
11-05 13:17:02.318 20564 21249 D OkHttp : Content-Length: 0
11-05 13:17:02.318 20564 21249 D OkHttp : name: 130AT1190319672.xml
11-05 13:17:02.318 20564 21249 D OkHttp : token: eabfd6ce5e545622f7ce8815de79e0a7
11-05 13:17:02.318 20564 21249 D OkHttp : --> END POST
11-05 13:17:02.360 20564 21249 D OkHttp : <-- 200 https://testsaig1.gienger.cz/GiengerService.svc/getorder (41ms)
11-05 13:17:02.360 20564 21249 D OkHttp : content-type: application/xml; charset=utf-8
11-05 13:17:02.360 20564 21249 D OkHttp : server: Microsoft-IIS/10.0
11-05 13:17:02.360 20564 21249 D OkHttp : checksum: 79c73082940065a2c55a20a3ef8a1a78
11-05 13:17:02.360 20564 21249 D OkHttp : x-powered-by: ASP.NET
11-05 13:17:02.361 20564 21249 D OkHttp : date: Thu, 05 Nov 2020 12:17:00 GMT
11-05 13:17:02.361 20564 21249 D OkHttp : content-length: 164362
11-05 13:17:02.361 20564 21249 D OkHttp : <-- END HTTP
11-05 13:17:02.445 20564 21249 D MYINTERCEPTOR: /GiengerService.svc/getorder
11-05 13:17:02.446 20564 21249 D OkHttp : --> POST https://testsaig1.gienger.cz/GiengerService.svc/getorder http/1.1
11-05 13:17:02.446 20564 21249 D OkHttp : Content-Length: 0
11-05 13:17:02.446 20564 21249 D OkHttp : name: 130AT1193103345.xml
11-05 13:17:02.446 20564 21249 D OkHttp : token: eabfd6ce5e545622f7ce8815de79e0a7
11-05 13:17:02.446 20564 21249 D OkHttp : --> END POST
11-05 13:17:02.486 20564 21249 D OkHttp : <-- 200 https://testsaig1.gienger.cz/GiengerService.svc/getorder (39ms)
11-05 13:17:02.486 20564 21249 D OkHttp : content-type: application/xml; charset=utf-8
11-05 13:17:02.486 20564 21249 D OkHttp : server: Microsoft-IIS/10.0
11-05 13:17:02.486 20564 21249 D OkHttp : checksum: b54ac01454488b0a40e896c3aaff2271
11-05 13:17:02.486 20564 21249 D OkHttp : x-powered-by: ASP.NET
11-05 13:17:02.486 20564 21249 D OkHttp : date: Thu, 05 Nov 2020 12:17:01 GMT
11-05 13:17:02.487 20564 21249 D OkHttp : content-length: 165130
11-05 13:17:02.487 20564 21249 D OkHttp : <-- END HTTP
11-05 13:17:02.551 20564 21249 D MYINTERCEPTOR: /GiengerService.svc/getorder
11-05 13:17:02.552 20564 21249 D OkHttp : --> POST https://testsaig1.gienger.cz/GiengerService.svc/getorder http/1.1
11-05 13:17:02.552 20564 21249 D OkHttp : Content-Length: 0
11-05 13:17:02.552 20564 21249 D OkHttp : name: 130AT1190319623.xml
11-05 13:17:02.552 20564 21249 D OkHttp : token: eabfd6ce5e545622f7ce8815de79e0a7
11-05 13:17:02.552 20564 21249 D OkHttp : --> END POST
11-05 13:17:02.596 20564 21249 D OkHttp : <-- 200 https://testsaig1.gienger.cz/GiengerService.svc/getorder (43ms)
11-05 13:17:02.596 20564 21249 D OkHttp : content-type: application/xml; charset=utf-8
11-05 13:17:02.597 20564 21249 D OkHttp : server: Microsoft-IIS/10.0
11-05 13:17:02.597 20564 21249 D OkHttp : checksum: 8a2fa41c872d6ba91fcc2c3949849796
11-05 13:17:02.597 20564 21249 D OkHttp : x-powered-by: ASP.NET
11-05 13:17:02.597 20564 21249 D OkHttp : date: Thu, 05 Nov 2020 12:17:01 GMT
11-05 13:17:02.597 20564 21249 D OkHttp : content-length: 173680
11-05 13:17:02.597 20564 21249 D OkHttp : <-- END HTTP
11-05 13:17:03.181 20564 21249 D MYINTERCEPTOR: /GiengerService.svc/getorder
11-05 13:17:03.182 20564 21249 D OkHttp : --> POST https://testsaig1.gienger.cz/GiengerService.svc/getorder http/1.1
11-05 13:17:03.182 20564 21249 D OkHttp : Content-Length: 0
11-05 13:17:03.182 20564 21249 D OkHttp : name: 130AT1190319647.xml
11-05 13:17:03.183 20564 21249 D OkHttp : token: eabfd6ce5e545622f7ce8815de79e0a7
11-05 13:17:03.183 20564 21249 D OkHttp : --> END POST
11-05 13:17:03.258 20564 21249 D OkHttp : <-- 200 https://testsaig1.gienger.cz/GiengerService.svc/getorder (74ms)
11-05 13:17:03.258 20564 21249 D OkHttp : content-type: application/xml; charset=utf-8
11-05 13:17:03.258 20564 21249 D OkHttp : server: Microsoft-IIS/10.0
11-05 13:17:03.258 20564 21249 D OkHttp : checksum: c830a225aac4b35815aa59ad1b7e4226
11-05 13:17:03.258 20564 21249 D OkHttp : x-powered-by: ASP.NET
11-05 13:17:03.259 20564 21249 D OkHttp : date: Thu, 05 Nov 2020 12:17:01 GMT
11-05 13:17:03.259 20564 21249 D OkHttp : content-length: 167459
11-05 13:17:03.259 20564 21249 D OkHttp : <-- END HTTP
11-05 13:17:03.450 20564 21249 D MYINTERCEPTOR: /GiengerService.svc/getorder
11-05 13:17:03.452 20564 21249 D OkHttp : --> POST https://testsaig1.gienger.cz/GiengerService.svc/getorder http/1.1
11-05 13:17:03.452 20564 21249 D OkHttp : Content-Length: 0
11-05 13:17:03.452 20564 21249 D OkHttp : name: 130AT1190517617.xml
11-05 13:17:03.453 20564 21249 D OkHttp : token: eabfd6ce5e545622f7ce8815de79e0a7
11-05 13:17:03.453 20564 21249 D OkHttp : --> END POST
11-05 13:17:03.491 20564 21249 D OkHttp : <-- 200 https://testsaig1.gienger.cz/GiengerService.svc/getorder (38ms)
11-05 13:17:03.493 20564 21249 D OkHttp : content-type: application/xml; charset=utf-8
11-05 13:17:03.493 20564 21249 D OkHttp : server: Microsoft-IIS/10.0
11-05 13:17:03.493 20564 21249 D OkHttp : checksum: fd52c39b59a3e0bc6eb38e3663f28a37
11-05 13:17:03.493 20564 21249 D OkHttp : x-powered-by: ASP.NET
11-05 13:17:03.493 20564 21249 D OkHttp : date: Thu, 05 Nov 2020 12:17:02 GMT
11-05 13:17:03.493 20564 21249 D OkHttp : content-length: 163428
11-05 13:17:03.493 20564 21249 D OkHttp : <-- END HTTP
11-05 13:17:03.531 20564 20575 I art : Background partial concurrent mark sweep GC freed 77042(3MB) AllocSpace objects, 64(9MB) LOS objects, 59% free, 8MB/20MB, paused 1.149ms total 121.257ms
11-05 13:17:03.597 20564 21249 D MYINTERCEPTOR: /GiengerService.svc/getorder
11-05 13:17:03.599 20564 21249 D OkHttp : --> POST https://testsaig1.gienger.cz/GiengerService.svc/getorder http/1.1
11-05 13:17:03.599 20564 21249 D OkHttp : Content-Length: 0
11-05 13:17:03.599 20564 21249 D OkHttp : name: 130AT1191103618.xml
11-05 13:17:03.599 20564 21249 D OkHttp : token: eabfd6ce5e545622f7ce8815de79e0a7
11-05 13:17:03.599 20564 21249 D OkHttp : --> END POST
11-05 13:17:03.646 20564 21249 D OkHttp : <-- 200 https://testsaig1.gienger.cz/GiengerService.svc/getorder (47ms)
11-05 13:17:03.647 20564 21249 D OkHttp : content-type: application/xml; charset=utf-8
11-05 13:17:03.647 20564 21249 D OkHttp : server: Microsoft-IIS/10.0
11-05 13:17:03.647 20564 21249 D OkHttp : checksum: 9fb98f5ea86f5d41c0c336a192fbc895
11-05 13:17:03.647 20564 21249 D OkHttp : x-powered-by: ASP.NET
11-05 13:17:03.647 20564 21249 D OkHttp : date: Thu, 05 Nov 2020 12:17:02 GMT
11-05 13:17:03.647 20564 21249 D OkHttp : content-length: 164084
11-05 13:17:03.647 20564 21249 D OkHttp : <-- END HTTP
11-05 13:17:03.723 20564 21249 D MYINTERCEPTOR: /GiengerService.svc/getorder
11-05 13:17:03.724 20564 21249 D OkHttp : --> POST https://testsaig1.gienger.cz/GiengerService.svc/getorder http/1.1
11-05 13:17:03.724 20564 21249 D OkHttp : Content-Length: 0
11-05 13:17:03.724 20564 21249 D OkHttp : name: 130AT1191103619.xml
11-05 13:17:03.724 20564 21249 D OkHttp : token: eabfd6ce5e545622f7ce8815de79e0a7
11-05 13:17:03.724 20564 21249 D OkHttp : --> END POST
11-05 13:17:03.756 20564 21249 D OkHttp : <-- 200 https://testsaig1.gienger.cz/GiengerService.svc/getorder (31ms)
11-05 13:17:03.756 20564 21249 D OkHttp : content-type: application/xml; charset=utf-8
11-05 13:17:03.756 20564 21249 D OkHttp : server: Microsoft-IIS/10.0
11-05 13:17:03.756 20564 21249 D OkHttp : checksum: 7f0d755e4268a4d5b27b673eda3634b1
11-05 13:17:03.756 20564 21249 D OkHttp : x-powered-by: ASP.NET
11-05 13:17:03.756 20564 21249 D OkHttp : date: Thu, 05 Nov 2020 12:17:02 GMT
11-05 13:17:03.756 20564 21249 D OkHttp : content-length: 163974
11-05 13:17:03.757 20564 21249 D OkHttp : <-- END HTTP
11-05 13:17:03.879 20564 21249 D MYINTERCEPTOR: /GiengerService.svc/getorder
11-05 13:17:03.880 20564 21249 D OkHttp : --> POST https://testsaig1.gienger.cz/GiengerService.svc/getorder http/1.1
11-05 13:17:03.880 20564 21249 D OkHttp : Content-Length: 0
11-05 13:17:03.880 20564 21249 D OkHttp : name: 130AT1191103627.xml
11-05 13:17:03.880 20564 21249 D OkHttp : token: eabfd6ce5e545622f7ce8815de79e0a7
11-05 13:17:03.881 20564 21249 D OkHttp : --> END POST
11-05 13:17:03.931 20564 21249 D OkHttp : <-- 200 https://testsaig1.gienger.cz/GiengerService.svc/getorder (50ms)
11-05 13:17:03.932 20564 21249 D OkHttp : content-type: application/xml; charset=utf-8
11-05 13:17:03.932 20564 21249 D OkHttp : server: Microsoft-IIS/10.0
11-05 13:17:03.932 20564 21249 D OkHttp : checksum: 2df1a9861384fac5edf391b80bb47a75
11-05 13:17:03.932 20564 21249 D OkHttp : x-powered-by: ASP.NET
11-05 13:17:03.932 20564 21249 D OkHttp : date: Thu, 05 Nov 2020 12:17:02 GMT
11-05 13:17:03.932 20564 21249 D OkHttp : content-length: 161712
11-05 13:17:03.932 20564 21249 D OkHttp : <-- END HTTP
11-05 13:17:04.030 20564 21249 D MYINTERCEPTOR: /GiengerService.svc/getorder
11-05 13:17:04.031 20564 21249 D OkHttp : --> POST https://testsaig1.gienger.cz/GiengerService.svc/getorder http/1.1
11-05 13:17:04.031 20564 21249 D OkHttp : Content-Length: 0
11-05 13:17:04.031 20564 21249 D OkHttp : name: 130AT1193305221.xml
11-05 13:17:04.031 20564 21249 D OkHttp : token: eabfd6ce5e545622f7ce8815de79e0a7
11-05 13:17:04.031 20564 21249 D OkHttp : --> END POST
11-05 13:17:04.072 20564 21249 D OkHttp : <-- 200 https://testsaig1.gienger.cz/GiengerService.svc/getorder (41ms)
11-05 13:17:04.072 20564 21249 D OkHttp : content-type: application/xml; charset=utf-8
11-05 13:17:04.073 20564 21249 D OkHttp : server: Microsoft-IIS/10.0
11-05 13:17:04.073 20564 21249 D OkHttp : checksum: f0f4a41e7fd1459a6c670fe4f669215e
11-05 13:17:04.073 20564 21249 D OkHttp : x-powered-by: ASP.NET
11-05 13:17:04.073 20564 21249 D OkHttp : date: Thu, 05 Nov 2020 12:17:02 GMT
11-05 13:17:04.073 20564 21249 D OkHttp : content-length: 163746
11-05 13:17:04.073 20564 21249 D OkHttp : <-- END HTTP
11-05 13:17:04.135 20564 21249 D MYINTERCEPTOR: /GiengerService.svc/getorder
11-05 13:17:04.136 20564 21249 D OkHttp : --> POST https://testsaig1.gienger.cz/GiengerService.svc/getorder http/1.1
11-05 13:17:04.136 20564 21249 D OkHttp : Content-Length: 0
11-05 13:17:04.136 20564 21249 D OkHttp : name: 130AT1193305478.xml
11-05 13:17:04.136 20564 21249 D OkHttp : token: eabfd6ce5e545622f7ce8815de79e0a7
11-05 13:17:04.136 20564 21249 D OkHttp : --> END POST
11-05 13:17:04.175 20564 21249 D OkHttp : <-- 200 https://testsaig1.gienger.cz/GiengerService.svc/getorder (38ms)
11-05 13:17:04.175 20564 21249 D OkHttp : content-type: application/xml; charset=utf-8
11-05 13:17:04.175 20564 21249 D OkHttp : server: Microsoft-IIS/10.0
11-05 13:17:04.175 20564 21249 D OkHttp : checksum: 1fdd29eaca27eb25f23b14beff8fe968
11-05 13:17:04.175 20564 21249 D OkHttp : x-powered-by: ASP.NET
11-05 13:17:04.175 20564 21249 D OkHttp : date: Thu, 05 Nov 2020 12:17:02 GMT
11-05 13:17:04.175 20564 21249 D OkHttp : content-length: 164181
11-05 13:17:04.176 20564 21249 D OkHttp : <-- END HTTP
11-05 13:17:04.259 20564 21249 D MYINTERCEPTOR: /GiengerService.svc/getorder
11-05 13:17:04.260 20564 21249 D OkHttp : --> POST https://testsaig1.gienger.cz/GiengerService.svc/getorder http/1.1
11-05 13:17:04.260 20564 21249 D OkHttp : Content-Length: 0
11-05 13:17:04.260 20564 21249 D OkHttp : name: 130AT1194304625.xml
11-05 13:17:04.260 20564 21249 D OkHttp : token: eabfd6ce5e545622f7ce8815de79e0a7
11-05 13:17:04.260 20564 21249 D OkHttp : --> END POST
11-05 13:17:04.291 20564 21249 D OkHttp : <-- 200 https://testsaig1.gienger.cz/GiengerService.svc/getorder (30ms)
11-05 13:17:04.291 20564 21249 D OkHttp : content-type: application/xml; charset=utf-8
11-05 13:17:04.292 20564 21249 D OkHttp : server: Microsoft-IIS/10.0
11-05 13:17:04.292 20564 21249 D OkHttp : checksum: ff7940f63e6d0419f31d6ad0363cb0db
11-05 13:17:04.292 20564 21249 D OkHttp : x-powered-by: ASP.NET
11-05 13:17:04.292 20564 21249 D OkHttp : date: Thu, 05 Nov 2020 12:17:02 GMT
11-05 13:17:04.292 20564 21249 D OkHttp : content-length: 164503
11-05 13:17:04.292 20564 21249 D OkHttp : <-- END HTTP
11-05 13:17:04.357 20564 21249 D MYINTERCEPTOR: /GiengerService.svc/getorder
11-05 13:17:04.358 20564 21249 D OkHttp : --> POST https://testsaig1.gienger.cz/GiengerService.svc/getorder http/1.1
11-05 13:17:04.358 20564 21249 D OkHttp : Content-Length: 0
11-05 13:17:04.358 20564 21249 D OkHttp : name: 130AT1193305504.xml
11-05 13:17:04.358 20564 21249 D OkHttp : token: eabfd6ce5e545622f7ce8815de79e0a7
11-05 13:17:04.358 20564 21249 D OkHttp : --> END POST
11-05 13:17:04.409 20564 21249 D OkHttp : <-- 200 https://testsaig1.gienger.cz/GiengerService.svc/getorder (50ms)
11-05 13:17:04.410 20564 21249 D OkHttp : content-type: application/xml; charset=utf-8
11-05 13:17:04.410 20564 21249 D OkHttp : server: Microsoft-IIS/10.0
11-05 13:17:04.410 20564 21249 D OkHttp : checksum: d9357c8a8cae90aa719660dd328844e1
11-05 13:17:04.410 20564 21249 D OkHttp : x-powered-by: ASP.NET
11-05 13:17:04.410 20564 21249 D OkHttp : date: Thu, 05 Nov 2020 12:17:02 GMT
11-05 13:17:04.411 20564 21249 D OkHttp : content-length: 162299
11-05 13:17:04.411 20564 21249 D OkHttp : <-- END HTTP
11-05 13:17:04.488 20564 21249 D MYINTERCEPTOR: /GiengerService.svc/getorder
11-05 13:17:04.489 20564 21249 D OkHttp : --> POST https://testsaig1.gienger.cz/GiengerService.svc/getorder http/1.1
11-05 13:17:04.489 20564 21249 D OkHttp : Content-Length: 0
11-05 13:17:04.489 20564 21249 D OkHttp : name: 130AT1193902696.xml
11-05 13:17:04.489 20564 21249 D OkHttp : token: eabfd6ce5e545622f7ce8815de79e0a7
11-05 13:17:04.489 20564 21249 D OkHttp : --> END POST
11-05 13:17:04.524 20564 21249 D OkHttp : <-- 200 https://testsaig1.gienger.cz/GiengerService.svc/getorder (34ms)
11-05 13:17:04.524 20564 21249 D OkHttp : content-type: application/xml; charset=utf-8
11-05 13:17:04.524 20564 21249 D OkHttp : server: Microsoft-IIS/10.0
11-05 13:17:04.524 20564 21249 D OkHttp : checksum: 2749cc38c5e495483fb88732b2806483
11-05 13:17:04.524 20564 21249 D OkHttp : x-powered-by: ASP.NET
11-05 13:17:04.524 20564 21249 D OkHttp : date: Thu, 05 Nov 2020 12:17:03 GMT
11-05 13:17:04.524 20564 21249 D OkHttp : content-length: 162367
11-05 13:17:04.524 20564 21249 D OkHttp : <-- END HTTP
11-05 13:17:04.610 20564 21249 D MYINTERCEPTOR: /GiengerService.svc/getorder
11-05 13:17:04.611 20564 21249 D OkHttp : --> POST https://testsaig1.gienger.cz/GiengerService.svc/getorder http/1.1
11-05 13:17:04.611 20564 21249 D OkHttp : Content-Length: 0
11-05 13:17:04.611 20564 21249 D OkHttp : name: 130AT1190427232.xml
11-05 13:17:04.611 20564 21249 D OkHttp : token: eabfd6ce5e545622f7ce8815de79e0a7
11-05 13:17:04.611 20564 21249 D OkHttp : --> END POST
11-05 13:17:04.642 20564 21249 D OkHttp : <-- 200 https://testsaig1.gienger.cz/GiengerService.svc/getorder (30ms)
11-05 13:17:04.642 20564 21249 D OkHttp : content-type: application/xml; charset=utf-8
11-05 13:17:04.642 20564 21249 D OkHttp : server: Microsoft-IIS/10.0
11-05 13:17:04.642 20564 21249 D OkHttp : checksum: aa506c8a37d55eb4d84f647db5793e87
11-05 13:17:04.642 20564 21249 D OkHttp : x-powered-by: ASP.NET
11-05 13:17:04.642 20564 21249 D OkHttp : date: Thu, 05 Nov 2020 12:17:03 GMT
11-05 13:17:04.643 20564 21249 D OkHttp : content-length: 165163
11-05 13:17:04.643 20564 21249 D OkHttp : <-- END HTTP
11-05 13:17:04.715 20564 21249 D MYINTERCEPTOR: /GiengerService.svc/getorder
11-05 13:17:04.716 20564 21249 D OkHttp : --> POST https://testsaig1.gienger.cz/GiengerService.svc/getorder http/1.1
11-05 13:17:04.717 20564 21249 D OkHttp : Content-Length: 0
11-05 13:17:04.717 20564 21249 D OkHttp : name: 130AT1193902719.xml
11-05 13:17:04.718 20564 21249 D OkHttp : token: eabfd6ce5e545622f7ce8815de79e0a7
11-05 13:17:04.718 20564 21249 D OkHttp : --> END POST
11-05 13:17:04.829 20564 21249 D OkHttp : <-- 200 https://testsaig1.gienger.cz/GiengerService.svc/getorder (111ms)
11-05 13:17:04.829 20564 21249 D OkHttp : content-type: application/xml; charset=utf-8
11-05 13:17:04.830 20564 21249 D OkHttp : server: Microsoft-IIS/10.0
11-05 13:17:04.830 20564 21249 D OkHttp : checksum: 4d777ce0c982b0d80428d526bc75dfd0
11-05 13:17:04.830 20564 21249 D OkHttp : x-powered-by: ASP.NET
11-05 13:17:04.830 20564 21249 D OkHttp : date: Thu, 05 Nov 2020 12:17:03 GMT
11-05 13:17:04.830 20564 21249 D OkHttp : content-length: 163834
11-05 13:17:04.830 20564 21249 D OkHttp : <-- END HTTP
11-05 13:17:04.936 20564 21249 D MYINTERCEPTOR: /GiengerService.svc/getorder
11-05 13:17:04.937 20564 21249 D OkHttp : --> POST https://testsaig1.gienger.cz/GiengerService.svc/getorder http/1.1
11-05 13:17:04.937 20564 21249 D OkHttp : Content-Length: 0
11-05 13:17:04.937 20564 21249 D OkHttp : name: 130AT1193902728.xml
11-05 13:17:04.938 20564 21249 D OkHttp : token: eabfd6ce5e545622f7ce8815de79e0a7
11-05 13:17:04.938 20564 21249 D OkHttp : --> END POST
11-05 13:17:04.975 20564 21249 D OkHttp : <-- 200 https://testsaig1.gienger.cz/GiengerService.svc/getorder (37ms)
11-05 13:17:04.975 20564 21249 D OkHttp : content-type: application/xml; charset=utf-8
11-05 13:17:04.975 20564 21249 D OkHttp : server: Microsoft-IIS/10.0
11-05 13:17:04.975 20564 21249 D OkHttp : checksum: b19508cc637e568b34ee6732fd578b62
11-05 13:17:04.975 20564 21249 D OkHttp : x-powered-by: ASP.NET
11-05 13:17:04.975 20564 21249 D OkHttp : date: Thu, 05 Nov 2020 12:17:03 GMT
11-05 13:17:04.975 20564 21249 D OkHttp : content-length: 162318
11-05 13:17:04.976 20564 21249 D OkHttp : <-- END HTTP
11-05 13:17:04.995 20564 20575 I art : Background partial concurrent mark sweep GC freed 32082(1693KB) AllocSpace objects, 74(12MB) LOS objects, 59% free, 8MB/20MB, paused 1.880ms total 111.510ms
11-05 13:17:05.040 20564 21249 D MYINTERCEPTOR: /GiengerService.svc/getorder
11-05 13:17:05.041 20564 21249 D OkHttp : --> POST https://testsaig1.gienger.cz/GiengerService.svc/getorder http/1.1
11-05 13:17:05.041 20564 21249 D OkHttp : Content-Length: 0
11-05 13:17:05.041 20564 21249 D OkHttp : name: 130AT1193902729.xml
11-05 13:17:05.041 20564 21249 D OkHttp : token: eabfd6ce5e545622f7ce8815de79e0a7
11-05 13:17:05.041 20564 21249 D OkHttp : --> END POST
11-05 13:17:05.069 20564 21249 D OkHttp : <-- 200 https://testsaig1.gienger.cz/GiengerService.svc/getorder (27ms)
11-05 13:17:05.069 20564 21249 D OkHttp : content-type: application/xml; charset=utf-8
11-05 13:17:05.069 20564 21249 D OkHttp : server: Microsoft-IIS/10.0
11-05 13:17:05.069 20564 21249 D OkHttp : checksum: 4b3af0de873e1e5ba2af04d57a232986
11-05 13:17:05.069 20564 21249 D OkHttp : x-powered-by: ASP.NET
11-05 13:17:05.069 20564 21249 D OkHttp : date: Thu, 05 Nov 2020 12:17:03 GMT
11-05 13:17:05.069 20564 21249 D OkHttp : content-length: 162081
11-05 13:17:05.070 20564 21249 D OkHttp : <-- END HTTP
11-05 13:17:05.141 20564 21249 D MYINTERCEPTOR: /GiengerService.svc/getorder
11-05 13:17:05.141 20564 21249 D OkHttp : --> POST https://testsaig1.gienger.cz/GiengerService.svc/getorder http/1.1
11-05 13:17:05.141 20564 21249 D OkHttp : Content-Length: 0
11-05 13:17:05.141 20564 21249 D OkHttp : name: 130AT1190427452.xml
11-05 13:17:05.142 20564 21249 D OkHttp : token: eabfd6ce5e545622f7ce8815de79e0a7
11-05 13:17:05.142 20564 21249 D OkHttp : --> END POST
11-05 13:17:05.170 20564 21249 D OkHttp : <-- 200 https://testsaig1.gienger.cz/GiengerService.svc/getorder (28ms)
11-05 13:17:05.170 20564 21249 D OkHttp : content-type: application/xml; charset=utf-8
11-05 13:17:05.170 20564 21249 D OkHttp : server: Microsoft-IIS/10.0
11-05 13:17:05.171 20564 21249 D OkHttp : checksum: a3921c0ce5b14251657315776b9bfaeb
11-05 13:17:05.171 20564 21249 D OkHttp : x-powered-by: ASP.NET
11-05 13:17:05.171 20564 21249 D OkHttp : date: Thu, 05 Nov 2020 12:17:03 GMT
11-05 13:17:05.171 20564 21249 D OkHttp : content-length: 164739
11-05 13:17:05.171 20564 21249 D OkHttp : <-- END HTTP
11-05 13:17:05.234 20564 21249 D MYINTERCEPTOR: /GiengerService.svc/getorder
11-05 13:17:05.235 20564 21249 D OkHttp : --> POST https://testsaig1.gienger.cz/GiengerService.svc/getorder http/1.1
11-05 13:17:05.235 20564 21249 D OkHttp : Content-Length: 0
11-05 13:17:05.235 20564 21249 D OkHttp : name: 130AT1193902712.xml
11-05 13:17:05.235 20564 21249 D OkHttp : token: eabfd6ce5e545622f7ce8815de79e0a7
11-05 13:17:05.235 20564 21249 D OkHttp : --> END POST
11-05 13:17:05.276 20564 21249 D OkHttp : <-- 200 https://testsaig1.gienger.cz/GiengerService.svc/getorder (40ms)
11-05 13:17:05.277 20564 21249 D OkHttp : content-type: application/xml; charset=utf-8
11-05 13:17:05.277 20564 21249 D OkHttp : server: Microsoft-IIS/10.0
11-05 13:17:05.277 20564 21249 D OkHttp : checksum: 24d26db3a42201657293a7261ce14762
11-05 13:17:05.277 20564 21249 D OkHttp : x-powered-by: ASP.NET
11-05 13:17:05.278 20564 21249 D OkHttp : date: Thu, 05 Nov 2020 12:17:03 GMT
11-05 13:17:05.278 20564 21249 D OkHttp : content-length: 177525
11-05 13:17:05.278 20564 21249 D OkHttp : <-- END HTTP
11-05 13:17:05.858 20564 21249 D MYINTERCEPTOR: /GiengerService.svc/getorder
11-05 13:17:05.859 20564 21249 D OkHttp : --> POST https://testsaig1.gienger.cz/GiengerService.svc/getorder http/1.1
11-05 13:17:05.859 20564 21249 D OkHttp : Content-Length: 0
11-05 13:17:05.859 20564 21249 D OkHttp : name: 130AT1191103624.xml
11-05 13:17:05.860 20564 21249 D OkHttp : token: eabfd6ce5e545622f7ce8815de79e0a7
11-05 13:17:05.860 20564 21249 D OkHttp : --> END POST
11-05 13:17:05.903 20564 21249 D OkHttp : <-- 200 https://testsaig1.gienger.cz/GiengerService.svc/getorder (42ms)
11-05 13:17:05.904 20564 21249 D OkHttp : content-type: application/xml; charset=utf-8
11-05 13:17:05.904 20564 21249 D OkHttp : server: Microsoft-IIS/10.0
11-05 13:17:05.904 20564 21249 D OkHttp : checksum: 9edad92f92db9b995cf1027106e03340
11-05 13:17:05.904 20564 21249 D OkHttp : x-powered-by: ASP.NET
11-05 13:17:05.905 20564 21249 D OkHttp : date: Thu, 05 Nov 2020 12:17:04 GMT
11-05 13:17:05.905 20564 21249 D OkHttp : content-length: 162485
11-05 13:17:05.905 20564 21249 D OkHttp : <-- END HTTP
11-05 13:17:06.000 20564 21249 D MYINTERCEPTOR: /GiengerService.svc/getorder
11-05 13:17:06.001 20564 21249 D OkHttp : --> POST https://testsaig1.gienger.cz/GiengerService.svc/getorder http/1.1
11-05 13:17:06.001 20564 21249 D OkHttp : Content-Length: 0
11-05 13:17:06.001 20564 21249 D OkHttp : name: 130AT1193305508.xml
11-05 13:17:06.001 20564 21249 D OkHttp : token: eabfd6ce5e545622f7ce8815de79e0a7
11-05 13:17:06.001 20564 21249 D OkHttp : --> END POST
11-05 13:17:06.035 20564 21249 D OkHttp : <-- 200 https://testsaig1.gienger.cz/GiengerService.svc/getorder (33ms)
11-05 13:17:06.035 20564 21249 D OkHttp : content-type: application/xml; charset=utf-8
11-05 13:17:06.035 20564 21249 D OkHttp : server: Microsoft-IIS/10.0
11-05 13:17:06.035 20564 21249 D OkHttp : checksum: 657271bff80aa31d0afc500dfc499f8e
11-05 13:17:06.035 20564 21249 D OkHttp : x-powered-by: ASP.NET
11-05 13:17:06.035 20564 21249 D OkHttp : date: Thu, 05 Nov 2020 12:17:04 GMT
11-05 13:17:06.035 20564 21249 D OkHttp : content-length: 164019
11-05 13:17:06.035 20564 21249 D OkHttp : <-- END HTTP
11-05 13:17:06.101 20564 21249 D MYINTERCEPTOR: /GiengerService.svc/getorder
11-05 13:17:06.101 20564 21249 D OkHttp : --> POST https://testsaig1.gienger.cz/GiengerService.svc/getorder http/1.1
11-05 13:17:06.102 20564 21249 D OkHttp : Content-Length: 0
11-05 13:17:06.102 20564 21249 D OkHttp : name: 130AT1191103614.xml
11-05 13:17:06.102 20564 21249 D OkHttp : token: eabfd6ce5e545622f7ce8815de79e0a7
11-05 13:17:06.102 20564 21249 D OkHttp : --> END POST
11-05 13:17:06.131 20564 21249 D OkHttp : <-- 200 https://testsaig1.gienger.cz/GiengerService.svc/getorder (28ms)
11-05 13:17:06.131 20564 21249 D OkHttp : content-type: application/xml; charset=utf-8
11-05 13:17:06.131 20564 21249 D OkHttp : server: Microsoft-IIS/10.0
11-05 13:17:06.131 20564 21249 D OkHttp : checksum: 0ba9c8af4ac7b3ef9f05eb57fbaf5c56
11-05 13:17:06.131 20564 21249 D OkHttp : x-powered-by: ASP.NET
11-05 13:17:06.131 20564 21249 D OkHttp : date: Thu, 05 Nov 2020 12:17:04 GMT
11-05 13:17:06.131 20564 21249 D OkHttp : content-length: 161433
11-05 13:17:06.131 20564 21249 D OkHttp : <-- END HTTP
11-05 13:17:06.204 20564 20564 D ViewRootImpl@4407021[LoginActivity]: mHardwareRenderer.destroy()#4
11-05 13:17:06.204 20564 20564 D ViewRootImpl@4407021[LoginActivity]: dispatchDetachedFromWindow
11-05 13:17:06.218 20564 20564 D InputTransport: Input channel destroyed: fd=76
11-05 13:17:06.235 20564 20564 D ViewRootImpl@d80c81e[LoginActivity]: MSG_WINDOW_FOCUS_CHANGED 1
11-05 13:17:06.236 20564 20564 D ViewRootImpl@d80c81e[LoginActivity]: mHardwareRenderer.initializeIfNeeded()#2 mSurface={isValid=true -1990213632}
11-05 13:17:06.237 20564 20564 V InputMethodManager: Starting input: tba=android.view.inputmethod.EditorInfo@46e0418 nm : cz.gienger.mobile ic=null
11-05 13:17:06.238 20564 20564 I InputMethodManager: startInputInner - mService.startInputOrWindowGainedFocus
11-05 13:17:06.243 20564 20564 D InputTransport: Input channel constructed: fd=76
11-05 13:17:06.244 20564 20564 D InputTransport: Input channel destroyed: fd=64
11-05 13:17:06.244 20564 20564 E ViewRootImpl: sendUserActionEvent() returned.
11-05 13:17:06.249 20564 20564 D AbsListView: in onLayout changed
11-05 13:17:06.512 20564 20564 D AbsListView: in onLayout changed
11-05 13:17:09.054 20564 20564 D ViewRootImpl@d80c81e[LoginActivity]: ViewPostImeInputStage processPointer 0
11-05 13:17:09.079 20564 20564 D AbsListView: reportScrollStateChange() newState : 1
11-05 13:17:09.199 20564 20564 D ViewRootImpl@d80c81e[LoginActivity]: ViewPostImeInputStage processPointer 1
11-05 13:17:09.199 20564 20564 D AbsListView: onTouchUp() mTouchMode : 3
11-05 13:17:09.199 20564 20564 D AbsListView: onTouchUp() TOUCH_MODE_SCROLL initialVelocity : -4480
11-05 13:17:09.199 20564 20564 D AbsListView: reportScrollStateChange() newState : 2
11-05 13:17:09.412 20564 20564 D AbsListView: reportScrollStateChange() newState : 0
11-05 13:17:10.272 20564 20564 D ViewRootImpl@d80c81e[LoginActivity]: ViewPostImeInputStage processPointer 0
11-05 13:17:10.354 20564 20564 D ViewRootImpl@d80c81e[LoginActivity]: ViewPostImeInputStage processPointer 1
11-05 13:17:10.380 20564 20564 D ScrollView: initGoToTop
11-05 13:17:10.385 20564 20564 D ScrollView: initGoToTop
