11-05 13:26:44.105 20564 20564 D InputTransport: Input channel destroyed: fd=69
11-05 13:26:44.183 20564 21892 D FILE_MANAGER: Serializing delivery /data/user/0/cz.gienger.mobile/files/finished/130AT1190319652/130AT1190319652.xml
11-05 13:26:44.183 20564 21892 D FILE_MANAGER: Null files:
11-05 13:26:44.287 20564 21892 D MYINTERCEPTOR: /GiengerService.svc/sendorder
11-05 13:26:44.288 20564 21892 D OkHttp : --> POST https://testsaig1.gienger.cz/GiengerService.svc/sendorder http/1.1
11-05 13:26:44.288 20564 21892 D OkHttp : Content-Type: text/raw
11-05 13:26:44.288 20564 21892 D OkHttp : Content-Length: 3053
11-05 13:26:44.289 20564 21892 D OkHttp : filename: 130AT1190319652.xml
11-05 13:26:44.289 20564 21892 D OkHttp : Checksum: d246d512368e7ec952b2df93a1d1947f
11-05 13:26:44.289 20564 21892 D OkHttp : token: eabfd6ce5e545622f7ce8815de79e0a7
11-05 13:26:44.289 20564 21892 D OkHttp : --> END POST
11-05 13:26:44.771 20564 21892 D OkHttp : <-- 200 https://testsaig1.gienger.cz/GiengerService.svc/sendorder (481ms)
11-05 13:26:44.771 20564 21892 D OkHttp : content-type: application/xml; charset=utf-8
11-05 13:26:44.771 20564 21892 D OkHttp : server: Microsoft-IIS/10.0
11-05 13:26:44.771 20564 21892 D OkHttp : x-powered-by: ASP.NET
11-05 13:26:44.771 20564 21892 D OkHttp : date: Thu, 05 Nov 2020 12:26:43 GMT
11-05 13:26:44.771 20564 21892 D OkHttp : content-length: 175
11-05 13:26:44.771 20564 21892 D OkHttp : <-- END HTTP
11-05 13:26:44.777 20564 21892 D sendOrder_SUCCESS: 200
11-05 13:26:44.818 20564 21892 D MESSAGE_SERVICE: ACTION_RESEND_ORDERS
11-05 13:26:45.181 20564 20564 D AbsListView: in onLayout changed
11-05 13:26:45.501 20564 20564 D AbsListView: in onLayout changed
11-05 13:26:45.566 20564 20564 D TextView: SYANI: Clipboard API is calling: clearFilter()
11-05 13:26:45.566 20564 20564 D TextView: SYANI: Clipboard API is calling: unregisterClipboardEventListener()
11-05 13:26:45.576 20564 20564 D ViewRootImpl@caba373[CancelDeliveryActivity]: mHardwareRenderer.destroy()#4
11-05 13:26:45.576 20564 20564 D ViewRootImpl@caba373[CancelDeliveryActivity]: dispatchDetachedFromWindow
11-05 13:26:45.585 20564 20564 D InputTransport: Input channel destroyed: fd=67
11-05 13:26:45.586 20564 20564 D LOCATION_SERVICE: onDestroy
11-05 13:26:46.087 20564 20564 D ViewRootImpl@20a77b2[MainActivity]: ViewPostImeInputStage processPointer 0
11-05 13:26:46.130 20564 20564 D AbsListView: reportScrollStateChange() newState : 1
11-05 13:26:46.530 20564 20564 D ViewRootImpl@20a77b2[MainActivity]: ViewPostImeInputStage processPointer 1
11-05 13:26:46.530 20564 20564 D AbsListView: onTouchUp() mTouchMode : 3
11-05 13:26:46.530 20564 20564 D AbsListView: onTouchUp() TOUCH_MODE_SCROLL initialVelocity : -94
11-05 13:26:46.531 20564 20564 D AbsListView: reportScrollStateChange() newState : 2
11-05 13:26:46.650 20564 20564 D AbsListView: reportScrollStateChange() newState : 0
11-05 13:26:47.228 20564 20564 D ViewRootImpl@20a77b2[MainActivity]: ViewPostImeInputStage processPointer 0
11-05 13:26:47.310 20564 20564 D ViewRootImpl@20a77b2[MainActivity]: ViewPostImeInputStage processPointer 1
11-05 13:26:47.323 20564 20564 D item_click: viewId = 2131820758, position = 4
11-05 13:26:47.362 20564 20564 D ViewRootImpl@20a77b2[MainActivity]: MSG_WINDOW_FOCUS_CHANGED 0
11-05 13:26:47.609 20564 20564 D ViewRootImpl@98df829[BatchUploadActivity]: ThreadedRenderer.create() translucent=false
11-05 13:26:47.612 20564 20564 D InputTransport: Input channel constructed: fd=67
11-05 13:26:47.612 20564 20564 D ViewRootImpl@98df829[BatchUploadActivity]: setView = DecorView@bc557ae[BatchUploadActivity] touchMode=true
11-05 13:26:47.614 20564 20564 D LOCATION_SERVICE: LocationListener gps
11-05 13:26:47.615 20564 20564 D LOCATION_SERVICE: LocationListener network
11-05 13:26:47.615 20564 20564 D LOCATION_SERVICE: onCreate
11-05 13:26:47.616 20564 20564 D LOCATION_SERVICE: initializeLocationManager
11-05 13:26:47.624 20564 20564 D LOCATION_SERVICE: onStartCommand
11-05 13:26:47.646 20564 20564 D ViewRootImpl@98df829[BatchUploadActivity]: dispatchAttachedToWindow
11-05 13:26:47.678 20564 20564 D ViewRootImpl@98df829[BatchUploadActivity]: Relayout returned: oldFrame=[0,0][0,0] newFrame=[0,0][768,1024] result=0x27 surface={isValid=true -2015201280} surfaceGenerationChanged=true
11-05 13:26:47.679 20564 20564 D ViewRootImpl@98df829[BatchUploadActivity]: mHardwareRenderer.initialize() mSurface={isValid=true -2015201280} hwInitialized=true
11-05 13:26:47.711 20564 20564 D AbsListView: in onLayout changed
11-05 13:26:47.738 20564 20564 D ViewRootImpl@98df829[BatchUploadActivity]: MSG_RESIZED_REPORT: frame=Rect(0, 0 - 768, 1024) ci=Rect(0, 24 - 0, 0) vi=Rect(0, 24 - 0, 0) or=1
11-05 13:26:47.738 20564 20564 D ViewRootImpl@98df829[BatchUploadActivity]: MSG_WINDOW_FOCUS_CHANGED 1
11-05 13:26:47.738 20564 20564 D ViewRootImpl@98df829[BatchUploadActivity]: mHardwareRenderer.initializeIfNeeded()#2 mSurface={isValid=true -2015201280}
11-05 13:26:47.742 20564 20564 V InputMethodManager: Starting input: tba=android.view.inputmethod.EditorInfo@a071cc9 nm : cz.gienger.mobile ic=null
11-05 13:26:47.742 20564 20564 I InputMethodManager: startInputInner - mService.startInputOrWindowGainedFocus
11-05 13:26:47.759 20564 20564 D InputTransport: Input channel constructed: fd=68
11-05 13:26:47.759 20564 20564 D InputTransport: Input channel destroyed: fd=70
11-05 13:26:47.793 20564 20610 D OpenGLRenderer: endAllActiveAnimators on 0x9c092e80 (RippleDrawable) with handle 0x887c4b30
11-05 13:26:47.793 20564 20564 D ViewRootImpl@20a77b2[MainActivity]: mHardwareRenderer.destroy()#1
11-05 13:26:47.800 20564 20564 D ViewRootImpl@20a77b2[MainActivity]: Relayout returned: oldFrame=[0,0][768,1024] newFrame=[0,0][768,1024] result=0x5 surface={isValid=false 0} surfaceGenerationChanged=true
11-05 13:26:48.215 20564 20564 D ViewRootImpl@20a77b2[MainActivity]: Relayout returned: oldFrame=[0,0][768,1024] newFrame=[0,0][768,1024] result=0x5 surface={isValid=false 0} surfaceGenerationChanged=false
11-05 13:26:48.232 20564 20564 D LOCATION_SERVICE: onLocationChanged: Location[network 49,191143,17,534468 acc=21 et=+1d23h18m8s575ms alt=0.0 vel=0.0 bear=0.0 {Bundle[mParcelledData.dataSize=80]}]
11-05 13:26:49.623 20564 20564 D ViewRootImpl@98df829[BatchUploadActivity]: ViewPostImeInputStage processPointer 0
11-05 13:26:49.683 20564 20564 D ViewRootImpl@98df829[BatchUploadActivity]: ViewPostImeInputStage processPointer 1
11-05 13:26:49.684 20564 20564 D AbsListView: onTouchUp() mTouchMode : 0
11-05 13:26:50.214 20564 20564 D ViewRootImpl@98df829[BatchUploadActivity]: ViewPostImeInputStage processPointer 0
11-05 13:26:50.295 20564 20564 D ViewRootImpl@98df829[BatchUploadActivity]: ViewPostImeInputStage processPointer 1
11-05 13:26:50.295 20564 20564 D AbsListView: onTouchUp() mTouchMode : 0
11-05 13:26:52.497 20564 20564 D ViewRootImpl@98df829[BatchUploadActivity]: ViewPostImeInputStage processPointer 0
11-05 13:26:52.568 20564 20564 D ViewRootImpl@98df829[BatchUploadActivity]: ViewPostImeInputStage processPointer 1
11-05 13:26:52.605 20564 20564 D ScrollView: initGoToTop
11-05 13:26:52.615 20564 20564 D ViewRootImpl@3f08781[BatchUploadActivity]: ThreadedRenderer.create() translucent=true
11-05 13:26:52.621 20564 20564 D InputTransport: Input channel constructed: fd=70
11-05 13:26:52.621 20564 20564 D ViewRootImpl@3f08781[BatchUploadActivity]: setView = DecorView@5793026[BatchUploadActivity] touchMode=true
11-05 13:26:52.623 20564 20564 D ViewRootImpl@3f08781[BatchUploadActivity]: dispatchAttachedToWindow
11-05 13:26:52.656 20564 20564 D ViewRootImpl@3f08781[BatchUploadActivity]: Relayout returned: oldFrame=[0,0][0,0] newFrame=[94,423][674,624] result=0x27 surface={isValid=true -2005043200} surfaceGenerationChanged=true
11-05 13:26:52.657 20564 20564 D ViewRootImpl@3f08781[BatchUploadActivity]: mHardwareRenderer.initialize() mSurface={isValid=true -2005043200} hwInitialized=true
11-05 13:26:52.660 20564 20564 D ScrollView: onsize change changed
11-05 13:26:52.674 20564 20564 D ViewRootImpl@3f08781[BatchUploadActivity]: MSG_WINDOW_FOCUS_CHANGED 1
11-05 13:26:52.674 20564 20564 D ViewRootImpl@3f08781[BatchUploadActivity]: mHardwareRenderer.initializeIfNeeded()#2 mSurface={isValid=true -2005043200}
11-05 13:26:52.691 20564 20564 D ViewRootImpl@3f08781[BatchUploadActivity]: MSG_RESIZED_REPORT: frame=Rect(94, 423 - 674, 624) ci=Rect(0, 0 - 0, 0) vi=Rect(0, 0 - 0, 0) or=1
11-05 13:26:52.728 20564 20564 D ViewRootImpl@98df829[BatchUploadActivity]: MSG_WINDOW_FOCUS_CHANGED 0
11-05 13:26:53.600 20564 20564 D ViewRootImpl@3f08781[BatchUploadActivity]: ViewPostImeInputStage processPointer 0
11-05 13:26:53.681 20564 20564 D ViewRootImpl@3f08781[BatchUploadActivity]: ViewPostImeInputStage processPointer 1
11-05 13:26:53.728 20564 20564 D ViewRootImpl@3f08781[BatchUploadActivity]: mHardwareRenderer.destroy()#4
11-05 13:26:53.728 20564 20564 D ViewRootImpl@3f08781[BatchUploadActivity]: dispatchDetachedFromWindow
11-05 13:26:53.737 20564 20564 D InputTransport: Input channel destroyed: fd=70
11-05 13:26:53.766 20564 20564 E ViewRootImpl: sendUserActionEvent() returned.
11-05 13:26:53.772 20564 21920 D MESSAGE_SERVICE: ACTION_BATCH_UPLOAD
11-05 13:26:54.084 20564 20564 D ViewRootImpl@20a77b2[MainActivity]: Relayout returned: oldFrame=[0,0][768,1024] newFrame=[0,0][768,1024] result=0x7 surface={isValid=true -2013360128} surfaceGenerationChanged=true
11-05 13:26:54.084 20564 20564 D ViewRootImpl@20a77b2[MainActivity]: mHardwareRenderer.initialize() mSurface={isValid=true -2013360128} hwInitialized=true
11-05 13:26:54.166 20564 20564 D AbsListView: in onLayout changed
11-05 13:26:54.196 20564 20564 D ViewRootImpl@20a77b2[MainActivity]: MSG_WINDOW_FOCUS_CHANGED 1
11-05 13:26:54.197 20564 20564 D ViewRootImpl@20a77b2[MainActivity]: mHardwareRenderer.initializeIfNeeded()#2 mSurface={isValid=true -2013360128}
11-05 13:26:54.198 20564 20564 V InputMethodManager: Starting input: tba=android.view.inputmethod.EditorInfo@3bbdace nm : cz.gienger.mobile ic=null
11-05 13:26:54.199 20564 20564 I InputMethodManager: startInputInner - mService.startInputOrWindowGainedFocus
11-05 13:26:54.210 20564 20564 D InputTransport: Input channel constructed: fd=75
11-05 13:26:54.211 20564 20564 D InputTransport: Input channel destroyed: fd=68
11-05 13:26:54.285 20564 20564 D ViewRootImpl@98df829[BatchUploadActivity]: mHardwareRenderer.destroy()#1
11-05 13:26:54.298 20564 20564 D ViewRootImpl@98df829[BatchUploadActivity]: Relayout returned: oldFrame=[0,0][768,1024] newFrame=[0,0][768,1024] result=0x5 surface={isValid=false 0} surfaceGenerationChanged=true
11-05 13:26:54.491 20564 21920 D FILE_MANAGER: Serializing delivery /data/user/0/cz.gienger.mobile/files/finished/130AT1190319672/130AT1190319672.xml
11-05 13:26:54.491 20564 21920 D FILE_MANAGER: Null files:
11-05 13:26:55.359 20564 21920 D FILE_MANAGER: Serializing delivery /data/user/0/cz.gienger.mobile/files/finished/130AT1193103345/130AT1193103345.xml
11-05 13:26:55.359 20564 21920 D FILE_MANAGER: Null files:
11-05 13:26:55.495 20564 21920 D MYINTERCEPTOR: /GiengerService.svc/sendorder
11-05 13:26:55.495 20564 21920 D OkHttp : --> POST https://testsaig1.gienger.cz/GiengerService.svc/sendorder http/1.1
11-05 13:26:55.495 20564 21920 D OkHttp : Content-Type: text/raw
11-05 13:26:55.496 20564 21920 D OkHttp : Content-Length: 3538
11-05 13:26:55.496 20564 21920 D OkHttp : filename: 130AT1190319672.xml
11-05 13:26:55.496 20564 21920 D OkHttp : Checksum: f81a7e5aa8dcb2b05aef839ae2d16519
11-05 13:26:55.496 20564 21920 D OkHttp : token: eabfd6ce5e545622f7ce8815de79e0a7
11-05 13:26:55.496 20564 21920 D OkHttp : --> END POST
11-05 13:26:56.772 20564 21920 D OkHttp : <-- 200 https://testsaig1.gienger.cz/GiengerService.svc/sendorder (1275ms)
11-05 13:26:56.772 20564 21920 D OkHttp : content-type: application/xml; charset=utf-8
11-05 13:26:56.772 20564 21920 D OkHttp : server: Microsoft-IIS/10.0
11-05 13:26:56.772 20564 21920 D OkHttp : x-powered-by: ASP.NET
11-05 13:26:56.772 20564 21920 D OkHttp : date: Thu, 05 Nov 2020 12:26:55 GMT
11-05 13:26:56.772 20564 21920 D OkHttp : content-length: 175
11-05 13:26:56.772 20564 21920 D OkHttp : <-- END HTTP
11-05 13:26:56.781 20564 21920 D sendOrder_SUCCESS: 200
11-05 13:26:56.815 20564 21920 D MYINTERCEPTOR: /GiengerService.svc/sendorder
11-05 13:26:56.816 20564 21920 D OkHttp : --> POST https://testsaig1.gienger.cz/GiengerService.svc/sendorder http/1.1
11-05 13:26:56.816 20564 21920 D OkHttp : Content-Type: text/raw
11-05 13:26:56.816 20564 21920 D OkHttp : Content-Length: 3582
11-05 13:26:56.816 20564 21920 D OkHttp : filename: 130AT1193103345.xml
11-05 13:26:56.816 20564 21920 D OkHttp : Checksum: b1e460ffc75e0e0d6976a0bde3cdbc60
11-05 13:26:56.816 20564 21920 D OkHttp : token: eabfd6ce5e545622f7ce8815de79e0a7
11-05 13:26:56.816 20564 21920 D OkHttp : --> END POST
11-05 13:26:56.991 20564 21920 D OkHttp : <-- 200 https://testsaig1.gienger.cz/GiengerService.svc/sendorder (174ms)
11-05 13:26:56.991 20564 21920 D OkHttp : content-type: application/xml; charset=utf-8
11-05 13:26:56.991 20564 21920 D OkHttp : server: Microsoft-IIS/10.0
11-05 13:26:56.991 20564 21920 D OkHttp : x-powered-by: ASP.NET
11-05 13:26:56.991 20564 21920 D OkHttp : date: Thu, 05 Nov 2020 12:26:55 GMT
11-05 13:26:56.991 20564 21920 D OkHttp : content-length: 175
11-05 13:26:56.991 20564 21920 D OkHttp : <-- END HTTP
11-05 13:26:56.994 20564 21920 D sendOrder_SUCCESS: 200
11-05 13:26:57.372 20564 20564 D AbsListView: in onLayout changed
11-05 13:26:57.430 20564 20564 D TextView: SYANI: Clipboard API is calling: clearFilter()
11-05 13:26:57.430 20564 20564 D TextView: SYANI: Clipboard API is calling: unregisterClipboardEventListener()
11-05 13:26:57.440 20564 20564 D ViewRootImpl@98df829[BatchUploadActivity]: mHardwareRenderer.destroy()#4
11-05 13:26:57.440 20564 20564 D ViewRootImpl@98df829[BatchUploadActivity]: dispatchDetachedFromWindow
11-05 13:26:57.447 20564 20564 D InputTransport: Input channel destroyed: fd=67
11-05 13:26:57.448 20564 20564 D LOCATION_SERVICE: onDestroy
11-05 13:26:58.185 20564 20564 D ViewRootImpl@20a77b2[MainActivity]: ViewPostImeInputStage processPointer 0
11-05 13:26:58.208 20564 20564 D AbsListView: reportScrollStateChange() newState : 1
11-05 13:26:59.592 20564 20564 D ViewRootImpl@20a77b2[MainActivity]: ViewPostImeInputStage processPointer 1
11-05 13:26:59.592 20564 20564 D AbsListView: onTouchUp() mTouchMode : 3
11-05 13:26:59.592 20564 20564 D AbsListView: onTouchUp() TOUCH_MODE_SCROLL initialVelocity : 156
11-05 13:26:59.592 20564 20564 D AbsListView: reportScrollStateChange() newState : 2
11-05 13:26:59.762 20564 20564 D AbsListView: reportScrollStateChange() newState : 0
11-05 13:26:59.990 20564 20564 D ViewRootImpl@20a77b2[MainActivity]: ViewPostImeInputStage processPointer 0
11-05 13:27:00.014 20564 20564 D AbsListView: reportScrollStateChange() newState : 1
11-05 13:27:00.728 20564 20564 D ViewRootImpl@20a77b2[MainActivity]: ViewPostImeInputStage processPointer 1
11-05 13:27:00.728 20564 20564 D AbsListView: onTouchUp() mTouchMode : 3
11-05 13:27:00.728 20564 20564 D AbsListView: onTouchUp() TOUCH_MODE_SCROLL initialVelocity : -1405
11-05 13:27:00.728 20564 20564 D AbsListView: reportScrollStateChange() newState : 2
11-05 13:27:01.251 20564 20564 D ViewRootImpl@20a77b2[MainActivity]: ViewPostImeInputStage processPointer 0
11-05 13:27:01.458 20564 20564 D AbsListView: reportScrollStateChange() newState : 0
11-05 13:27:01.460 20564 20564 D AbsListView: reportScrollStateChange() newState : 1
11-05 13:27:01.784 20564 20564 D ViewRootImpl@20a77b2[MainActivity]: ViewPostImeInputStage processPointer 1
11-05 13:27:01.784 20564 20564 D AbsListView: onTouchUp() mTouchMode : 3
11-05 13:27:01.784 20564 20564 D AbsListView: onTouchUp() TOUCH_MODE_SCROLL initialVelocity : -913
11-05 13:27:01.784 20564 20564 D AbsListView: reportScrollStateChange() newState : 2
11-05 13:27:02.075 20564 20564 D ViewRootImpl@20a77b2[MainActivity]: ViewPostImeInputStage processPointer 0
11-05 13:27:02.236 20564 20564 D ViewRootImpl@20a77b2[MainActivity]: ViewPostImeInputStage processPointer 1
11-05 13:27:02.236 20564 20564 D AbsListView: onTouchUp() mTouchMode : 3
11-05 13:27:02.236 20564 20564 D AbsListView: onTouchUp() TOUCH_MODE_SCROLL initialVelocity : -6915
11-05 13:27:02.841 20564 20564 D ViewRootImpl@20a77b2[MainActivity]: ViewPostImeInputStage processPointer 0
11-05 13:27:02.971 20564 20564 D AbsListView: reportScrollStateChange() newState : 0
11-05 13:27:02.973 20564 20564 D AbsListView: reportScrollStateChange() newState : 1
11-05 13:27:03.119 20564 20564 D ViewRootImpl@20a77b2[MainActivity]: ViewPostImeInputStage processPointer 1
11-05 13:27:03.119 20564 20564 D AbsListView: onTouchUp() mTouchMode : 3
11-05 13:27:03.120 20564 20564 D AbsListView: onTouchUp() TOUCH_MODE_SCROLL initialVelocity : 0
11-05 13:27:03.120 20564 20564 D AbsListView: reportScrollStateChange() newState : 0
11-05 13:27:04.578 20564 20564 D ViewRootImpl@20a77b2[MainActivity]: ViewPostImeInputStage processPointer 0
11-05 13:27:04.666 20564 20564 D ViewRootImpl@20a77b2[MainActivity]: ViewPostImeInputStage processPointer 1
11-05 13:27:04.682 20564 20564 D item_click: viewId = 2131820756, position = 23
11-05 13:27:04.724 20564 20564 D ViewRootImpl@20a77b2[MainActivity]: MSG_WINDOW_FOCUS_CHANGED 0
11-05 13:27:04.841 20564 20564 D ViewRootImpl@58308e[DeliverActivity]: ThreadedRenderer.create() translucent=false
11-05 13:27:04.846 20564 20564 D InputTransport: Input channel constructed: fd=67
11-05 13:27:04.846 20564 20564 D ViewRootImpl@58308e[DeliverActivity]: setView = DecorView@2c20af[DeliverActivity] touchMode=true
11-05 13:27:04.847 20564 20564 D LOCATION_SERVICE: LocationListener gps
11-05 13:27:04.849 20564 20564 D LOCATION_SERVICE: LocationListener network
11-05 13:27:04.850 20564 20564 D LOCATION_SERVICE: onCreate
11-05 13:27:04.850 20564 20564 D LOCATION_SERVICE: initializeLocationManager
11-05 13:27:04.858 20564 20564 D LOCATION_SERVICE: onStartCommand
11-05 13:27:04.878 20564 20564 D ViewRootImpl@58308e[DeliverActivity]: dispatchAttachedToWindow
11-05 13:27:04.919 20564 20564 D ViewRootImpl@58308e[DeliverActivity]: Relayout returned: oldFrame=[0,0][0,0] newFrame=[0,0][768,1024] result=0x27 surface={isValid=true -2000844800} surfaceGenerationChanged=true
11-05 13:27:04.919 20564 20564 D ViewRootImpl@58308e[DeliverActivity]: mHardwareRenderer.initialize() mSurface={isValid=true -2000844800} hwInitialized=true
11-05 13:27:04.970 20564 20564 D ViewRootImpl@58308e[DeliverActivity]: MSG_RESIZED_REPORT: frame=Rect(0, 0 - 768, 1024) ci=Rect(0, 24 - 0, 0) vi=Rect(0, 24 - 0, 0) or=1
11-05 13:27:04.970 20564 20564 D ViewRootImpl@58308e[DeliverActivity]: MSG_WINDOW_FOCUS_CHANGED 1
11-05 13:27:04.970 20564 20564 D ViewRootImpl@58308e[DeliverActivity]: mHardwareRenderer.initializeIfNeeded()#2 mSurface={isValid=true -2000844800}
11-05 13:27:04.972 20564 20564 V InputMethodManager: Starting input: tba=android.view.inputmethod.EditorInfo@3689754 nm : cz.gienger.mobile ic=null
11-05 13:27:04.972 20564 20564 I InputMethodManager: startInputInner - mService.startInputOrWindowGainedFocus
11-05 13:27:04.990 20564 20564 D InputTransport: Input channel constructed: fd=70
11-05 13:27:04.991 20564 20564 D InputTransport: Input channel destroyed: fd=75
11-05 13:27:04.999 20564 21863 D FILE_MANAGER: Copying file /data/user/0/cz.gienger.mobile/files/delivery/130AT1191103624/130AT1191103624.pdf to /storage/emulated/0/130AT1191103624.pdf
11-05 13:27:05.052 20564 20610 D OpenGLRenderer: endAllActiveAnimators on 0x89c3e400 (RippleDrawable) with handle 0x88b8fcb0
11-05 13:27:05.052 20564 20564 D ViewRootImpl@20a77b2[MainActivity]: mHardwareRenderer.destroy()#1
11-05 13:27:05.071 20564 20564 D ViewRootImpl@20a77b2[MainActivity]: Relayout returned: oldFrame=[0,0][768,1024] newFrame=[0,0][768,1024] result=0x5 surface={isValid=false 0} surfaceGenerationChanged=true
11-05 13:27:05.449 20564 20564 D ViewRootImpl@20a77b2[MainActivity]: Relayout returned: oldFrame=[0,0][768,1024] newFrame=[0,0][768,1024] result=0x5 surface={isValid=false 0} surfaceGenerationChanged=false
11-05 13:27:05.450 20564 20564 D LOCATION_SERVICE: onLocationChanged: Location[network 49,191142,17,534473 acc=21 et=+1d23h18m25s777ms alt=0.0 vel=0.0 bear=0.0 {Bundle[mParcelledData.dataSize=80]}]
11-05 13:27:05.503 20564 21863 D FILE_MANAGER: copy ok
11-05 13:27:06.400 20564 20564 D ViewRootImpl@58308e[DeliverActivity]: ViewPostImeInputStage processPointer 0
11-05 13:27:06.468 20564 20564 D ViewRootImpl@58308e[DeliverActivity]: ViewPostImeInputStage processPointer 1
11-05 13:27:06.497 20564 20564 D ViewRootImpl@58308e[DeliverActivity]: MSG_WINDOW_FOCUS_CHANGED 0
11-05 13:27:06.743 20564 20564 D ViewRootImpl@f2cddd0[BatchUploadActivity]: ThreadedRenderer.create() translucent=false
11-05 13:27:06.747 20564 20564 D InputTransport: Input channel constructed: fd=75
11-05 13:27:06.748 20564 20564 D ViewRootImpl@f2cddd0[BatchUploadActivity]: setView = DecorView@9001c9[BatchUploadActivity] touchMode=true
11-05 13:27:06.750 20564 20564 D ViewRootImpl@f2cddd0[BatchUploadActivity]: dispatchAttachedToWindow
11-05 13:27:06.794 20564 20564 D ViewRootImpl@f2cddd0[BatchUploadActivity]: Relayout returned: oldFrame=[0,0][0,0] newFrame=[0,0][768,1024] result=0x27 surface={isValid=true -2009133056} surfaceGenerationChanged=true
11-05 13:27:06.795 20564 20564 D ViewRootImpl@f2cddd0[BatchUploadActivity]: mHardwareRenderer.initialize() mSurface={isValid=true -2009133056} hwInitialized=true
11-05 13:27:06.823 20564 20564 D AbsListView: in onLayout changed
11-05 13:27:06.825 20564 20564 D LOCATION_SERVICE: onStartCommand
11-05 13:27:06.857 20564 20564 D ViewRootImpl@f2cddd0[BatchUploadActivity]: MSG_RESIZED_REPORT: frame=Rect(0, 0 - 768, 1024) ci=Rect(0, 24 - 0, 0) vi=Rect(0, 24 - 0, 0) or=1
11-05 13:27:06.857 20564 20564 D ViewRootImpl@f2cddd0[BatchUploadActivity]: MSG_WINDOW_FOCUS_CHANGED 1
11-05 13:27:06.858 20564 20564 D ViewRootImpl@f2cddd0[BatchUploadActivity]: mHardwareRenderer.initializeIfNeeded()#2 mSurface={isValid=true -2009133056}
11-05 13:27:06.861 20564 20564 V InputMethodManager: Starting input: tba=android.view.inputmethod.EditorInfo@36eff3a nm : cz.gienger.mobile ic=null
11-05 13:27:06.861 20564 20564 I InputMethodManager: startInputInner - mService.startInputOrWindowGainedFocus
11-05 13:27:06.876 20564 20564 D InputTransport: Input channel constructed: fd=76
11-05 13:27:06.876 20564 20564 D InputTransport: Input channel destroyed: fd=70
11-05 13:27:06.913 20564 20610 D OpenGLRenderer: endAllActiveAnimators on 0x87f5eb00 (RippleDrawable) with handle 0x87f7c320
11-05 13:27:06.913 20564 20564 D ViewRootImpl@58308e[DeliverActivity]: mHardwareRenderer.destroy()#1
11-05 13:27:06.920 20564 20564 D ViewRootImpl@58308e[DeliverActivity]: Relayout returned: oldFrame=[0,0][768,1024] newFrame=[0,0][768,1024] result=0x5 surface={isValid=false 0} surfaceGenerationChanged=true
11-05 13:27:08.231 20564 20564 D ViewRootImpl@f2cddd0[BatchUploadActivity]: ViewPostImeInputStage processPointer 0
11-05 13:27:08.324 20564 20564 D ViewRootImpl@f2cddd0[BatchUploadActivity]: ViewPostImeInputStage processPointer 1
11-05 13:27:08.324 20564 20564 D AbsListView: onTouchUp() mTouchMode : 0
11-05 13:27:08.455 20564 20564 D ViewRootImpl@f2cddd0[BatchUploadActivity]: ViewPostImeInputStage processPointer 0
11-05 13:27:08.538 20564 20564 D ViewRootImpl@f2cddd0[BatchUploadActivity]: ViewPostImeInputStage processPointer 1
11-05 13:27:08.538 20564 20564 D AbsListView: onTouchUp() mTouchMode : 0
11-05 13:27:09.855 20564 20564 D ViewRootImpl@f2cddd0[BatchUploadActivity]: ViewPostImeInputStage processPointer 0
11-05 13:27:09.935 20564 20564 D ViewRootImpl@f2cddd0[BatchUploadActivity]: ViewPostImeInputStage processPointer 1
11-05 13:27:10.654 20564 20564 D ViewRootImpl@f2cddd0[BatchUploadActivity]: ViewPostImeInputStage processPointer 0
11-05 13:27:10.724 20564 20564 D ViewRootImpl@f2cddd0[BatchUploadActivity]: ViewPostImeInputStage processPointer 1
11-05 13:27:10.763 20564 20564 D ScrollView: initGoToTop
11-05 13:27:10.773 20564 20564 D ViewRootImpl@7fb519[BatchUploadActivity]: ThreadedRenderer.create() translucent=true
11-05 13:27:10.779 20564 20564 D InputTransport: Input channel constructed: fd=93
11-05 13:27:10.779 20564 20564 D ViewRootImpl@7fb519[BatchUploadActivity]: setView = DecorView@9e3e9de[BatchUploadActivity] touchMode=true
11-05 13:27:10.780 20564 20564 D ViewRootImpl@7fb519[BatchUploadActivity]: dispatchAttachedToWindow
11-05 13:27:10.813 20564 20564 D ViewRootImpl@7fb519[BatchUploadActivity]: Relayout returned: oldFrame=[0,0][0,0] newFrame=[94,423][674,624] result=0x27 surface={isValid=true -2010714112} surfaceGenerationChanged=true
11-05 13:27:10.814 20564 20564 D ViewRootImpl@7fb519[BatchUploadActivity]: mHardwareRenderer.initialize() mSurface={isValid=true -2010714112} hwInitialized=true
11-05 13:27:10.819 20564 20564 D ScrollView: onsize change changed
11-05 13:27:10.833 20564 20564 D ViewRootImpl@7fb519[BatchUploadActivity]: MSG_WINDOW_FOCUS_CHANGED 1
11-05 13:27:10.833 20564 20564 D ViewRootImpl@7fb519[BatchUploadActivity]: mHardwareRenderer.initializeIfNeeded()#2 mSurface={isValid=true -2010714112}
11-05 13:27:10.852 20564 20564 D ViewRootImpl@7fb519[BatchUploadActivity]: MSG_RESIZED_REPORT: frame=Rect(94, 423 - 674, 624) ci=Rect(0, 0 - 0, 0) vi=Rect(0, 0 - 0, 0) or=1
11-05 13:27:10.885 20564 20564 D ViewRootImpl@f2cddd0[BatchUploadActivity]: MSG_WINDOW_FOCUS_CHANGED 0
11-05 13:27:11.711 20564 20564 D ViewRootImpl@7fb519[BatchUploadActivity]: ViewPostImeInputStage processPointer 0
11-05 13:27:11.786 20564 20564 D ViewRootImpl@7fb519[BatchUploadActivity]: ViewPostImeInputStage processPointer 1
11-05 13:27:11.837 20564 20564 D ViewRootImpl@7fb519[BatchUploadActivity]: mHardwareRenderer.destroy()#4
11-05 13:27:11.837 20564 20564 D ViewRootImpl@7fb519[BatchUploadActivity]: dispatchDetachedFromWindow
11-05 13:27:11.847 20564 20564 D InputTransport: Input channel destroyed: fd=93
11-05 13:27:11.879 20564 20564 E ViewRootImpl: sendUserActionEvent() returned.
11-05 13:27:11.880 20564 21933 D MESSAGE_SERVICE: ACTION_BATCH_UPLOAD
11-05 13:27:11.892 20564 20564 D ViewRootImpl@58308e[DeliverActivity]: mHardwareRenderer.destroy()#1
11-05 13:27:11.900 20564 20564 D ViewRootImpl@58308e[DeliverActivity]: Relayout returned: oldFrame=[0,0][768,1024] newFrame=[0,0][768,1024] result=0x1 surface={isValid=false 0} surfaceGenerationChanged=false
11-05 13:27:12.191 20564 20564 D ViewRootImpl@20a77b2[MainActivity]: Relayout returned: oldFrame=[0,0][768,1024] newFrame=[0,0][768,1024] result=0x7 surface={isValid=true -2010712064} surfaceGenerationChanged=true
11-05 13:27:12.191 20564 20564 D ViewRootImpl@20a77b2[MainActivity]: mHardwareRenderer.initialize() mSurface={isValid=true -2010712064} hwInitialized=true
11-05 13:27:12.257 20564 20564 D AbsListView: in onLayout changed
11-05 13:27:12.283 20564 20564 D ViewRootImpl@20a77b2[MainActivity]: MSG_WINDOW_FOCUS_CHANGED 1
11-05 13:27:12.283 20564 20564 D ViewRootImpl@20a77b2[MainActivity]: mHardwareRenderer.initializeIfNeeded()#2 mSurface={isValid=true -2010712064}
11-05 13:27:12.284 20564 20564 V InputMethodManager: Starting input: tba=android.view.inputmethod.EditorInfo@b14d444 nm : cz.gienger.mobile ic=null
11-05 13:27:12.284 20564 20564 I InputMethodManager: startInputInner - mService.startInputOrWindowGainedFocus
11-05 13:27:12.301 20564 20564 D InputTransport: Input channel constructed: fd=95
11-05 13:27:12.301 20564 20564 D InputTransport: Input channel destroyed: fd=76
11-05 13:27:12.354 20564 20564 D ViewRootImpl@f2cddd0[BatchUploadActivity]: mHardwareRenderer.destroy()#1
11-05 13:27:12.373 20564 20564 D ViewRootImpl@f2cddd0[BatchUploadActivity]: Relayout returned: oldFrame=[0,0][768,1024] newFrame=[0,0][768,1024] result=0x5 surface={isValid=false 0} surfaceGenerationChanged=true
11-05 13:27:12.384 20564 20564 D ViewRootImpl@58308e[DeliverActivity]: mHardwareRenderer.destroy()#1
11-05 13:27:12.396 20564 20564 D ViewRootImpl@58308e[DeliverActivity]: Relayout returned: oldFrame=[0,0][768,1024] newFrame=[0,0][768,1024] result=0x1 surface={isValid=false 0} surfaceGenerationChanged=false
11-05 13:27:12.599 20564 21933 D FILE_MANAGER: Serializing delivery /data/user/0/cz.gienger.mobile/files/finished/130AT1191103624/130AT1191103624.xml
11-05 13:27:12.600 20564 21933 D FILE_MANAGER: Null files:
11-05 13:27:13.452 20564 21933 D FILE_MANAGER: Serializing delivery /data/user/0/cz.gienger.mobile/files/finished/130AT1193305508/130AT1193305508.xml
11-05 13:27:13.452 20564 21933 D FILE_MANAGER: Null files:
11-05 13:27:13.611 20564 21933 D MYINTERCEPTOR: /GiengerService.svc/sendorder
11-05 13:27:13.612 20564 21933 D OkHttp : --> POST https://testsaig1.gienger.cz/GiengerService.svc/sendorder http/1.1
11-05 13:27:13.613 20564 21933 D OkHttp : Content-Type: text/raw
11-05 13:27:13.613 20564 21933 D OkHttp : Content-Length: 2975
11-05 13:27:13.613 20564 21933 D OkHttp : filename: 130AT1191103624.xml
11-05 13:27:13.613 20564 21933 D OkHttp : Checksum: 8a0b0c87aef4aa7c70c2263268841aa8
11-05 13:27:13.613 20564 21933 D OkHttp : token: eabfd6ce5e545622f7ce8815de79e0a7
11-05 13:27:13.613 20564 21933 D OkHttp : --> END POST
11-05 13:27:14.131 20564 21933 D OkHttp : <-- 200 https://testsaig1.gienger.cz/GiengerService.svc/sendorder (517ms)
11-05 13:27:14.131 20564 21933 D OkHttp : content-type: application/xml; charset=utf-8
11-05 13:27:14.131 20564 21933 D OkHttp : server: Microsoft-IIS/10.0
11-05 13:27:14.131 20564 21933 D OkHttp : x-powered-by: ASP.NET
11-05 13:27:14.132 20564 21933 D OkHttp : date: Thu, 05 Nov 2020 12:27:12 GMT
11-05 13:27:14.132 20564 21933 D OkHttp : content-length: 175
11-05 13:27:14.132 20564 21933 D OkHttp : <-- END HTTP
11-05 13:27:14.137 20564 21933 D sendOrder_SUCCESS: 200
11-05 13:27:14.171 20564 21933 D MYINTERCEPTOR: /GiengerService.svc/sendorder
11-05 13:27:14.172 20564 21933 D OkHttp : --> POST https://testsaig1.gienger.cz/GiengerService.svc/sendorder http/1.1
11-05 13:27:14.172 20564 21933 D OkHttp : Content-Type: text/raw
11-05 13:27:14.172 20564 21933 D OkHttp : Content-Length: 3486
11-05 13:27:14.173 20564 21933 D OkHttp : filename: 130AT1193305508.xml
11-05 13:27:14.173 20564 21933 D OkHttp : Checksum: 0371aa0ba767333afd97bf049b814843
11-05 13:27:14.173 20564 21933 D OkHttp : token: eabfd6ce5e545622f7ce8815de79e0a7
11-05 13:27:14.173 20564 21933 D OkHttp : --> END POST
11-05 13:27:14.420 20564 21933 D OkHttp : <-- 200 https://testsaig1.gienger.cz/GiengerService.svc/sendorder (246ms)
11-05 13:27:14.420 20564 21933 D OkHttp : content-type: application/xml; charset=utf-8
11-05 13:27:14.420 20564 21933 D OkHttp : server: Microsoft-IIS/10.0
11-05 13:27:14.420 20564 21933 D OkHttp : x-powered-by: ASP.NET
11-05 13:27:14.420 20564 21933 D OkHttp : date: Thu, 05 Nov 2020 12:27:12 GMT
11-05 13:27:14.421 20564 21933 D OkHttp : content-length: 175
11-05 13:27:14.421 20564 21933 D OkHttp : <-- END HTTP
11-05 13:27:14.423 20564 21933 D sendOrder_SUCCESS: 200
11-05 13:27:14.786 20564 20564 D AbsListView: in onLayout changed
11-05 13:27:14.831 20564 20564 D ViewRootImpl@58308e[DeliverActivity]: mHardwareRenderer.destroy()#4
11-05 13:27:14.831 20564 20564 D ViewRootImpl@58308e[DeliverActivity]: dispatchDetachedFromWindow
11-05 13:27:14.837 20564 20564 D InputTransport: Input channel destroyed: fd=67
11-05 13:27:14.844 20564 20564 D TextView: SYANI: Clipboard API is calling: clearFilter()
11-05 13:27:14.844 20564 20564 D TextView: SYANI: Clipboard API is calling: unregisterClipboardEventListener()
11-05 13:27:14.851 20564 20564 D ViewRootImpl@f2cddd0[BatchUploadActivity]: mHardwareRenderer.destroy()#4
11-05 13:27:14.851 20564 20564 D ViewRootImpl@f2cddd0[BatchUploadActivity]: dispatchDetachedFromWindow
11-05 13:27:14.858 20564 20564 D InputTransport: Input channel destroyed: fd=75
11-05 13:27:14.858 20564 20564 D LOCATION_SERVICE: onDestroy
11-05 13:27:15.558 20564 20564 D ViewRootImpl@20a77b2[MainActivity]: ViewPostImeInputStage processPointer 0
11-05 13:27:15.580 20564 20564 D AbsListView: reportScrollStateChange() newState : 1
11-05 13:27:15.802 20564 20564 D ViewRootImpl@20a77b2[MainActivity]: ViewPostImeInputStage processPointer 1
11-05 13:27:15.802 20564 20564 D AbsListView: onTouchUp() mTouchMode : 3
11-05 13:27:15.803 20564 20564 D AbsListView: onTouchUp() TOUCH_MODE_SCROLL initialVelocity : 1720
11-05 13:27:15.803 20564 20564 D AbsListView: reportScrollStateChange() newState : 2
11-05 13:27:16.204 20564 20564 D ViewRootImpl@20a77b2[MainActivity]: ViewPostImeInputStage processPointer 0
11-05 13:27:16.626 20564 20564 D ViewRootImpl@20a77b2[MainActivity]: ViewPostImeInputStage processPointer 1
11-05 13:27:16.626 20564 20564 D AbsListView: onTouchUp() mTouchMode : 3
11-05 13:27:16.626 20564 20564 D AbsListView: onTouchUp() TOUCH_MODE_SCROLL initialVelocity : 91
11-05 13:27:16.750 20564 20564 D AbsListView: reportScrollStateChange() newState : 0
11-05 13:27:17.079 20564 20564 D ViewRootImpl@20a77b2[MainActivity]: ViewPostImeInputStage processPointer 0
11-05 13:27:17.117 20564 20564 D AbsListView: reportScrollStateChange() newState : 1
11-05 13:27:17.727 20564 20564 D ViewRootImpl@20a77b2[MainActivity]: ViewPostImeInputStage processPointer 1
11-05 13:27:17.727 20564 20564 D AbsListView: onTouchUp() mTouchMode : 3
11-05 13:27:17.727 20564 20564 D AbsListView: onTouchUp() TOUCH_MODE_SCROLL initialVelocity : 219
11-05 13:27:17.727 20564 20564 D AbsListView: reportScrollStateChange() newState : 2
11-05 13:27:17.936 20564 20564 D AbsListView: reportScrollStateChange() newState : 0
11-05 13:27:19.221 20564 20564 D ViewRootImpl@20a77b2[MainActivity]: ViewPostImeInputStage processPointer 0
11-05 13:27:19.302 20564 20564 D ViewRootImpl@20a77b2[MainActivity]: ViewPostImeInputStage processPointer 1
11-05 13:27:19.311 20564 20564 D item_click: viewId = 2131820758, position = 17
11-05 13:27:19.350 20564 20564 D ViewRootImpl@20a77b2[MainActivity]: MSG_WINDOW_FOCUS_CHANGED 0
11-05 13:27:19.601 20564 20564 D ViewRootImpl@a130489[BatchUploadActivity]: ThreadedRenderer.create() translucent=false
11-05 13:27:19.604 20564 20564 D InputTransport: Input channel constructed: fd=67
11-05 13:27:19.605 20564 20564 D ViewRootImpl@a130489[BatchUploadActivity]: setView = DecorView@70dc8e[BatchUploadActivity] touchMode=true
11-05 13:27:19.606 20564 20564 D LOCATION_SERVICE: LocationListener gps
11-05 13:27:19.607 20564 20564 D LOCATION_SERVICE: LocationListener network
11-05 13:27:19.608 20564 20564 D LOCATION_SERVICE: onCreate
11-05 13:27:19.608 20564 20564 D LOCATION_SERVICE: initializeLocationManager
11-05 13:27:19.617 20564 20564 D LOCATION_SERVICE: onStartCommand
11-05 13:27:19.633 20564 20564 D ViewRootImpl@a130489[BatchUploadActivity]: dispatchAttachedToWindow
11-05 13:27:19.669 20564 20564 D ViewRootImpl@a130489[BatchUploadActivity]: Relayout returned: oldFrame=[0,0][0,0] newFrame=[0,0][768,1024] result=0x27 surface={isValid=true -1997549568} surfaceGenerationChanged=true
11-05 13:27:19.669 20564 20564 D ViewRootImpl@a130489[BatchUploadActivity]: mHardwareRenderer.initialize() mSurface={isValid=true -1997549568} hwInitialized=true
11-05 13:27:19.716 20564 20564 D AbsListView: in onLayout changed
11-05 13:27:19.751 20564 20564 D ViewRootImpl@a130489[BatchUploadActivity]: MSG_RESIZED_REPORT: frame=Rect(0, 0 - 768, 1024) ci=Rect(0, 24 - 0, 0) vi=Rect(0, 24 - 0, 0) or=1
11-05 13:27:19.751 20564 20564 D ViewRootImpl@a130489[BatchUploadActivity]: MSG_WINDOW_FOCUS_CHANGED 1
11-05 13:27:19.751 20564 20564 D ViewRootImpl@a130489[BatchUploadActivity]: mHardwareRenderer.initializeIfNeeded()#2 mSurface={isValid=true -1997549568}
11-05 13:27:19.756 20564 20564 V InputMethodManager: Starting input: tba=android.view.inputmethod.EditorInfo@eed0211 nm : cz.gienger.mobile ic=null
11-05 13:27:19.756 20564 20564 I InputMethodManager: startInputInner - mService.startInputOrWindowGainedFocus
11-05 13:27:19.767 20564 20564 D InputTransport: Input channel constructed: fd=75
11-05 13:27:19.768 20564 20564 D InputTransport: Input channel destroyed: fd=95
11-05 13:27:19.818 20564 20610 D OpenGLRenderer: endAllActiveAnimators on 0x8838f600 (RippleDrawable) with handle 0x89af99f0
11-05 13:27:19.818 20564 20564 D ViewRootImpl@20a77b2[MainActivity]: mHardwareRenderer.destroy()#1
11-05 13:27:19.833 20564 20564 D ViewRootImpl@20a77b2[MainActivity]: Relayout returned: oldFrame=[0,0][768,1024] newFrame=[0,0][768,1024] result=0x5 surface={isValid=false 0} surfaceGenerationChanged=true
11-05 13:27:20.103 20564 20564 D LOCATION_SERVICE: onLocationChanged: Location[network 49,191140,17,534480 acc=21 et=+1d23h18m40s430ms alt=0.0 vel=0.0 bear=0.0 {Bundle[mParcelledData.dataSize=80]}]
11-05 13:27:20.250 20564 20564 D ViewRootImpl@20a77b2[MainActivity]: Relayout returned: oldFrame=[0,0][768,1024] newFrame=[0,0][768,1024] result=0x5 surface={isValid=false 0} surfaceGenerationChanged=false
11-05 13:27:21.259 20564 20564 D ViewRootImpl@a130489[BatchUploadActivity]: ViewPostImeInputStage processPointer 0
11-05 13:27:21.318 20564 20564 D ViewRootImpl@a130489[BatchUploadActivity]: ViewPostImeInputStage processPointer 1
11-05 13:27:21.319 20564 20564 D AbsListView: onTouchUp() mTouchMode : 0
11-05 13:27:21.533 20564 20564 D ViewRootImpl@a130489[BatchUploadActivity]: ViewPostImeInputStage processPointer 0
11-05 13:27:21.607 20564 20564 D ViewRootImpl@a130489[BatchUploadActivity]: ViewPostImeInputStage processPointer 1
11-05 13:27:21.608 20564 20564 D AbsListView: onTouchUp() mTouchMode : 0
11-05 13:27:21.898 20564 20564 D ViewRootImpl@a130489[BatchUploadActivity]: ViewPostImeInputStage processPointer 0
11-05 13:27:21.970 20564 20564 D ViewRootImpl@a130489[BatchUploadActivity]: ViewPostImeInputStage processPointer 1
11-05 13:27:21.971 20564 20564 D AbsListView: onTouchUp() mTouchMode : 0
11-05 13:27:22.320 20564 20564 D ViewRootImpl@a130489[BatchUploadActivity]: ViewPostImeInputStage processPointer 0
11-05 13:27:22.402 20564 20564 D ViewRootImpl@a130489[BatchUploadActivity]: ViewPostImeInputStage processPointer 1
11-05 13:27:22.403 20564 20564 D AbsListView: onTouchUp() mTouchMode : 0
11-05 13:27:25.685 20564 20564 D ViewRootImpl: updatePointerIcon pointerType = 20001, calling pid = 20564
11-05 13:27:25.685 20564 20564 D InputManager: setPointerIconType iconId = 20001, callingPid = 20564
11-05 13:27:25.686 20564 20564 D ViewRootImpl: updatePointerIcon pointerType = 20001, calling pid = 20564
11-05 13:27:25.686 20564 20564 D InputManager: setPointerIconType iconId = 20001, callingPid = 20564
11-05 13:27:26.514 20564 20564 D ViewRootImpl@a130489[BatchUploadActivity]: ViewPostImeInputStage processPointer 0
11-05 13:27:26.608 20564 20564 D ViewRootImpl@a130489[BatchUploadActivity]: ViewPostImeInputStage processPointer 1
11-05 13:27:27.802 20564 20564 D ViewRootImpl@a130489[BatchUploadActivity]: ViewPostImeInputStage processPointer 0
11-05 13:27:27.871 20564 20564 D ViewRootImpl@a130489[BatchUploadActivity]: ViewPostImeInputStage processPointer 1
11-05 13:27:27.897 20564 20564 D ScrollView: initGoToTop
11-05 13:27:27.905 20564 20564 D ViewRootImpl@11b4b2a[BatchUploadActivity]: ThreadedRenderer.create() translucent=true
11-05 13:27:27.913 20564 20564 D InputTransport: Input channel constructed: fd=96
11-05 13:27:27.913 20564 20564 D ViewRootImpl@11b4b2a[BatchUploadActivity]: setView = DecorView@601fd1b[BatchUploadActivity] touchMode=true
11-05 13:27:27.914 20564 20564 D ViewRootImpl@11b4b2a[BatchUploadActivity]: dispatchAttachedToWindow
11-05 13:27:27.938 20564 20564 D ViewRootImpl@11b4b2a[BatchUploadActivity]: Relayout returned: oldFrame=[0,0][0,0] newFrame=[94,423][674,624] result=0x27 surface={isValid=true -2001489920} surfaceGenerationChanged=true
11-05 13:27:27.939 20564 20564 D ViewRootImpl@11b4b2a[BatchUploadActivity]: mHardwareRenderer.initialize() mSurface={isValid=true -2001489920} hwInitialized=true
11-05 13:27:27.946 20564 20564 D ScrollView: onsize change changed
11-05 13:27:27.964 20564 20564 D ViewRootImpl@11b4b2a[BatchUploadActivity]: MSG_WINDOW_FOCUS_CHANGED 1
11-05 13:27:27.964 20564 20564 D ViewRootImpl@11b4b2a[BatchUploadActivity]: mHardwareRenderer.initializeIfNeeded()#2 mSurface={isValid=true -2001489920}
11-05 13:27:27.989 20564 20564 D ViewRootImpl@11b4b2a[BatchUploadActivity]: MSG_RESIZED_REPORT: frame=Rect(94, 423 - 674, 624) ci=Rect(0, 0 - 0, 0) vi=Rect(0, 0 - 0, 0) or=1
11-05 13:27:28.006 20564 20564 D ViewRootImpl@a130489[BatchUploadActivity]: MSG_WINDOW_FOCUS_CHANGED 0
11-05 13:27:28.990 20564 20564 D ViewRootImpl@11b4b2a[BatchUploadActivity]: ViewPostImeInputStage processPointer 0
11-05 13:27:29.073 20564 20564 D ViewRootImpl@11b4b2a[BatchUploadActivity]: ViewPostImeInputStage processPointer 1
11-05 13:27:29.137 20564 20564 D ViewRootImpl@11b4b2a[BatchUploadActivity]: mHardwareRenderer.destroy()#4
11-05 13:27:29.137 20564 20564 D ViewRootImpl@11b4b2a[BatchUploadActivity]: dispatchDetachedFromWindow
11-05 13:27:29.148 20564 20564 D InputTransport: Input channel destroyed: fd=96
11-05 13:27:29.179 20564 21949 D MESSAGE_SERVICE: ACTION_BATCH_UPLOAD
11-05 13:27:29.179 20564 20564 E ViewRootImpl: sendUserActionEvent() returned.
11-05 13:27:29.473 20564 20564 D ViewRootImpl@20a77b2[MainActivity]: Relayout returned: oldFrame=[0,0][768,1024] newFrame=[0,0][768,1024] result=0x7 surface={isValid=true -2001487872} surfaceGenerationChanged=true
11-05 13:27:29.476 20564 20564 D ViewRootImpl@20a77b2[MainActivity]: mHardwareRenderer.initialize() mSurface={isValid=true -2001487872} hwInitialized=true
11-05 13:27:29.566 20564 20564 D AbsListView: in onLayout changed
11-05 13:27:29.591 20564 20564 D ViewRootImpl@20a77b2[MainActivity]: MSG_WINDOW_FOCUS_CHANGED 1
11-05 13:27:29.591 20564 20564 D ViewRootImpl@20a77b2[MainActivity]: mHardwareRenderer.initializeIfNeeded()#2 mSurface={isValid=true -2001487872}
11-05 13:27:29.593 20564 20564 V InputMethodManager: Starting input: tba=android.view.inputmethod.EditorInfo@e4752bd nm : cz.gienger.mobile ic=null
11-05 13:27:29.593 20564 20564 I InputMethodManager: startInputInner - mService.startInputOrWindowGainedFocus
11-05 13:27:29.605 20564 20564 D InputTransport: Input channel constructed: fd=77
11-05 13:27:29.605 20564 20564 D InputTransport: Input channel destroyed: fd=75
11-05 13:27:29.673 20564 20564 D ViewRootImpl@a130489[BatchUploadActivity]: mHardwareRenderer.destroy()#1
11-05 13:27:29.692 20564 20564 D ViewRootImpl@a130489[BatchUploadActivity]: Relayout returned: oldFrame=[0,0][768,1024] newFrame=[0,0][768,1024] result=0x5 surface={isValid=false 0} surfaceGenerationChanged=true
11-05 13:27:29.899 20564 21949 D FILE_MANAGER: Serializing delivery /data/user/0/cz.gienger.mobile/files/finished/130AT1190427232/130AT1190427232.xml
11-05 13:27:29.899 20564 21949 D FILE_MANAGER: Null files:
11-05 13:27:30.750 20564 21949 D FILE_MANAGER: Serializing delivery /data/user/0/cz.gienger.mobile/files/finished/130AT1193902719/130AT1193902719.xml
11-05 13:27:30.750 20564 21949 D FILE_MANAGER: Null files:
11-05 13:27:30.972 20564 20575 I art : Background partial concurrent mark sweep GC freed 188227(8MB) AllocSpace objects, 18(432KB) LOS objects, 50% free, 11MB/23MB, paused 2.390ms total 177.610ms
11-05 13:27:31.640 20564 21949 D FILE_MANAGER: Serializing delivery /data/user/0/cz.gienger.mobile/files/finished/130AT1193902728/130AT1193902728.xml
11-05 13:27:31.640 20564 21949 D FILE_MANAGER: Null files:
11-05 13:27:32.474 20564 21949 D FILE_MANAGER: Serializing delivery /data/user/0/cz.gienger.mobile/files/finished/130AT1193902729/130AT1193902729.xml
11-05 13:27:32.474 20564 21949 D FILE_MANAGER: Null files:
11-05 13:27:32.582 20564 21949 D MYINTERCEPTOR: /GiengerService.svc/sendorder
11-05 13:27:32.583 20564 21949 D OkHttp : --> POST https://testsaig1.gienger.cz/GiengerService.svc/sendorder http/1.1
11-05 13:27:32.583 20564 21949 D OkHttp : Content-Type: text/raw
11-05 13:27:32.583 20564 21949 D OkHttp : Content-Length: 3718
11-05 13:27:32.583 20564 21949 D OkHttp : filename: 130AT1190427232.xml
11-05 13:27:32.583 20564 21949 D OkHttp : Checksum: f481ada21ae71b71bd18d9281100a5c2
11-05 13:27:32.583 20564 21949 D OkHttp : token: eabfd6ce5e545622f7ce8815de79e0a7
11-05 13:27:32.583 20564 21949 D OkHttp : --> END POST
11-05 13:27:35.501 20564 21949 D OkHttp : <-- 200 https://testsaig1.gienger.cz/GiengerService.svc/sendorder (2917ms)
11-05 13:27:35.501 20564 21949 D OkHttp : content-type: application/xml; charset=utf-8
11-05 13:27:35.501 20564 21949 D OkHttp : server: Microsoft-IIS/10.0
11-05 13:27:35.501 20564 21949 D OkHttp : x-powered-by: ASP.NET
11-05 13:27:35.502 20564 21949 D OkHttp : date: Thu, 05 Nov 2020 12:27:34 GMT
11-05 13:27:35.502 20564 21949 D OkHttp : content-length: 175
11-05 13:27:35.502 20564 21949 D OkHttp : <-- END HTTP
11-05 13:27:35.506 20564 21949 D sendOrder_SUCCESS: 200
11-05 13:27:35.534 20564 21949 D MYINTERCEPTOR: /GiengerService.svc/sendorder
11-05 13:27:35.535 20564 21949 D OkHttp : --> POST https://testsaig1.gienger.cz/GiengerService.svc/sendorder http/1.1
11-05 13:27:35.536 20564 21949 D OkHttp : Content-Type: text/raw
11-05 13:27:35.536 20564 21949 D OkHttp : Content-Length: 3127
11-05 13:27:35.536 20564 21949 D OkHttp : filename: 130AT1193902719.xml
11-05 13:27:35.536 20564 21949 D OkHttp : Checksum: 94bce1429470950899009c066ccb15b7
11-05 13:27:35.536 20564 21949 D OkHttp : token: eabfd6ce5e545622f7ce8815de79e0a7
11-05 13:27:35.536 20564 21949 D OkHttp : --> END POST
11-05 13:27:35.619 20564 20564 D ViewRootImpl@20a77b2[MainActivity]: ViewPostImeInputStage processPointer 0
11-05 13:27:35.620 20564 20564 D ViewRootImpl: updatePointerIcon pointerType = 20001, calling pid = 20564
11-05 13:27:35.621 20564 20564 D InputManager: setPointerIconType iconId = 20001, callingPid = 20564
11-05 13:27:35.643 20564 20564 D AbsListView: reportScrollStateChange() newState : 1
11-05 13:27:35.647 20564 20564 D ViewRootImpl@20a77b2[MainActivity]: ViewPostImeInputStage processPointer 1
11-05 13:27:35.647 20564 20564 D AbsListView: onTouchUp() mTouchMode : 3
11-05 13:27:35.647 20564 20564 D AbsListView: onTouchUp() TOUCH_MODE_SCROLL initialVelocity : 738
11-05 13:27:35.647 20564 20564 D AbsListView: reportScrollStateChange() newState : 2
11-05 13:27:35.649 20564 20564 D ViewRootImpl: updatePointerIcon pointerType = 20001, calling pid = 20564
11-05 13:27:35.649 20564 20564 D InputManager: setPointerIconType iconId = 20001, callingPid = 20564
11-05 13:27:35.650 20564 20564 D ViewRootImpl: updatePointerIcon pointerType = 20001, calling pid = 20564
11-05 13:27:35.650 20564 20564 D InputManager: setPointerIconType iconId = 20001, callingPid = 20564
11-05 13:27:35.749 20564 21949 D OkHttp : <-- 200 https://testsaig1.gienger.cz/GiengerService.svc/sendorder (213ms)
11-05 13:27:35.750 20564 21949 D OkHttp : content-type: application/xml; charset=utf-8
11-05 13:27:35.750 20564 21949 D OkHttp : server: Microsoft-IIS/10.0
11-05 13:27:35.750 20564 21949 D OkHttp : x-powered-by: ASP.NET
11-05 13:27:35.750 20564 21949 D OkHttp : date: Thu, 05 Nov 2020 12:27:34 GMT
11-05 13:27:35.750 20564 21949 D OkHttp : content-length: 175
11-05 13:27:35.750 20564 21949 D OkHttp : <-- END HTTP
11-05 13:27:35.752 20564 21949 D sendOrder_SUCCESS: 200
11-05 13:27:35.774 20564 21949 D MYINTERCEPTOR: /GiengerService.svc/sendorder
11-05 13:27:35.775 20564 21949 D OkHttp : --> POST https://testsaig1.gienger.cz/GiengerService.svc/sendorder http/1.1
11-05 13:27:35.775 20564 21949 D OkHttp : Content-Type: text/raw
11-05 13:27:35.776 20564 21949 D OkHttp : Content-Length: 3053
11-05 13:27:35.776 20564 21949 D OkHttp : filename: 130AT1193902728.xml
11-05 13:27:35.776 20564 21949 D OkHttp : Checksum: 19ee5b603cf417f0d21f38104f3f1c10
11-05 13:27:35.776 20564 21949 D OkHttp : token: eabfd6ce5e545622f7ce8815de79e0a7
11-05 13:27:35.776 20564 21949 D OkHttp : --> END POST
11-05 13:27:35.920 20564 21949 D OkHttp : <-- 200 https://testsaig1.gienger.cz/GiengerService.svc/sendorder (143ms)
11-05 13:27:35.920 20564 21949 D OkHttp : content-type: application/xml; charset=utf-8
11-05 13:27:35.920 20564 21949 D OkHttp : server: Microsoft-IIS/10.0
11-05 13:27:35.920 20564 21949 D OkHttp : x-powered-by: ASP.NET
11-05 13:27:35.920 20564 21949 D OkHttp : date: Thu, 05 Nov 2020 12:27:34 GMT
11-05 13:27:35.921 20564 21949 D OkHttp : content-length: 175
11-05 13:27:35.921 20564 21949 D OkHttp : <-- END HTTP
11-05 13:27:35.923 20564 21949 D sendOrder_SUCCESS: 200
11-05 13:27:35.953 20564 21949 D MYINTERCEPTOR: /GiengerService.svc/sendorder
11-05 13:27:35.954 20564 21949 D OkHttp : --> POST https://testsaig1.gienger.cz/GiengerService.svc/sendorder http/1.1
11-05 13:27:35.954 20564 21949 D OkHttp : Content-Type: text/raw
11-05 13:27:35.954 20564 21949 D OkHttp : Content-Length: 3351
11-05 13:27:35.954 20564 21949 D OkHttp : filename: 130AT1193902729.xml
11-05 13:27:35.954 20564 21949 D OkHttp : Checksum: 3529c19af1eda55af4fc7a42f65568df
11-05 13:27:35.954 20564 21949 D OkHttp : token: eabfd6ce5e545622f7ce8815de79e0a7
11-05 13:27:35.954 20564 21949 D OkHttp : --> END POST
11-05 13:27:36.110 20564 20564 D AbsListView: reportScrollStateChange() newState : 0
11-05 13:27:36.120 20564 21949 D OkHttp : <-- 200 https://testsaig1.gienger.cz/GiengerService.svc/sendorder (166ms)
11-05 13:27:36.121 20564 21949 D OkHttp : content-type: application/xml; charset=utf-8
11-05 13:27:36.121 20564 21949 D OkHttp : server: Microsoft-IIS/10.0
11-05 13:27:36.121 20564 21949 D OkHttp : x-powered-by: ASP.NET
11-05 13:27:36.121 20564 21949 D OkHttp : date: Thu, 05 Nov 2020 12:27:34 GMT
11-05 13:27:36.121 20564 21949 D OkHttp : content-length: 175
11-05 13:27:36.121 20564 21949 D OkHttp : <-- END HTTP
11-05 13:27:36.124 20564 21949 D sendOrder_SUCCESS: 200
11-05 13:27:36.512 20564 20564 D AbsListView: in onLayout changed
11-05 13:27:36.571 20564 20564 D TextView: SYANI: Clipboard API is calling: clearFilter()
11-05 13:27:36.571 20564 20564 D TextView: SYANI: Clipboard API is calling: unregisterClipboardEventListener()
