11-05 13:17:10.392 20564 20564 D ViewRootImpl@16b14f2[LoginActivity]: ThreadedRenderer.create() translucent=true
11-05 13:17:10.398 20564 20564 D InputTransport: Input channel constructed: fd=66
11-05 13:17:10.398 20564 20564 D ViewRootImpl@16b14f2[LoginActivity]: setView = DecorView@25d743[LoginActivity] touchMode=true
11-05 13:17:10.400 20564 20564 D ViewRootImpl@16b14f2[LoginActivity]: dispatchAttachedToWindow
11-05 13:17:10.423 20564 20564 D ViewRootImpl@16b14f2[LoginActivity]: Relayout returned: oldFrame=[0,0][0,0] newFrame=[108,450][660,597] result=0x27 surface={isValid=true -1993494528} surfaceGenerationChanged=true
11-05 13:17:10.423 20564 20564 D ViewRootImpl@16b14f2[LoginActivity]: mHardwareRenderer.initialize() mSurface={isValid=true -1993494528} hwInitialized=true
11-05 13:17:10.425 20564 20564 D ScrollView: onsize change changed
11-05 13:17:10.425 20564 20564 D ScrollView: onsize change changed
11-05 13:17:10.441 20564 20564 D ViewRootImpl@16b14f2[LoginActivity]: MSG_WINDOW_FOCUS_CHANGED 1
11-05 13:17:10.441 20564 20564 D ViewRootImpl@16b14f2[LoginActivity]: mHardwareRenderer.initializeIfNeeded()#2 mSurface={isValid=true -1993494528}
11-05 13:17:10.462 20564 20564 D ViewRootImpl@16b14f2[LoginActivity]: MSG_RESIZED_REPORT: frame=Rect(108, 450 - 660, 597) ci=Rect(0, 0 - 0, 0) vi=Rect(0, 0 - 0, 0) or=1
11-05 13:17:10.475 20564 20564 D ViewRootImpl@d80c81e[LoginActivity]: MSG_WINDOW_FOCUS_CHANGED 0
11-05 13:17:11.604 20564 20564 D ViewRootImpl@16b14f2[LoginActivity]: ViewPostImeInputStage processPointer 0
11-05 13:17:11.677 20564 20564 D ViewRootImpl@16b14f2[LoginActivity]: ViewPostImeInputStage processPointer 1
11-05 13:17:11.706 20564 20564 D ScrollView: initGoToTop
11-05 13:17:11.711 20564 20564 D ScrollView: initGoToTop
11-05 13:17:11.718 20564 20564 D ViewRootImpl@c25a84[LoginActivity]: ThreadedRenderer.create() translucent=true
11-05 13:17:11.723 20564 20564 D InputTransport: Input channel constructed: fd=86
11-05 13:17:11.723 20564 20564 D ViewRootImpl@c25a84[LoginActivity]: setView = DecorView@6cf26d[LoginActivity] touchMode=true
11-05 13:17:11.725 20564 21242 D MYINTERCEPTOR: /GiengerService.svc/assign/A03_trasa_A03-04_ranni_13_06_2019
11-05 13:17:11.726 20564 21242 D OkHttp : --> POST https://testsaig1.gienger.cz/GiengerService.svc/assign/A03_trasa_A03-04_ranni_13_06_2019 http/1.1
11-05 13:17:11.726 20564 21242 D OkHttp : Content-Length: 0
11-05 13:17:11.726 20564 21242 D OkHttp : token: eabfd6ce5e545622f7ce8815de79e0a7
11-05 13:17:11.726 20564 21242 D OkHttp : --> END POST
11-05 13:17:11.734 20564 20564 D ViewRootImpl@16b14f2[LoginActivity]: mHardwareRenderer.destroy()#4
11-05 13:17:11.734 20564 20564 D ViewRootImpl@16b14f2[LoginActivity]: dispatchDetachedFromWindow
11-05 13:17:11.743 20564 20564 D InputTransport: Input channel destroyed: fd=66
11-05 13:17:11.744 20564 20564 D ViewRootImpl@c25a84[LoginActivity]: dispatchAttachedToWindow
11-05 13:17:11.774 20564 20564 D ViewRootImpl@c25a84[LoginActivity]: Relayout returned: oldFrame=[0,0][0,0] newFrame=[108,466][660,582] result=0x27 surface={isValid=true -2049210368} surfaceGenerationChanged=true
11-05 13:17:11.775 20564 20564 D ViewRootImpl@c25a84[LoginActivity]: mHardwareRenderer.initialize() mSurface={isValid=true -2049210368} hwInitialized=true
11-05 13:17:11.775 20564 21242 D OkHttp : <-- 200 https://testsaig1.gienger.cz/GiengerService.svc/assign/A03_trasa_A03-04_ranni_13_06_2019 (49ms)
11-05 13:17:11.776 20564 21242 D OkHttp : content-type: application/xml; charset=utf-8
11-05 13:17:11.776 20564 21242 D OkHttp : server: Microsoft-IIS/10.0
11-05 13:17:11.776 20564 21242 D OkHttp : x-powered-by: ASP.NET
11-05 13:17:11.776 20564 21242 D OkHttp : date: Thu, 05 Nov 2020 12:17:10 GMT
11-05 13:17:11.776 20564 21242 D OkHttp : content-length: 187
11-05 13:17:11.776 20564 21242 D OkHttp : <-- END HTTP
11-05 13:17:11.780 20564 20564 D ViewRootImpl@c25a84[LoginActivity]: MSG_WINDOW_FOCUS_CHANGED 1
11-05 13:17:11.780 20564 20564 D ViewRootImpl@c25a84[LoginActivity]: mHardwareRenderer.initializeIfNeeded()#2 mSurface={isValid=true -2049210368}
11-05 13:17:11.790 20564 20564 D ViewRootImpl@c25a84[LoginActivity]: MSG_RESIZED_REPORT: frame=Rect(108, 466 - 660, 582) ci=Rect(0, 0 - 0, 0) vi=Rect(0, 0 - 0, 0) or=1
11-05 13:17:11.799 20564 20564 D ViewRootImpl@c25a84[LoginActivity]: mHardwareRenderer.destroy()#4
11-05 13:17:11.799 20564 20564 D ViewRootImpl@c25a84[LoginActivity]: dispatchDetachedFromWindow
11-05 13:17:11.811 20564 20564 D InputTransport: Input channel destroyed: fd=86
11-05 13:17:11.817 20564 20564 D ALARM_REUPLOAD: scheduling alarm
11-05 13:17:11.846 20564 20564 D ScrollView: initGoToTop
11-05 13:17:11.852 20564 20564 D ScrollView: initGoToTop
11-05 13:17:11.862 20564 20564 D ViewRootImpl@9dd9367[LoginActivity]: ThreadedRenderer.create() translucent=true
11-05 13:17:11.870 20564 20564 D InputTransport: Input channel constructed: fd=77
11-05 13:17:11.871 20564 20564 D ViewRootImpl@9dd9367[LoginActivity]: setView = DecorView@eeb5514[LoginActivity] touchMode=true
11-05 13:17:11.880 20564 20564 D ViewRootImpl@9dd9367[LoginActivity]: dispatchAttachedToWindow
11-05 13:17:11.883 20564 21254 D MYINTERCEPTOR: /GiengerService.svc/metadata
11-05 13:17:11.884 20564 21254 D OkHttp : --> GET https://testsaig1.gienger.cz/GiengerService.svc/metadata http/1.1
11-05 13:17:11.884 20564 21254 D OkHttp : token: eabfd6ce5e545622f7ce8815de79e0a7
11-05 13:17:11.884 20564 21254 D OkHttp : state: CZ
11-05 13:17:11.884 20564 21254 D OkHttp : --> END GET
11-05 13:17:11.916 20564 20564 D ViewRootImpl@9dd9367[LoginActivity]: Relayout returned: oldFrame=[0,0][0,0] newFrame=[108,466][660,582] result=0x27 surface={isValid=true -1996771328} surfaceGenerationChanged=true
11-05 13:17:11.917 20564 20564 D ViewRootImpl@9dd9367[LoginActivity]: mHardwareRenderer.initialize() mSurface={isValid=true -1996771328} hwInitialized=true
11-05 13:17:11.921 20564 20564 E ViewRootImpl: sendUserActionEvent() returned.
11-05 13:17:11.921 20564 20564 D ViewRootImpl@d80c81e[LoginActivity]: MSG_WINDOW_FOCUS_CHANGED 1
11-05 13:17:11.922 20564 20564 D ViewRootImpl@d80c81e[LoginActivity]: mHardwareRenderer.initializeIfNeeded()#2 mSurface={isValid=true -1990213632}
11-05 13:17:11.925 20564 20564 E ViewRootImpl: sendUserActionEvent() returned.
11-05 13:17:11.926 20564 20564 D ViewRootImpl@9dd9367[LoginActivity]: MSG_WINDOW_FOCUS_CHANGED 1
11-05 13:17:11.926 20564 20564 D ViewRootImpl@9dd9367[LoginActivity]: mHardwareRenderer.initializeIfNeeded()#2 mSurface={isValid=true -1996771328}
11-05 13:17:11.948 20564 20564 D ViewRootImpl@9dd9367[LoginActivity]: MSG_RESIZED_REPORT: frame=Rect(108, 466 - 660, 582) ci=Rect(0, 0 - 0, 0) vi=Rect(0, 0 - 0, 0) or=1
11-05 13:17:11.974 20564 20564 D ViewRootImpl@d80c81e[LoginActivity]: MSG_WINDOW_FOCUS_CHANGED 0
11-05 13:17:14.520 20564 21254 D OkHttp : <-- 200 https://testsaig1.gienger.cz/GiengerService.svc/metadata (2636ms)
11-05 13:17:14.521 20564 21254 D OkHttp : content-type: application/xml; charset=utf-8
11-05 13:17:14.521 20564 21254 D OkHttp : server: Microsoft-IIS/10.0
11-05 13:17:14.521 20564 21254 D OkHttp : x-powered-by: ASP.NET
11-05 13:17:14.521 20564 21254 D OkHttp : date: Thu, 05 Nov 2020 12:17:13 GMT
11-05 13:17:14.521 20564 21254 D OkHttp : content-length: 550
11-05 13:17:14.521 20564 21254 D OkHttp : <-- END HTTP
11-05 13:17:15.827 20564 20564 D ViewRootImpl@9dd9367[LoginActivity]: MSG_WINDOW_FOCUS_CHANGED 1
11-05 13:17:15.827 20564 20564 D ViewRootImpl@9dd9367[LoginActivity]: mHardwareRenderer.initializeIfNeeded()#2 mSurface={isValid=true -1996771328}
11-05 13:17:37.624 20564 20564 D ViewRootImpl@9dd9367[LoginActivity]: mHardwareRenderer.destroy()#4
11-05 13:17:37.625 20564 20564 D ViewRootImpl@9dd9367[LoginActivity]: dispatchDetachedFromWindow
11-05 13:17:37.638 20564 20564 D InputTransport: Input channel destroyed: fd=77
11-05 13:17:37.683 20564 20564 D ViewRootImpl@d80c81e[LoginActivity]: MSG_WINDOW_FOCUS_CHANGED 1
11-05 13:17:37.683 20564 20564 D ViewRootImpl@d80c81e[LoginActivity]: mHardwareRenderer.initializeIfNeeded()#2 mSurface={isValid=true -1990213632}
11-05 13:17:37.688 20564 20564 E ViewRootImpl: sendUserActionEvent() returned.
11-05 13:17:38.213 20564 20575 I art : Background partial concurrent mark sweep GC freed 158814(6MB) AllocSpace objects, 40(6MB) LOS objects, 60% free, 7MB/19MB, paused 1.243ms total 121.102ms
11-05 13:17:38.336 20564 20564 D ViewRootImpl@b8a142[MainActivity]: Relayout returned: oldFrame=[0,0][768,1024] newFrame=[0,0][768,1024] result=0x7 surface={isValid=true -2049277952} surfaceGenerationChanged=true
11-05 13:17:38.336 20564 20564 D ViewRootImpl@b8a142[MainActivity]: mHardwareRenderer.initialize() mSurface={isValid=true -2049277952} hwInitialized=true
11-05 13:17:38.414 20564 20564 D AbsListView: in onLayout changed
11-05 13:17:38.440 20564 20564 D ViewRootImpl@b8a142[MainActivity]: MSG_WINDOW_FOCUS_CHANGED 1
11-05 13:17:38.440 20564 20564 D ViewRootImpl@b8a142[MainActivity]: mHardwareRenderer.initializeIfNeeded()#2 mSurface={isValid=true -2049277952}
11-05 13:17:38.442 20564 20564 V InputMethodManager: Starting input: tba=android.view.inputmethod.EditorInfo@1fe8c64 nm : cz.gienger.mobile ic=null
11-05 13:17:38.442 20564 20564 I InputMethodManager: startInputInner - mService.startInputOrWindowGainedFocus
11-05 13:17:38.463 20564 20564 D InputTransport: Input channel constructed: fd=81
11-05 13:17:38.463 20564 20564 D InputTransport: Input channel destroyed: fd=76
11-05 13:17:38.472 20564 20564 D ViewRootImpl@d80c81e[LoginActivity]: MSG_WINDOW_FOCUS_CHANGED 0
11-05 13:17:38.502 20564 20564 D ViewRootImpl@d80c81e[LoginActivity]: mHardwareRenderer.destroy()#1
11-05 13:17:38.516 20564 20564 D ViewRootImpl@d80c81e[LoginActivity]: Relayout returned: oldFrame=[0,0][768,1024] newFrame=[0,0][768,1024] result=0x5 surface={isValid=false 0} surfaceGenerationChanged=true
11-05 13:17:38.904 20564 20564 D ViewRootImpl@d80c81e[LoginActivity]: mHardwareRenderer.destroy()#4
11-05 13:17:38.904 20564 20564 D ViewRootImpl@d80c81e[LoginActivity]: dispatchDetachedFromWindow
11-05 13:17:38.912 20564 20564 D InputTransport: Input channel destroyed: fd=61
11-05 13:17:41.018 20564 20564 D ViewRootImpl@b8a142[MainActivity]: ViewPostImeInputStage processPointer 0
11-05 13:17:41.077 20564 20564 D ViewRootImpl@b8a142[MainActivity]: ViewPostImeInputStage processPointer 1
11-05 13:17:41.090 20564 20564 D item_click: viewId = 2131820760, position = 13
11-05 13:17:41.201 20564 20564 D ViewRootImpl@b8a142[MainActivity]: MSG_WINDOW_FOCUS_CHANGED 0
11-05 13:17:41.364 20564 20564 D ViewRootImpl@b8ea48a[CategoryListActivity]: ThreadedRenderer.create() translucent=false
11-05 13:17:41.370 20564 20564 D InputTransport: Input channel constructed: fd=67
11-05 13:17:41.370 20564 20564 D ViewRootImpl@b8ea48a[CategoryListActivity]: setView = DecorView@e9a4afb[CategoryListActivity] touchMode=true
11-05 13:17:41.371 20564 20564 D LOCATION_SERVICE: LocationListener gps
11-05 13:17:41.372 20564 20564 D LOCATION_SERVICE: LocationListener network
11-05 13:17:41.373 20564 20564 D LOCATION_SERVICE: onCreate
11-05 13:17:41.374 20564 20564 D LOCATION_SERVICE: initializeLocationManager
11-05 13:17:41.383 20564 20564 D LOCATION_SERVICE: onStartCommand
11-05 13:17:41.396 20564 20564 D ViewRootImpl@b8ea48a[CategoryListActivity]: dispatchAttachedToWindow
11-05 13:17:41.443 20564 20564 D ViewRootImpl@b8ea48a[CategoryListActivity]: Relayout returned: oldFrame=[0,0][0,0] newFrame=[0,0][768,1024] result=0x27 surface={isValid=true -2041018368} surfaceGenerationChanged=true
11-05 13:17:41.444 20564 20564 D ViewRootImpl@b8ea48a[CategoryListActivity]: mHardwareRenderer.initialize() mSurface={isValid=true -2041018368} hwInitialized=true
11-05 13:17:41.620 20564 20564 D ViewRootImpl@b8ea48a[CategoryListActivity]: MSG_RESIZED_REPORT: frame=Rect(0, 0 - 768, 1024) ci=Rect(0, 24 - 0, 0) vi=Rect(0, 24 - 0, 0) or=1
11-05 13:17:41.620 20564 20564 D ViewRootImpl@b8ea48a[CategoryListActivity]: MSG_WINDOW_FOCUS_CHANGED 1
11-05 13:17:41.620 20564 20564 D ViewRootImpl@b8ea48a[CategoryListActivity]: mHardwareRenderer.initializeIfNeeded()#2 mSurface={isValid=true -2041018368}
11-05 13:17:41.623 20564 20564 V InputMethodManager: Starting input: tba=android.view.inputmethod.EditorInfo@a9f6e9e nm : cz.gienger.mobile ic=null
11-05 13:17:41.623 20564 20564 I InputMethodManager: startInputInner - mService.startInputOrWindowGainedFocus
11-05 13:17:41.625 20564 20564 D InputTransport: Input channel constructed: fd=68
11-05 13:17:41.626 20564 20564 D InputTransport: Input channel destroyed: fd=81
11-05 13:17:41.740 20564 20610 D OpenGLRenderer: endAllActiveAnimators on 0x8888a980 (RippleDrawable) with handle 0x865ff320
11-05 13:17:41.740 20564 20564 D ViewRootImpl@b8a142[MainActivity]: mHardwareRenderer.destroy()#1
11-05 13:17:41.747 20564 20564 D ViewRootImpl@b8a142[MainActivity]: Relayout returned: oldFrame=[0,0][768,1024] newFrame=[0,0][768,1024] result=0x5 surface={isValid=false 0} surfaceGenerationChanged=true
11-05 13:17:41.938 20564 20564 D LOCATION_SERVICE: onLocationChanged: Location[network 49,191162,17,534489 acc=21 et=+1d23h9m2s279ms alt=0.0 vel=0.0 bear=0.0 {Bundle[mParcelledData.dataSize=80]}]
11-05 13:17:42.125 20564 20564 D ViewRootImpl@b8a142[MainActivity]: Relayout returned: oldFrame=[0,0][768,1024] newFrame=[0,0][768,1024] result=0x5 surface={isValid=false 0} surfaceGenerationChanged=false
11-05 13:17:44.375 20564 20564 D ViewRootImpl@b8ea48a[CategoryListActivity]: ViewPostImeInputStage processPointer 0
11-05 13:17:44.432 20564 20564 D ViewRootImpl@b8ea48a[CategoryListActivity]: ViewPostImeInputStage processPointer 1
11-05 13:17:46.145 20564 20564 D ViewRootImpl@b8ea48a[CategoryListActivity]: ViewPostImeInputStage processPointer 0
11-05 13:17:46.203 20564 20564 D ViewRootImpl@b8ea48a[CategoryListActivity]: ViewPostImeInputStage processPointer 1
11-05 13:17:47.342 20564 20564 D ViewRootImpl@b8ea48a[CategoryListActivity]: ViewPostImeInputStage processPointer 0
11-05 13:17:47.380 20564 20564 D ViewRootImpl@b8ea48a[CategoryListActivity]: ViewPostImeInputStage processPointer 1
11-05 13:17:47.410 20564 20564 D ViewRootImpl@b8ea48a[CategoryListActivity]: MSG_WINDOW_FOCUS_CHANGED 0
11-05 13:17:47.531 20564 20564 D ViewRootImpl@9055a0c[ArticleListActivity]: ThreadedRenderer.create() translucent=false
11-05 13:17:47.535 20564 20564 D InputTransport: Input channel constructed: fd=81
11-05 13:17:47.535 20564 20564 D ViewRootImpl@9055a0c[ArticleListActivity]: setView = DecorView@9ff2f55[ArticleListActivity] touchMode=true
11-05 13:17:47.550 20564 20564 D ViewRootImpl@9055a0c[ArticleListActivity]: dispatchAttachedToWindow
11-05 13:17:47.575 20564 20564 D ViewRootImpl@9055a0c[ArticleListActivity]: Relayout returned: oldFrame=[0,0][0,0] newFrame=[0,0][768,1024] result=0x27 surface={isValid=true -1996775424} surfaceGenerationChanged=true
11-05 13:17:47.577 20564 20564 D ViewRootImpl@9055a0c[ArticleListActivity]: mHardwareRenderer.initialize() mSurface={isValid=true -1996775424} hwInitialized=true
11-05 13:17:47.876 20564 20564 D ViewRootImpl@9055a0c[ArticleListActivity]: MSG_RESIZED_REPORT: frame=Rect(0, 0 - 768, 1024) ci=Rect(0, 24 - 0, 0) vi=Rect(0, 24 - 0, 0) or=1
11-05 13:17:47.876 20564 20564 D ViewRootImpl@9055a0c[ArticleListActivity]: MSG_WINDOW_FOCUS_CHANGED 1
11-05 13:17:47.876 20564 20564 D ViewRootImpl@9055a0c[ArticleListActivity]: mHardwareRenderer.initializeIfNeeded()#2 mSurface={isValid=true -1996775424}
11-05 13:17:47.877 20564 20564 V InputMethodManager: Starting input: tba=android.view.inputmethod.EditorInfo@89ef40d nm : cz.gienger.mobile ic=null
11-05 13:17:47.877 20564 20564 I InputMethodManager: startInputInner - mService.startInputOrWindowGainedFocus
11-05 13:17:47.880 20564 20564 D InputTransport: Input channel constructed: fd=83
11-05 13:17:47.880 20564 20564 D InputTransport: Input channel destroyed: fd=68
11-05 13:17:47.929 20564 20564 D ViewRootImpl@b8ea48a[CategoryListActivity]: mHardwareRenderer.destroy()#1
11-05 13:17:47.938 20564 20564 D ViewRootImpl@b8ea48a[CategoryListActivity]: Relayout returned: oldFrame=[0,0][768,1024] newFrame=[0,0][768,1024] result=0x5 surface={isValid=false 0} surfaceGenerationChanged=true
11-05 13:17:48.372 20564 20564 D ViewRootImpl@b8ea48a[CategoryListActivity]: Relayout returned: oldFrame=[0,0][768,1024] newFrame=[0,0][768,1024] result=0x5 surface={isValid=false 0} surfaceGenerationChanged=false
11-05 13:17:48.821 20564 20564 D ViewRootImpl@9055a0c[ArticleListActivity]: ViewPostImeInputStage processPointer 0
11-05 13:17:48.893 20564 20564 D ViewRootImpl@9055a0c[ArticleListActivity]: ViewPostImeInputStage processPointer 1
11-05 13:17:48.968 20564 20564 D ViewRootImpl@b8ea48a[CategoryListActivity]: Relayout returned: oldFrame=[0,0][768,1024] newFrame=[0,0][768,1024] result=0x7 surface={isValid=true -2041018368} surfaceGenerationChanged=true
11-05 13:17:48.968 20564 20564 D ViewRootImpl@b8ea48a[CategoryListActivity]: mHardwareRenderer.initialize() mSurface={isValid=true -2041018368} hwInitialized=true
11-05 13:17:48.970 20564 20564 D ViewRootImpl@b8ea48a[CategoryListActivity]: MSG_WINDOW_FOCUS_CHANGED 1
11-05 13:17:48.970 20564 20564 D ViewRootImpl@b8ea48a[CategoryListActivity]: mHardwareRenderer.initializeIfNeeded()#2 mSurface={isValid=true -2041018368}
11-05 13:17:48.971 20564 20564 V InputMethodManager: Starting input: tba=android.view.inputmethod.EditorInfo@bd6e82f nm : cz.gienger.mobile ic=null
11-05 13:17:48.971 20564 20564 I InputMethodManager: startInputInner - mService.startInputOrWindowGainedFocus
11-05 13:17:48.972 20564 20564 D InputTransport: Input channel constructed: fd=68
11-05 13:17:48.972 20564 20564 D InputTransport: Input channel destroyed: fd=83
11-05 13:17:49.018 20564 20610 D OpenGLRenderer: endAllActiveAnimators on 0x88ef4980 (RippleDrawable) with handle 0x87e7fee0
11-05 13:17:49.018 20564 20564 D ViewRootImpl@9055a0c[ArticleListActivity]: mHardwareRenderer.destroy()#1
11-05 13:17:49.027 20564 20564 D ViewRootImpl@9055a0c[ArticleListActivity]: Relayout returned: oldFrame=[0,0][768,1024] newFrame=[0,0][768,1024] result=0x5 surface={isValid=false 0} surfaceGenerationChanged=true
11-05 13:17:49.031 20564 20564 D ViewRootImpl@9055a0c[ArticleListActivity]: MSG_WINDOW_FOCUS_CHANGED 0
11-05 13:17:49.437 20564 20564 D ViewRootImpl@9055a0c[ArticleListActivity]: mHardwareRenderer.destroy()#4
11-05 13:17:49.437 20564 20564 D ViewRootImpl@9055a0c[ArticleListActivity]: dispatchDetachedFromWindow
11-05 13:17:49.446 20564 20564 D InputTransport: Input channel destroyed: fd=81
11-05 13:17:49.594 20564 20564 D ViewRootImpl@b8ea48a[CategoryListActivity]: ViewPostImeInputStage processPointer 0
11-05 13:17:49.654 20564 20564 D ViewRootImpl@b8ea48a[CategoryListActivity]: ViewPostImeInputStage processPointer 1
11-05 13:17:51.302 20564 20564 D ViewRootImpl@b8ea48a[CategoryListActivity]: ViewPostImeInputStage processPointer 0
11-05 13:17:51.372 20564 20564 D ViewRootImpl@b8ea48a[CategoryListActivity]: ViewPostImeInputStage processPointer 1
11-05 13:17:52.339 20564 20564 D ViewRootImpl@b8ea48a[CategoryListActivity]: ViewPostImeInputStage processPointer 0
11-05 13:17:52.407 20564 20564 D ViewRootImpl@b8ea48a[CategoryListActivity]: ViewPostImeInputStage processPointer 1
11-05 13:17:52.434 20564 20564 D ViewRootImpl@b8ea48a[CategoryListActivity]: MSG_WINDOW_FOCUS_CHANGED 0
11-05 13:17:52.519 20564 20564 D ViewRootImpl@63ed191[ArticleListActivity]: ThreadedRenderer.create() translucent=false
11-05 13:17:52.522 20564 20564 D InputTransport: Input channel constructed: fd=69
11-05 13:17:52.522 20564 20564 D ViewRootImpl@63ed191[ArticleListActivity]: setView = DecorView@3bf98f6[ArticleListActivity] touchMode=true
11-05 13:17:52.525 20564 20564 D ViewRootImpl@63ed191[ArticleListActivity]: dispatchAttachedToWindow
11-05 13:17:52.553 20564 20564 D ViewRootImpl@63ed191[ArticleListActivity]: Relayout returned: oldFrame=[0,0][0,0] newFrame=[0,0][768,1024] result=0x27 surface={isValid=true -2040248320} surfaceGenerationChanged=true
11-05 13:17:52.553 20564 20564 D ViewRootImpl@63ed191[ArticleListActivity]: mHardwareRenderer.initialize() mSurface={isValid=true -2040248320} hwInitialized=true
11-05 13:17:53.046 20564 20564 D ViewRootImpl@63ed191[ArticleListActivity]: MSG_RESIZED_REPORT: frame=Rect(0, 0 - 768, 1024) ci=Rect(0, 24 - 0, 0) vi=Rect(0, 24 - 0, 0) or=1
11-05 13:17:53.046 20564 20564 D ViewRootImpl@63ed191[ArticleListActivity]: MSG_WINDOW_FOCUS_CHANGED 1
11-05 13:17:53.046 20564 20564 D ViewRootImpl@63ed191[ArticleListActivity]: mHardwareRenderer.initializeIfNeeded()#2 mSurface={isValid=true -2040248320}
11-05 13:17:53.047 20564 20564 V InputMethodManager: Starting input: tba=android.view.inputmethod.EditorInfo@2464b45 nm : cz.gienger.mobile ic=null
11-05 13:17:53.047 20564 20564 I InputMethodManager: startInputInner - mService.startInputOrWindowGainedFocus
11-05 13:17:53.049 20564 20564 D InputTransport: Input channel constructed: fd=83
11-05 13:17:53.049 20564 20564 D InputTransport: Input channel destroyed: fd=68
11-05 13:17:53.110 20564 20564 D ViewRootImpl@b8ea48a[CategoryListActivity]: mHardwareRenderer.destroy()#1
11-05 13:17:53.118 20564 20564 D ViewRootImpl@b8ea48a[CategoryListActivity]: Relayout returned: oldFrame=[0,0][768,1024] newFrame=[0,0][768,1024] result=0x5 surface={isValid=false 0} surfaceGenerationChanged=true
11-05 13:17:53.534 20564 20564 D ViewRootImpl@b8ea48a[CategoryListActivity]: Relayout returned: oldFrame=[0,0][768,1024] newFrame=[0,0][768,1024] result=0x5 surface={isValid=false 0} surfaceGenerationChanged=false
11-05 13:17:54.454 20564 20564 D ViewRootImpl@63ed191[ArticleListActivity]: ViewPostImeInputStage processPointer 0
11-05 13:17:54.522 20564 20564 D ViewRootImpl@63ed191[ArticleListActivity]: ViewPostImeInputStage processPointer 1
11-05 13:17:54.560 20564 20564 D ViewRootImpl@63ed191[ArticleListActivity]: MSG_WINDOW_FOCUS_CHANGED 0
11-05 13:17:54.674 20564 20564 D ViewRootImpl@ea9e64e[AddArticleToCartActivity]: ThreadedRenderer.create() translucent=false
11-05 13:17:54.681 20564 20564 D InputTransport: Input channel constructed: fd=68
11-05 13:17:54.681 20564 20564 D ViewRootImpl@ea9e64e[AddArticleToCartActivity]: setView = DecorView@d7036f[AddArticleToCartActivity] touchMode=true
11-05 13:17:54.693 20564 20564 D ViewRootImpl@ea9e64e[AddArticleToCartActivity]: dispatchAttachedToWindow
11-05 13:17:54.725 20564 20564 D ViewRootImpl@ea9e64e[AddArticleToCartActivity]: Relayout returned: oldFrame=[0,0][0,0] newFrame=[0,0][768,1024] result=0x27 surface={isValid=true -2013366272} surfaceGenerationChanged=true
11-05 13:17:54.725 20564 20564 D ViewRootImpl@ea9e64e[AddArticleToCartActivity]: mHardwareRenderer.initialize() mSurface={isValid=true -2013366272} hwInitialized=true
11-05 13:17:54.768 20564 20564 D ViewRootImpl@ea9e64e[AddArticleToCartActivity]: MSG_RESIZED_REPORT: frame=Rect(0, 0 - 768, 1024) ci=Rect(0, 24 - 0, 0) vi=Rect(0, 24 - 0, 0) or=1
11-05 13:17:54.768 20564 20564 D ViewRootImpl@ea9e64e[AddArticleToCartActivity]: MSG_WINDOW_FOCUS_CHANGED 1
11-05 13:17:54.769 20564 20564 D ViewRootImpl@ea9e64e[AddArticleToCartActivity]: mHardwareRenderer.initializeIfNeeded()#2 mSurface={isValid=true -2013366272}
11-05 13:17:54.779 20564 20564 V InputMethodManager: Starting input: tba=android.view.inputmethod.EditorInfo@2827efe nm : cz.gienger.mobile ic=com.android.internal.widget.EditableInputConnection@ab5a65f
11-05 13:17:54.779 20564 20564 I InputMethodManager: startInputInner - mService.startInputOrWindowGainedFocus
11-05 13:17:54.796 20564 20564 D InputTransport: Input channel constructed: fd=70
11-05 13:17:54.796 20564 20564 D InputTransport: Input channel destroyed: fd=83
11-05 13:17:54.830 20564 20610 D OpenGLRenderer: endAllActiveAnimators on 0x8873a680 (RippleDrawable) with handle 0x88891400
11-05 13:17:54.830 20564 20564 D ViewRootImpl@63ed191[ArticleListActivity]: mHardwareRenderer.destroy()#1
11-05 13:17:54.840 20564 20564 D ViewRootImpl@63ed191[ArticleListActivity]: Relayout returned: oldFrame=[0,0][768,1024] newFrame=[0,0][768,1024] result=0x5 surface={isValid=false 0} surfaceGenerationChanged=true
11-05 13:17:55.140 20564 20564 D ViewRootImpl@ea9e64e[AddArticleToCartActivity]: MSG_RESIZED: frame=Rect(0, 0 - 768, 1024) ci=Rect(0, 24 - 0, 0) vi=Rect(0, 24 - 0, 320) or=1
11-05 13:17:55.236 20564 20564 D ViewRootImpl@63ed191[ArticleListActivity]: Relayout returned: oldFrame=[0,0][768,1024] newFrame=[0,0][768,1024] result=0x5 surface={isValid=false 0} surfaceGenerationChanged=false
11-05 13:17:58.281 20564 20564 D ViewRootImpl@ea9e64e[AddArticleToCartActivity]: ViewPostImeInputStage processPointer 0
11-05 13:17:58.343 20564 20564 D ViewRootImpl@ea9e64e[AddArticleToCartActivity]: ViewPostImeInputStage processPointer 1
11-05 13:17:58.353 20564 20564 V InputMethodManager: Starting input: tba=android.view.inputmethod.EditorInfo@87cf398 nm : cz.gienger.mobile ic=com.android.internal.widget.EditableInputConnection@efc37f1
11-05 13:17:58.353 20564 20564 I InputMethodManager: startInputInner - mService.startInputOrWindowGainedFocus
11-05 13:17:58.356 20564 20564 D InputTransport: Input channel constructed: fd=83
11-05 13:17:58.356 20564 20564 D InputTransport: Input channel destroyed: fd=70
11-05 13:17:58.446 20564 20564 D ViewRootImpl@63ed191[ArticleListActivity]: Relayout returned: oldFrame=[0,0][768,1024] newFrame=[0,0][768,1024] result=0x7 surface={isValid=true -2040248320} surfaceGenerationChanged=true
11-05 13:17:58.447 20564 20564 D ViewRootImpl@63ed191[ArticleListActivity]: mHardwareRenderer.initialize() mSurface={isValid=true -2040248320} hwInitialized=true
11-05 13:17:58.630 20564 20564 D ViewRootImpl@63ed191[ArticleListActivity]: MSG_RESIZED_REPORT: frame=Rect(0, 0 - 768, 1024) ci=Rect(0, 24 - 0, 320) vi=Rect(0, 24 - 0, 320) or=1
11-05 13:17:58.630 20564 20564 D ViewRootImpl@63ed191[ArticleListActivity]: MSG_WINDOW_FOCUS_CHANGED 1
11-05 13:17:58.631 20564 20564 D ViewRootImpl@63ed191[ArticleListActivity]: mHardwareRenderer.initializeIfNeeded()#2 mSurface={isValid=true -2040248320}
11-05 13:17:58.633 20564 20564 V InputMethodManager: Starting input: tba=android.view.inputmethod.EditorInfo@910b362 nm : cz.gienger.mobile ic=null
11-05 13:17:58.633 20564 20564 I InputMethodManager: startInputInner - mService.startInputOrWindowGainedFocus
11-05 13:17:58.654 20564 20564 D InputTransport: Input channel constructed: fd=84
11-05 13:17:58.654 20564 20564 D InputTransport: Input channel destroyed: fd=83
11-05 13:17:58.654 20564 20564 W IInputConnectionWrapper: getCursorCapsMode on inactive InputConnection
11-05 13:17:58.666 20564 20564 D ViewRootImpl@ea9e64e[AddArticleToCartActivity]: MSG_WINDOW_FOCUS_CHANGED 0
11-05 13:17:58.714 20564 20610 D OpenGLRenderer: endAllActiveAnimators on 0x88a9f800 (RippleDrawable) with handle 0x888cdf20
11-05 13:17:58.714 20564 20564 D ViewRootImpl@ea9e64e[AddArticleToCartActivity]: mHardwareRenderer.destroy()#1
11-05 13:17:58.770 20564 20564 D ViewRootImpl@ea9e64e[AddArticleToCartActivity]: Relayout returned: oldFrame=[0,0][768,1024] newFrame=[0,0][768,1024] result=0x5 surface={isValid=false 0} surfaceGenerationChanged=true
11-05 13:17:58.802 20564 20564 W IInputConnectionWrapper: finishComposingText on inactive InputConnection
11-05 13:17:58.804 20564 20564 W IInputConnectionWrapper: performPrivateCommand on inactive InputConnection
11-05 13:17:58.814 20564 20564 W IInputConnectionWrapper: finishComposingText on inactive InputConnection
11-05 13:17:58.853 20564 20564 D ViewRootImpl@63ed191[ArticleListActivity]: MSG_RESIZED: frame=Rect(0, 0 - 768, 1024) ci=Rect(0, 24 - 0, 0) vi=Rect(0, 24 - 0, 0) or=1
11-05 13:17:58.883 20564 20564 D ViewRootImpl@63ed191[ArticleListActivity]: Relayout returned: oldFrame=[0,0][768,1024] newFrame=[0,0][768,1024] result=0x1 surface={isValid=true -2040248320} surfaceGenerationChanged=false
11-05 13:17:59.064 20564 20564 D TextView: SYANI: Clipboard API is calling: clearFilter()
11-05 13:17:59.064 20564 20564 D TextView: SYANI: Clipboard API is calling: unregisterClipboardEventListener()
11-05 13:17:59.068 20564 20564 D TextView: SYANI: Clipboard API is calling: clearFilter()
11-05 13:17:59.068 20564 20564 D TextView: SYANI: Clipboard API is calling: unregisterClipboardEventListener()
11-05 13:17:59.074 20564 20564 D ViewRootImpl@ea9e64e[AddArticleToCartActivity]: mHardwareRenderer.destroy()#4
11-05 13:17:59.074 20564 20564 D ViewRootImpl@ea9e64e[AddArticleToCartActivity]: dispatchDetachedFromWindow
11-05 13:17:59.081 20564 20564 D InputTransport: Input channel destroyed: fd=68
11-05 13:18:00.677 20564 20564 D ViewRootImpl@63ed191[ArticleListActivity]: ViewPostImeInputStage processPointer 0
11-05 13:18:01.365 20564 20564 D ViewRootImpl@63ed191[ArticleListActivity]: ViewPostImeInputStage processPointer 1
11-05 13:18:04.826 20564 20564 D ViewRootImpl@63ed191[ArticleListActivity]: ViewPostImeInputStage processPointer 0
11-05 13:18:04.885 20564 20564 D ViewRootImpl@63ed191[ArticleListActivity]: ViewPostImeInputStage processPointer 1
11-05 13:18:04.912 20564 20564 D ViewRootImpl@63ed191[ArticleListActivity]: MSG_WINDOW_FOCUS_CHANGED 0
11-05 13:18:04.987 20564 20564 D ViewRootImpl@5a8174b[CategoryListActivity]: ThreadedRenderer.create() translucent=false
11-05 13:18:04.990 20564 20564 D InputTransport: Input channel constructed: fd=68
11-05 13:18:04.990 20564 20564 D ViewRootImpl@5a8174b[CategoryListActivity]: setView = DecorView@eacf528[CategoryListActivity] touchMode=true
11-05 13:18:04.991 20564 20564 D LOCATION_SERVICE: onStartCommand
11-05 13:18:05.003 20564 20564 D ViewRootImpl@5a8174b[CategoryListActivity]: dispatchAttachedToWindow
11-05 13:18:05.033 20564 20564 D ViewRootImpl@5a8174b[CategoryListActivity]: Relayout returned: oldFrame=[0,0][0,0] newFrame=[0,0][768,1024] result=0x27 surface={isValid=true -2005063680} surfaceGenerationChanged=true
11-05 13:18:05.034 20564 20564 D ViewRootImpl@5a8174b[CategoryListActivity]: mHardwareRenderer.initialize() mSurface={isValid=true -2005063680} hwInitialized=true
11-05 13:18:05.163 20564 20564 D ViewRootImpl@5a8174b[CategoryListActivity]: MSG_RESIZED_REPORT: frame=Rect(0, 0 - 768, 1024) ci=Rect(0, 24 - 0, 0) vi=Rect(0, 24 - 0, 0) or=1
11-05 13:18:05.163 20564 20564 D ViewRootImpl@5a8174b[CategoryListActivity]: MSG_WINDOW_FOCUS_CHANGED 1
11-05 13:18:05.163 20564 20564 D ViewRootImpl@5a8174b[CategoryListActivity]: mHardwareRenderer.initializeIfNeeded()#2 mSurface={isValid=true -2005063680}
11-05 13:18:05.164 20564 20564 V InputMethodManager: Starting input: tba=android.view.inputmethod.EditorInfo@2f048fb nm : cz.gienger.mobile ic=null
11-05 13:18:05.164 20564 20564 I InputMethodManager: startInputInner - mService.startInputOrWindowGainedFocus
11-05 13:18:05.166 20564 20564 D InputTransport: Input channel constructed: fd=70
11-05 13:18:05.166 20564 20564 D InputTransport: Input channel destroyed: fd=84
11-05 13:18:05.225 20564 20610 D OpenGLRenderer: endAllActiveAnimators on 0x88739c00 (RippleDrawable) with handle 0x890c4e10
11-05 13:18:05.225 20564 20564 D ViewRootImpl@63ed191[ArticleListActivity]: mHardwareRenderer.destroy()#1
11-05 13:18:05.232 20564 20564 D ViewRootImpl@63ed191[ArticleListActivity]: Relayout returned: oldFrame=[0,0][768,1024] newFrame=[0,0][768,1024] result=0x5 surface={isValid=false 0} surfaceGenerationChanged=true
11-05 13:18:05.644 20564 20564 D ViewRootImpl@63ed191[ArticleListActivity]: Relayout returned: oldFrame=[0,0][768,1024] newFrame=[0,0][768,1024] result=0x5 surface={isValid=false 0} surfaceGenerationChanged=false
11-05 13:18:06.810 20564 20564 D ViewRootImpl@5a8174b[CategoryListActivity]: ViewPostImeInputStage processPointer 0
11-05 13:18:06.892 20564 20564 D ViewRootImpl@5a8174b[CategoryListActivity]: ViewPostImeInputStage processPointer 1
11-05 13:18:06.932 20564 20564 D ViewRootImpl@5a8174b[CategoryListActivity]: MSG_WINDOW_FOCUS_CHANGED 0
11-05 13:18:07.103 20564 20564 D ViewRootImpl@f52a05b[CartActivity]: ThreadedRenderer.create() translucent=false
11-05 13:18:07.106 20564 20564 D InputTransport: Input channel constructed: fd=71
11-05 13:18:07.107 20564 20564 D ViewRootImpl@f52a05b[CartActivity]: setView = DecorView@46c30f8[CartActivity] touchMode=true
11-05 13:18:07.110 20564 20564 D ViewRootImpl@f52a05b[CartActivity]: dispatchAttachedToWindow
11-05 13:18:07.135 20564 20564 D ViewRootImpl@f52a05b[CartActivity]: Relayout returned: oldFrame=[0,0][0,0] newFrame=[0,0][768,1024] result=0x27 surface={isValid=true -2002173952} surfaceGenerationChanged=true
11-05 13:18:07.136 20564 20564 D ViewRootImpl@f52a05b[CartActivity]: mHardwareRenderer.initialize() mSurface={isValid=true -2002173952} hwInitialized=true
11-05 13:18:07.205 20564 20564 D AbsListView: in onLayout changed
11-05 13:18:07.244 20564 20564 D ViewRootImpl@f52a05b[CartActivity]: MSG_RESIZED_REPORT: frame=Rect(0, 0 - 768, 1024) ci=Rect(0, 24 - 0, 0) vi=Rect(0, 24 - 0, 0) or=1
11-05 13:18:07.244 20564 20564 D ViewRootImpl@f52a05b[CartActivity]: MSG_WINDOW_FOCUS_CHANGED 1
11-05 13:18:07.245 20564 20564 D ViewRootImpl@f52a05b[CartActivity]: mHardwareRenderer.initializeIfNeeded()#2 mSurface={isValid=true -2002173952}
11-05 13:18:07.262 20564 20564 V InputMethodManager: Starting input: tba=android.view.inputmethod.EditorInfo@939a2a nm : cz.gienger.mobile ic=null
11-05 13:18:07.262 20564 20564 I InputMethodManager: startInputInner - mService.startInputOrWindowGainedFocus
11-05 13:18:07.264 20564 20564 D InputTransport: Input channel constructed: fd=61
11-05 13:18:07.264 20564 20564 D InputTransport: Input channel destroyed: fd=70
11-05 13:18:07.300 20564 20610 D OpenGLRenderer: endAllActiveAnimators on 0x883eb000 (RippleDrawable) with handle 0x890c4e00
11-05 13:18:07.300 20564 20564 D ViewRootImpl@5a8174b[CategoryListActivity]: mHardwareRenderer.destroy()#1
11-05 13:18:07.307 20564 20564 D ViewRootImpl@5a8174b[CategoryListActivity]: Relayout returned: oldFrame=[0,0][768,1024] newFrame=[0,0][768,1024] result=0x5 surface={isValid=false 0} surfaceGenerationChanged=true
11-05 13:18:07.751 20564 20564 D ViewRootImpl@5a8174b[CategoryListActivity]: Relayout returned: oldFrame=[0,0][768,1024] newFrame=[0,0][768,1024] result=0x5 surface={isValid=false 0} surfaceGenerationChanged=false
11-05 13:18:08.539 20564 20564 D ViewRootImpl@f52a05b[CartActivity]: ViewPostImeInputStage processPointer 0
11-05 13:18:08.560 20564 20564 D AbsListView: reportScrollStateChange() newState : 1
11-05 13:18:09.451 20564 20564 D ViewRootImpl@f52a05b[CartActivity]: ViewPostImeInputStage processPointer 1
11-05 13:18:09.452 20564 20564 D AbsListView: onTouchUp() mTouchMode : 3
11-05 13:18:09.452 20564 20564 D AbsListView: onTouchUp() TOUCH_MODE_SCROLL initialVelocity : 0
11-05 13:18:09.452 20564 20564 D AbsListView: reportScrollStateChange() newState : 0
11-05 13:18:10.637 20564 20564 D ViewRootImpl@f52a05b[CartActivity]: ViewPostImeInputStage processPointer 0
11-05 13:18:10.709 20564 20564 D ViewRootImpl@f52a05b[CartActivity]: ViewPostImeInputStage processPointer 1
11-05 13:18:10.719 20564 20564 V InputMethodManager: Starting input: tba=android.view.inputmethod.EditorInfo@2a92ef6 nm : cz.gienger.mobile ic=com.android.internal.widget.EditableInputConnection@69c22f7
11-05 13:18:10.719 20564 20564 I InputMethodManager: startInputInner - mService.startInputOrWindowGainedFocus
11-05 13:18:10.721 20564 20564 D InputTransport: Input channel constructed: fd=81
11-05 13:18:10.721 20564 20564 D InputTransport: Input channel destroyed: fd=61
11-05 13:18:10.722 20564 20564 D InputMethodManager: SSI - flag : 0 Pid : 20564 view : cz.gienger.mobile
11-05 13:18:11.155 20564 20564 D ViewRootImpl@f52a05b[CartActivity]: MSG_RESIZED: frame=Rect(0, 0 - 768, 1024) ci=Rect(0, 24 - 0, 0) vi=Rect(0, 24 - 0, 359) or=1
11-05 13:18:12.614 20564 20564 D ViewRootImpl@f52a05b[CartActivity]: ViewPostImeInputStage processPointer 0
11-05 13:18:12.664 20564 20564 D ViewRootImpl@f52a05b[CartActivity]: ViewPostImeInputStage processPointer 1
11-05 13:18:12.686 20564 20564 V InputMethodManager: Starting input: tba=android.view.inputmethod.EditorInfo@352c60b nm : cz.gienger.mobile ic=com.android.internal.widget.EditableInputConnection@a17dce8
11-05 13:18:12.687 20564 20564 I InputMethodManager: startInputInner - mService.startInputOrWindowGainedFocus
11-05 13:18:12.688 20564 20564 D InputTransport: Input channel constructed: fd=70
11-05 13:18:12.688 20564 20564 D InputTransport: Input channel destroyed: fd=81
11-05 13:18:12.688 20564 20564 D InputMethodManager: SSI - flag : 0 Pid : 20564 view : cz.gienger.mobile
11-05 13:18:12.694 20564 20564 W IInputConnectionWrapper: finishComposingText on inactive InputConnection
11-05 13:18:13.743 20564 20564 D ViewRootImpl@f52a05b[CartActivity]: ViewPostImeInputStage processPointer 0
11-05 13:18:13.805 20564 20564 D ViewRootImpl@f52a05b[CartActivity]: ViewPostImeInputStage processPointer 1
11-05 13:18:13.826 20564 20564 V InputMethodManager: Starting input: tba=android.view.inputmethod.EditorInfo@ec7d232 nm : cz.gienger.mobile ic=com.android.internal.widget.EditableInputConnection@1cbeb83
11-05 13:18:13.826 20564 20564 I InputMethodManager: startInputInner - mService.startInputOrWindowGainedFocus
11-05 13:18:13.828 20564 20564 D InputTransport: Input channel constructed: fd=81
11-05 13:18:13.828 20564 20564 D InputTransport: Input channel destroyed: fd=70
11-05 13:18:13.828 20564 20564 D InputMethodManager: SSI - flag : 0 Pid : 20564 view : cz.gienger.mobile
11-05 13:18:13.833 20564 20564 W IInputConnectionWrapper: finishComposingText on inactive InputConnection
11-05 13:18:15.882 20564 20564 D ViewRootImpl@f52a05b[CartActivity]: ViewPostImeInputStage processPointer 0
11-05 13:18:15.932 20564 20564 D ViewRootImpl@f52a05b[CartActivity]: ViewPostImeInputStage processPointer 1
11-05 13:18:16.901 20564 20564 D ViewRootImpl@f52a05b[CartActivity]: ViewPostImeInputStage processPointer 0
11-05 13:18:16.971 20564 20564 D ViewRootImpl@f52a05b[CartActivity]: ViewPostImeInputStage processPointer 1
11-05 13:18:17.030 20564 20564 D ScrollView: initGoToTop
11-05 13:18:17.035 20564 20564 D ScrollView: initGoToTop
11-05 13:18:17.044 20564 20564 D ViewRootImpl@f15021c[CartActivity]: ThreadedRenderer.create() translucent=true
11-05 13:18:17.051 20564 20564 D InputTransport: Input channel constructed: fd=70
11-05 13:18:17.052 20564 20564 D ViewRootImpl@f15021c[CartActivity]: setView = DecorView@3e9e25[CartActivity] touchMode=true
11-05 13:18:17.053 20564 20564 D ViewRootImpl@f15021c[CartActivity]: dispatchAttachedToWindow
11-05 13:18:17.106 20564 20564 D ViewRootImpl@f15021c[CartActivity]: Relayout returned: oldFrame=[0,0][0,0] newFrame=[94,24][674,1024] result=0x27 surface={isValid=true -2013958144} surfaceGenerationChanged=true
11-05 13:18:17.107 20564 20564 D ViewRootImpl@f15021c[CartActivity]: mHardwareRenderer.initialize() mSurface={isValid=true -2013958144} hwInitialized=true
11-05 13:18:17.198 20564 20564 D AbsListView: in onLayout changed
11-05 13:18:17.198 20564 20564 D ScrollView: onsize change changed
11-05 13:18:17.208 20564 20564 D ViewRootImpl@f15021c[CartActivity]: MSG_WINDOW_FOCUS_CHANGED 1
11-05 13:18:17.208 20564 20564 D ViewRootImpl@f15021c[CartActivity]: mHardwareRenderer.initializeIfNeeded()#2 mSurface={isValid=true -2013958144}
11-05 13:18:17.209 20564 20564 V InputMethodManager: Not IME target window, ignoring
11-05 13:18:17.252 20564 20564 D ViewRootImpl@f15021c[CartActivity]: MSG_RESIZED_REPORT: frame=Rect(94, 24 - 674, 1024) ci=Rect(0, 0 - 0, 0) vi=Rect(0, 0 - 0, 0) or=1
11-05 13:18:17.293 20564 20564 D ViewRootImpl@f52a05b[CartActivity]: MSG_WINDOW_FOCUS_CHANGED 0
11-05 13:18:18.034 20564 20564 D ViewRootImpl@f15021c[CartActivity]: ViewPostImeInputStage processPointer 0
11-05 13:18:18.118 20564 20564 D ViewRootImpl@f15021c[CartActivity]: ViewPostImeInputStage processPointer 1
11-05 13:18:18.998 20564 20564 D ViewRootImpl@f15021c[CartActivity]: ViewPostImeInputStage processPointer 0
11-05 13:18:19.093 20564 20564 D ViewRootImpl@f15021c[CartActivity]: ViewPostImeInputStage processPointer 1
11-05 13:18:19.148 20564 20564 D ViewRootImpl@f15021c[CartActivity]: mHardwareRenderer.destroy()#4
11-05 13:18:19.149 20564 20564 D ViewRootImpl@f15021c[CartActivity]: dispatchDetachedFromWindow
11-05 13:18:19.168 20564 20564 D InputTransport: Input channel destroyed: fd=70
11-05 13:18:19.178 20564 20564 D ViewRootImpl@f52a05b[CartActivity]: MSG_WINDOW_FOCUS_CHANGED 1
11-05 13:18:19.178 20564 20564 D ViewRootImpl@f52a05b[CartActivity]: mHardwareRenderer.initializeIfNeeded()#2 mSurface={isValid=true -2002173952}
11-05 13:18:19.196 20564 20564 E ViewRootImpl: sendUserActionEvent() returned.
11-05 13:18:19.838 20564 20564 D ViewRootImpl@f52a05b[CartActivity]: ViewPostImeInputStage processPointer 0
11-05 13:18:19.885 20564 20564 D AbsListView: reportScrollStateChange() newState : 1
11-05 13:18:20.324 20564 20564 D ViewRootImpl@f52a05b[CartActivity]: ViewPostImeInputStage processPointer 1
11-05 13:18:20.325 20564 20564 D AbsListView: onTouchUp() mTouchMode : 3
11-05 13:18:20.325 20564 20564 D AbsListView: onTouchUp() TOUCH_MODE_SCROLL initialVelocity : 0
11-05 13:18:20.325 20564 20564 D AbsListView: reportScrollStateChange() newState : 0
11-05 13:18:20.911 20564 20564 D ViewRootImpl@f52a05b[CartActivity]: ViewPostImeInputStage processPointer 0
11-05 13:18:20.956 20564 20564 D AbsListView: reportScrollStateChange() newState : 1
11-05 13:18:21.200 20564 20564 D ViewRootImpl@f52a05b[CartActivity]: ViewPostImeInputStage processPointer 1
11-05 13:18:21.201 20564 20564 D AbsListView: onTouchUp() mTouchMode : 3
11-05 13:18:21.201 20564 20564 D AbsListView: onTouchUp() TOUCH_MODE_SCROLL initialVelocity : 18
11-05 13:18:21.201 20564 20564 D AbsListView: reportScrollStateChange() newState : 0
11-05 13:18:22.513 20564 20564 D ViewRootImpl@f52a05b[CartActivity]: ViewPostImeInputStage processPointer 0
11-05 13:18:22.585 20564 20564 D ViewRootImpl@f52a05b[CartActivity]: ViewPostImeInputStage processPointer 1
11-05 13:18:22.735 20564 20564 D ScrollView: initGoToTop
11-05 13:18:22.740 20564 20564 D ScrollView: initGoToTop
11-05 13:18:22.750 20564 20564 D ViewRootImpl@9749e1b[CartActivity]: ThreadedRenderer.create() translucent=true
11-05 13:18:22.759 20564 20564 D InputTransport: Input channel constructed: fd=70
11-05 13:18:22.759 20564 20564 D ViewRootImpl@9749e1b[CartActivity]: setView = DecorView@2b5bbb8[CartActivity] touchMode=true
11-05 13:18:22.763 20564 20564 D ViewRootImpl@9749e1b[CartActivity]: dispatchAttachedToWindow
11-05 13:18:22.840 20564 20564 D ViewRootImpl@9749e1b[CartActivity]: Relayout returned: oldFrame=[0,0][0,0] newFrame=[194,258][574,790] result=0x27 surface={isValid=true -2010677248} surfaceGenerationChanged=true
11-05 13:18:22.840 20564 20564 D ViewRootImpl@9749e1b[CartActivity]: mHardwareRenderer.initialize() mSurface={isValid=true -2010677248} hwInitialized=true
11-05 13:18:22.848 20564 20564 D ScrollView: onsize change changed
11-05 13:18:22.854 20564 20564 D ViewRootImpl@9749e1b[CartActivity]: MSG_WINDOW_FOCUS_CHANGED 1
11-05 13:18:22.854 20564 20564 D ViewRootImpl@9749e1b[CartActivity]: mHardwareRenderer.initializeIfNeeded()#2 mSurface={isValid=true -2010677248}
11-05 13:18:22.890 20564 20564 D ViewRootImpl@9749e1b[CartActivity]: MSG_RESIZED_REPORT: frame=Rect(194, 258 - 574, 790) ci=Rect(0, 0 - 0, 0) vi=Rect(0, 0 - 0, 0) or=1
11-05 13:18:22.925 20564 20564 D ViewRootImpl@f52a05b[CartActivity]: MSG_WINDOW_FOCUS_CHANGED 0
11-05 13:18:23.927 20564 20564 D ViewRootImpl@9749e1b[CartActivity]: ViewPostImeInputStage processPointer 0
11-05 13:18:23.996 20564 20564 D ViewRootImpl@9749e1b[CartActivity]: ViewPostImeInputStage processPointer 1
11-05 13:18:24.646 20564 20564 D ViewRootImpl@9749e1b[CartActivity]: ViewPostImeInputStage processPointer 0
11-05 13:18:24.738 20564 20564 D ViewRootImpl@9749e1b[CartActivity]: ViewPostImeInputStage processPointer 1
11-05 13:18:24.778 20564 20564 D ViewRootImpl@9749e1b[CartActivity]: mHardwareRenderer.destroy()#4
11-05 13:18:24.778 20564 20564 D ViewRootImpl@9749e1b[CartActivity]: dispatchDetachedFromWindow
11-05 13:18:24.788 20564 20564 D InputTransport: Input channel destroyed: fd=70
11-05 13:18:24.796 20564 20564 D ViewRootImpl@f52a05b[CartActivity]: MSG_WINDOW_FOCUS_CHANGED 1
11-05 13:18:24.796 20564 20564 D ViewRootImpl@f52a05b[CartActivity]: mHardwareRenderer.initializeIfNeeded()#2 mSurface={isValid=true -2002173952}
11-05 13:18:24.811 20564 20564 E ViewRootImpl: sendUserActionEvent() returned.
11-05 13:18:25.309 20564 20564 D ViewRootImpl@f52a05b[CartActivity]: ViewPostImeInputStage processPointer 0
11-05 13:18:25.393 20564 20564 D ViewRootImpl@f52a05b[CartActivity]: ViewPostImeInputStage processPointer 1
11-05 13:18:25.415 20564 20564 V InputMethodManager: Starting input: tba=android.view.inputmethod.EditorInfo@75032fc nm : cz.gienger.mobile ic=com.android.internal.widget.EditableInputConnection@796ad85
11-05 13:18:25.415 20564 20564 I InputMethodManager: startInputInner - mService.startInputOrWindowGainedFocus
11-05 13:18:25.417 20564 20564 D InputTransport: Input channel constructed: fd=70
11-05 13:18:25.418 20564 20564 D InputTransport: Input channel destroyed: fd=81
11-05 13:18:25.418 20564 20564 D InputMethodManager: SSI - flag : 0 Pid : 20564 view : cz.gienger.mobile
11-05 13:18:25.423 20564 20564 W IInputConnectionWrapper: finishComposingText on inactive InputConnection
11-05 13:18:27.305 20564 20564 D ViewRootImpl@f52a05b[CartActivity]: ViewPostImeInputStage processPointer 0
11-05 13:18:27.377 20564 20564 D ViewRootImpl@f52a05b[CartActivity]: ViewPostImeInputStage processPointer 1
11-05 13:18:27.403 20564 20564 V InputMethodManager: Starting input: tba=android.view.inputmethod.EditorInfo@5f215e7 nm : cz.gienger.mobile ic=com.android.internal.widget.EditableInputConnection@269e594
11-05 13:18:27.404 20564 20564 I InputMethodManager: startInputInner - mService.startInputOrWindowGainedFocus
11-05 13:18:27.405 20564 20564 D InputTransport: Input channel constructed: fd=82
11-05 13:18:27.406 20564 20564 D InputTransport: Input channel destroyed: fd=70
11-05 13:18:27.406 20564 20564 D InputMethodManager: SSI - flag : 0 Pid : 20564 view : cz.gienger.mobile
11-05 13:18:27.411 20564 20564 W IInputConnectionWrapper: finishComposingText on inactive InputConnection
11-05 13:18:28.936 20564 20564 D ViewRootImpl@f52a05b[CartActivity]: ViewPostImeInputStage processPointer 0
11-05 13:18:28.990 20564 20564 D AbsListView: reportScrollStateChange() newState : 1
11-05 13:18:29.381 20564 20564 D ViewRootImpl@f52a05b[CartActivity]: ViewPostImeInputStage processPointer 1
11-05 13:18:29.381 20564 20564 D AbsListView: onTouchUp() mTouchMode : 3
11-05 13:18:29.381 20564 20564 D AbsListView: onTouchUp() TOUCH_MODE_SCROLL initialVelocity : 0
11-05 13:18:29.382 20564 20564 D AbsListView: reportScrollStateChange() newState : 0
11-05 13:18:30.876 20564 20564 D ViewRootImpl@f52a05b[CartActivity]: ViewPostImeInputStage processPointer 0
11-05 13:18:30.961 20564 20564 D ViewRootImpl@f52a05b[CartActivity]: ViewPostImeInputStage processPointer 1
11-05 13:18:30.971 20564 20564 D View : requestFocusFromTouch
11-05 13:18:30.994 20564 20564 D ScrollView: initGoToTop
11-05 13:18:30.998 20564 20564 D ScrollView: initGoToTop
11-05 13:18:31.006 20564 20564 D ViewRootImpl@b9bdbc4[CartActivity]: ThreadedRenderer.create() translucent=true
11-05 13:18:31.012 20564 20564 D InputTransport: Input channel constructed: fd=70
11-05 13:18:31.013 20564 20564 D ViewRootImpl@b9bdbc4[CartActivity]: setView = DecorView@bea7aad[CartActivity] touchMode=false
11-05 13:18:31.014 20564 20564 V InputMethodManager: Starting input: tba=android.view.inputmethod.EditorInfo@30521e2 nm : cz.gienger.mobile ic=null
11-05 13:18:31.014 20564 20564 I InputMethodManager: startInputInner - mService.startInputOrWindowGainedFocus
11-05 13:18:31.015 20564 20564 D InputTransport: Input channel constructed: fd=81
11-05 13:18:31.016 20564 20564 D InputTransport: Input channel destroyed: fd=82
11-05 13:18:31.019 20564 20564 D ViewRootImpl@b9bdbc4[CartActivity]: dispatchAttachedToWindow
11-05 13:18:31.053 20564 20564 D ViewRootImpl@b9bdbc4[CartActivity]: Relayout returned: oldFrame=[0,0][0,0] newFrame=[108,450][660,597] result=0x26 surface={isValid=true -2015092736} surfaceGenerationChanged=true
11-05 13:18:31.054 20564 20564 D ViewRootImpl@b9bdbc4[CartActivity]: mHardwareRenderer.initialize() mSurface={isValid=true -2015092736} hwInitialized=true
11-05 13:18:31.058 20564 20564 D ScrollView: onsize change changed
11-05 13:18:31.058 20564 20564 D ScrollView: onsize change changed
11-05 13:18:31.063 20564 20564 D ViewRootImpl@b9bdbc4[CartActivity]: MSG_WINDOW_FOCUS_CHANGED 1
11-05 13:18:31.064 20564 20564 D ViewRootImpl@b9bdbc4[CartActivity]: mHardwareRenderer.initializeIfNeeded()#2 mSurface={isValid=true -2015092736}
11-05 13:18:31.064 20564 20564 V InputMethodManager: Not IME target window, ignoring
11-05 13:18:31.064 20564 20564 W IInputConnectionWrapper: finishComposingText on inactive InputConnection
11-05 13:18:31.083 20564 20564 D ViewRootImpl@b9bdbc4[CartActivity]: MSG_RESIZED_REPORT: frame=Rect(108, 450 - 660, 597) ci=Rect(0, 0 - 0, 0) vi=Rect(0, 0 - 0, 0) or=1
11-05 13:18:31.125 20564 20564 D ViewRootImpl@f52a05b[CartActivity]: MSG_WINDOW_FOCUS_CHANGED 0
11-05 13:18:32.122 20564 20564 D ViewRootImpl@b9bdbc4[CartActivity]: ViewPostImeInputStage processPointer 0
11-05 13:18:32.213 20564 20564 D ViewRootImpl@b9bdbc4[CartActivity]: ViewPostImeInputStage processPointer 1
11-05 13:18:32.236 20564 20564 D ScrollView: initGoToTop
11-05 13:18:32.241 20564 20564 D ScrollView: initGoToTop
11-05 13:18:32.248 20564 20564 D ViewRootImpl@2accade[CartActivity]: ThreadedRenderer.create() translucent=true
11-05 13:18:32.254 20564 20564 D InputTransport: Input channel constructed: fd=92
11-05 13:18:32.255 20564 20564 D ViewRootImpl@2accade[CartActivity]: setView = DecorView@f1634bf[CartActivity] touchMode=true
11-05 13:18:32.264 20564 20610 D OpenGLRenderer: endAllActiveAnimators on 0x88b89580 (RippleDrawable) with handle 0x8827ac00
11-05 13:18:32.264 20564 20564 D ViewRootImpl@b9bdbc4[CartActivity]: mHardwareRenderer.destroy()#4
