11-05 13:21:17.477 20564 21626 D OkHttp : --> POST https://testsaig1.gienger.cz/GiengerService.svc/sendorder http/1.1
11-05 13:21:17.477 20564 21626 D OkHttp : Content-Type: text/raw
11-05 13:21:17.477 20564 21626 D OkHttp : Content-Length: 342062
11-05 13:21:17.477 20564 21626 D OkHttp : filename: 130AT1193305478.xml
11-05 13:21:17.477 20564 21626 D OkHttp : Checksum: 078d15e3707873feed99aeab92544efb
11-05 13:21:17.477 20564 21626 D OkHttp : token: eabfd6ce5e545622f7ce8815de79e0a7
11-05 13:21:17.477 20564 21626 D OkHttp : --> END POST
11-05 13:21:21.265 20564 21626 D OkHttp : <-- 200 https://testsaig1.gienger.cz/GiengerService.svc/sendorder (3787ms)
11-05 13:21:21.265 20564 21626 D OkHttp : content-type: application/xml; charset=utf-8
11-05 13:21:21.265 20564 21626 D OkHttp : server: Microsoft-IIS/10.0
11-05 13:21:21.265 20564 21626 D OkHttp : x-powered-by: ASP.NET
11-05 13:21:21.265 20564 21626 D OkHttp : date: Thu, 05 Nov 2020 12:21:20 GMT
11-05 13:21:21.265 20564 21626 D OkHttp : content-length: 175
11-05 13:21:21.265 20564 21626 D OkHttp : <-- END HTTP
11-05 13:21:21.272 20564 21626 D sendOrder_SUCCESS: 200
11-05 13:21:21.656 20564 20564 D AbsListView: in onLayout changed
11-05 13:21:21.685 20564 20564 D TextView: SYANI: Clipboard API is calling: clearFilter()
11-05 13:21:21.686 20564 20564 D TextView: SYANI: Clipboard API is calling: unregisterClipboardEventListener()
11-05 13:21:21.686 20564 20564 D TextView: SYANI: Clipboard API is calling: clearFilter()
11-05 13:21:21.686 20564 20564 D TextView: SYANI: Clipboard API is calling: unregisterClipboardEventListener()
11-05 13:21:21.687 20564 20564 D TextView: SYANI: Clipboard API is calling: clearFilter()
11-05 13:21:21.687 20564 20564 D TextView: SYANI: Clipboard API is calling: unregisterClipboardEventListener()
11-05 13:21:21.707 20564 20564 D ViewRootImpl@ae81aaf[DeliverActivity]: mHardwareRenderer.destroy()#4
11-05 13:21:21.707 20564 20564 D ViewRootImpl@ae81aaf[DeliverActivity]: dispatchDetachedFromWindow
11-05 13:21:21.716 20564 20564 D InputTransport: Input channel destroyed: fd=69
11-05 13:21:21.723 20564 20564 D TextView: SYANI: Clipboard API is calling: clearFilter()
11-05 13:21:21.723 20564 20564 D TextView: SYANI: Clipboard API is calling: unregisterClipboardEventListener()
11-05 13:21:21.727 20564 20564 D TextView: SYANI: Clipboard API is calling: clearFilter()
11-05 13:21:21.727 20564 20564 D TextView: SYANI: Clipboard API is calling: unregisterClipboardEventListener()
11-05 13:21:21.731 20564 20564 D TextView: SYANI: Clipboard API is calling: clearFilter()
11-05 13:21:21.731 20564 20564 D TextView: SYANI: Clipboard API is calling: unregisterClipboardEventListener()
11-05 13:21:21.735 20564 20564 D TextView: SYANI: Clipboard API is calling: clearFilter()
11-05 13:21:21.735 20564 20564 D TextView: SYANI: Clipboard API is calling: unregisterClipboardEventListener()
11-05 13:21:21.739 20564 20564 D TextView: SYANI: Clipboard API is calling: clearFilter()
11-05 13:21:21.739 20564 20564 D TextView: SYANI: Clipboard API is calling: unregisterClipboardEventListener()
11-05 13:21:21.745 20564 20564 D TextView: SYANI: Clipboard API is calling: clearFilter()
11-05 13:21:21.745 20564 20564 D TextView: SYANI: Clipboard API is calling: unregisterClipboardEventListener()
11-05 13:21:21.750 20564 20564 D TextView: SYANI: Clipboard API is calling: clearFilter()
11-05 13:21:21.750 20564 20564 D TextView: SYANI: Clipboard API is calling: unregisterClipboardEventListener()
11-05 13:21:21.754 20564 20564 D TextView: SYANI: Clipboard API is calling: clearFilter()
11-05 13:21:21.754 20564 20564 D TextView: SYANI: Clipboard API is calling: unregisterClipboardEventListener()
11-05 13:21:21.758 20564 20564 D TextView: SYANI: Clipboard API is calling: clearFilter()
11-05 13:21:21.758 20564 20564 D TextView: SYANI: Clipboard API is calling: unregisterClipboardEventListener()
11-05 13:21:21.762 20564 20564 D TextView: SYANI: Clipboard API is calling: clearFilter()
11-05 13:21:21.762 20564 20564 D TextView: SYANI: Clipboard API is calling: unregisterClipboardEventListener()
11-05 13:21:21.773 20564 20564 D ViewRootImpl@4e9319e[CorrectionActivity]: mHardwareRenderer.destroy()#4
11-05 13:21:21.773 20564 20564 D ViewRootImpl@4e9319e[CorrectionActivity]: dispatchDetachedFromWindow
11-05 13:21:21.781 20564 20564 D InputTransport: Input channel destroyed: fd=61
11-05 13:21:21.785 20564 20564 D ViewRootImpl@ac34b43[PdfArchiveActivity]: mHardwareRenderer.destroy()#4
11-05 13:21:21.785 20564 20564 D ViewRootImpl@ac34b43[PdfArchiveActivity]: dispatchDetachedFromWindow
11-05 13:21:21.793 20564 20564 D InputTransport: Input channel destroyed: fd=63
11-05 13:21:21.794 20564 20564 D LOCATION_SERVICE: onDestroy
11-05 13:21:22.460 20564 20564 D ViewRootImpl: updatePointerIcon pointerType = 20001, calling pid = 20564
11-05 13:21:22.460 20564 20564 D InputManager: setPointerIconType iconId = 20001, callingPid = 20564
11-05 13:21:22.462 20564 20564 D ViewRootImpl: updatePointerIcon pointerType = 20001, calling pid = 20564
11-05 13:21:22.462 20564 20564 D InputManager: setPointerIconType iconId = 20001, callingPid = 20564
11-05 13:21:24.263 20564 20564 D ViewRootImpl@b8a142[MainActivity]: ViewPostImeInputStage processPointer 0
11-05 13:21:24.266 20564 20564 D ViewRootImpl: updatePointerIcon pointerType = 20001, calling pid = 20564
11-05 13:21:24.267 20564 20564 D InputManager: setPointerIconType iconId = 20001, callingPid = 20564
11-05 13:21:24.333 20564 20564 D ViewRootImpl@b8a142[MainActivity]: ViewPostImeInputStage processPointer 1
11-05 13:21:24.340 20564 20564 D ViewRootImpl: updatePointerIcon pointerType = 20001, calling pid = 20564
11-05 13:21:24.340 20564 20564 D InputManager: setPointerIconType iconId = 20001, callingPid = 20564
11-05 13:21:24.341 20564 20564 D ViewRootImpl: updatePointerIcon pointerType = 20001, calling pid = 20564
11-05 13:21:24.341 20564 20564 D InputManager: setPointerIconType iconId = 20001, callingPid = 20564
11-05 13:21:24.352 20564 20564 D item_click: viewId = 2131820756, position = 14
11-05 13:21:24.399 20564 20564 D ViewRootImpl@b8a142[MainActivity]: MSG_WINDOW_FOCUS_CHANGED 0
11-05 13:21:24.511 20564 20564 D ViewRootImpl@1c965dc[DeliverActivity]: ThreadedRenderer.create() translucent=false
11-05 13:21:24.515 20564 20564 D InputTransport: Input channel constructed: fd=63
11-05 13:21:24.515 20564 20564 D ViewRootImpl@1c965dc[DeliverActivity]: setView = DecorView@3f196e5[DeliverActivity] touchMode=true
11-05 13:21:24.516 20564 20564 D LOCATION_SERVICE: LocationListener gps
11-05 13:21:24.517 20564 20564 D LOCATION_SERVICE: LocationListener network
11-05 13:21:24.519 20564 20564 D LOCATION_SERVICE: onCreate
11-05 13:21:24.519 20564 20564 D LOCATION_SERVICE: initializeLocationManager
11-05 13:21:24.526 20564 20564 D LOCATION_SERVICE: onStartCommand
11-05 13:21:24.549 20564 20564 D ViewRootImpl@1c965dc[DeliverActivity]: dispatchAttachedToWindow
11-05 13:21:24.575 20564 20564 D ViewRootImpl@1c965dc[DeliverActivity]: Relayout returned: oldFrame=[0,0][0,0] newFrame=[0,0][768,1024] result=0x27 surface={isValid=true -2012221440} surfaceGenerationChanged=true
11-05 13:21:24.575 20564 20564 D ViewRootImpl@1c965dc[DeliverActivity]: mHardwareRenderer.initialize() mSurface={isValid=true -2012221440} hwInitialized=true
11-05 13:21:24.606 20564 20564 D ViewRootImpl@1c965dc[DeliverActivity]: MSG_RESIZED_REPORT: frame=Rect(0, 0 - 768, 1024) ci=Rect(0, 24 - 0, 0) vi=Rect(0, 24 - 0, 0) or=1
11-05 13:21:24.607 20564 20564 D ViewRootImpl@1c965dc[DeliverActivity]: MSG_WINDOW_FOCUS_CHANGED 1
11-05 13:21:24.607 20564 20564 D ViewRootImpl@1c965dc[DeliverActivity]: mHardwareRenderer.initializeIfNeeded()#2 mSurface={isValid=true -2012221440}
11-05 13:21:24.608 20564 20564 V InputMethodManager: Starting input: tba=android.view.inputmethod.EditorInfo@118c212 nm : cz.gienger.mobile ic=null
11-05 13:21:24.608 20564 20564 I InputMethodManager: startInputInner - mService.startInputOrWindowGainedFocus
11-05 13:21:24.622 20564 20564 D InputTransport: Input channel constructed: fd=66
11-05 13:21:24.622 20564 20564 D InputTransport: Input channel destroyed: fd=68
11-05 13:21:24.663 20564 21637 D FILE_MANAGER: Copying file /data/user/0/cz.gienger.mobile/files/delivery/130AT1194304625/130AT1194304625.pdf to /storage/emulated/0/130AT1194304625.pdf
11-05 13:21:24.673 20564 20610 D OpenGLRenderer: endAllActiveAnimators on 0x85e41680 (RippleDrawable) with handle 0x85e2ef10
11-05 13:21:24.673 20564 20564 D ViewRootImpl@b8a142[MainActivity]: mHardwareRenderer.destroy()#1
11-05 13:21:24.685 20564 20564 D ViewRootImpl@b8a142[MainActivity]: Relayout returned: oldFrame=[0,0][768,1024] newFrame=[0,0][768,1024] result=0x5 surface={isValid=false 0} surfaceGenerationChanged=true
11-05 13:21:25.069 20564 20564 D ViewRootImpl@b8a142[MainActivity]: Relayout returned: oldFrame=[0,0][768,1024] newFrame=[0,0][768,1024] result=0x5 surface={isValid=false 0} surfaceGenerationChanged=false
11-05 13:21:25.165 20564 21637 D FILE_MANAGER: copy ok
11-05 13:21:25.463 20564 20564 D ViewRootImpl: updatePointerIcon pointerType = 20001, calling pid = 20564
11-05 13:21:25.465 20564 20564 D InputManager: setPointerIconType iconId = 20001, callingPid = 20564
11-05 13:21:25.467 20564 20564 D ViewRootImpl: updatePointerIcon pointerType = 20001, calling pid = 20564
11-05 13:21:25.467 20564 20564 D InputManager: setPointerIconType iconId = 20001, callingPid = 20564
11-05 13:21:25.649 20564 20564 D ViewRootImpl@1c965dc[DeliverActivity]: ViewPostImeInputStage processPointer 0
11-05 13:21:25.650 20564 20564 D ViewRootImpl: updatePointerIcon pointerType = 20001, calling pid = 20564
11-05 13:21:25.651 20564 20564 D InputManager: setPointerIconType iconId = 20001, callingPid = 20564
11-05 13:21:25.735 20564 20564 D ViewRootImpl@1c965dc[DeliverActivity]: ViewPostImeInputStage processPointer 1
11-05 13:21:25.743 20564 20564 D ViewRootImpl: updatePointerIcon pointerType = 20001, calling pid = 20564
11-05 13:21:25.743 20564 20564 D InputManager: setPointerIconType iconId = 20001, callingPid = 20564
11-05 13:21:25.744 20564 20564 D ViewRootImpl: updatePointerIcon pointerType = 20001, calling pid = 20564
11-05 13:21:25.744 20564 20564 D InputManager: setPointerIconType iconId = 20001, callingPid = 20564
11-05 13:21:26.962 20564 20564 D ViewRootImpl: updatePointerIcon pointerType = 20001, calling pid = 20564
11-05 13:21:26.965 20564 20564 D InputManager: setPointerIconType iconId = 20001, callingPid = 20564
11-05 13:21:27.094 20564 20564 D ViewRootImpl@1c965dc[DeliverActivity]: ViewPostImeInputStage processPointer 0
11-05 13:21:27.095 20564 20564 D ViewRootImpl: updatePointerIcon pointerType = 20001, calling pid = 20564
11-05 13:21:27.096 20564 20564 D InputManager: setPointerIconType iconId = 20001, callingPid = 20564
11-05 13:21:27.169 20564 20564 D ViewRootImpl@1c965dc[DeliverActivity]: ViewPostImeInputStage processPointer 1
11-05 13:21:27.177 20564 20564 D ViewRootImpl: updatePointerIcon pointerType = 20001, calling pid = 20564
11-05 13:21:27.178 20564 20564 D InputManager: setPointerIconType iconId = 20001, callingPid = 20564
11-05 13:21:27.178 20564 20564 D ViewRootImpl: updatePointerIcon pointerType = 20001, calling pid = 20564
11-05 13:21:27.179 20564 20564 D InputManager: setPointerIconType iconId = 20001, callingPid = 20564
11-05 13:21:27.206 20564 20564 D ScrollView: initGoToTop
11-05 13:21:27.254 20564 20564 D ScrollView: onsize change changed
11-05 13:21:27.554 20564 20564 D TextView: SYANI: Clipboard API is calling: clearFilter()
11-05 13:21:27.554 20564 20564 D TextView: SYANI: Clipboard API is calling: unregisterClipboardEventListener()
11-05 13:21:27.557 20564 20564 D TextView: SYANI: Clipboard API is calling: clearFilter()
11-05 13:21:27.557 20564 20564 D TextView: SYANI: Clipboard API is calling: unregisterClipboardEventListener()
11-05 13:21:27.560 20564 20564 D TextView: SYANI: Clipboard API is calling: clearFilter()
11-05 13:21:27.560 20564 20564 D TextView: SYANI: Clipboard API is calling: unregisterClipboardEventListener()
11-05 13:21:28.615 20564 20564 D ViewRootImpl: updatePointerIcon pointerType = 20001, calling pid = 20564
11-05 13:21:28.615 20564 20564 D InputManager: setPointerIconType iconId = 20001, callingPid = 20564
11-05 13:21:28.928 20564 20564 D ViewRootImpl@1c965dc[DeliverActivity]: ViewPostImeInputStage processPointer 0
11-05 13:21:28.929 20564 20564 D ViewRootImpl: updatePointerIcon pointerType = 20001, calling pid = 20564
11-05 13:21:28.929 20564 20564 D InputManager: setPointerIconType iconId = 20001, callingPid = 20564
11-05 13:21:28.991 20564 20564 D ViewRootImpl@1c965dc[DeliverActivity]: ViewPostImeInputStage processPointer 1
11-05 13:21:28.997 20564 20564 D ViewRootImpl: updatePointerIcon pointerType = 20001, calling pid = 20564
11-05 13:21:28.997 20564 20564 D InputManager: setPointerIconType iconId = 20001, callingPid = 20564
11-05 13:21:28.998 20564 20564 D ViewRootImpl: updatePointerIcon pointerType = 20001, calling pid = 20564
11-05 13:21:28.999 20564 20564 D InputManager: setPointerIconType iconId = 20001, callingPid = 20564
11-05 13:21:29.290 20564 20564 D ViewRootImpl: updatePointerIcon pointerType = 20002, calling pid = 20564
11-05 13:21:29.291 20564 20564 D InputManager: setPointerIconType iconId = 20002, callingPid = 20564
11-05 13:21:29.379 20564 20564 D ViewRootImpl: updatePointerIcon pointerType = 20001, calling pid = 20564
11-05 13:21:29.381 20564 20564 D InputManager: setPointerIconType iconId = 20001, callingPid = 20564
11-05 13:21:29.407 20564 20564 D ViewRootImpl: updatePointerIcon pointerType = 20002, calling pid = 20564
11-05 13:21:29.407 20564 20564 D InputManager: setPointerIconType iconId = 20002, callingPid = 20564
11-05 13:21:29.517 20564 20564 D ViewRootImpl: updatePointerIcon pointerType = 20001, calling pid = 20564
11-05 13:21:29.518 20564 20564 D InputManager: setPointerIconType iconId = 20001, callingPid = 20564
11-05 13:21:29.558 20564 20564 D ViewRootImpl: updatePointerIcon pointerType = 20002, calling pid = 20564
11-05 13:21:29.559 20564 20564 D InputManager: setPointerIconType iconId = 20002, callingPid = 20564
11-05 13:21:29.632 20564 20564 D ViewRootImpl: updatePointerIcon pointerType = 20001, calling pid = 20564
11-05 13:21:29.633 20564 20564 D InputManager: setPointerIconType iconId = 20001, callingPid = 20564
11-05 13:21:30.079 20564 20564 D ViewRootImpl: updatePointerIcon pointerType = 20002, calling pid = 20564
11-05 13:21:30.079 20564 20564 D InputManager: setPointerIconType iconId = 20002, callingPid = 20564
11-05 13:21:30.157 20564 20564 D ViewRootImpl@1c965dc[DeliverActivity]: ViewPostImeInputStage processPointer 0
11-05 13:21:30.159 20564 20564 D ViewRootImpl: updatePointerIcon pointerType = 20002, calling pid = 20564
11-05 13:21:30.160 20564 20564 D InputManager: setPointerIconType iconId = 20002, callingPid = 20564
11-05 13:21:30.208 20564 20564 D ViewRootImpl@1c965dc[DeliverActivity]: ViewPostImeInputStage processPointer 1
11-05 13:21:30.221 20564 20564 V InputMethodManager: Starting input: tba=android.view.inputmethod.EditorInfo@8ce9217 nm : cz.gienger.mobile ic=com.android.internal.widget.EditableInputConnection@5416604
11-05 13:21:30.221 20564 20564 I InputMethodManager: startInputInner - mService.startInputOrWindowGainedFocus
11-05 13:21:30.223 20564 20564 D InputTransport: Input channel constructed: fd=68
11-05 13:21:30.223 20564 20564 D InputTransport: Input channel destroyed: fd=66
11-05 13:21:30.223 20564 20564 D InputMethodManager: SSI - flag : 0 Pid : 20564 view : cz.gienger.mobile
11-05 13:21:30.235 20564 20564 D ViewRootImpl: updatePointerIcon pointerType = 20002, calling pid = 20564
11-05 13:21:30.235 20564 20564 D InputManager: setPointerIconType iconId = 20002, callingPid = 20564
11-05 13:21:30.236 20564 20564 D ViewRootImpl: updatePointerIcon pointerType = 20002, calling pid = 20564
11-05 13:21:30.237 20564 20564 D InputManager: setPointerIconType iconId = 20002, callingPid = 20564
11-05 13:21:30.589 20564 20564 D ViewRootImpl@1c965dc[DeliverActivity]: MSG_RESIZED: frame=Rect(0, 0 - 768, 1024) ci=Rect(0, 24 - 0, 359) vi=Rect(0, 24 - 0, 359) or=1
11-05 13:21:30.604 20564 20564 D ViewRootImpl@1c965dc[DeliverActivity]: Relayout returned: oldFrame=[0,0][768,1024] newFrame=[0,0][768,1024] result=0x1 surface={isValid=true -2012221440} surfaceGenerationChanged=false
11-05 13:21:30.607 20564 20564 D ScrollView: onsize change changed
11-05 13:21:31.711 20564 20564 D ViewRootImpl: updatePointerIcon pointerType = 20001, calling pid = 20564
11-05 13:21:31.712 20564 20564 D InputManager: setPointerIconType iconId = 20001, callingPid = 20564
11-05 13:21:31.880 20564 20564 D ViewRootImpl: updatePointerIcon pointerType = 20002, calling pid = 20564
11-05 13:21:31.881 20564 20564 D InputManager: setPointerIconType iconId = 20002, callingPid = 20564
11-05 13:21:31.964 20564 20564 D ViewRootImpl@1c965dc[DeliverActivity]: ViewPostImeInputStage processPointer 0
11-05 13:21:31.966 20564 20564 D ViewRootImpl: updatePointerIcon pointerType = 20002, calling pid = 20564
11-05 13:21:31.967 20564 20564 D InputManager: setPointerIconType iconId = 20002, callingPid = 20564
11-05 13:21:32.006 20564 20564 D ViewRootImpl@1c965dc[DeliverActivity]: ViewPostImeInputStage processPointer 1
11-05 13:21:32.025 20564 20564 V InputMethodManager: Starting input: tba=android.view.inputmethod.EditorInfo@11e0b88 nm : cz.gienger.mobile ic=com.android.internal.widget.EditableInputConnection@47e8921
11-05 13:21:32.025 20564 20564 I InputMethodManager: startInputInner - mService.startInputOrWindowGainedFocus
11-05 13:21:32.027 20564 20564 D InputTransport: Input channel constructed: fd=66
11-05 13:21:32.027 20564 20564 D InputTransport: Input channel destroyed: fd=68
11-05 13:21:32.028 20564 20564 D InputMethodManager: SSI - flag : 0 Pid : 20564 view : cz.gienger.mobile
11-05 13:21:32.036 20564 20564 D ViewRootImpl: updatePointerIcon pointerType = 20002, calling pid = 20564
11-05 13:21:32.037 20564 20564 D InputManager: setPointerIconType iconId = 20002, callingPid = 20564
11-05 13:21:32.038 20564 20564 D ViewRootImpl: updatePointerIcon pointerType = 20002, calling pid = 20564
11-05 13:21:32.039 20564 20564 D InputManager: setPointerIconType iconId = 20002, callingPid = 20564
11-05 13:21:32.046 20564 20564 W IInputConnectionWrapper: setComposingText on inactive InputConnection
11-05 13:21:32.046 20564 20564 W IInputConnectionWrapper: finishComposingText on inactive InputConnection
11-05 13:21:32.208 20564 20564 D ViewRootImpl: updatePointerIcon pointerType = 20001, calling pid = 20564
11-05 13:21:32.208 20564 20564 D InputManager: setPointerIconType iconId = 20001, callingPid = 20564
11-05 13:21:32.905 20564 20564 D ViewRootImpl: updatePointerIcon pointerType = 20001, calling pid = 20564
11-05 13:21:32.906 20564 20564 D InputManager: setPointerIconType iconId = 20001, callingPid = 20564
11-05 13:21:33.061 20564 20564 D ViewRootImpl: updatePointerIcon pointerType = 20002, calling pid = 20564
11-05 13:21:33.062 20564 20564 D InputManager: setPointerIconType iconId = 20002, callingPid = 20564
11-05 13:21:33.138 20564 20564 D ViewRootImpl@1c965dc[DeliverActivity]: ViewPostImeInputStage processPointer 0
11-05 13:21:33.140 20564 20564 D ViewRootImpl: updatePointerIcon pointerType = 20002, calling pid = 20564
11-05 13:21:33.140 20564 20564 D InputManager: setPointerIconType iconId = 20002, callingPid = 20564
11-05 13:21:33.173 20564 20564 D ViewRootImpl@1c965dc[DeliverActivity]: ViewPostImeInputStage processPointer 1
11-05 13:21:33.187 20564 20564 V InputMethodManager: Starting input: tba=android.view.inputmethod.EditorInfo@d99965d nm : cz.gienger.mobile ic=com.android.internal.widget.EditableInputConnection@f238bd2
11-05 13:21:33.188 20564 20564 I InputMethodManager: startInputInner - mService.startInputOrWindowGainedFocus
11-05 13:21:33.189 20564 20564 D InputTransport: Input channel constructed: fd=68
11-05 13:21:33.189 20564 20564 D InputTransport: Input channel destroyed: fd=66
11-05 13:21:33.189 20564 20564 D InputMethodManager: SSI - flag : 0 Pid : 20564 view : cz.gienger.mobile
11-05 13:21:33.200 20564 20564 D ViewRootImpl: updatePointerIcon pointerType = 20002, calling pid = 20564
11-05 13:21:33.201 20564 20564 D InputManager: setPointerIconType iconId = 20002, callingPid = 20564
11-05 13:21:33.202 20564 20564 D ViewRootImpl: updatePointerIcon pointerType = 20002, calling pid = 20564
11-05 13:21:33.203 20564 20564 D InputManager: setPointerIconType iconId = 20002, callingPid = 20564
11-05 13:21:33.212 20564 20564 W IInputConnectionWrapper: finishComposingText on inactive InputConnection
11-05 13:21:33.320 20564 20564 D ViewRootImpl: updatePointerIcon pointerType = 20001, calling pid = 20564
11-05 13:21:33.320 20564 20564 D InputManager: setPointerIconType iconId = 20001, callingPid = 20564
11-05 13:21:34.082 20564 20564 D ViewRootImpl: updatePointerIcon pointerType = 20001, calling pid = 20564
11-05 13:21:34.083 20564 20564 D InputManager: setPointerIconType iconId = 20001, callingPid = 20564
11-05 13:21:34.252 20564 20564 D ViewRootImpl: updatePointerIcon pointerType = 20001, calling pid = 20564
11-05 13:21:34.252 20564 20564 D InputManager: setPointerIconType iconId = 20001, callingPid = 20564
11-05 13:21:34.398 20564 20564 D ViewRootImpl@1c965dc[DeliverActivity]: ViewPostImeInputStage processPointer 0
11-05 13:21:34.402 20564 20564 D ViewRootImpl: updatePointerIcon pointerType = 20001, calling pid = 20564
11-05 13:21:34.406 20564 20564 D InputManager: setPointerIconType iconId = 20001, callingPid = 20564
11-05 13:21:34.469 20564 20564 D ViewRootImpl@1c965dc[DeliverActivity]: ViewPostImeInputStage processPointer 1
11-05 13:21:34.478 20564 20564 D ViewRootImpl: updatePointerIcon pointerType = 20001, calling pid = 20564
11-05 13:21:34.478 20564 20564 D InputManager: setPointerIconType iconId = 20001, callingPid = 20564
11-05 13:21:34.479 20564 20564 D ViewRootImpl: updatePointerIcon pointerType = 20001, calling pid = 20564
11-05 13:21:34.479 20564 20564 D InputManager: setPointerIconType iconId = 20001, callingPid = 20564
11-05 13:21:34.782 20564 20564 D ViewRootImpl@1c965dc[DeliverActivity]: ViewPostImeInputStage processPointer 0
11-05 13:21:34.783 20564 20564 D ViewRootImpl: updatePointerIcon pointerType = 20001, calling pid = 20564
11-05 13:21:34.785 20564 20564 D InputManager: setPointerIconType iconId = 20001, callingPid = 20564
11-05 13:21:34.845 20564 20564 D ViewRootImpl@1c965dc[DeliverActivity]: ViewPostImeInputStage processPointer 1
11-05 13:21:34.855 20564 20564 D ViewRootImpl: updatePointerIcon pointerType = 20001, calling pid = 20564
11-05 13:21:34.855 20564 20564 D InputManager: setPointerIconType iconId = 20001, callingPid = 20564
11-05 13:21:34.856 20564 20564 D ViewRootImpl: updatePointerIcon pointerType = 20001, calling pid = 20564
11-05 13:21:34.856 20564 20564 D InputManager: setPointerIconType iconId = 20001, callingPid = 20564
11-05 13:21:35.571 20564 20564 D ViewRootImpl@1c965dc[DeliverActivity]: ViewPostImeInputStage processPointer 0
11-05 13:21:35.572 20564 20564 D ViewRootImpl: updatePointerIcon pointerType = 20001, calling pid = 20564
11-05 13:21:35.572 20564 20564 D InputManager: setPointerIconType iconId = 20001, callingPid = 20564
11-05 13:21:35.613 20564 20564 D ViewRootImpl@1c965dc[DeliverActivity]: ViewPostImeInputStage processPointer 1
11-05 13:21:35.621 20564 20564 D ViewRootImpl: updatePointerIcon pointerType = 20001, calling pid = 20564
11-05 13:21:35.621 20564 20564 D InputManager: setPointerIconType iconId = 20001, callingPid = 20564
11-05 13:21:35.622 20564 20564 D ViewRootImpl: updatePointerIcon pointerType = 20001, calling pid = 20564
11-05 13:21:35.622 20564 20564 D InputManager: setPointerIconType iconId = 20001, callingPid = 20564
11-05 13:21:35.658 20564 20564 D ScrollView: initGoToTop
11-05 13:21:35.663 20564 20564 D ScrollView: initGoToTop
11-05 13:21:35.673 20564 20564 D ViewRootImpl@d031781[DeliverActivity]: ThreadedRenderer.create() translucent=true
11-05 13:21:35.682 20564 20564 D InputTransport: Input channel constructed: fd=66
11-05 13:21:35.682 20564 20564 D ViewRootImpl@d031781[DeliverActivity]: setView = DecorView@a408026[DeliverActivity] touchMode=true
11-05 13:21:35.691 20564 20564 D ViewRootImpl@d031781[DeliverActivity]: dispatchAttachedToWindow
11-05 13:21:35.735 20564 20564 D ViewRootImpl@d031781[DeliverActivity]: Relayout returned: oldFrame=[0,0][0,0] newFrame=[108,466][660,582] result=0x27 surface={isValid=true -2001870848} surfaceGenerationChanged=true
11-05 13:21:35.735 20564 20564 D ViewRootImpl@d031781[DeliverActivity]: mHardwareRenderer.initialize() mSurface={isValid=true -2001870848} hwInitialized=true
11-05 13:21:35.750 20564 20564 D ViewRootImpl@d031781[DeliverActivity]: MSG_WINDOW_FOCUS_CHANGED 1
11-05 13:21:35.751 20564 20564 D ViewRootImpl@d031781[DeliverActivity]: mHardwareRenderer.initializeIfNeeded()#2 mSurface={isValid=true -2001870848}
11-05 13:21:35.778 20564 20564 D ViewRootImpl@d031781[DeliverActivity]: MSG_RESIZED_REPORT: frame=Rect(108, 466 - 660, 582) ci=Rect(0, 0 - 0, 0) vi=Rect(0, 0 - 0, 0) or=1
11-05 13:21:35.797 20564 20564 D ViewRootImpl@1c965dc[DeliverActivity]: MSG_WINDOW_FOCUS_CHANGED 0
11-05 13:21:36.573 20564 20575 I art : Background partial concurrent mark sweep GC freed 245238(7MB) AllocSpace objects, 1(36KB) LOS objects, 46% free, 13MB/25MB, paused 1.198ms total 141.185ms
11-05 13:21:38.325 20564 20564 D ViewRootImpl@d031781[DeliverActivity]: mHardwareRenderer.destroy()#4
11-05 13:21:38.325 20564 20564 D ViewRootImpl@d031781[DeliverActivity]: dispatchDetachedFromWindow
11-05 13:21:38.338 20564 20564 D InputTransport: Input channel destroyed: fd=66
11-05 13:21:38.338 20564 20564 D SIGN_URI: file:///storage/emulated/0/130AT1194304625.pdf
11-05 13:21:38.381 20564 20564 D ViewRootImpl@1c965dc[DeliverActivity]: MSG_WINDOW_FOCUS_CHANGED 1
11-05 13:21:38.382 20564 20564 D ViewRootImpl@1c965dc[DeliverActivity]: mHardwareRenderer.initializeIfNeeded()#2 mSurface={isValid=true -2012221440}
11-05 13:21:38.391 20564 20564 E ViewRootImpl: sendUserActionEvent() returned.
11-05 13:21:38.391 20564 20564 D ViewRootImpl@1c965dc[DeliverActivity]: MSG_WINDOW_FOCUS_CHANGED 0
11-05 13:21:39.425 20564 20564 D LOCATION_SERVICE: onLocationChanged: Location[network 49,191148,17,534505 acc=20 et=+1d23h12m59s766ms alt=0.0 vel=0.0 bear=0.0 {Bundle[mParcelledData.dataSize=80]}]
11-05 13:21:40.267 20564 20564 D ViewRootImpl@1c965dc[DeliverActivity]: mHardwareRenderer.destroy()#1
11-05 13:21:40.280 20564 20564 D ViewRootImpl@1c965dc[DeliverActivity]: Relayout returned: oldFrame=[0,0][768,1024] newFrame=[0,0][768,1024] result=0x5 surface={isValid=false 0} surfaceGenerationChanged=true
11-05 13:21:40.284 20564 20564 D InputTransport: Input channel destroyed: fd=68
11-05 13:21:40.299 20564 20564 W IInputConnectionWrapper: finishComposingText on inactive InputConnection
11-05 13:21:40.299 20564 20564 W IInputConnectionWrapper: reportFullscreenMode on inexistent InputConnection
11-05 13:21:40.299 20564 20564 W IInputConnectionWrapper: finishComposingText on inactive InputConnection
11-05 13:22:25.594 20564 20564 D Graph : removeVertex() : insertDummyVertex, because there is no ancestor.
11-05 13:22:25.630 20564 20564 D ViewRootImpl@902312c[PdfArchiveActivity]: ThreadedRenderer.create() translucent=true
11-05 13:22:25.633 20564 20564 D InputTransport: Input channel constructed: fd=61
11-05 13:22:25.633 20564 20564 D ViewRootImpl@902312c[PdfArchiveActivity]: setView = DecorView@4f287f5[PdfArchiveActivity] touchMode=true
11-05 13:22:25.646 20564 20564 D ViewRootImpl@902312c[PdfArchiveActivity]: dispatchAttachedToWindow
11-05 13:22:25.673 20564 20564 D ViewRootImpl@902312c[PdfArchiveActivity]: Relayout returned: oldFrame=[0,0][0,0] newFrame=[241,456][527,568] result=0x27 surface={isValid=true -2049212416} surfaceGenerationChanged=true
11-05 13:22:25.674 20564 20564 D ViewRootImpl@902312c[PdfArchiveActivity]: mHardwareRenderer.initialize() mSurface={isValid=true -2049212416} hwInitialized=true
11-05 13:22:25.678 20564 20564 D ViewRootImpl@902312c[PdfArchiveActivity]: MSG_RESIZED_REPORT: frame=Rect(241, 456 - 527, 568) ci=Rect(0, 0 - 0, 0) vi=Rect(0, 0 - 0, 0) or=1
11-05 13:22:25.678 20564 20564 D ViewRootImpl@902312c[PdfArchiveActivity]: MSG_WINDOW_FOCUS_CHANGED 1
11-05 13:22:25.678 20564 20564 D ViewRootImpl@902312c[PdfArchiveActivity]: mHardwareRenderer.initializeIfNeeded()#2 mSurface={isValid=true -2049212416}
11-05 13:22:25.679 20564 20564 V InputMethodManager: Starting input: tba=android.view.inputmethod.EditorInfo@d2eb98a nm : cz.gienger.mobile ic=null
11-05 13:22:25.679 20564 20564 I InputMethodManager: startInputInner - mService.startInputOrWindowGainedFocus
11-05 13:22:25.682 20564 20564 D InputTransport: Input channel constructed: fd=66
11-05 13:22:26.753 20564 20564 D ViewRootImpl@902312c[PdfArchiveActivity]: mHardwareRenderer.destroy()#1
11-05 13:22:26.776 20564 20564 D ViewRootImpl@902312c[PdfArchiveActivity]: Relayout returned: oldFrame=[241,456][527,568] newFrame=[241,456][527,568] result=0x5 surface={isValid=false 0} surfaceGenerationChanged=true
11-05 13:22:26.776 20564 20564 D ViewRootImpl@902312c[PdfArchiveActivity]: MSG_WINDOW_FOCUS_CHANGED 0
11-05 13:22:26.794 20564 20564 D ViewRootImpl@1c965dc[DeliverActivity]: mHardwareRenderer.destroy()#1
11-05 13:22:26.813 20564 20564 D ViewRootImpl@1c965dc[DeliverActivity]: Relayout returned: oldFrame=[0,0][768,1024] newFrame=[0,0][768,1024] result=0x1 surface={isValid=false 0} surfaceGenerationChanged=false
11-05 13:22:26.857 20564 20564 D SIGNOSIGN_SIGNED: signed
11-05 13:22:26.859 20564 20564 D InputTransport: Input channel destroyed: fd=66
11-05 13:22:26.901 20564 21712 D MESSAGE_SERVICE: ACTION_COMPRESS_AND_UPLOAD
11-05 13:22:27.228 20564 20564 D ViewRootImpl@b8a142[MainActivity]: Relayout returned: oldFrame=[0,0][768,1024] newFrame=[0,0][768,1024] result=0x7 surface={isValid=true -2049210368} surfaceGenerationChanged=true
11-05 13:22:27.229 20564 20564 D ViewRootImpl@b8a142[MainActivity]: mHardwareRenderer.initialize() mSurface={isValid=true -2049210368} hwInitialized=true
11-05 13:22:27.302 20564 20564 D AbsListView: in onLayout changed
11-05 13:22:27.329 20564 20564 D ViewRootImpl@b8a142[MainActivity]: MSG_WINDOW_FOCUS_CHANGED 1
11-05 13:22:27.329 20564 20564 D ViewRootImpl@b8a142[MainActivity]: mHardwareRenderer.initializeIfNeeded()#2 mSurface={isValid=true -2049210368}
11-05 13:22:27.330 20564 20564 V InputMethodManager: Starting input: tba=android.view.inputmethod.EditorInfo@29e135a nm : cz.gienger.mobile ic=null
11-05 13:22:27.330 20564 20564 I InputMethodManager: startInputInner - mService.startInputOrWindowGainedFocus
11-05 13:22:27.355 20564 20564 D InputTransport: Input channel constructed: fd=68
11-05 13:22:27.409 20564 20564 D ViewRootImpl@1c965dc[DeliverActivity]: mHardwareRenderer.destroy()#1
11-05 13:22:27.422 20564 20564 D ViewRootImpl@1c965dc[DeliverActivity]: Relayout returned: oldFrame=[0,0][768,1024] newFrame=[0,0][768,1024] result=0x1 surface={isValid=false 0} surfaceGenerationChanged=false
11-05 13:22:27.683 20564 21712 D FILE_MANAGER: Serializing delivery /data/user/0/cz.gienger.mobile/files/finished/130AT1194304625/130AT1194304625.xml
11-05 13:22:27.683 20564 21712 D FILE_MANAGER: Null files:
11-05 13:22:27.940 20564 21712 D MYINTERCEPTOR: /GiengerService.svc/sendorder
11-05 13:22:27.941 20564 21712 D OkHttp : --> POST https://testsaig1.gienger.cz/GiengerService.svc/sendorder http/1.1
11-05 13:22:27.941 20564 21712 D OkHttp : Content-Type: text/raw
11-05 13:22:27.941 20564 21712 D OkHttp : Content-Length: 228330
11-05 13:22:27.941 20564 21712 D OkHttp : filename: 130AT1194304625.xml
11-05 13:22:27.941 20564 21712 D OkHttp : Checksum: c0d14fc778a8ec78d3f46e58cace87ab
11-05 13:22:27.941 20564 21712 D OkHttp : token: eabfd6ce5e545622f7ce8815de79e0a7
11-05 13:22:27.941 20564 21712 D OkHttp : --> END POST
11-05 13:22:28.546 20564 20564 D ViewRootImpl@b8a142[MainActivity]: ViewPostImeInputStage processPointer 0
11-05 13:22:28.570 20564 20564 D AbsListView: reportScrollStateChange() newState : 1
11-05 13:22:28.751 20564 20564 D TextView: SYANI: Clipboard API is calling: clearFilter()
11-05 13:22:28.751 20564 20564 D TextView: SYANI: Clipboard API is calling: unregisterClipboardEventListener()
11-05 13:22:28.752 20564 20564 D TextView: SYANI: Clipboard API is calling: clearFilter()
11-05 13:22:28.752 20564 20564 D TextView: SYANI: Clipboard API is calling: unregisterClipboardEventListener()
11-05 13:22:28.753 20564 20564 D TextView: SYANI: Clipboard API is calling: clearFilter()
11-05 13:22:28.753 20564 20564 D TextView: SYANI: Clipboard API is calling: unregisterClipboardEventListener()
11-05 13:22:28.777 20564 20564 D ViewRootImpl@1c965dc[DeliverActivity]: mHardwareRenderer.destroy()#4
11-05 13:22:28.777 20564 20564 D ViewRootImpl@1c965dc[DeliverActivity]: dispatchDetachedFromWindow
11-05 13:22:28.787 20564 20564 D InputTransport: Input channel destroyed: fd=63
11-05 13:22:28.792 20564 20564 D ViewRootImpl@902312c[PdfArchiveActivity]: mHardwareRenderer.destroy()#4
11-05 13:22:28.792 20564 20564 D ViewRootImpl@902312c[PdfArchiveActivity]: dispatchDetachedFromWindow
11-05 13:22:28.802 20564 20564 D InputTransport: Input channel destroyed: fd=61
11-05 13:22:28.806 20564 20564 D LOCATION_SERVICE: onDestroy
11-05 13:22:29.066 20564 20564 D ViewRootImpl@b8a142[MainActivity]: ViewPostImeInputStage processPointer 1
11-05 13:22:29.066 20564 20564 D AbsListView: onTouchUp() mTouchMode : 3
11-05 13:22:29.066 20564 20564 D AbsListView: onTouchUp() TOUCH_MODE_SCROLL initialVelocity : 665
11-05 13:22:29.066 20564 20564 D AbsListView: reportScrollStateChange() newState : 2
11-05 13:22:29.481 20564 21712 D OkHttp : <-- 200 https://testsaig1.gienger.cz/GiengerService.svc/sendorder (1539ms)
11-05 13:22:29.481 20564 21712 D OkHttp : content-type: application/xml; charset=utf-8
11-05 13:22:29.481 20564 21712 D OkHttp : server: Microsoft-IIS/10.0
11-05 13:22:29.481 20564 21712 D OkHttp : x-powered-by: ASP.NET
11-05 13:22:29.481 20564 21712 D OkHttp : date: Thu, 05 Nov 2020 12:22:28 GMT
11-05 13:22:29.482 20564 21712 D OkHttp : content-length: 175
11-05 13:22:29.482 20564 21712 D OkHttp : <-- END HTTP
11-05 13:22:29.487 20564 21712 D sendOrder_SUCCESS: 200
11-05 13:22:29.506 20564 20564 D AbsListView: reportScrollStateChange() newState : 0
11-05 13:22:29.757 20564 20564 D ViewRootImpl@b8a142[MainActivity]: ViewPostImeInputStage processPointer 0
11-05 13:22:29.759 20564 20564 D ViewRootImpl@b8a142[MainActivity]: ViewPostImeInputStage processPointer 1
11-05 13:22:29.840 20564 20564 D AbsListView: in onLayout changed
11-05 13:22:30.310 20564 20564 D ViewRootImpl@b8a142[MainActivity]: ViewPostImeInputStage processPointer 0
11-05 13:22:30.341 20564 20564 D AbsListView: reportScrollStateChange() newState : 1
11-05 13:22:30.498 20564 20564 D ViewRootImpl@b8a142[MainActivity]: ViewPostImeInputStage processPointer 1
11-05 13:22:30.498 20564 20564 D AbsListView: onTouchUp() mTouchMode : 3
11-05 13:22:30.498 20564 20564 D AbsListView: onTouchUp() TOUCH_MODE_SCROLL initialVelocity : 2637
11-05 13:22:30.499 20564 20564 D AbsListView: reportScrollStateChange() newState : 2
11-05 13:22:31.401 20564 20564 D ViewRootImpl: [ViewRootImpl] action cancel - 1, eccen:4.0
11-05 13:22:31.428 20564 20564 D ViewRootImpl: [ViewRootImpl] action cancel - 1, eccen:3.0
11-05 13:22:31.665 20564 20564 D AbsListView: reportScrollStateChange() newState : 0
11-05 13:22:31.847 20564 20564 D ViewRootImpl@b8a142[MainActivity]: ViewPostImeInputStage processPointer 1
11-05 13:22:32.083 20564 20564 D ViewRootImpl@b8a142[MainActivity]: ViewPostImeInputStage processPointer 0
11-05 13:22:32.112 20564 20564 D AbsListView: reportScrollStateChange() newState : 1
11-05 13:22:32.231 20564 20564 D ViewRootImpl@b8a142[MainActivity]: ViewPostImeInputStage processPointer 1
11-05 13:22:32.232 20564 20564 D AbsListView: onTouchUp() mTouchMode : 3
11-05 13:22:32.232 20564 20564 D AbsListView: onTouchUp() TOUCH_MODE_SCROLL initialVelocity : 504
11-05 13:22:32.232 20564 20564 D AbsListView: reportScrollStateChange() newState : 2
11-05 13:22:32.552 20564 20564 D ViewRootImpl@b8a142[MainActivity]: ViewPostImeInputStage processPointer 0
11-05 13:22:32.595 20564 20564 D AbsListView: reportScrollStateChange() newState : 0
11-05 13:22:32.595 20564 20564 D AbsListView: reportScrollStateChange() newState : 1
11-05 13:22:32.658 20564 20564 D ViewRootImpl@b8a142[MainActivity]: ViewPostImeInputStage processPointer 1
11-05 13:22:32.658 20564 20564 D AbsListView: onTouchUp() mTouchMode : 3
11-05 13:22:32.658 20564 20564 D AbsListView: onTouchUp() TOUCH_MODE_SCROLL initialVelocity : 2484
11-05 13:22:32.658 20564 20564 D AbsListView: reportScrollStateChange() newState : 2
11-05 13:22:33.765 20564 20564 D AbsListView: reportScrollStateChange() newState : 0
11-05 13:22:34.003 20564 20564 D ViewRootImpl@b8a142[MainActivity]: ViewPostImeInputStage processPointer 0
11-05 13:22:34.066 20564 20564 D AbsListView: reportScrollStateChange() newState : 1
11-05 13:22:34.216 20564 20564 D ViewRootImpl@b8a142[MainActivity]: ViewPostImeInputStage processPointer 1
11-05 13:22:34.216 20564 20564 D AbsListView: onTouchUp() mTouchMode : 3
11-05 13:22:34.216 20564 20564 D AbsListView: onTouchUp() TOUCH_MODE_SCROLL initialVelocity : 1811
11-05 13:22:34.216 20564 20564 D AbsListView: reportScrollStateChange() newState : 2
11-05 13:22:35.102 20564 20564 D AbsListView: reportScrollStateChange() newState : 0
11-05 13:22:35.453 20564 20564 D ViewRootImpl@b8a142[MainActivity]: ViewPostImeInputStage processPointer 0
11-05 13:22:35.470 20564 20564 D AbsListView: reportScrollStateChange() newState : 1
11-05 13:22:35.561 20564 20564 D ViewRootImpl@b8a142[MainActivity]: ViewPostImeInputStage processPointer 1
11-05 13:22:35.561 20564 20564 D AbsListView: onTouchUp() mTouchMode : 3
11-05 13:22:35.561 20564 20564 D AbsListView: onTouchUp() TOUCH_MODE_SCROLL initialVelocity : 6250
11-05 13:22:35.561 20564 20564 D AbsListView: reportScrollStateChange() newState : 0
11-05 13:22:36.632 20564 20564 D ViewRootImpl@b8a142[MainActivity]: ViewPostImeInputStage processPointer 0
11-05 13:22:36.711 20564 20564 D ViewRootImpl@b8a142[MainActivity]: ViewPostImeInputStage processPointer 1
11-05 13:22:36.729 20564 20564 D item_click: viewId = 2131820756, position = 0
11-05 13:22:36.772 20564 20564 D ViewRootImpl@b8a142[MainActivity]: MSG_WINDOW_FOCUS_CHANGED 0
11-05 13:22:36.902 20564 20564 D ViewRootImpl@6656b4e[DeliverActivity]: ThreadedRenderer.create() translucent=false
11-05 13:22:36.906 20564 20564 D InputTransport: Input channel constructed: fd=63
11-05 13:22:36.906 20564 20564 D ViewRootImpl@6656b4e[DeliverActivity]: setView = DecorView@c34a46f[DeliverActivity] touchMode=true
11-05 13:22:36.907 20564 20564 D LOCATION_SERVICE: LocationListener gps
11-05 13:22:36.908 20564 20564 D LOCATION_SERVICE: LocationListener network
11-05 13:22:36.909 20564 20564 D LOCATION_SERVICE: onCreate
11-05 13:22:36.909 20564 20564 D LOCATION_SERVICE: initializeLocationManager
11-05 13:22:36.916 20564 20564 D LOCATION_SERVICE: onStartCommand
11-05 13:22:36.933 20564 20564 D ViewRootImpl@6656b4e[DeliverActivity]: dispatchAttachedToWindow
11-05 13:22:36.973 20564 20564 D ViewRootImpl@6656b4e[DeliverActivity]: Relayout returned: oldFrame=[0,0][0,0] newFrame=[0,0][768,1024] result=0x27 surface={isValid=true -2042206208} surfaceGenerationChanged=true
11-05 13:22:36.974 20564 20564 D ViewRootImpl@6656b4e[DeliverActivity]: mHardwareRenderer.initialize() mSurface={isValid=true -2042206208} hwInitialized=true
11-05 13:22:37.009 20564 20564 D ViewRootImpl@6656b4e[DeliverActivity]: MSG_RESIZED_REPORT: frame=Rect(0, 0 - 768, 1024) ci=Rect(0, 24 - 0, 0) vi=Rect(0, 24 - 0, 0) or=1
11-05 13:22:37.009 20564 20564 D ViewRootImpl@6656b4e[DeliverActivity]: MSG_WINDOW_FOCUS_CHANGED 1
11-05 13:22:37.009 20564 20564 D ViewRootImpl@6656b4e[DeliverActivity]: mHardwareRenderer.initializeIfNeeded()#2 mSurface={isValid=true -2042206208}
11-05 13:22:37.010 20564 20564 V InputMethodManager: Starting input: tba=android.view.inputmethod.EditorInfo@90f8814 nm : cz.gienger.mobile ic=null
11-05 13:22:37.010 20564 20564 I InputMethodManager: startInputInner - mService.startInputOrWindowGainedFocus
11-05 13:22:37.024 20564 20564 D InputTransport: Input channel constructed: fd=66
11-05 13:22:37.024 20564 20564 D InputTransport: Input channel destroyed: fd=68
11-05 13:22:37.048 20564 21720 D FILE_MANAGER: Copying file /data/user/0/cz.gienger.mobile/files/delivery/130AT1190319555/130AT1190319555.pdf to /storage/emulated/0/130AT1190319555.pdf
11-05 13:22:37.066 20564 20610 D OpenGLRenderer: endAllActiveAnimators on 0x88a96600 (RippleDrawable) with handle 0x8636cc20
11-05 13:22:37.066 20564 20564 D ViewRootImpl@b8a142[MainActivity]: mHardwareRenderer.destroy()#1
11-05 13:22:37.073 20564 20564 D ViewRootImpl@b8a142[MainActivity]: Relayout returned: oldFrame=[0,0][768,1024] newFrame=[0,0][768,1024] result=0x5 surface={isValid=false 0} surfaceGenerationChanged=true
11-05 13:22:37.480 20564 20564 D ViewRootImpl@b8a142[MainActivity]: Relayout returned: oldFrame=[0,0][768,1024] newFrame=[0,0][768,1024] result=0x5 surface={isValid=false 0} surfaceGenerationChanged=false
11-05 13:22:37.500 20564 20564 D LOCATION_SERVICE: onLocationChanged: Location[network 49,191163,17,534438 acc=21 et=+1d23h13m57s842ms alt=0.0 vel=0.0 bear=0.0 {Bundle[mParcelledData.dataSize=80]}]
11-05 13:22:37.550 20564 21720 D FILE_MANAGER: copy ok
11-05 13:22:38.093 20564 20564 D ViewRootImpl@6656b4e[DeliverActivity]: ViewPostImeInputStage processPointer 0
11-05 13:22:38.172 20564 20564 D ViewRootImpl@6656b4e[DeliverActivity]: ViewPostImeInputStage processPointer 1
11-05 13:22:42.115 20564 20564 D ViewRootImpl: updatePointerIcon pointerType = 20002, calling pid = 20564
11-05 13:22:42.115 20564 20564 D InputManager: setPointerIconType iconId = 20002, callingPid = 20564
11-05 13:22:42.118 20564 20564 D ViewRootImpl: updatePointerIcon pointerType = 20002, calling pid = 20564
11-05 13:22:42.118 20564 20564 D InputManager: setPointerIconType iconId = 20002, callingPid = 20564
11-05 13:22:42.390 20564 20564 D ViewRootImpl: updatePointerIcon pointerType = 20001, calling pid = 20564
11-05 13:22:42.390 20564 20564 D InputManager: setPointerIconType iconId = 20001, callingPid = 20564
11-05 13:22:42.429 20564 20564 D ViewRootImpl: updatePointerIcon pointerType = 20002, calling pid = 20564
11-05 13:22:42.430 20564 20564 D InputManager: setPointerIconType iconId = 20002, callingPid = 20564
11-05 13:22:42.980 20564 20564 D ViewRootImpl: updatePointerIcon pointerType = 20001, calling pid = 20564
11-05 13:22:42.981 20564 20564 D InputManager: setPointerIconType iconId = 20001, callingPid = 20564
11-05 13:22:43.073 20564 20564 D ViewRootImpl@6656b4e[DeliverActivity]: ViewPostImeInputStage processPointer 0
11-05 13:22:43.075 20564 20564 D ViewRootImpl: updatePointerIcon pointerType = 20001, calling pid = 20564
11-05 13:22:43.075 20564 20564 D InputManager: setPointerIconType iconId = 20001, callingPid = 20564
11-05 13:22:43.146 20564 20564 D ViewRootImpl@6656b4e[DeliverActivity]: ViewPostImeInputStage processPointer 1
11-05 13:22:43.151 20564 20564 D ViewRootImpl: updatePointerIcon pointerType = 20001, calling pid = 20564
11-05 13:22:43.152 20564 20564 D InputManager: setPointerIconType iconId = 20001, callingPid = 20564
11-05 13:22:43.155 20564 20564 D ViewRootImpl: updatePointerIcon pointerType = 20001, calling pid = 20564
11-05 13:22:43.155 20564 20564 D InputManager: setPointerIconType iconId = 20001, callingPid = 20564
11-05 13:22:43.173 20564 20564 D ScrollView: initGoToTop
11-05 13:22:43.218 20564 20564 D ScrollView: onsize change changed
11-05 13:22:43.523 20564 20564 D TextView: SYANI: Clipboard API is calling: clearFilter()
11-05 13:22:43.523 20564 20564 D TextView: SYANI: Clipboard API is calling: unregisterClipboardEventListener()
11-05 13:22:43.526 20564 20564 D TextView: SYANI: Clipboard API is calling: clearFilter()
11-05 13:22:43.526 20564 20564 D TextView: SYANI: Clipboard API is calling: unregisterClipboardEventListener()
11-05 13:22:43.529 20564 20564 D TextView: SYANI: Clipboard API is calling: clearFilter()
11-05 13:22:43.530 20564 20564 D TextView: SYANI: Clipboard API is calling: unregisterClipboardEventListener()
11-05 13:22:44.117 20564 20564 D ViewRootImpl: updatePointerIcon pointerType = 20001, calling pid = 20564
11-05 13:22:44.117 20564 20564 D InputManager: setPointerIconType iconId = 20001, callingPid = 20564
11-05 13:22:44.164 20564 20564 D ViewRootImpl: updatePointerIcon pointerType = 20002, calling pid = 20564
11-05 13:22:44.165 20564 20564 D InputManager: setPointerIconType iconId = 20002, callingPid = 20564
11-05 13:22:44.209 20564 20564 D ViewRootImpl: updatePointerIcon pointerType = 20001, calling pid = 20564
11-05 13:22:44.209 20564 20564 D InputManager: setPointerIconType iconId = 20001, callingPid = 20564
11-05 13:22:44.232 20564 20564 D ViewRootImpl: updatePointerIcon pointerType = 20002, calling pid = 20564
11-05 13:22:44.233 20564 20564 D InputManager: setPointerIconType iconId = 20002, callingPid = 20564
11-05 13:22:44.311 20564 20564 D ViewRootImpl: updatePointerIcon pointerType = 20001, calling pid = 20564
11-05 13:22:44.312 20564 20564 D InputManager: setPointerIconType iconId = 20001, callingPid = 20564
11-05 13:22:44.351 20564 20564 D ViewRootImpl: updatePointerIcon pointerType = 20002, calling pid = 20564
11-05 13:22:44.352 20564 20564 D InputManager: setPointerIconType iconId = 20002, callingPid = 20564
11-05 13:22:45.178 20564 20564 D ViewRootImpl: updatePointerIcon pointerType = 20001, calling pid = 20564
11-05 13:22:45.180 20564 20564 D InputManager: setPointerIconType iconId = 20001, callingPid = 20564
11-05 13:22:45.470 20564 20564 D ViewRootImpl@6656b4e[DeliverActivity]: ViewPostImeInputStage processPointer 0
11-05 13:22:45.471 20564 20564 D ViewRootImpl: updatePointerIcon pointerType = 20001, calling pid = 20564
11-05 13:22:45.472 20564 20564 D InputManager: setPointerIconType iconId = 20001, callingPid = 20564
11-05 13:22:45.503 20564 20564 D ViewRootImpl@6656b4e[DeliverActivity]: ViewPostImeInputStage processPointer 1
11-05 13:22:45.511 20564 20564 D ViewRootImpl: updatePointerIcon pointerType = 20001, calling pid = 20564
11-05 13:22:45.511 20564 20564 D InputManager: setPointerIconType iconId = 20001, callingPid = 20564
11-05 13:22:45.512 20564 20564 D ViewRootImpl: updatePointerIcon pointerType = 20001, calling pid = 20564
11-05 13:22:45.512 20564 20564 D InputManager: setPointerIconType iconId = 20001, callingPid = 20564
11-05 13:22:45.752 20564 20564 D ViewRootImpl: updatePointerIcon pointerType = 20002, calling pid = 20564
11-05 13:22:45.753 20564 20564 D InputManager: setPointerIconType iconId = 20002, callingPid = 20564
11-05 13:22:45.870 20564 20564 D ViewRootImpl@6656b4e[DeliverActivity]: ViewPostImeInputStage processPointer 0
11-05 13:22:45.871 20564 20564 D ViewRootImpl: updatePointerIcon pointerType = 20002, calling pid = 20564
11-05 13:22:45.872 20564 20564 D InputManager: setPointerIconType iconId = 20002, callingPid = 20564
11-05 13:22:45.936 20564 20564 D ViewRootImpl@6656b4e[DeliverActivity]: ViewPostImeInputStage processPointer 1
11-05 13:22:45.951 20564 20564 V InputMethodManager: Starting input: tba=android.view.inputmethod.EditorInfo@fa8115b nm : cz.gienger.mobile ic=com.android.internal.widget.EditableInputConnection@73b4df8
11-05 13:22:45.952 20564 20564 I InputMethodManager: startInputInner - mService.startInputOrWindowGainedFocus
11-05 13:22:45.954 20564 20564 D InputTransport: Input channel constructed: fd=70
11-05 13:22:45.954 20564 20564 D InputTransport: Input channel destroyed: fd=66
11-05 13:22:45.954 20564 20564 D InputMethodManager: SSI - flag : 0 Pid : 20564 view : cz.gienger.mobile
11-05 13:22:45.967 20564 20564 D ViewRootImpl: updatePointerIcon pointerType = 20002, calling pid = 20564
11-05 13:22:45.968 20564 20564 D InputManager: setPointerIconType iconId = 20002, callingPid = 20564
11-05 13:22:45.969 20564 20564 D ViewRootImpl: updatePointerIcon pointerType = 20002, calling pid = 20564
11-05 13:22:45.970 20564 20564 D InputManager: setPointerIconType iconId = 20002, callingPid = 20564
11-05 13:22:46.299 20564 20564 D ViewRootImpl@6656b4e[DeliverActivity]: MSG_RESIZED: frame=Rect(0, 0 - 768, 1024) ci=Rect(0, 24 - 0, 359) vi=Rect(0, 24 - 0, 359) or=1
11-05 13:22:46.331 20564 20564 D ViewRootImpl@6656b4e[DeliverActivity]: Relayout returned: oldFrame=[0,0][768,1024] newFrame=[0,0][768,1024] result=0x1 surface={isValid=true -2042206208} surfaceGenerationChanged=false
11-05 13:22:46.336 20564 20564 D ScrollView: onsize change changed
11-05 13:22:47.351 20564 20564 D ViewRootImpl@6656b4e[DeliverActivity]: ViewPostImeInputStage processPointer 0
11-05 13:22:47.412 20564 20564 D ViewRootImpl@6656b4e[DeliverActivity]: ViewPostImeInputStage processPointer 1
11-05 13:22:47.424 20564 20564 V InputMethodManager: Starting input: tba=android.view.inputmethod.EditorInfo@558410e nm : cz.gienger.mobile ic=com.android.internal.widget.EditableInputConnection@93a272f
11-05 13:22:47.424 20564 20564 I InputMethodManager: startInputInner - mService.startInputOrWindowGainedFocus
11-05 13:22:47.426 20564 20564 D InputTransport: Input channel constructed: fd=66
11-05 13:22:47.426 20564 20564 D InputTransport: Input channel destroyed: fd=70
11-05 13:22:47.426 20564 20564 D InputMethodManager: SSI - flag : 0 Pid : 20564 view : cz.gienger.mobile
11-05 13:22:47.432 20564 20564 W IInputConnectionWrapper: finishComposingText on inactive InputConnection
11-05 13:22:49.189 20564 20564 D ViewRootImpl@6656b4e[DeliverActivity]: ViewPostImeInputStage processPointer 0
11-05 13:22:49.250 20564 20564 D ViewRootImpl@6656b4e[DeliverActivity]: ViewPostImeInputStage processPointer 1
