11-03 16:29:26.735 20564 20564 D ViewRootImpl@4af81fb[PdfArchiveActivity]: updatePointerIcon called with position out of bounds
11-03 16:29:26.750 20564 20564 D ViewRootImpl@4af81fb[PdfArchiveActivity]: updatePointerIcon called with position out of bounds
11-03 16:29:26.760 20564 20564 D ViewRootImpl@4af81fb[PdfArchiveActivity]: updatePointerIcon called with position out of bounds
11-03 16:29:27.769 20564 20564 D ViewRootImpl@4af81fb[PdfArchiveActivity]: mHardwareRenderer.destroy()#1
11-03 16:29:27.775 20564 20564 D ViewRootImpl@4af81fb[PdfArchiveActivity]: Relayout returned: oldFrame=[241,456][527,568] newFrame=[241,456][527,568] result=0x5 surface={isValid=false 0} surfaceGenerationChanged=true
11-03 16:29:27.775 20564 20564 D ViewRootImpl@4af81fb[PdfArchiveActivity]: MSG_WINDOW_FOCUS_CHANGED 0
11-03 16:29:27.781 20564 20564 D ViewRootImpl@48ec044[DeliverActivity]: mHardwareRenderer.destroy()#1
11-03 16:29:27.792 20564 20564 D ViewRootImpl@48ec044[DeliverActivity]: Relayout returned: oldFrame=[0,0][768,1024] newFrame=[0,0][768,1024] result=0x1 surface={isValid=false 0} surfaceGenerationChanged=false
11-03 16:29:27.834 20564 20564 D SIGNOSIGN_SIGNED: signed
11-03 16:29:27.836 20564 20564 D InputTransport: Input channel destroyed: fd=64
11-03 16:29:27.872 20564 23471 D MESSAGE_SERVICE: ACTION_COMPRESS_AND_UPLOAD
11-03 16:29:28.200 20564 20564 D ViewRootImpl@b8a142[MainActivity]: Relayout returned: oldFrame=[0,0][768,1024] newFrame=[0,0][768,1024] result=0x7 surface={isValid=true -2015135744} surfaceGenerationChanged=true
11-03 16:29:28.200 20564 20564 D ViewRootImpl@b8a142[MainActivity]: mHardwareRenderer.initialize() mSurface={isValid=true -2015135744} hwInitialized=true
11-03 16:29:28.272 20564 20564 D AbsListView: in onLayout changed
11-03 16:29:28.296 20564 20564 D ViewRootImpl@b8a142[MainActivity]: MSG_WINDOW_FOCUS_CHANGED 1
11-03 16:29:28.296 20564 20564 D ViewRootImpl@b8a142[MainActivity]: mHardwareRenderer.initializeIfNeeded()#2 mSurface={isValid=true -2015135744}
11-03 16:29:28.298 20564 20564 V InputMethodManager: Starting input: tba=android.view.inputmethod.EditorInfo@5520926 nm : cz.gienger.mobile ic=null
11-03 16:29:28.298 20564 20564 I InputMethodManager: startInputInner - mService.startInputOrWindowGainedFocus
11-03 16:29:28.324 20564 20564 D InputTransport: Input channel constructed: fd=68
11-03 16:29:28.368 20564 20564 D ViewRootImpl@48ec044[DeliverActivity]: mHardwareRenderer.destroy()#1
11-03 16:29:28.377 20564 20564 D ViewRootImpl@48ec044[DeliverActivity]: Relayout returned: oldFrame=[0,0][768,1024] newFrame=[0,0][768,1024] result=0x1 surface={isValid=false 0} surfaceGenerationChanged=false
11-03 16:29:28.646 20564 23471 D FILE_MANAGER: Serializing delivery /data/user/0/cz.gienger.mobile/files/finished/130AT1190319651/130AT1190319651.xml
11-03 16:29:28.647 20564 23471 D FILE_MANAGER: Null files:
11-03 16:29:28.969 20564 23471 D MYINTERCEPTOR: /GiengerService.svc/sendorder
11-03 16:29:28.970 20564 23471 D OkHttp : --> POST https://testsaig1.gienger.cz/GiengerService.svc/sendorder http/1.1
11-03 16:29:28.970 20564 23471 D OkHttp : Content-Type: text/raw
11-03 16:29:28.970 20564 23471 D OkHttp : Content-Length: 217099
11-03 16:29:28.971 20564 23471 D OkHttp : filename: 130AT1190319651.xml
11-03 16:29:28.971 20564 23471 D OkHttp : Checksum: 0696597662a7e897705a57879b634480
11-03 16:29:28.971 20564 23471 D OkHttp : token: b2472d59e0b242dcf9e87202a8654173
11-03 16:29:28.971 20564 23471 D OkHttp : --> END POST
11-03 16:29:30.329 20564 23471 D OkHttp : <-- 200 https://testsaig1.gienger.cz/GiengerService.svc/sendorder (1357ms)
11-03 16:29:30.330 20564 23471 D OkHttp : content-type: application/xml; charset=utf-8
11-03 16:29:30.330 20564 23471 D OkHttp : server: Microsoft-IIS/10.0
11-03 16:29:30.330 20564 23471 D OkHttp : x-powered-by: ASP.NET
11-03 16:29:30.330 20564 23471 D OkHttp : date: Tue, 03 Nov 2020 15:29:29 GMT
11-03 16:29:30.330 20564 23471 D OkHttp : content-length: 175
11-03 16:29:30.330 20564 23471 D OkHttp : <-- END HTTP
11-03 16:29:30.337 20564 23471 D sendOrder_SUCCESS: 200
11-03 16:29:30.712 20564 20564 D AbsListView: in onLayout changed
11-03 16:29:30.742 20564 20564 D TextView: SYANI: Clipboard API is calling: clearFilter()
11-03 16:29:30.742 20564 20564 D TextView: SYANI: Clipboard API is calling: unregisterClipboardEventListener()
11-03 16:29:30.744 20564 20564 D TextView: SYANI: Clipboard API is calling: clearFilter()
11-03 16:29:30.744 20564 20564 D TextView: SYANI: Clipboard API is calling: unregisterClipboardEventListener()
11-03 16:29:30.745 20564 20564 D TextView: SYANI: Clipboard API is calling: clearFilter()
11-03 16:29:30.745 20564 20564 D TextView: SYANI: Clipboard API is calling: unregisterClipboardEventListener()
11-03 16:29:30.782 20564 20564 D ViewRootImpl@48ec044[DeliverActivity]: mHardwareRenderer.destroy()#4
11-03 16:29:30.782 20564 20564 D ViewRootImpl@48ec044[DeliverActivity]: dispatchDetachedFromWindow
11-03 16:29:30.794 20564 20564 D InputTransport: Input channel destroyed: fd=61
11-03 16:29:30.801 20564 20564 D ViewRootImpl@4af81fb[PdfArchiveActivity]: mHardwareRenderer.destroy()#4
11-03 16:29:30.801 20564 20564 D ViewRootImpl@4af81fb[PdfArchiveActivity]: dispatchDetachedFromWindow
11-03 16:29:30.809 20564 20564 D InputTransport: Input channel destroyed: fd=63
11-03 16:29:30.810 20564 20564 D LOCATION_SERVICE: onDestroy
11-03 16:29:31.591 20564 20564 D ViewRootImpl@b8a142[MainActivity]: ViewPostImeInputStage processPointer 0
11-03 16:29:31.612 20564 20564 D AbsListView: reportScrollStateChange() newState : 1
11-03 16:29:31.771 20564 20564 D ViewRootImpl@b8a142[MainActivity]: ViewPostImeInputStage processPointer 1
11-03 16:29:31.772 20564 20564 D AbsListView: onTouchUp() mTouchMode : 3
11-03 16:29:31.772 20564 20564 D AbsListView: onTouchUp() TOUCH_MODE_SCROLL initialVelocity : 201
11-03 16:29:31.772 20564 20564 D AbsListView: reportScrollStateChange() newState : 2
11-03 16:29:31.963 20564 20564 D AbsListView: reportScrollStateChange() newState : 0
11-03 16:29:32.450 20564 20564 D ViewRootImpl@b8a142[MainActivity]: MSG_WINDOW_FOCUS_CHANGED 0
11-03 16:29:32.558 20564 20564 D ViewRootImpl@b8a142[MainActivity]: mHardwareRenderer.destroy()#1
11-03 16:29:32.570 20564 20564 D ViewRootImpl@b8a142[MainActivity]: Relayout returned: oldFrame=[0,0][768,1024] newFrame=[0,0][768,1024] result=0x5 surface={isValid=false 0} surfaceGenerationChanged=true
11-03 16:29:32.570 20564 20564 D InputTransport: Input channel destroyed: fd=68
11-03 16:29:32.581 20564 20564 D ViewRootImpl@b8a142[MainActivity]: mHardwareRenderer.destroy()#1
11-03 16:29:32.593 20564 20564 D ViewRootImpl@b8a142[MainActivity]: Relayout returned: oldFrame=[0,0][768,1024] newFrame=[0,0][768,1024] result=0x1 surface={isValid=false 0} surfaceGenerationChanged=false
11-03 16:29:38.834 20564 20564 D ViewRootImpl@b8a142[MainActivity]: mHardwareRenderer.destroy()#1
11-03 16:29:38.850 20564 20564 D ViewRootImpl@b8a142[MainActivity]: Relayout returned: oldFrame=[0,0][768,1024] newFrame=[0,0][768,1024] result=0x1 surface={isValid=false 0} surfaceGenerationChanged=false
11-03 16:29:39.173 20564 20564 D ViewRootImpl@b8a142[MainActivity]: Relayout returned: oldFrame=[0,0][768,1024] newFrame=[0,0][768,1024] result=0x3 surface={isValid=true -2049277952} surfaceGenerationChanged=true
11-03 16:29:39.173 20564 20564 D ViewRootImpl@b8a142[MainActivity]: mHardwareRenderer.initialize() mSurface={isValid=true -2049277952} hwInitialized=true
11-03 16:29:39.254 20564 20564 D AbsListView: in onLayout changed
11-03 16:29:39.277 20564 20564 D ViewRootImpl@b8a142[MainActivity]: MSG_WINDOW_FOCUS_CHANGED 1
11-03 16:29:39.278 20564 20564 D ViewRootImpl@b8a142[MainActivity]: mHardwareRenderer.initializeIfNeeded()#2 mSurface={isValid=true -2049277952}
11-03 16:29:39.280 20564 20564 V InputMethodManager: Starting input: tba=android.view.inputmethod.EditorInfo@46f9426 nm : cz.gienger.mobile ic=null
11-03 16:29:39.280 20564 20564 I InputMethodManager: startInputInner - mService.startInputOrWindowGainedFocus
11-03 16:29:39.287 20564 20564 D InputTransport: Input channel constructed: fd=61
11-03 16:29:39.833 20564 20564 D ViewRootImpl@b8a142[MainActivity]: ViewPostImeInputStage processPointer 0
11-03 16:29:39.897 20564 20564 D AbsListView: reportScrollStateChange() newState : 1
11-03 16:29:40.516 20564 20564 D ViewRootImpl@b8a142[MainActivity]: ViewPostImeInputStage processPointer 1
11-03 16:29:40.516 20564 20564 D AbsListView: onTouchUp() mTouchMode : 3
11-03 16:29:40.516 20564 20564 D AbsListView: onTouchUp() TOUCH_MODE_SCROLL initialVelocity : 34
11-03 16:29:40.516 20564 20564 D AbsListView: reportScrollStateChange() newState : 0
11-03 16:29:41.863 20564 20564 D ViewRootImpl@b8a142[MainActivity]: ViewPostImeInputStage processPointer 0
11-03 16:29:41.924 20564 20564 D ViewRootImpl@b8a142[MainActivity]: ViewPostImeInputStage processPointer 1
11-03 16:29:41.942 20564 20564 D item_click: viewId = 2131820757, position = 3
11-03 16:29:41.982 20564 20564 D ViewRootImpl@b8a142[MainActivity]: MSG_WINDOW_FOCUS_CHANGED 0
11-03 16:29:42.012 20564 20564 D Graph : removeVertex() : insertDummyVertex, because there is no ancestor.
11-03 16:29:42.066 20564 20564 D ViewRootImpl@8546c4f[ItemsViewActivity]: ThreadedRenderer.create() translucent=false
11-03 16:29:42.069 20564 20564 D InputTransport: Input channel constructed: fd=73
11-03 16:29:42.069 20564 20564 D ViewRootImpl@8546c4f[ItemsViewActivity]: setView = DecorView@90c5fdc[ItemsViewActivity] touchMode=true
11-03 16:29:42.072 20564 20564 D ViewRootImpl@8546c4f[ItemsViewActivity]: dispatchAttachedToWindow
11-03 16:29:42.110 20564 20564 D ViewRootImpl@8546c4f[ItemsViewActivity]: Relayout returned: oldFrame=[0,0][0,0] newFrame=[0,0][768,1024] result=0x27 surface={isValid=true -2046052352} surfaceGenerationChanged=true
11-03 16:29:42.110 20564 20564 D ViewRootImpl@8546c4f[ItemsViewActivity]: mHardwareRenderer.initialize() mSurface={isValid=true -2046052352} hwInitialized=true
11-03 16:29:42.120 20564 20564 D AbsListView: in onLayout changed
11-03 16:29:42.147 20564 20564 D ViewRootImpl@8546c4f[ItemsViewActivity]: MSG_RESIZED_REPORT: frame=Rect(0, 0 - 768, 1024) ci=Rect(0, 24 - 0, 0) vi=Rect(0, 24 - 0, 0) or=1
11-03 16:29:42.148 20564 20564 D ViewRootImpl@8546c4f[ItemsViewActivity]: MSG_WINDOW_FOCUS_CHANGED 1
11-03 16:29:42.148 20564 20564 D ViewRootImpl@8546c4f[ItemsViewActivity]: mHardwareRenderer.initializeIfNeeded()#2 mSurface={isValid=true -2046052352}
11-03 16:29:42.149 20564 20564 V InputMethodManager: Starting input: tba=android.view.inputmethod.EditorInfo@3bc8c12 nm : cz.gienger.mobile ic=null
11-03 16:29:42.149 20564 20564 I InputMethodManager: startInputInner - mService.startInputOrWindowGainedFocus
11-03 16:29:42.162 20564 20564 D InputTransport: Input channel constructed: fd=75
11-03 16:29:42.162 20564 20564 D InputTransport: Input channel destroyed: fd=61
11-03 16:29:42.198 20564 20610 D OpenGLRenderer: endAllActiveAnimators on 0x88fa0800 (RippleDrawable) with handle 0x87e7fe20
11-03 16:29:42.198 20564 20564 D ViewRootImpl@b8a142[MainActivity]: mHardwareRenderer.destroy()#1
11-03 16:29:42.206 20564 20564 D ViewRootImpl@b8a142[MainActivity]: Relayout returned: oldFrame=[0,0][768,1024] newFrame=[0,0][768,1024] result=0x5 surface={isValid=false 0} surfaceGenerationChanged=true
11-03 16:29:42.593 20564 20564 D ViewRootImpl@b8a142[MainActivity]: Relayout returned: oldFrame=[0,0][768,1024] newFrame=[0,0][768,1024] result=0x5 surface={isValid=false 0} surfaceGenerationChanged=false
11-03 16:29:43.958 20564 20564 D ViewRootImpl@8546c4f[ItemsViewActivity]: ViewPostImeInputStage processKey 0
11-03 16:29:44.042 20564 20564 D ViewRootImpl@8546c4f[ItemsViewActivity]: ViewPostImeInputStage processKey 1
11-03 16:29:44.383 20564 20564 D ViewRootImpl@b8a142[MainActivity]: Relayout returned: oldFrame=[0,0][768,1024] newFrame=[0,0][768,1024] result=0x7 surface={isValid=true -2049277952} surfaceGenerationChanged=true
11-03 16:29:44.383 20564 20564 D ViewRootImpl@b8a142[MainActivity]: mHardwareRenderer.initialize() mSurface={isValid=true -2049277952} hwInitialized=true
11-03 16:29:44.459 20564 20564 D AbsListView: in onLayout changed
11-03 16:29:44.481 20564 20564 D ViewRootImpl@b8a142[MainActivity]: MSG_WINDOW_FOCUS_CHANGED 1
11-03 16:29:44.481 20564 20564 D ViewRootImpl@b8a142[MainActivity]: mHardwareRenderer.initializeIfNeeded()#2 mSurface={isValid=true -2049277952}
11-03 16:29:44.482 20564 20564 V InputMethodManager: Starting input: tba=android.view.inputmethod.EditorInfo@19bf791 nm : cz.gienger.mobile ic=null
11-03 16:29:44.482 20564 20564 I InputMethodManager: startInputInner - mService.startInputOrWindowGainedFocus
11-03 16:29:44.499 20564 20564 D InputTransport: Input channel constructed: fd=67
11-03 16:29:44.499 20564 20564 D InputTransport: Input channel destroyed: fd=75
11-03 16:29:44.511 20564 20564 D ViewRootImpl@8546c4f[ItemsViewActivity]: MSG_WINDOW_FOCUS_CHANGED 0
11-03 16:29:44.551 20564 20564 D ViewRootImpl@8546c4f[ItemsViewActivity]: mHardwareRenderer.destroy()#1
11-03 16:29:44.566 20564 20564 D ViewRootImpl@8546c4f[ItemsViewActivity]: Relayout returned: oldFrame=[0,0][768,1024] newFrame=[0,0][768,1024] result=0x5 surface={isValid=false 0} surfaceGenerationChanged=true
11-03 16:29:44.928 20564 20564 D ViewRootImpl@8546c4f[ItemsViewActivity]: mHardwareRenderer.destroy()#4
11-03 16:29:44.928 20564 20564 D ViewRootImpl@8546c4f[ItemsViewActivity]: dispatchDetachedFromWindow
11-03 16:29:44.936 20564 20564 D InputTransport: Input channel destroyed: fd=73
11-03 16:29:46.128 20564 20564 D ViewRootImpl@b8a142[MainActivity]: ViewPostImeInputStage processPointer 0
11-03 16:29:46.221 20564 20564 D ViewRootImpl@b8a142[MainActivity]: ViewPostImeInputStage processPointer 1
11-03 16:29:46.232 20564 20564 D item_click: viewId = 2131820758, position = 4
11-03 16:29:46.276 20564 20564 D ViewRootImpl@b8a142[MainActivity]: MSG_WINDOW_FOCUS_CHANGED 0
11-03 16:29:46.561 20564 20564 D ViewRootImpl@ff91107[BatchUploadActivity]: ThreadedRenderer.create() translucent=false
11-03 16:29:46.564 20564 20564 D InputTransport: Input channel constructed: fd=63
11-03 16:29:46.565 20564 20564 D ViewRootImpl@ff91107[BatchUploadActivity]: setView = DecorView@2a69234[BatchUploadActivity] touchMode=true
11-03 16:29:46.566 20564 20564 D LOCATION_SERVICE: LocationListener gps
11-03 16:29:46.567 20564 20564 D LOCATION_SERVICE: LocationListener network
11-03 16:29:46.568 20564 20564 D LOCATION_SERVICE: onCreate
11-03 16:29:46.568 20564 20564 D LOCATION_SERVICE: initializeLocationManager
11-03 16:29:46.581 20564 20564 D LOCATION_SERVICE: onStartCommand
11-03 16:29:46.593 20564 20564 D ViewRootImpl@ff91107[BatchUploadActivity]: dispatchAttachedToWindow
11-03 16:29:46.637 20564 20564 D ViewRootImpl@ff91107[BatchUploadActivity]: Relayout returned: oldFrame=[0,0][0,0] newFrame=[0,0][768,1024] result=0x27 surface={isValid=true -2015135744} surfaceGenerationChanged=true
11-03 16:29:46.637 20564 20564 D ViewRootImpl@ff91107[BatchUploadActivity]: mHardwareRenderer.initialize() mSurface={isValid=true -2015135744} hwInitialized=true
11-03 16:29:46.692 20564 20564 D AbsListView: in onLayout changed
11-03 16:29:46.701 20564 20569 I art : Do partial code cache collection, code=211KB, data=250KB
11-03 16:29:46.702 20564 20569 I art : After code cache collection, code=211KB, data=250KB
11-03 16:29:46.702 20564 20569 I art : Increasing code cache capacity to 1024KB
11-03 16:29:46.725 20564 20564 D ViewRootImpl@ff91107[BatchUploadActivity]: MSG_RESIZED_REPORT: frame=Rect(0, 0 - 768, 1024) ci=Rect(0, 24 - 0, 0) vi=Rect(0, 24 - 0, 0) or=1
11-03 16:29:46.725 20564 20564 D ViewRootImpl@ff91107[BatchUploadActivity]: MSG_WINDOW_FOCUS_CHANGED 1
11-03 16:29:46.725 20564 20564 D ViewRootImpl@ff91107[BatchUploadActivity]: mHardwareRenderer.initializeIfNeeded()#2 mSurface={isValid=true -2015135744}
11-03 16:29:46.730 20564 20564 V InputMethodManager: Starting input: tba=android.view.inputmethod.EditorInfo@54118c0 nm : cz.gienger.mobile ic=null
11-03 16:29:46.730 20564 20564 I InputMethodManager: startInputInner - mService.startInputOrWindowGainedFocus
11-03 16:29:46.741 20564 20564 D InputTransport: Input channel constructed: fd=64
11-03 16:29:46.741 20564 20564 D InputTransport: Input channel destroyed: fd=67
11-03 16:29:46.780 20564 20610 D OpenGLRenderer: endAllActiveAnimators on 0x8909fd00 (RippleDrawable) with handle 0x890c4930
11-03 16:29:46.780 20564 20564 D ViewRootImpl@b8a142[MainActivity]: mHardwareRenderer.destroy()#1
11-03 16:29:46.788 20564 20564 D ViewRootImpl@b8a142[MainActivity]: Relayout returned: oldFrame=[0,0][768,1024] newFrame=[0,0][768,1024] result=0x5 surface={isValid=false 0} surfaceGenerationChanged=true
11-03 16:29:47.211 20564 20564 D ViewRootImpl@b8a142[MainActivity]: Relayout returned: oldFrame=[0,0][768,1024] newFrame=[0,0][768,1024] result=0x5 surface={isValid=false 0} surfaceGenerationChanged=false
11-03 16:29:47.216 20564 20564 D LOCATION_SERVICE: onLocationChanged: Location[network 49,191160,17,534450 acc=21 et=+2h21m7s515ms alt=0.0 vel=0.0 bear=0.0 {Bundle[mParcelledData.dataSize=80]}]
11-03 16:29:49.000 20564 20564 D ViewRootImpl@ff91107[BatchUploadActivity]: ViewPostImeInputStage processPointer 0
11-03 16:29:49.035 20564 20564 D ViewRootImpl@ff91107[BatchUploadActivity]: ViewPostImeInputStage processPointer 1
11-03 16:29:49.037 20564 20564 D AbsListView: onTouchUp() mTouchMode : 0
11-03 16:29:49.303 20564 20564 D ViewRootImpl@ff91107[BatchUploadActivity]: ViewPostImeInputStage processPointer 0
11-03 16:29:49.364 20564 20564 D ViewRootImpl@ff91107[BatchUploadActivity]: ViewPostImeInputStage processPointer 1
11-03 16:29:49.365 20564 20564 D AbsListView: onTouchUp() mTouchMode : 0
11-03 16:29:50.288 20564 20564 D ViewRootImpl@ff91107[BatchUploadActivity]: ViewPostImeInputStage processPointer 0
11-03 16:29:50.338 20564 20564 D ViewRootImpl@ff91107[BatchUploadActivity]: ViewPostImeInputStage processPointer 1
11-03 16:29:51.102 20564 20564 D ViewRootImpl@ff91107[BatchUploadActivity]: ViewPostImeInputStage processPointer 0
11-03 16:29:51.174 20564 20564 D ViewRootImpl@ff91107[BatchUploadActivity]: ViewPostImeInputStage processPointer 1
11-03 16:29:51.232 20564 20564 D ScrollView: initGoToTop
11-03 16:29:51.244 20564 20564 D ViewRootImpl@6bf946d[BatchUploadActivity]: ThreadedRenderer.create() translucent=true
11-03 16:29:51.249 20564 20564 D InputTransport: Input channel constructed: fd=69
11-03 16:29:51.250 20564 20564 D ViewRootImpl@6bf946d[BatchUploadActivity]: setView = DecorView@81998a2[BatchUploadActivity] touchMode=true
11-03 16:29:51.254 20564 20564 D ViewRootImpl@6bf946d[BatchUploadActivity]: dispatchAttachedToWindow
11-03 16:29:51.282 20564 20564 D ViewRootImpl@6bf946d[BatchUploadActivity]: Relayout returned: oldFrame=[0,0][0,0] newFrame=[94,423][674,624] result=0x27 surface={isValid=true -2040903680} surfaceGenerationChanged=true
11-03 16:29:51.282 20564 20564 D ViewRootImpl@6bf946d[BatchUploadActivity]: mHardwareRenderer.initialize() mSurface={isValid=true -2040903680} hwInitialized=true
11-03 16:29:51.292 20564 20564 D ScrollView: onsize change changed
11-03 16:29:51.293 20564 20564 D ViewRootImpl@6bf946d[BatchUploadActivity]: MSG_WINDOW_FOCUS_CHANGED 1
11-03 16:29:51.293 20564 20564 D ViewRootImpl@6bf946d[BatchUploadActivity]: mHardwareRenderer.initializeIfNeeded()#2 mSurface={isValid=true -2040903680}
11-03 16:29:51.320 20564 20564 D ViewRootImpl@6bf946d[BatchUploadActivity]: MSG_RESIZED_REPORT: frame=Rect(94, 423 - 674, 624) ci=Rect(0, 0 - 0, 0) vi=Rect(0, 0 - 0, 0) or=1
11-03 16:29:51.345 20564 20564 D ViewRootImpl@ff91107[BatchUploadActivity]: MSG_WINDOW_FOCUS_CHANGED 0
11-03 16:29:52.686 20564 20564 D ViewRootImpl@6bf946d[BatchUploadActivity]: ViewPostImeInputStage processPointer 0
11-03 16:29:52.799 20564 20564 D ViewRootImpl@6bf946d[BatchUploadActivity]: ViewPostImeInputStage processPointer 1
11-03 16:29:52.863 20564 20564 D ViewRootImpl@6bf946d[BatchUploadActivity]: mHardwareRenderer.destroy()#4
11-03 16:29:52.863 20564 20564 D ViewRootImpl@6bf946d[BatchUploadActivity]: dispatchDetachedFromWindow
11-03 16:29:52.872 20564 20564 D InputTransport: Input channel destroyed: fd=69
11-03 16:29:52.909 20564 23489 D MESSAGE_SERVICE: ACTION_BATCH_UPLOAD
11-03 16:29:52.919 20564 20564 E ViewRootImpl: sendUserActionEvent() returned.
11-03 16:29:53.230 20564 20564 D ViewRootImpl@b8a142[MainActivity]: Relayout returned: oldFrame=[0,0][768,1024] newFrame=[0,0][768,1024] result=0x7 surface={isValid=true -2049277952} surfaceGenerationChanged=true
11-03 16:29:53.230 20564 20564 D ViewRootImpl@b8a142[MainActivity]: mHardwareRenderer.initialize() mSurface={isValid=true -2049277952} hwInitialized=true
11-03 16:29:53.314 20564 20564 D AbsListView: in onLayout changed
11-03 16:29:53.340 20564 20564 D ViewRootImpl@b8a142[MainActivity]: MSG_WINDOW_FOCUS_CHANGED 1
11-03 16:29:53.341 20564 20564 D ViewRootImpl@b8a142[MainActivity]: mHardwareRenderer.initializeIfNeeded()#2 mSurface={isValid=true -2049277952}
11-03 16:29:53.343 20564 20564 V InputMethodManager: Starting input: tba=android.view.inputmethod.EditorInfo@9dea696 nm : cz.gienger.mobile ic=null
11-03 16:29:53.343 20564 20564 I InputMethodManager: startInputInner - mService.startInputOrWindowGainedFocus
11-03 16:29:53.355 20564 20564 D InputTransport: Input channel constructed: fd=75
11-03 16:29:53.355 20564 20564 D InputTransport: Input channel destroyed: fd=64
11-03 16:29:53.427 20564 20564 D ViewRootImpl@ff91107[BatchUploadActivity]: mHardwareRenderer.destroy()#1
11-03 16:29:53.435 20564 20564 D ViewRootImpl@ff91107[BatchUploadActivity]: Relayout returned: oldFrame=[0,0][768,1024] newFrame=[0,0][768,1024] result=0x5 surface={isValid=false 0} surfaceGenerationChanged=true
11-03 16:29:53.652 20564 23489 D FILE_MANAGER: Serializing delivery /data/user/0/cz.gienger.mobile/files/finished/130AT1190319672/130AT1190319672.xml
11-03 16:29:53.653 20564 23489 D FILE_MANAGER: Null files:
11-03 16:29:54.551 20564 23489 D FILE_MANAGER: Serializing delivery /data/user/0/cz.gienger.mobile/files/finished/130AT1193103345/130AT1193103345.xml
11-03 16:29:54.551 20564 23489 D FILE_MANAGER: Null files:
11-03 16:29:54.728 20564 23489 D MYINTERCEPTOR: /GiengerService.svc/sendorder
11-03 16:29:54.729 20564 23489 D OkHttp : --> POST https://testsaig1.gienger.cz/GiengerService.svc/sendorder http/1.1
11-03 16:29:54.729 20564 23489 D OkHttp : Content-Type: text/raw
11-03 16:29:54.729 20564 23489 D OkHttp : Content-Length: 3538
11-03 16:29:54.729 20564 23489 D OkHttp : filename: 130AT1190319672.xml
11-03 16:29:54.730 20564 23489 D OkHttp : Checksum: 4f8b379e317446f9f396d3b67dadd040
11-03 16:29:54.730 20564 23489 D OkHttp : token: b2472d59e0b242dcf9e87202a8654173
11-03 16:29:54.730 20564 23489 D OkHttp : --> END POST
11-03 16:29:54.930 20564 20564 D ViewRootImpl@b8a142[MainActivity]: ViewPostImeInputStage processPointer 0
11-03 16:29:54.966 20564 20564 D AbsListView: reportScrollStateChange() newState : 1
11-03 16:29:55.211 20564 20564 D ViewRootImpl@b8a142[MainActivity]: ViewPostImeInputStage processPointer 1
11-03 16:29:55.211 20564 20564 D AbsListView: onTouchUp() mTouchMode : 3
11-03 16:29:55.211 20564 20564 D AbsListView: onTouchUp() TOUCH_MODE_SCROLL initialVelocity : -734
11-03 16:29:55.211 20564 20564 D AbsListView: reportScrollStateChange() newState : 2
11-03 16:29:55.355 20564 23489 D OkHttp : <-- 200 https://testsaig1.gienger.cz/GiengerService.svc/sendorder (624ms)
11-03 16:29:55.355 20564 23489 D OkHttp : content-type: application/xml; charset=utf-8
11-03 16:29:55.355 20564 23489 D OkHttp : server: Microsoft-IIS/10.0
11-03 16:29:55.355 20564 23489 D OkHttp : x-powered-by: ASP.NET
11-03 16:29:55.355 20564 23489 D OkHttp : date: Tue, 03 Nov 2020 15:29:54 GMT
11-03 16:29:55.356 20564 23489 D OkHttp : content-length: 175
11-03 16:29:55.356 20564 23489 D OkHttp : <-- END HTTP
11-03 16:29:55.366 20564 23489 D sendOrder_SUCCESS: 200
11-03 16:29:55.394 20564 23489 D MYINTERCEPTOR: /GiengerService.svc/sendorder
11-03 16:29:55.395 20564 23489 D OkHttp : --> POST https://testsaig1.gienger.cz/GiengerService.svc/sendorder http/1.1
11-03 16:29:55.395 20564 23489 D OkHttp : Content-Type: text/raw
11-03 16:29:55.395 20564 23489 D OkHttp : Content-Length: 3582
11-03 16:29:55.395 20564 23489 D OkHttp : filename: 130AT1193103345.xml
11-03 16:29:55.396 20564 23489 D OkHttp : Checksum: b491254af55069fc184bec506018edc4
11-03 16:29:55.396 20564 23489 D OkHttp : token: b2472d59e0b242dcf9e87202a8654173
11-03 16:29:55.396 20564 23489 D OkHttp : --> END POST
11-03 16:29:55.604 20564 23489 D OkHttp : <-- 200 https://testsaig1.gienger.cz/GiengerService.svc/sendorder (207ms)
11-03 16:29:55.604 20564 23489 D OkHttp : content-type: application/xml; charset=utf-8
11-03 16:29:55.604 20564 23489 D OkHttp : server: Microsoft-IIS/10.0
11-03 16:29:55.604 20564 23489 D OkHttp : x-powered-by: ASP.NET
11-03 16:29:55.604 20564 23489 D OkHttp : date: Tue, 03 Nov 2020 15:29:54 GMT
11-03 16:29:55.605 20564 23489 D OkHttp : content-length: 175
11-03 16:29:55.605 20564 23489 D OkHttp : <-- END HTTP
11-03 16:29:55.607 20564 23489 D sendOrder_SUCCESS: 200
11-03 16:29:55.665 20564 20564 D AbsListView: reportScrollStateChange() newState : 0
11-03 16:29:55.750 20564 20575 I art : Background partial concurrent mark sweep GC freed 112869(4MB) AllocSpace objects, 16(400KB) LOS objects, 61% free, 7MB/19MB, paused 2.300ms total 124.382ms
11-03 16:29:56.003 20564 20564 D AbsListView: in onLayout changed
11-03 16:29:56.063 20564 20564 D TextView: SYANI: Clipboard API is calling: clearFilter()
11-03 16:29:56.063 20564 20564 D TextView: SYANI: Clipboard API is calling: unregisterClipboardEventListener()
11-03 16:29:56.075 20564 20564 D ViewRootImpl@ff91107[BatchUploadActivity]: mHardwareRenderer.destroy()#4
11-03 16:29:56.075 20564 20564 D ViewRootImpl@ff91107[BatchUploadActivity]: dispatchDetachedFromWindow
11-03 16:29:56.092 20564 20564 D InputTransport: Input channel destroyed: fd=63
11-03 16:29:56.092 20564 20564 D LOCATION_SERVICE: onDestroy
11-03 16:29:57.426 20564 20564 D ViewRootImpl@b8a142[MainActivity]: ViewPostImeInputStage processPointer 0
11-03 16:29:57.469 20564 20564 D AbsListView: reportScrollStateChange() newState : 1
11-03 16:29:58.027 20564 20564 D ViewRootImpl@b8a142[MainActivity]: ViewPostImeInputStage processPointer 1
11-03 16:29:58.027 20564 20564 D AbsListView: onTouchUp() mTouchMode : 3
11-03 16:29:58.027 20564 20564 D AbsListView: onTouchUp() TOUCH_MODE_SCROLL initialVelocity : -47
11-03 16:29:58.028 20564 20564 D AbsListView: reportScrollStateChange() newState : 0
11-03 16:29:59.594 20564 20564 D ViewRootImpl@b8a142[MainActivity]: ViewPostImeInputStage processPointer 0
11-03 16:29:59.662 20564 20564 D ViewRootImpl@b8a142[MainActivity]: ViewPostImeInputStage processPointer 1
11-03 16:29:59.679 20564 20564 D item_click: viewId = 2131820756, position = 3
11-03 16:29:59.719 20564 20564 D ViewRootImpl@b8a142[MainActivity]: MSG_WINDOW_FOCUS_CHANGED 0
11-03 16:29:59.842 20564 20564 D ViewRootImpl@a390500[DeliverActivity]: ThreadedRenderer.create() translucent=false
11-03 16:29:59.845 20564 20564 D InputTransport: Input channel constructed: fd=63
11-03 16:29:59.845 20564 20564 D ViewRootImpl@a390500[DeliverActivity]: setView = DecorView@7cd5139[DeliverActivity] touchMode=true
11-03 16:29:59.846 20564 20564 D LOCATION_SERVICE: LocationListener gps
11-03 16:29:59.847 20564 20564 D LOCATION_SERVICE: LocationListener network
11-03 16:29:59.848 20564 20564 D LOCATION_SERVICE: onCreate
11-03 16:29:59.849 20564 20564 D LOCATION_SERVICE: initializeLocationManager
11-03 16:29:59.856 20564 20564 D LOCATION_SERVICE: onStartCommand
11-03 16:29:59.884 20564 20564 D ViewRootImpl@a390500[DeliverActivity]: dispatchAttachedToWindow
11-03 16:29:59.917 20564 20564 D ViewRootImpl@a390500[DeliverActivity]: Relayout returned: oldFrame=[0,0][0,0] newFrame=[0,0][768,1024] result=0x27 surface={isValid=true -2042208256} surfaceGenerationChanged=true
11-03 16:29:59.917 20564 20564 D ViewRootImpl@a390500[DeliverActivity]: mHardwareRenderer.initialize() mSurface={isValid=true -2042208256} hwInitialized=true
11-03 16:29:59.979 20564 20564 D ViewRootImpl@a390500[DeliverActivity]: MSG_RESIZED_REPORT: frame=Rect(0, 0 - 768, 1024) ci=Rect(0, 24 - 0, 0) vi=Rect(0, 24 - 0, 0) or=1
11-03 16:29:59.979 20564 20564 D ViewRootImpl@a390500[DeliverActivity]: MSG_WINDOW_FOCUS_CHANGED 1
11-03 16:29:59.979 20564 20564 D ViewRootImpl@a390500[DeliverActivity]: mHardwareRenderer.initializeIfNeeded()#2 mSurface={isValid=true -2042208256}
11-03 16:29:59.981 20564 20564 V InputMethodManager: Starting input: tba=android.view.inputmethod.EditorInfo@5342456 nm : cz.gienger.mobile ic=null
11-03 16:29:59.981 20564 20564 I InputMethodManager: startInputInner - mService.startInputOrWindowGainedFocus
11-03 16:29:59.994 20564 20564 D InputTransport: Input channel constructed: fd=68
11-03 16:29:59.994 20564 20564 D InputTransport: Input channel destroyed: fd=75
11-03 16:29:59.997 20564 23496 D FILE_MANAGER: Copying file /data/user/0/cz.gienger.mobile/files/delivery/130AT1190319652/130AT1190319652.pdf to /storage/emulated/0/130AT1190319652.pdf
11-03 16:30:00.034 20564 20610 D OpenGLRenderer: endAllActiveAnimators on 0x88f9ec00 (RippleDrawable) with handle 0x8636c1b0
11-03 16:30:00.034 20564 20564 D ViewRootImpl@b8a142[MainActivity]: mHardwareRenderer.destroy()#1
11-03 16:30:00.042 20564 20564 D ViewRootImpl@b8a142[MainActivity]: Relayout returned: oldFrame=[0,0][768,1024] newFrame=[0,0][768,1024] result=0x5 surface={isValid=false 0} surfaceGenerationChanged=true
11-03 16:30:00.405 20564 20564 D LOCATION_SERVICE: onLocationChanged: Location[network 49,191156,17,534453 acc=21 et=+2h21m20s737ms alt=0.0 vel=0.0 bear=0.0 {Bundle[mParcelledData.dataSize=80]}]
11-03 16:30:00.450 20564 20564 D ViewRootImpl@b8a142[MainActivity]: Relayout returned: oldFrame=[0,0][768,1024] newFrame=[0,0][768,1024] result=0x5 surface={isValid=false 0} surfaceGenerationChanged=false
11-03 16:30:00.508 20564 23496 D FILE_MANAGER: copy ok
11-03 16:30:00.964 20564 20564 D ViewRootImpl@a390500[DeliverActivity]: ViewPostImeInputStage processPointer 0
11-03 16:30:01.056 20564 20564 D ViewRootImpl@a390500[DeliverActivity]: ViewPostImeInputStage processPointer 1
11-03 16:30:02.132 20564 20564 D ViewRootImpl@a390500[DeliverActivity]: ViewPostImeInputStage processPointer 0
11-03 16:30:02.202 20564 20564 D ViewRootImpl@a390500[DeliverActivity]: ViewPostImeInputStage processPointer 1
11-03 16:30:02.214 20564 20564 D ScrollView: initGoToTop
11-03 16:30:02.262 20564 20564 D ScrollView: onsize change changed
11-03 16:30:02.568 20564 20564 D TextView: SYANI: Clipboard API is calling: clearFilter()
11-03 16:30:02.568 20564 20564 D TextView: SYANI: Clipboard API is calling: unregisterClipboardEventListener()
11-03 16:30:02.572 20564 20564 D TextView: SYANI: Clipboard API is calling: clearFilter()
11-03 16:30:02.572 20564 20564 D TextView: SYANI: Clipboard API is calling: unregisterClipboardEventListener()
11-03 16:30:02.574 20564 20564 D TextView: SYANI: Clipboard API is calling: clearFilter()
11-03 16:30:02.574 20564 20564 D TextView: SYANI: Clipboard API is calling: unregisterClipboardEventListener()
11-03 16:30:04.892 20564 20564 D ViewRootImpl@a390500[DeliverActivity]: ViewPostImeInputStage processPointer 0
11-03 16:30:04.972 20564 20564 D ViewRootImpl@a390500[DeliverActivity]: ViewPostImeInputStage processPointer 1
11-03 16:30:05.342 20564 20564 D TextView: SYANI: Clipboard API is calling: clearFilter()
11-03 16:30:05.342 20564 20564 D TextView: SYANI: Clipboard API is calling: unregisterClipboardEventListener()
11-03 16:30:05.346 20564 20564 D TextView: SYANI: Clipboard API is calling: clearFilter()
11-03 16:30:05.346 20564 20564 D TextView: SYANI: Clipboard API is calling: unregisterClipboardEventListener()
11-03 16:30:05.349 20564 20564 D TextView: SYANI: Clipboard API is calling: clearFilter()
11-03 16:30:05.349 20564 20564 D TextView: SYANI: Clipboard API is calling: unregisterClipboardEventListener()
11-03 16:30:06.794 20564 20564 D ViewRootImpl@a390500[DeliverActivity]: ViewPostImeInputStage processPointer 0
11-03 16:30:06.852 20564 20564 D ViewRootImpl@a390500[DeliverActivity]: ViewPostImeInputStage processPointer 1
11-03 16:30:07.209 20564 20564 D TextView: SYANI: Clipboard API is calling: clearFilter()
11-03 16:30:07.209 20564 20564 D TextView: SYANI: Clipboard API is calling: unregisterClipboardEventListener()
11-03 16:30:07.213 20564 20564 D TextView: SYANI: Clipboard API is calling: clearFilter()
11-03 16:30:07.213 20564 20564 D TextView: SYANI: Clipboard API is calling: unregisterClipboardEventListener()
11-03 16:30:07.216 20564 20564 D TextView: SYANI: Clipboard API is calling: clearFilter()
11-03 16:30:07.216 20564 20564 D TextView: SYANI: Clipboard API is calling: unregisterClipboardEventListener()
11-03 16:30:10.360 20564 20564 D ViewRootImpl@a390500[DeliverActivity]: ViewPostImeInputStage processPointer 0
11-03 16:30:10.385 20564 20564 D ViewRootImpl@a390500[DeliverActivity]: ViewPostImeInputStage processPointer 1
11-03 16:30:10.711 20564 20564 D ViewRootImpl@b8a142[MainActivity]: Relayout returned: oldFrame=[0,0][768,1024] newFrame=[0,0][768,1024] result=0x7 surface={isValid=true -2049277952} surfaceGenerationChanged=true
11-03 16:30:10.712 20564 20564 D ViewRootImpl@b8a142[MainActivity]: mHardwareRenderer.initialize() mSurface={isValid=true -2049277952} hwInitialized=true
11-03 16:30:10.796 20564 20564 D AbsListView: in onLayout changed
11-03 16:30:10.825 20564 20564 D ViewRootImpl@b8a142[MainActivity]: MSG_WINDOW_FOCUS_CHANGED 1
11-03 16:30:10.825 20564 20564 D ViewRootImpl@b8a142[MainActivity]: mHardwareRenderer.initializeIfNeeded()#2 mSurface={isValid=true -2049277952}
11-03 16:30:10.827 20564 20564 V InputMethodManager: Starting input: tba=android.view.inputmethod.EditorInfo@c4d06c1 nm : cz.gienger.mobile ic=null
11-03 16:30:10.827 20564 20564 I InputMethodManager: startInputInner - mService.startInputOrWindowGainedFocus
11-03 16:30:10.838 20564 20564 D InputTransport: Input channel constructed: fd=73
11-03 16:30:10.838 20564 20564 D InputTransport: Input channel destroyed: fd=68
11-03 16:30:10.842 20564 20564 D ViewRootImpl@a390500[DeliverActivity]: MSG_WINDOW_FOCUS_CHANGED 0
11-03 16:30:10.873 20564 20610 D OpenGLRenderer: endAllActiveAnimators on 0x892f0b00 (RippleDrawable) with handle 0x892d3ff0
11-03 16:30:10.873 20564 20564 D ViewRootImpl@a390500[DeliverActivity]: mHardwareRenderer.destroy()#1
11-03 16:30:10.879 20564 20564 D ViewRootImpl@a390500[DeliverActivity]: Relayout returned: oldFrame=[0,0][768,1024] newFrame=[0,0][768,1024] result=0x5 surface={isValid=false 0} surfaceGenerationChanged=true
11-03 16:30:11.277 20564 20564 D ViewRootImpl@a390500[DeliverActivity]: mHardwareRenderer.destroy()#4
11-03 16:30:11.277 20564 20564 D ViewRootImpl@a390500[DeliverActivity]: dispatchDetachedFromWindow
11-03 16:30:11.303 20564 20564 D InputTransport: Input channel destroyed: fd=63
11-03 16:30:11.303 20564 20564 D LOCATION_SERVICE: onDestroy
11-03 16:30:12.595 20564 20564 D ViewRootImpl@b8a142[MainActivity]: ViewPostImeInputStage processPointer 0
11-03 16:30:12.636 20564 20564 D AbsListView: reportScrollStateChange() newState : 1
11-03 16:30:14.614 20564 20564 D ViewRootImpl@b8a142[MainActivity]: ViewPostImeInputStage processPointer 1
11-03 16:30:14.615 20564 20564 D AbsListView: onTouchUp() mTouchMode : 3
11-03 16:30:14.615 20564 20564 D AbsListView: onTouchUp() TOUCH_MODE_SCROLL initialVelocity : -700
11-03 16:30:14.615 20564 20564 D AbsListView: reportScrollStateChange() newState : 2
11-03 16:30:15.075 20564 20564 D AbsListView: reportScrollStateChange() newState : 0
11-03 16:30:15.270 20564 20564 D ViewRootImpl@b8a142[MainActivity]: ViewPostImeInputStage processPointer 0
11-03 16:30:15.292 20564 20564 D AbsListView: reportScrollStateChange() newState : 1
11-03 16:30:16.553 20564 20564 D ViewRootImpl@b8a142[MainActivity]: ViewPostImeInputStage processPointer 1
11-03 16:30:16.554 20564 20564 D AbsListView: onTouchUp() mTouchMode : 3
11-03 16:30:16.554 20564 20564 D AbsListView: onTouchUp() TOUCH_MODE_SCROLL initialVelocity : -250
11-03 16:30:16.554 20564 20564 D AbsListView: reportScrollStateChange() newState : 2
11-03 16:30:16.778 20564 20564 D AbsListView: reportScrollStateChange() newState : 0
11-03 16:30:17.087 20564 20564 D ViewRootImpl@b8a142[MainActivity]: ViewPostImeInputStage processPointer 0
11-03 16:30:17.160 20564 20564 D ViewRootImpl@b8a142[MainActivity]: ViewPostImeInputStage processPointer 1
11-03 16:30:17.168 20564 20564 D item_click: viewId = 2131820756, position = 3
11-03 16:30:17.210 20564 20564 D ViewRootImpl@b8a142[MainActivity]: MSG_WINDOW_FOCUS_CHANGED 0
11-03 16:30:17.338 20564 20564 D ViewRootImpl@9becb14[DeliverActivity]: ThreadedRenderer.create() translucent=false
11-03 16:30:17.346 20564 20564 D InputTransport: Input channel constructed: fd=63
11-03 16:30:17.346 20564 20564 D ViewRootImpl@9becb14[DeliverActivity]: setView = DecorView@d94bfbd[DeliverActivity] touchMode=true
11-03 16:30:17.350 20564 20564 D ViewRootImpl@9becb14[DeliverActivity]: dispatchAttachedToWindow
11-03 16:30:17.378 20564 20564 D ViewRootImpl@9becb14[DeliverActivity]: Relayout returned: oldFrame=[0,0][0,0] newFrame=[0,0][768,1024] result=0x27 surface={isValid=true -2038700032} surfaceGenerationChanged=true
11-03 16:30:17.379 20564 20564 D ViewRootImpl@9becb14[DeliverActivity]: mHardwareRenderer.initialize() mSurface={isValid=true -2038700032} hwInitialized=true
11-03 16:30:17.387 20564 20564 D LOCATION_SERVICE: LocationListener gps
11-03 16:30:17.388 20564 20564 D LOCATION_SERVICE: LocationListener network
11-03 16:30:17.390 20564 20564 D LOCATION_SERVICE: onCreate
11-03 16:30:17.390 20564 20564 D LOCATION_SERVICE: initializeLocationManager
11-03 16:30:17.404 20564 20564 D LOCATION_SERVICE: onStartCommand
11-03 16:30:17.463 20564 20564 D ViewRootImpl@9becb14[DeliverActivity]: MSG_RESIZED_REPORT: frame=Rect(0, 0 - 768, 1024) ci=Rect(0, 24 - 0, 0) vi=Rect(0, 24 - 0, 0) or=1
11-03 16:30:17.463 20564 20564 D ViewRootImpl@9becb14[DeliverActivity]: MSG_WINDOW_FOCUS_CHANGED 1
11-03 16:30:17.463 20564 20564 D ViewRootImpl@9becb14[DeliverActivity]: mHardwareRenderer.initializeIfNeeded()#2 mSurface={isValid=true -2038700032}
11-03 16:30:17.464 20564 20564 V InputMethodManager: Starting input: tba=android.view.inputmethod.EditorInfo@8b67d0a nm : cz.gienger.mobile ic=null
11-03 16:30:17.464 20564 20564 I InputMethodManager: startInputInner - mService.startInputOrWindowGainedFocus
11-03 16:30:17.476 20564 20564 D InputTransport: Input channel constructed: fd=68
11-03 16:30:17.476 20564 20564 D InputTransport: Input channel destroyed: fd=73
11-03 16:30:17.486 20564 23501 D FILE_MANAGER: Copying file /data/user/0/cz.gienger.mobile/files/delivery/130AT1190319652/130AT1190319652.pdf to /storage/emulated/0/130AT1190319652.pdf
11-03 16:30:17.531 20564 20610 D OpenGLRenderer: endAllActiveAnimators on 0x87f97580 (RippleDrawable) with handle 0x89a70a80
11-03 16:30:17.531 20564 20564 D ViewRootImpl@b8a142[MainActivity]: mHardwareRenderer.destroy()#1
11-03 16:30:17.539 20564 20564 D ViewRootImpl@b8a142[MainActivity]: Relayout returned: oldFrame=[0,0][768,1024] newFrame=[0,0][768,1024] result=0x5 surface={isValid=false 0} surfaceGenerationChanged=true
11-03 16:30:17.922 20564 20564 D ViewRootImpl@b8a142[MainActivity]: Relayout returned: oldFrame=[0,0][768,1024] newFrame=[0,0][768,1024] result=0x5 surface={isValid=false 0} surfaceGenerationChanged=false
11-03 16:30:17.988 20564 23501 D FILE_MANAGER: copy ok
11-03 16:30:18.009 20564 20564 D LOCATION_SERVICE: onLocationChanged: Location[network 49,191160,17,534449 acc=21 et=+2h21m38s352ms alt=0.0 vel=0.0 bear=0.0 {Bundle[mParcelledData.dataSize=80]}]
11-03 16:30:18.484 20564 20564 D ViewRootImpl@9becb14[DeliverActivity]: ViewPostImeInputStage processPointer 0
11-03 16:30:18.557 20564 20564 D ViewRootImpl@9becb14[DeliverActivity]: ViewPostImeInputStage processPointer 1
11-03 16:30:21.271 20564 20564 D ViewRootImpl@9becb14[DeliverActivity]: ViewPostImeInputStage processPointer 0
11-03 16:30:21.306 20564 20564 D ViewRootImpl@9becb14[DeliverActivity]: ViewPostImeInputStage processPointer 1
11-03 16:30:21.322 20564 20564 D ScrollView: initGoToTop
11-03 16:30:21.373 20564 20564 D ScrollView: onsize change changed
11-03 16:30:21.557 20564 20564 D ViewRootImpl@9becb14[DeliverActivity]: ViewPostImeInputStage processPointer 0
11-03 16:30:21.608 20564 20564 D ViewRootImpl@9becb14[DeliverActivity]: ViewPostImeInputStage processPointer 1
11-03 16:30:21.676 20564 20564 D TextView: SYANI: Clipboard API is calling: clearFilter()
11-03 16:30:21.676 20564 20564 D TextView: SYANI: Clipboard API is calling: unregisterClipboardEventListener()
11-03 16:30:21.680 20564 20564 D TextView: SYANI: Clipboard API is calling: clearFilter()
11-03 16:30:21.680 20564 20564 D TextView: SYANI: Clipboard API is calling: unregisterClipboardEventListener()
11-03 16:30:21.684 20564 20564 D TextView: SYANI: Clipboard API is calling: clearFilter()
11-03 16:30:21.684 20564 20564 D TextView: SYANI: Clipboard API is calling: unregisterClipboardEventListener()
11-03 16:30:22.421 20564 20564 D ViewRootImpl@9becb14[DeliverActivity]: ViewPostImeInputStage processPointer 0
11-03 16:30:22.503 20564 20564 D ViewRootImpl@9becb14[DeliverActivity]: ViewPostImeInputStage processPointer 1
11-03 16:30:22.549 20564 20564 D ScrollView: initGoToTop
11-03 16:30:22.553 20564 20564 D ScrollView: initGoToTop
11-03 16:30:22.561 20564 20564 D ViewRootImpl@a6f983b[DeliverActivity]: ThreadedRenderer.create() translucent=true
11-03 16:30:22.567 20564 20564 D InputTransport: Input channel constructed: fd=73
11-03 16:30:22.567 20564 20564 D ViewRootImpl@a6f983b[DeliverActivity]: setView = DecorView@a87fb58[DeliverActivity] touchMode=true
11-03 16:30:22.574 20564 20564 D ViewRootImpl@a6f983b[DeliverActivity]: dispatchAttachedToWindow
11-03 16:30:22.600 20564 20564 D ViewRootImpl@a6f983b[DeliverActivity]: Relayout returned: oldFrame=[0,0][0,0] newFrame=[108,466][660,582] result=0x27 surface={isValid=true -2004269056} surfaceGenerationChanged=true
11-03 16:30:22.600 20564 20564 D ViewRootImpl@a6f983b[DeliverActivity]: mHardwareRenderer.initialize() mSurface={isValid=true -2004269056} hwInitialized=true
11-03 16:30:22.615 20564 20564 D ViewRootImpl@a6f983b[DeliverActivity]: MSG_WINDOW_FOCUS_CHANGED 1
11-03 16:30:22.615 20564 20564 D ViewRootImpl@a6f983b[DeliverActivity]: mHardwareRenderer.initializeIfNeeded()#2 mSurface={isValid=true -2004269056}
11-03 16:30:22.632 20564 20564 D ViewRootImpl@a6f983b[DeliverActivity]: MSG_RESIZED_REPORT: frame=Rect(108, 466 - 660, 582) ci=Rect(0, 0 - 0, 0) vi=Rect(0, 0 - 0, 0) or=1
11-03 16:30:22.670 20564 20564 D ViewRootImpl@9becb14[DeliverActivity]: MSG_WINDOW_FOCUS_CHANGED 0
11-03 16:30:23.169 20564 20575 I art : Background partial concurrent mark sweep GC freed 239248(8MB) AllocSpace objects, 15(428KB) LOS objects, 50% free, 11MB/23MB, paused 1.113ms total 146.626ms
11-03 16:30:24.521 20564 20575 I art : Background partial concurrent mark sweep GC freed 267079(8MB) AllocSpace objects, 15(1528KB) LOS objects, 42% free, 15MB/27MB, paused 1.169ms total 136.286ms
11-03 16:30:25.110 20564 20564 D ViewRootImpl@a6f983b[DeliverActivity]: mHardwareRenderer.destroy()#4
11-03 16:30:25.110 20564 20564 D ViewRootImpl@a6f983b[DeliverActivity]: dispatchDetachedFromWindow
11-03 16:30:25.125 20564 20564 D InputTransport: Input channel destroyed: fd=73
11-03 16:30:25.125 20564 20564 D SIGN_URI: file:///storage/emulated/0/130AT1190319652.pdf
11-03 16:30:25.155 20564 20564 D ViewRootImpl@9becb14[DeliverActivity]: MSG_WINDOW_FOCUS_CHANGED 1
11-03 16:30:25.155 20564 20564 D ViewRootImpl@9becb14[DeliverActivity]: mHardwareRenderer.initializeIfNeeded()#2 mSurface={isValid=true -2038700032}
11-03 16:30:25.162 20564 20564 E ViewRootImpl: sendUserActionEvent() returned.
11-03 16:30:25.162 20564 20564 D ViewRootImpl@9becb14[DeliverActivity]: MSG_WINDOW_FOCUS_CHANGED 0
11-03 16:30:26.836 20564 20564 D ViewRootImpl@9becb14[DeliverActivity]: mHardwareRenderer.destroy()#1
11-03 16:30:26.848 20564 20564 D ViewRootImpl@9becb14[DeliverActivity]: Relayout returned: oldFrame=[0,0][768,1024] newFrame=[0,0][768,1024] result=0x5 surface={isValid=false 0} surfaceGenerationChanged=true
11-03 16:30:26.848 20564 20564 D InputTransport: Input channel destroyed: fd=68
11-03 16:31:42.167 20564 20564 D Graph : removeVertex() : insertDummyVertex, because there is no ancestor.
11-03 16:31:42.167 20564 20564 D Graph : removeVertex() : insertDummyVertex, because there is no ancestor.
11-03 16:31:42.204 20564 20564 D ViewRootImpl@5a9eee[PdfArchiveActivity]: ThreadedRenderer.create() translucent=true
11-03 16:31:42.207 20564 20564 D InputTransport: Input channel constructed: fd=61
11-03 16:31:42.208 20564 20564 D ViewRootImpl@5a9eee[PdfArchiveActivity]: setView = DecorView@d165f8f[PdfArchiveActivity] touchMode=true
11-03 16:31:42.217 20564 20564 D ViewRootImpl@5a9eee[PdfArchiveActivity]: dispatchAttachedToWindow
11-03 16:31:42.244 20564 20564 D ViewRootImpl@5a9eee[PdfArchiveActivity]: Relayout returned: oldFrame=[0,0][0,0] newFrame=[241,456][527,568] result=0x27 surface={isValid=true -2043260928} surfaceGenerationChanged=true
11-03 16:31:42.244 20564 20564 D ViewRootImpl@5a9eee[PdfArchiveActivity]: mHardwareRenderer.initialize() mSurface={isValid=true -2043260928} hwInitialized=true
11-03 16:31:42.248 20564 20564 D ViewRootImpl@5a9eee[PdfArchiveActivity]: MSG_RESIZED_REPORT: frame=Rect(241, 456 - 527, 568) ci=Rect(0, 0 - 0, 0) vi=Rect(0, 0 - 0, 0) or=1
11-03 16:31:42.248 20564 20564 D ViewRootImpl@5a9eee[PdfArchiveActivity]: MSG_WINDOW_FOCUS_CHANGED 1
11-03 16:31:42.248 20564 20564 D ViewRootImpl@5a9eee[PdfArchiveActivity]: mHardwareRenderer.initializeIfNeeded()#2 mSurface={isValid=true -2043260928}
11-03 16:31:42.248 20564 20564 V InputMethodManager: Starting input: tba=android.view.inputmethod.EditorInfo@b3e721c nm : cz.gienger.mobile ic=null
11-03 16:31:42.248 20564 20564 I InputMethodManager: startInputInner - mService.startInputOrWindowGainedFocus
11-03 16:31:42.251 20564 20564 D InputTransport: Input channel constructed: fd=66
11-03 16:31:43.320 20564 20564 D ViewRootImpl@5a9eee[PdfArchiveActivity]: mHardwareRenderer.destroy()#1
11-03 16:31:43.326 20564 20564 D ViewRootImpl@5a9eee[PdfArchiveActivity]: Relayout returned: oldFrame=[241,456][527,568] newFrame=[241,456][527,568] result=0x5 surface={isValid=false 0} surfaceGenerationChanged=true
11-03 16:31:43.326 20564 20564 D ViewRootImpl@5a9eee[PdfArchiveActivity]: MSG_WINDOW_FOCUS_CHANGED 0
11-03 16:31:43.330 20564 20564 D ViewRootImpl@9becb14[DeliverActivity]: mHardwareRenderer.destroy()#1
11-03 16:31:43.345 20564 20564 D ViewRootImpl@9becb14[DeliverActivity]: Relayout returned: oldFrame=[0,0][768,1024] newFrame=[0,0][768,1024] result=0x1 surface={isValid=false 0} surfaceGenerationChanged=false
11-03 16:31:43.382 20564 20564 D SIGNOSIGN_SIGNED: signed
11-03 16:31:43.414 20564 23553 D MESSAGE_SERVICE: ACTION_COMPRESS_AND_UPLOAD
11-03 16:31:43.715 20564 20564 D ViewRootImpl@b8a142[MainActivity]: Relayout returned: oldFrame=[0,0][768,1024] newFrame=[0,0][768,1024] result=0x7 surface={isValid=true -2043152384} surfaceGenerationChanged=true
11-03 16:31:43.715 20564 20564 D ViewRootImpl@b8a142[MainActivity]: mHardwareRenderer.initialize() mSurface={isValid=true -2043152384} hwInitialized=true
11-03 16:31:43.782 20564 20564 D AbsListView: in onLayout changed
11-03 16:31:43.805 20564 20564 D ViewRootImpl@b8a142[MainActivity]: MSG_WINDOW_FOCUS_CHANGED 1
11-03 16:31:43.805 20564 20564 D ViewRootImpl@b8a142[MainActivity]: mHardwareRenderer.initializeIfNeeded()#2 mSurface={isValid=true -2043152384}
11-03 16:31:43.807 20564 20564 V InputMethodManager: Starting input: tba=android.view.inputmethod.EditorInfo@a9973b nm : cz.gienger.mobile ic=null
11-03 16:31:43.807 20564 20564 I InputMethodManager: startInputInner - mService.startInputOrWindowGainedFocus
11-03 16:31:43.841 20564 20564 D InputTransport: Input channel constructed: fd=71
11-03 16:31:43.841 20564 20564 D InputTransport: Input channel destroyed: fd=66
11-03 16:31:43.873 20564 20564 D ViewRootImpl@9becb14[DeliverActivity]: mHardwareRenderer.destroy()#1
11-03 16:31:43.881 20564 20564 D ViewRootImpl@9becb14[DeliverActivity]: Relayout returned: oldFrame=[0,0][768,1024] newFrame=[0,0][768,1024] result=0x1 surface={isValid=false 0} surfaceGenerationChanged=false
11-03 16:31:44.179 20564 23553 D FILE_MANAGER: Serializing delivery /data/user/0/cz.gienger.mobile/files/finished/130AT1190319652/130AT1190319652.xml
11-03 16:31:44.179 20564 23553 D FILE_MANAGER: Null files:
11-03 16:31:44.479 20564 23553 D MYINTERCEPTOR: /GiengerService.svc/sendorder
11-03 16:31:44.480 20564 23553 D OkHttp : --> POST https://testsaig1.gienger.cz/GiengerService.svc/sendorder http/1.1
11-03 16:31:44.480 20564 23553 D OkHttp : Content-Type: text/raw
11-03 16:31:44.480 20564 23553 D OkHttp : Content-Length: 213982
11-03 16:31:44.480 20564 23553 D OkHttp : filename: 130AT1190319652.xml
11-03 16:31:44.480 20564 23553 D OkHttp : Checksum: aea3d254f5945e9bded863ae66deb0f3
11-03 16:31:44.480 20564 23553 D OkHttp : token: b2472d59e0b242dcf9e87202a8654173
11-03 16:31:44.480 20564 23553 D OkHttp : --> END POST
11-03 16:31:45.679 20564 23553 D OkHttp : <-- 200 https://testsaig1.gienger.cz/GiengerService.svc/sendorder (1197ms)
11-03 16:31:45.679 20564 23553 D OkHttp : content-type: application/xml; charset=utf-8
11-03 16:31:45.679 20564 23553 D OkHttp : server: Microsoft-IIS/10.0
11-03 16:31:45.680 20564 23553 D OkHttp : x-powered-by: ASP.NET
11-03 16:31:45.680 20564 23553 D OkHttp : date: Tue, 03 Nov 2020 15:31:44 GMT
11-03 16:31:45.680 20564 23553 D OkHttp : content-length: 175
11-03 16:31:45.680 20564 23553 D OkHttp : <-- END HTTP
11-03 16:31:45.686 20564 23553 D sendOrder_SUCCESS: 200
11-03 16:31:46.036 20564 20564 D AbsListView: in onLayout changed
11-03 16:31:46.062 20564 20564 D TextView: SYANI: Clipboard API is calling: clearFilter()
