--------- beginning of main
11-03 15:52:32.919 17964 17964 I SELinux : SELinux: seapp_context_lookup: seinfo=untrusted, level=s0:c512,c768, pkgname=cz.gienger.mobile
11-03 15:52:33.080 17964 17964 I art : Starting a blocking GC AddRemoveAppImageSpace
11-03 15:52:33.085 17964 17964 W System : ClassLoader referenced unknown path: /data/app/cz.gienger.mobile-1/lib/arm
11-03 15:52:33.215 17964 17964 W art : Before Android 4.1, method android.graphics.PorterDuffColorFilter android.support.graphics.drawable.VectorDrawableCompat.updateTintFilter(android.graphics.PorterDuffColorFilter, android.content.res.ColorStateList, android.graphics.PorterDuff$Mode) would have incorrectly overridden the package-private method in android.graphics.drawable.Drawable
11-03 15:52:33.419 17964 17964 D FILES : /data/user/0/cz.gienger.mobile/files/delivery
11-03 15:52:33.430 17964 17964 D ScrollView: initGoToTop
11-03 15:52:33.514 17964 17964 D ViewRootImpl@204573a[LoginActivity]: ThreadedRenderer.create() translucent=false
11-03 15:52:33.519 17964 17964 D InputTransport: Input channel constructed: fd=59
11-03 15:52:33.519 17964 17964 D ViewRootImpl@204573a[LoginActivity]: setView = DecorView@f48ffeb[LoginActivity] touchMode=true
11-03 15:52:33.536 17964 17964 D ViewRootImpl@204573a[LoginActivity]: dispatchAttachedToWindow
11-03 15:52:33.745 17964 17964 D ViewRootImpl@204573a[LoginActivity]: Relayout returned: oldFrame=[0,0][0,0] newFrame=[0,0][768,1024] result=0x27 surface={isValid=true -1984755712} surfaceGenerationChanged=true
11-03 15:52:33.746 17964 17964 D ViewRootImpl@204573a[LoginActivity]: mHardwareRenderer.initialize() mSurface={isValid=true -1984755712} hwInitialized=true
11-03 15:52:33.750 17964 17983 I Adreno-EGL: : EGL 1.4 QUALCOMM build: Nondeterministic_AU_msm8916_32_LA.BR.1.2.9_RB1__release_AU (I750f7f2fa6)
11-03 15:52:33.750 17964 17983 I Adreno-EGL: OpenGL ES Shader Compiler Version: XE031.09.00.03
11-03 15:52:33.750 17964 17983 I Adreno-EGL: Build Date: 02/18/17 Sat 11-03 15:52:33.750 17964 17983 I Adreno-EGL: Local Branch:
11-03 15:52:33.750 17964 17983 I Adreno-EGL: Remote Branch: quic/LA.BR.1.2.9_rb1.12
11-03 15:52:33.750 17964 17983 I Adreno-EGL: Local Patches: NONE
11-03 15:52:33.750 17964 17983 I Adreno-EGL: Reconstruct Branch: NOTHING
11-03 15:52:33.756 17964 17983 I OpenGLRenderer: Initialized EGL, version 1.4
11-03 15:52:33.756 17964 17983 D OpenGLRenderer: Swap behavior 1
11-03 15:52:33.756 17964 17983 W Adreno-EGL: : EGL_BAD_ATTRIBUTE
11-03 15:52:33.756 17964 17983 I OpenGLRenderer: KHR Debugger is Disabled - EGL_BAD_ATTRIBUTE
11-03 15:52:33.802 17964 17964 D ScrollView: onsize change changed
11-03 15:52:33.896 17964 17964 D ViewRootImpl@204573a[LoginActivity]: MSG_RESIZED_REPORT: frame=Rect(0, 0 - 768, 1024) ci=Rect(0, 24 - 0, 0) vi=Rect(0, 24 - 0, 0) or=1
11-03 15:52:33.896 17964 17964 D ViewRootImpl@204573a[LoginActivity]: MSG_WINDOW_FOCUS_CHANGED 1
11-03 15:52:33.896 17964 17964 D ViewRootImpl@204573a[LoginActivity]: mHardwareRenderer.initializeIfNeeded()#2 mSurface={isValid=true -1984755712}
11-03 15:52:33.913 17964 17964 V InputMethodManager: Starting input: tba=android.view.inputmethod.EditorInfo@e369da7 nm : cz.gienger.mobile ic=com.android.internal.widget.EditableInputConnection@7743254
11-03 15:52:33.913 17964 17964 I InputMethodManager: startInputInner - mService.startInputOrWindowGainedFocus
11-03 15:52:33.925 17964 17975 D InputTransport: Input channel constructed: fd=63
11-03 15:52:33.943 17964 17964 V InputMethodManager: Starting input: tba=android.view.inputmethod.EditorInfo@4c735fd nm : cz.gienger.mobile ic=com.android.internal.widget.EditableInputConnection@9f342f2
11-03 15:52:34.436 17964 17964 D ViewRootImpl@204573a[LoginActivity]: MSG_RESIZED: frame=Rect(0, 0 - 768, 1024) ci=Rect(0, 24 - 0, 320) vi=Rect(0, 24 - 0, 320) or=1
11-03 15:52:34.451 17964 17964 D ViewRootImpl@204573a[LoginActivity]: Relayout returned: oldFrame=[0,0][768,1024] newFrame=[0,0][768,1024] result=0x1 surface={isValid=true -1984755712} surfaceGenerationChanged=false
11-03 15:52:34.454 17964 17964 D ScrollView: onsize change changed
11-03 15:53:07.065 17964 17964 D ViewRootImpl@204573a[LoginActivity]: MSG_WINDOW_FOCUS_CHANGED 0
11-03 15:53:07.354 17964 17964 D ViewRootImpl@204573a[LoginActivity]: mHardwareRenderer.destroy()#1
11-03 15:53:07.362 17964 17964 D ViewRootImpl@204573a[LoginActivity]: Relayout returned: oldFrame=[0,0][768,1024] newFrame=[0,0][768,1024] result=0x5 surface={isValid=false 0} surfaceGenerationChanged=true
11-03 15:53:07.377 17964 17964 D InputTransport: Input channel destroyed: fd=63
11-03 15:53:07.385 17964 17964 W IInputConnectionWrapper: finishComposingText on inactive InputConnection
11-03 15:53:07.387 17964 17964 W IInputConnectionWrapper: performPrivateCommand on inactive InputConnection
11-03 15:53:07.438 17964 17964 D ViewRootImpl@204573a[LoginActivity]: mHardwareRenderer.destroy()#1
11-03 15:53:07.452 17964 17964 D ViewRootImpl@204573a[LoginActivity]: Relayout returned: oldFrame=[0,0][768,1024] newFrame=[0,0][768,1024] result=0x1 surface={isValid=false 0} surfaceGenerationChanged=false
11-03 15:53:07.452 17964 17964 W IInputConnectionWrapper: reportFullscreenMode on inexistent InputConnection
11-03 15:53:07.452 17964 17964 W IInputConnectionWrapper: finishComposingText on inactive InputConnection
11-03 16:09:40.637 17964 17964 D TextView: SYANI: Clipboard API is calling: clearFilter()
11-03 16:09:40.637 17964 17964 D TextView: SYANI: Clipboard API is calling: unregisterClipboardEventListener()
11-03 16:09:40.694 17964 17964 D TextView: SYANI: Clipboard API is calling: clearFilter()
11-03 16:09:40.694 17964 17964 D TextView: SYANI: Clipboard API is calling: unregisterClipboardEventListener()
11-03 16:09:40.730 17964 17964 D ViewRootImpl@204573a[LoginActivity]: mHardwareRenderer.destroy()#4
11-03 16:09:40.730 17964 17964 D ViewRootImpl@204573a[LoginActivity]: dispatchDetachedFromWindow
11-03 16:09:40.743 17964 17964 D InputTransport: Input channel destroyed: fd=59
11-03 16:09:40.771 17964 17964 E ViewRootImpl: sendUserActionEvent() returned.
11-03 16:09:40.846 17964 17964 D FILES : /data/user/0/cz.gienger.mobile/files/delivery
11-03 16:09:40.850 17964 17964 D ScrollView: initGoToTop
11-03 16:09:40.881 17964 17964 D ViewRootImpl@876450a[LoginActivity]: ThreadedRenderer.create() translucent=false
11-03 16:09:40.895 17964 17964 D InputTransport: Input channel constructed: fd=61
11-03 16:09:40.895 17964 17964 D ViewRootImpl@876450a[LoginActivity]: setView = DecorView@320a17b[LoginActivity] touchMode=true
11-03 16:09:40.900 17964 17964 D ViewRootImpl@876450a[LoginActivity]: dispatchAttachedToWindow
11-03 16:09:40.934 17964 17964 D ViewRootImpl@876450a[LoginActivity]: Relayout returned: oldFrame=[0,0][0,0] newFrame=[0,0][768,1024] result=0x27 surface={isValid=true -1677377536} surfaceGenerationChanged=true
11-03 16:09:40.935 17964 17964 D ViewRootImpl@876450a[LoginActivity]: mHardwareRenderer.initialize() mSurface={isValid=true -1677377536} hwInitialized=true
11-03 16:09:40.950 17964 17964 D ScrollView: onsize change changed
11-03 16:09:40.971 17964 17964 D ViewRootImpl@876450a[LoginActivity]: MSG_RESIZED_REPORT: frame=Rect(0, 0 - 768, 1024) ci=Rect(0, 24 - 0, 0) vi=Rect(0, 24 - 0, 0) or=1
11-03 16:09:40.971 17964 17964 D ViewRootImpl@876450a[LoginActivity]: MSG_WINDOW_FOCUS_CHANGED 1
11-03 16:09:40.971 17964 17964 D ViewRootImpl@876450a[LoginActivity]: mHardwareRenderer.initializeIfNeeded()#2 mSurface={isValid=true -1677377536}
11-03 16:09:40.991 17964 17964 V InputMethodManager: Starting input: tba=android.view.inputmethod.EditorInfo@d2bc4f3 nm : cz.gienger.mobile ic=com.android.internal.widget.EditableInputConnection@89715b0
11-03 16:09:40.991 17964 17964 I InputMethodManager: startInputInner - mService.startInputOrWindowGainedFocus
11-03 16:09:41.008 17964 17964 D InputTransport: Input channel constructed: fd=62
11-03 16:09:41.464 17964 17964 D ViewRootImpl@876450a[LoginActivity]: MSG_RESIZED: frame=Rect(0, 0 - 768, 1024) ci=Rect(0, 24 - 0, 320) vi=Rect(0, 24 - 0, 320) or=1
11-03 16:09:41.486 17964 17964 D ViewRootImpl@876450a[LoginActivity]: Relayout returned: oldFrame=[0,0][768,1024] newFrame=[0,0][768,1024] result=0x1 surface={isValid=true -1677377536} surfaceGenerationChanged=false
11-03 16:09:41.488 17964 17964 D ScrollView: onsize change changed
11-03 16:09:42.121 17964 17964 D ViewRootImpl@876450a[LoginActivity]: ViewPostImeInputStage processPointer 0
11-03 16:09:42.199 17964 17964 D ViewRootImpl@876450a[LoginActivity]: ViewPostImeInputStage processPointer 1
11-03 16:09:42.777 17964 17964 D ViewRootImpl@876450a[LoginActivity]: The input has been finished in ImeInputStage.
11-03 16:09:42.874 17964 17964 D ViewRootImpl@876450a[LoginActivity]: The input has been finished in ImeInputStage.
11-03 16:09:42.918 17964 17964 D ViewRootImpl@876450a[LoginActivity]: MSG_RESIZED: frame=Rect(0, 0 - 768, 1024) ci=Rect(0, 24 - 0, 0) vi=Rect(0, 24 - 0, 0) or=1
11-03 16:09:42.940 17964 17964 D ViewRootImpl@876450a[LoginActivity]: Relayout returned: oldFrame=[0,0][768,1024] newFrame=[0,0][768,1024] result=0x1 surface={isValid=true -1677377536} surfaceGenerationChanged=false
11-03 16:09:42.944 17964 17964 D ScrollView: onsize change changed
11-03 16:09:43.005 17964 17964 D ViewRootImpl@876450a[LoginActivity]: ViewPostImeInputStage processKey 0
11-03 16:09:43.065 17964 17964 D ViewRootImpl@876450a[LoginActivity]: ViewPostImeInputStage processKey 1
11-03 16:09:43.819 17964 17964 D ViewRootImpl@876450a[LoginActivity]: ViewPostImeInputStage processKey 0
11-03 16:09:43.908 17964 17964 D ViewRootImpl@876450a[LoginActivity]: ViewPostImeInputStage processKey 1
11-03 16:09:44.575 17964 17964 D ViewRootImpl@876450a[LoginActivity]: ViewPostImeInputStage processPointer 0
11-03 16:09:44.721 17964 17964 D ViewRootImpl@876450a[LoginActivity]: ViewPostImeInputStage processPointer 1
11-03 16:09:45.405 17964 17964 D ViewRootImpl@876450a[LoginActivity]: MSG_WINDOW_FOCUS_CHANGED 0
11-03 16:09:45.511 17964 17964 D ViewRootImpl@876450a[LoginActivity]: mHardwareRenderer.destroy()#1
11-03 16:09:45.530 17964 17964 D ViewRootImpl@876450a[LoginActivity]: Relayout returned: oldFrame=[0,0][768,1024] newFrame=[0,0][768,1024] result=0x5 surface={isValid=false 0} surfaceGenerationChanged=true
11-03 16:09:45.534 17964 17964 D InputTransport: Input channel destroyed: fd=62
11-03 16:09:45.534 17964 17964 W IInputConnectionWrapper: reportFullscreenMode on inexistent InputConnection
11-03 16:09:45.534 17964 17964 W IInputConnectionWrapper: finishComposingText on inactive InputConnection
11-03 16:09:45.576 17964 17964 D ViewRootImpl@876450a[LoginActivity]: mHardwareRenderer.destroy()#1
11-03 16:09:45.582 17964 17964 D ViewRootImpl@876450a[LoginActivity]: Relayout returned: oldFrame=[0,0][768,1024] newFrame=[0,0][768,1024] result=0x1 surface={isValid=false 0} surfaceGenerationChanged=false
11-03 16:10:02.449 17964 17964 D TextView: SYANI: Clipboard API is calling: clearFilter()
11-03 16:10:02.449 17964 17964 D TextView: SYANI: Clipboard API is calling: unregisterClipboardEventListener()
11-03 16:10:02.454 17964 17964 D TextView: SYANI: Clipboard API is calling: clearFilter()
11-03 16:10:02.454 17964 17964 D TextView: SYANI: Clipboard API is calling: unregisterClipboardEventListener()
11-03 16:10:02.466 17964 17964 D ViewRootImpl@876450a[LoginActivity]: mHardwareRenderer.destroy()#4
11-03 16:10:02.466 17964 17964 D ViewRootImpl@876450a[LoginActivity]: dispatchDetachedFromWindow
11-03 16:10:02.476 17964 17964 D InputTransport: Input channel destroyed: fd=61
11-03 16:10:02.476 17964 17964 E ViewRootImpl: sendUserActionEvent() returned.
11-03 16:10:02.584 17964 17964 D FILES : /data/user/0/cz.gienger.mobile/files/delivery
11-03 16:10:02.588 17964 17964 D ScrollView: initGoToTop
11-03 16:10:02.618 17964 17964 D ViewRootImpl@d634a22[LoginActivity]: ThreadedRenderer.create() translucent=false
11-03 16:10:02.621 17964 17964 D InputTransport: Input channel constructed: fd=61
11-03 16:10:02.622 17964 17964 D ViewRootImpl@d634a22[LoginActivity]: setView = DecorView@c291cb3[LoginActivity] touchMode=true
11-03 16:10:02.625 17964 17964 D ViewRootImpl@d634a22[LoginActivity]: dispatchAttachedToWindow
11-03 16:10:02.656 17964 17964 D ViewRootImpl@d634a22[LoginActivity]: Relayout returned: oldFrame=[0,0][0,0] newFrame=[0,0][768,1024] result=0x27 surface={isValid=true -1990975488} surfaceGenerationChanged=true
11-03 16:10:02.657 17964 17964 D ViewRootImpl@d634a22[LoginActivity]: mHardwareRenderer.initialize() mSurface={isValid=true -1990975488} hwInitialized=true
11-03 16:10:02.664 17964 17964 D ScrollView: onsize change changed
11-03 16:10:02.683 17964 17964 D ViewRootImpl@d634a22[LoginActivity]: MSG_RESIZED_REPORT: frame=Rect(0, 0 - 768, 1024) ci=Rect(0, 24 - 0, 0) vi=Rect(0, 24 - 0, 0) or=1
11-03 16:10:02.684 17964 17964 D ViewRootImpl@d634a22[LoginActivity]: MSG_WINDOW_FOCUS_CHANGED 1
11-03 16:10:02.684 17964 17964 D ViewRootImpl@d634a22[LoginActivity]: mHardwareRenderer.initializeIfNeeded()#2 mSurface={isValid=true -1990975488}
11-03 16:10:02.698 17964 17964 V InputMethodManager: Starting input: tba=android.view.inputmethod.EditorInfo@1f16f2b nm : cz.gienger.mobile ic=com.android.internal.widget.EditableInputConnection@9ed9f88
11-03 16:10:02.698 17964 17964 I InputMethodManager: startInputInner - mService.startInputOrWindowGainedFocus
11-03 16:10:02.715 17964 17964 D InputTransport: Input channel constructed: fd=62
11-03 16:10:03.028 17964 17964 D ViewRootImpl@d634a22[LoginActivity]: MSG_RESIZED: frame=Rect(0, 0 - 768, 1024) ci=Rect(0, 24 - 0, 320) vi=Rect(0, 24 - 0, 320) or=1
11-03 16:10:03.055 17964 17964 D ViewRootImpl@d634a22[LoginActivity]: Relayout returned: oldFrame=[0,0][768,1024] newFrame=[0,0][768,1024] result=0x1 surface={isValid=true -1990975488} surfaceGenerationChanged=false
11-03 16:10:03.057 17964 17964 D ScrollView: onsize change changed
11-03 16:10:03.876 17964 17964 D ViewRootImpl@d634a22[LoginActivity]: ViewPostImeInputStage processPointer 0
11-03 16:10:04.016 17964 17964 D ViewRootImpl@d634a22[LoginActivity]: ViewPostImeInputStage processPointer 1
11-03 16:10:43.886 17964 17964 V InputMethodManager: Starting input: tba=android.view.inputmethod.EditorInfo@cafda5d nm : cz.gienger.mobile ic=com.android.internal.widget.EditableInputConnection@c567fd2
11-03 16:10:43.886 17964 17964 I InputMethodManager: startInputInner - mService.startInputOrWindowGainedFocus
11-03 16:10:43.889 17964 17964 D InputTransport: Input channel constructed: fd=71
11-03 16:10:43.889 17964 17964 D InputTransport: Input channel destroyed: fd=62
11-03 16:10:43.890 17964 17964 W IInputConnectionWrapper: performPrivateCommand on inactive InputConnection
11-03 16:10:43.897 17964 17964 W IInputConnectionWrapper: finishComposingText on inactive InputConnection
11-03 16:10:43.918 17964 17964 W IInputConnectionWrapper: performPrivateCommand on inactive InputConnection
11-03 16:10:44.017 17964 17964 W IInputConnectionWrapper: getCursorCapsMode on inactive InputConnection
11-03 16:10:44.109 17964 17964 W IInputConnectionWrapper: getCursorCapsMode on inactive InputConnection
11-03 16:10:44.147 17964 17964 W IInputConnectionWrapper: getSelectedText on inactive InputConnection
11-03 16:10:44.148 17964 17964 W IInputConnectionWrapper: getTextBeforeCursor on inactive InputConnection
11-03 16:10:44.151 17964 17964 W IInputConnectionWrapper: getTextAfterCursor on inactive InputConnection
11-03 16:11:08.090 17964 17964 V InputMethodManager: Starting input: tba=android.view.inputmethod.EditorInfo@a3298a3 nm : cz.gienger.mobile ic=com.android.internal.widget.EditableInputConnection@31ed7a0
11-03 16:11:08.090 17964 17964 I InputMethodManager: startInputInner - mService.startInputOrWindowGainedFocus
11-03 16:11:08.098 17964 17964 D InputTransport: Input channel constructed: fd=66
11-03 16:11:08.098 17964 17964 D InputTransport: Input channel destroyed: fd=71
11-03 16:11:08.119 17964 17964 W IInputConnectionWrapper: performPrivateCommand on inactive InputConnection
11-03 16:11:08.119 17964 17964 W IInputConnectionWrapper: finishComposingText on inactive InputConnection
11-03 16:11:08.310 17964 17964 D ViewRootImpl@d634a22[LoginActivity]: Relayout returned: oldFrame=[0,0][768,1024] newFrame=[0,0][768,1024] result=0x1 surface={isValid=true -1990975488} surfaceGenerationChanged=false
11-03 16:11:08.322 17964 17964 D ViewRootImpl@d634a22[LoginActivity]: MSG_RESIZED_REPORT: frame=Rect(0, 0 - 768, 1024) ci=Rect(0, 24 - 0, 320) vi=Rect(0, 24 - 0, 320) or=1
11-03 16:11:09.912 17964 17964 D ViewRootImpl@d634a22[LoginActivity]: The input has been finished in ImeInputStage.
11-03 16:11:09.972 17964 17964 D ViewRootImpl@d634a22[LoginActivity]: The input has been finished in ImeInputStage.
11-03 16:11:10.014 17964 17964 D ViewRootImpl@d634a22[LoginActivity]: MSG_RESIZED: frame=Rect(0, 0 - 768, 1024) ci=Rect(0, 24 - 0, 0) vi=Rect(0, 24 - 0, 0) or=1
11-03 16:11:10.038 17964 17964 D ViewRootImpl@d634a22[LoginActivity]: Relayout returned: oldFrame=[0,0][768,1024] newFrame=[0,0][768,1024] result=0x1 surface={isValid=true -1990975488} surfaceGenerationChanged=false
11-03 16:11:10.040 17964 17964 D ScrollView: onsize change changed
11-03 16:11:10.639 17964 17964 D ViewRootImpl@d634a22[LoginActivity]: ViewPostImeInputStage processKey 0
11-03 16:11:10.723 17964 17964 D ViewRootImpl@d634a22[LoginActivity]: ViewPostImeInputStage processKey 1
11-03 16:11:11.485 17964 17964 D ViewRootImpl@d634a22[LoginActivity]: ViewPostImeInputStage processKey 0
11-03 16:11:11.575 17964 17964 D ViewRootImpl@d634a22[LoginActivity]: ViewPostImeInputStage processKey 1
11-03 16:11:12.189 17964 17964 D ViewRootImpl@d634a22[LoginActivity]: ViewPostImeInputStage processKey 0
11-03 16:11:12.280 17964 17964 D ViewRootImpl@d634a22[LoginActivity]: ViewPostImeInputStage processKey 1
11-03 16:11:12.413 17964 17964 D ViewRootImpl@d634a22[LoginActivity]: ViewPostImeInputStage processKey 0
11-03 16:11:12.490 17964 17964 D ViewRootImpl@d634a22[LoginActivity]: ViewPostImeInputStage processKey 1
11-03 16:11:12.575 17964 17964 D ViewRootImpl@d634a22[LoginActivity]: ViewPostImeInputStage processKey 0
11-03 16:11:12.665 17964 17964 D ViewRootImpl@d634a22[LoginActivity]: ViewPostImeInputStage processKey 1
11-03 16:11:12.803 17964 17964 D ViewRootImpl@d634a22[LoginActivity]: ViewPostImeInputStage processKey 0
11-03 16:11:12.871 17964 17964 D ViewRootImpl@d634a22[LoginActivity]: ViewPostImeInputStage processKey 1
11-03 16:11:13.990 17964 17964 D ViewRootImpl@d634a22[LoginActivity]: MSG_WINDOW_FOCUS_CHANGED 0
11-03 16:11:14.090 17964 17964 D ViewRootImpl@d634a22[LoginActivity]: mHardwareRenderer.destroy()#1
11-03 16:11:14.105 17964 17964 D ViewRootImpl@d634a22[LoginActivity]: Relayout returned: oldFrame=[0,0][768,1024] newFrame=[0,0][768,1024] result=0x5 surface={isValid=false 0} surfaceGenerationChanged=true
11-03 16:11:14.144 17964 17964 D InputTransport: Input channel destroyed: fd=66
11-03 16:11:14.144 17964 17964 W IInputConnectionWrapper: reportFullscreenMode on inexistent InputConnection
11-03 16:11:14.144 17964 17964 W IInputConnectionWrapper: finishComposingText on inactive InputConnection
11-03 16:11:14.175 17964 17964 D ViewRootImpl@d634a22[LoginActivity]: mHardwareRenderer.destroy()#1
11-03 16:11:14.204 17964 17964 D ViewRootImpl@d634a22[LoginActivity]: Relayout returned: oldFrame=[0,0][768,1024] newFrame=[0,0][768,1024] result=0x1 surface={isValid=false 0} surfaceGenerationChanged=false
11-03 16:11:18.620 17964 17964 D ScrollView: initGoToTop
11-03 16:11:18.668 17964 17964 D ViewRootImpl@87ed68d[ExportActivity]: ThreadedRenderer.create() translucent=false
11-03 16:11:18.671 17964 17964 D InputTransport: Input channel constructed: fd=63
11-03 16:11:18.671 17964 17964 D ViewRootImpl@87ed68d[ExportActivity]: setView = DecorView@16e8042[ExportActivity] touchMode=true
11-03 16:11:18.673 17964 17964 D ViewRootImpl@87ed68d[ExportActivity]: dispatchAttachedToWindow
11-03 16:11:18.721 17964 17964 D ViewRootImpl@87ed68d[ExportActivity]: Relayout returned: oldFrame=[0,0][0,0] newFrame=[0,0][768,1024] result=0x27 surface={isValid=true -1994125312} surfaceGenerationChanged=true
11-03 16:11:18.722 17964 17964 D ViewRootImpl@87ed68d[ExportActivity]: mHardwareRenderer.initialize() mSurface={isValid=true -1994125312} hwInitialized=true
11-03 16:11:18.725 17964 17964 D ScrollView: onsize change changed
11-03 16:11:18.750 17964 17964 D ViewRootImpl@87ed68d[ExportActivity]: MSG_RESIZED_REPORT: frame=Rect(0, 0 - 768, 1024) ci=Rect(0, 24 - 0, 0) vi=Rect(0, 24 - 0, 0) or=1
11-03 16:11:18.750 17964 17964 D ViewRootImpl@87ed68d[ExportActivity]: MSG_WINDOW_FOCUS_CHANGED 1
11-03 16:11:18.750 17964 17964 D ViewRootImpl@87ed68d[ExportActivity]: mHardwareRenderer.initializeIfNeeded()#2 mSurface={isValid=true -1994125312}
11-03 16:11:18.751 17964 17964 V InputMethodManager: Starting input: tba=android.view.inputmethod.EditorInfo@c2ce853 nm : cz.gienger.mobile ic=null
11-03 16:11:18.751 17964 17964 I InputMethodManager: startInputInner - mService.startInputOrWindowGainedFocus
11-03 16:11:18.759 17964 17964 D InputTransport: Input channel constructed: fd=64
11-03 16:11:19.987 17964 17964 D ViewRootImpl@87ed68d[ExportActivity]: ViewPostImeInputStage processKey 0
11-03 16:11:20.076 17964 17964 D ViewRootImpl@87ed68d[ExportActivity]: ViewPostImeInputStage processKey 1
11-03 16:11:20.154 17964 17964 D ViewRootImpl@87ed68d[ExportActivity]: MSG_WINDOW_FOCUS_CHANGED 0
11-03 16:11:20.197 17964 17964 D InputTransport: Input channel destroyed: fd=64
11-03 16:11:20.254 17964 17964 D ViewRootImpl@87ed68d[ExportActivity]: mHardwareRenderer.destroy()#1
11-03 16:11:20.261 17964 17964 D ViewRootImpl@87ed68d[ExportActivity]: Relayout returned: oldFrame=[0,0][768,1024] newFrame=[0,0][768,1024] result=0x5 surface={isValid=false 0} surfaceGenerationChanged=true
11-03 16:11:20.514 17964 17964 D ViewRootImpl@87ed68d[ExportActivity]: mHardwareRenderer.destroy()#4
11-03 16:11:20.515 17964 17964 D ViewRootImpl@87ed68d[ExportActivity]: dispatchDetachedFromWindow
11-03 16:11:20.523 17964 17964 D InputTransport: Input channel destroyed: fd=63
11-03 16:11:21.172 17964 17964 D TextView: SYANI: Clipboard API is calling: clearFilter()
11-03 16:11:21.172 17964 17964 D TextView: SYANI: Clipboard API is calling: unregisterClipboardEventListener()
11-03 16:11:21.175 17964 17964 D TextView: SYANI: Clipboard API is calling: clearFilter()
11-03 16:11:21.175 17964 17964 D TextView: SYANI: Clipboard API is calling: unregisterClipboardEventListener()
11-03 16:11:21.192 17964 17964 D ViewRootImpl@d634a22[LoginActivity]: mHardwareRenderer.destroy()#4
11-03 16:11:21.192 17964 17964 D ViewRootImpl@d634a22[LoginActivity]: dispatchDetachedFromWindow
11-03 16:11:21.197 17964 17964 D InputTransport: Input channel destroyed: fd=61
11-03 16:11:21.307 17964 17964 D FILES : /data/user/0/cz.gienger.mobile/files/delivery
11-03 16:11:21.311 17964 17964 D ScrollView: initGoToTop
11-03 16:11:21.333 17964 17964 D ViewRootImpl@5194f25[LoginActivity]: ThreadedRenderer.create() translucent=false
11-03 16:11:21.335 17964 17964 D InputTransport: Input channel constructed: fd=62
11-03 16:11:21.336 17964 17964 D ViewRootImpl@5194f25[LoginActivity]: setView = DecorView@d8228fa[LoginActivity] touchMode=true
11-03 16:11:21.339 17964 17964 D ViewRootImpl@5194f25[LoginActivity]: dispatchAttachedToWindow
11-03 16:11:21.360 17964 17964 D ViewRootImpl@5194f25[LoginActivity]: Relayout returned: oldFrame=[0,0][0,0] newFrame=[0,0][768,1024] result=0x27 surface={isValid=true -1993873408} surfaceGenerationChanged=true
11-03 16:11:21.361 17964 17964 D ViewRootImpl@5194f25[LoginActivity]: mHardwareRenderer.initialize() mSurface={isValid=true -1993873408} hwInitialized=true
11-03 16:11:21.365 17964 17964 D ScrollView: onsize change changed
11-03 16:11:21.386 17964 17964 D ViewRootImpl@5194f25[LoginActivity]: MSG_RESIZED_REPORT: frame=Rect(0, 0 - 768, 1024) ci=Rect(0, 24 - 0, 0) vi=Rect(0, 24 - 0, 0) or=1
11-03 16:11:21.386 17964 17964 D ViewRootImpl@5194f25[LoginActivity]: MSG_WINDOW_FOCUS_CHANGED 1
11-03 16:11:21.386 17964 17964 D ViewRootImpl@5194f25[LoginActivity]: mHardwareRenderer.initializeIfNeeded()#2 mSurface={isValid=true -1993873408}
11-03 16:11:21.399 17964 17964 V InputMethodManager: Starting input: tba=android.view.inputmethod.EditorInfo@268dd52 nm : cz.gienger.mobile ic=com.android.internal.widget.EditableInputConnection@9816823
11-03 16:11:21.399 17964 17964 I InputMethodManager: startInputInner - mService.startInputOrWindowGainedFocus
11-03 16:11:21.403 17964 17964 D InputTransport: Input channel constructed: fd=63
11-03 16:11:21.739 17964 17964 D ViewRootImpl@5194f25[LoginActivity]: MSG_RESIZED: frame=Rect(0, 0 - 768, 1024) ci=Rect(0, 24 - 0, 320) vi=Rect(0, 24 - 0, 320) or=1
11-03 16:11:21.761 17964 17964 D ViewRootImpl@5194f25[LoginActivity]: Relayout returned: oldFrame=[0,0][768,1024] newFrame=[0,0][768,1024] result=0x1 surface={isValid=true -1993873408} surfaceGenerationChanged=false
11-03 16:11:21.764 17964 17964 D ScrollView: onsize change changed
11-03 16:11:22.601 17964 17964 D ViewRootImpl@5194f25[LoginActivity]: ViewPostImeInputStage processPointer 0
11-03 16:11:22.662 17964 17964 D ViewRootImpl@5194f25[LoginActivity]: ViewPostImeInputStage processPointer 1
11-03 16:11:35.183 20509 20509 I : SS_ART_lib [I]: permission is absent: /data/app/cz.gienger.mobile-2/base.apk
11-03 16:11:35.184 20509 20509 I : SS_ART_lib [I]: access to SS denied
11-03 16:11:36.982 20564 20564 I SELinux : SELinux: seapp_context_lookup: seinfo=untrusted, level=s0:c512,c768, pkgname=cz.gienger.mobile
11-03 16:11:37.141 20564 20564 W System : ClassLoader referenced unknown path: /data/app/cz.gienger.mobile-2/lib/arm
11-03 16:11:37.246 20564 20564 W art : Before Android 4.1, method android.graphics.PorterDuffColorFilter android.support.graphics.drawable.VectorDrawableCompat.updateTintFilter(android.graphics.PorterDuffColorFilter, android.content.res.ColorStateList, android.graphics.PorterDuff$Mode) would have incorrectly overridden the package-private method in android.graphics.drawable.Drawable
11-03 16:11:37.510 20564 20564 D FILES : /data/user/0/cz.gienger.mobile/files/delivery
11-03 16:11:37.518 20564 20564 D ScrollView: initGoToTop
11-03 16:11:37.650 20564 20564 D ViewRootImpl@204573a[LoginActivity]: ThreadedRenderer.create() translucent=false
11-03 16:11:37.655 20564 20564 D InputTransport: Input channel constructed: fd=59
11-03 16:11:37.655 20564 20564 D ViewRootImpl@204573a[LoginActivity]: setView = DecorView@f48ffeb[LoginActivity] touchMode=true
11-03 16:11:37.679 20564 20564 D ViewRootImpl@204573a[LoginActivity]: dispatchAttachedToWindow
11-03 16:11:37.713 20564 20564 D ViewRootImpl@204573a[LoginActivity]: Relayout returned: oldFrame=[0,0][0,0] newFrame=[0,0][768,1024] result=0x27 surface={isValid=true -1981290496} surfaceGenerationChanged=true
11-03 16:11:37.714 20564 20564 D ViewRootImpl@204573a[LoginActivity]: mHardwareRenderer.initialize() mSurface={isValid=true -1981290496} hwInitialized=true
11-03 16:11:37.719 20564 20610 I Adreno-EGL: : EGL 1.4 QUALCOMM build: Nondeterministic_AU_msm8916_32_LA.BR.1.2.9_RB1__release_AU (I750f7f2fa6)
11-03 16:11:37.719 20564 20610 I Adreno-EGL: OpenGL ES Shader Compiler Version: XE031.09.00.03
11-03 16:11:37.719 20564 20610 I Adreno-EGL: Build Date: 02/18/17 Sat 11-03 16:11:37.719 20564 20610 I Adreno-EGL: Local Branch:
11-03 16:11:37.719 20564 20610 I Adreno-EGL: Remote Branch: quic/LA.BR.1.2.9_rb1.12
11-03 16:11:37.719 20564 20610 I Adreno-EGL: Local Patches: NONE
11-03 16:11:37.719 20564 20610 I Adreno-EGL: Reconstruct Branch: NOTHING
11-03 16:11:37.727 20564 20610 I OpenGLRenderer: Initialized EGL, version 1.4
11-03 16:11:37.727 20564 20610 D OpenGLRenderer: Swap behavior 1
11-03 16:11:37.727 20564 20610 W Adreno-EGL: : EGL_BAD_ATTRIBUTE
11-03 16:11:37.727 20564 20610 I OpenGLRenderer: KHR Debugger is Disabled - EGL_BAD_ATTRIBUTE
11-03 16:11:37.738 20564 20564 D ScrollView: onsize change changed
11-03 16:11:37.867 20564 20564 D ViewRootImpl@204573a[LoginActivity]: MSG_RESIZED_REPORT: frame=Rect(0, 0 - 768, 1024) ci=Rect(0, 24 - 0, 0) vi=Rect(0, 24 - 0, 0) or=1
11-03 16:11:37.867 20564 20564 D ViewRootImpl@204573a[LoginActivity]: MSG_WINDOW_FOCUS_CHANGED 1
11-03 16:11:37.867 20564 20564 D ViewRootImpl@204573a[LoginActivity]: mHardwareRenderer.initializeIfNeeded()#2 mSurface={isValid=true -1981290496}
11-03 16:11:37.888 20564 20564 V InputMethodManager: Starting input: tba=android.view.inputmethod.EditorInfo@e369da7 nm : cz.gienger.mobile ic=com.android.internal.widget.EditableInputConnection@7743254
11-03 16:11:37.889 20564 20564 I InputMethodManager: startInputInner - mService.startInputOrWindowGainedFocus
11-03 16:11:37.900 20564 20576 D InputTransport: Input channel constructed: fd=62
11-03 16:11:37.921 20564 20564 V InputMethodManager: Starting input: tba=android.view.inputmethod.EditorInfo@4c735fd nm : cz.gienger.mobile ic=com.android.internal.widget.EditableInputConnection@9f342f2
11-03 16:11:38.247 20564 20564 D ViewRootImpl@204573a[LoginActivity]: MSG_RESIZED: frame=Rect(0, 0 - 768, 1024) ci=Rect(0, 24 - 0, 320) vi=Rect(0, 24 - 0, 320) or=1
11-03 16:11:38.267 20564 20564 D ViewRootImpl@204573a[LoginActivity]: Relayout returned: oldFrame=[0,0][768,1024] newFrame=[0,0][768,1024] result=0x1 surface={isValid=true -1981290496} surfaceGenerationChanged=false
11-03 16:11:38.271 20564 20564 D ScrollView: onsize change changed
11-03 16:11:39.319 20564 20564 D ViewRootImpl@204573a[LoginActivity]: The input has been finished in ImeInputStage.
11-03 16:11:39.393 20564 20564 D ViewRootImpl@204573a[LoginActivity]: The input has been finished in ImeInputStage.
11-03 16:11:39.444 20564 20564 D ViewRootImpl@204573a[LoginActivity]: MSG_RESIZED: frame=Rect(0, 0 - 768, 1024) ci=Rect(0, 24 - 0, 0) vi=Rect(0, 24 - 0, 0) or=1
11-03 16:11:39.466 20564 20564 D ViewRootImpl@204573a[LoginActivity]: Relayout returned: oldFrame=[0,0][768,1024] newFrame=[0,0][768,1024] result=0x1 surface={isValid=true -1981290496} surfaceGenerationChanged=false
11-03 16:11:39.470 20564 20564 D ScrollView: onsize change changed
11-03 16:11:40.861 20564 20564 D ViewRootImpl@204573a[LoginActivity]: ViewPostImeInputStage processPointer 0
11-03 16:11:41.522 20564 20564 D ViewRootImpl@204573a[LoginActivity]: ViewPostImeInputStage processPointer 1
11-03 16:11:41.522 20564 20564 D ViewRootImpl@204573a[LoginActivity]: ViewPostImeInputStage processPointer 0
11-03 16:11:41.631 20564 20564 D ViewRootImpl@204573a[LoginActivity]: ViewPostImeInputStage processPointer 1
11-03 16:11:42.541 20564 20564 D ViewRootImpl@204573a[LoginActivity]: ViewPostImeInputStage processKey 0
11-03 16:11:42.622 20564 20564 D ViewRootImpl@204573a[LoginActivity]: ViewPostImeInputStage processKey 1
11-03 16:11:44.042 20564 20564 D ViewRootImpl@204573a[LoginActivity]: ViewPostImeInputStage processPointer 0
11-03 16:11:44.424 20564 20564 D ViewRootImpl@204573a[LoginActivity]: ViewPostImeInputStage processPointer 1
11-03 16:11:45.641 20564 20564 D ViewRootImpl@204573a[LoginActivity]: ViewPostImeInputStage processPointer 0
11-03 16:11:45.724 20564 20564 D ViewRootImpl@204573a[LoginActivity]: ViewPostImeInputStage processPointer 1
11-03 16:11:45.735 20564 20564 D InputMethodManager: SSI - flag : 0 Pid : 20564 view : cz.gienger.mobile
11-03 16:11:46.097 20564 20564 D ViewRootImpl@204573a[LoginActivity]: MSG_RESIZED: frame=Rect(0, 0 - 768, 1024) ci=Rect(0, 24 - 0, 320) vi=Rect(0, 24 - 0, 320) or=1
11-03 16:11:46.118 20564 20564 D ViewRootImpl@204573a[LoginActivity]: Relayout returned: oldFrame=[0,0][768,1024] newFrame=[0,0][768,1024] result=0x1 surface={isValid=true -1981290496} surfaceGenerationChanged=false
11-03 16:11:46.121 20564 20564 D ScrollView: onsize change changed
11-03 16:11:46.351 20564 20564 D ViewRootImpl@204573a[LoginActivity]: ViewPostImeInputStage processPointer 0
11-03 16:11:46.425 20564 20564 D ViewRootImpl@204573a[LoginActivity]: ViewPostImeInputStage processPointer 1
11-03 16:11:46.427 20564 20564 D InputMethodManager: SSI - flag : 0 Pid : 20564 view : cz.gienger.mobile
11-03 16:11:49.039 20564 20564 D ViewRootImpl@204573a[LoginActivity]: ViewPostImeInputStage processPointer 0
11-03 16:11:49.100 20564 20564 D ViewRootImpl@204573a[LoginActivity]: ViewPostImeInputStage processPointer 1
11-03 16:11:49.115 20564 20564 V InputMethodManager: Starting input: tba=android.view.inputmethod.EditorInfo@432698f nm : cz.gienger.mobile ic=com.android.internal.widget.EditableInputConnection@93ab41c
11-03 16:11:49.116 20564 20564 I InputMethodManager: startInputInner - mService.startInputOrWindowGainedFocus
11-03 16:11:49.118 20564 20564 D InputTransport: Input channel constructed: fd=71
11-03 16:11:49.118 20564 20564 D InputTransport: Input channel destroyed: fd=62
11-03 16:11:49.118 20564 20564 D InputMethodManager: SSI - flag : 0 Pid : 20564 view : cz.gienger.mobile
11-03 16:11:49.122 20564 20564 W IInputConnectionWrapper: performPrivateCommand on inactive InputConnection
11-03 16:11:49.122 20564 20564 W IInputConnectionWrapper: finishComposingText on inactive InputConnection
11-03 16:11:52.182 20564 20564 D ViewRootImpl@204573a[LoginActivity]: ViewPostImeInputStage processPointer 0
11-03 16:11:52.255 20564 20564 D ViewRootImpl@204573a[LoginActivity]: ViewPostImeInputStage processPointer 1
11-03 16:11:52.300 20564 20564 D ScrollView: initGoToTop
11-03 16:11:52.307 20564 20564 D ScrollView: initGoToTop
11-03 16:11:52.324 20564 20564 D ViewRootImpl@92b9503[LoginActivity]: ThreadedRenderer.create() translucent=true
11-03 16:11:52.330 20564 20564 D InputTransport: Input channel constructed: fd=66
11-03 16:11:52.331 20564 20564 D ViewRootImpl@92b9503[LoginActivity]: setView = DecorView@2478c80[LoginActivity] touchMode=true
11-03 16:11:52.375 20564 20564 D NetworkSecurityConfig: No Network Security Config specified, using platform default
11-03 16:11:52.461 20564 20564 D ViewRootImpl@92b9503[LoginActivity]: dispatchAttachedToWindow
11-03 16:11:52.461 20564 20935 D MYINTERCEPTOR: /GiengerService.svc/oauth
11-03 16:11:52.462 20564 20935 D OkHttp : --> POST https://testsaig1.gienger.cz/GiengerService.svc/oauth http/1.1
11-03 16:11:52.462 20564 20935 D OkHttp : Content-Type: application/xml; charset=UTF-8
11-03 16:11:52.462 20564 20935 D OkHttp : Content-Length: 298
11-03 16:11:52.462 20564 20935 D OkHttp : --> END POST
11-03 16:11:52.497 20564 20564 D ViewRootImpl@92b9503[LoginActivity]: Relayout returned: oldFrame=[0,0][0,0] newFrame=[108,466][660,582] result=0x27 surface={isValid=true -2004336640} surfaceGenerationChanged=true
11-03 16:11:52.497 20564 20564 D ViewRootImpl@92b9503[LoginActivity]: mHardwareRenderer.initialize() mSurface={isValid=true -2004336640} hwInitialized=true
11-03 16:11:52.515 20564 20564 D ViewRootImpl@92b9503[LoginActivity]: MSG_WINDOW_FOCUS_CHANGED 1
11-03 16:11:52.516 20564 20564 D ViewRootImpl@92b9503[LoginActivity]: mHardwareRenderer.initializeIfNeeded()#2 mSurface={isValid=true -2004336640}
11-03 16:11:52.562 20564 20564 D ViewRootImpl@92b9503[LoginActivity]: MSG_RESIZED_REPORT: frame=Rect(108, 466 - 660, 582) ci=Rect(0, 0 - 0, 0) vi=Rect(0, 0 - 0, 0) or=1
11-03 16:11:52.581 20564 20564 D ViewRootImpl@204573a[LoginActivity]: MSG_WINDOW_FOCUS_CHANGED 0
11-03 16:11:53.261 20564 20935 D OkHttp : <-- 200 https://testsaig1.gienger.cz/GiengerService.svc/oauth (798ms)
11-03 16:11:53.261 20564 20935 D OkHttp : content-type: application/xml; charset=utf-8
11-03 16:11:53.262 20564 20935 D OkHttp : server: Microsoft-IIS/10.0
11-03 16:11:53.262 20564 20935 D OkHttp : x-powered-by: ASP.NET
11-03 16:11:53.262 20564 20935 D OkHttp : date: Tue, 03 Nov 2020 15:11:52 GMT
11-03 16:11:53.262 20564 20935 D OkHttp : content-length: 292
11-03 16:11:53.262 20564 20935 D OkHttp : <-- END HTTP
11-03 16:11:53.305 20564 20935 D MYINTERCEPTOR: /GiengerService.svc/userinfo
11-03 16:11:53.305 20564 20935 D OkHttp : --> POST https://testsaig1.gienger.cz/GiengerService.svc/userinfo http/1.1
11-03 16:11:53.305 20564 20935 D OkHttp : Content-Type: application/xml; charset=UTF-8
11-03 16:11:53.305 20564 20935 D OkHttp : Content-Length: 139
11-03 16:11:53.305 20564 20935 D OkHttp : token: b2472d59e0b242dcf9e87202a8654173
11-03 16:11:53.305 20564 20935 D OkHttp : --> END POST
11-03 16:11:53.345 20564 20935 D OkHttp : <-- 200 https://testsaig1.gienger.cz/GiengerService.svc/userinfo (39ms)
11-03 16:11:53.345 20564 20935 D OkHttp : content-type: application/xml; charset=utf-8
11-03 16:11:53.345 20564 20935 D OkHttp : server: Microsoft-IIS/10.0
11-03 16:11:53.345 20564 20935 D OkHttp : x-powered-by: ASP.NET
11-03 16:11:53.346 20564 20935 D OkHttp : date: Tue, 03 Nov 2020 15:11:52 GMT
11-03 16:11:53.346 20564 20935 D OkHttp : content-length: 195
11-03 16:11:53.346 20564 20935 D OkHttp : <-- END HTTP
11-03 16:11:53.406 20564 20564 D ScrollView: initGoToTop
11-03 16:11:53.411 20564 20564 D ScrollView: initGoToTop
11-03 16:11:53.422 20564 20564 D ViewRootImpl@b4289e9[LoginActivity]: ThreadedRenderer.create() translucent=true
11-03 16:11:53.427 20564 20564 D InputTransport: Input channel constructed: fd=83
11-03 16:11:53.428 20564 20564 D ViewRootImpl@b4289e9[LoginActivity]: setView = DecorView@48fe66e[LoginActivity] touchMode=true
11-03 16:11:53.440 20564 20564 D ViewRootImpl@92b9503[LoginActivity]: mHardwareRenderer.destroy()#4
11-03 16:11:53.441 20564 20564 D ViewRootImpl@92b9503[LoginActivity]: dispatchDetachedFromWindow
11-03 16:11:53.452 20564 20564 D InputTransport: Input channel destroyed: fd=66
11-03 16:11:53.461 20564 20564 D ViewRootImpl@204573a[LoginActivity]: Relayout returned: oldFrame=[0,0][768,1024] newFrame=[0,0][768,1024] result=0x1 surface={isValid=true -1981290496} surfaceGenerationChanged=false
11-03 16:11:53.471 20564 20564 D ViewRootImpl@b4289e9[LoginActivity]: dispatchAttachedToWindow
11-03 16:11:53.515 20564 20564 D ViewRootImpl@b4289e9[LoginActivity]: Relayout returned: oldFrame=[0,0][0,0] newFrame=[108,423][660,624] result=0x27 surface={isValid=true -2004336640} surfaceGenerationChanged=true
11-03 16:11:53.515 20564 20564 D ViewRootImpl@b4289e9[LoginActivity]: mHardwareRenderer.initialize() mSurface={isValid=true -2004336640} hwInitialized=true
11-03 16:11:53.520 20564 20564 D ScrollView: onsize change changed
11-03 16:11:53.521 20564 20564 D ScrollView: onsize change changed
11-03 16:11:53.521 20564 20564 D ViewRootImpl@b4289e9[LoginActivity]: MSG_WINDOW_FOCUS_CHANGED 1
11-03 16:11:53.522 20564 20564 D ViewRootImpl@b4289e9[LoginActivity]: mHardwareRenderer.initializeIfNeeded()#2 mSurface={isValid=true -2004336640}
11-03 16:11:53.534 20564 20564 D ViewRootImpl@b4289e9[LoginActivity]: MSG_RESIZED_REPORT: frame=Rect(108, 423 - 660, 624) ci=Rect(0, 0 - 0, 0) vi=Rect(0, 0 - 0, 0) or=1
11-03 16:11:53.555 20564 20564 E ViewRootImpl: sendUserActionEvent() returned.
11-03 16:11:54.427 20564 20564 D ViewRootImpl@b4289e9[LoginActivity]: ViewPostImeInputStage processPointer 0
11-03 16:11:54.532 20564 20564 D ViewRootImpl@b4289e9[LoginActivity]: ViewPostImeInputStage processPointer 1
11-03 16:11:54.554 20564 20564 D ViewRootImpl@b4289e9[LoginActivity]: mHardwareRenderer.destroy()#4
11-03 16:11:54.554 20564 20564 D ViewRootImpl@b4289e9[LoginActivity]: dispatchDetachedFromWindow
11-03 16:11:54.565 20564 20564 D InputTransport: Input channel destroyed: fd=83
11-03 16:11:54.615 20564 20935 D MYINTERCEPTOR: /GiengerService.svc/manifests
11-03 16:11:54.620 20564 20935 D OkHttp : --> GET https://testsaig1.gienger.cz/GiengerService.svc/manifests http/1.1
11-03 16:11:54.621 20564 20935 D OkHttp : state: CZ
11-03 16:11:54.621 20564 20935 D OkHttp : token: b2472d59e0b242dcf9e87202a8654173
11-03 16:11:54.621 20564 20935 D OkHttp : --> END GET
11-03 16:11:54.626 20564 20564 D TextView: SYANI: Clipboard API is calling: clearFilter()
11-03 16:11:54.626 20564 20564 D TextView: SYANI: Clipboard API is calling: unregisterClipboardEventListener()
11-03 16:11:54.627 20564 20564 D TextView: SYANI: Clipboard API is calling: clearFilter()
11-03 16:11:54.627 20564 20564 D TextView: SYANI: Clipboard API is calling: unregisterClipboardEventListener()
11-03 16:11:54.640 20564 20564 D ViewRootImpl@204573a[LoginActivity]: mHardwareRenderer.destroy()#4
11-03 16:11:54.640 20564 20564 D ViewRootImpl@204573a[LoginActivity]: dispatchDetachedFromWindow
11-03 16:11:54.645 20564 20564 D InputTransport: Input channel destroyed: fd=59
11-03 16:11:54.655 20564 20935 D OkHttp : <-- 200 https://testsaig1.gienger.cz/GiengerService.svc/manifests (33ms)
11-03 16:11:54.656 20564 20935 D OkHttp : content-type: application/xml; charset=utf-8
11-03 16:11:54.656 20564 20935 D OkHttp : server: Microsoft-IIS/10.0
11-03 16:11:54.656 20564 20935 D OkHttp : x-powered-by: ASP.NET
11-03 16:11:54.656 20564 20935 D OkHttp : date: Tue, 03 Nov 2020 15:11:53 GMT
11-03 16:11:54.656 20564 20935 D OkHttp : content-length: 12682
11-03 16:11:54.656 20564 20935 D OkHttp : <-- END HTTP
11-03 16:11:54.688 20564 20564 D FILES : /data/user/0/cz.gienger.mobile/files/delivery
11-03 16:11:54.706 20564 20944 D MYINTERCEPTOR: /GiengerService.svc/manifests
11-03 16:11:54.712 20564 20944 D OkHttp : --> GET https://testsaig1.gienger.cz/GiengerService.svc/manifests http/1.1
11-03 16:11:54.713 20564 20944 D OkHttp : state: CZ
11-03 16:11:54.713 20564 20944 D OkHttp : token: b2472d59e0b242dcf9e87202a8654173
11-03 16:11:54.713 20564 20944 D OkHttp : --> END GET
11-03 16:11:54.718 20564 20569 I art : Do partial code cache collection, code=18KB, data=30KB
11-03 16:11:54.724 20564 20569 I art : After code cache collection, code=18KB, data=30KB
11-03 16:11:54.725 20564 20569 I art : Increasing code cache capacity to 128KB
11-03 16:11:54.755 20564 20944 D OkHttp : <-- 200 https://testsaig1.gienger.cz/GiengerService.svc/manifests (42ms)
11-03 16:11:54.755 20564 20944 D OkHttp : content-type: application/xml; charset=utf-8
11-03 16:11:54.755 20564 20944 D OkHttp : server: Microsoft-IIS/10.0
11-03 16:11:54.755 20564 20944 D OkHttp : x-powered-by: ASP.NET
11-03 16:11:54.755 20564 20944 D OkHttp : date: Tue, 03 Nov 2020 15:11:53 GMT
11-03 16:11:54.755 20564 20944 D OkHttp : content-length: 12682
11-03 16:11:54.755 20564 20944 D OkHttp : <-- END HTTP
11-03 16:11:54.761 20564 20945 D MYINTERCEPTOR: /GiengerService.svc/manifests
11-03 16:11:54.764 20564 20945 D OkHttp : --> GET https://testsaig1.gienger.cz/GiengerService.svc/manifests http/1.1
11-03 16:11:54.764 20564 20945 D OkHttp : state: CZ
11-03 16:11:54.764 20564 20945 D OkHttp : token: b2472d59e0b242dcf9e87202a8654173
11-03 16:11:54.764 20564 20945 D OkHttp : --> END GET
11-03 16:11:54.765 20564 20564 D ViewRootImpl@bf94e92[LoginActivity]: ThreadedRenderer.create() translucent=false
11-03 16:11:54.770 20564 20564 D InputTransport: Input channel constructed: fd=63
11-03 16:11:54.770 20564 20564 D ViewRootImpl@bf94e92[LoginActivity]: setView = DecorView@6032063[LoginActivity] touchMode=true
11-03 16:11:54.772 20564 20564 D ViewRootImpl@bf94e92[LoginActivity]: dispatchAttachedToWindow
11-03 16:11:54.798 20564 20945 D OkHttp : <-- 200 https://testsaig1.gienger.cz/GiengerService.svc/manifests (33ms)
11-03 16:11:54.798 20564 20945 D OkHttp : content-type: application/xml; charset=utf-8
11-03 16:11:54.798 20564 20945 D OkHttp : server: Microsoft-IIS/10.0
11-03 16:11:54.798 20564 20945 D OkHttp : x-powered-by: ASP.NET
11-03 16:11:54.798 20564 20945 D OkHttp : date: Tue, 03 Nov 2020 15:11:53 GMT
11-03 16:11:54.798 20564 20945 D OkHttp : content-length: 12682
11-03 16:11:54.798 20564 20945 D OkHttp : <-- END HTTP
11-03 16:11:54.820 20564 20564 D ViewRootImpl@bf94e92[LoginActivity]: Relayout returned: oldFrame=[0,0][0,0] newFrame=[0,0][768,1024] result=0x27 surface={isValid=true -2004164608} surfaceGenerationChanged=true
11-03 16:11:54.821 20564 20564 D ViewRootImpl@bf94e92[LoginActivity]: mHardwareRenderer.initialize() mSurface={isValid=true -2004164608} hwInitialized=true
11-03 16:11:54.832 20564 20564 D AbsListView: in onLayout changed
11-03 16:11:54.833 20564 20564 E ViewRootImpl: sendUserActionEvent() returned.
11-03 16:11:54.833 20564 20564 E ViewRootImpl: sendUserActionEvent() returned.
11-03 16:11:54.885 20564 20564 D ViewRootImpl@bf94e92[LoginActivity]: MSG_RESIZED_REPORT: frame=Rect(0, 0 - 768, 1024) ci=Rect(0, 24 - 0, 320) vi=Rect(0, 24 - 0, 320) or=1
11-03 16:11:54.885 20564 20564 D ViewRootImpl@bf94e92[LoginActivity]: MSG_WINDOW_FOCUS_CHANGED 1
11-03 16:11:54.885 20564 20564 D ViewRootImpl@bf94e92[LoginActivity]: mHardwareRenderer.initializeIfNeeded()#2 mSurface={isValid=true -2004164608}
11-03 16:11:54.887 20564 20564 V InputMethodManager: Starting input: tba=android.view.inputmethod.EditorInfo@5bc1dea nm : cz.gienger.mobile ic=null
11-03 16:11:54.887 20564 20564 I InputMethodManager: startInputInner - mService.startInputOrWindowGainedFocus
11-03 16:11:54.899 20564 20564 D InputTransport: Input channel constructed: fd=64
11-03 16:11:54.899 20564 20564 D InputTransport: Input channel destroyed: fd=71
11-03 16:11:54.913 20564 20564 E ViewRootImpl: sendUserActionEvent() returned.
11-03 16:11:54.932 20564 20564 W IInputConnectionWrapper: finishComposingText on inactive InputConnection
11-03 16:11:54.932 20564 20564 W IInputConnectionWrapper: performPrivateCommand on inactive InputConnection
11-03 16:11:54.952 20564 20564 D DOWNLOAD_MANIFESTS: success
11-03 16:11:55.070 20564 20564 W IInputConnectionWrapper: finishComposingText on inactive InputConnection
11-03 16:11:55.070 20564 20564 D DOWNLOAD_MANIFESTS: success
11-03 16:11:55.123 20564 20564 D ViewRootImpl@bf94e92[LoginActivity]: MSG_RESIZED: frame=Rect(0, 0 - 768, 1024) ci=Rect(0, 24 - 0, 0) vi=Rect(0, 24 - 0, 0) or=1
11-03 16:11:55.124 20564 20564 D DOWNLOAD_MANIFESTS: success
11-03 16:11:55.147 20564 20569 I art : Do partial code cache collection, code=50KB, data=60KB
11-03 16:11:55.148 20564 20569 I art : After code cache collection, code=49KB, data=59KB
11-03 16:11:55.148 20564 20569 I art : Increasing code cache capacity to 256KB
11-03 16:11:55.160 20564 20564 D ViewRootImpl@bf94e92[LoginActivity]: Relayout returned: oldFrame=[0,0][768,1024] newFrame=[0,0][768,1024] result=0x1 surface={isValid=true -2004164608} surfaceGenerationChanged=false
11-03 16:11:55.217 20564 20575 I art : Background sticky concurrent mark sweep GC freed 103196(4MB) AllocSpace objects, 25(696KB) LOS objects, 75% free, 3MB/14MB, paused 841us total 116.439ms
11-03 16:11:55.412 20564 20564 D AbsListView: in onLayout changed
11-03 16:11:55.420 20564 20564 V InputMethodManager: Starting input: tba=android.view.inputmethod.EditorInfo@7f016f6 nm : cz.gienger.mobile ic=null
11-03 16:11:55.420 20564 20564 I InputMethodManager: startInputInner - mService.startInputOrWindowGainedFocus
11-03 16:11:55.421 20564 20564 D InputTransport: Input channel constructed: fd=76
11-03 16:11:55.421 20564 20564 D InputTransport: Input channel destroyed: fd=64
11-03 16:11:56.688 20564 20564 D ViewRootImpl@bf94e92[LoginActivity]: ViewPostImeInputStage processPointer 0
11-03 16:11:56.738 20564 20564 D ViewRootImpl@bf94e92[LoginActivity]: ViewPostImeInputStage processPointer 1
11-03 16:11:56.739 20564 20564 D AbsListView: onTouchUp() mTouchMode : 0
11-03 16:11:57.657 20564 20564 D ViewRootImpl@bf94e92[LoginActivity]: ViewPostImeInputStage processPointer 0
11-03 16:11:57.785 20564 20564 D ViewRootImpl@bf94e92[LoginActivity]: ViewPostImeInputStage processPointer 1
11-03 16:11:57.815 20564 20564 D InputMethodManager: HSIFW - flag : 0 Pid : 20564
11-03 16:11:57.836 20564 20564 D AbsListView: in onLayout changed
11-03 16:12:01.134 20564 20564 D ViewRootImpl@bf94e92[LoginActivity]: ViewPostImeInputStage processPointer 0
11-03 16:12:01.196 20564 20564 D ViewRootImpl@bf94e92[LoginActivity]: ViewPostImeInputStage processPointer 1
11-03 16:12:01.197 20564 20564 D AbsListView: onTouchUp() mTouchMode : 0
11-03 16:12:02.112 20564 20564 D ViewRootImpl@bf94e92[LoginActivity]: ViewPostImeInputStage processPointer 0
11-03 16:12:02.217 20564 20564 D ViewRootImpl@bf94e92[LoginActivity]: ViewPostImeInputStage processPointer 1
11-03 16:12:02.242 20564 20564 D ScrollView: initGoToTop
11-03 16:12:02.247 20564 20564 D ScrollView: initGoToTop
11-03 16:12:02.256 20564 20564 D ViewRootImpl@fb6b79f[LoginActivity]: ThreadedRenderer.create() translucent=true
11-03 16:12:02.263 20564 20564 D InputTransport: Input channel constructed: fd=68
11-03 16:12:02.263 20564 20564 D ViewRootImpl@fb6b79f[LoginActivity]: setView = DecorView@b8d0ec[LoginActivity] touchMode=true
11-03 16:12:02.267 20564 20945 D MYINTERCEPTOR: /GiengerService.svc/manifestinfo
11-03 16:12:02.269 20564 20945 D OkHttp : --> POST https://testsaig1.gienger.cz/GiengerService.svc/manifestinfo http/1.1
11-03 16:12:02.269 20564 20945 D OkHttp : Content-Length: 0
11-03 16:12:02.269 20564 20945 D OkHttp : state: CZ
11-03 16:12:02.269 20564 20945 D OkHttp : id: A03_trasa_A03-04_ranni_13_06_2019
11-03 16:12:02.269 20564 20945 D OkHttp : token: b2472d59e0b242dcf9e87202a8654173
11-03 16:12:02.269 20564 20564 D ViewRootImpl@fb6b79f[LoginActivity]: dispatchAttachedToWindow
11-03 16:12:02.269 20564 20945 D OkHttp : --> END POST
11-03 16:12:02.301 20564 20564 D ViewRootImpl@fb6b79f[LoginActivity]: Relayout returned: oldFrame=[0,0][0,0] newFrame=[108,466][660,582] result=0x27 surface={isValid=true -2003877888} surfaceGenerationChanged=true
11-03 16:12:02.301 20564 20564 D ViewRootImpl@fb6b79f[LoginActivity]: mHardwareRenderer.initialize() mSurface={isValid=true -2003877888} hwInitialized=true
11-03 16:12:02.309 20564 20945 D OkHttp : <-- 200 https://testsaig1.gienger.cz/GiengerService.svc/manifestinfo (39ms)
11-03 16:12:02.309 20564 20945 D OkHttp : content-type: application/xml; charset=utf-8
11-03 16:12:02.309 20564 20945 D OkHttp : server: Microsoft-IIS/10.0
11-03 16:12:02.309 20564 20945 D OkHttp : x-powered-by: ASP.NET
11-03 16:12:02.309 20564 20945 D OkHttp : date: Tue, 03 Nov 2020 15:12:01 GMT
11-03 16:12:02.309 20564 20945 D OkHttp : content-length: 966
11-03 16:12:02.309 20564 20945 D OkHttp : <-- END HTTP
11-03 16:12:02.318 20564 20564 D ViewRootImpl@fb6b79f[LoginActivity]: MSG_WINDOW_FOCUS_CHANGED 1
