11-03 16:12:02.318 20564 20564 D ViewRootImpl@fb6b79f[LoginActivity]: mHardwareRenderer.initializeIfNeeded()#2 mSurface={isValid=true -2003877888}
11-03 16:12:02.335 20564 20564 D ViewRootImpl@fb6b79f[LoginActivity]: MSG_RESIZED_REPORT: frame=Rect(108, 466 - 660, 582) ci=Rect(0, 0 - 0, 0) vi=Rect(0, 0 - 0, 0) or=1
11-03 16:12:02.362 20564 20953 D MYINTERCEPTOR: /GiengerService.svc/corrections
11-03 16:12:02.366 20564 20953 D OkHttp : --> GET https://testsaig1.gienger.cz/GiengerService.svc/corrections http/1.1
11-03 16:12:02.366 20564 20953 D OkHttp : token: b2472d59e0b242dcf9e87202a8654173
11-03 16:12:02.366 20564 20953 D OkHttp : --> END GET
11-03 16:12:02.372 20564 20564 D ViewRootImpl@bf94e92[LoginActivity]: MSG_WINDOW_FOCUS_CHANGED 0
11-03 16:12:02.391 20564 20953 D OkHttp : <-- 200 https://testsaig1.gienger.cz/GiengerService.svc/corrections (24ms)
11-03 16:12:02.392 20564 20953 D OkHttp : content-type: application/xml; charset=utf-8
11-03 16:12:02.392 20564 20953 D OkHttp : server: Microsoft-IIS/10.0
11-03 16:12:02.392 20564 20953 D OkHttp : x-powered-by: ASP.NET
11-03 16:12:02.392 20564 20953 D OkHttp : date: Tue, 03 Nov 2020 15:12:01 GMT
11-03 16:12:02.392 20564 20953 D OkHttp : content-length: 1267
11-03 16:12:02.392 20564 20953 D OkHttp : <-- END HTTP
11-03 16:12:02.431 20564 20953 D MYINTERCEPTOR: /GiengerService.svc/getorder
11-03 16:12:02.433 20564 20953 D OkHttp : --> POST https://testsaig1.gienger.cz/GiengerService.svc/getorder http/1.1
11-03 16:12:02.433 20564 20953 D OkHttp : Content-Length: 0
11-03 16:12:02.433 20564 20953 D OkHttp : name: 130AT1190319555.xml
11-03 16:12:02.433 20564 20953 D OkHttp : token: b2472d59e0b242dcf9e87202a8654173
11-03 16:12:02.433 20564 20953 D OkHttp : --> END POST
11-03 16:12:02.474 20564 20953 D OkHttp : <-- 200 https://testsaig1.gienger.cz/GiengerService.svc/getorder (41ms)
11-03 16:12:02.475 20564 20953 D OkHttp : content-type: application/xml; charset=utf-8
11-03 16:12:02.475 20564 20953 D OkHttp : server: Microsoft-IIS/10.0
11-03 16:12:02.475 20564 20953 D OkHttp : checksum: 6f46baae045b8c888c65c0c6d8007c3d
11-03 16:12:02.475 20564 20953 D OkHttp : x-powered-by: ASP.NET
11-03 16:12:02.475 20564 20953 D OkHttp : date: Tue, 03 Nov 2020 15:12:01 GMT
11-03 16:12:02.475 20564 20953 D OkHttp : content-length: 161493
11-03 16:12:02.475 20564 20953 D OkHttp : <-- END HTTP
11-03 16:12:02.728 20564 20953 D MYINTERCEPTOR: /GiengerService.svc/getorder
11-03 16:12:02.730 20564 20953 D OkHttp : --> POST https://testsaig1.gienger.cz/GiengerService.svc/getorder http/1.1
11-03 16:12:02.730 20564 20953 D OkHttp : Content-Length: 0
11-03 16:12:02.730 20564 20953 D OkHttp : name: 130AT1190319556_2.xml
11-03 16:12:02.730 20564 20953 D OkHttp : token: b2472d59e0b242dcf9e87202a8654173
11-03 16:12:02.730 20564 20953 D OkHttp : --> END POST
11-03 16:12:02.782 20564 20953 D OkHttp : <-- 200 https://testsaig1.gienger.cz/GiengerService.svc/getorder (52ms)
11-03 16:12:02.783 20564 20953 D OkHttp : content-type: application/xml; charset=utf-8
11-03 16:12:02.783 20564 20953 D OkHttp : server: Microsoft-IIS/10.0
11-03 16:12:02.783 20564 20953 D OkHttp : checksum: 2985aae893ba9965c52c238896837f41
11-03 16:12:02.783 20564 20953 D OkHttp : x-powered-by: ASP.NET
11-03 16:12:02.783 20564 20953 D OkHttp : date: Tue, 03 Nov 2020 15:12:01 GMT
11-03 16:12:02.783 20564 20953 D OkHttp : content-length: 173913
11-03 16:12:02.783 20564 20953 D OkHttp : <-- END HTTP
11-03 16:12:02.885 20564 20953 D MYINTERCEPTOR: /GiengerService.svc/getorder
11-03 16:12:02.886 20564 20953 D OkHttp : --> POST https://testsaig1.gienger.cz/GiengerService.svc/getorder http/1.1
11-03 16:12:02.886 20564 20953 D OkHttp : Content-Length: 0
11-03 16:12:02.886 20564 20953 D OkHttp : name: 130AT1190319651.xml
11-03 16:12:02.886 20564 20953 D OkHttp : token: b2472d59e0b242dcf9e87202a8654173
11-03 16:12:02.886 20564 20953 D OkHttp : --> END POST
11-03 16:12:03.024 20564 20953 D OkHttp : <-- 200 https://testsaig1.gienger.cz/GiengerService.svc/getorder (137ms)
11-03 16:12:03.024 20564 20953 D OkHttp : content-type: application/xml; charset=utf-8
11-03 16:12:03.024 20564 20953 D OkHttp : server: Microsoft-IIS/10.0
11-03 16:12:03.024 20564 20953 D OkHttp : checksum: 72b0a13e193c04021a38416920d07219
11-03 16:12:03.024 20564 20953 D OkHttp : x-powered-by: ASP.NET
11-03 16:12:03.024 20564 20953 D OkHttp : date: Tue, 03 Nov 2020 15:12:01 GMT
11-03 16:12:03.025 20564 20953 D OkHttp : content-length: 163319
11-03 16:12:03.025 20564 20953 D OkHttp : <-- END HTTP
11-03 16:12:03.133 20564 20953 D MYINTERCEPTOR: /GiengerService.svc/getorder
11-03 16:12:03.135 20564 20953 D OkHttp : --> POST https://testsaig1.gienger.cz/GiengerService.svc/getorder http/1.1
11-03 16:12:03.135 20564 20953 D OkHttp : Content-Length: 0
11-03 16:12:03.135 20564 20953 D OkHttp : name: 130AT1190319652.xml
11-03 16:12:03.135 20564 20953 D OkHttp : token: b2472d59e0b242dcf9e87202a8654173
11-03 16:12:03.135 20564 20953 D OkHttp : --> END POST
11-03 16:12:03.173 20564 20953 D OkHttp : <-- 200 https://testsaig1.gienger.cz/GiengerService.svc/getorder (37ms)
11-03 16:12:03.173 20564 20953 D OkHttp : content-type: application/xml; charset=utf-8
11-03 16:12:03.173 20564 20953 D OkHttp : server: Microsoft-IIS/10.0
11-03 16:12:03.173 20564 20953 D OkHttp : checksum: 8dc5493d3ba8641f278d4e03ef43ef8d
11-03 16:12:03.173 20564 20953 D OkHttp : x-powered-by: ASP.NET
11-03 16:12:03.173 20564 20953 D OkHttp : date: Tue, 03 Nov 2020 15:12:01 GMT
11-03 16:12:03.173 20564 20953 D OkHttp : content-length: 161839
11-03 16:12:03.173 20564 20953 D OkHttp : <-- END HTTP
11-03 16:12:03.193 20564 20575 I art : Background partial concurrent mark sweep GC freed 85078(3MB) AllocSpace objects, 42(5MB) LOS objects, 66% free, 6MB/18MB, paused 1.164ms total 106.439ms
11-03 16:12:03.291 20564 20953 D MYINTERCEPTOR: /GiengerService.svc/getorder
11-03 16:12:03.292 20564 20953 D OkHttp : --> POST https://testsaig1.gienger.cz/GiengerService.svc/getorder http/1.1
11-03 16:12:03.292 20564 20953 D OkHttp : Content-Length: 0
11-03 16:12:03.292 20564 20953 D OkHttp : name: 130AT1190319672.xml
11-03 16:12:03.292 20564 20953 D OkHttp : token: b2472d59e0b242dcf9e87202a8654173
11-03 16:12:03.292 20564 20953 D OkHttp : --> END POST
11-03 16:12:03.329 20564 20953 D OkHttp : <-- 200 https://testsaig1.gienger.cz/GiengerService.svc/getorder (36ms)
11-03 16:12:03.329 20564 20953 D OkHttp : content-type: application/xml; charset=utf-8
11-03 16:12:03.329 20564 20953 D OkHttp : server: Microsoft-IIS/10.0
11-03 16:12:03.330 20564 20953 D OkHttp : checksum: 79c73082940065a2c55a20a3ef8a1a78
11-03 16:12:03.330 20564 20953 D OkHttp : x-powered-by: ASP.NET
11-03 16:12:03.330 20564 20953 D OkHttp : date: Tue, 03 Nov 2020 15:12:02 GMT
11-03 16:12:03.330 20564 20953 D OkHttp : content-length: 164362
11-03 16:12:03.330 20564 20953 D OkHttp : <-- END HTTP
11-03 16:12:03.449 20564 20953 D MYINTERCEPTOR: /GiengerService.svc/getorder
11-03 16:12:03.451 20564 20953 D OkHttp : --> POST https://testsaig1.gienger.cz/GiengerService.svc/getorder http/1.1
11-03 16:12:03.451 20564 20953 D OkHttp : Content-Length: 0
11-03 16:12:03.451 20564 20953 D OkHttp : name: 130AT1193103345.xml
11-03 16:12:03.451 20564 20953 D OkHttp : token: b2472d59e0b242dcf9e87202a8654173
11-03 16:12:03.451 20564 20953 D OkHttp : --> END POST
11-03 16:12:03.502 20564 20953 D OkHttp : <-- 200 https://testsaig1.gienger.cz/GiengerService.svc/getorder (50ms)
11-03 16:12:03.502 20564 20953 D OkHttp : content-type: application/xml; charset=utf-8
11-03 16:12:03.502 20564 20953 D OkHttp : server: Microsoft-IIS/10.0
11-03 16:12:03.503 20564 20953 D OkHttp : checksum: b54ac01454488b0a40e896c3aaff2271
11-03 16:12:03.503 20564 20953 D OkHttp : x-powered-by: ASP.NET
11-03 16:12:03.503 20564 20953 D OkHttp : date: Tue, 03 Nov 2020 15:12:02 GMT
11-03 16:12:03.503 20564 20953 D OkHttp : content-length: 165130
11-03 16:12:03.503 20564 20953 D OkHttp : <-- END HTTP
11-03 16:12:03.590 20564 20953 D MYINTERCEPTOR: /GiengerService.svc/getorder
11-03 16:12:03.591 20564 20953 D OkHttp : --> POST https://testsaig1.gienger.cz/GiengerService.svc/getorder http/1.1
11-03 16:12:03.591 20564 20953 D OkHttp : Content-Length: 0
11-03 16:12:03.591 20564 20953 D OkHttp : name: 130AT1190319623.xml
11-03 16:12:03.592 20564 20953 D OkHttp : token: b2472d59e0b242dcf9e87202a8654173
11-03 16:12:03.592 20564 20953 D OkHttp : --> END POST
11-03 16:12:03.625 20564 20953 D OkHttp : <-- 200 https://testsaig1.gienger.cz/GiengerService.svc/getorder (32ms)
11-03 16:12:03.625 20564 20953 D OkHttp : content-type: application/xml; charset=utf-8
11-03 16:12:03.625 20564 20953 D OkHttp : server: Microsoft-IIS/10.0
11-03 16:12:03.625 20564 20953 D OkHttp : checksum: 8a2fa41c872d6ba91fcc2c3949849796
11-03 16:12:03.626 20564 20953 D OkHttp : x-powered-by: ASP.NET
11-03 16:12:03.626 20564 20953 D OkHttp : date: Tue, 03 Nov 2020 15:12:02 GMT
11-03 16:12:03.626 20564 20953 D OkHttp : content-length: 173680
11-03 16:12:03.626 20564 20953 D OkHttp : <-- END HTTP
11-03 16:12:04.281 20564 20953 D MYINTERCEPTOR: /GiengerService.svc/getorder
11-03 16:12:04.283 20564 20953 D OkHttp : --> POST https://testsaig1.gienger.cz/GiengerService.svc/getorder http/1.1
11-03 16:12:04.283 20564 20953 D OkHttp : Content-Length: 0
11-03 16:12:04.283 20564 20953 D OkHttp : name: 130AT1190319647.xml
11-03 16:12:04.283 20564 20953 D OkHttp : token: b2472d59e0b242dcf9e87202a8654173
11-03 16:12:04.283 20564 20953 D OkHttp : --> END POST
11-03 16:12:04.334 20564 20953 D OkHttp : <-- 200 https://testsaig1.gienger.cz/GiengerService.svc/getorder (51ms)
11-03 16:12:04.335 20564 20953 D OkHttp : content-type: application/xml; charset=utf-8
11-03 16:12:04.335 20564 20953 D OkHttp : server: Microsoft-IIS/10.0
11-03 16:12:04.335 20564 20953 D OkHttp : checksum: c830a225aac4b35815aa59ad1b7e4226
11-03 16:12:04.335 20564 20953 D OkHttp : x-powered-by: ASP.NET
11-03 16:12:04.335 20564 20953 D OkHttp : date: Tue, 03 Nov 2020 15:12:02 GMT
11-03 16:12:04.335 20564 20953 D OkHttp : content-length: 167459
11-03 16:12:04.335 20564 20953 D OkHttp : <-- END HTTP
11-03 16:12:04.438 20564 20953 D MYINTERCEPTOR: /GiengerService.svc/getorder
11-03 16:12:04.439 20564 20953 D OkHttp : --> POST https://testsaig1.gienger.cz/GiengerService.svc/getorder http/1.1
11-03 16:12:04.440 20564 20953 D OkHttp : Content-Length: 0
11-03 16:12:04.440 20564 20953 D OkHttp : name: 130AT1190517617.xml
11-03 16:12:04.440 20564 20953 D OkHttp : token: b2472d59e0b242dcf9e87202a8654173
11-03 16:12:04.440 20564 20953 D OkHttp : --> END POST
11-03 16:12:04.472 20564 20953 D OkHttp : <-- 200 https://testsaig1.gienger.cz/GiengerService.svc/getorder (31ms)
11-03 16:12:04.472 20564 20953 D OkHttp : content-type: application/xml; charset=utf-8
11-03 16:12:04.472 20564 20953 D OkHttp : server: Microsoft-IIS/10.0
11-03 16:12:04.472 20564 20953 D OkHttp : checksum: fd52c39b59a3e0bc6eb38e3663f28a37
11-03 16:12:04.472 20564 20953 D OkHttp : x-powered-by: ASP.NET
11-03 16:12:04.472 20564 20953 D OkHttp : date: Tue, 03 Nov 2020 15:12:03 GMT
11-03 16:12:04.472 20564 20953 D OkHttp : content-length: 163428
11-03 16:12:04.472 20564 20953 D OkHttp : <-- END HTTP
11-03 16:12:04.546 20564 20953 D MYINTERCEPTOR: /GiengerService.svc/getorder
11-03 16:12:04.547 20564 20953 D OkHttp : --> POST https://testsaig1.gienger.cz/GiengerService.svc/getorder http/1.1
11-03 16:12:04.547 20564 20953 D OkHttp : Content-Length: 0
11-03 16:12:04.547 20564 20953 D OkHttp : name: 130AT1191103618.xml
11-03 16:12:04.547 20564 20953 D OkHttp : token: b2472d59e0b242dcf9e87202a8654173
11-03 16:12:04.547 20564 20953 D OkHttp : --> END POST
11-03 16:12:04.579 20564 20953 D OkHttp : <-- 200 https://testsaig1.gienger.cz/GiengerService.svc/getorder (31ms)
11-03 16:12:04.579 20564 20953 D OkHttp : content-type: application/xml; charset=utf-8
11-03 16:12:04.579 20564 20953 D OkHttp : server: Microsoft-IIS/10.0
11-03 16:12:04.579 20564 20953 D OkHttp : checksum: 9fb98f5ea86f5d41c0c336a192fbc895
11-03 16:12:04.579 20564 20953 D OkHttp : x-powered-by: ASP.NET
11-03 16:12:04.579 20564 20953 D OkHttp : date: Tue, 03 Nov 2020 15:12:03 GMT
11-03 16:12:04.579 20564 20953 D OkHttp : content-length: 164084
11-03 16:12:04.579 20564 20953 D OkHttp : <-- END HTTP
11-03 16:12:04.653 20564 20953 D MYINTERCEPTOR: /GiengerService.svc/getorder
11-03 16:12:04.655 20564 20953 D OkHttp : --> POST https://testsaig1.gienger.cz/GiengerService.svc/getorder http/1.1
11-03 16:12:04.655 20564 20953 D OkHttp : Content-Length: 0
11-03 16:12:04.655 20564 20953 D OkHttp : name: 130AT1191103619.xml
11-03 16:12:04.655 20564 20953 D OkHttp : token: b2472d59e0b242dcf9e87202a8654173
11-03 16:12:04.655 20564 20953 D OkHttp : --> END POST
11-03 16:12:04.698 20564 20953 D OkHttp : <-- 200 https://testsaig1.gienger.cz/GiengerService.svc/getorder (42ms)
11-03 16:12:04.698 20564 20953 D OkHttp : content-type: application/xml; charset=utf-8
11-03 16:12:04.698 20564 20953 D OkHttp : server: Microsoft-IIS/10.0
11-03 16:12:04.698 20564 20953 D OkHttp : checksum: 7f0d755e4268a4d5b27b673eda3634b1
11-03 16:12:04.699 20564 20953 D OkHttp : x-powered-by: ASP.NET
11-03 16:12:04.699 20564 20953 D OkHttp : date: Tue, 03 Nov 2020 15:12:03 GMT
11-03 16:12:04.699 20564 20953 D OkHttp : content-length: 163974
11-03 16:12:04.699 20564 20953 D OkHttp : <-- END HTTP
11-03 16:12:04.781 20564 20953 D MYINTERCEPTOR: /GiengerService.svc/getorder
11-03 16:12:04.782 20564 20953 D OkHttp : --> POST https://testsaig1.gienger.cz/GiengerService.svc/getorder http/1.1
11-03 16:12:04.782 20564 20953 D OkHttp : Content-Length: 0
11-03 16:12:04.783 20564 20953 D OkHttp : name: 130AT1191103627.xml
11-03 16:12:04.783 20564 20953 D OkHttp : token: b2472d59e0b242dcf9e87202a8654173
11-03 16:12:04.783 20564 20953 D OkHttp : --> END POST
11-03 16:12:04.827 20564 20953 D OkHttp : <-- 200 https://testsaig1.gienger.cz/GiengerService.svc/getorder (44ms)
11-03 16:12:04.827 20564 20953 D OkHttp : content-type: application/xml; charset=utf-8
11-03 16:12:04.828 20564 20953 D OkHttp : server: Microsoft-IIS/10.0
11-03 16:12:04.828 20564 20953 D OkHttp : checksum: 2df1a9861384fac5edf391b80bb47a75
11-03 16:12:04.828 20564 20953 D OkHttp : x-powered-by: ASP.NET
11-03 16:12:04.828 20564 20953 D OkHttp : date: Tue, 03 Nov 2020 15:12:03 GMT
11-03 16:12:04.828 20564 20953 D OkHttp : content-length: 161712
11-03 16:12:04.828 20564 20953 D OkHttp : <-- END HTTP
11-03 16:12:04.892 20564 20953 D MYINTERCEPTOR: /GiengerService.svc/getorder
11-03 16:12:04.893 20564 20953 D OkHttp : --> POST https://testsaig1.gienger.cz/GiengerService.svc/getorder http/1.1
11-03 16:12:04.893 20564 20953 D OkHttp : Content-Length: 0
11-03 16:12:04.893 20564 20953 D OkHttp : name: 130AT1193305221.xml
11-03 16:12:04.893 20564 20953 D OkHttp : token: b2472d59e0b242dcf9e87202a8654173
11-03 16:12:04.893 20564 20953 D OkHttp : --> END POST
11-03 16:12:04.936 20564 20953 D OkHttp : <-- 200 https://testsaig1.gienger.cz/GiengerService.svc/getorder (42ms)
11-03 16:12:04.936 20564 20953 D OkHttp : content-type: application/xml; charset=utf-8
11-03 16:12:04.936 20564 20953 D OkHttp : server: Microsoft-IIS/10.0
11-03 16:12:04.936 20564 20953 D OkHttp : checksum: f0f4a41e7fd1459a6c670fe4f669215e
11-03 16:12:04.936 20564 20953 D OkHttp : x-powered-by: ASP.NET
11-03 16:12:04.936 20564 20953 D OkHttp : date: Tue, 03 Nov 2020 15:12:03 GMT
11-03 16:12:04.936 20564 20953 D OkHttp : content-length: 163746
11-03 16:12:04.936 20564 20953 D OkHttp : <-- END HTTP
11-03 16:12:05.014 20564 20953 D MYINTERCEPTOR: /GiengerService.svc/getorder
11-03 16:12:05.016 20564 20953 D OkHttp : --> POST https://testsaig1.gienger.cz/GiengerService.svc/getorder http/1.1
11-03 16:12:05.016 20564 20953 D OkHttp : Content-Length: 0
11-03 16:12:05.016 20564 20953 D OkHttp : name: 130AT1193305478.xml
11-03 16:12:05.016 20564 20953 D OkHttp : token: b2472d59e0b242dcf9e87202a8654173
11-03 16:12:05.016 20564 20953 D OkHttp : --> END POST
11-03 16:12:05.054 20564 20953 D OkHttp : <-- 200 https://testsaig1.gienger.cz/GiengerService.svc/getorder (38ms)
11-03 16:12:05.055 20564 20953 D OkHttp : content-type: application/xml; charset=utf-8
11-03 16:12:05.055 20564 20953 D OkHttp : server: Microsoft-IIS/10.0
11-03 16:12:05.055 20564 20953 D OkHttp : checksum: 1fdd29eaca27eb25f23b14beff8fe968
11-03 16:12:05.055 20564 20953 D OkHttp : x-powered-by: ASP.NET
11-03 16:12:05.055 20564 20953 D OkHttp : date: Tue, 03 Nov 2020 15:12:03 GMT
11-03 16:12:05.055 20564 20953 D OkHttp : content-length: 164181
11-03 16:12:05.055 20564 20953 D OkHttp : <-- END HTTP
11-03 16:12:05.132 20564 20953 D MYINTERCEPTOR: /GiengerService.svc/getorder
11-03 16:12:05.134 20564 20953 D OkHttp : --> POST https://testsaig1.gienger.cz/GiengerService.svc/getorder http/1.1
11-03 16:12:05.134 20564 20953 D OkHttp : Content-Length: 0
11-03 16:12:05.134 20564 20953 D OkHttp : name: 130AT1194304625.xml
11-03 16:12:05.134 20564 20953 D OkHttp : token: b2472d59e0b242dcf9e87202a8654173
11-03 16:12:05.134 20564 20953 D OkHttp : --> END POST
11-03 16:12:05.172 20564 20953 D OkHttp : <-- 200 https://testsaig1.gienger.cz/GiengerService.svc/getorder (37ms)
11-03 16:12:05.173 20564 20953 D OkHttp : content-type: application/xml; charset=utf-8
11-03 16:12:05.173 20564 20953 D OkHttp : server: Microsoft-IIS/10.0
11-03 16:12:05.173 20564 20953 D OkHttp : checksum: ff7940f63e6d0419f31d6ad0363cb0db
11-03 16:12:05.173 20564 20953 D OkHttp : x-powered-by: ASP.NET
11-03 16:12:05.173 20564 20953 D OkHttp : date: Tue, 03 Nov 2020 15:12:03 GMT
11-03 16:12:05.174 20564 20953 D OkHttp : content-length: 164503
11-03 16:12:05.174 20564 20953 D OkHttp : <-- END HTTP
11-03 16:12:05.249 20564 20953 D MYINTERCEPTOR: /GiengerService.svc/getorder
11-03 16:12:05.250 20564 20953 D OkHttp : --> POST https://testsaig1.gienger.cz/GiengerService.svc/getorder http/1.1
11-03 16:12:05.250 20564 20953 D OkHttp : Content-Length: 0
11-03 16:12:05.250 20564 20953 D OkHttp : name: 130AT1193305504.xml
11-03 16:12:05.250 20564 20953 D OkHttp : token: b2472d59e0b242dcf9e87202a8654173
11-03 16:12:05.250 20564 20953 D OkHttp : --> END POST
11-03 16:12:05.286 20564 20953 D OkHttp : <-- 200 https://testsaig1.gienger.cz/GiengerService.svc/getorder (35ms)
11-03 16:12:05.287 20564 20953 D OkHttp : content-type: application/xml; charset=utf-8
11-03 16:12:05.287 20564 20953 D OkHttp : server: Microsoft-IIS/10.0
11-03 16:12:05.287 20564 20953 D OkHttp : checksum: d9357c8a8cae90aa719660dd328844e1
11-03 16:12:05.288 20564 20953 D OkHttp : x-powered-by: ASP.NET
11-03 16:12:05.288 20564 20953 D OkHttp : date: Tue, 03 Nov 2020 15:12:03 GMT
11-03 16:12:05.288 20564 20953 D OkHttp : content-length: 162299
11-03 16:12:05.288 20564 20953 D OkHttp : <-- END HTTP
11-03 16:12:05.365 20564 20953 D MYINTERCEPTOR: /GiengerService.svc/getorder
11-03 16:12:05.366 20564 20953 D OkHttp : --> POST https://testsaig1.gienger.cz/GiengerService.svc/getorder http/1.1
11-03 16:12:05.366 20564 20953 D OkHttp : Content-Length: 0
11-03 16:12:05.367 20564 20953 D OkHttp : name: 130AT1193902696.xml
11-03 16:12:05.367 20564 20953 D OkHttp : token: b2472d59e0b242dcf9e87202a8654173
11-03 16:12:05.367 20564 20953 D OkHttp : --> END POST
11-03 16:12:05.398 20564 20953 D OkHttp : <-- 200 https://testsaig1.gienger.cz/GiengerService.svc/getorder (31ms)
11-03 16:12:05.398 20564 20953 D OkHttp : content-type: application/xml; charset=utf-8
11-03 16:12:05.398 20564 20953 D OkHttp : server: Microsoft-IIS/10.0
11-03 16:12:05.398 20564 20953 D OkHttp : checksum: 2749cc38c5e495483fb88732b2806483
11-03 16:12:05.398 20564 20953 D OkHttp : x-powered-by: ASP.NET
11-03 16:12:05.399 20564 20953 D OkHttp : date: Tue, 03 Nov 2020 15:12:03 GMT
11-03 16:12:05.399 20564 20953 D OkHttp : content-length: 162367
11-03 16:12:05.399 20564 20953 D OkHttp : <-- END HTTP
11-03 16:12:05.466 20564 20953 D MYINTERCEPTOR: /GiengerService.svc/getorder
11-03 16:12:05.468 20564 20953 D OkHttp : --> POST https://testsaig1.gienger.cz/GiengerService.svc/getorder http/1.1
11-03 16:12:05.468 20564 20953 D OkHttp : Content-Length: 0
11-03 16:12:05.468 20564 20953 D OkHttp : name: 130AT1190427232.xml
11-03 16:12:05.468 20564 20953 D OkHttp : token: b2472d59e0b242dcf9e87202a8654173
11-03 16:12:05.468 20564 20953 D OkHttp : --> END POST
11-03 16:12:05.500 20564 20953 D OkHttp : <-- 200 https://testsaig1.gienger.cz/GiengerService.svc/getorder (31ms)
11-03 16:12:05.500 20564 20953 D OkHttp : content-type: application/xml; charset=utf-8
11-03 16:12:05.500 20564 20953 D OkHttp : server: Microsoft-IIS/10.0
11-03 16:12:05.500 20564 20953 D OkHttp : checksum: aa506c8a37d55eb4d84f647db5793e87
11-03 16:12:05.500 20564 20953 D OkHttp : x-powered-by: ASP.NET
11-03 16:12:05.501 20564 20953 D OkHttp : date: Tue, 03 Nov 2020 15:12:04 GMT
11-03 16:12:05.501 20564 20953 D OkHttp : content-length: 165163
11-03 16:12:05.501 20564 20953 D OkHttp : <-- END HTTP
11-03 16:12:05.588 20564 20953 D MYINTERCEPTOR: /GiengerService.svc/getorder
11-03 16:12:05.589 20564 20953 D OkHttp : --> POST https://testsaig1.gienger.cz/GiengerService.svc/getorder http/1.1
11-03 16:12:05.589 20564 20953 D OkHttp : Content-Length: 0
11-03 16:12:05.589 20564 20953 D OkHttp : name: 130AT1193902719.xml
11-03 16:12:05.589 20564 20953 D OkHttp : token: b2472d59e0b242dcf9e87202a8654173
11-03 16:12:05.589 20564 20953 D OkHttp : --> END POST
11-03 16:12:05.620 20564 20953 D OkHttp : <-- 200 https://testsaig1.gienger.cz/GiengerService.svc/getorder (30ms)
11-03 16:12:05.620 20564 20953 D OkHttp : content-type: application/xml; charset=utf-8
11-03 16:12:05.620 20564 20953 D OkHttp : server: Microsoft-IIS/10.0
11-03 16:12:05.620 20564 20953 D OkHttp : checksum: 4d777ce0c982b0d80428d526bc75dfd0
11-03 16:12:05.620 20564 20953 D OkHttp : x-powered-by: ASP.NET
11-03 16:12:05.620 20564 20953 D OkHttp : date: Tue, 03 Nov 2020 15:12:04 GMT
11-03 16:12:05.621 20564 20953 D OkHttp : content-length: 163834
11-03 16:12:05.621 20564 20953 D OkHttp : <-- END HTTP
11-03 16:12:05.690 20564 20953 D MYINTERCEPTOR: /GiengerService.svc/getorder
11-03 16:12:05.691 20564 20953 D OkHttp : --> POST https://testsaig1.gienger.cz/GiengerService.svc/getorder http/1.1
11-03 16:12:05.692 20564 20953 D OkHttp : Content-Length: 0
11-03 16:12:05.692 20564 20953 D OkHttp : name: 130AT1193902728.xml
11-03 16:12:05.692 20564 20953 D OkHttp : token: b2472d59e0b242dcf9e87202a8654173
11-03 16:12:05.692 20564 20953 D OkHttp : --> END POST
11-03 16:12:05.786 20564 20953 D OkHttp : <-- 200 https://testsaig1.gienger.cz/GiengerService.svc/getorder (93ms)
11-03 16:12:05.786 20564 20953 D OkHttp : content-type: application/xml; charset=utf-8
11-03 16:12:05.786 20564 20953 D OkHttp : server: Microsoft-IIS/10.0
11-03 16:12:05.786 20564 20953 D OkHttp : checksum: b19508cc637e568b34ee6732fd578b62
11-03 16:12:05.786 20564 20953 D OkHttp : x-powered-by: ASP.NET
11-03 16:12:05.787 20564 20953 D OkHttp : date: Tue, 03 Nov 2020 15:12:04 GMT
11-03 16:12:05.787 20564 20953 D OkHttp : content-length: 162318
11-03 16:12:05.787 20564 20953 D OkHttp : <-- END HTTP
11-03 16:12:05.858 20564 20953 D MYINTERCEPTOR: /GiengerService.svc/getorder
11-03 16:12:05.859 20564 20953 D OkHttp : --> POST https://testsaig1.gienger.cz/GiengerService.svc/getorder http/1.1
11-03 16:12:05.860 20564 20953 D OkHttp : Content-Length: 0
11-03 16:12:05.860 20564 20953 D OkHttp : name: 130AT1193902729.xml
11-03 16:12:05.860 20564 20953 D OkHttp : token: b2472d59e0b242dcf9e87202a8654173
11-03 16:12:05.860 20564 20953 D OkHttp : --> END POST
11-03 16:12:05.896 20564 20953 D OkHttp : <-- 200 https://testsaig1.gienger.cz/GiengerService.svc/getorder (36ms)
11-03 16:12:05.896 20564 20953 D OkHttp : content-type: application/xml; charset=utf-8
11-03 16:12:05.896 20564 20953 D OkHttp : server: Microsoft-IIS/10.0
11-03 16:12:05.897 20564 20953 D OkHttp : checksum: 4b3af0de873e1e5ba2af04d57a232986
11-03 16:12:05.897 20564 20953 D OkHttp : x-powered-by: ASP.NET
11-03 16:12:05.897 20564 20953 D OkHttp : date: Tue, 03 Nov 2020 15:12:04 GMT
11-03 16:12:05.897 20564 20953 D OkHttp : content-length: 162081
11-03 16:12:05.897 20564 20953 D OkHttp : <-- END HTTP
11-03 16:12:05.964 20564 20953 D MYINTERCEPTOR: /GiengerService.svc/getorder
11-03 16:12:05.965 20564 20953 D OkHttp : --> POST https://testsaig1.gienger.cz/GiengerService.svc/getorder http/1.1
11-03 16:12:05.965 20564 20953 D OkHttp : Content-Length: 0
11-03 16:12:05.965 20564 20953 D OkHttp : name: 130AT1190427452.xml
11-03 16:12:05.965 20564 20953 D OkHttp : token: b2472d59e0b242dcf9e87202a8654173
11-03 16:12:05.965 20564 20953 D OkHttp : --> END POST
11-03 16:12:05.996 20564 20953 D OkHttp : <-- 200 https://testsaig1.gienger.cz/GiengerService.svc/getorder (31ms)
11-03 16:12:05.997 20564 20953 D OkHttp : content-type: application/xml; charset=utf-8
11-03 16:12:05.997 20564 20953 D OkHttp : server: Microsoft-IIS/10.0
11-03 16:12:05.997 20564 20953 D OkHttp : checksum: a3921c0ce5b14251657315776b9bfaeb
11-03 16:12:05.997 20564 20953 D OkHttp : x-powered-by: ASP.NET
11-03 16:12:05.997 20564 20953 D OkHttp : date: Tue, 03 Nov 2020 15:12:04 GMT
11-03 16:12:05.997 20564 20953 D OkHttp : content-length: 164739
11-03 16:12:05.997 20564 20953 D OkHttp : <-- END HTTP
11-03 16:12:06.072 20564 20953 D MYINTERCEPTOR: /GiengerService.svc/getorder
11-03 16:12:06.073 20564 20953 D OkHttp : --> POST https://testsaig1.gienger.cz/GiengerService.svc/getorder http/1.1
11-03 16:12:06.073 20564 20953 D OkHttp : Content-Length: 0
11-03 16:12:06.073 20564 20953 D OkHttp : name: 130AT1193902712.xml
11-03 16:12:06.074 20564 20953 D OkHttp : token: b2472d59e0b242dcf9e87202a8654173
11-03 16:12:06.074 20564 20953 D OkHttp : --> END POST
11-03 16:12:06.108 20564 20953 D OkHttp : <-- 200 https://testsaig1.gienger.cz/GiengerService.svc/getorder (34ms)
11-03 16:12:06.108 20564 20953 D OkHttp : content-type: application/xml; charset=utf-8
11-03 16:12:06.108 20564 20953 D OkHttp : server: Microsoft-IIS/10.0
11-03 16:12:06.108 20564 20953 D OkHttp : checksum: 24d26db3a42201657293a7261ce14762
11-03 16:12:06.108 20564 20953 D OkHttp : x-powered-by: ASP.NET
11-03 16:12:06.109 20564 20953 D OkHttp : date: Tue, 03 Nov 2020 15:12:04 GMT
11-03 16:12:06.109 20564 20953 D OkHttp : content-length: 177525
11-03 16:12:06.109 20564 20953 D OkHttp : <-- END HTTP
11-03 16:12:06.181 20564 20953 D MYINTERCEPTOR: /GiengerService.svc/getorder
11-03 16:12:06.182 20564 20953 D OkHttp : --> POST https://testsaig1.gienger.cz/GiengerService.svc/getorder http/1.1
11-03 16:12:06.182 20564 20953 D OkHttp : Content-Length: 0
11-03 16:12:06.182 20564 20953 D OkHttp : name: 130AT1191103624.xml
11-03 16:12:06.182 20564 20953 D OkHttp : token: b2472d59e0b242dcf9e87202a8654173
11-03 16:12:06.183 20564 20953 D OkHttp : --> END POST
11-03 16:12:06.222 20564 20953 D OkHttp : <-- 200 https://testsaig1.gienger.cz/GiengerService.svc/getorder (39ms)
11-03 16:12:06.222 20564 20953 D OkHttp : content-type: application/xml; charset=utf-8
11-03 16:12:06.222 20564 20953 D OkHttp : server: Microsoft-IIS/10.0
11-03 16:12:06.222 20564 20953 D OkHttp : checksum: 9edad92f92db9b995cf1027106e03340
11-03 16:12:06.223 20564 20953 D OkHttp : x-powered-by: ASP.NET
11-03 16:12:06.223 20564 20953 D OkHttp : date: Tue, 03 Nov 2020 15:12:04 GMT
11-03 16:12:06.223 20564 20953 D OkHttp : content-length: 162485
11-03 16:12:06.223 20564 20953 D OkHttp : <-- END HTTP
11-03 16:12:06.298 20564 20953 D MYINTERCEPTOR: /GiengerService.svc/getorder
11-03 16:12:06.299 20564 20953 D OkHttp : --> POST https://testsaig1.gienger.cz/GiengerService.svc/getorder http/1.1
11-03 16:12:06.299 20564 20953 D OkHttp : Content-Length: 0
11-03 16:12:06.299 20564 20953 D OkHttp : name: 130AT1193305508.xml
11-03 16:12:06.299 20564 20953 D OkHttp : token: b2472d59e0b242dcf9e87202a8654173
11-03 16:12:06.299 20564 20953 D OkHttp : --> END POST
11-03 16:12:06.335 20564 20953 D OkHttp : <-- 200 https://testsaig1.gienger.cz/GiengerService.svc/getorder (35ms)
11-03 16:12:06.335 20564 20953 D OkHttp : content-type: application/xml; charset=utf-8
11-03 16:12:06.335 20564 20953 D OkHttp : server: Microsoft-IIS/10.0
11-03 16:12:06.335 20564 20953 D OkHttp : checksum: 657271bff80aa31d0afc500dfc499f8e
11-03 16:12:06.335 20564 20953 D OkHttp : x-powered-by: ASP.NET
11-03 16:12:06.335 20564 20953 D OkHttp : date: Tue, 03 Nov 2020 15:12:04 GMT
11-03 16:12:06.335 20564 20953 D OkHttp : content-length: 164019
11-03 16:12:06.335 20564 20953 D OkHttp : <-- END HTTP
11-03 16:12:06.407 20564 20953 D MYINTERCEPTOR: /GiengerService.svc/getorder
11-03 16:12:06.408 20564 20953 D OkHttp : --> POST https://testsaig1.gienger.cz/GiengerService.svc/getorder http/1.1
11-03 16:12:06.408 20564 20953 D OkHttp : Content-Length: 0
11-03 16:12:06.408 20564 20953 D OkHttp : name: 130AT1191103614.xml
11-03 16:12:06.408 20564 20953 D OkHttp : token: b2472d59e0b242dcf9e87202a8654173
11-03 16:12:06.409 20564 20953 D OkHttp : --> END POST
11-03 16:12:06.417 20564 20569 I art : Do full code cache collection, code=107KB, data=124KB
11-03 16:12:06.418 20564 20569 I art : Starting a blocking GC JitCodeCache
11-03 16:12:06.418 20564 20569 I art : After code cache collection, code=96KB, data=100KB
11-03 16:12:06.442 20564 20953 D OkHttp : <-- 200 https://testsaig1.gienger.cz/GiengerService.svc/getorder (32ms)
11-03 16:12:06.442 20564 20953 D OkHttp : content-type: application/xml; charset=utf-8
11-03 16:12:06.442 20564 20953 D OkHttp : server: Microsoft-IIS/10.0
11-03 16:12:06.442 20564 20953 D OkHttp : checksum: 0ba9c8af4ac7b3ef9f05eb57fbaf5c56
11-03 16:12:06.442 20564 20953 D OkHttp : x-powered-by: ASP.NET
11-03 16:12:06.442 20564 20953 D OkHttp : date: Tue, 03 Nov 2020 15:12:04 GMT
11-03 16:12:06.443 20564 20953 D OkHttp : content-length: 161433
11-03 16:12:06.443 20564 20953 D OkHttp : <-- END HTTP
11-03 16:12:06.535 20564 20564 D ViewRootImpl@fb6b79f[LoginActivity]: mHardwareRenderer.destroy()#4
11-03 16:12:06.535 20564 20564 D ViewRootImpl@fb6b79f[LoginActivity]: dispatchDetachedFromWindow
11-03 16:12:06.544 20564 20564 D InputTransport: Input channel destroyed: fd=68
11-03 16:12:06.545 20564 20564 D ViewRootImpl@bf94e92[LoginActivity]: MSG_WINDOW_FOCUS_CHANGED 1
11-03 16:12:06.545 20564 20564 D ViewRootImpl@bf94e92[LoginActivity]: mHardwareRenderer.initializeIfNeeded()#2 mSurface={isValid=true -2004164608}
11-03 16:12:06.547 20564 20564 V InputMethodManager: Starting input: tba=android.view.inputmethod.EditorInfo@3303850 nm : cz.gienger.mobile ic=null
11-03 16:12:06.547 20564 20564 I InputMethodManager: startInputInner - mService.startInputOrWindowGainedFocus
11-03 16:12:06.555 20564 20564 D InputTransport: Input channel constructed: fd=68
11-03 16:12:06.555 20564 20564 D InputTransport: Input channel destroyed: fd=76
11-03 16:12:06.555 20564 20564 E ViewRootImpl: sendUserActionEvent() returned.
11-03 16:12:06.590 20564 20564 D AbsListView: in onLayout changed
11-03 16:12:06.891 20564 20569 I art : Do partial code cache collection, code=98KB, data=103KB
11-03 16:12:06.892 20564 20569 I art : After code cache collection, code=98KB, data=103KB
11-03 16:12:06.892 20564 20569 I art : Increasing code cache capacity to 512KB
11-03 16:12:06.963 20564 20564 D AbsListView: in onLayout changed
11-03 16:12:08.022 20564 20564 D ViewRootImpl@bf94e92[LoginActivity]: ViewPostImeInputStage processPointer 0
11-03 16:12:08.089 20564 20564 D AbsListView: reportScrollStateChange() newState : 1
11-03 16:12:08.399 20564 20564 D ViewRootImpl@bf94e92[LoginActivity]: ViewPostImeInputStage processPointer 1
11-03 16:12:08.399 20564 20564 D AbsListView: onTouchUp() mTouchMode : 3
11-03 16:12:08.399 20564 20564 D AbsListView: onTouchUp() TOUCH_MODE_SCROLL initialVelocity : -739
11-03 16:12:08.400 20564 20564 D AbsListView: reportScrollStateChange() newState : 2
11-03 16:12:08.851 20564 20564 D ViewRootImpl@bf94e92[LoginActivity]: ViewPostImeInputStage processPointer 0
11-03 16:12:08.895 20564 20564 D AbsListView: reportScrollStateChange() newState : 0
11-03 16:12:08.896 20564 20564 D AbsListView: reportScrollStateChange() newState : 1
11-03 16:12:08.958 20564 20564 D ViewRootImpl@bf94e92[LoginActivity]: ViewPostImeInputStage processPointer 1
11-03 16:12:08.959 20564 20564 D AbsListView: onTouchUp() mTouchMode : 3
11-03 16:12:08.959 20564 20564 D AbsListView: onTouchUp() TOUCH_MODE_SCROLL initialVelocity : -2583
11-03 16:12:08.959 20564 20564 D AbsListView: reportScrollStateChange() newState : 2
11-03 16:12:09.191 20564 20564 D AbsListView: reportScrollStateChange() newState : 0
11-03 16:12:10.038 20564 20564 D ViewRootImpl@bf94e92[LoginActivity]: ViewPostImeInputStage processPointer 0
11-03 16:12:10.111 20564 20564 D ViewRootImpl@bf94e92[LoginActivity]: ViewPostImeInputStage processPointer 1
11-03 16:12:10.137 20564 20564 D ScrollView: initGoToTop
11-03 16:12:10.141 20564 20564 D ScrollView: initGoToTop
11-03 16:12:10.152 20564 20564 D ViewRootImpl@60c826c[LoginActivity]: ThreadedRenderer.create() translucent=true
11-03 16:12:10.158 20564 20564 D InputTransport: Input channel constructed: fd=75
11-03 16:12:10.159 20564 20564 D ViewRootImpl@60c826c[LoginActivity]: setView = DecorView@e98a035[LoginActivity] touchMode=true
11-03 16:12:10.160 20564 20564 D ViewRootImpl@60c826c[LoginActivity]: dispatchAttachedToWindow
11-03 16:12:10.185 20564 20564 D ViewRootImpl@60c826c[LoginActivity]: Relayout returned: oldFrame=[0,0][0,0] newFrame=[108,450][660,597] result=0x27 surface={isValid=true -1983789056} surfaceGenerationChanged=true
11-03 16:12:10.185 20564 20564 D ViewRootImpl@60c826c[LoginActivity]: mHardwareRenderer.initialize() mSurface={isValid=true -1983789056} hwInitialized=true
11-03 16:12:10.190 20564 20564 D ScrollView: onsize change changed
11-03 16:12:10.190 20564 20564 D ScrollView: onsize change changed
11-03 16:12:10.200 20564 20564 D ViewRootImpl@60c826c[LoginActivity]: MSG_WINDOW_FOCUS_CHANGED 1
11-03 16:12:10.200 20564 20564 D ViewRootImpl@60c826c[LoginActivity]: mHardwareRenderer.initializeIfNeeded()#2 mSurface={isValid=true -1983789056}
11-03 16:12:10.213 20564 20564 D ViewRootImpl@60c826c[LoginActivity]: MSG_RESIZED_REPORT: frame=Rect(108, 450 - 660, 597) ci=Rect(0, 0 - 0, 0) vi=Rect(0, 0 - 0, 0) or=1
11-03 16:12:10.225 20564 20564 D ViewRootImpl@bf94e92[LoginActivity]: MSG_WINDOW_FOCUS_CHANGED 0
11-03 16:12:12.188 20564 20564 D ViewRootImpl@60c826c[LoginActivity]: ViewPostImeInputStage processPointer 0
11-03 16:12:12.271 20564 20564 D ViewRootImpl@60c826c[LoginActivity]: ViewPostImeInputStage processPointer 1
11-03 16:12:12.302 20564 20564 D ScrollView: initGoToTop
11-03 16:12:12.308 20564 20564 D ScrollView: initGoToTop
11-03 16:12:12.316 20564 20564 D ViewRootImpl@c15976e[LoginActivity]: ThreadedRenderer.create() translucent=true
11-03 16:12:12.320 20564 20564 D InputTransport: Input channel constructed: fd=83
11-03 16:12:12.320 20564 20564 D ViewRootImpl@c15976e[LoginActivity]: setView = DecorView@6692e0f[LoginActivity] touchMode=true
11-03 16:12:12.324 20564 20945 D MYINTERCEPTOR: /GiengerService.svc/assign/A03_trasa_A03-04_ranni_13_06_2019
11-03 16:12:12.326 20564 20945 D OkHttp : --> POST https://testsaig1.gienger.cz/GiengerService.svc/assign/A03_trasa_A03-04_ranni_13_06_2019 http/1.1
11-03 16:12:12.326 20564 20945 D OkHttp : Content-Length: 0
11-03 16:12:12.326 20564 20945 D OkHttp : token: b2472d59e0b242dcf9e87202a8654173
11-03 16:12:12.326 20564 20945 D OkHttp : --> END POST
11-03 16:12:12.339 20564 20564 D ViewRootImpl@60c826c[LoginActivity]: mHardwareRenderer.destroy()#4
11-03 16:12:12.339 20564 20564 D ViewRootImpl@60c826c[LoginActivity]: dispatchDetachedFromWindow
11-03 16:12:12.351 20564 20564 D InputTransport: Input channel destroyed: fd=75
11-03 16:12:12.353 20564 20564 D ViewRootImpl@c15976e[LoginActivity]: dispatchAttachedToWindow
11-03 16:12:12.360 20564 20945 D OkHttp : <-- 200 https://testsaig1.gienger.cz/GiengerService.svc/assign/A03_trasa_A03-04_ranni_13_06_2019 (33ms)
11-03 16:12:12.360 20564 20945 D OkHttp : content-type: application/xml; charset=utf-8
11-03 16:12:12.360 20564 20945 D OkHttp : server: Microsoft-IIS/10.0
11-03 16:12:12.360 20564 20945 D OkHttp : x-powered-by: ASP.NET
11-03 16:12:12.360 20564 20945 D OkHttp : date: Tue, 03 Nov 2020 15:12:11 GMT
11-03 16:12:12.360 20564 20945 D OkHttp : content-length: 187
11-03 16:12:12.361 20564 20945 D OkHttp : <-- END HTTP
11-03 16:12:12.375 20564 20564 D ViewRootImpl@c15976e[LoginActivity]: Relayout returned: oldFrame=[0,0][0,0] newFrame=[108,466][660,582] result=0x27 surface={isValid=true -1983789056} surfaceGenerationChanged=true
11-03 16:12:12.375 20564 20564 D ViewRootImpl@c15976e[LoginActivity]: mHardwareRenderer.initialize() mSurface={isValid=true -1983789056} hwInitialized=true
11-03 16:12:12.381 20564 20564 D ViewRootImpl@c15976e[LoginActivity]: MSG_WINDOW_FOCUS_CHANGED 1
11-03 16:12:12.382 20564 20564 D ViewRootImpl@c15976e[LoginActivity]: mHardwareRenderer.initializeIfNeeded()#2 mSurface={isValid=true -1983789056}
11-03 16:12:12.401 20564 20564 D ViewRootImpl@c15976e[LoginActivity]: mHardwareRenderer.destroy()#4
11-03 16:12:12.401 20564 20564 D ViewRootImpl@c15976e[LoginActivity]: dispatchDetachedFromWindow
11-03 16:12:12.412 20564 20564 D InputTransport: Input channel destroyed: fd=83
11-03 16:12:12.431 20564 20564 D ALARM_REUPLOAD: scheduling alarm
11-03 16:12:12.462 20564 20564 D ScrollView: initGoToTop
11-03 16:12:12.470 20564 20564 D ScrollView: initGoToTop
11-03 16:12:12.481 20564 20564 D ViewRootImpl@60b8dfb[LoginActivity]: ThreadedRenderer.create() translucent=true
11-03 16:12:12.489 20564 20564 D InputTransport: Input channel constructed: fd=75
11-03 16:12:12.490 20564 20564 D ViewRootImpl@60b8dfb[LoginActivity]: setView = DecorView@3501e18[LoginActivity] touchMode=true
11-03 16:12:12.494 20564 20564 D ViewRootImpl@60b8dfb[LoginActivity]: dispatchAttachedToWindow
11-03 16:12:12.504 20564 20991 D MYINTERCEPTOR: /GiengerService.svc/metadata
11-03 16:12:12.507 20564 20991 D OkHttp : --> GET https://testsaig1.gienger.cz/GiengerService.svc/metadata http/1.1
11-03 16:12:12.507 20564 20991 D OkHttp : token: b2472d59e0b242dcf9e87202a8654173
11-03 16:12:12.507 20564 20991 D OkHttp : state: CZ
11-03 16:12:12.507 20564 20991 D OkHttp : --> END GET
11-03 16:12:12.526 20564 20564 D ViewRootImpl@60b8dfb[LoginActivity]: Relayout returned: oldFrame=[0,0][0,0] newFrame=[108,466][660,582] result=0x27 surface={isValid=true -1981327360} surfaceGenerationChanged=true
11-03 16:12:12.526 20564 20564 D ViewRootImpl@60b8dfb[LoginActivity]: mHardwareRenderer.initialize() mSurface={isValid=true -1981327360} hwInitialized=true
11-03 16:12:12.529 20564 20564 E ViewRootImpl: sendUserActionEvent() returned.
11-03 16:12:12.529 20564 20564 E ViewRootImpl: sendUserActionEvent() returned.
11-03 16:12:12.529 20564 20564 D ViewRootImpl@bf94e92[LoginActivity]: MSG_WINDOW_FOCUS_CHANGED 1
11-03 16:12:12.529 20564 20564 D ViewRootImpl@bf94e92[LoginActivity]: mHardwareRenderer.initializeIfNeeded()#2 mSurface={isValid=true -2004164608}
11-03 16:12:12.570 20564 20564 D ViewRootImpl@60b8dfb[LoginActivity]: MSG_WINDOW_FOCUS_CHANGED 1
11-03 16:12:12.570 20564 20564 D ViewRootImpl@60b8dfb[LoginActivity]: mHardwareRenderer.initializeIfNeeded()#2 mSurface={isValid=true -1981327360}
11-03 16:12:12.585 20564 20564 D ViewRootImpl@60b8dfb[LoginActivity]: MSG_RESIZED_REPORT: frame=Rect(108, 466 - 660, 582) ci=Rect(0, 0 - 0, 0) vi=Rect(0, 0 - 0, 0) or=1
11-03 16:12:12.602 20564 20564 D ViewRootImpl@bf94e92[LoginActivity]: MSG_WINDOW_FOCUS_CHANGED 0
11-03 16:12:15.889 20564 20991 D OkHttp : <-- 200 https://testsaig1.gienger.cz/GiengerService.svc/metadata (3381ms)
11-03 16:12:15.889 20564 20991 D OkHttp : content-type: application/xml; charset=utf-8
11-03 16:12:15.890 20564 20991 D OkHttp : server: Microsoft-IIS/10.0
11-03 16:12:15.890 20564 20991 D OkHttp : x-powered-by: ASP.NET
11-03 16:12:15.890 20564 20991 D OkHttp : date: Tue, 03 Nov 2020 15:12:14 GMT
11-03 16:12:15.890 20564 20991 D OkHttp : content-length: 550
11-03 16:12:15.890 20564 20991 D OkHttp : <-- END HTTP
11-03 16:12:37.455 20564 20564 D ViewRootImpl@60b8dfb[LoginActivity]: mHardwareRenderer.destroy()#4
11-03 16:12:37.456 20564 20564 D ViewRootImpl@60b8dfb[LoginActivity]: dispatchDetachedFromWindow
11-03 16:12:37.466 20564 20564 D InputTransport: Input channel destroyed: fd=75
11-03 16:12:37.485 20564 20564 D ViewRootImpl@bf94e92[LoginActivity]: MSG_WINDOW_FOCUS_CHANGED 1
11-03 16:12:37.485 20564 20564 D ViewRootImpl@bf94e92[LoginActivity]: mHardwareRenderer.initializeIfNeeded()#2 mSurface={isValid=true -2004164608}
11-03 16:12:37.488 20564 20564 E ViewRootImpl: sendUserActionEvent() returned.
11-03 16:12:38.011 20564 20564 D ViewRootImpl@b8a142[MainActivity]: ThreadedRenderer.create() translucent=false
11-03 16:12:38.014 20564 20564 D InputTransport: Input channel constructed: fd=78
11-03 16:12:38.014 20564 20564 D ViewRootImpl@b8a142[MainActivity]: setView = DecorView@acaf553[MainActivity] touchMode=true
11-03 16:12:38.022 20564 20564 D ViewRootImpl@b8a142[MainActivity]: dispatchAttachedToWindow
11-03 16:12:38.114 20564 20564 D ViewRootImpl@b8a142[MainActivity]: Relayout returned: oldFrame=[0,0][0,0] newFrame=[0,0][768,1024] result=0x27 surface={isValid=true -1996621824} surfaceGenerationChanged=true
11-03 16:12:38.115 20564 20564 D ViewRootImpl@b8a142[MainActivity]: mHardwareRenderer.initialize() mSurface={isValid=true -1996621824} hwInitialized=true
11-03 16:12:38.219 20564 20564 D AbsListView: in onLayout changed
11-03 16:12:38.284 20564 20564 D ViewRootImpl@b8a142[MainActivity]: MSG_RESIZED_REPORT: frame=Rect(0, 0 - 768, 1024) ci=Rect(0, 24 - 0, 0) vi=Rect(0, 24 - 0, 0) or=1
11-03 16:12:38.285 20564 20564 D ViewRootImpl@b8a142[MainActivity]: MSG_WINDOW_FOCUS_CHANGED 1
11-03 16:12:38.285 20564 20564 D ViewRootImpl@b8a142[MainActivity]: mHardwareRenderer.initializeIfNeeded()#2 mSurface={isValid=true -1996621824}
11-03 16:12:38.287 20564 20564 V InputMethodManager: Starting input: tba=android.view.inputmethod.EditorInfo@cce4de5 nm : cz.gienger.mobile ic=null
11-03 16:12:38.287 20564 20564 I InputMethodManager: startInputInner - mService.startInputOrWindowGainedFocus
11-03 16:12:38.309 20564 20564 D InputTransport: Input channel constructed: fd=80
11-03 16:12:38.309 20564 20564 D InputTransport: Input channel destroyed: fd=68
11-03 16:12:38.317 20564 20564 D ViewRootImpl@bf94e92[LoginActivity]: MSG_WINDOW_FOCUS_CHANGED 0
11-03 16:12:38.343 20564 20564 D ViewRootImpl@bf94e92[LoginActivity]: mHardwareRenderer.destroy()#1
11-03 16:12:38.350 20564 20564 D ViewRootImpl@bf94e92[LoginActivity]: Relayout returned: oldFrame=[0,0][768,1024] newFrame=[0,0][768,1024] result=0x5 surface={isValid=false 0} surfaceGenerationChanged=true
11-03 16:12:38.739 20564 20564 D ViewRootImpl@bf94e92[LoginActivity]: mHardwareRenderer.destroy()#4
11-03 16:12:38.739 20564 20564 D ViewRootImpl@bf94e92[LoginActivity]: dispatchDetachedFromWindow
11-03 16:12:38.746 20564 20564 D InputTransport: Input channel destroyed: fd=63
11-03 16:12:52.192 20564 20564 V InputMethodManager: Starting input: tba=android.view.inputmethod.EditorInfo@3b120ba nm : cz.gienger.mobile ic=null
11-03 16:12:52.192 20564 20564 I InputMethodManager: startInputInner - mService.startInputOrWindowGainedFocus
11-03 16:12:52.193 20564 20564 D InputTransport: Input channel constructed: fd=66
11-03 16:12:52.194 20564 20564 D InputTransport: Input channel destroyed: fd=80
11-03 16:13:44.547 20564 20564 V InputMethodManager: Starting input: tba=android.view.inputmethod.EditorInfo@43fcb6b nm : cz.gienger.mobile ic=null
11-03 16:13:44.547 20564 20564 I InputMethodManager: startInputInner - mService.startInputOrWindowGainedFocus
11-03 16:13:44.548 20564 20564 D InputTransport: Input channel constructed: fd=67
11-03 16:13:44.549 20564 20564 D InputTransport: Input channel destroyed: fd=66
11-03 16:13:45.032 20564 20564 D ViewRootImpl@b8a142[MainActivity]: MSG_RESIZED_REPORT: frame=Rect(0, 0 - 768, 1024) ci=Rect(0, 24 - 0, 0) vi=Rect(0, 24 - 0, 0) or=1
11-03 16:13:45.074 20564 20564 D ViewRootImpl@b8a142[MainActivity]: Relayout returned: oldFrame=[0,0][768,1024] newFrame=[0,0][768,1024] result=0x1 surface={isValid=true -1996621824} surfaceGenerationChanged=false
11-03 16:13:45.149 20564 20564 D AbsListView: in onLayout changed
11-03 16:13:46.750 20564 20564 D ViewRootImpl@b8a142[MainActivity]: ViewPostImeInputStage processPointer 0
11-03 16:13:46.796 20564 20564 D AbsListView: reportScrollStateChange() newState : 1
11-03 16:13:46.867 20564 20564 D ViewRootImpl@b8a142[MainActivity]: ViewPostImeInputStage processPointer 1
11-03 16:13:46.867 20564 20564 D AbsListView: onTouchUp() mTouchMode : 3
11-03 16:13:46.868 20564 20564 D AbsListView: onTouchUp() TOUCH_MODE_SCROLL initialVelocity : 4000
11-03 16:13:46.868 20564 20564 D AbsListView: reportScrollStateChange() newState : 2
11-03 16:13:47.080 20564 20564 D AbsListView: reportScrollStateChange() newState : 0
11-03 16:13:49.195 20564 20564 D ViewRootImpl@b8a142[MainActivity]: MSG_WINDOW_FOCUS_CHANGED 1
11-03 16:13:49.195 20564 20564 D ViewRootImpl@b8a142[MainActivity]: mHardwareRenderer.initializeIfNeeded()#2 mSurface={isValid=true -1996621824}
11-03 16:13:49.197 20564 20564 V InputMethodManager: Starting input: tba=android.view.inputmethod.EditorInfo@62b665d nm : cz.gienger.mobile ic=null
11-03 16:13:49.198 20564 20564 I InputMethodManager: startInputInner - mService.startInputOrWindowGainedFocus
11-03 16:13:49.226 20564 20564 D InputTransport: Input channel constructed: fd=66
11-03 16:13:49.226 20564 20564 D InputTransport: Input channel destroyed: fd=67
11-03 16:13:50.904 20564 20564 D ViewRootImpl@b8a142[MainActivity]: ViewPostImeInputStage processPointer 0
11-03 16:13:50.956 20564 20564 D ViewRootImpl@b8a142[MainActivity]: ViewPostImeInputStage processPointer 1
11-03 16:13:50.967 20564 20564 D item_click: viewId = 2131820756, position = 0
11-03 16:13:51.023 20564 20564 D ViewRootImpl@b8a142[MainActivity]: MSG_WINDOW_FOCUS_CHANGED 0
11-03 16:13:51.213 20564 20564 D ViewRootImpl@c1a3919[DeliverActivity]: ThreadedRenderer.create() translucent=false
11-03 16:13:51.217 20564 20564 D InputTransport: Input channel constructed: fd=67
11-03 16:13:51.217 20564 20564 D ViewRootImpl@c1a3919[DeliverActivity]: setView = DecorView@6e61dde[DeliverActivity] touchMode=true
11-03 16:13:51.220 20564 20564 D LOCATION_SERVICE: LocationListener gps
11-03 16:13:51.221 20564 20564 D LOCATION_SERVICE: LocationListener network
11-03 16:13:51.223 20564 20564 D LOCATION_SERVICE: onCreate
11-03 16:13:51.223 20564 20564 D LOCATION_SERVICE: initializeLocationManager
11-03 16:13:51.241 20564 20564 D LOCATION_SERVICE: onStartCommand
11-03 16:13:51.254 20564 20564 D ViewRootImpl@c1a3919[DeliverActivity]: dispatchAttachedToWindow
11-03 16:13:51.295 20564 20564 D ViewRootImpl@c1a3919[DeliverActivity]: Relayout returned: oldFrame=[0,0][0,0] newFrame=[0,0][768,1024] result=0x27 surface={isValid=true -2041391104} surfaceGenerationChanged=true
11-03 16:13:51.296 20564 20564 D ViewRootImpl@c1a3919[DeliverActivity]: mHardwareRenderer.initialize() mSurface={isValid=true -2041391104} hwInitialized=true
11-03 16:13:51.348 20564 22124 D FILE_MANAGER: Copying file /data/user/0/cz.gienger.mobile/files/delivery/130AT1190319555/130AT1190319555.pdf to /storage/emulated/0/130AT1190319555.pdf
11-03 16:13:51.353 20564 20564 D ViewRootImpl@c1a3919[DeliverActivity]: MSG_RESIZED_REPORT: frame=Rect(0, 0 - 768, 1024) ci=Rect(0, 24 - 0, 0) vi=Rect(0, 24 - 0, 0) or=1
11-03 16:13:51.353 20564 20564 D ViewRootImpl@c1a3919[DeliverActivity]: MSG_WINDOW_FOCUS_CHANGED 1
11-03 16:13:51.353 20564 20564 D ViewRootImpl@c1a3919[DeliverActivity]: mHardwareRenderer.initializeIfNeeded()#2 mSurface={isValid=true -2041391104}
11-03 16:13:51.362 20564 20564 V InputMethodManager: Starting input: tba=android.view.inputmethod.EditorInfo@19633b7 nm : cz.gienger.mobile ic=null
11-03 16:13:51.362 20564 20564 I InputMethodManager: startInputInner - mService.startInputOrWindowGainedFocus
11-03 16:13:51.391 20564 20564 D InputTransport: Input channel constructed: fd=74
11-03 16:13:51.391 20564 20564 D InputTransport: Input channel destroyed: fd=66
11-03 16:13:51.413 20564 20564 D LOCATION_SERVICE: onLocationChanged: Location[network 49,191152,17,534471 acc=21 et=+2h5m11s705ms alt=0.0 vel=0.0 bear=0.0 {Bundle[mParcelledData.dataSize=80]}]
11-03 16:13:51.469 20564 20610 D OpenGLRenderer: endAllActiveAnimators on 0x85e34600 (RippleDrawable) with handle 0x85dc4680
11-03 16:13:51.470 20564 20564 D ViewRootImpl@b8a142[MainActivity]: mHardwareRenderer.destroy()#1
11-03 16:13:51.480 20564 20564 D ViewRootImpl@b8a142[MainActivity]: Relayout returned: oldFrame=[0,0][768,1024] newFrame=[0,0][768,1024] result=0x5 surface={isValid=false 0} surfaceGenerationChanged=true
11-03 16:13:51.832 20564 20564 D ViewRootImpl@b8a142[MainActivity]: Relayout returned: oldFrame=[0,0][768,1024] newFrame=[0,0][768,1024] result=0x5 surface={isValid=false 0} surfaceGenerationChanged=false
11-03 16:13:51.881 20564 22124 D FILE_MANAGER: copy ok
11-03 16:13:52.517 20564 20564 D ViewRootImpl@c1a3919[DeliverActivity]: ViewPostImeInputStage processPointer 0
11-03 16:13:52.588 20564 20564 D ViewRootImpl@c1a3919[DeliverActivity]: ViewPostImeInputStage processPointer 1
11-03 16:13:53.657 20564 20564 D ViewRootImpl@c1a3919[DeliverActivity]: ViewPostImeInputStage processPointer 0
11-03 16:13:53.708 20564 20564 D ViewRootImpl@c1a3919[DeliverActivity]: ViewPostImeInputStage processPointer 1
11-03 16:13:53.724 20564 20564 V InputMethodManager: Starting input: tba=android.view.inputmethod.EditorInfo@a846e2a nm : cz.gienger.mobile ic=com.android.internal.widget.EditableInputConnection@26fe41b
11-03 16:13:53.724 20564 20564 I InputMethodManager: startInputInner - mService.startInputOrWindowGainedFocus
11-03 16:13:53.726 20564 20564 D InputTransport: Input channel constructed: fd=66
11-03 16:13:53.726 20564 20564 D InputTransport: Input channel destroyed: fd=74
11-03 16:13:53.726 20564 20564 D InputMethodManager: SSI - flag : 0 Pid : 20564 view : cz.gienger.mobile
