11-03 16:13:54.084 20564 20564 D ViewRootImpl@c1a3919[DeliverActivity]: MSG_RESIZED: frame=Rect(0, 0 - 768, 1024) ci=Rect(0, 24 - 0, 320) vi=Rect(0, 24 - 0, 320) or=1
11-03 16:13:54.108 20564 20564 D ViewRootImpl@c1a3919[DeliverActivity]: Relayout returned: oldFrame=[0,0][768,1024] newFrame=[0,0][768,1024] result=0x1 surface={isValid=true -2041391104} surfaceGenerationChanged=false
11-03 16:13:55.828 20564 20564 D ViewRootImpl@c1a3919[DeliverActivity]: ViewPostImeInputStage processPointer 0
11-03 16:13:55.877 20564 20564 D ViewRootImpl@c1a3919[DeliverActivity]: ViewPostImeInputStage processPointer 1
11-03 16:13:55.901 20564 20564 D ScrollView: initGoToTop
11-03 16:13:55.975 20564 20564 D ScrollView: onsize change changed
11-03 16:13:56.286 20564 20564 D TextView: SYANI: Clipboard API is calling: clearFilter()
11-03 16:13:56.286 20564 20564 D TextView: SYANI: Clipboard API is calling: unregisterClipboardEventListener()
11-03 16:13:56.287 20564 20564 D TextView: SYANI: Clipboard API is calling: clearFilter()
11-03 16:13:56.287 20564 20564 D TextView: SYANI: Clipboard API is calling: unregisterClipboardEventListener()
11-03 16:13:56.290 20564 20564 D TextView: SYANI: Clipboard API is calling: clearFilter()
11-03 16:13:56.290 20564 20564 D TextView: SYANI: Clipboard API is calling: unregisterClipboardEventListener()
11-03 16:13:56.962 20564 20564 D ViewRootImpl@c1a3919[DeliverActivity]: ViewPostImeInputStage processPointer 0
11-03 16:13:57.035 20564 20564 D ViewRootImpl@c1a3919[DeliverActivity]: ViewPostImeInputStage processPointer 1
11-03 16:13:57.439 20564 20564 D ViewRootImpl@c1a3919[DeliverActivity]: ViewPostImeInputStage processPointer 0
11-03 16:13:57.566 20564 20564 D ViewRootImpl@c1a3919[DeliverActivity]: ViewPostImeInputStage processPointer 1
11-03 16:13:57.581 20564 20564 V InputMethodManager: Starting input: tba=android.view.inputmethod.EditorInfo@1bdb70c nm : cz.gienger.mobile ic=com.android.internal.widget.EditableInputConnection@ad4c855
11-03 16:13:57.581 20564 20564 I InputMethodManager: startInputInner - mService.startInputOrWindowGainedFocus
11-03 16:13:57.583 20564 20564 D InputTransport: Input channel constructed: fd=68
11-03 16:13:57.583 20564 20564 D InputTransport: Input channel destroyed: fd=66
11-03 16:13:57.584 20564 20564 D InputMethodManager: SSI - flag : 0 Pid : 20564 view : cz.gienger.mobile
11-03 16:13:57.590 20564 20564 W IInputConnectionWrapper: performPrivateCommand on inactive InputConnection
11-03 16:13:57.604 20564 20564 W IInputConnectionWrapper: finishComposingText on inactive InputConnection
11-03 16:13:57.838 20564 20564 D ViewRootImpl@c1a3919[DeliverActivity]: MSG_RESIZED: frame=Rect(0, 0 - 768, 1024) ci=Rect(0, 24 - 0, 359) vi=Rect(0, 24 - 0, 359) or=1
11-03 16:13:57.864 20564 20564 D ViewRootImpl@c1a3919[DeliverActivity]: Relayout returned: oldFrame=[0,0][768,1024] newFrame=[0,0][768,1024] result=0x1 surface={isValid=true -2041391104} surfaceGenerationChanged=false
11-03 16:13:57.873 20564 20564 D ScrollView: onsize change changed
11-03 16:13:59.591 20564 20564 D ViewRootImpl@c1a3919[DeliverActivity]: ViewPostImeInputStage processPointer 0
11-03 16:13:59.641 20564 20564 D ViewRootImpl@c1a3919[DeliverActivity]: ViewPostImeInputStage processPointer 1
11-03 16:13:59.658 20564 20564 V InputMethodManager: Starting input: tba=android.view.inputmethod.EditorInfo@9c0d92f nm : cz.gienger.mobile ic=com.android.internal.widget.EditableInputConnection@2a2fb3c
11-03 16:13:59.658 20564 20564 I InputMethodManager: startInputInner - mService.startInputOrWindowGainedFocus
11-03 16:13:59.660 20564 20564 D InputTransport: Input channel constructed: fd=66
11-03 16:13:59.660 20564 20564 D InputTransport: Input channel destroyed: fd=68
11-03 16:13:59.660 20564 20564 D InputMethodManager: SSI - flag : 0 Pid : 20564 view : cz.gienger.mobile
11-03 16:13:59.666 20564 20564 W IInputConnectionWrapper: finishComposingText on inactive InputConnection
11-03 16:14:01.511 20564 20564 D ViewRootImpl@c1a3919[DeliverActivity]: ViewPostImeInputStage processPointer 0
11-03 16:14:01.573 20564 20564 D ViewRootImpl@c1a3919[DeliverActivity]: ViewPostImeInputStage processPointer 1
11-03 16:14:01.591 20564 20564 V InputMethodManager: Starting input: tba=android.view.inputmethod.EditorInfo@9e55441 nm : cz.gienger.mobile ic=com.android.internal.widget.EditableInputConnection@196dde6
11-03 16:14:01.591 20564 20564 I InputMethodManager: startInputInner - mService.startInputOrWindowGainedFocus
11-03 16:14:01.593 20564 20564 D InputTransport: Input channel constructed: fd=68
11-03 16:14:01.593 20564 20564 D InputTransport: Input channel destroyed: fd=66
11-03 16:14:01.593 20564 20564 D InputMethodManager: SSI - flag : 0 Pid : 20564 view : cz.gienger.mobile
11-03 16:14:01.597 20564 20564 W IInputConnectionWrapper: finishComposingText on inactive InputConnection
11-03 16:14:03.430 20564 20564 D ViewRootImpl@c1a3919[DeliverActivity]: ViewPostImeInputStage processPointer 0
11-03 16:14:03.470 20564 20564 D ViewRootImpl@c1a3919[DeliverActivity]: ViewPostImeInputStage processPointer 1
11-03 16:14:03.993 20564 20564 D ViewRootImpl@c1a3919[DeliverActivity]: ViewPostImeInputStage processPointer 0
11-03 16:14:04.059 20564 20564 D ViewRootImpl@c1a3919[DeliverActivity]: ViewPostImeInputStage processPointer 1
11-03 16:14:04.482 20564 20564 D ViewRootImpl@c1a3919[DeliverActivity]: ViewPostImeInputStage processPointer 0
11-03 16:14:04.555 20564 20564 D ViewRootImpl@c1a3919[DeliverActivity]: ViewPostImeInputStage processPointer 1
11-03 16:14:04.616 20564 20564 D ScrollView: initGoToTop
11-03 16:14:04.621 20564 20564 D ScrollView: initGoToTop
11-03 16:14:04.632 20564 20564 D ViewRootImpl@eaf2925[DeliverActivity]: ThreadedRenderer.create() translucent=true
11-03 16:14:04.641 20564 20564 D InputTransport: Input channel constructed: fd=66
11-03 16:14:04.641 20564 20564 D ViewRootImpl@eaf2925[DeliverActivity]: setView = DecorView@6bbfafa[DeliverActivity] touchMode=true
11-03 16:14:04.653 20564 20564 D ViewRootImpl@eaf2925[DeliverActivity]: dispatchAttachedToWindow
11-03 16:14:04.677 20564 20564 D ViewRootImpl@eaf2925[DeliverActivity]: Relayout returned: oldFrame=[0,0][0,0] newFrame=[108,466][660,582] result=0x27 surface={isValid=true -1995638784} surfaceGenerationChanged=true
11-03 16:14:04.678 20564 20564 D ViewRootImpl@eaf2925[DeliverActivity]: mHardwareRenderer.initialize() mSurface={isValid=true -1995638784} hwInitialized=true
11-03 16:14:04.684 20564 20564 D ViewRootImpl@eaf2925[DeliverActivity]: MSG_WINDOW_FOCUS_CHANGED 1
11-03 16:14:04.685 20564 20564 D ViewRootImpl@eaf2925[DeliverActivity]: mHardwareRenderer.initializeIfNeeded()#2 mSurface={isValid=true -1995638784}
11-03 16:14:04.701 20564 20564 D ViewRootImpl@eaf2925[DeliverActivity]: MSG_RESIZED_REPORT: frame=Rect(108, 466 - 660, 582) ci=Rect(0, 0 - 0, 0) vi=Rect(0, 0 - 0, 0) or=1
11-03 16:14:04.735 20564 20564 D ViewRootImpl@c1a3919[DeliverActivity]: MSG_WINDOW_FOCUS_CHANGED 0
11-03 16:14:05.073 20564 20575 I art : Background partial concurrent mark sweep GC freed 181186(7MB) AllocSpace objects, 33(4MB) LOS objects, 51% free, 11MB/23MB, paused 2.643ms total 162.602ms
11-03 16:14:06.345 20564 20575 I art : Background sticky concurrent mark sweep GC freed 366639(10MB) AllocSpace objects, 2(56KB) LOS objects, 43% free, 13MB/23MB, paused 1.007ms total 103.583ms
11-03 16:14:06.694 20564 22141 W PdfBoxAndroid: Call PDFBoxResourceLoader.init() first to decrease resource load time
11-03 16:14:06.954 20564 20575 I art : Background partial concurrent mark sweep GC freed 253801(9MB) AllocSpace objects, 24(2MB) LOS objects, 51% free, 11MB/23MB, paused 1.260ms total 140.513ms
11-03 16:14:08.095 20564 20575 I art : Background partial concurrent mark sweep GC freed 321180(9MB) AllocSpace objects, 6(192KB) LOS objects, 41% free, 17MB/29MB, paused 1.264ms total 140.169ms
11-03 16:14:08.554 20564 20564 D ViewRootImpl@eaf2925[DeliverActivity]: mHardwareRenderer.destroy()#4
11-03 16:14:08.554 20564 20564 D ViewRootImpl@eaf2925[DeliverActivity]: dispatchDetachedFromWindow
11-03 16:14:08.563 20564 20564 D InputTransport: Input channel destroyed: fd=66
11-03 16:14:08.566 20564 20564 D SIGN_URI: file:///storage/emulated/0/130AT1190319555.pdf
11-03 16:14:08.612 20564 20564 D ViewRootImpl@c1a3919[DeliverActivity]: MSG_WINDOW_FOCUS_CHANGED 1
11-03 16:14:08.613 20564 20564 D ViewRootImpl@c1a3919[DeliverActivity]: mHardwareRenderer.initializeIfNeeded()#2 mSurface={isValid=true -2041391104}
11-03 16:14:08.652 20564 20564 E ViewRootImpl: sendUserActionEvent() returned.
11-03 16:14:08.687 20564 20564 D ViewRootImpl@c1a3919[DeliverActivity]: MSG_WINDOW_FOCUS_CHANGED 0
11-03 16:14:08.781 20564 20564 D ViewRootImpl@c1a3919[DeliverActivity]: mHardwareRenderer.destroy()#1
11-03 16:14:08.799 20564 20564 D ViewRootImpl@c1a3919[DeliverActivity]: Relayout returned: oldFrame=[0,0][768,1024] newFrame=[0,0][768,1024] result=0x5 surface={isValid=false 0} surfaceGenerationChanged=true
11-03 16:14:09.573 20564 20564 D InputTransport: Input channel destroyed: fd=68
11-03 16:14:09.581 20564 20564 W IInputConnectionWrapper: finishComposingText on inactive InputConnection
11-03 16:14:09.623 20564 20564 W IInputConnectionWrapper: reportFullscreenMode on inexistent InputConnection
11-03 16:14:09.623 20564 20564 W IInputConnectionWrapper: finishComposingText on inactive InputConnection
11-03 16:14:28.893 20564 20564 D ViewRootImpl@f5784f7[PdfArchiveActivity]: ThreadedRenderer.create() translucent=true
11-03 16:14:28.897 20564 20564 D InputTransport: Input channel constructed: fd=61
11-03 16:14:28.897 20564 20564 D ViewRootImpl@f5784f7[PdfArchiveActivity]: setView = DecorView@d10f64[PdfArchiveActivity] touchMode=true
11-03 16:14:28.905 20564 20564 D ViewRootImpl@f5784f7[PdfArchiveActivity]: dispatchAttachedToWindow
11-03 16:14:28.931 20564 20564 D ViewRootImpl@f5784f7[PdfArchiveActivity]: Relayout returned: oldFrame=[0,0][0,0] newFrame=[241,456][527,568] result=0x27 surface={isValid=true -2046054400} surfaceGenerationChanged=true
11-03 16:14:28.931 20564 20564 D ViewRootImpl@f5784f7[PdfArchiveActivity]: mHardwareRenderer.initialize() mSurface={isValid=true -2046054400} hwInitialized=true
11-03 16:14:28.935 20564 20564 D ViewRootImpl@f5784f7[PdfArchiveActivity]: MSG_RESIZED_REPORT: frame=Rect(241, 456 - 527, 568) ci=Rect(0, 0 - 0, 0) vi=Rect(0, 0 - 0, 0) or=1
11-03 16:14:28.935 20564 20564 D ViewRootImpl@f5784f7[PdfArchiveActivity]: MSG_WINDOW_FOCUS_CHANGED 1
11-03 16:14:28.936 20564 20564 D ViewRootImpl@f5784f7[PdfArchiveActivity]: mHardwareRenderer.initializeIfNeeded()#2 mSurface={isValid=true -2046054400}
11-03 16:14:28.936 20564 20564 V InputMethodManager: Starting input: tba=android.view.inputmethod.EditorInfo@70c35cd nm : cz.gienger.mobile ic=null
11-03 16:14:28.936 20564 20564 I InputMethodManager: startInputInner - mService.startInputOrWindowGainedFocus
11-03 16:14:28.939 20564 20564 D InputTransport: Input channel constructed: fd=63
11-03 16:14:30.012 20564 20564 D ViewRootImpl@f5784f7[PdfArchiveActivity]: mHardwareRenderer.destroy()#1
11-03 16:14:30.026 20564 20564 D ViewRootImpl@f5784f7[PdfArchiveActivity]: Relayout returned: oldFrame=[241,456][527,568] newFrame=[241,456][527,568] result=0x5 surface={isValid=false 0} surfaceGenerationChanged=true
11-03 16:14:30.026 20564 20564 D ViewRootImpl@f5784f7[PdfArchiveActivity]: MSG_WINDOW_FOCUS_CHANGED 0
11-03 16:14:30.042 20564 20564 D ViewRootImpl@c1a3919[DeliverActivity]: mHardwareRenderer.destroy()#1
11-03 16:14:30.058 20564 20564 D ViewRootImpl@c1a3919[DeliverActivity]: Relayout returned: oldFrame=[0,0][768,1024] newFrame=[0,0][768,1024] result=0x1 surface={isValid=false 0} surfaceGenerationChanged=false
11-03 16:14:30.102 20564 20564 D SIGNOSIGN_SIGNED: signed
11-03 16:14:30.104 20564 20564 D InputTransport: Input channel destroyed: fd=63
11-03 16:14:30.173 20564 22713 D MESSAGE_SERVICE: ACTION_COMPRESS_AND_UPLOAD
11-03 16:14:30.487 20564 20564 D ViewRootImpl@b8a142[MainActivity]: Relayout returned: oldFrame=[0,0][768,1024] newFrame=[0,0][768,1024] result=0x7 surface={isValid=true -2046052352} surfaceGenerationChanged=true
11-03 16:14:30.487 20564 20564 D ViewRootImpl@b8a142[MainActivity]: mHardwareRenderer.initialize() mSurface={isValid=true -2046052352} hwInitialized=true
11-03 16:14:30.544 20564 20564 D AbsListView: in onLayout changed
11-03 16:14:30.567 20564 20564 D ViewRootImpl@b8a142[MainActivity]: MSG_WINDOW_FOCUS_CHANGED 1
11-03 16:14:30.567 20564 20564 D ViewRootImpl@b8a142[MainActivity]: mHardwareRenderer.initializeIfNeeded()#2 mSurface={isValid=true -2046052352}
11-03 16:14:30.568 20564 20564 V InputMethodManager: Starting input: tba=android.view.inputmethod.EditorInfo@f311533 nm : cz.gienger.mobile ic=null
11-03 16:14:30.568 20564 20564 I InputMethodManager: startInputInner - mService.startInputOrWindowGainedFocus
11-03 16:14:30.596 20564 20564 D InputTransport: Input channel constructed: fd=66
11-03 16:14:30.638 20564 20564 D ViewRootImpl@c1a3919[DeliverActivity]: mHardwareRenderer.destroy()#1
11-03 16:14:30.653 20564 20564 D ViewRootImpl@c1a3919[DeliverActivity]: Relayout returned: oldFrame=[0,0][768,1024] newFrame=[0,0][768,1024] result=0x1 surface={isValid=false 0} surfaceGenerationChanged=false
11-03 16:14:30.941 20564 22713 D FILE_MANAGER: Serializing delivery /data/user/0/cz.gienger.mobile/files/finished/130AT1190319555/130AT1190319555.xml
11-03 16:14:30.941 20564 22713 D FILE_MANAGER: Null files:
11-03 16:14:31.305 20564 22713 D MYINTERCEPTOR: /GiengerService.svc/sendorder
11-03 16:14:31.306 20564 22713 D OkHttp : --> POST https://testsaig1.gienger.cz/GiengerService.svc/sendorder http/1.1
11-03 16:14:31.306 20564 22713 D OkHttp : Content-Type: text/raw
11-03 16:14:31.306 20564 22713 D OkHttp : Content-Length: 212389
11-03 16:14:31.306 20564 22713 D OkHttp : filename: 130AT1190319555.xml
11-03 16:14:31.306 20564 22713 D OkHttp : Checksum: ed1028e0b007d1770fa58b4cb1340d37
11-03 16:14:31.306 20564 22713 D OkHttp : token: b2472d59e0b242dcf9e87202a8654173
11-03 16:14:31.306 20564 22713 D OkHttp : --> END POST
11-03 16:14:31.536 20564 22713 D OkHttp : <-- 200 https://testsaig1.gienger.cz/GiengerService.svc/sendorder (229ms)
11-03 16:14:31.536 20564 22713 D OkHttp : content-type: application/xml; charset=utf-8
11-03 16:14:31.536 20564 22713 D OkHttp : server: Microsoft-IIS/10.0
11-03 16:14:31.537 20564 22713 D OkHttp : x-powered-by: ASP.NET
11-03 16:14:31.537 20564 22713 D OkHttp : date: Tue, 03 Nov 2020 15:14:30 GMT
11-03 16:14:31.537 20564 22713 D OkHttp : content-length: 175
11-03 16:14:31.537 20564 22713 D OkHttp : <-- END HTTP
11-03 16:14:31.542 20564 22713 D sendOrder_SUCCESS: 200
11-03 16:14:31.881 20564 20564 D AbsListView: in onLayout changed
11-03 16:14:31.911 20564 20564 D TextView: SYANI: Clipboard API is calling: clearFilter()
11-03 16:14:31.911 20564 20564 D TextView: SYANI: Clipboard API is calling: unregisterClipboardEventListener()
11-03 16:14:31.913 20564 20564 D TextView: SYANI: Clipboard API is calling: clearFilter()
11-03 16:14:31.913 20564 20564 D TextView: SYANI: Clipboard API is calling: unregisterClipboardEventListener()
11-03 16:14:31.914 20564 20564 D TextView: SYANI: Clipboard API is calling: clearFilter()
11-03 16:14:31.914 20564 20564 D TextView: SYANI: Clipboard API is calling: unregisterClipboardEventListener()
11-03 16:14:31.943 20564 20564 D ViewRootImpl@c1a3919[DeliverActivity]: mHardwareRenderer.destroy()#4
11-03 16:14:31.943 20564 20564 D ViewRootImpl@c1a3919[DeliverActivity]: dispatchDetachedFromWindow
11-03 16:14:31.951 20564 20564 D InputTransport: Input channel destroyed: fd=67
11-03 16:14:31.959 20564 20564 D ViewRootImpl@f5784f7[PdfArchiveActivity]: mHardwareRenderer.destroy()#4
11-03 16:14:31.959 20564 20564 D ViewRootImpl@f5784f7[PdfArchiveActivity]: dispatchDetachedFromWindow
11-03 16:14:31.975 20564 20564 D InputTransport: Input channel destroyed: fd=61
11-03 16:14:31.976 20564 20564 D LOCATION_SERVICE: onDestroy
11-03 16:14:34.292 20564 20564 D ViewRootImpl@b8a142[MainActivity]: MSG_WINDOW_FOCUS_CHANGED 0
11-03 16:14:34.372 20564 20564 D ViewRootImpl@b8a142[MainActivity]: mHardwareRenderer.destroy()#1
11-03 16:14:34.380 20564 20564 D ViewRootImpl@b8a142[MainActivity]: Relayout returned: oldFrame=[0,0][768,1024] newFrame=[0,0][768,1024] result=0x5 surface={isValid=false 0} surfaceGenerationChanged=true
11-03 16:14:34.443 20564 20564 D InputTransport: Input channel destroyed: fd=66
11-03 16:14:34.471 20564 20564 D ViewRootImpl@b8a142[MainActivity]: mHardwareRenderer.destroy()#1
11-03 16:14:34.482 20564 20564 D ViewRootImpl@b8a142[MainActivity]: Relayout returned: oldFrame=[0,0][768,1024] newFrame=[0,0][768,1024] result=0x1 surface={isValid=false 0} surfaceGenerationChanged=false
11-03 16:27:14.286 20564 20564 D Graph : removeVertex() : insertDummyVertex, because there is no ancestor.
11-03 16:27:14.297 20564 23337 D MESSAGE_SERVICE: ACTION_RESEND_ORDERS
11-03 16:28:14.768 20564 20564 D ViewRootImpl@b8a142[MainActivity]: mHardwareRenderer.destroy()#1
11-03 16:28:14.784 20564 20564 D ViewRootImpl@b8a142[MainActivity]: Relayout returned: oldFrame=[0,0][768,1024] newFrame=[0,0][768,1024] result=0x1 surface={isValid=false 0} surfaceGenerationChanged=false
11-03 16:28:15.074 20564 20564 D ViewRootImpl@b8a142[MainActivity]: Relayout returned: oldFrame=[0,0][768,1024] newFrame=[0,0][768,1024] result=0x3 surface={isValid=true -2049277952} surfaceGenerationChanged=true
11-03 16:28:15.074 20564 20564 D ViewRootImpl@b8a142[MainActivity]: mHardwareRenderer.initialize() mSurface={isValid=true -2049277952} hwInitialized=true
11-03 16:28:15.122 20564 20564 D AbsListView: in onLayout changed
11-03 16:28:15.144 20564 20564 D ViewRootImpl@b8a142[MainActivity]: MSG_WINDOW_FOCUS_CHANGED 1
11-03 16:28:15.145 20564 20564 D ViewRootImpl@b8a142[MainActivity]: mHardwareRenderer.initializeIfNeeded()#2 mSurface={isValid=true -2049277952}
11-03 16:28:15.146 20564 20564 V InputMethodManager: Starting input: tba=android.view.inputmethod.EditorInfo@741dc48 nm : cz.gienger.mobile ic=null
11-03 16:28:15.146 20564 20564 I InputMethodManager: startInputInner - mService.startInputOrWindowGainedFocus
11-03 16:28:15.153 20564 20564 D InputTransport: Input channel constructed: fd=61
11-03 16:28:16.042 20564 20564 D ViewRootImpl@b8a142[MainActivity]: ViewPostImeInputStage processPointer 0
11-03 16:28:16.102 20564 20564 D ViewRootImpl@b8a142[MainActivity]: ViewPostImeInputStage processPointer 1
11-03 16:28:16.110 20564 20564 D item_click: viewId = 2131820756, position = 1
11-03 16:28:16.152 20564 20564 D ViewRootImpl@b8a142[MainActivity]: MSG_WINDOW_FOCUS_CHANGED 0
11-03 16:28:16.271 20564 20564 D ViewRootImpl@62cf395[DeliverActivity]: ThreadedRenderer.create() translucent=false
11-03 16:28:16.275 20564 20564 D InputTransport: Input channel constructed: fd=71
11-03 16:28:16.275 20564 20564 D ViewRootImpl@62cf395[DeliverActivity]: setView = DecorView@d994caa[DeliverActivity] touchMode=true
11-03 16:28:16.276 20564 20564 D LOCATION_SERVICE: LocationListener gps
11-03 16:28:16.277 20564 20564 D LOCATION_SERVICE: LocationListener network
11-03 16:28:16.278 20564 20564 D LOCATION_SERVICE: onCreate
11-03 16:28:16.278 20564 20564 D LOCATION_SERVICE: initializeLocationManager
11-03 16:28:16.286 20564 20564 D LOCATION_SERVICE: onStartCommand
11-03 16:28:16.307 20564 20564 D ViewRootImpl@62cf395[DeliverActivity]: dispatchAttachedToWindow
11-03 16:28:16.337 20564 20564 D ViewRootImpl@62cf395[DeliverActivity]: Relayout returned: oldFrame=[0,0][0,0] newFrame=[0,0][768,1024] result=0x27 surface={isValid=true -2046052352} surfaceGenerationChanged=true
11-03 16:28:16.337 20564 20564 D ViewRootImpl@62cf395[DeliverActivity]: mHardwareRenderer.initialize() mSurface={isValid=true -2046052352} hwInitialized=true
11-03 16:28:16.373 20564 20564 D ViewRootImpl@62cf395[DeliverActivity]: MSG_RESIZED_REPORT: frame=Rect(0, 0 - 768, 1024) ci=Rect(0, 24 - 0, 0) vi=Rect(0, 24 - 0, 0) or=1
11-03 16:28:16.373 20564 20564 D ViewRootImpl@62cf395[DeliverActivity]: MSG_WINDOW_FOCUS_CHANGED 1
11-03 16:28:16.373 20564 20564 D ViewRootImpl@62cf395[DeliverActivity]: mHardwareRenderer.initializeIfNeeded()#2 mSurface={isValid=true -2046052352}
11-03 16:28:16.374 20564 20564 V InputMethodManager: Starting input: tba=android.view.inputmethod.EditorInfo@fa58813 nm : cz.gienger.mobile ic=null
11-03 16:28:16.374 20564 20564 I InputMethodManager: startInputInner - mService.startInputOrWindowGainedFocus
11-03 16:28:16.389 20564 20564 D InputTransport: Input channel constructed: fd=72
11-03 16:28:16.389 20564 20564 D InputTransport: Input channel destroyed: fd=61
11-03 16:28:16.421 20564 23378 D FILE_MANAGER: Copying file /data/user/0/cz.gienger.mobile/files/delivery/130AT1190319556/130AT1190319556.pdf to /storage/emulated/0/130AT1190319556.pdf
11-03 16:28:16.440 20564 20610 D OpenGLRenderer: endAllActiveAnimators on 0x890d9300 (RippleDrawable) with handle 0x8636cb30
11-03 16:28:16.440 20564 20564 D ViewRootImpl@b8a142[MainActivity]: mHardwareRenderer.destroy()#1
11-03 16:28:16.452 20564 20564 D ViewRootImpl@b8a142[MainActivity]: Relayout returned: oldFrame=[0,0][768,1024] newFrame=[0,0][768,1024] result=0x5 surface={isValid=false 0} surfaceGenerationChanged=true
11-03 16:28:16.820 20564 20564 D ViewRootImpl@b8a142[MainActivity]: Relayout returned: oldFrame=[0,0][768,1024] newFrame=[0,0][768,1024] result=0x5 surface={isValid=false 0} surfaceGenerationChanged=false
11-03 16:28:16.926 20564 23378 D FILE_MANAGER: copy ok
11-03 16:28:17.445 20564 20564 D ViewRootImpl@62cf395[DeliverActivity]: ViewPostImeInputStage processPointer 0
11-03 16:28:17.522 20564 20564 D ViewRootImpl@62cf395[DeliverActivity]: ViewPostImeInputStage processPointer 1
11-03 16:28:20.669 20564 20564 D ViewRootImpl: updatePointerIcon pointerType = 20001, calling pid = 20564
11-03 16:28:20.670 20564 20564 D InputManager: setPointerIconType iconId = 20001, callingPid = 20564
11-03 16:28:20.671 20564 20564 D ViewRootImpl: updatePointerIcon pointerType = 20001, calling pid = 20564
11-03 16:28:20.671 20564 20564 D InputManager: setPointerIconType iconId = 20001, callingPid = 20564
11-03 16:28:20.738 20564 20564 D ViewRootImpl@62cf395[DeliverActivity]: ViewPostImeInputStage processPointer 0
11-03 16:28:20.740 20564 20564 D ViewRootImpl: updatePointerIcon pointerType = 20001, calling pid = 20564
11-03 16:28:20.740 20564 20564 D InputManager: setPointerIconType iconId = 20001, callingPid = 20564
11-03 16:28:20.816 20564 20564 D ViewRootImpl@62cf395[DeliverActivity]: ViewPostImeInputStage processPointer 1
11-03 16:28:20.821 20564 20564 D ViewRootImpl: updatePointerIcon pointerType = 20001, calling pid = 20564
11-03 16:28:20.822 20564 20564 D InputManager: setPointerIconType iconId = 20001, callingPid = 20564
11-03 16:28:20.823 20564 20564 D ViewRootImpl: updatePointerIcon pointerType = 20001, calling pid = 20564
11-03 16:28:20.823 20564 20564 D InputManager: setPointerIconType iconId = 20001, callingPid = 20564
11-03 16:28:20.844 20564 20564 D ScrollView: initGoToTop
11-03 16:28:20.928 20564 20564 D ScrollView: onsize change changed
11-03 16:28:21.242 20564 20564 D TextView: SYANI: Clipboard API is calling: clearFilter()
11-03 16:28:21.243 20564 20564 D TextView: SYANI: Clipboard API is calling: unregisterClipboardEventListener()
11-03 16:28:21.247 20564 20564 D TextView: SYANI: Clipboard API is calling: clearFilter()
11-03 16:28:21.247 20564 20564 D TextView: SYANI: Clipboard API is calling: unregisterClipboardEventListener()
11-03 16:28:21.250 20564 20564 D TextView: SYANI: Clipboard API is calling: clearFilter()
11-03 16:28:21.251 20564 20564 D TextView: SYANI: Clipboard API is calling: unregisterClipboardEventListener()
11-03 16:28:22.047 20564 20564 D ViewRootImpl: updatePointerIcon pointerType = 20001, calling pid = 20564
11-03 16:28:22.047 20564 20564 D InputManager: setPointerIconType iconId = 20001, callingPid = 20564
11-03 16:28:22.170 20564 20564 D ViewRootImpl@62cf395[DeliverActivity]: ViewPostImeInputStage processPointer 0
11-03 16:28:22.171 20564 20564 D ViewRootImpl: updatePointerIcon pointerType = 20001, calling pid = 20564
11-03 16:28:22.172 20564 20564 D InputManager: setPointerIconType iconId = 20001, callingPid = 20564
11-03 16:28:22.209 20564 20564 D ViewRootImpl@62cf395[DeliverActivity]: ViewPostImeInputStage processPointer 1
11-03 16:28:22.215 20564 20564 D ViewRootImpl: updatePointerIcon pointerType = 20001, calling pid = 20564
11-03 16:28:22.215 20564 20564 D InputManager: setPointerIconType iconId = 20001, callingPid = 20564
11-03 16:28:22.216 20564 20564 D ViewRootImpl: updatePointerIcon pointerType = 20001, calling pid = 20564
11-03 16:28:22.218 20564 20564 D InputManager: setPointerIconType iconId = 20001, callingPid = 20564
11-03 16:28:22.265 20564 20564 D ScrollView: initGoToTop
11-03 16:28:22.270 20564 20564 D ScrollView: initGoToTop
11-03 16:28:22.278 20564 20564 D ViewRootImpl@651dd79[DeliverActivity]: ThreadedRenderer.create() translucent=true
11-03 16:28:22.286 20564 20564 D InputTransport: Input channel constructed: fd=63
11-03 16:28:22.286 20564 20564 D ViewRootImpl@651dd79[DeliverActivity]: setView = DecorView@6ec5abe[DeliverActivity] touchMode=true
11-03 16:28:22.295 20564 20564 D ViewRootImpl@651dd79[DeliverActivity]: dispatchAttachedToWindow
11-03 16:28:22.320 20564 20564 D ViewRootImpl@651dd79[DeliverActivity]: Relayout returned: oldFrame=[0,0][0,0] newFrame=[108,466][660,582] result=0x27 surface={isValid=true -1997938688} surfaceGenerationChanged=true
11-03 16:28:22.321 20564 20564 D ViewRootImpl@651dd79[DeliverActivity]: mHardwareRenderer.initialize() mSurface={isValid=true -1997938688} hwInitialized=true --------- beginning of system
11-03 16:28:22.340 20564 20564 D ViewRootImpl@651dd79[DeliverActivity]: updatePointerIcon called with position out of bounds
11-03 16:28:22.342 20564 20564 D ViewRootImpl@651dd79[DeliverActivity]: MSG_WINDOW_FOCUS_CHANGED 1
11-03 16:28:22.342 20564 20564 D ViewRootImpl@651dd79[DeliverActivity]: mHardwareRenderer.initializeIfNeeded()#2 mSurface={isValid=true -1997938688}
11-03 16:28:22.343 20564 20564 D ViewRootImpl@651dd79[DeliverActivity]: updatePointerIcon called with position out of bounds
11-03 16:28:22.363 20564 20564 D ViewRootImpl@651dd79[DeliverActivity]: updatePointerIcon called with position out of bounds
11-03 16:28:22.363 20564 20564 D ViewRootImpl@651dd79[DeliverActivity]: MSG_RESIZED_REPORT: frame=Rect(108, 466 - 660, 582) ci=Rect(0, 0 - 0, 0) vi=Rect(0, 0 - 0, 0) or=1
11-03 16:28:22.404 20564 20564 D ViewRootImpl@62cf395[DeliverActivity]: MSG_WINDOW_FOCUS_CHANGED 0
11-03 16:28:23.448 20564 20575 I art : Background sticky concurrent mark sweep GC freed 403222(11MB) AllocSpace objects, 3(92KB) LOS objects, 45% free, 12MB/23MB, paused 833us total 102.510ms
11-03 16:28:24.164 20564 20575 I art : Background partial concurrent mark sweep GC freed 264834(7MB) AllocSpace objects, 5(2MB) LOS objects, 44% free, 14MB/26MB, paused 978us total 129.338ms
11-03 16:28:24.994 20564 20564 D ViewRootImpl@651dd79[DeliverActivity]: mHardwareRenderer.destroy()#4
11-03 16:28:24.994 20564 20564 D ViewRootImpl@651dd79[DeliverActivity]: dispatchDetachedFromWindow
11-03 16:28:25.005 20564 20564 D InputTransport: Input channel destroyed: fd=63
11-03 16:28:25.006 20564 20564 D SIGN_URI: file:///storage/emulated/0/130AT1190319556.pdf
11-03 16:28:25.037 20564 20564 D ViewRootImpl@62cf395[DeliverActivity]: MSG_WINDOW_FOCUS_CHANGED 1
11-03 16:28:25.037 20564 20564 D ViewRootImpl@62cf395[DeliverActivity]: mHardwareRenderer.initializeIfNeeded()#2 mSurface={isValid=true -2046052352}
11-03 16:28:25.042 20564 20564 E ViewRootImpl: sendUserActionEvent() returned.
11-03 16:28:25.043 20564 20564 D ViewRootImpl@62cf395[DeliverActivity]: MSG_WINDOW_FOCUS_CHANGED 0
11-03 16:28:26.063 20564 20564 D LOCATION_SERVICE: onLocationChanged: Location[network 49,191174,17,534420 acc=20 et=+2h19m46s404ms alt=0.0 vel=0.0 bear=0.0 {Bundle[mParcelledData.dataSize=80]}]
11-03 16:28:26.950 20564 20564 D InputTransport: Input channel destroyed: fd=72
11-03 16:28:26.975 20564 20564 D ViewRootImpl@62cf395[DeliverActivity]: mHardwareRenderer.destroy()#1
11-03 16:28:26.989 20564 20564 D ViewRootImpl@62cf395[DeliverActivity]: Relayout returned: oldFrame=[0,0][768,1024] newFrame=[0,0][768,1024] result=0x5 surface={isValid=false 0} surfaceGenerationChanged=true
11-03 16:28:42.763 20564 20569 I art : Do full code cache collection, code=213KB, data=251KB
11-03 16:28:42.765 20564 20569 I art : Starting a blocking GC JitCodeCache
11-03 16:28:42.765 20564 20569 I art : After code cache collection, code=204KB, data=215KB
11-03 16:28:42.796 20564 20564 D ViewRootImpl@dde6297[PdfArchiveActivity]: ThreadedRenderer.create() translucent=true
11-03 16:28:42.799 20564 20564 D InputTransport: Input channel constructed: fd=61
11-03 16:28:42.800 20564 20564 D ViewRootImpl@dde6297[PdfArchiveActivity]: setView = DecorView@1842c84[PdfArchiveActivity] touchMode=true
11-03 16:28:42.803 20564 20564 D ViewRootImpl@dde6297[PdfArchiveActivity]: dispatchAttachedToWindow
11-03 16:28:42.829 20564 20564 D ViewRootImpl@dde6297[PdfArchiveActivity]: Relayout returned: oldFrame=[0,0][0,0] newFrame=[241,456][527,568] result=0x27 surface={isValid=true -1997912064} surfaceGenerationChanged=true
11-03 16:28:42.829 20564 20564 D ViewRootImpl@dde6297[PdfArchiveActivity]: mHardwareRenderer.initialize() mSurface={isValid=true -1997912064} hwInitialized=true
11-03 16:28:42.832 20564 20564 D ViewRootImpl@dde6297[PdfArchiveActivity]: MSG_RESIZED_REPORT: frame=Rect(241, 456 - 527, 568) ci=Rect(0, 0 - 0, 0) vi=Rect(0, 0 - 0, 0) or=1
11-03 16:28:42.832 20564 20564 D ViewRootImpl@dde6297[PdfArchiveActivity]: MSG_WINDOW_FOCUS_CHANGED 1
11-03 16:28:42.832 20564 20564 D ViewRootImpl@dde6297[PdfArchiveActivity]: mHardwareRenderer.initializeIfNeeded()#2 mSurface={isValid=true -1997912064}
11-03 16:28:42.833 20564 20564 V InputMethodManager: Starting input: tba=android.view.inputmethod.EditorInfo@cef5c6d nm : cz.gienger.mobile ic=null
11-03 16:28:42.833 20564 20564 I InputMethodManager: startInputInner - mService.startInputOrWindowGainedFocus
11-03 16:28:42.835 20564 20564 D InputTransport: Input channel constructed: fd=63
11-03 16:28:43.920 20564 20564 D ViewRootImpl@dde6297[PdfArchiveActivity]: mHardwareRenderer.destroy()#1
11-03 16:28:43.934 20564 20564 D ViewRootImpl@dde6297[PdfArchiveActivity]: Relayout returned: oldFrame=[241,456][527,568] newFrame=[241,456][527,568] result=0x5 surface={isValid=false 0} surfaceGenerationChanged=true
11-03 16:28:43.934 20564 20564 D ViewRootImpl@dde6297[PdfArchiveActivity]: MSG_WINDOW_FOCUS_CHANGED 0
11-03 16:28:43.941 20564 20564 D ViewRootImpl@62cf395[DeliverActivity]: mHardwareRenderer.destroy()#1
11-03 16:28:43.959 20564 20564 D ViewRootImpl@62cf395[DeliverActivity]: Relayout returned: oldFrame=[0,0][768,1024] newFrame=[0,0][768,1024] result=0x1 surface={isValid=false 0} surfaceGenerationChanged=false
11-03 16:28:43.990 20564 20564 D SIGNOSIGN_SIGNED: signed
11-03 16:28:44.022 20564 23398 D MESSAGE_SERVICE: ACTION_COMPRESS_AND_UPLOAD
11-03 16:28:44.320 20564 20564 D ViewRootImpl@b8a142[MainActivity]: Relayout returned: oldFrame=[0,0][768,1024] newFrame=[0,0][768,1024] result=0x7 surface={isValid=true -2043154432} surfaceGenerationChanged=true
11-03 16:28:44.320 20564 20564 D ViewRootImpl@b8a142[MainActivity]: mHardwareRenderer.initialize() mSurface={isValid=true -2043154432} hwInitialized=true
11-03 16:28:44.363 20564 20564 D AbsListView: in onLayout changed
11-03 16:28:44.382 20564 20564 D ViewRootImpl@b8a142[MainActivity]: MSG_WINDOW_FOCUS_CHANGED 1
11-03 16:28:44.382 20564 20564 D ViewRootImpl@b8a142[MainActivity]: mHardwareRenderer.initializeIfNeeded()#2 mSurface={isValid=true -2043154432}
11-03 16:28:44.384 20564 20564 V InputMethodManager: Starting input: tba=android.view.inputmethod.EditorInfo@b3fc010 nm : cz.gienger.mobile ic=null
11-03 16:28:44.384 20564 20564 I InputMethodManager: startInputInner - mService.startInputOrWindowGainedFocus
11-03 16:28:44.402 20564 20564 D InputTransport: Input channel constructed: fd=67
11-03 16:28:44.403 20564 20564 D InputTransport: Input channel destroyed: fd=63
11-03 16:28:44.445 20564 20564 D ViewRootImpl@62cf395[DeliverActivity]: mHardwareRenderer.destroy()#1
11-03 16:28:44.452 20564 20564 D ViewRootImpl@62cf395[DeliverActivity]: Relayout returned: oldFrame=[0,0][768,1024] newFrame=[0,0][768,1024] result=0x1 surface={isValid=false 0} surfaceGenerationChanged=false
11-03 16:28:44.776 20564 23398 D FILE_MANAGER: Serializing delivery /data/user/0/cz.gienger.mobile/files/finished/130AT1190319556/130AT1190319556_2.xml
11-03 16:28:44.776 20564 23398 D FILE_MANAGER: Null files:
11-03 16:28:45.083 20564 23398 D MYINTERCEPTOR: /GiengerService.svc/sendorder
11-03 16:28:45.084 20564 23398 D OkHttp : --> POST https://testsaig1.gienger.cz/GiengerService.svc/sendorder http/1.1
11-03 16:28:45.084 20564 23398 D OkHttp : Content-Type: text/raw
11-03 16:28:45.084 20564 23398 D OkHttp : Content-Length: 225786
11-03 16:28:45.084 20564 23398 D OkHttp : filename: 130AT1190319556_2.xml
11-03 16:28:45.085 20564 23398 D OkHttp : Checksum: 525d2963eb6b3e8b3ce227ad163befd0
11-03 16:28:45.085 20564 23398 D OkHttp : token: b2472d59e0b242dcf9e87202a8654173
11-03 16:28:45.085 20564 23398 D OkHttp : --> END POST
11-03 16:28:46.755 20564 23398 D OkHttp : <-- 200 https://testsaig1.gienger.cz/GiengerService.svc/sendorder (1669ms)
11-03 16:28:46.755 20564 23398 D OkHttp : content-type: application/xml; charset=utf-8
11-03 16:28:46.755 20564 23398 D OkHttp : server: Microsoft-IIS/10.0
11-03 16:28:46.755 20564 23398 D OkHttp : x-powered-by: ASP.NET
11-03 16:28:46.755 20564 23398 D OkHttp : date: Tue, 03 Nov 2020 15:28:45 GMT
11-03 16:28:46.755 20564 23398 D OkHttp : content-length: 175
11-03 16:28:46.755 20564 23398 D OkHttp : <-- END HTTP
11-03 16:28:46.767 20564 23398 D sendOrder_SUCCESS: 200
11-03 16:28:47.093 20564 20564 D AbsListView: in onLayout changed
11-03 16:28:47.129 20564 20564 D TextView: SYANI: Clipboard API is calling: clearFilter()
11-03 16:28:47.129 20564 20564 D TextView: SYANI: Clipboard API is calling: unregisterClipboardEventListener()
11-03 16:28:47.133 20564 20564 D TextView: SYANI: Clipboard API is calling: clearFilter()
11-03 16:28:47.133 20564 20564 D TextView: SYANI: Clipboard API is calling: unregisterClipboardEventListener()
11-03 16:28:47.137 20564 20564 D TextView: SYANI: Clipboard API is calling: clearFilter()
11-03 16:28:47.137 20564 20564 D TextView: SYANI: Clipboard API is calling: unregisterClipboardEventListener()
11-03 16:28:47.163 20564 20564 D ViewRootImpl@62cf395[DeliverActivity]: mHardwareRenderer.destroy()#4
11-03 16:28:47.163 20564 20564 D ViewRootImpl@62cf395[DeliverActivity]: dispatchDetachedFromWindow
11-03 16:28:47.171 20564 20564 D InputTransport: Input channel destroyed: fd=71
11-03 16:28:47.175 20564 20564 D ViewRootImpl@dde6297[PdfArchiveActivity]: mHardwareRenderer.destroy()#4
11-03 16:28:47.175 20564 20564 D ViewRootImpl@dde6297[PdfArchiveActivity]: dispatchDetachedFromWindow
11-03 16:28:47.186 20564 20564 D InputTransport: Input channel destroyed: fd=61
11-03 16:28:47.187 20564 20564 D LOCATION_SERVICE: onDestroy
11-03 16:28:47.645 20564 20564 D ViewRootImpl@b8a142[MainActivity]: ViewPostImeInputStage processPointer 0
11-03 16:28:47.698 20564 20564 D AbsListView: reportScrollStateChange() newState : 1
11-03 16:28:48.604 20564 20564 D ViewRootImpl@b8a142[MainActivity]: ViewPostImeInputStage processPointer 1
11-03 16:28:48.606 20564 20564 D AbsListView: onTouchUp() mTouchMode : 3
11-03 16:28:48.606 20564 20564 D AbsListView: onTouchUp() TOUCH_MODE_SCROLL initialVelocity : -113
11-03 16:28:48.606 20564 20564 D AbsListView: reportScrollStateChange() newState : 2
11-03 16:28:48.750 20564 20564 D AbsListView: reportScrollStateChange() newState : 0
11-03 16:28:49.140 20564 20564 D ViewRootImpl@b8a142[MainActivity]: ViewPostImeInputStage processPointer 0
11-03 16:28:49.196 20564 20564 D ViewRootImpl@b8a142[MainActivity]: ViewPostImeInputStage processPointer 1
11-03 16:28:49.221 20564 20564 D item_click: viewId = 2131820756, position = 2
11-03 16:28:49.263 20564 20564 D ViewRootImpl@b8a142[MainActivity]: MSG_WINDOW_FOCUS_CHANGED 0
11-03 16:28:49.423 20564 20564 D ViewRootImpl@48ec044[DeliverActivity]: ThreadedRenderer.create() translucent=false
11-03 16:28:49.426 20564 20564 D InputTransport: Input channel constructed: fd=61
11-03 16:28:49.426 20564 20564 D ViewRootImpl@48ec044[DeliverActivity]: setView = DecorView@7f4c52d[DeliverActivity] touchMode=true
11-03 16:28:49.430 20564 20564 D ViewRootImpl@48ec044[DeliverActivity]: dispatchAttachedToWindow
11-03 16:28:49.464 20564 20564 D ViewRootImpl@48ec044[DeliverActivity]: Relayout returned: oldFrame=[0,0][0,0] newFrame=[0,0][768,1024] result=0x27 surface={isValid=true -2049277952} surfaceGenerationChanged=true
11-03 16:28:49.464 20564 20564 D ViewRootImpl@48ec044[DeliverActivity]: mHardwareRenderer.initialize() mSurface={isValid=true -2049277952} hwInitialized=true
11-03 16:28:49.470 20564 20564 D LOCATION_SERVICE: LocationListener gps
11-03 16:28:49.471 20564 20564 D LOCATION_SERVICE: LocationListener network
11-03 16:28:49.472 20564 20564 D LOCATION_SERVICE: onCreate
11-03 16:28:49.473 20564 20564 D LOCATION_SERVICE: initializeLocationManager
11-03 16:28:49.485 20564 20564 D LOCATION_SERVICE: onStartCommand
11-03 16:28:49.530 20564 20564 D ViewRootImpl@48ec044[DeliverActivity]: MSG_RESIZED_REPORT: frame=Rect(0, 0 - 768, 1024) ci=Rect(0, 24 - 0, 0) vi=Rect(0, 24 - 0, 0) or=1
11-03 16:28:49.530 20564 20564 D ViewRootImpl@48ec044[DeliverActivity]: MSG_WINDOW_FOCUS_CHANGED 1
11-03 16:28:49.530 20564 20564 D ViewRootImpl@48ec044[DeliverActivity]: mHardwareRenderer.initializeIfNeeded()#2 mSurface={isValid=true -2049277952}
11-03 16:28:49.532 20564 20564 V InputMethodManager: Starting input: tba=android.view.inputmethod.EditorInfo@f4853ba nm : cz.gienger.mobile ic=null
11-03 16:28:49.532 20564 20564 I InputMethodManager: startInputInner - mService.startInputOrWindowGainedFocus
11-03 16:28:49.533 20564 23382 D FILE_MANAGER: Copying file /data/user/0/cz.gienger.mobile/files/delivery/130AT1190319651/130AT1190319651.pdf to /storage/emulated/0/130AT1190319651.pdf
11-03 16:28:49.537 20564 20564 D InputTransport: Input channel constructed: fd=82
11-03 16:28:49.537 20564 20564 D InputTransport: Input channel destroyed: fd=67
11-03 16:28:49.600 20564 20610 D OpenGLRenderer: endAllActiveAnimators on 0x895e0280 (RippleDrawable) with handle 0x888cd3c0
11-03 16:28:49.600 20564 20564 D ViewRootImpl@b8a142[MainActivity]: mHardwareRenderer.destroy()#1
11-03 16:28:49.611 20564 20564 D ViewRootImpl@b8a142[MainActivity]: Relayout returned: oldFrame=[0,0][768,1024] newFrame=[0,0][768,1024] result=0x5 surface={isValid=false 0} surfaceGenerationChanged=true
11-03 16:28:49.993 20564 20564 D ViewRootImpl@b8a142[MainActivity]: Relayout returned: oldFrame=[0,0][768,1024] newFrame=[0,0][768,1024] result=0x5 surface={isValid=false 0} surfaceGenerationChanged=false
11-03 16:28:50.048 20564 23382 D FILE_MANAGER: copy ok
11-03 16:28:50.572 20564 20564 D ViewRootImpl@48ec044[DeliverActivity]: ViewPostImeInputStage processPointer 0
11-03 16:28:50.633 20564 20564 D ViewRootImpl@48ec044[DeliverActivity]: ViewPostImeInputStage processPointer 1
11-03 16:28:52.280 20564 20564 D ViewRootImpl@48ec044[DeliverActivity]: ViewPostImeInputStage processPointer 0
11-03 16:28:55.106 20564 20564 D ViewRootImpl@48ec044[DeliverActivity]: ViewPostImeInputStage processPointer 1
11-03 16:28:55.126 20564 20564 D ViewRootImpl@48ec044[DeliverActivity]: ViewPostImeInputStage processPointer 0
11-03 16:28:55.315 20564 20564 D ViewRootImpl@48ec044[DeliverActivity]: ViewPostImeInputStage processPointer 1
11-03 16:28:55.328 20564 20564 D ScrollView: initGoToTop
11-03 16:28:55.369 20564 20564 D ScrollView: onsize change changed
11-03 16:28:55.685 20564 20564 D TextView: SYANI: Clipboard API is calling: clearFilter()
11-03 16:28:55.685 20564 20564 D TextView: SYANI: Clipboard API is calling: unregisterClipboardEventListener()
11-03 16:28:55.689 20564 20564 D TextView: SYANI: Clipboard API is calling: clearFilter()
11-03 16:28:55.689 20564 20564 D TextView: SYANI: Clipboard API is calling: unregisterClipboardEventListener()
11-03 16:28:55.692 20564 20564 D TextView: SYANI: Clipboard API is calling: clearFilter()
11-03 16:28:55.693 20564 20564 D TextView: SYANI: Clipboard API is calling: unregisterClipboardEventListener()
11-03 16:28:56.448 20564 20564 D ViewRootImpl@48ec044[DeliverActivity]: ViewPostImeInputStage processPointer 0
11-03 16:28:56.494 20564 20564 D ViewRootImpl@48ec044[DeliverActivity]: ViewPostImeInputStage processPointer 1
11-03 16:28:56.505 20564 20564 V InputMethodManager: Starting input: tba=android.view.inputmethod.EditorInfo@2e6218b nm : cz.gienger.mobile ic=com.android.internal.widget.EditableInputConnection@6b6d268
11-03 16:28:56.505 20564 20564 I InputMethodManager: startInputInner - mService.startInputOrWindowGainedFocus
11-03 16:28:56.507 20564 20564 D InputTransport: Input channel constructed: fd=64
11-03 16:28:56.507 20564 20564 D InputTransport: Input channel destroyed: fd=82
11-03 16:28:56.507 20564 20564 D InputMethodManager: SSI - flag : 0 Pid : 20564 view : cz.gienger.mobile
11-03 16:28:56.812 20564 20564 D ViewRootImpl@48ec044[DeliverActivity]: MSG_RESIZED: frame=Rect(0, 0 - 768, 1024) ci=Rect(0, 24 - 0, 359) vi=Rect(0, 24 - 0, 359) or=1
11-03 16:28:56.830 20564 20564 D ViewRootImpl@48ec044[DeliverActivity]: Relayout returned: oldFrame=[0,0][768,1024] newFrame=[0,0][768,1024] result=0x1 surface={isValid=true -2049277952} surfaceGenerationChanged=false
11-03 16:28:56.836 20564 20564 D ScrollView: onsize change changed
11-03 16:28:59.259 20564 20564 D ViewRootImpl@48ec044[DeliverActivity]: ViewPostImeInputStage processPointer 0
11-03 16:28:59.308 20564 20564 D ViewRootImpl@48ec044[DeliverActivity]: ViewPostImeInputStage processPointer 1
11-03 16:28:59.322 20564 20564 V InputMethodManager: Starting input: tba=android.view.inputmethod.EditorInfo@55340fe nm : cz.gienger.mobile ic=com.android.internal.widget.EditableInputConnection@4b4405f
11-03 16:28:59.322 20564 20564 I InputMethodManager: startInputInner - mService.startInputOrWindowGainedFocus
11-03 16:28:59.324 20564 20564 D InputTransport: Input channel constructed: fd=67
11-03 16:28:59.324 20564 20564 D InputTransport: Input channel destroyed: fd=64
11-03 16:28:59.324 20564 20564 D InputMethodManager: SSI - flag : 0 Pid : 20564 view : cz.gienger.mobile
11-03 16:28:59.329 20564 20564 W IInputConnectionWrapper: finishComposingText on inactive InputConnection
11-03 16:29:02.583 20564 20564 D ViewRootImpl@48ec044[DeliverActivity]: ViewPostImeInputStage processPointer 0
11-03 16:29:02.640 20564 20564 D ViewRootImpl@48ec044[DeliverActivity]: ViewPostImeInputStage processPointer 1
11-03 16:29:02.653 20564 20564 V InputMethodManager: Starting input: tba=android.view.inputmethod.EditorInfo@f77a598 nm : cz.gienger.mobile ic=com.android.internal.widget.EditableInputConnection@5f601f1
11-03 16:29:02.653 20564 20564 I InputMethodManager: startInputInner - mService.startInputOrWindowGainedFocus
11-03 16:29:02.655 20564 20564 D InputTransport: Input channel constructed: fd=64
11-03 16:29:02.656 20564 20564 D InputTransport: Input channel destroyed: fd=67
11-03 16:29:02.656 20564 20564 D InputMethodManager: SSI - flag : 0 Pid : 20564 view : cz.gienger.mobile
11-03 16:29:02.661 20564 20564 W IInputConnectionWrapper: finishComposingText on inactive InputConnection
11-03 16:29:04.656 20564 20564 D ViewRootImpl@48ec044[DeliverActivity]: ViewPostImeInputStage processPointer 0
11-03 16:29:04.736 20564 20564 D ViewRootImpl@48ec044[DeliverActivity]: ViewPostImeInputStage processPointer 1
11-03 16:29:06.178 20564 20564 D LOCATION_SERVICE: onLocationChanged: Location[network 49,191164,17,534438 acc=23 et=+2h20m26s520ms alt=0.0 vel=0.0 bear=0.0 {Bundle[mParcelledData.dataSize=80]}]
11-03 16:29:07.029 20564 20564 D ViewRootImpl@48ec044[DeliverActivity]: ViewPostImeInputStage processPointer 0
11-03 16:29:07.099 20564 20564 D ViewRootImpl@48ec044[DeliverActivity]: ViewPostImeInputStage processPointer 1
11-03 16:29:07.366 20564 20564 D ViewRootImpl@48ec044[DeliverActivity]: ViewPostImeInputStage processPointer 0
11-03 16:29:07.437 20564 20564 D ViewRootImpl@48ec044[DeliverActivity]: ViewPostImeInputStage processPointer 1
11-03 16:29:07.871 20564 20564 D ViewRootImpl@48ec044[DeliverActivity]: ViewPostImeInputStage processPointer 0
11-03 16:29:07.930 20564 20564 D ViewRootImpl@48ec044[DeliverActivity]: ViewPostImeInputStage processPointer 1
11-03 16:29:07.975 20564 20564 D ScrollView: initGoToTop
11-03 16:29:07.981 20564 20564 D ScrollView: initGoToTop
11-03 16:29:07.991 20564 20564 D ViewRootImpl@a3eb014[DeliverActivity]: ThreadedRenderer.create() translucent=true
11-03 16:29:07.999 20564 20564 D InputTransport: Input channel constructed: fd=67
11-03 16:29:07.999 20564 20564 D ViewRootImpl@a3eb014[DeliverActivity]: setView = DecorView@9cf40bd[DeliverActivity] touchMode=true
11-03 16:29:08.010 20564 20564 D ViewRootImpl@a3eb014[DeliverActivity]: dispatchAttachedToWindow
11-03 16:29:08.036 20564 20564 D ViewRootImpl@a3eb014[DeliverActivity]: Relayout returned: oldFrame=[0,0][0,0] newFrame=[108,466][660,582] result=0x27 surface={isValid=true -2042208256} surfaceGenerationChanged=true
11-03 16:29:08.036 20564 20564 D ViewRootImpl@a3eb014[DeliverActivity]: mHardwareRenderer.initialize() mSurface={isValid=true -2042208256} hwInitialized=true
11-03 16:29:08.041 20564 20564 D ViewRootImpl@a3eb014[DeliverActivity]: MSG_WINDOW_FOCUS_CHANGED 1
11-03 16:29:08.041 20564 20564 D ViewRootImpl@a3eb014[DeliverActivity]: mHardwareRenderer.initializeIfNeeded()#2 mSurface={isValid=true -2042208256}
11-03 16:29:08.061 20564 20564 D ViewRootImpl@a3eb014[DeliverActivity]: MSG_RESIZED_REPORT: frame=Rect(108, 466 - 660, 582) ci=Rect(0, 0 - 0, 0) vi=Rect(0, 0 - 0, 0) or=1
11-03 16:29:08.088 20564 20564 D ViewRootImpl@48ec044[DeliverActivity]: MSG_WINDOW_FOCUS_CHANGED 0
11-03 16:29:08.907 20564 20575 I art : Background partial concurrent mark sweep GC freed 269909(8MB) AllocSpace objects, 1(20KB) LOS objects, 51% free, 11MB/23MB, paused 2.274ms total 134.988ms
11-03 16:29:10.566 20564 20564 D ViewRootImpl@a3eb014[DeliverActivity]: mHardwareRenderer.destroy()#4
11-03 16:29:10.566 20564 20564 D ViewRootImpl@a3eb014[DeliverActivity]: dispatchDetachedFromWindow
11-03 16:29:10.580 20564 20564 D InputTransport: Input channel destroyed: fd=67
11-03 16:29:10.580 20564 20564 D SIGN_URI: file:///storage/emulated/0/130AT1190319651.pdf
11-03 16:29:10.616 20564 20564 D ViewRootImpl@48ec044[DeliverActivity]: MSG_WINDOW_FOCUS_CHANGED 1
11-03 16:29:10.616 20564 20564 D ViewRootImpl@48ec044[DeliverActivity]: mHardwareRenderer.initializeIfNeeded()#2 mSurface={isValid=true -2049277952}
11-03 16:29:10.633 20564 20564 E ViewRootImpl: sendUserActionEvent() returned.
11-03 16:29:10.634 20564 20564 D ViewRootImpl@48ec044[DeliverActivity]: MSG_WINDOW_FOCUS_CHANGED 0
11-03 16:29:13.706 20564 20564 D ViewRootImpl@48ec044[DeliverActivity]: mHardwareRenderer.destroy()#1
11-03 16:29:13.722 20564 20564 D ViewRootImpl@48ec044[DeliverActivity]: Relayout returned: oldFrame=[0,0][768,1024] newFrame=[0,0][768,1024] result=0x5 surface={isValid=false 0} surfaceGenerationChanged=true
11-03 16:29:13.730 20564 20564 D InputTransport: Input channel destroyed: fd=64
11-03 16:29:13.730 20564 20564 W IInputConnectionWrapper: finishComposingText on inactive InputConnection
11-03 16:29:13.730 20564 20564 W IInputConnectionWrapper: reportFullscreenMode on inexistent InputConnection
11-03 16:29:13.730 20564 20564 W IInputConnectionWrapper: finishComposingText on inactive InputConnection
11-03 16:29:26.621 20564 20564 D ViewRootImpl@4af81fb[PdfArchiveActivity]: ThreadedRenderer.create() translucent=true
11-03 16:29:26.624 20564 20564 D InputTransport: Input channel constructed: fd=63
11-03 16:29:26.624 20564 20564 D ViewRootImpl@4af81fb[PdfArchiveActivity]: setView = DecorView@b770218[PdfArchiveActivity] touchMode=true
11-03 16:29:26.635 20564 20564 D ViewRootImpl@4af81fb[PdfArchiveActivity]: dispatchAttachedToWindow
11-03 16:29:26.661 20564 20564 D ViewRootImpl@4af81fb[PdfArchiveActivity]: Relayout returned: oldFrame=[0,0][0,0] newFrame=[241,456][527,568] result=0x27 surface={isValid=true -2015137792} surfaceGenerationChanged=true
11-03 16:29:26.661 20564 20564 D ViewRootImpl@4af81fb[PdfArchiveActivity]: mHardwareRenderer.initialize() mSurface={isValid=true -2015137792} hwInitialized=true
11-03 16:29:26.665 20564 20564 D ViewRootImpl@4af81fb[PdfArchiveActivity]: updatePointerIcon called with position out of bounds
11-03 16:29:26.666 20564 20564 D ViewRootImpl@4af81fb[PdfArchiveActivity]: MSG_RESIZED_REPORT: frame=Rect(241, 456 - 527, 568) ci=Rect(0, 0 - 0, 0) vi=Rect(0, 0 - 0, 0) or=1
11-03 16:29:26.666 20564 20564 D ViewRootImpl@4af81fb[PdfArchiveActivity]: MSG_WINDOW_FOCUS_CHANGED 1
11-03 16:29:26.666 20564 20564 D ViewRootImpl@4af81fb[PdfArchiveActivity]: mHardwareRenderer.initializeIfNeeded()#2 mSurface={isValid=true -2015137792}
11-03 16:29:26.666 20564 20564 V InputMethodManager: Starting input: tba=android.view.inputmethod.EditorInfo@adf6471 nm : cz.gienger.mobile ic=null
11-03 16:29:26.667 20564 20564 I InputMethodManager: startInputInner - mService.startInputOrWindowGainedFocus
11-03 16:29:26.669 20564 20564 D InputTransport: Input channel constructed: fd=64
11-03 16:29:26.669 20564 20564 D ViewRootImpl@4af81fb[PdfArchiveActivity]: updatePointerIcon called with position out of bounds
11-03 16:29:26.686 20564 20564 D ViewRootImpl@4af81fb[PdfArchiveActivity]: updatePointerIcon called with position out of bounds
11-03 16:29:26.700 20564 20564 D ViewRootImpl@4af81fb[PdfArchiveActivity]: updatePointerIcon called with position out of bounds
11-03 16:29:26.717 20564 20564 D ViewRootImpl@4af81fb[PdfArchiveActivity]: updatePointerIcon called with position out of bounds
