10-16 13:41:09.460 22335 22335 D InputTransport: Input channel destroyed: fd=73
10-16 13:41:09.549 22335 22368 D OpenGLRenderer: endAllActiveAnimators on 0x8971e480 (RippleDrawable) with handle 0x880ea4c0
10-16 13:41:09.550 22335 22335 D ViewRootImpl@710ef71[MainActivity]: mHardwareRenderer.destroy()#1
10-16 13:41:09.570 22335 22335 D ViewRootImpl@710ef71[MainActivity]: Relayout returned: oldFrame=[0,0][768,1024] newFrame=[0,0][768,1024] result=0x5 surface={isValid=false 0} surfaceGenerationChanged=true
10-16 13:41:09.887 22335 22335 D ViewRootImpl@710ef71[MainActivity]: Relayout returned: oldFrame=[0,0][768,1024] newFrame=[0,0][768,1024] result=0x5 surface={isValid=false 0} surfaceGenerationChanged=false
10-16 13:41:10.382 22335 22335 D ViewRootImpl@4fa41bd[CategoryListActivity]: ViewPostImeInputStage processPointer 0
10-16 13:41:10.454 22335 22335 D ViewRootImpl@4fa41bd[CategoryListActivity]: ViewPostImeInputStage processPointer 1
10-16 13:41:11.410 22335 22335 D ViewRootImpl@4fa41bd[CategoryListActivity]: ViewPostImeInputStage processPointer 0
10-16 13:41:11.479 22335 22335 D ViewRootImpl@4fa41bd[CategoryListActivity]: ViewPostImeInputStage processPointer 1
10-16 13:41:12.440 22335 22335 D ViewRootImpl@4fa41bd[CategoryListActivity]: ViewPostImeInputStage processPointer 0
10-16 13:41:12.497 22335 22335 D ViewRootImpl@4fa41bd[CategoryListActivity]: ViewPostImeInputStage processPointer 1
10-16 13:41:12.526 22335 22335 D ViewRootImpl@4fa41bd[CategoryListActivity]: MSG_WINDOW_FOCUS_CHANGED 0
10-16 13:41:12.616 22335 22335 D ViewRootImpl@505ccc4[ArticleListActivity]: ThreadedRenderer.create() translucent=false
10-16 13:41:12.619 22335 22335 D InputTransport: Input channel constructed: fd=67
10-16 13:41:12.620 22335 22335 D ViewRootImpl@505ccc4[ArticleListActivity]: setView = DecorView@b7417ad[ArticleListActivity] touchMode=true
10-16 13:41:12.622 22335 22335 D ViewRootImpl@505ccc4[ArticleListActivity]: dispatchAttachedToWindow
10-16 13:41:12.655 22335 22335 D ViewRootImpl@505ccc4[ArticleListActivity]: Relayout returned: oldFrame=[0,0][0,0] newFrame=[0,0][768,1024] result=0x27 surface={isValid=true -2008801280} surfaceGenerationChanged=true
10-16 13:41:12.655 22335 22335 D ViewRootImpl@505ccc4[ArticleListActivity]: mHardwareRenderer.initialize() mSurface={isValid=true -2008801280} hwInitialized=true
10-16 13:41:13.163 22335 22335 D ViewRootImpl@505ccc4[ArticleListActivity]: MSG_RESIZED_REPORT: frame=Rect(0, 0 - 768, 1024) ci=Rect(0, 24 - 0, 0) vi=Rect(0, 24 - 0, 0) or=1
10-16 13:41:13.163 22335 22335 D ViewRootImpl@505ccc4[ArticleListActivity]: MSG_WINDOW_FOCUS_CHANGED 1
10-16 13:41:13.163 22335 22335 D ViewRootImpl@505ccc4[ArticleListActivity]: mHardwareRenderer.initializeIfNeeded()#2 mSurface={isValid=true -2008801280}
10-16 13:41:13.165 22335 22335 V InputMethodManager: Starting input: tba=android.view.inputmethod.EditorInfo@632eb08 nm : cz.gienger.mobile ic=null
10-16 13:41:13.165 22335 22335 I InputMethodManager: startInputInner - mService.startInputOrWindowGainedFocus
10-16 13:41:13.166 22335 22335 D InputTransport: Input channel constructed: fd=80
10-16 13:41:13.166 22335 22335 D InputTransport: Input channel destroyed: fd=68
10-16 13:41:13.228 22335 22335 D ViewRootImpl@4fa41bd[CategoryListActivity]: mHardwareRenderer.destroy()#1
10-16 13:41:13.235 22335 22335 D ViewRootImpl@4fa41bd[CategoryListActivity]: Relayout returned: oldFrame=[0,0][768,1024] newFrame=[0,0][768,1024] result=0x5 surface={isValid=false 0} surfaceGenerationChanged=true
10-16 13:41:13.646 22335 22335 D ViewRootImpl@4fa41bd[CategoryListActivity]: Relayout returned: oldFrame=[0,0][768,1024] newFrame=[0,0][768,1024] result=0x5 surface={isValid=false 0} surfaceGenerationChanged=false
10-16 13:41:13.984 22335 22335 D ViewRootImpl@505ccc4[ArticleListActivity]: ViewPostImeInputStage processPointer 0
10-16 13:41:14.013 22335 22335 D ViewRootImpl@505ccc4[ArticleListActivity]: ViewPostImeInputStage processPointer 1
10-16 13:41:14.861 22335 22335 D ViewRootImpl@505ccc4[ArticleListActivity]: ViewPostImeInputStage processPointer 0
10-16 13:41:14.921 22335 22335 D ViewRootImpl@505ccc4[ArticleListActivity]: ViewPostImeInputStage processPointer 1
10-16 13:41:16.955 22335 22335 D ViewRootImpl@505ccc4[ArticleListActivity]: ViewPostImeInputStage processPointer 0
10-16 13:41:17.472 22335 22335 D ViewRootImpl@505ccc4[ArticleListActivity]: ViewPostImeInputStage processPointer 1
10-16 13:41:17.743 22335 22335 D ViewRootImpl@505ccc4[ArticleListActivity]: ViewPostImeInputStage processPointer 0
10-16 13:41:17.815 22335 22335 D ViewRootImpl@505ccc4[ArticleListActivity]: ViewPostImeInputStage processPointer 1
10-16 13:41:17.853 22335 22335 D ViewRootImpl@505ccc4[ArticleListActivity]: MSG_WINDOW_FOCUS_CHANGED 0
10-16 13:41:17.950 22335 22335 D ViewRootImpl@a43be12[AddArticleToCartActivity]: ThreadedRenderer.create() translucent=false
10-16 13:41:17.953 22335 22335 D InputTransport: Input channel constructed: fd=68
10-16 13:41:17.953 22335 22335 D ViewRootImpl@a43be12[AddArticleToCartActivity]: setView = DecorView@6ad99e3[AddArticleToCartActivity] touchMode=true
10-16 13:41:17.967 22335 22335 D ViewRootImpl@a43be12[AddArticleToCartActivity]: dispatchAttachedToWindow
10-16 13:41:18.014 22335 22335 D ViewRootImpl@a43be12[AddArticleToCartActivity]: Relayout returned: oldFrame=[0,0][0,0] newFrame=[0,0][768,1024] result=0x27 surface={isValid=true -1969965056} surfaceGenerationChanged=true
10-16 13:41:18.015 22335 22335 D ViewRootImpl@a43be12[AddArticleToCartActivity]: mHardwareRenderer.initialize() mSurface={isValid=true -1969965056} hwInitialized=true
10-16 13:41:18.062 22335 22335 D ViewRootImpl@a43be12[AddArticleToCartActivity]: MSG_RESIZED_REPORT: frame=Rect(0, 0 - 768, 1024) ci=Rect(0, 24 - 0, 0) vi=Rect(0, 24 - 0, 0) or=1
10-16 13:41:18.062 22335 22335 D ViewRootImpl@a43be12[AddArticleToCartActivity]: MSG_WINDOW_FOCUS_CHANGED 1
10-16 13:41:18.062 22335 22335 D ViewRootImpl@a43be12[AddArticleToCartActivity]: mHardwareRenderer.initializeIfNeeded()#2 mSurface={isValid=true -1969965056}
10-16 13:41:18.072 22335 22335 V InputMethodManager: Starting input: tba=android.view.inputmethod.EditorInfo@728c1d3 nm : cz.gienger.mobile ic=com.android.internal.widget.EditableInputConnection@39b0110
10-16 13:41:18.073 22335 22335 I InputMethodManager: startInputInner - mService.startInputOrWindowGainedFocus
10-16 13:41:18.089 22335 22335 D InputTransport: Input channel constructed: fd=77
10-16 13:41:18.089 22335 22335 D InputTransport: Input channel destroyed: fd=80
10-16 13:41:18.127 22335 22368 D OpenGLRenderer: endAllActiveAnimators on 0x8a355680 (RippleDrawable) with handle 0x89f37400
10-16 13:41:18.127 22335 22335 D ViewRootImpl@505ccc4[ArticleListActivity]: mHardwareRenderer.destroy()#1
10-16 13:41:18.138 22335 22335 D ViewRootImpl@505ccc4[ArticleListActivity]: Relayout returned: oldFrame=[0,0][768,1024] newFrame=[0,0][768,1024] result=0x5 surface={isValid=false 0} surfaceGenerationChanged=true
10-16 13:41:18.467 22335 22335 D ViewRootImpl@a43be12[AddArticleToCartActivity]: MSG_RESIZED: frame=Rect(0, 0 - 768, 1024) ci=Rect(0, 24 - 0, 0) vi=Rect(0, 24 - 0, 320) or=1
10-16 13:41:18.542 22335 22335 D ViewRootImpl@505ccc4[ArticleListActivity]: Relayout returned: oldFrame=[0,0][768,1024] newFrame=[0,0][768,1024] result=0x5 surface={isValid=false 0} surfaceGenerationChanged=false
10-16 13:41:19.816 22335 22335 D ViewRootImpl@a43be12[AddArticleToCartActivity]: ViewPostImeInputStage processPointer 0
10-16 13:41:19.864 22335 22335 D ViewRootImpl@a43be12[AddArticleToCartActivity]: ViewPostImeInputStage processPointer 1
10-16 13:41:19.868 22335 22335 V InputMethodManager: Starting input: tba=android.view.inputmethod.EditorInfo@cf657c5 nm : cz.gienger.mobile ic=com.android.internal.widget.EditableInputConnection@aff951a
10-16 13:41:19.868 22335 22335 I InputMethodManager: startInputInner - mService.startInputOrWindowGainedFocus
10-16 13:41:19.869 22335 22335 D InputTransport: Input channel constructed: fd=82
10-16 13:41:19.869 22335 22335 D InputTransport: Input channel destroyed: fd=77
10-16 13:41:19.946 22335 22335 D ViewRootImpl@505ccc4[ArticleListActivity]: mHardwareRenderer.destroy()#1
10-16 13:41:19.955 22335 22335 D ViewRootImpl@505ccc4[ArticleListActivity]: Relayout returned: oldFrame=[0,0][768,1024] newFrame=[0,0][768,1024] result=0x1 surface={isValid=false 0} surfaceGenerationChanged=false
10-16 13:41:19.984 22335 22335 D ViewRootImpl@505ccc4[ArticleListActivity]: Relayout returned: oldFrame=[0,0][768,1024] newFrame=[0,0][768,1024] result=0x7 surface={isValid=true -2008801280} surfaceGenerationChanged=true
10-16 13:41:19.984 22335 22335 D ViewRootImpl@505ccc4[ArticleListActivity]: mHardwareRenderer.initialize() mSurface={isValid=true -2008801280} hwInitialized=true
10-16 13:41:20.145 22335 22335 D ViewRootImpl@a43be12[AddArticleToCartActivity]: MSG_WINDOW_FOCUS_CHANGED 0
10-16 13:41:20.148 22335 22335 D ViewRootImpl@505ccc4[ArticleListActivity]: MSG_RESIZED_REPORT: frame=Rect(0, 0 - 768, 1024) ci=Rect(0, 24 - 0, 320) vi=Rect(0, 24 - 0, 320) or=1
10-16 13:41:20.149 22335 22335 D ViewRootImpl@505ccc4[ArticleListActivity]: MSG_WINDOW_FOCUS_CHANGED 1
10-16 13:41:20.149 22335 22335 D ViewRootImpl@505ccc4[ArticleListActivity]: mHardwareRenderer.initializeIfNeeded()#2 mSurface={isValid=true -2008801280}
10-16 13:41:20.151 22335 22335 V InputMethodManager: Starting input: tba=android.view.inputmethod.EditorInfo@baf8d4 nm : cz.gienger.mobile ic=null
10-16 13:41:20.151 22335 22335 I InputMethodManager: startInputInner - mService.startInputOrWindowGainedFocus
10-16 13:41:20.155 22335 22335 D InputTransport: Input channel constructed: fd=83
10-16 13:41:20.156 22335 22335 D InputTransport: Input channel destroyed: fd=82
10-16 13:41:20.228 22335 22368 D OpenGLRenderer: endAllActiveAnimators on 0x88b9b880 (RippleDrawable) with handle 0x8a36e9b0
10-16 13:41:20.228 22335 22335 D ViewRootImpl@a43be12[AddArticleToCartActivity]: mHardwareRenderer.destroy()#1
10-16 13:41:20.243 22335 22335 D ViewRootImpl@a43be12[AddArticleToCartActivity]: Relayout returned: oldFrame=[0,0][768,1024] newFrame=[0,0][768,1024] result=0x5 surface={isValid=false 0} surfaceGenerationChanged=true
10-16 13:41:20.249 22335 22335 W IInputConnectionWrapper: finishComposingText on inactive InputConnection
10-16 13:41:20.249 22335 22335 W IInputConnectionWrapper: performPrivateCommand on inactive InputConnection
10-16 13:41:20.267 22335 22335 W IInputConnectionWrapper: finishComposingText on inactive InputConnection
10-16 13:41:20.366 22335 22335 D ViewRootImpl@505ccc4[ArticleListActivity]: MSG_RESIZED: frame=Rect(0, 0 - 768, 1024) ci=Rect(0, 24 - 0, 0) vi=Rect(0, 24 - 0, 0) or=1
10-16 13:41:20.393 22335 22335 D ViewRootImpl@505ccc4[ArticleListActivity]: Relayout returned: oldFrame=[0,0][768,1024] newFrame=[0,0][768,1024] result=0x1 surface={isValid=true -2008801280} surfaceGenerationChanged=false
10-16 13:41:20.639 22335 22335 D TextView: SYANI: Clipboard API is calling: clearFilter()
10-16 13:41:20.640 22335 22335 D TextView: SYANI: Clipboard API is calling: unregisterClipboardEventListener()
10-16 13:41:20.644 22335 22335 D TextView: SYANI: Clipboard API is calling: clearFilter()
10-16 13:41:20.644 22335 22335 D TextView: SYANI: Clipboard API is calling: unregisterClipboardEventListener()
10-16 13:41:20.649 22335 22335 D ViewRootImpl@a43be12[AddArticleToCartActivity]: mHardwareRenderer.destroy()#4
10-16 13:41:20.649 22335 22335 D ViewRootImpl@a43be12[AddArticleToCartActivity]: dispatchDetachedFromWindow
10-16 13:41:20.661 22335 22335 D InputTransport: Input channel destroyed: fd=68
10-16 13:41:21.927 22335 22335 D ViewRootImpl@505ccc4[ArticleListActivity]: ViewPostImeInputStage processPointer 0
10-16 13:41:22.018 22335 22335 D ViewRootImpl@505ccc4[ArticleListActivity]: ViewPostImeInputStage processPointer 1
10-16 13:41:22.056 22335 22335 D ViewRootImpl@505ccc4[ArticleListActivity]: MSG_WINDOW_FOCUS_CHANGED 0
10-16 13:41:22.152 22335 22335 D ViewRootImpl@8532fb8[AddArticleToCartActivity]: ThreadedRenderer.create() translucent=false
10-16 13:41:22.155 22335 22335 D InputTransport: Input channel constructed: fd=68
10-16 13:41:22.156 22335 22335 D ViewRootImpl@8532fb8[AddArticleToCartActivity]: setView = DecorView@4459191[AddArticleToCartActivity] touchMode=true
10-16 13:41:22.161 22335 22335 D ViewRootImpl@8532fb8[AddArticleToCartActivity]: dispatchAttachedToWindow
10-16 13:41:22.185 22335 22335 D ViewRootImpl@8532fb8[AddArticleToCartActivity]: Relayout returned: oldFrame=[0,0][0,0] newFrame=[0,0][768,1024] result=0x27 surface={isValid=true -1960845312} surfaceGenerationChanged=true
10-16 13:41:22.185 22335 22335 D ViewRootImpl@8532fb8[AddArticleToCartActivity]: mHardwareRenderer.initialize() mSurface={isValid=true -1960845312} hwInitialized=true
10-16 13:41:22.224 22335 22335 D ViewRootImpl@8532fb8[AddArticleToCartActivity]: MSG_RESIZED_REPORT: frame=Rect(0, 0 - 768, 1024) ci=Rect(0, 24 - 0, 0) vi=Rect(0, 24 - 0, 0) or=1
10-16 13:41:22.224 22335 22335 D ViewRootImpl@8532fb8[AddArticleToCartActivity]: MSG_WINDOW_FOCUS_CHANGED 1
10-16 13:41:22.224 22335 22335 D ViewRootImpl@8532fb8[AddArticleToCartActivity]: mHardwareRenderer.initializeIfNeeded()#2 mSurface={isValid=true -1960845312}
10-16 13:41:22.234 22335 22335 V InputMethodManager: Starting input: tba=android.view.inputmethod.EditorInfo@7cdf6e8 nm : cz.gienger.mobile ic=com.android.internal.widget.EditableInputConnection@35d0101
10-16 13:41:22.234 22335 22335 I InputMethodManager: startInputInner - mService.startInputOrWindowGainedFocus
10-16 13:41:22.244 22335 22335 D InputTransport: Input channel constructed: fd=71
10-16 13:41:22.245 22335 22335 D InputTransport: Input channel destroyed: fd=83
10-16 13:41:22.278 22335 22368 D OpenGLRenderer: endAllActiveAnimators on 0x8a355300 (RippleDrawable) with handle 0x8a36ea00
10-16 13:41:22.279 22335 22335 D ViewRootImpl@505ccc4[ArticleListActivity]: mHardwareRenderer.destroy()#1
10-16 13:41:22.285 22335 22335 D ViewRootImpl@505ccc4[ArticleListActivity]: Relayout returned: oldFrame=[0,0][768,1024] newFrame=[0,0][768,1024] result=0x5 surface={isValid=false 0} surfaceGenerationChanged=true
10-16 13:41:22.565 22335 22335 D ViewRootImpl@8532fb8[AddArticleToCartActivity]: MSG_RESIZED: frame=Rect(0, 0 - 768, 1024) ci=Rect(0, 24 - 0, 0) vi=Rect(0, 24 - 0, 320) or=1
10-16 13:41:22.702 22335 22335 D ViewRootImpl@505ccc4[ArticleListActivity]: Relayout returned: oldFrame=[0,0][768,1024] newFrame=[0,0][768,1024] result=0x5 surface={isValid=false 0} surfaceGenerationChanged=false
10-16 13:41:23.713 22335 22335 D ViewRootImpl@8532fb8[AddArticleToCartActivity]: ViewPostImeInputStage processPointer 0
10-16 13:41:23.784 22335 22335 D ViewRootImpl@8532fb8[AddArticleToCartActivity]: ViewPostImeInputStage processPointer 1
10-16 13:41:23.787 22335 22335 V InputMethodManager: Starting input: tba=android.view.inputmethod.EditorInfo@fbd1c32 nm : cz.gienger.mobile ic=com.android.internal.widget.EditableInputConnection@2c86d83
10-16 13:41:23.787 22335 22335 I InputMethodManager: startInputInner - mService.startInputOrWindowGainedFocus
10-16 13:41:23.789 22335 22335 D InputTransport: Input channel constructed: fd=76
10-16 13:41:23.789 22335 22335 D InputTransport: Input channel destroyed: fd=71
10-16 13:41:23.880 22335 22335 D ViewRootImpl@505ccc4[ArticleListActivity]: Relayout returned: oldFrame=[0,0][768,1024] newFrame=[0,0][768,1024] result=0x7 surface={isValid=true -2008801280} surfaceGenerationChanged=true
10-16 13:41:23.881 22335 22335 D ViewRootImpl@505ccc4[ArticleListActivity]: mHardwareRenderer.initialize() mSurface={isValid=true -2008801280} hwInitialized=true
10-16 13:41:24.051 22335 22335 D ViewRootImpl@505ccc4[ArticleListActivity]: MSG_RESIZED_REPORT: frame=Rect(0, 0 - 768, 1024) ci=Rect(0, 24 - 0, 320) vi=Rect(0, 24 - 0, 320) or=1
10-16 13:41:24.051 22335 22335 D ViewRootImpl@505ccc4[ArticleListActivity]: MSG_WINDOW_FOCUS_CHANGED 1
10-16 13:41:24.052 22335 22335 D ViewRootImpl@505ccc4[ArticleListActivity]: mHardwareRenderer.initializeIfNeeded()#2 mSurface={isValid=true -2008801280}
10-16 13:41:24.058 22335 22335 V InputMethodManager: Starting input: tba=android.view.inputmethod.EditorInfo@81cc97e nm : cz.gienger.mobile ic=null
10-16 13:41:24.058 22335 22335 I InputMethodManager: startInputInner - mService.startInputOrWindowGainedFocus
10-16 13:41:24.071 22335 22335 D InputTransport: Input channel constructed: fd=83
10-16 13:41:24.071 22335 22335 D InputTransport: Input channel destroyed: fd=76
10-16 13:41:24.071 22335 22335 W IInputConnectionWrapper: getCursorCapsMode on inactive InputConnection
10-16 13:41:24.086 22335 22335 D ViewRootImpl@8532fb8[AddArticleToCartActivity]: MSG_WINDOW_FOCUS_CHANGED 0
10-16 13:41:24.141 22335 22368 D OpenGLRenderer: endAllActiveAnimators on 0x891a2180 (RippleDrawable) with handle 0x8adf7d20
10-16 13:41:24.142 22335 22335 D ViewRootImpl@8532fb8[AddArticleToCartActivity]: mHardwareRenderer.destroy()#1
10-16 13:41:24.255 22335 22335 D ViewRootImpl@8532fb8[AddArticleToCartActivity]: Relayout returned: oldFrame=[0,0][768,1024] newFrame=[0,0][768,1024] result=0x5 surface={isValid=false 0} surfaceGenerationChanged=true
10-16 13:41:24.271 22335 22335 W IInputConnectionWrapper: finishComposingText on inactive InputConnection
10-16 13:41:24.271 22335 22335 W IInputConnectionWrapper: performPrivateCommand on inactive InputConnection
10-16 13:41:24.271 22335 22335 W IInputConnectionWrapper: finishComposingText on inactive InputConnection
10-16 13:41:24.426 22335 22335 D ViewRootImpl@505ccc4[ArticleListActivity]: MSG_RESIZED: frame=Rect(0, 0 - 768, 1024) ci=Rect(0, 24 - 0, 0) vi=Rect(0, 24 - 0, 0) or=1
10-16 13:41:24.446 22335 22335 D ViewRootImpl@505ccc4[ArticleListActivity]: Relayout returned: oldFrame=[0,0][768,1024] newFrame=[0,0][768,1024] result=0x1 surface={isValid=true -2008801280} surfaceGenerationChanged=false
10-16 13:41:24.541 22335 22335 D TextView: SYANI: Clipboard API is calling: clearFilter()
10-16 13:41:24.541 22335 22335 D TextView: SYANI: Clipboard API is calling: unregisterClipboardEventListener()
10-16 13:41:24.552 22335 22335 D TextView: SYANI: Clipboard API is calling: clearFilter()
10-16 13:41:24.552 22335 22335 D TextView: SYANI: Clipboard API is calling: unregisterClipboardEventListener()
10-16 13:41:24.558 22335 22335 D ViewRootImpl@8532fb8[AddArticleToCartActivity]: mHardwareRenderer.destroy()#4
10-16 13:41:24.558 22335 22335 D ViewRootImpl@8532fb8[AddArticleToCartActivity]: dispatchDetachedFromWindow
10-16 13:41:24.572 22335 22335 D InputTransport: Input channel destroyed: fd=68
10-16 13:41:26.077 22335 22335 D ViewRootImpl@505ccc4[ArticleListActivity]: ViewPostImeInputStage processPointer 0
10-16 13:41:26.135 22335 22335 D ViewRootImpl@505ccc4[ArticleListActivity]: ViewPostImeInputStage processPointer 1
10-16 13:41:26.165 22335 22335 D ViewRootImpl@505ccc4[ArticleListActivity]: MSG_WINDOW_FOCUS_CHANGED 0
10-16 13:41:26.309 22335 22335 D ViewRootImpl@30c7362[CartActivity]: ThreadedRenderer.create() translucent=false
10-16 13:41:26.312 22335 22335 D InputTransport: Input channel constructed: fd=68
10-16 13:41:26.312 22335 22335 D ViewRootImpl@30c7362[CartActivity]: setView = DecorView@7412cf3[CartActivity] touchMode=true
10-16 13:41:26.317 22335 22335 D ViewRootImpl@30c7362[CartActivity]: dispatchAttachedToWindow
10-16 13:41:26.346 22335 22335 D ViewRootImpl@30c7362[CartActivity]: Relayout returned: oldFrame=[0,0][0,0] newFrame=[0,0][768,1024] result=0x27 surface={isValid=true -2013865984} surfaceGenerationChanged=true
10-16 13:41:26.346 22335 22335 D ViewRootImpl@30c7362[CartActivity]: mHardwareRenderer.initialize() mSurface={isValid=true -2013865984} hwInitialized=true
10-16 13:41:26.464 22335 22335 D AbsListView: in onLayout changed
10-16 13:41:26.503 22335 22335 D ViewRootImpl@30c7362[CartActivity]: MSG_RESIZED_REPORT: frame=Rect(0, 0 - 768, 1024) ci=Rect(0, 24 - 0, 0) vi=Rect(0, 24 - 0, 0) or=1
10-16 13:41:26.503 22335 22335 D ViewRootImpl@30c7362[CartActivity]: MSG_WINDOW_FOCUS_CHANGED 1
10-16 13:41:26.504 22335 22335 D ViewRootImpl@30c7362[CartActivity]: mHardwareRenderer.initializeIfNeeded()#2 mSurface={isValid=true -2013865984}
10-16 13:41:26.523 22335 22335 V InputMethodManager: Starting input: tba=android.view.inputmethod.EditorInfo@71a87d2 nm : cz.gienger.mobile ic=null
10-16 13:41:26.523 22335 22335 I InputMethodManager: startInputInner - mService.startInputOrWindowGainedFocus
10-16 13:41:26.525 22335 22335 D InputTransport: Input channel constructed: fd=71
10-16 13:41:26.525 22335 22335 D InputTransport: Input channel destroyed: fd=83
10-16 13:41:26.554 22335 22368 D OpenGLRenderer: endAllActiveAnimators on 0x8a357280 (RippleDrawable) with handle 0x8adf7d20
10-16 13:41:26.555 22335 22335 D ViewRootImpl@505ccc4[ArticleListActivity]: mHardwareRenderer.destroy()#1
10-16 13:41:26.561 22335 22335 D ViewRootImpl@505ccc4[ArticleListActivity]: Relayout returned: oldFrame=[0,0][768,1024] newFrame=[0,0][768,1024] result=0x5 surface={isValid=false 0} surfaceGenerationChanged=true
10-16 13:41:26.995 22335 22335 D ViewRootImpl@505ccc4[ArticleListActivity]: Relayout returned: oldFrame=[0,0][768,1024] newFrame=[0,0][768,1024] result=0x5 surface={isValid=false 0} surfaceGenerationChanged=false
10-16 13:41:27.707 22335 22335 D ViewRootImpl@30c7362[CartActivity]: ViewPostImeInputStage processPointer 0
10-16 13:41:27.771 22335 22335 D AbsListView: reportScrollStateChange() newState : 1
10-16 13:41:28.161 22335 22335 D ViewRootImpl@30c7362[CartActivity]: ViewPostImeInputStage processPointer 1
10-16 13:41:28.161 22335 22335 D AbsListView: onTouchUp() mTouchMode : 3
10-16 13:41:28.161 22335 22335 D AbsListView: onTouchUp() TOUCH_MODE_SCROLL initialVelocity : -65
10-16 13:41:28.161 22335 22335 D AbsListView: reportScrollStateChange() newState : 2
10-16 13:41:28.256 22335 22335 D AbsListView: reportScrollStateChange() newState : 0
10-16 13:41:32.407 22335 22335 D ViewRootImpl@30c7362[CartActivity]: ViewPostImeInputStage processPointer 0
10-16 13:41:32.475 22335 22335 D ViewRootImpl@30c7362[CartActivity]: ViewPostImeInputStage processPointer 1
10-16 13:41:32.487 22335 22335 V InputMethodManager: Starting input: tba=android.view.inputmethod.EditorInfo@a0e6759 nm : cz.gienger.mobile ic=com.android.internal.widget.EditableInputConnection@3754f1e
10-16 13:41:32.487 22335 22335 I InputMethodManager: startInputInner - mService.startInputOrWindowGainedFocus
10-16 13:41:32.489 22335 22335 D InputTransport: Input channel constructed: fd=73
10-16 13:41:32.489 22335 22335 D InputTransport: Input channel destroyed: fd=71
10-16 13:41:32.489 22335 22335 D InputMethodManager: SSI - flag : 0 Pid : 22335 view : cz.gienger.mobile
10-16 13:41:32.509 22335 22335 D ViewRootImpl@d8d95cc[PopupWindow:64203ff]: ThreadedRenderer.create() translucent=true
10-16 13:41:32.513 22335 22335 D InputTransport: Input channel constructed: fd=71
10-16 13:41:32.514 22335 22335 D ViewRootImpl@d8d95cc[PopupWindow:64203ff]: setView = android.widget.PopupWindow$PopupDecorView{b52015 V.E...... ......I. 0,0-0,0} touchMode=true
10-16 13:41:32.517 22335 22335 D ViewRootImpl@d8d95cc[PopupWindow:64203ff]: dispatchAttachedToWindow
10-16 13:41:32.558 22335 22335 D ViewRootImpl@d8d95cc[PopupWindow:64203ff]: Relayout returned: oldFrame=[0,0][0,0] newFrame=[64,446][94,482] result=0x27 surface={isValid=true -2024634368} surfaceGenerationChanged=true
10-16 13:41:32.558 22335 22335 D ViewRootImpl@d8d95cc[PopupWindow:64203ff]: mHardwareRenderer.initialize() mSurface={isValid=true -2024634368} hwInitialized=true
10-16 13:41:32.571 22335 22335 D ViewRootImpl@d8d95cc[PopupWindow:64203ff]: MSG_RESIZED_REPORT: frame=Rect(64, 446 - 94, 482) ci=Rect(0, 0 - 0, 0) vi=Rect(0, 0 - 0, 0) or=1
10-16 13:41:32.797 22335 22335 D ViewRootImpl@30c7362[CartActivity]: MSG_RESIZED: frame=Rect(0, 0 - 768, 1024) ci=Rect(0, 24 - 0, 0) vi=Rect(0, 24 - 0, 359) or=1
10-16 13:41:34.810 22335 22335 D ViewRootImpl@30c7362[CartActivity]: ViewPostImeInputStage processKey 0
10-16 13:41:34.826 22335 22335 D ViewRootImpl@30c7362[CartActivity]: ViewPostImeInputStage processKey 1
10-16 13:41:34.974 22335 22335 D ViewRootImpl@30c7362[CartActivity]: ViewPostImeInputStage processKey 0
10-16 13:41:35.004 22335 22335 D ViewRootImpl@d8d95cc[PopupWindow:64203ff]: mHardwareRenderer.destroy()#4
10-16 13:41:35.004 22335 22335 D ViewRootImpl@d8d95cc[PopupWindow:64203ff]: dispatchDetachedFromWindow
10-16 13:41:35.015 22335 22335 D InputTransport: Input channel destroyed: fd=71
10-16 13:41:35.023 22335 22335 D ViewRootImpl@30c7362[CartActivity]: ViewPostImeInputStage processKey 1
10-16 13:41:35.128 22335 22335 D ViewRootImpl@30c7362[CartActivity]: ViewPostImeInputStage processKey 0
10-16 13:41:35.131 22335 22335 D ViewRootImpl@30c7362[CartActivity]: ViewPostImeInputStage processKey 1
10-16 13:41:35.249 22335 22335 D ViewRootImpl@30c7362[CartActivity]: ViewPostImeInputStage processKey 0
10-16 13:41:35.258 22335 22335 D ViewRootImpl@30c7362[CartActivity]: ViewPostImeInputStage processKey 1
10-16 13:41:35.407 22335 22335 D ViewRootImpl@30c7362[CartActivity]: ViewPostImeInputStage processKey 0
10-16 13:41:35.410 22335 22335 D ViewRootImpl@30c7362[CartActivity]: ViewPostImeInputStage processKey 1
10-16 13:41:35.548 22335 22335 D ViewRootImpl@30c7362[CartActivity]: ViewPostImeInputStage processKey 0
10-16 13:41:35.551 22335 22335 D ViewRootImpl@30c7362[CartActivity]: ViewPostImeInputStage processKey 1
10-16 13:41:35.720 22335 22335 D ViewRootImpl@30c7362[CartActivity]: ViewPostImeInputStage processKey 0
10-16 13:41:35.723 22335 22335 D ViewRootImpl@30c7362[CartActivity]: ViewPostImeInputStage processKey 1
10-16 13:42:01.273 22335 22335 D ViewRootImpl@30c7362[CartActivity]: ViewPostImeInputStage processPointer 0
10-16 13:42:01.354 22335 22335 D ViewRootImpl@30c7362[CartActivity]: ViewPostImeInputStage processPointer 1
10-16 13:42:01.382 22335 22335 V InputMethodManager: Starting input: tba=android.view.inputmethod.EditorInfo@e94470b nm : cz.gienger.mobile ic=com.android.internal.widget.EditableInputConnection@49c9e8
10-16 13:42:01.382 22335 22335 I InputMethodManager: startInputInner - mService.startInputOrWindowGainedFocus
10-16 13:42:01.384 22335 22335 D InputTransport: Input channel constructed: fd=71
10-16 13:42:01.384 22335 22335 D InputTransport: Input channel destroyed: fd=73
10-16 13:42:01.384 22335 22335 D InputMethodManager: SSI - flag : 0 Pid : 22335 view : cz.gienger.mobile
10-16 13:42:01.394 22335 22335 W IInputConnectionWrapper: setComposingText on inactive InputConnection
10-16 13:42:01.394 22335 22335 W IInputConnectionWrapper: finishComposingText on inactive InputConnection
10-16 13:42:01.402 22335 22335 D ViewRootImpl@a6576a6[PopupWindow:c5fd801]: ThreadedRenderer.create() translucent=true
10-16 13:42:01.406 22335 22335 D InputTransport: Input channel constructed: fd=73
10-16 13:42:01.407 22335 22335 D ViewRootImpl@a6576a6[PopupWindow:c5fd801]: setView = android.widget.PopupWindow$PopupDecorView{1be48e7 V.E...... ......I. 0,0-0,0} touchMode=true
10-16 13:42:01.408 22335 22335 D ViewRootImpl@a6576a6[PopupWindow:c5fd801]: dispatchAttachedToWindow
10-16 13:42:01.430 22335 22335 D ViewRootImpl@a6576a6[PopupWindow:c5fd801]: Relayout returned: oldFrame=[0,0][0,0] newFrame=[50,503][80,539] result=0x27 surface={isValid=true -2008801280} surfaceGenerationChanged=true
10-16 13:42:01.430 22335 22335 D ViewRootImpl@a6576a6[PopupWindow:c5fd801]: mHardwareRenderer.initialize() mSurface={isValid=true -2008801280} hwInitialized=true
10-16 13:42:01.439 22335 22335 D ViewRootImpl@a6576a6[PopupWindow:c5fd801]: MSG_RESIZED_REPORT: frame=Rect(50, 503 - 80, 539) ci=Rect(0, 0 - 0, 0) vi=Rect(0, 0 - 0, 0) or=1
10-16 13:42:02.397 22335 22335 D ViewRootImpl@30c7362[CartActivity]: ViewPostImeInputStage processKey 0
10-16 13:42:02.425 22335 22335 D ViewRootImpl@30c7362[CartActivity]: ViewPostImeInputStage processKey 1
10-16 13:42:02.542 22335 22335 D ViewRootImpl@30c7362[CartActivity]: ViewPostImeInputStage processKey 0
10-16 13:42:02.561 22335 22335 D ViewRootImpl@30c7362[CartActivity]: ViewPostImeInputStage processKey 1
10-16 13:42:02.609 22335 22335 D ViewRootImpl@a6576a6[PopupWindow:c5fd801]: mHardwareRenderer.destroy()#4
10-16 13:42:02.609 22335 22335 D ViewRootImpl@a6576a6[PopupWindow:c5fd801]: dispatchDetachedFromWindow
10-16 13:42:02.617 22335 22335 D InputTransport: Input channel destroyed: fd=73
10-16 13:42:02.687 22335 22335 D ViewRootImpl@30c7362[CartActivity]: ViewPostImeInputStage processKey 0
10-16 13:42:02.691 22335 22335 D ViewRootImpl@30c7362[CartActivity]: ViewPostImeInputStage processKey 1
10-16 13:42:02.828 22335 22335 D ViewRootImpl@30c7362[CartActivity]: ViewPostImeInputStage processKey 0
10-16 13:42:02.835 22335 22335 D ViewRootImpl@30c7362[CartActivity]: ViewPostImeInputStage processKey 1
10-16 13:42:03.460 22335 22335 D ViewRootImpl@30c7362[CartActivity]: ViewPostImeInputStage processKey 0
10-16 13:42:03.463 22335 22335 D ViewRootImpl@30c7362[CartActivity]: ViewPostImeInputStage processKey 1
10-16 13:42:06.650 22335 22335 D ViewRootImpl@30c7362[CartActivity]: ViewPostImeInputStage processPointer 0
10-16 13:42:06.710 22335 22335 D ViewRootImpl@30c7362[CartActivity]: ViewPostImeInputStage processPointer 1
10-16 13:42:06.727 22335 22335 V InputMethodManager: Starting input: tba=android.view.inputmethod.EditorInfo@6dfea2c nm : cz.gienger.mobile ic=com.android.internal.widget.EditableInputConnection@b84cf5
10-16 13:42:06.727 22335 22335 I InputMethodManager: startInputInner - mService.startInputOrWindowGainedFocus
10-16 13:42:06.729 22335 22335 D InputTransport: Input channel constructed: fd=73
10-16 13:42:06.729 22335 22335 D InputTransport: Input channel destroyed: fd=71
10-16 13:42:06.729 22335 22335 D InputMethodManager: SSI - flag : 0 Pid : 22335 view : cz.gienger.mobile
10-16 13:42:06.735 22335 22335 W IInputConnectionWrapper: finishComposingText on inactive InputConnection
10-16 13:42:09.815 22335 22335 D ViewRootImpl@30c7362[CartActivity]: ViewPostImeInputStage processPointer 0
10-16 13:42:09.864 22335 22335 D AbsListView: reportScrollStateChange() newState : 1
10-16 13:42:10.201 22335 22335 D ViewRootImpl@30c7362[CartActivity]: ViewPostImeInputStage processPointer 1
10-16 13:42:10.201 22335 22335 D AbsListView: onTouchUp() mTouchMode : 3
10-16 13:42:10.202 22335 22335 D AbsListView: onTouchUp() TOUCH_MODE_SCROLL initialVelocity : -228
10-16 13:42:10.202 22335 22335 D AbsListView: reportScrollStateChange() newState : 2
10-16 13:42:10.415 22335 22335 D AbsListView: reportScrollStateChange() newState : 0
10-16 13:42:11.137 22335 22335 D ViewRootImpl@30c7362[CartActivity]: ViewPostImeInputStage processPointer 0
10-16 13:42:11.219 22335 22335 D ViewRootImpl@30c7362[CartActivity]: ViewPostImeInputStage processPointer 1
10-16 13:42:11.967 22335 22335 D ViewRootImpl@30c7362[CartActivity]: ViewPostImeInputStage processPointer 0
10-16 13:42:12.049 22335 22335 D ViewRootImpl@30c7362[CartActivity]: ViewPostImeInputStage processPointer 1
10-16 13:42:12.074 22335 22335 V InputMethodManager: Starting input: tba=android.view.inputmethod.EditorInfo@be4b7f nm : cz.gienger.mobile ic=com.android.internal.widget.EditableInputConnection@f41074c
10-16 13:42:12.075 22335 22335 I InputMethodManager: startInputInner - mService.startInputOrWindowGainedFocus
10-16 13:42:12.076 22335 22335 D InputTransport: Input channel constructed: fd=71
10-16 13:42:12.077 22335 22335 D InputTransport: Input channel destroyed: fd=73
10-16 13:42:12.077 22335 22335 D InputMethodManager: SSI - flag : 0 Pid : 22335 view : cz.gienger.mobile
10-16 13:42:12.085 22335 22335 W IInputConnectionWrapper: finishComposingText on inactive InputConnection
10-16 13:42:17.595 22335 22335 D ViewRootImpl@30c7362[CartActivity]: ViewPostImeInputStage processPointer 0
10-16 13:42:17.653 22335 22335 D ViewRootImpl@30c7362[CartActivity]: ViewPostImeInputStage processPointer 1
10-16 13:42:17.674 22335 22335 V InputMethodManager: Starting input: tba=android.view.inputmethod.EditorInfo@94d804d nm : cz.gienger.mobile ic=com.android.internal.widget.EditableInputConnection@ba54702
10-16 13:42:17.674 22335 22335 I InputMethodManager: startInputInner - mService.startInputOrWindowGainedFocus
10-16 13:42:17.676 22335 22335 D InputTransport: Input channel constructed: fd=73
10-16 13:42:17.676 22335 22335 D InputTransport: Input channel destroyed: fd=71
10-16 13:42:17.677 22335 22335 D InputMethodManager: SSI - flag : 0 Pid : 22335 view : cz.gienger.mobile
10-16 13:42:17.683 22335 22335 W IInputConnectionWrapper: finishComposingText on inactive InputConnection
10-16 13:42:22.687 22335 22335 D ViewRootImpl@30c7362[CartActivity]: ViewPostImeInputStage processPointer 0
10-16 13:42:22.759 22335 22335 D ViewRootImpl@30c7362[CartActivity]: ViewPostImeInputStage processPointer 1
10-16 13:42:22.775 22335 22335 V InputMethodManager: Starting input: tba=android.view.inputmethod.EditorInfo@bdc668b nm : cz.gienger.mobile ic=com.android.internal.widget.EditableInputConnection@e983368
10-16 13:42:22.775 22335 22335 I InputMethodManager: startInputInner - mService.startInputOrWindowGainedFocus
10-16 13:42:22.777 22335 22335 D InputTransport: Input channel constructed: fd=71
10-16 13:42:22.777 22335 22335 D InputTransport: Input channel destroyed: fd=73
10-16 13:42:22.777 22335 22335 D InputMethodManager: SSI - flag : 0 Pid : 22335 view : cz.gienger.mobile
10-16 13:42:22.782 22335 22335 W IInputConnectionWrapper: finishComposingText on inactive InputConnection
10-16 13:42:25.479 22335 22335 D ViewRootImpl@30c7362[CartActivity]: ViewPostImeInputStage processPointer 0
10-16 13:42:25.515 22335 22335 D AbsListView: reportScrollStateChange() newState : 1
10-16 13:42:25.901 22335 22335 D ViewRootImpl@30c7362[CartActivity]: ViewPostImeInputStage processPointer 1
10-16 13:42:25.901 22335 22335 D AbsListView: onTouchUp() mTouchMode : 3
10-16 13:42:25.901 22335 22335 D AbsListView: onTouchUp() TOUCH_MODE_SCROLL initialVelocity : -224
10-16 13:42:25.901 22335 22335 D AbsListView: reportScrollStateChange() newState : 2
10-16 13:42:26.116 22335 22335 D AbsListView: reportScrollStateChange() newState : 0
10-16 13:42:26.709 22335 22335 D ViewRootImpl@30c7362[CartActivity]: ViewPostImeInputStage processPointer 0
10-16 13:42:26.769 22335 22335 D AbsListView: reportScrollStateChange() newState : 1
10-16 13:42:27.186 22335 22335 D ViewRootImpl@30c7362[CartActivity]: ViewPostImeInputStage processPointer 1
10-16 13:42:27.186 22335 22335 D AbsListView: onTouchUp() mTouchMode : 3
10-16 13:42:27.186 22335 22335 D AbsListView: onTouchUp() TOUCH_MODE_SCROLL initialVelocity : -187
10-16 13:42:27.186 22335 22335 D AbsListView: reportScrollStateChange() newState : 2
10-16 13:42:27.369 22335 22335 D AbsListView: reportScrollStateChange() newState : 0
10-16 13:42:28.290 22335 22335 D ViewRootImpl@30c7362[CartActivity]: ViewPostImeInputStage processPointer 0
10-16 13:42:28.372 22335 22335 D ViewRootImpl@30c7362[CartActivity]: ViewPostImeInputStage processPointer 1
10-16 13:42:28.459 22335 22335 D ScrollView: initGoToTop
10-16 13:42:28.464 22335 22335 D ScrollView: initGoToTop
10-16 13:42:28.475 22335 22335 D ViewRootImpl@f4f3d55[CartActivity]: ThreadedRenderer.create() translucent=true
10-16 13:42:28.484 22335 22335 D InputTransport: Input channel constructed: fd=73
10-16 13:42:28.484 22335 22335 D ViewRootImpl@f4f3d55[CartActivity]: setView = DecorView@e2b336a[CartActivity] touchMode=true
10-16 13:42:28.489 22335 22335 D ViewRootImpl@f4f3d55[CartActivity]: dispatchAttachedToWindow
10-16 13:42:28.552 22335 22335 D ViewRootImpl@f4f3d55[CartActivity]: Relayout returned: oldFrame=[0,0][0,0] newFrame=[194,258][574,790] result=0x27 surface={isValid=true -2013870080} surfaceGenerationChanged=true
10-16 13:42:28.553 22335 22335 D ViewRootImpl@f4f3d55[CartActivity]: mHardwareRenderer.initialize() mSurface={isValid=true -2013870080} hwInitialized=true
10-16 13:42:28.562 22335 22335 D ScrollView: onsize change changed
10-16 13:42:28.565 22335 22335 D ViewRootImpl@f4f3d55[CartActivity]: MSG_WINDOW_FOCUS_CHANGED 1
10-16 13:42:28.565 22335 22335 D ViewRootImpl@f4f3d55[CartActivity]: mHardwareRenderer.initializeIfNeeded()#2 mSurface={isValid=true -2013870080}
10-16 13:42:28.585 22335 22335 D ViewRootImpl@f4f3d55[CartActivity]: MSG_RESIZED_REPORT: frame=Rect(194, 258 - 574, 790) ci=Rect(0, 0 - 0, 0) vi=Rect(0, 0 - 0, 0) or=1
10-16 13:42:28.613 22335 22335 D ViewRootImpl@30c7362[CartActivity]: MSG_WINDOW_FOCUS_CHANGED 0
10-16 13:42:30.080 22335 22335 D ViewRootImpl@f4f3d55[CartActivity]: ViewPostImeInputStage processPointer 0
10-16 13:42:30.139 22335 22335 D ViewRootImpl@f4f3d55[CartActivity]: ViewPostImeInputStage processPointer 1
10-16 13:42:30.640 22335 22335 D ViewRootImpl@f4f3d55[CartActivity]: ViewPostImeInputStage processPointer 0
10-16 13:42:30.709 22335 22335 D ViewRootImpl@f4f3d55[CartActivity]: ViewPostImeInputStage processPointer 1
10-16 13:42:30.741 22335 22335 D ViewRootImpl@f4f3d55[CartActivity]: mHardwareRenderer.destroy()#4
10-16 13:42:30.741 22335 22335 D ViewRootImpl@f4f3d55[CartActivity]: dispatchDetachedFromWindow
10-16 13:42:30.751 22335 22335 D InputTransport: Input channel destroyed: fd=73
10-16 13:42:30.758 22335 22335 D ViewRootImpl@30c7362[CartActivity]: MSG_WINDOW_FOCUS_CHANGED 1
10-16 13:42:30.758 22335 22335 D ViewRootImpl@30c7362[CartActivity]: mHardwareRenderer.initializeIfNeeded()#2 mSurface={isValid=true -2013865984}
10-16 13:42:30.777 22335 22335 E ViewRootImpl: sendUserActionEvent() returned.
10-16 13:42:31.547 22335 22335 D ViewRootImpl@30c7362[CartActivity]: ViewPostImeInputStage processPointer 0
10-16 13:42:31.627 22335 22335 D ViewRootImpl@30c7362[CartActivity]: ViewPostImeInputStage processPointer 1
10-16 13:42:31.647 22335 22335 V InputMethodManager: Starting input: tba=android.view.inputmethod.EditorInfo@871e710 nm : cz.gienger.mobile ic=com.android.internal.widget.EditableInputConnection@3467209
10-16 13:42:31.647 22335 22335 I InputMethodManager: startInputInner - mService.startInputOrWindowGainedFocus
10-16 13:42:31.649 22335 22335 D InputTransport: Input channel constructed: fd=73
10-16 13:42:31.649 22335 22335 D InputTransport: Input channel destroyed: fd=71
10-16 13:42:31.650 22335 22335 D InputMethodManager: SSI - flag : 0 Pid : 22335 view : cz.gienger.mobile
10-16 13:42:31.655 22335 22335 W IInputConnectionWrapper: finishComposingText on inactive InputConnection
10-16 13:42:48.756 22335 22335 D ViewRootImpl@30c7362[CartActivity]: ViewPostImeInputStage processPointer 0
10-16 13:42:48.808 22335 22335 D ViewRootImpl@30c7362[CartActivity]: ViewPostImeInputStage processPointer 1
10-16 13:42:48.828 22335 22335 V InputMethodManager: Starting input: tba=android.view.inputmethod.EditorInfo@f4d5941 nm : cz.gienger.mobile ic=com.android.internal.widget.EditableInputConnection@e66fee6
10-16 13:42:48.828 22335 22335 I InputMethodManager: startInputInner - mService.startInputOrWindowGainedFocus
10-16 13:42:48.830 22335 22335 D InputTransport: Input channel constructed: fd=71
10-16 13:42:48.830 22335 22335 D InputTransport: Input channel destroyed: fd=73
10-16 13:42:48.830 22335 22335 D InputMethodManager: SSI - flag : 0 Pid : 22335 view : cz.gienger.mobile
10-16 13:42:48.835 22335 22335 W IInputConnectionWrapper: finishComposingText on inactive InputConnection
10-16 13:42:53.912 22335 22335 D ViewRootImpl@30c7362[CartActivity]: ViewPostImeInputStage processPointer 0
10-16 13:42:53.981 22335 22335 D ViewRootImpl@30c7362[CartActivity]: ViewPostImeInputStage processPointer 1
10-16 13:42:54.003 22335 22335 V InputMethodManager: Starting input: tba=android.view.inputmethod.EditorInfo@4953440 nm : cz.gienger.mobile ic=com.android.internal.widget.EditableInputConnection@2f2ef79
10-16 13:42:54.003 22335 22335 I InputMethodManager: startInputInner - mService.startInputOrWindowGainedFocus
10-16 13:42:54.007 22335 22335 D InputTransport: Input channel constructed: fd=73
10-16 13:42:54.007 22335 22335 D InputTransport: Input channel destroyed: fd=71
10-16 13:42:54.007 22335 22335 D InputMethodManager: SSI - flag : 0 Pid : 22335 view : cz.gienger.mobile
10-16 13:42:54.014 22335 22335 W IInputConnectionWrapper: finishComposingText on inactive InputConnection
10-16 13:43:00.362 22335 22335 D ViewRootImpl@30c7362[CartActivity]: ViewPostImeInputStage processKey 0
10-16 13:43:00.368 22335 22335 D ViewRootImpl@30c7362[CartActivity]: ViewPostImeInputStage processKey 1
10-16 13:43:00.448 22335 22335 D ViewRootImpl@30c7362[CartActivity]: ViewPostImeInputStage processKey 0
10-16 13:43:00.452 22335 22335 D ViewRootImpl@30c7362[CartActivity]: ViewPostImeInputStage processKey 1
10-16 13:43:00.584 22335 22335 D ViewRootImpl@30c7362[CartActivity]: ViewPostImeInputStage processKey 0
10-16 13:43:00.589 22335 22335 D ViewRootImpl@30c7362[CartActivity]: ViewPostImeInputStage processKey 1
10-16 13:43:00.753 22335 22335 D ViewRootImpl@30c7362[CartActivity]: ViewPostImeInputStage processKey 0
10-16 13:43:00.757 22335 22335 D ViewRootImpl@30c7362[CartActivity]: ViewPostImeInputStage processKey 1
10-16 13:43:00.880 22335 22335 D ViewRootImpl@30c7362[CartActivity]: ViewPostImeInputStage processKey 0
10-16 13:43:00.884 22335 22335 D ViewRootImpl@30c7362[CartActivity]: ViewPostImeInputStage processKey 1
10-16 13:43:01.013 22335 22335 D ViewRootImpl@30c7362[CartActivity]: ViewPostImeInputStage processKey 0
10-16 13:43:01.019 22335 22335 D ViewRootImpl@30c7362[CartActivity]: ViewPostImeInputStage processKey 1
10-16 13:43:01.164 22335 22335 D ViewRootImpl@30c7362[CartActivity]: ViewPostImeInputStage processKey 0
10-16 13:43:01.185 22335 22335 D ViewRootImpl@30c7362[CartActivity]: ViewPostImeInputStage processKey 1
10-16 13:43:01.318 22335 22335 D ViewRootImpl@30c7362[CartActivity]: ViewPostImeInputStage processKey 0
10-16 13:43:01.327 22335 22335 D ViewRootImpl@30c7362[CartActivity]: ViewPostImeInputStage processKey 1
10-16 13:43:03.289 22335 22335 D ViewRootImpl@30c7362[CartActivity]: ViewPostImeInputStage processKey 0
10-16 13:43:03.293 22335 22335 D ViewRootImpl@30c7362[CartActivity]: ViewPostImeInputStage processKey 1
10-16 13:43:03.431 22335 22335 D ViewRootImpl@30c7362[CartActivity]: ViewPostImeInputStage processKey 0
10-16 13:43:03.435 22335 22335 D ViewRootImpl@30c7362[CartActivity]: ViewPostImeInputStage processKey 1
10-16 13:43:03.569 22335 22335 D ViewRootImpl@30c7362[CartActivity]: ViewPostImeInputStage processKey 0
10-16 13:43:03.592 22335 22335 D ViewRootImpl@30c7362[CartActivity]: ViewPostImeInputStage processKey 1
10-16 13:43:03.704 22335 22335 D ViewRootImpl@30c7362[CartActivity]: ViewPostImeInputStage processKey 0
10-16 13:43:03.715 22335 22335 D ViewRootImpl@30c7362[CartActivity]: ViewPostImeInputStage processKey 1
10-16 13:43:03.882 22335 22335 D ViewRootImpl@30c7362[CartActivity]: ViewPostImeInputStage processKey 0
10-16 13:43:03.910 22335 22335 D ViewRootImpl@30c7362[CartActivity]: ViewPostImeInputStage processKey 1
10-16 13:43:03.954 22335 22335 D ViewRootImpl@30c7362[CartActivity]: ViewPostImeInputStage processKey 0
10-16 13:43:03.957 22335 22335 D ViewRootImpl@30c7362[CartActivity]: ViewPostImeInputStage processKey 1
10-16 13:43:06.791 22335 22335 D ViewRootImpl@30c7362[CartActivity]: ViewPostImeInputStage processPointer 0
10-16 13:43:06.890 22335 22335 D AbsListView: reportScrollStateChange() newState : 1
10-16 13:43:07.027 22335 19288 D OkHttp : <-- 200 https://testsaig1.gienger.cz/GiengerService.svc/sendorder (144220ms)
10-16 13:43:07.027 22335 19288 D OkHttp : content-type: application/xml; charset=utf-8
10-16 13:43:07.027 22335 19288 D OkHttp : server: Microsoft-IIS/10.0
10-16 13:43:07.027 22335 19288 D OkHttp : x-powered-by: ASP.NET
10-16 13:43:07.028 22335 19288 D OkHttp : date: Wed, 16 Oct 2019 11:43:05 GMT
10-16 13:43:07.028 22335 19288 D OkHttp : content-length: 175
10-16 13:43:07.028 22335 19288 D OkHttp : <-- END HTTP
10-16 13:43:07.034 22335 19288 D sendOrder_SUCCESS: 200
10-16 13:43:07.036 22335 22335 D ViewRootImpl@30c7362[CartActivity]: ViewPostImeInputStage processPointer 1
10-16 13:43:07.036 22335 22335 D AbsListView: onTouchUp() mTouchMode : 3
10-16 13:43:07.036 22335 22335 D AbsListView: onTouchUp() TOUCH_MODE_SCROLL initialVelocity : -2194
10-16 13:43:07.036 22335 22335 D AbsListView: reportScrollStateChange() newState : 0
10-16 13:43:08.804 22335 22335 D ViewRootImpl@30c7362[CartActivity]: ViewPostImeInputStage processKey 0
10-16 13:43:08.809 22335 22335 D ViewRootImpl@30c7362[CartActivity]: ViewPostImeInputStage processKey 1
10-16 13:43:10.634 22335 22335 D ViewRootImpl@30c7362[CartActivity]: ViewPostImeInputStage processKey 0
10-16 13:43:10.642 22335 22335 D ViewRootImpl@30c7362[CartActivity]: ViewPostImeInputStage processKey 1
10-16 13:43:10.782 22335 22335 D ViewRootImpl@30c7362[CartActivity]: ViewPostImeInputStage processKey 0
10-16 13:43:10.786 22335 22335 D ViewRootImpl@30c7362[CartActivity]: ViewPostImeInputStage processKey 1
10-16 13:43:10.924 22335 22335 D ViewRootImpl@30c7362[CartActivity]: ViewPostImeInputStage processKey 0
10-16 13:43:10.930 22335 22335 D ViewRootImpl@30c7362[CartActivity]: ViewPostImeInputStage processKey 1
10-16 13:43:11.090 22335 22335 D ViewRootImpl@30c7362[CartActivity]: ViewPostImeInputStage processKey 0
10-16 13:43:11.111 22335 22335 D ViewRootImpl@30c7362[CartActivity]: ViewPostImeInputStage processKey 1
10-16 13:43:11.213 22335 22335 D ViewRootImpl@30c7362[CartActivity]: ViewPostImeInputStage processKey 0
10-16 13:43:11.218 22335 22335 D ViewRootImpl@30c7362[CartActivity]: ViewPostImeInputStage processKey 1
10-16 13:43:11.353 22335 22335 D ViewRootImpl@30c7362[CartActivity]: ViewPostImeInputStage processKey 0
10-16 13:43:11.357 22335 22335 D ViewRootImpl@30c7362[CartActivity]: ViewPostImeInputStage processKey 1
10-16 13:43:11.496 22335 22335 D ViewRootImpl@30c7362[CartActivity]: ViewPostImeInputStage processKey 0
10-16 13:43:11.501 22335 22335 D ViewRootImpl@30c7362[CartActivity]: ViewPostImeInputStage processKey 1
10-16 13:43:11.641 22335 22335 D ViewRootImpl@30c7362[CartActivity]: ViewPostImeInputStage processKey 0
10-16 13:43:11.646 22335 22335 D ViewRootImpl@30c7362[CartActivity]: ViewPostImeInputStage processKey 1
10-16 13:43:11.794 22335 22335 D ViewRootImpl@30c7362[CartActivity]: ViewPostImeInputStage processKey 0
10-16 13:43:11.799 22335 22335 D ViewRootImpl@30c7362[CartActivity]: ViewPostImeInputStage processKey 1
10-16 13:43:11.917 22335 22335 D ViewRootImpl@30c7362[CartActivity]: ViewPostImeInputStage processKey 0
10-16 13:43:11.922 22335 22335 D ViewRootImpl@30c7362[CartActivity]: ViewPostImeInputStage processKey 1
10-16 13:43:12.080 22335 22335 D ViewRootImpl@30c7362[CartActivity]: ViewPostImeInputStage processKey 0
10-16 13:43:12.089 22335 22335 D ViewRootImpl@30c7362[CartActivity]: ViewPostImeInputStage processKey 1
10-16 13:43:12.218 22335 22335 D ViewRootImpl@30c7362[CartActivity]: ViewPostImeInputStage processKey 0
10-16 13:43:12.225 22335 22335 D ViewRootImpl@30c7362[CartActivity]: ViewPostImeInputStage processKey 1
10-16 13:43:12.362 22335 22335 D ViewRootImpl@30c7362[CartActivity]: ViewPostImeInputStage processKey 0
10-16 13:43:12.366 22335 22335 D ViewRootImpl@30c7362[CartActivity]: ViewPostImeInputStage processKey 1
10-16 13:43:12.520 22335 22335 D ViewRootImpl@30c7362[CartActivity]: ViewPostImeInputStage processKey 0
10-16 13:43:12.524 22335 22335 D ViewRootImpl@30c7362[CartActivity]: ViewPostImeInputStage processKey 1
10-16 13:43:12.665 22335 22335 D ViewRootImpl@30c7362[CartActivity]: ViewPostImeInputStage processKey 0
10-16 13:43:12.677 22335 22335 D ViewRootImpl@30c7362[CartActivity]: ViewPostImeInputStage processKey 1
10-16 13:43:12.821 22335 22335 D ViewRootImpl@30c7362[CartActivity]: ViewPostImeInputStage processKey 0
10-16 13:43:12.824 22335 22335 D ViewRootImpl@30c7362[CartActivity]: ViewPostImeInputStage processKey 1
10-16 13:43:12.963 22335 22335 D ViewRootImpl@30c7362[CartActivity]: ViewPostImeInputStage processKey 0
10-16 13:43:12.977 22335 22335 D ViewRootImpl@30c7362[CartActivity]: ViewPostImeInputStage processKey 1
10-16 13:43:13.109 22335 22335 D ViewRootImpl@30c7362[CartActivity]: ViewPostImeInputStage processKey 0
10-16 13:43:13.113 22335 22335 D ViewRootImpl@30c7362[CartActivity]: ViewPostImeInputStage processKey 1
10-16 13:43:13.246 22335 22335 D ViewRootImpl@30c7362[CartActivity]: ViewPostImeInputStage processKey 0
10-16 13:43:13.253 22335 22335 D ViewRootImpl@30c7362[CartActivity]: ViewPostImeInputStage processKey 1
10-16 13:43:13.390 22335 22335 D ViewRootImpl@30c7362[CartActivity]: ViewPostImeInputStage processKey 0
10-16 13:43:13.413 22335 22335 D ViewRootImpl@30c7362[CartActivity]: ViewPostImeInputStage processKey 1
10-16 13:43:13.536 22335 22335 D ViewRootImpl@30c7362[CartActivity]: ViewPostImeInputStage processKey 0
10-16 13:43:13.566 22335 22335 D ViewRootImpl@30c7362[CartActivity]: ViewPostImeInputStage processKey 1
10-16 13:43:13.678 22335 22335 D ViewRootImpl@30c7362[CartActivity]: ViewPostImeInputStage processKey 0
10-16 13:43:13.689 22335 22335 D ViewRootImpl@30c7362[CartActivity]: ViewPostImeInputStage processKey 1
10-16 13:43:13.833 22335 22335 D ViewRootImpl@30c7362[CartActivity]: ViewPostImeInputStage processKey 0
10-16 13:43:13.849 22335 22335 D ViewRootImpl@30c7362[CartActivity]: ViewPostImeInputStage processKey 1
10-16 13:43:13.984 22335 22335 D ViewRootImpl@30c7362[CartActivity]: ViewPostImeInputStage processKey 0
10-16 13:43:13.992 22335 22335 D ViewRootImpl@30c7362[CartActivity]: ViewPostImeInputStage processKey 1
10-16 13:43:14.131 22335 22335 D ViewRootImpl@30c7362[CartActivity]: ViewPostImeInputStage processKey 0
10-16 13:43:14.138 22335 22335 D ViewRootImpl@30c7362[CartActivity]: ViewPostImeInputStage processKey 1
10-16 13:43:14.287 22335 22335 D ViewRootImpl@30c7362[CartActivity]: ViewPostImeInputStage processKey 0
10-16 13:43:14.315 22335 22335 D ViewRootImpl@30c7362[CartActivity]: ViewPostImeInputStage processKey 1
10-16 13:43:21.373 22335 22335 D ViewRootImpl@30c7362[CartActivity]: ViewPostImeInputStage processPointer 0
