10-16 13:43:21.419 22335 22335 D ViewRootImpl@30c7362[CartActivity]: ViewPostImeInputStage processPointer 1
10-16 13:43:21.430 22335 22335 D View : requestFocusFromTouch
10-16 13:43:21.454 22335 22335 D ScrollView: initGoToTop
10-16 13:43:21.458 22335 22335 D ScrollView: initGoToTop
10-16 13:43:21.467 22335 22335 D ViewRootImpl@d44c95d[CartActivity]: ThreadedRenderer.create() translucent=true
10-16 13:43:21.473 22335 22335 D InputTransport: Input channel constructed: fd=64
10-16 13:43:21.474 22335 22335 D ViewRootImpl@d44c95d[CartActivity]: setView = DecorView@69242d2[CartActivity] touchMode=false
10-16 13:43:21.475 22335 22335 V InputMethodManager: Starting input: tba=android.view.inputmethod.EditorInfo@d0e9fa3 nm : cz.gienger.mobile ic=null
10-16 13:43:21.475 22335 22335 I InputMethodManager: startInputInner - mService.startInputOrWindowGainedFocus
10-16 13:43:21.477 22335 22335 D InputTransport: Input channel constructed: fd=74
10-16 13:43:21.477 22335 22335 D InputTransport: Input channel destroyed: fd=73
10-16 13:43:21.481 22335 22335 D ViewRootImpl@d44c95d[CartActivity]: dispatchAttachedToWindow
10-16 13:43:21.517 22335 22335 D ViewRootImpl@d44c95d[CartActivity]: Relayout returned: oldFrame=[0,0][0,0] newFrame=[108,450][660,597] result=0x26 surface={isValid=true -1997539328} surfaceGenerationChanged=true
10-16 13:43:21.517 22335 22335 D ViewRootImpl@d44c95d[CartActivity]: mHardwareRenderer.initialize() mSurface={isValid=true -1997539328} hwInitialized=true
10-16 13:43:21.520 22335 22335 D ScrollView: onsize change changed
10-16 13:43:21.520 22335 22335 D ScrollView: onsize change changed
10-16 13:43:21.521 22335 22335 D ViewRootImpl@d44c95d[CartActivity]: MSG_WINDOW_FOCUS_CHANGED 1
10-16 13:43:21.525 22335 22335 D ViewRootImpl@d44c95d[CartActivity]: mHardwareRenderer.initializeIfNeeded()#2 mSurface={isValid=true -1997539328}
10-16 13:43:21.526 22335 22335 V InputMethodManager: Not IME target window, ignoring
10-16 13:43:21.526 22335 22335 W IInputConnectionWrapper: finishComposingText on inactive InputConnection
10-16 13:43:21.541 22335 22335 D ViewRootImpl@d44c95d[CartActivity]: MSG_RESIZED_REPORT: frame=Rect(108, 450 - 660, 597) ci=Rect(0, 0 - 0, 0) vi=Rect(0, 0 - 0, 0) or=1
10-16 13:43:21.558 22335 22335 D ViewRootImpl@30c7362[CartActivity]: MSG_WINDOW_FOCUS_CHANGED 0
10-16 13:43:22.982 22335 22335 D ViewRootImpl@d44c95d[CartActivity]: ViewPostImeInputStage processPointer 0
10-16 13:43:23.039 22335 22335 D ViewRootImpl@d44c95d[CartActivity]: ViewPostImeInputStage processPointer 1
10-16 13:43:23.062 22335 22335 D ScrollView: initGoToTop
10-16 13:43:23.068 22335 22335 D ScrollView: initGoToTop
10-16 13:43:23.076 22335 22335 D ViewRootImpl@40b39ef[CartActivity]: ThreadedRenderer.create() translucent=true
10-16 13:43:23.086 22335 22335 D InputTransport: Input channel constructed: fd=87
10-16 13:43:23.086 22335 22335 D ViewRootImpl@40b39ef[CartActivity]: setView = DecorView@248acfc[CartActivity] touchMode=true
10-16 13:43:23.100 22335 22368 D OpenGLRenderer: endAllActiveAnimators on 0x87f20880 (RippleDrawable) with handle 0x880eadc0
10-16 13:43:23.101 22335 22335 D ViewRootImpl@d44c95d[CartActivity]: mHardwareRenderer.destroy()#4
10-16 13:43:23.101 22335 22335 D ViewRootImpl@d44c95d[CartActivity]: dispatchDetachedFromWindow
10-16 13:43:23.113 22335 22335 D InputTransport: Input channel destroyed: fd=64
10-16 13:43:23.114 22335 22335 D ViewRootImpl@40b39ef[CartActivity]: dispatchAttachedToWindow
10-16 13:43:23.144 22335 22335 D ViewRootImpl@40b39ef[CartActivity]: Relayout returned: oldFrame=[0,0][0,0] newFrame=[108,466][660,582] result=0x27 surface={isValid=true -1997539328} surfaceGenerationChanged=true
10-16 13:43:23.144 22335 22335 D ViewRootImpl@40b39ef[CartActivity]: mHardwareRenderer.initialize() mSurface={isValid=true -1997539328} hwInitialized=true
10-16 13:43:23.183 22335 22335 D ViewRootImpl@40b39ef[CartActivity]: MSG_WINDOW_FOCUS_CHANGED 1
10-16 13:43:23.184 22335 22335 D ViewRootImpl@40b39ef[CartActivity]: mHardwareRenderer.initializeIfNeeded()#2 mSurface={isValid=true -1997539328}
10-16 13:43:23.200 22335 22335 D ViewRootImpl@40b39ef[CartActivity]: MSG_RESIZED_REPORT: frame=Rect(108, 466 - 660, 582) ci=Rect(0, 0 - 0, 0) vi=Rect(0, 0 - 0, 0) or=1
10-16 13:43:23.229 22335 22335 E ViewRootImpl: sendUserActionEvent() returned.
10-16 13:43:23.316 22335 22345 I art : Background partial concurrent mark sweep GC freed 197681(9MB) AllocSpace objects, 43(7MB) LOS objects, 43% free, 15MB/27MB, paused 1.989ms total 168.773ms
10-16 13:43:24.220 22335 22345 I art : Background sticky concurrent mark sweep GC freed 419828(12MB) AllocSpace objects, 3(92KB) LOS objects, 40% free, 16MB/27MB, paused 1.127ms total 107.972ms
10-16 13:43:25.071 22335 22345 I art : Background partial concurrent mark sweep GC freed 335372(10MB) AllocSpace objects, 16(2MB) LOS objects, 41% free, 17MB/29MB, paused 1.265ms total 162.654ms
10-16 13:43:26.204 22335 22345 I art : Background partial concurrent mark sweep GC freed 334631(9MB) AllocSpace objects, 7(220KB) LOS objects, 39% free, 21MB/35MB, paused 1.415ms total 175.502ms
10-16 13:43:26.837 22335 22335 D ViewRootImpl@40b39ef[CartActivity]: mHardwareRenderer.destroy()#4
10-16 13:43:26.837 22335 22335 D ViewRootImpl@40b39ef[CartActivity]: dispatchDetachedFromWindow
10-16 13:43:26.854 22335 22335 D InputTransport: Input channel destroyed: fd=87
10-16 13:43:26.894 22335 22335 D ViewRootImpl@30c7362[CartActivity]: MSG_WINDOW_FOCUS_CHANGED 1
10-16 13:43:26.895 22335 22335 V InputMethodManager: Not IME target window, ignoring
10-16 13:43:26.895 22335 22335 D ViewRootImpl@30c7362[CartActivity]: mHardwareRenderer.initializeIfNeeded()#2 mSurface={isValid=true -2013865984}
10-16 13:43:26.911 22335 22335 V InputMethodManager: Starting input: tba=android.view.inputmethod.EditorInfo@4cab89a nm : cz.gienger.mobile ic=null
10-16 13:43:26.911 22335 22335 I InputMethodManager: startInputInner - mService.startInputOrWindowGainedFocus
10-16 13:43:26.912 22335 22335 D InputTransport: Input channel constructed: fd=64
10-16 13:43:26.912 22335 22335 D InputTransport: Input channel destroyed: fd=74
10-16 13:43:26.912 22335 22335 E ViewRootImpl: sendUserActionEvent() returned.
10-16 13:43:26.913 22335 22335 D ViewRootImpl@30c7362[CartActivity]: MSG_WINDOW_FOCUS_CHANGED 0
10-16 13:43:28.644 22335 22335 D ViewRootImpl@30c7362[CartActivity]: mHardwareRenderer.destroy()#1
10-16 13:43:28.666 22335 22335 D ViewRootImpl@30c7362[CartActivity]: Relayout returned: oldFrame=[0,0][768,1024] newFrame=[0,0][768,1024] result=0x5 surface={isValid=false 0} surfaceGenerationChanged=true
10-16 13:43:28.666 22335 22335 D InputTransport: Input channel destroyed: fd=64
10-16 13:44:01.732 22335 22335 D Graph : removeVertex() : insertDummyVertex, because there is no ancestor.
10-16 13:44:01.732 22335 22335 D Graph : removeVertex() : insertDummyVertex, because there is no ancestor.
10-16 13:44:01.768 22335 22335 D ViewRootImpl@df7e408[PdfArchiveActivity]: ThreadedRenderer.create() translucent=true
10-16 13:44:01.771 22335 22335 D InputTransport: Input channel constructed: fd=61
10-16 13:44:01.771 22335 22335 D ViewRootImpl@df7e408[PdfArchiveActivity]: setView = DecorView@36b7a1[PdfArchiveActivity] touchMode=true
10-16 13:44:01.778 22335 22335 D ViewRootImpl@df7e408[PdfArchiveActivity]: dispatchAttachedToWindow
10-16 13:44:01.804 22335 22335 D ViewRootImpl@df7e408[PdfArchiveActivity]: Relayout returned: oldFrame=[0,0][0,0] newFrame=[241,456][527,568] result=0x27 surface={isValid=true -1998864384} surfaceGenerationChanged=true
10-16 13:44:01.804 22335 22335 D ViewRootImpl@df7e408[PdfArchiveActivity]: mHardwareRenderer.initialize() mSurface={isValid=true -1998864384} hwInitialized=true
10-16 13:44:01.809 22335 22335 D ViewRootImpl@df7e408[PdfArchiveActivity]: MSG_RESIZED_REPORT: frame=Rect(241, 456 - 527, 568) ci=Rect(0, 0 - 0, 0) vi=Rect(0, 0 - 0, 0) or=1
10-16 13:44:01.809 22335 22335 D ViewRootImpl@df7e408[PdfArchiveActivity]: MSG_WINDOW_FOCUS_CHANGED 1
10-16 13:44:01.809 22335 22335 D ViewRootImpl@df7e408[PdfArchiveActivity]: mHardwareRenderer.initializeIfNeeded()#2 mSurface={isValid=true -1998864384}
10-16 13:44:01.810 22335 22335 V InputMethodManager: Starting input: tba=android.view.inputmethod.EditorInfo@ac56dc6 nm : cz.gienger.mobile ic=null
10-16 13:44:01.810 22335 22335 I InputMethodManager: startInputInner - mService.startInputOrWindowGainedFocus
10-16 13:44:01.812 22335 22335 D InputTransport: Input channel constructed: fd=64
10-16 13:44:02.894 22335 22335 D ViewRootImpl@df7e408[PdfArchiveActivity]: mHardwareRenderer.destroy()#1
10-16 13:44:02.906 22335 22335 D ViewRootImpl@df7e408[PdfArchiveActivity]: Relayout returned: oldFrame=[241,456][527,568] newFrame=[241,456][527,568] result=0x5 surface={isValid=false 0} surfaceGenerationChanged=true
10-16 13:44:02.907 22335 22335 D ViewRootImpl@df7e408[PdfArchiveActivity]: MSG_WINDOW_FOCUS_CHANGED 0
10-16 13:44:02.908 22335 22335 D ViewRootImpl@30c7362[CartActivity]: mHardwareRenderer.destroy()#1
10-16 13:44:02.916 22335 22335 D ViewRootImpl@30c7362[CartActivity]: Relayout returned: oldFrame=[0,0][768,1024] newFrame=[0,0][768,1024] result=0x1 surface={isValid=false 0} surfaceGenerationChanged=false
10-16 13:44:03.049 22335 22335 D InputTransport: Input channel destroyed: fd=64
10-16 13:44:03.060 22335 22335 D ViewRootImpl@4fa41bd[CategoryListActivity]: mHardwareRenderer.destroy()#4
10-16 13:44:03.060 22335 22335 D ViewRootImpl@4fa41bd[CategoryListActivity]: dispatchDetachedFromWindow
10-16 13:44:03.066 22335 20371 D MYINTERCEPTOR: /GiengerService.svc/uploadfinishedorder
10-16 13:44:03.068 22335 20371 D OkHttp : --> POST https://testsaig1.gienger.cz/GiengerService.svc/uploadfinishedorder http/1.1
10-16 13:44:03.068 22335 20371 D OkHttp : Content-Type: text/raw
10-16 13:44:03.068 22335 20371 D OkHttp : Content-Length: 123731
10-16 13:44:03.068 22335 20371 D OkHttp : filename: 1e56bf48-f970-4a52-9668-a223f5e1a786.xml
10-16 13:44:03.068 22335 20371 D OkHttp : Checksum: 8d086fd32751a22f3e1e92b05060383f
10-16 13:44:03.068 22335 20371 D OkHttp : token: b0b27dec81550cc334eea168b40dd216
10-16 13:44:03.068 22335 20371 D OkHttp : state: CZ
10-16 13:44:03.068 22335 20371 D OkHttp : --> END POST
10-16 13:44:03.071 22335 22335 D InputTransport: Input channel destroyed: fd=69
10-16 13:44:03.106 22335 22335 D ViewRootImpl@505ccc4[ArticleListActivity]: mHardwareRenderer.destroy()#4
10-16 13:44:03.107 22335 22335 D ViewRootImpl@505ccc4[ArticleListActivity]: dispatchDetachedFromWindow
10-16 13:44:03.112 22335 22335 D InputTransport: Input channel destroyed: fd=67
10-16 13:44:03.160 22335 22335 D ViewRootImpl@30c7362[CartActivity]: Relayout returned: oldFrame=[0,0][768,1024] newFrame=[0,0][768,1024] result=0x7 surface={isValid=true -1998864384} surfaceGenerationChanged=true
10-16 13:44:03.160 22335 22335 D ViewRootImpl@30c7362[CartActivity]: mHardwareRenderer.initialize() mSurface={isValid=true -1998864384} hwInitialized=true
10-16 13:44:03.363 22335 20371 D OkHttp : <-- 200 https://testsaig1.gienger.cz/GiengerService.svc/uploadfinishedorder (295ms)
10-16 13:44:03.364 22335 20371 D OkHttp : content-type: application/xml; charset=utf-8
10-16 13:44:03.364 22335 20371 D OkHttp : server: Microsoft-IIS/10.0
10-16 13:44:03.364 22335 20371 D OkHttp : x-powered-by: ASP.NET
10-16 13:44:03.364 22335 20371 D OkHttp : date: Wed, 16 Oct 2019 11:44:01 GMT
10-16 13:44:03.364 22335 20371 D OkHttp : content-length: 175
10-16 13:44:03.364 22335 20371 D OkHttp : <-- END HTTP
10-16 13:44:03.429 22335 22335 D ViewRootImpl@710ef71[MainActivity]: Relayout returned: oldFrame=[0,0][768,1024] newFrame=[0,0][768,1024] result=0x7 surface={isValid=true -1997539328} surfaceGenerationChanged=true
10-16 13:44:03.429 22335 22335 D ViewRootImpl@710ef71[MainActivity]: mHardwareRenderer.initialize() mSurface={isValid=true -1997539328} hwInitialized=true
10-16 13:44:03.506 22335 22335 D AbsListView: in onLayout changed
10-16 13:44:03.527 22335 22335 D ViewRootImpl@710ef71[MainActivity]: MSG_WINDOW_FOCUS_CHANGED 1
10-16 13:44:03.527 22335 22335 D ViewRootImpl@710ef71[MainActivity]: mHardwareRenderer.initializeIfNeeded()#2 mSurface={isValid=true -1997539328}
10-16 13:44:03.529 22335 22335 V InputMethodManager: Starting input: tba=android.view.inputmethod.EditorInfo@4edabb1 nm : cz.gienger.mobile ic=null
10-16 13:44:03.529 22335 22335 I InputMethodManager: startInputInner - mService.startInputOrWindowGainedFocus
10-16 13:44:03.553 22335 22335 D InputTransport: Input channel constructed: fd=64
10-16 13:44:03.601 22335 22335 D ViewRootImpl@30c7362[CartActivity]: mHardwareRenderer.destroy()#1
10-16 13:44:03.610 22335 22335 D ViewRootImpl@30c7362[CartActivity]: Relayout returned: oldFrame=[0,0][768,1024] newFrame=[0,0][768,1024] result=0x5 surface={isValid=false 0} surfaceGenerationChanged=true
10-16 13:44:03.627 22335 22335 D ViewRootImpl@df7e408[PdfArchiveActivity]: mHardwareRenderer.destroy()#4
10-16 13:44:03.627 22335 22335 D ViewRootImpl@df7e408[PdfArchiveActivity]: dispatchDetachedFromWindow
10-16 13:44:03.635 22335 22335 D InputTransport: Input channel destroyed: fd=61
10-16 13:44:03.970 22335 22335 D TextView: SYANI: Clipboard API is calling: clearFilter()
10-16 13:44:03.970 22335 22335 D TextView: SYANI: Clipboard API is calling: unregisterClipboardEventListener()
10-16 13:44:03.971 22335 22335 D TextView: SYANI: Clipboard API is calling: clearFilter()
10-16 13:44:03.971 22335 22335 D TextView: SYANI: Clipboard API is calling: unregisterClipboardEventListener()
10-16 13:44:03.972 22335 22335 D TextView: SYANI: Clipboard API is calling: clearFilter()
10-16 13:44:03.972 22335 22335 D TextView: SYANI: Clipboard API is calling: unregisterClipboardEventListener()
10-16 13:44:03.976 22335 22335 D TextView: SYANI: Clipboard API is calling: clearFilter()
10-16 13:44:03.976 22335 22335 D TextView: SYANI: Clipboard API is calling: unregisterClipboardEventListener()
10-16 13:44:03.977 22335 22335 D TextView: SYANI: Clipboard API is calling: clearFilter()
10-16 13:44:03.977 22335 22335 D TextView: SYANI: Clipboard API is calling: unregisterClipboardEventListener()
10-16 13:44:03.978 22335 22335 D TextView: SYANI: Clipboard API is calling: clearFilter()
10-16 13:44:03.978 22335 22335 D TextView: SYANI: Clipboard API is calling: unregisterClipboardEventListener()
10-16 13:44:03.980 22335 22335 D TextView: SYANI: Clipboard API is calling: clearFilter()
10-16 13:44:03.980 22335 22335 D TextView: SYANI: Clipboard API is calling: unregisterClipboardEventListener()
10-16 13:44:03.983 22335 22335 D TextView: SYANI: Clipboard API is calling: clearFilter()
10-16 13:44:03.983 22335 22335 D TextView: SYANI: Clipboard API is calling: unregisterClipboardEventListener()
10-16 13:44:03.983 22335 22335 D TextView: SYANI: Clipboard API is calling: clearFilter()
10-16 13:44:03.984 22335 22335 D TextView: SYANI: Clipboard API is calling: unregisterClipboardEventListener()
10-16 13:44:03.984 22335 22335 D TextView: SYANI: Clipboard API is calling: clearFilter()
10-16 13:44:03.984 22335 22335 D TextView: SYANI: Clipboard API is calling: unregisterClipboardEventListener()
10-16 13:44:03.985 22335 22335 D TextView: SYANI: Clipboard API is calling: clearFilter()
10-16 13:44:03.985 22335 22335 D TextView: SYANI: Clipboard API is calling: unregisterClipboardEventListener()
10-16 13:44:03.992 22335 22335 D ViewRootImpl@30c7362[CartActivity]: mHardwareRenderer.destroy()#4
10-16 13:44:03.992 22335 22335 D ViewRootImpl@30c7362[CartActivity]: dispatchDetachedFromWindow
10-16 13:44:04.003 22335 22335 D InputTransport: Input channel destroyed: fd=68
10-16 13:44:04.820 22335 22335 D ViewRootImpl@710ef71[MainActivity]: ViewPostImeInputStage processPointer 0
10-16 13:44:04.852 22335 22335 D AbsListView: reportScrollStateChange() newState : 1
10-16 13:44:05.280 22335 22335 D ViewRootImpl@710ef71[MainActivity]: ViewPostImeInputStage processPointer 1
10-16 13:44:05.281 22335 22335 D AbsListView: onTouchUp() mTouchMode : 3
10-16 13:44:05.281 22335 22335 D AbsListView: onTouchUp() TOUCH_MODE_SCROLL initialVelocity : -49
10-16 13:44:05.281 22335 22335 D AbsListView: reportScrollStateChange() newState : 0
10-16 13:44:06.022 22335 22335 D ViewRootImpl@710ef71[MainActivity]: ViewPostImeInputStage processPointer 0
10-16 13:44:06.106 22335 22335 D AbsListView: reportScrollStateChange() newState : 1
10-16 13:44:06.366 22335 22335 D ViewRootImpl@710ef71[MainActivity]: ViewPostImeInputStage processPointer 1
10-16 13:44:06.367 22335 22335 D AbsListView: onTouchUp() mTouchMode : 3
10-16 13:44:06.367 22335 22335 D AbsListView: onTouchUp() TOUCH_MODE_SCROLL initialVelocity : -22
10-16 13:44:06.367 22335 22335 D AbsListView: reportScrollStateChange() newState : 0
10-16 13:44:06.968 22335 22335 D ViewRootImpl@710ef71[MainActivity]: ViewPostImeInputStage processPointer 0
10-16 13:44:07.027 22335 22335 D ViewRootImpl@710ef71[MainActivity]: ViewPostImeInputStage processPointer 1
10-16 13:44:07.043 22335 22335 D item_click: viewId = 2131820758, position = 6
10-16 13:44:07.107 22335 22335 D ViewRootImpl@710ef71[MainActivity]: MSG_WINDOW_FOCUS_CHANGED 0
10-16 13:44:07.158 22335 22335 D ScrollView: initGoToTop
10-16 13:44:07.221 22335 22335 D ViewRootImpl@172f0d9[CancelDeliveryActivity]: ThreadedRenderer.create() translucent=false
10-16 13:44:07.224 22335 22335 D InputTransport: Input channel constructed: fd=68
10-16 13:44:07.224 22335 22335 D ViewRootImpl@172f0d9[CancelDeliveryActivity]: setView = DecorView@428da9e[CancelDeliveryActivity] touchMode=true
10-16 13:44:07.226 22335 22335 D LOCATION_SERVICE: LocationListener gps
10-16 13:44:07.227 22335 22335 D LOCATION_SERVICE: LocationListener network
10-16 13:44:07.228 22335 22335 D LOCATION_SERVICE: onCreate
10-16 13:44:07.228 22335 22335 D LOCATION_SERVICE: initializeLocationManager
10-16 13:44:07.237 22335 22335 D LOCATION_SERVICE: onStartCommand
10-16 13:44:07.264 22335 22335 D ViewRootImpl@172f0d9[CancelDeliveryActivity]: dispatchAttachedToWindow
10-16 13:44:07.315 22335 22335 D ViewRootImpl@172f0d9[CancelDeliveryActivity]: Relayout returned: oldFrame=[0,0][0,0] newFrame=[0,0][768,1024] result=0x27 surface={isValid=true -1960843264} surfaceGenerationChanged=true
10-16 13:44:07.315 22335 22335 D ViewRootImpl@172f0d9[CancelDeliveryActivity]: mHardwareRenderer.initialize() mSurface={isValid=true -1960843264} hwInitialized=true
10-16 13:44:07.321 22335 22335 D ScrollView: onsize change changed
10-16 13:44:07.362 22335 22335 D ViewRootImpl@172f0d9[CancelDeliveryActivity]: MSG_RESIZED_REPORT: frame=Rect(0, 0 - 768, 1024) ci=Rect(0, 24 - 0, 0) vi=Rect(0, 24 - 0, 0) or=1
10-16 13:44:07.363 22335 22335 D ViewRootImpl@172f0d9[CancelDeliveryActivity]: MSG_WINDOW_FOCUS_CHANGED 1
10-16 13:44:07.363 22335 22335 D ViewRootImpl@172f0d9[CancelDeliveryActivity]: mHardwareRenderer.initializeIfNeeded()#2 mSurface={isValid=true -1960843264}
10-16 13:44:07.367 22335 22335 V InputMethodManager: Starting input: tba=android.view.inputmethod.EditorInfo@1108e4d nm : cz.gienger.mobile ic=null
10-16 13:44:07.367 22335 22335 I InputMethodManager: startInputInner - mService.startInputOrWindowGainedFocus
10-16 13:44:07.377 22335 22335 D InputTransport: Input channel constructed: fd=77
10-16 13:44:07.378 22335 22335 D InputTransport: Input channel destroyed: fd=64
10-16 13:44:07.420 22335 22368 D OpenGLRenderer: endAllActiveAnimators on 0x87f6ea80 (RippleDrawable) with handle 0x87688e90
10-16 13:44:07.420 22335 22335 D ViewRootImpl@710ef71[MainActivity]: mHardwareRenderer.destroy()#1
10-16 13:44:07.430 22335 22335 D ViewRootImpl@710ef71[MainActivity]: Relayout returned: oldFrame=[0,0][768,1024] newFrame=[0,0][768,1024] result=0x5 surface={isValid=false 0} surfaceGenerationChanged=true
10-16 13:44:07.816 22335 22335 D ViewRootImpl@710ef71[MainActivity]: Relayout returned: oldFrame=[0,0][768,1024] newFrame=[0,0][768,1024] result=0x5 surface={isValid=false 0} surfaceGenerationChanged=false
10-16 13:44:08.285 22335 22335 D ViewRootImpl@172f0d9[CancelDeliveryActivity]: ViewPostImeInputStage processPointer 0
10-16 13:44:08.346 22335 22335 D ViewRootImpl@172f0d9[CancelDeliveryActivity]: ViewPostImeInputStage processPointer 1
10-16 13:44:09.254 22335 22335 D ViewRootImpl@172f0d9[CancelDeliveryActivity]: ViewPostImeInputStage processPointer 0
10-16 13:44:09.313 22335 22335 D ViewRootImpl@172f0d9[CancelDeliveryActivity]: ViewPostImeInputStage processPointer 1
10-16 13:44:09.344 22335 22335 D UNDELIVERED: Reason ID = 2, Comment =
10-16 13:44:09.483 22335 20378 D MESSAGE_SERVICE: ACTION_COMPRESS_AND_UPLOAD
10-16 13:44:09.483 22335 22335 D ViewRootImpl@172f0d9[CancelDeliveryActivity]: MSG_WINDOW_FOCUS_CHANGED 0
10-16 13:44:09.546 22335 22335 D ViewRootImpl@710ef71[MainActivity]: mHardwareRenderer.destroy()#4
10-16 13:44:09.546 22335 22335 D ViewRootImpl@710ef71[MainActivity]: dispatchDetachedFromWindow
10-16 13:44:09.554 22335 22335 D InputTransport: Input channel destroyed: fd=75
10-16 13:44:09.771 22335 22335 D ViewRootImpl@b4496e9[MainActivity]: ThreadedRenderer.create() translucent=false
10-16 13:44:09.774 22335 22335 D InputTransport: Input channel constructed: fd=80
10-16 13:44:09.774 22335 22335 D ViewRootImpl@b4496e9[MainActivity]: setView = DecorView@3656f6e[MainActivity] touchMode=true
10-16 13:44:09.776 22335 22335 D ViewRootImpl@b4496e9[MainActivity]: dispatchAttachedToWindow
10-16 13:44:09.827 22335 22335 D ViewRootImpl@b4496e9[MainActivity]: Relayout returned: oldFrame=[0,0][0,0] newFrame=[0,0][768,1024] result=0x27 surface={isValid=true -2001006592} surfaceGenerationChanged=true
10-16 13:44:09.827 22335 22335 D ViewRootImpl@b4496e9[MainActivity]: mHardwareRenderer.initialize() mSurface={isValid=true -2001006592} hwInitialized=true
10-16 13:44:09.914 22335 22335 D AbsListView: in onLayout changed
10-16 13:44:09.939 22335 22368 D OpenGLRenderer: endAllActiveAnimators on 0x88950f80 (RippleDrawable) with handle 0x884393e0
10-16 13:44:09.939 22335 22335 D ViewRootImpl@172f0d9[CancelDeliveryActivity]: mHardwareRenderer.destroy()#1
10-16 13:44:09.949 22335 22335 D ViewRootImpl@172f0d9[CancelDeliveryActivity]: Relayout returned: oldFrame=[0,0][768,1024] newFrame=[0,0][768,1024] result=0x5 surface={isValid=false 0} surfaceGenerationChanged=true
10-16 13:44:10.016 22335 22335 D ViewRootImpl@b4496e9[MainActivity]: MSG_RESIZED_REPORT: frame=Rect(0, 0 - 768, 1024) ci=Rect(0, 24 - 0, 0) vi=Rect(0, 24 - 0, 0) or=1
10-16 13:44:10.016 22335 22335 D ViewRootImpl@b4496e9[MainActivity]: MSG_WINDOW_FOCUS_CHANGED 1
10-16 13:44:10.017 22335 22335 D ViewRootImpl@b4496e9[MainActivity]: mHardwareRenderer.initializeIfNeeded()#2 mSurface={isValid=true -2001006592}
10-16 13:44:10.018 22335 22335 V InputMethodManager: Starting input: tba=android.view.inputmethod.EditorInfo@7ecfbbc nm : cz.gienger.mobile ic=null
10-16 13:44:10.019 22335 22335 I InputMethodManager: startInputInner - mService.startInputOrWindowGainedFocus
10-16 13:44:10.025 22335 22335 D InputTransport: Input channel constructed: fd=64
10-16 13:44:10.025 22335 22335 D InputTransport: Input channel destroyed: fd=77
10-16 13:44:10.215 22335 20378 D FILE_MANAGER: Serializing delivery /data/user/0/cz.gienger.mobile/files/finished/130AT1190319276/130AT1190319276.xml
10-16 13:44:10.216 22335 20378 D FILE_MANAGER: Null files:
10-16 13:44:10.358 22335 20378 D MYINTERCEPTOR: /GiengerService.svc/sendorder
10-16 13:44:10.359 22335 20378 D OkHttp : --> POST https://testsaig1.gienger.cz/GiengerService.svc/sendorder http/1.1
10-16 13:44:10.359 22335 20378 D OkHttp : Content-Type: text/raw
10-16 13:44:10.359 22335 20378 D OkHttp : Content-Length: 3035
10-16 13:44:10.359 22335 20378 D OkHttp : filename: 130AT1190319276.xml
10-16 13:44:10.359 22335 20378 D OkHttp : Checksum: 5f3d55e014af5bb08e634c16e6280b0a
10-16 13:44:10.359 22335 20378 D OkHttp : token: b0b27dec81550cc334eea168b40dd216
10-16 13:44:10.359 22335 20378 D OkHttp : --> END POST
10-16 13:44:10.578 22335 20378 D OkHttp : <-- 200 https://testsaig1.gienger.cz/GiengerService.svc/sendorder (218ms)
10-16 13:44:10.578 22335 20378 D OkHttp : content-type: application/xml; charset=utf-8
10-16 13:44:10.579 22335 20378 D OkHttp : server: Microsoft-IIS/10.0
10-16 13:44:10.579 22335 20378 D OkHttp : x-powered-by: ASP.NET
10-16 13:44:10.579 22335 20378 D OkHttp : date: Wed, 16 Oct 2019 11:44:08 GMT
10-16 13:44:10.579 22335 20378 D OkHttp : content-length: 175
10-16 13:44:10.579 22335 20378 D OkHttp : <-- END HTTP
10-16 13:44:10.586 22335 20378 D sendOrder_SUCCESS: 200
10-16 13:44:10.627 22335 20378 D MESSAGE_SERVICE: ACTION_RESEND_ORDERS
10-16 13:44:10.925 22335 22335 D AbsListView: in onLayout changed
10-16 13:44:11.183 22335 22335 D AbsListView: in onLayout changed
10-16 13:44:11.246 22335 22335 D TextView: SYANI: Clipboard API is calling: clearFilter()
10-16 13:44:11.246 22335 22335 D TextView: SYANI: Clipboard API is calling: unregisterClipboardEventListener()
10-16 13:44:11.254 22335 22335 D ViewRootImpl@172f0d9[CancelDeliveryActivity]: mHardwareRenderer.destroy()#4
10-16 13:44:11.254 22335 22335 D ViewRootImpl@172f0d9[CancelDeliveryActivity]: dispatchDetachedFromWindow
10-16 13:44:11.261 22335 22335 D InputTransport: Input channel destroyed: fd=68
10-16 13:44:11.261 22335 22335 D LOCATION_SERVICE: onDestroy
10-16 13:44:11.813 22335 22335 D ViewRootImpl@b4496e9[MainActivity]: ViewPostImeInputStage processPointer 0
10-16 13:44:11.860 22335 22335 D ViewRootImpl@b4496e9[MainActivity]: ViewPostImeInputStage processPointer 1
10-16 13:44:11.875 22335 22335 D item_click: viewId = 2131820760, position = 6
10-16 13:44:11.932 22335 22335 D ViewRootImpl@b4496e9[MainActivity]: MSG_WINDOW_FOCUS_CHANGED 0
10-16 13:44:12.025 22335 22335 D ViewRootImpl@e0da848[CategoryListActivity]: ThreadedRenderer.create() translucent=false
10-16 13:44:12.028 22335 22335 D InputTransport: Input channel constructed: fd=68
10-16 13:44:12.029 22335 22335 D ViewRootImpl@e0da848[CategoryListActivity]: setView = DecorView@4c6c6e1[CategoryListActivity] touchMode=true
10-16 13:44:12.030 22335 22335 D LOCATION_SERVICE: LocationListener gps
10-16 13:44:12.031 22335 22335 D LOCATION_SERVICE: LocationListener network
10-16 13:44:12.032 22335 22335 D LOCATION_SERVICE: onCreate
10-16 13:44:12.032 22335 22335 D LOCATION_SERVICE: initializeLocationManager
10-16 13:44:12.048 22335 22335 D LOCATION_SERVICE: onStartCommand
10-16 13:44:12.050 22335 22335 D ViewRootImpl@e0da848[CategoryListActivity]: dispatchAttachedToWindow
10-16 13:44:12.081 22335 22335 D ViewRootImpl@e0da848[CategoryListActivity]: Relayout returned: oldFrame=[0,0][0,0] newFrame=[0,0][768,1024] result=0x27 surface={isValid=true -1975121920} surfaceGenerationChanged=true
10-16 13:44:12.081 22335 22335 D ViewRootImpl@e0da848[CategoryListActivity]: mHardwareRenderer.initialize() mSurface={isValid=true -1975121920} hwInitialized=true
10-16 13:44:12.210 22335 22335 D ViewRootImpl@e0da848[CategoryListActivity]: MSG_RESIZED_REPORT: frame=Rect(0, 0 - 768, 1024) ci=Rect(0, 24 - 0, 0) vi=Rect(0, 24 - 0, 0) or=1
10-16 13:44:12.210 22335 22335 D ViewRootImpl@e0da848[CategoryListActivity]: MSG_WINDOW_FOCUS_CHANGED 1
10-16 13:44:12.211 22335 22335 D ViewRootImpl@e0da848[CategoryListActivity]: mHardwareRenderer.initializeIfNeeded()#2 mSurface={isValid=true -1975121920}
10-16 13:44:12.212 22335 22335 V InputMethodManager: Starting input: tba=android.view.inputmethod.EditorInfo@b773302 nm : cz.gienger.mobile ic=null
10-16 13:44:12.212 22335 22335 I InputMethodManager: startInputInner - mService.startInputOrWindowGainedFocus
10-16 13:44:12.214 22335 22335 D InputTransport: Input channel constructed: fd=76
10-16 13:44:12.214 22335 22335 D InputTransport: Input channel destroyed: fd=64
10-16 13:44:12.274 22335 22368 D OpenGLRenderer: endAllActiveAnimators on 0x8a351900 (RippleDrawable) with handle 0x89b32e30
10-16 13:44:12.274 22335 22335 D ViewRootImpl@b4496e9[MainActivity]: mHardwareRenderer.destroy()#1
10-16 13:44:12.281 22335 22335 D ViewRootImpl@b4496e9[MainActivity]: Relayout returned: oldFrame=[0,0][768,1024] newFrame=[0,0][768,1024] result=0x5 surface={isValid=false 0} surfaceGenerationChanged=true
10-16 13:44:12.695 22335 22335 D ViewRootImpl@b4496e9[MainActivity]: Relayout returned: oldFrame=[0,0][768,1024] newFrame=[0,0][768,1024] result=0x5 surface={isValid=false 0} surfaceGenerationChanged=false
10-16 13:44:13.243 22335 22335 D ViewRootImpl@e0da848[CategoryListActivity]: ViewPostImeInputStage processPointer 0
10-16 13:44:13.527 22335 22345 I art : Background partial concurrent mark sweep GC freed 80986(3MB) AllocSpace objects, 0(0B) LOS objects, 55% free, 9MB/21MB, paused 916us total 108.964ms
10-16 13:44:13.752 22335 22335 D ViewRootImpl@e0da848[CategoryListActivity]: ViewPostImeInputStage processPointer 1
10-16 13:44:13.979 22335 22335 D ViewRootImpl@e0da848[CategoryListActivity]: ViewPostImeInputStage processPointer 0
10-16 13:44:14.377 22335 22335 D ViewRootImpl@e0da848[CategoryListActivity]: ViewPostImeInputStage processPointer 1
10-16 13:44:14.812 22335 22335 D ViewRootImpl@e0da848[CategoryListActivity]: ViewPostImeInputStage processPointer 0
10-16 13:44:14.883 22335 22335 D ViewRootImpl@e0da848[CategoryListActivity]: ViewPostImeInputStage processPointer 1
10-16 13:44:16.449 22335 22335 D ViewRootImpl@e0da848[CategoryListActivity]: ViewPostImeInputStage processPointer 0
10-16 13:44:16.507 22335 22335 D ViewRootImpl@e0da848[CategoryListActivity]: ViewPostImeInputStage processPointer 1
10-16 13:44:17.332 22335 22335 D ViewRootImpl@e0da848[CategoryListActivity]: ViewPostImeInputStage processPointer 0
10-16 13:44:17.390 22335 22335 D ViewRootImpl@e0da848[CategoryListActivity]: ViewPostImeInputStage processPointer 1
10-16 13:44:17.420 22335 22335 D ViewRootImpl@e0da848[CategoryListActivity]: MSG_WINDOW_FOCUS_CHANGED 0
10-16 13:44:17.445 22335 22335 D Graph : removeVertex() : insertDummyVertex, because there is no ancestor.
10-16 13:44:17.507 22335 22335 D ViewRootImpl@6ee30a4[ArticleListActivity]: ThreadedRenderer.create() translucent=false
10-16 13:44:17.510 22335 22335 D InputTransport: Input channel constructed: fd=64
10-16 13:44:17.511 22335 22335 D ViewRootImpl@6ee30a4[ArticleListActivity]: setView = DecorView@914de0d[ArticleListActivity] touchMode=true
10-16 13:44:17.515 22335 22335 D ViewRootImpl@6ee30a4[ArticleListActivity]: dispatchAttachedToWindow
10-16 13:44:17.538 22335 22335 D ViewRootImpl@6ee30a4[ArticleListActivity]: Relayout returned: oldFrame=[0,0][0,0] newFrame=[0,0][768,1024] result=0x27 surface={isValid=true -1653237760} surfaceGenerationChanged=true
10-16 13:44:17.538 22335 22335 D ViewRootImpl@6ee30a4[ArticleListActivity]: mHardwareRenderer.initialize() mSurface={isValid=true -1653237760} hwInitialized=true
10-16 13:44:18.067 22335 22335 D ViewRootImpl@6ee30a4[ArticleListActivity]: MSG_RESIZED_REPORT: frame=Rect(0, 0 - 768, 1024) ci=Rect(0, 24 - 0, 0) vi=Rect(0, 24 - 0, 0) or=1
10-16 13:44:18.067 22335 22335 D ViewRootImpl@6ee30a4[ArticleListActivity]: MSG_WINDOW_FOCUS_CHANGED 1
10-16 13:44:18.068 22335 22335 D ViewRootImpl@6ee30a4[ArticleListActivity]: mHardwareRenderer.initializeIfNeeded()#2 mSurface={isValid=true -1653237760}
10-16 13:44:18.069 22335 22335 V InputMethodManager: Starting input: tba=android.view.inputmethod.EditorInfo@ab6f082 nm : cz.gienger.mobile ic=null
10-16 13:44:18.069 22335 22335 I InputMethodManager: startInputInner - mService.startInputOrWindowGainedFocus
10-16 13:44:18.070 22335 22335 D InputTransport: Input channel constructed: fd=75
10-16 13:44:18.070 22335 22335 D InputTransport: Input channel destroyed: fd=76
10-16 13:44:18.130 22335 22335 D ViewRootImpl@e0da848[CategoryListActivity]: mHardwareRenderer.destroy()#1
10-16 13:44:18.139 22335 22335 D ViewRootImpl@e0da848[CategoryListActivity]: Relayout returned: oldFrame=[0,0][768,1024] newFrame=[0,0][768,1024] result=0x5 surface={isValid=false 0} surfaceGenerationChanged=true
10-16 13:44:18.556 22335 22335 D ViewRootImpl@e0da848[CategoryListActivity]: Relayout returned: oldFrame=[0,0][768,1024] newFrame=[0,0][768,1024] result=0x5 surface={isValid=false 0} surfaceGenerationChanged=false
10-16 13:44:19.644 22335 22335 D ViewRootImpl@6ee30a4[ArticleListActivity]: ViewPostImeInputStage processPointer 0
10-16 13:44:19.703 22335 22335 D ViewRootImpl@6ee30a4[ArticleListActivity]: ViewPostImeInputStage processPointer 1
10-16 13:44:19.753 22335 22335 D ViewRootImpl@6ee30a4[ArticleListActivity]: MSG_WINDOW_FOCUS_CHANGED 0
10-16 13:44:19.864 22335 22335 D ViewRootImpl@90807fd[AddArticleToCartActivity]: ThreadedRenderer.create() translucent=false
10-16 13:44:19.867 22335 22335 D InputTransport: Input channel constructed: fd=74
10-16 13:44:19.867 22335 22335 D ViewRootImpl@90807fd[AddArticleToCartActivity]: setView = DecorView@588acf2[AddArticleToCartActivity] touchMode=true
10-16 13:44:19.873 22335 22335 D ViewRootImpl@90807fd[AddArticleToCartActivity]: dispatchAttachedToWindow
10-16 13:44:19.909 22335 22335 D ViewRootImpl@90807fd[AddArticleToCartActivity]: Relayout returned: oldFrame=[0,0][0,0] newFrame=[0,0][768,1024] result=0x27 surface={isValid=true -2013188096} surfaceGenerationChanged=true
10-16 13:44:19.909 22335 22335 D ViewRootImpl@90807fd[AddArticleToCartActivity]: mHardwareRenderer.initialize() mSurface={isValid=true -2013188096} hwInitialized=true
10-16 13:44:19.956 22335 22335 D ViewRootImpl@90807fd[AddArticleToCartActivity]: MSG_RESIZED_REPORT: frame=Rect(0, 0 - 768, 1024) ci=Rect(0, 24 - 0, 0) vi=Rect(0, 24 - 0, 0) or=1
10-16 13:44:19.957 22335 22335 D ViewRootImpl@90807fd[AddArticleToCartActivity]: MSG_WINDOW_FOCUS_CHANGED 1
10-16 13:44:19.957 22335 22335 D ViewRootImpl@90807fd[AddArticleToCartActivity]: mHardwareRenderer.initializeIfNeeded()#2 mSurface={isValid=true -2013188096}
10-16 13:44:19.974 22335 22335 V InputMethodManager: Starting input: tba=android.view.inputmethod.EditorInfo@5cfea6d nm : cz.gienger.mobile ic=com.android.internal.widget.EditableInputConnection@4236a2
10-16 13:44:19.974 22335 22335 I InputMethodManager: startInputInner - mService.startInputOrWindowGainedFocus
10-16 13:44:19.999 22335 22335 D InputTransport: Input channel constructed: fd=76
10-16 13:44:19.999 22335 22335 D InputTransport: Input channel destroyed: fd=75
10-16 13:44:20.040 22335 22368 D OpenGLRenderer: endAllActiveAnimators on 0x87f5a080 (RippleDrawable) with handle 0x87b08c80
10-16 13:44:20.040 22335 22335 D ViewRootImpl@6ee30a4[ArticleListActivity]: mHardwareRenderer.destroy()#1
10-16 13:44:20.048 22335 22335 D ViewRootImpl@6ee30a4[ArticleListActivity]: Relayout returned: oldFrame=[0,0][768,1024] newFrame=[0,0][768,1024] result=0x5 surface={isValid=false 0} surfaceGenerationChanged=true
10-16 13:44:20.464 22335 22335 D ViewRootImpl@6ee30a4[ArticleListActivity]: Relayout returned: oldFrame=[0,0][768,1024] newFrame=[0,0][768,1024] result=0x5 surface={isValid=false 0} surfaceGenerationChanged=false
10-16 13:44:20.479 22335 22335 D ViewRootImpl@90807fd[AddArticleToCartActivity]: MSG_RESIZED: frame=Rect(0, 0 - 768, 1024) ci=Rect(0, 24 - 0, 0) vi=Rect(0, 24 - 0, 320) or=1
10-16 13:44:21.512 22335 22335 D ViewRootImpl@90807fd[AddArticleToCartActivity]: ViewPostImeInputStage processPointer 0
10-16 13:44:21.561 22335 22335 D ViewRootImpl@90807fd[AddArticleToCartActivity]: ViewPostImeInputStage processPointer 1
10-16 13:44:21.574 22335 22335 V InputMethodManager: Starting input: tba=android.view.inputmethod.EditorInfo@eb12b8f nm : cz.gienger.mobile ic=com.android.internal.widget.EditableInputConnection@c4f4e1c
10-16 13:44:21.574 22335 22335 I InputMethodManager: startInputInner - mService.startInputOrWindowGainedFocus
10-16 13:44:21.576 22335 22335 D InputTransport: Input channel constructed: fd=79
10-16 13:44:21.576 22335 22335 D InputTransport: Input channel destroyed: fd=76
10-16 13:44:21.602 22335 22335 D ScrollView: initGoToTop
10-16 13:44:21.607 22335 22335 D ScrollView: initGoToTop
10-16 13:44:21.618 22335 22335 D ViewRootImpl@6239b9b[AddArticleToCartActivity]: ThreadedRenderer.create() translucent=true
10-16 13:44:21.624 22335 22335 D InputTransport: Input channel constructed: fd=76
10-16 13:44:21.625 22335 22335 D ViewRootImpl@6239b9b[AddArticleToCartActivity]: setView = DecorView@b74ab38[AddArticleToCartActivity] touchMode=true
10-16 13:44:21.630 22335 22335 D ViewRootImpl@6239b9b[AddArticleToCartActivity]: dispatchAttachedToWindow
10-16 13:44:21.666 22335 22335 D ViewRootImpl@6239b9b[AddArticleToCartActivity]: Relayout returned: oldFrame=[0,0][0,0] newFrame=[108,450][660,597] result=0x27 surface={isValid=true -2012499968} surfaceGenerationChanged=true
10-16 13:44:21.666 22335 22335 D ViewRootImpl@6239b9b[AddArticleToCartActivity]: mHardwareRenderer.initialize() mSurface={isValid=true -2012499968} hwInitialized=true
10-16 13:44:21.669 22335 22335 D ScrollView: onsize change changed
10-16 13:44:21.669 22335 22335 D ScrollView: onsize change changed
10-16 13:44:21.671 22335 22335 D ViewRootImpl@6239b9b[AddArticleToCartActivity]: MSG_WINDOW_FOCUS_CHANGED 1
10-16 13:44:21.671 22335 22335 D ViewRootImpl@6239b9b[AddArticleToCartActivity]: mHardwareRenderer.initializeIfNeeded()#2 mSurface={isValid=true -2012499968}
10-16 13:44:21.687 22335 22335 D ViewRootImpl@6239b9b[AddArticleToCartActivity]: MSG_RESIZED_REPORT: frame=Rect(108, 450 - 660, 597) ci=Rect(0, 0 - 0, 0) vi=Rect(0, 0 - 0, 0) or=1
10-16 13:44:21.714 22335 22335 D ViewRootImpl@90807fd[AddArticleToCartActivity]: MSG_WINDOW_FOCUS_CHANGED 0
10-16 13:44:24.571 22335 22335 D ViewRootImpl@6239b9b[AddArticleToCartActivity]: ViewPostImeInputStage processPointer 0
10-16 13:44:24.629 22335 22335 D ViewRootImpl@6239b9b[AddArticleToCartActivity]: ViewPostImeInputStage processPointer 1
10-16 13:44:24.689 22335 22335 D ViewRootImpl@6239b9b[AddArticleToCartActivity]: mHardwareRenderer.destroy()#4
10-16 13:44:24.689 22335 22335 D ViewRootImpl@6239b9b[AddArticleToCartActivity]: dispatchDetachedFromWindow
10-16 13:44:24.699 22335 22335 D InputTransport: Input channel destroyed: fd=76
10-16 13:44:24.727 22335 22335 E ViewRootImpl: sendUserActionEvent() returned.
10-16 13:44:24.753 22335 22335 D ViewRootImpl@6ee30a4[ArticleListActivity]: Relayout returned: oldFrame=[0,0][768,1024] newFrame=[0,0][768,1024] result=0x7 surface={isValid=true -2012499968} surfaceGenerationChanged=true
10-16 13:44:24.754 22335 22335 D ViewRootImpl@6ee30a4[ArticleListActivity]: mHardwareRenderer.initialize() mSurface={isValid=true -2012499968} hwInitialized=true
10-16 13:44:25.146 22335 22335 D ViewRootImpl@6ee30a4[ArticleListActivity]: MSG_RESIZED_REPORT: frame=Rect(0, 0 - 768, 1024) ci=Rect(0, 24 - 0, 320) vi=Rect(0, 24 - 0, 320) or=1
10-16 13:44:25.146 22335 22335 D ViewRootImpl@6ee30a4[ArticleListActivity]: MSG_WINDOW_FOCUS_CHANGED 1
10-16 13:44:25.147 22335 22335 D ViewRootImpl@6ee30a4[ArticleListActivity]: mHardwareRenderer.initializeIfNeeded()#2 mSurface={isValid=true -2012499968}
10-16 13:44:25.149 22335 22335 V InputMethodManager: Starting input: tba=android.view.inputmethod.EditorInfo@ed7234d nm : cz.gienger.mobile ic=null
10-16 13:44:25.149 22335 22335 I InputMethodManager: startInputInner - mService.startInputOrWindowGainedFocus
10-16 13:44:25.172 22335 22335 D InputTransport: Input channel constructed: fd=81
10-16 13:44:25.172 22335 22335 D InputTransport: Input channel destroyed: fd=79
10-16 13:44:25.184 22335 22335 W IInputConnectionWrapper: finishComposingText on inactive InputConnection
10-16 13:44:25.205 22335 22335 D ViewRootImpl@90807fd[AddArticleToCartActivity]: mHardwareRenderer.destroy()#1
10-16 13:44:25.214 22335 22335 D ViewRootImpl@90807fd[AddArticleToCartActivity]: Relayout returned: oldFrame=[0,0][768,1024] newFrame=[0,0][768,1024] result=0x5 surface={isValid=false 0} surfaceGenerationChanged=true
10-16 13:44:25.217 22335 22335 W IInputConnectionWrapper: performPrivateCommand on inactive InputConnection
10-16 13:44:25.217 22335 22335 W IInputConnectionWrapper: finishComposingText on inactive InputConnection
10-16 13:44:25.252 22335 22335 D ViewRootImpl@6ee30a4[ArticleListActivity]: MSG_RESIZED: frame=Rect(0, 0 - 768, 1024) ci=Rect(0, 24 - 0, 0) vi=Rect(0, 24 - 0, 0) or=1
10-16 13:44:25.452 22335 22335 D ViewRootImpl@6ee30a4[ArticleListActivity]: Relayout returned: oldFrame=[0,0][768,1024] newFrame=[0,0][768,1024] result=0x1 surface={isValid=true -2012499968} surfaceGenerationChanged=false
10-16 13:44:25.617 22335 22335 D TextView: SYANI: Clipboard API is calling: clearFilter()
10-16 13:44:25.617 22335 22335 D TextView: SYANI: Clipboard API is calling: unregisterClipboardEventListener()
10-16 13:44:25.623 22335 22335 D TextView: SYANI: Clipboard API is calling: clearFilter()
10-16 13:44:25.623 22335 22335 D TextView: SYANI: Clipboard API is calling: unregisterClipboardEventListener()
10-16 13:44:25.629 22335 22335 D ViewRootImpl@90807fd[AddArticleToCartActivity]: mHardwareRenderer.destroy()#4
10-16 13:44:25.630 22335 22335 D ViewRootImpl@90807fd[AddArticleToCartActivity]: dispatchDetachedFromWindow
10-16 13:44:25.638 22335 22335 D InputTransport: Input channel destroyed: fd=74
10-16 13:44:26.721 22335 22335 D ViewRootImpl@6ee30a4[ArticleListActivity]: ViewPostImeInputStage processPointer 0
10-16 13:44:27.458 22335 22335 D ViewRootImpl@6ee30a4[ArticleListActivity]: ViewPostImeInputStage processPointer 1
10-16 13:44:27.734 22335 22335 D LOCATION_SERVICE: onLocationChanged: Location[network 49,191069,17,534507 acc=22 et=+2d6h24m16s19ms alt=0.0 vel=0.0 bear=0.0 {Bundle[mParcelledData.dataSize=80]}]
10-16 13:44:28.727 22335 22335 D ViewRootImpl@6ee30a4[ArticleListActivity]: ViewPostImeInputStage processPointer 0
10-16 13:44:28.787 22335 22335 D ViewRootImpl@6ee30a4[ArticleListActivity]: ViewPostImeInputStage processPointer 1
10-16 13:44:28.813 22335 22335 D ViewRootImpl@6ee30a4[ArticleListActivity]: MSG_WINDOW_FOCUS_CHANGED 0
10-16 13:44:28.889 22335 22335 D ViewRootImpl@cf0c574[CategoryListActivity]: ThreadedRenderer.create() translucent=false
10-16 13:44:28.892 22335 22335 D InputTransport: Input channel constructed: fd=74
10-16 13:44:28.893 22335 22335 D ViewRootImpl@cf0c574[CategoryListActivity]: setView = DecorView@a659a9d[CategoryListActivity] touchMode=true
10-16 13:44:28.895 22335 22335 D LOCATION_SERVICE: onStartCommand
10-16 13:44:28.905 22335 22335 D ViewRootImpl@cf0c574[CategoryListActivity]: dispatchAttachedToWindow
10-16 13:44:28.932 22335 22335 D ViewRootImpl@cf0c574[CategoryListActivity]: Relayout returned: oldFrame=[0,0][0,0] newFrame=[0,0][768,1024] result=0x27 surface={isValid=true -1998862336} surfaceGenerationChanged=true
10-16 13:44:28.932 22335 22335 D ViewRootImpl@cf0c574[CategoryListActivity]: mHardwareRenderer.initialize() mSurface={isValid=true -1998862336} hwInitialized=true
10-16 13:44:29.069 22335 22335 D ViewRootImpl@cf0c574[CategoryListActivity]: MSG_RESIZED_REPORT: frame=Rect(0, 0 - 768, 1024) ci=Rect(0, 24 - 0, 0) vi=Rect(0, 24 - 0, 0) or=1
10-16 13:44:29.069 22335 22335 D ViewRootImpl@cf0c574[CategoryListActivity]: MSG_WINDOW_FOCUS_CHANGED 1
10-16 13:44:29.070 22335 22335 D ViewRootImpl@cf0c574[CategoryListActivity]: mHardwareRenderer.initializeIfNeeded()#2 mSurface={isValid=true -1998862336}
10-16 13:44:29.071 22335 22335 V InputMethodManager: Starting input: tba=android.view.inputmethod.EditorInfo@1ae6464 nm : cz.gienger.mobile ic=null
10-16 13:44:29.071 22335 22335 I InputMethodManager: startInputInner - mService.startInputOrWindowGainedFocus
10-16 13:44:29.074 22335 22335 D InputTransport: Input channel constructed: fd=75
10-16 13:44:29.074 22335 22335 D InputTransport: Input channel destroyed: fd=81
10-16 13:44:29.137 22335 22368 D OpenGLRenderer: endAllActiveAnimators on 0x87f24e80 (RippleDrawable) with handle 0x87f11bf0
10-16 13:44:29.138 22335 22335 D ViewRootImpl@6ee30a4[ArticleListActivity]: mHardwareRenderer.destroy()#1
10-16 13:44:29.147 22335 22335 D ViewRootImpl@6ee30a4[ArticleListActivity]: Relayout returned: oldFrame=[0,0][768,1024] newFrame=[0,0][768,1024] result=0x5 surface={isValid=false 0} surfaceGenerationChanged=true
10-16 13:44:29.563 22335 22335 D ViewRootImpl@6ee30a4[ArticleListActivity]: Relayout returned: oldFrame=[0,0][768,1024] newFrame=[0,0][768,1024] result=0x5 surface={isValid=false 0} surfaceGenerationChanged=false
10-16 13:44:30.436 22335 22335 D ViewRootImpl@cf0c574[CategoryListActivity]: ViewPostImeInputStage processPointer 0
10-16 13:44:30.484 22335 22335 D ViewRootImpl@cf0c574[CategoryListActivity]: ViewPostImeInputStage processPointer 1
10-16 13:44:31.351 22335 22335 D ViewRootImpl@cf0c574[CategoryListActivity]: ViewPostImeInputStage processPointer 0
10-16 13:44:31.421 22335 22335 D ViewRootImpl@cf0c574[CategoryListActivity]: ViewPostImeInputStage processPointer 1
10-16 13:44:32.278 22335 22335 D ViewRootImpl@cf0c574[CategoryListActivity]: ViewPostImeInputStage processPointer 0
10-16 13:44:32.336 22335 22335 D ViewRootImpl@cf0c574[CategoryListActivity]: ViewPostImeInputStage processPointer 1
10-16 13:44:32.365 22335 22335 D ViewRootImpl@cf0c574[CategoryListActivity]: MSG_WINDOW_FOCUS_CHANGED 0
10-16 13:44:32.451 22335 22335 D ViewRootImpl@82460c7[ArticleListActivity]: ThreadedRenderer.create() translucent=false
10-16 13:44:32.454 22335 22335 D InputTransport: Input channel constructed: fd=76
10-16 13:44:32.454 22335 22335 D ViewRootImpl@82460c7[ArticleListActivity]: setView = DecorView@de406f4[ArticleListActivity] touchMode=true
10-16 13:44:32.463 22335 22335 D ViewRootImpl@82460c7[ArticleListActivity]: dispatchAttachedToWindow
10-16 13:44:32.489 22335 22335 D ViewRootImpl@82460c7[ArticleListActivity]: Relayout returned: oldFrame=[0,0][0,0] newFrame=[0,0][768,1024] result=0x27 surface={isValid=true -1976397824} surfaceGenerationChanged=true
10-16 13:44:32.490 22335 22335 D ViewRootImpl@82460c7[ArticleListActivity]: mHardwareRenderer.initialize() mSurface={isValid=true -1976397824} hwInitialized=true
10-16 13:44:33.008 22335 22335 D ViewRootImpl@82460c7[ArticleListActivity]: MSG_RESIZED_REPORT: frame=Rect(0, 0 - 768, 1024) ci=Rect(0, 24 - 0, 0) vi=Rect(0, 24 - 0, 0) or=1
10-16 13:44:33.008 22335 22335 D ViewRootImpl@82460c7[ArticleListActivity]: MSG_WINDOW_FOCUS_CHANGED 1
10-16 13:44:33.009 22335 22335 D ViewRootImpl@82460c7[ArticleListActivity]: mHardwareRenderer.initializeIfNeeded()#2 mSurface={isValid=true -1976397824}
10-16 13:44:33.010 22335 22335 V InputMethodManager: Starting input: tba=android.view.inputmethod.EditorInfo@7375d95 nm : cz.gienger.mobile ic=null
10-16 13:44:33.010 22335 22335 I InputMethodManager: startInputInner - mService.startInputOrWindowGainedFocus
10-16 13:44:33.012 22335 22335 D InputTransport: Input channel constructed: fd=88
10-16 13:44:33.012 22335 22335 D InputTransport: Input channel destroyed: fd=75
10-16 13:44:33.076 22335 22335 D ViewRootImpl@cf0c574[CategoryListActivity]: mHardwareRenderer.destroy()#1
10-16 13:44:33.084 22335 22335 D ViewRootImpl@cf0c574[CategoryListActivity]: Relayout returned: oldFrame=[0,0][768,1024] newFrame=[0,0][768,1024] result=0x5 surface={isValid=false 0} surfaceGenerationChanged=true
10-16 13:44:33.504 22335 22335 D ViewRootImpl@cf0c574[CategoryListActivity]: Relayout returned: oldFrame=[0,0][768,1024] newFrame=[0,0][768,1024] result=0x5 surface={isValid=false 0} surfaceGenerationChanged=false
10-16 13:44:34.448 22335 22335 D ViewRootImpl@82460c7[ArticleListActivity]: ViewPostImeInputStage processPointer 0
10-16 13:44:34.759 22335 22335 D ViewRootImpl@82460c7[ArticleListActivity]: ViewPostImeInputStage processPointer 1
10-16 13:44:35.298 22335 22335 D ViewRootImpl@82460c7[ArticleListActivity]: ViewPostImeInputStage processPointer 0
10-16 13:44:35.345 22335 22335 D ViewRootImpl@82460c7[ArticleListActivity]: ViewPostImeInputStage processPointer 1
10-16 13:44:35.930 22335 22335 D ViewRootImpl@82460c7[ArticleListActivity]: ViewPostImeInputStage processPointer 0
10-16 13:44:36.044 22335 22335 D ViewRootImpl@82460c7[ArticleListActivity]: ViewPostImeInputStage processPointer 1
10-16 13:44:36.076 22335 22335 D ViewRootImpl@82460c7[ArticleListActivity]: MSG_WINDOW_FOCUS_CHANGED 0
10-16 13:44:36.168 22335 22335 D ViewRootImpl@4124874[AddArticleToCartActivity]: ThreadedRenderer.create() translucent=false
10-16 13:44:36.171 22335 22335 D InputTransport: Input channel constructed: fd=75
10-16 13:44:36.171 22335 22335 D ViewRootImpl@4124874[AddArticleToCartActivity]: setView = DecorView@b94619d[AddArticleToCartActivity] touchMode=true
10-16 13:44:36.175 22335 22335 D ViewRootImpl@4124874[AddArticleToCartActivity]: dispatchAttachedToWindow
10-16 13:44:36.199 22335 22335 D ViewRootImpl@4124874[AddArticleToCartActivity]: Relayout returned: oldFrame=[0,0][0,0] newFrame=[0,0][768,1024] result=0x27 surface={isValid=true -2014146560} surfaceGenerationChanged=true
10-16 13:44:36.199 22335 22335 D ViewRootImpl@4124874[AddArticleToCartActivity]: mHardwareRenderer.initialize() mSurface={isValid=true -2014146560} hwInitialized=true
10-16 13:44:36.270 22335 22335 D ViewRootImpl@4124874[AddArticleToCartActivity]: MSG_RESIZED_REPORT: frame=Rect(0, 0 - 768, 1024) ci=Rect(0, 24 - 0, 0) vi=Rect(0, 24 - 0, 0) or=1
10-16 13:44:36.270 22335 22335 D ViewRootImpl@4124874[AddArticleToCartActivity]: MSG_WINDOW_FOCUS_CHANGED 1
10-16 13:44:36.270 22335 22335 D ViewRootImpl@4124874[AddArticleToCartActivity]: mHardwareRenderer.initializeIfNeeded()#2 mSurface={isValid=true -2014146560}
10-16 13:44:36.280 22335 22335 V InputMethodManager: Starting input: tba=android.view.inputmethod.EditorInfo@712b6a4 nm : cz.gienger.mobile ic=com.android.internal.widget.EditableInputConnection@d75ec0d
10-16 13:44:36.280 22335 22335 I InputMethodManager: startInputInner - mService.startInputOrWindowGainedFocus
10-16 13:44:36.286 22335 22335 D InputTransport: Input channel constructed: fd=77
10-16 13:44:36.286 22335 22335 D InputTransport: Input channel destroyed: fd=88
10-16 13:44:36.324 22335 22368 D OpenGLRenderer: endAllActiveAnimators on 0x8a469580 (RippleDrawable) with handle 0x88cfe120
10-16 13:44:36.325 22335 22335 D ViewRootImpl@82460c7[ArticleListActivity]: mHardwareRenderer.destroy()#1
