--------- beginning of main
10-16 13:36:28.470 22335 22335 D ViewRootImpl@c14d11[LoginActivity]: MSG_RESIZED: frame=Rect(0, 0 - 768, 1024) ci=Rect(0, 24 - 0, 320) vi=Rect(0, 24 - 0, 320) or=1
10-16 13:36:28.490 22335 22335 D ViewRootImpl@c14d11[LoginActivity]: Relayout returned: oldFrame=[0,0][768,1024] newFrame=[0,0][768,1024] result=0x1 surface={isValid=true -1976502272} surfaceGenerationChanged=false
10-16 13:36:28.495 22335 22335 D ScrollView: onsize change changed
10-16 13:36:30.276 22335 22335 D ViewRootImpl@c14d11[LoginActivity]: ViewPostImeInputStage processPointer 0
10-16 13:36:30.356 22335 22335 D ViewRootImpl@c14d11[LoginActivity]: ViewPostImeInputStage processPointer 1
10-16 13:36:30.368 22335 22335 V InputMethodManager: Starting input: tba=android.view.inputmethod.EditorInfo@af0f24e nm : cz.gienger.mobile ic=com.android.internal.widget.EditableInputConnection@8bf1f6f
10-16 13:36:30.368 22335 22335 I InputMethodManager: startInputInner - mService.startInputOrWindowGainedFocus
10-16 13:36:30.370 22335 22335 D InputTransport: Input channel constructed: fd=89
10-16 13:36:30.370 22335 22335 D InputTransport: Input channel destroyed: fd=76
10-16 13:36:30.370 22335 22335 D InputMethodManager: SSI - flag : 0 Pid : 22335 view : cz.gienger.mobile
10-16 13:36:30.375 22335 22335 W IInputConnectionWrapper: performPrivateCommand on inactive InputConnection
10-16 13:36:30.375 22335 22335 W IInputConnectionWrapper: finishComposingText on inactive InputConnection
10-16 13:36:31.340 22335 22335 D ViewRootImpl@c14d11[LoginActivity]: ViewPostImeInputStage processPointer 0
10-16 13:36:31.407 22335 22335 D ViewRootImpl@c14d11[LoginActivity]: ViewPostImeInputStage processPointer 1
10-16 13:36:31.417 22335 22335 V InputMethodManager: Starting input: tba=android.view.inputmethod.EditorInfo@a6de55a nm : cz.gienger.mobile ic=com.android.internal.widget.EditableInputConnection@a48438b
10-16 13:36:31.417 22335 22335 I InputMethodManager: startInputInner - mService.startInputOrWindowGainedFocus
10-16 13:36:31.419 22335 22335 D InputTransport: Input channel constructed: fd=76
10-16 13:36:31.419 22335 22335 D InputTransport: Input channel destroyed: fd=89
10-16 13:36:31.419 22335 22335 D InputMethodManager: SSI - flag : 0 Pid : 22335 view : cz.gienger.mobile
10-16 13:36:31.425 22335 22335 W IInputConnectionWrapper: performPrivateCommand on inactive InputConnection
10-16 13:36:31.425 22335 22335 W IInputConnectionWrapper: finishComposingText on inactive InputConnection
10-16 13:36:31.433 22335 22335 D ViewRootImpl@8176881[PopupWindow:ddb4c68]: ThreadedRenderer.create() translucent=true
10-16 13:36:31.438 22335 22335 D InputTransport: Input channel constructed: fd=89
10-16 13:36:31.439 22335 22335 D ViewRootImpl@8176881[PopupWindow:ddb4c68]: setView = android.widget.PopupWindow$PopupDecorView{894fd26 V.E...... ......I. 0,0-0,0} touchMode=true
10-16 13:36:31.440 22335 22335 D ViewRootImpl@8176881[PopupWindow:ddb4c68]: dispatchAttachedToWindow
10-16 13:36:31.461 22335 22335 D ViewRootImpl@8176881[PopupWindow:ddb4c68]: Relayout returned: oldFrame=[0,0][0,0] newFrame=[25,150][55,186] result=0x27 surface={isValid=true -2002616320} surfaceGenerationChanged=true
10-16 13:36:31.461 22335 22335 D ViewRootImpl@8176881[PopupWindow:ddb4c68]: mHardwareRenderer.initialize() mSurface={isValid=true -2002616320} hwInitialized=true
10-16 13:36:31.481 22335 22335 D ViewRootImpl@8176881[PopupWindow:ddb4c68]: MSG_RESIZED_REPORT: frame=Rect(25, 150 - 55, 186) ci=Rect(0, 0 - 0, 0) vi=Rect(0, 0 - 0, 0) or=1
10-16 13:36:32.194 22335 22335 D ViewRootImpl@c14d11[LoginActivity]: ViewPostImeInputStage processKey 0
10-16 13:36:32.207 22335 22335 D ViewRootImpl@c14d11[LoginActivity]: ViewPostImeInputStage processKey 1
10-16 13:36:32.371 22335 22335 D ViewRootImpl@8176881[PopupWindow:ddb4c68]: mHardwareRenderer.destroy()#4
10-16 13:36:32.371 22335 22335 D ViewRootImpl@8176881[PopupWindow:ddb4c68]: dispatchDetachedFromWindow
10-16 13:36:32.379 22335 22335 D InputTransport: Input channel destroyed: fd=89
10-16 13:36:34.009 22335 22335 D ViewRootImpl@c14d11[LoginActivity]: ViewPostImeInputStage processPointer 0
10-16 13:36:34.089 22335 22335 D ViewRootImpl@c14d11[LoginActivity]: ViewPostImeInputStage processPointer 1
10-16 13:36:34.098 22335 22335 V InputMethodManager: Starting input: tba=android.view.inputmethod.EditorInfo@4c3c5b2 nm : cz.gienger.mobile ic=com.android.internal.widget.EditableInputConnection@7439903
10-16 13:36:34.098 22335 22335 I InputMethodManager: startInputInner - mService.startInputOrWindowGainedFocus
10-16 13:36:34.100 22335 22335 D InputTransport: Input channel constructed: fd=89
10-16 13:36:34.100 22335 22335 D InputTransport: Input channel destroyed: fd=76
10-16 13:36:34.101 22335 22335 D InputMethodManager: SSI - flag : 0 Pid : 22335 view : cz.gienger.mobile
10-16 13:36:34.107 22335 22335 W IInputConnectionWrapper: performPrivateCommand on inactive InputConnection
10-16 13:36:34.107 22335 22335 W IInputConnectionWrapper: finishComposingText on inactive InputConnection
10-16 13:36:37.672 22335 22335 D ViewRootImpl@c14d11[LoginActivity]: ViewPostImeInputStage processPointer 0
10-16 13:36:37.774 22335 22335 D ViewRootImpl@c14d11[LoginActivity]: ViewPostImeInputStage processPointer 1
10-16 13:36:37.807 22335 22335 D ScrollView: initGoToTop
10-16 13:36:37.812 22335 22335 D ScrollView: initGoToTop
10-16 13:36:37.821 22335 22335 D ViewRootImpl@5e1014f[LoginActivity]: ThreadedRenderer.create() translucent=true
10-16 13:36:37.828 22335 22335 D InputTransport: Input channel constructed: fd=76
10-16 13:36:37.828 22335 22335 D ViewRootImpl@5e1014f[LoginActivity]: setView = DecorView@14dd0dc[LoginActivity] touchMode=true
10-16 13:36:37.836 22335 19478 D MYINTERCEPTOR: /GiengerService.svc/oauth
10-16 13:36:37.836 22335 19478 D OkHttp : --> POST https://testsaig1.gienger.cz/GiengerService.svc/oauth http/1.1
10-16 13:36:37.836 22335 19478 D OkHttp : Content-Type: application/xml; charset=UTF-8
10-16 13:36:37.836 22335 19478 D OkHttp : Content-Length: 298
10-16 13:36:37.836 22335 19478 D OkHttp : --> END POST
10-16 13:36:37.837 22335 22335 D ViewRootImpl@5e1014f[LoginActivity]: dispatchAttachedToWindow
10-16 13:36:37.873 22335 22335 D ViewRootImpl@5e1014f[LoginActivity]: Relayout returned: oldFrame=[0,0][0,0] newFrame=[108,466][660,582] result=0x27 surface={isValid=true -1989152768} surfaceGenerationChanged=true
10-16 13:36:37.881 22335 22335 D ViewRootImpl@5e1014f[LoginActivity]: mHardwareRenderer.initialize() mSurface={isValid=true -1989152768} hwInitialized=true
10-16 13:36:37.898 22335 22335 D ViewRootImpl@5e1014f[LoginActivity]: MSG_WINDOW_FOCUS_CHANGED 1
10-16 13:36:37.898 22335 22335 D ViewRootImpl@5e1014f[LoginActivity]: mHardwareRenderer.initializeIfNeeded()#2 mSurface={isValid=true -1989152768}
10-16 13:36:37.925 22335 22335 D ViewRootImpl@5e1014f[LoginActivity]: MSG_RESIZED_REPORT: frame=Rect(108, 466 - 660, 582) ci=Rect(0, 0 - 0, 0) vi=Rect(0, 0 - 0, 0) or=1
10-16 13:36:37.941 22335 22335 D ViewRootImpl@c14d11[LoginActivity]: MSG_WINDOW_FOCUS_CHANGED 0
10-16 13:36:37.991 22335 19478 D OkHttp : <-- 200 https://testsaig1.gienger.cz/GiengerService.svc/oauth (154ms)
10-16 13:36:37.991 22335 19478 D OkHttp : content-type: application/xml; charset=utf-8
10-16 13:36:37.991 22335 19478 D OkHttp : server: Microsoft-IIS/10.0
10-16 13:36:37.991 22335 19478 D OkHttp : x-powered-by: ASP.NET
10-16 13:36:37.991 22335 19478 D OkHttp : date: Wed, 16 Oct 2019 11:36:37 GMT
10-16 13:36:37.992 22335 19478 D OkHttp : content-length: 292
10-16 13:36:37.992 22335 19478 D OkHttp : <-- END HTTP
10-16 13:36:38.008 22335 19478 D MYINTERCEPTOR: /GiengerService.svc/userinfo
10-16 13:36:38.008 22335 19478 D OkHttp : --> POST https://testsaig1.gienger.cz/GiengerService.svc/userinfo http/1.1
10-16 13:36:38.008 22335 19478 D OkHttp : Content-Type: application/xml; charset=UTF-8
10-16 13:36:38.008 22335 19478 D OkHttp : Content-Length: 139
10-16 13:36:38.009 22335 19478 D OkHttp : token: b0b27dec81550cc334eea168b40dd216
10-16 13:36:38.009 22335 19478 D OkHttp : --> END POST
10-16 13:36:38.133 22335 19478 D OkHttp : <-- 200 https://testsaig1.gienger.cz/GiengerService.svc/userinfo (123ms)
10-16 13:36:38.133 22335 19478 D OkHttp : content-type: application/xml; charset=utf-8
10-16 13:36:38.133 22335 19478 D OkHttp : server: Microsoft-IIS/10.0
10-16 13:36:38.133 22335 19478 D OkHttp : x-powered-by: ASP.NET
10-16 13:36:38.134 22335 19478 D OkHttp : date: Wed, 16 Oct 2019 11:36:37 GMT
10-16 13:36:38.134 22335 19478 D OkHttp : content-length: 195
10-16 13:36:38.134 22335 19478 D OkHttp : <-- END HTTP
10-16 13:36:38.173 22335 22335 D ScrollView: initGoToTop
10-16 13:36:38.177 22335 22335 D ScrollView: initGoToTop
10-16 13:36:38.192 22335 22335 D ViewRootImpl@82a7927[LoginActivity]: ThreadedRenderer.create() translucent=true
10-16 13:36:38.202 22335 22335 D InputTransport: Input channel constructed: fd=97
10-16 13:36:38.202 22335 22335 D ViewRootImpl@82a7927[LoginActivity]: setView = DecorView@629a7d4[LoginActivity] touchMode=true
10-16 13:36:38.253 22335 22335 D ViewRootImpl@5e1014f[LoginActivity]: mHardwareRenderer.destroy()#4
10-16 13:36:38.254 22335 22335 D ViewRootImpl@5e1014f[LoginActivity]: dispatchDetachedFromWindow
10-16 13:36:38.275 22335 22335 D InputTransport: Input channel destroyed: fd=76
10-16 13:36:38.292 22335 22335 D ViewRootImpl@c14d11[LoginActivity]: Relayout returned: oldFrame=[0,0][768,1024] newFrame=[0,0][768,1024] result=0x1 surface={isValid=true -1976502272} surfaceGenerationChanged=false
10-16 13:36:38.301 22335 22335 D ViewRootImpl@82a7927[LoginActivity]: dispatchAttachedToWindow
10-16 13:36:38.350 22335 22335 D ViewRootImpl@82a7927[LoginActivity]: Relayout returned: oldFrame=[0,0][0,0] newFrame=[108,423][660,624] result=0x27 surface={isValid=true -2013935616} surfaceGenerationChanged=true
10-16 13:36:38.351 22335 22335 D ViewRootImpl@82a7927[LoginActivity]: mHardwareRenderer.initialize() mSurface={isValid=true -2013935616} hwInitialized=true
10-16 13:36:38.356 22335 22335 D ScrollView: onsize change changed
10-16 13:36:38.356 22335 22335 D ScrollView: onsize change changed
10-16 13:36:38.367 22335 22335 D ViewRootImpl@82a7927[LoginActivity]: MSG_WINDOW_FOCUS_CHANGED 1
10-16 13:36:38.367 22335 22335 D ViewRootImpl@82a7927[LoginActivity]: mHardwareRenderer.initializeIfNeeded()#2 mSurface={isValid=true -2013935616}
10-16 13:36:38.393 22335 22335 D ViewRootImpl@82a7927[LoginActivity]: MSG_RESIZED_REPORT: frame=Rect(108, 423 - 660, 624) ci=Rect(0, 0 - 0, 0) vi=Rect(0, 0 - 0, 0) or=1
10-16 13:36:38.418 22335 22335 E ViewRootImpl: sendUserActionEvent() returned.
10-16 13:36:40.191 22335 22335 D ViewRootImpl@82a7927[LoginActivity]: ViewPostImeInputStage processPointer 0
10-16 13:36:40.275 22335 22335 D ViewRootImpl@82a7927[LoginActivity]: ViewPostImeInputStage processPointer 1
10-16 13:36:40.310 22335 22335 D ViewRootImpl@82a7927[LoginActivity]: mHardwareRenderer.destroy()#4
10-16 13:36:40.310 22335 22335 D ViewRootImpl@82a7927[LoginActivity]: dispatchDetachedFromWindow
10-16 13:36:40.324 22335 22335 D InputTransport: Input channel destroyed: fd=97
10-16 13:36:40.350 22335 19478 D MYINTERCEPTOR: /GiengerService.svc/manifests
10-16 13:36:40.351 22335 19478 D OkHttp : --> GET https://testsaig1.gienger.cz/GiengerService.svc/manifests http/1.1
10-16 13:36:40.352 22335 19478 D OkHttp : state: CZ
10-16 13:36:40.352 22335 19478 D OkHttp : token: b0b27dec81550cc334eea168b40dd216
10-16 13:36:40.352 22335 19478 D OkHttp : --> END GET
10-16 13:36:40.362 22335 22335 D Graph : removeVertex() : insertDummyVertex, because there is no ancestor.
10-16 13:36:40.364 22335 22335 D TextView: SYANI: Clipboard API is calling: clearFilter()
10-16 13:36:40.364 22335 22335 D TextView: SYANI: Clipboard API is calling: unregisterClipboardEventListener()
10-16 13:36:40.365 22335 22335 D TextView: SYANI: Clipboard API is calling: clearFilter()
10-16 13:36:40.365 22335 22335 D TextView: SYANI: Clipboard API is calling: unregisterClipboardEventListener()
10-16 13:36:40.373 22335 22335 D ViewRootImpl@c14d11[LoginActivity]: mHardwareRenderer.destroy()#4
10-16 13:36:40.373 22335 22335 D ViewRootImpl@c14d11[LoginActivity]: dispatchDetachedFromWindow
10-16 13:36:40.374 22335 22335 D InputTransport: Input channel destroyed: fd=66
10-16 13:36:40.410 22335 22335 D FILES : /data/user/0/cz.gienger.mobile/files/delivery
10-16 13:36:40.411 22335 22335 D FILES : /data/user/0/cz.gienger.mobile/files/delivery/130AT1190319555
10-16 13:36:40.411 22335 22335 D FILES : /data/user/0/cz.gienger.mobile/files/delivery/130AT1190319555/corrections
10-16 13:36:40.411 22335 22335 D FILES : /data/user/0/cz.gienger.mobile/files/delivery/130AT1190319555/130AT1190319555.pdf
10-16 13:36:40.411 22335 22335 D FILES : /data/user/0/cz.gienger.mobile/files/delivery/130AT1190319556
10-16 13:36:40.412 22335 22335 D FILES : /data/user/0/cz.gienger.mobile/files/delivery/130AT1190319556/corrections
10-16 13:36:40.412 22335 22335 D FILES : /data/user/0/cz.gienger.mobile/files/delivery/130AT1190319556/130AT1190319556.pdf
10-16 13:36:40.412 22335 22335 D FILES : /data/user/0/cz.gienger.mobile/files/delivery/130AT1190319651
10-16 13:36:40.412 22335 22335 D FILES : /data/user/0/cz.gienger.mobile/files/delivery/130AT1190319651/corrections
10-16 13:36:40.412 22335 22335 D FILES : /data/user/0/cz.gienger.mobile/files/delivery/130AT1190319651/130AT1190319651.pdf
10-16 13:36:40.412 22335 22335 D FILES : /data/user/0/cz.gienger.mobile/files/delivery/130AT1190319652
10-16 13:36:40.412 22335 22335 D FILES : /data/user/0/cz.gienger.mobile/files/delivery/130AT1190319652/corrections
10-16 13:36:40.412 22335 22335 D FILES : /data/user/0/cz.gienger.mobile/files/delivery/130AT1190319652/130AT1190319652.pdf
10-16 13:36:40.413 22335 22335 D FILES : /data/user/0/cz.gienger.mobile/files/delivery/130AT1190319672
10-16 13:36:40.413 22335 22335 D FILES : /data/user/0/cz.gienger.mobile/files/delivery/130AT1190319672/corrections
10-16 13:36:40.413 22335 22335 D FILES : /data/user/0/cz.gienger.mobile/files/delivery/130AT1190319672/130AT1190319672.pdf
10-16 13:36:40.413 22335 22335 D FILES : /data/user/0/cz.gienger.mobile/files/delivery/130AT1193103345
10-16 13:36:40.413 22335 22335 D FILES : /data/user/0/cz.gienger.mobile/files/delivery/130AT1193103345/corrections
10-16 13:36:40.413 22335 22335 D FILES : /data/user/0/cz.gienger.mobile/files/delivery/130AT1193103345/130AT1193103345.pdf
10-16 13:36:40.413 22335 22335 D FILES : /data/user/0/cz.gienger.mobile/files/delivery/130AT1190319623
10-16 13:36:40.414 22335 22335 D FILES : /data/user/0/cz.gienger.mobile/files/delivery/130AT1190319623/corrections
10-16 13:36:40.414 22335 22335 D FILES : /data/user/0/cz.gienger.mobile/files/delivery/130AT1190319623/130AT1190319623.pdf
10-16 13:36:40.414 22335 22335 D FILES : /data/user/0/cz.gienger.mobile/files/delivery/130AT1190319647
10-16 13:36:40.414 22335 22335 D FILES : /data/user/0/cz.gienger.mobile/files/delivery/130AT1190319647/corrections
10-16 13:36:40.414 22335 22335 D FILES : /data/user/0/cz.gienger.mobile/files/delivery/130AT1190319647/130AT1190319647.pdf
10-16 13:36:40.414 22335 22335 D FILES : /data/user/0/cz.gienger.mobile/files/delivery/130AT1190517617
10-16 13:36:40.414 22335 22335 D FILES : /data/user/0/cz.gienger.mobile/files/delivery/130AT1190517617/corrections
10-16 13:36:40.415 22335 22335 D FILES : /data/user/0/cz.gienger.mobile/files/delivery/130AT1190517617/130AT1190517617.pdf
10-16 13:36:40.415 22335 22335 D FILES : /data/user/0/cz.gienger.mobile/files/delivery/130AT1191103618
10-16 13:36:40.415 22335 22335 D FILES : /data/user/0/cz.gienger.mobile/files/delivery/130AT1191103618/corrections
10-16 13:36:40.415 22335 22335 D FILES : /data/user/0/cz.gienger.mobile/files/delivery/130AT1191103618/130AT1191103618.pdf
10-16 13:36:40.415 22335 22335 D FILES : /data/user/0/cz.gienger.mobile/files/delivery/130AT1191103619
10-16 13:36:40.415 22335 22335 D FILES : /data/user/0/cz.gienger.mobile/files/delivery/130AT1191103619/corrections
10-16 13:36:40.415 22335 22335 D FILES : /data/user/0/cz.gienger.mobile/files/delivery/130AT1191103619/130AT1191103619.pdf
10-16 13:36:40.416 22335 22335 D FILES : /data/user/0/cz.gienger.mobile/files/delivery/130AT1191103627
10-16 13:36:40.416 22335 22335 D FILES : /data/user/0/cz.gienger.mobile/files/delivery/130AT1191103627/corrections
10-16 13:36:40.416 22335 22335 D FILES : /data/user/0/cz.gienger.mobile/files/delivery/130AT1191103627/130AT1191103627.pdf
10-16 13:36:40.416 22335 22335 D FILES : /data/user/0/cz.gienger.mobile/files/delivery/130AT1193305221
10-16 13:36:40.416 22335 22335 D FILES : /data/user/0/cz.gienger.mobile/files/delivery/130AT1193305221/corrections
10-16 13:36:40.416 22335 22335 D FILES : /data/user/0/cz.gienger.mobile/files/delivery/130AT1193305221/130AT1193305221.pdf
10-16 13:36:40.416 22335 22335 D FILES : /data/user/0/cz.gienger.mobile/files/delivery/130AT1193305478
10-16 13:36:40.417 22335 22335 D FILES : /data/user/0/cz.gienger.mobile/files/delivery/130AT1193305478/corrections
10-16 13:36:40.417 22335 22335 D FILES : /data/user/0/cz.gienger.mobile/files/delivery/130AT1193305478/130AT1193305478.pdf
10-16 13:36:40.417 22335 22335 D FILES : /data/user/0/cz.gienger.mobile/files/delivery/130AT1194304625
10-16 13:36:40.417 22335 22335 D FILES : /data/user/0/cz.gienger.mobile/files/delivery/130AT1194304625/corrections
10-16 13:36:40.417 22335 22335 D FILES : /data/user/0/cz.gienger.mobile/files/delivery/130AT1194304625/130AT1194304625.pdf
10-16 13:36:40.417 22335 22335 D FILES : /data/user/0/cz.gienger.mobile/files/delivery/130AT1193305504
10-16 13:36:40.417 22335 22335 D FILES : /data/user/0/cz.gienger.mobile/files/delivery/130AT1193305504/corrections
10-16 13:36:40.418 22335 22335 D FILES : /data/user/0/cz.gienger.mobile/files/delivery/130AT1193305504/130AT1193305504.pdf
10-16 13:36:40.418 22335 22335 D FILES : /data/user/0/cz.gienger.mobile/files/delivery/130AT1193902696
10-16 13:36:40.419 22335 22335 D FILES : /data/user/0/cz.gienger.mobile/files/delivery/130AT1193902696/corrections
10-16 13:36:40.419 22335 22335 D FILES : /data/user/0/cz.gienger.mobile/files/delivery/130AT1193902696/130AT1193902696.pdf
10-16 13:36:40.419 22335 22335 D FILES : /data/user/0/cz.gienger.mobile/files/delivery/130AT1190427232
10-16 13:36:40.419 22335 22335 D FILES : /data/user/0/cz.gienger.mobile/files/delivery/130AT1190427232/corrections
10-16 13:36:40.419 22335 22335 D FILES : /data/user/0/cz.gienger.mobile/files/delivery/130AT1190427232/130AT1190427232.pdf
10-16 13:36:40.420 22335 22335 D FILES : /data/user/0/cz.gienger.mobile/files/delivery/130AT1193902719
10-16 13:36:40.420 22335 22335 D FILES : /data/user/0/cz.gienger.mobile/files/delivery/130AT1193902719/corrections
10-16 13:36:40.420 22335 22335 D FILES : /data/user/0/cz.gienger.mobile/files/delivery/130AT1193902719/130AT1193902719.pdf
10-16 13:36:40.420 22335 22335 D FILES : /data/user/0/cz.gienger.mobile/files/delivery/130AT1193902728
10-16 13:36:40.420 22335 22335 D FILES : /data/user/0/cz.gienger.mobile/files/delivery/130AT1193902728/corrections
10-16 13:36:40.420 22335 22335 D FILES : /data/user/0/cz.gienger.mobile/files/delivery/130AT1193902728/130AT1193902728.pdf
10-16 13:36:40.420 22335 22335 D FILES : /data/user/0/cz.gienger.mobile/files/delivery/130AT1193902729
10-16 13:36:40.421 22335 22335 D FILES : /data/user/0/cz.gienger.mobile/files/delivery/130AT1193902729/corrections
10-16 13:36:40.421 22335 22335 D FILES : /data/user/0/cz.gienger.mobile/files/delivery/130AT1193902729/130AT1193902729.pdf
10-16 13:36:40.421 22335 22335 D FILES : /data/user/0/cz.gienger.mobile/files/delivery/130AT1190427452
10-16 13:36:40.421 22335 22335 D FILES : /data/user/0/cz.gienger.mobile/files/delivery/130AT1190427452/corrections
10-16 13:36:40.421 22335 22335 D FILES : /data/user/0/cz.gienger.mobile/files/delivery/130AT1190427452/130AT1190427452.pdf
10-16 13:36:40.421 22335 22335 D FILES : /data/user/0/cz.gienger.mobile/files/delivery/130AT1193902712
10-16 13:36:40.422 22335 22335 D FILES : /data/user/0/cz.gienger.mobile/files/delivery/130AT1193902712/corrections
10-16 13:36:40.422 22335 22335 D FILES : /data/user/0/cz.gienger.mobile/files/delivery/130AT1193902712/130AT1193902712.pdf
10-16 13:36:40.422 22335 22335 D FILES : /data/user/0/cz.gienger.mobile/files/delivery/130AT1191103624
10-16 13:36:40.422 22335 22335 D FILES : /data/user/0/cz.gienger.mobile/files/delivery/130AT1191103624/corrections
10-16 13:36:40.422 22335 22335 D FILES : /data/user/0/cz.gienger.mobile/files/delivery/130AT1191103624/130AT1191103624.pdf
10-16 13:36:40.422 22335 22335 D FILES : /data/user/0/cz.gienger.mobile/files/delivery/130AT1193305508
10-16 13:36:40.422 22335 22335 D FILES : /data/user/0/cz.gienger.mobile/files/delivery/130AT1193305508/corrections
10-16 13:36:40.423 22335 22335 D FILES : /data/user/0/cz.gienger.mobile/files/delivery/130AT1193305508/130AT1193305508.pdf
10-16 13:36:40.423 22335 22335 D FILES : /data/user/0/cz.gienger.mobile/files/delivery/130AT1191103614
10-16 13:36:40.423 22335 22335 D FILES : /data/user/0/cz.gienger.mobile/files/delivery/130AT1191103614/corrections
10-16 13:36:40.423 22335 22335 D FILES : /data/user/0/cz.gienger.mobile/files/delivery/130AT1191103614/130AT1191103614.pdf
10-16 13:36:40.434 22335 19481 D MYINTERCEPTOR: /GiengerService.svc/manifests
10-16 13:36:40.438 22335 19481 D OkHttp : --> GET https://testsaig1.gienger.cz/GiengerService.svc/manifests http/1.1
10-16 13:36:40.438 22335 19481 D OkHttp : state: CZ
10-16 13:36:40.438 22335 19481 D OkHttp : token: b0b27dec81550cc334eea168b40dd216
10-16 13:36:40.438 22335 19481 D OkHttp : --> END GET
10-16 13:36:40.448 22335 19482 D MYINTERCEPTOR: /GiengerService.svc/manifests
10-16 13:36:40.449 22335 19482 D OkHttp : --> GET https://testsaig1.gienger.cz/GiengerService.svc/manifests http/1.1
10-16 13:36:40.449 22335 19482 D OkHttp : state: CZ
10-16 13:36:40.449 22335 19482 D OkHttp : token: b0b27dec81550cc334eea168b40dd216
10-16 13:36:40.449 22335 19482 D OkHttp : --> END GET
10-16 13:36:40.456 22335 22335 D ViewRootImpl@9a85401[LoginActivity]: ThreadedRenderer.create() translucent=false
10-16 13:36:40.460 22335 22335 D InputTransport: Input channel constructed: fd=66
10-16 13:36:40.460 22335 22335 D ViewRootImpl@9a85401[LoginActivity]: setView = DecorView@a42a6[LoginActivity] touchMode=true
10-16 13:36:40.463 22335 22335 D ViewRootImpl@9a85401[LoginActivity]: dispatchAttachedToWindow
10-16 13:36:40.492 22335 19478 D OkHttp : <-- 200 https://testsaig1.gienger.cz/GiengerService.svc/manifests (140ms)
10-16 13:36:40.492 22335 19478 D OkHttp : content-type: application/xml; charset=utf-8
10-16 13:36:40.492 22335 19478 D OkHttp : server: Microsoft-IIS/10.0
10-16 13:36:40.493 22335 19478 D OkHttp : x-powered-by: ASP.NET
10-16 13:36:40.493 22335 19478 D OkHttp : date: Wed, 16 Oct 2019 11:36:39 GMT
10-16 13:36:40.493 22335 19478 D OkHttp : content-length: 12808
10-16 13:36:40.493 22335 19478 D OkHttp : <-- END HTTP
10-16 13:36:40.502 22335 22335 D ViewRootImpl@9a85401[LoginActivity]: Relayout returned: oldFrame=[0,0][0,0] newFrame=[0,0][768,1024] result=0x27 surface={isValid=true -2018766848} surfaceGenerationChanged=true
10-16 13:36:40.503 22335 22335 D ViewRootImpl@9a85401[LoginActivity]: mHardwareRenderer.initialize() mSurface={isValid=true -2018766848} hwInitialized=true
10-16 13:36:40.506 22335 22335 D AbsListView: in onLayout changed
10-16 13:36:40.506 22335 22335 E ViewRootImpl: sendUserActionEvent() returned.
10-16 13:36:40.506 22335 22335 E ViewRootImpl: sendUserActionEvent() returned.
10-16 13:36:40.533 22335 22335 D ViewRootImpl@9a85401[LoginActivity]: MSG_RESIZED_REPORT: frame=Rect(0, 0 - 768, 1024) ci=Rect(0, 24 - 0, 320) vi=Rect(0, 24 - 0, 320) or=1
10-16 13:36:40.533 22335 22335 D ViewRootImpl@9a85401[LoginActivity]: MSG_WINDOW_FOCUS_CHANGED 1
10-16 13:36:40.533 22335 22335 D ViewRootImpl@9a85401[LoginActivity]: mHardwareRenderer.initializeIfNeeded()#2 mSurface={isValid=true -2018766848}
10-16 13:36:40.534 22335 22335 V InputMethodManager: Starting input: tba=android.view.inputmethod.EditorInfo@f412883 nm : cz.gienger.mobile ic=null
10-16 13:36:40.534 22335 22335 I InputMethodManager: startInputInner - mService.startInputOrWindowGainedFocus
10-16 13:36:40.548 22335 22335 D InputTransport: Input channel constructed: fd=69
10-16 13:36:40.548 22335 22335 D InputTransport: Input channel destroyed: fd=89
10-16 13:36:40.570 22335 22335 D DOWNLOAD_MANIFESTS: success
10-16 13:36:40.583 22335 22335 W IInputConnectionWrapper: finishComposingText on inactive InputConnection
10-16 13:36:40.583 22335 22335 W IInputConnectionWrapper: performPrivateCommand on inactive InputConnection
10-16 13:36:40.583 22335 22335 W IInputConnectionWrapper: finishComposingText on inactive InputConnection
10-16 13:36:40.583 22335 22335 E ViewRootImpl: sendUserActionEvent() returned.
10-16 13:36:40.606 22335 22335 D ViewRootImpl@9a85401[LoginActivity]: MSG_RESIZED: frame=Rect(0, 0 - 768, 1024) ci=Rect(0, 24 - 0, 0) vi=Rect(0, 24 - 0, 0) or=1
10-16 13:36:40.628 22335 22335 D ViewRootImpl@9a85401[LoginActivity]: Relayout returned: oldFrame=[0,0][768,1024] newFrame=[0,0][768,1024] result=0x1 surface={isValid=true -2018766848} surfaceGenerationChanged=false
10-16 13:36:40.629 22335 22335 D AbsListView: in onLayout changed
10-16 13:36:40.632 22335 19482 D OkHttp : <-- 200 https://testsaig1.gienger.cz/GiengerService.svc/manifests (182ms)
10-16 13:36:40.633 22335 19482 D OkHttp : content-type: application/xml; charset=utf-8
10-16 13:36:40.633 22335 19482 D OkHttp : server: Microsoft-IIS/10.0
10-16 13:36:40.633 22335 19481 D OkHttp : <-- 200 https://testsaig1.gienger.cz/GiengerService.svc/manifests (194ms)
10-16 13:36:40.633 22335 19482 D OkHttp : x-powered-by: ASP.NET
10-16 13:36:40.633 22335 19481 D OkHttp : content-type: application/xml; charset=utf-8
10-16 13:36:40.633 22335 19482 D OkHttp : date: Wed, 16 Oct 2019 11:36:39 GMT
10-16 13:36:40.633 22335 19481 D OkHttp : server: Microsoft-IIS/10.0
10-16 13:36:40.633 22335 19482 D OkHttp : content-length: 12808
10-16 13:36:40.633 22335 19482 D OkHttp : <-- END HTTP
10-16 13:36:40.633 22335 19481 D OkHttp : x-powered-by: ASP.NET
10-16 13:36:40.633 22335 19481 D OkHttp : date: Wed, 16 Oct 2019 11:36:39 GMT
10-16 13:36:40.633 22335 19481 D OkHttp : content-length: 12808
10-16 13:36:40.633 22335 19481 D OkHttp : <-- END HTTP
10-16 13:36:40.688 22335 22335 D DOWNLOAD_MANIFESTS: success
10-16 13:36:40.699 22335 22335 D DOWNLOAD_MANIFESTS: success
10-16 13:36:40.875 22335 22335 V InputMethodManager: Starting input: tba=android.view.inputmethod.EditorInfo@c787ae6 nm : cz.gienger.mobile ic=null
10-16 13:36:40.876 22335 22335 I InputMethodManager: startInputInner - mService.startInputOrWindowGainedFocus
10-16 13:36:40.877 22335 22335 D InputTransport: Input channel constructed: fd=85
10-16 13:36:40.877 22335 22335 D InputTransport: Input channel destroyed: fd=69
10-16 13:36:48.263 22335 22335 D ViewRootImpl@9a85401[LoginActivity]: ViewPostImeInputStage processPointer 0
10-16 13:36:48.319 22335 22335 D ViewRootImpl@9a85401[LoginActivity]: ViewPostImeInputStage processPointer 1
10-16 13:36:48.320 22335 22335 D AbsListView: onTouchUp() mTouchMode : 0
10-16 13:36:49.123 22335 22335 D ViewRootImpl@9a85401[LoginActivity]: ViewPostImeInputStage processPointer 0
10-16 13:36:49.206 22335 22335 D ViewRootImpl@9a85401[LoginActivity]: ViewPostImeInputStage processPointer 1
10-16 13:36:49.226 22335 22335 D InputMethodManager: HSIFW - flag : 0 Pid : 22335
10-16 13:36:49.249 22335 22335 D AbsListView: in onLayout changed
10-16 13:36:54.140 22335 22335 D ViewRootImpl@9a85401[LoginActivity]: ViewPostImeInputStage processPointer 0
10-16 13:36:54.229 22335 22335 D ViewRootImpl@9a85401[LoginActivity]: ViewPostImeInputStage processPointer 1
10-16 13:36:54.230 22335 22335 D AbsListView: onTouchUp() mTouchMode : 0
10-16 13:36:55.890 22335 22335 D ViewRootImpl@9a85401[LoginActivity]: ViewPostImeInputStage processPointer 0
10-16 13:36:55.959 22335 22335 D ViewRootImpl@9a85401[LoginActivity]: ViewPostImeInputStage processPointer 1
10-16 13:36:55.996 22335 22335 D ScrollView: initGoToTop
10-16 13:36:56.000 22335 22335 D ScrollView: initGoToTop
10-16 13:36:56.008 22335 22335 D ViewRootImpl@e5c5218[LoginActivity]: ThreadedRenderer.create() translucent=true
10-16 13:36:56.014 22335 22335 D InputTransport: Input channel constructed: fd=73
10-16 13:36:56.014 22335 22335 D ViewRootImpl@e5c5218[LoginActivity]: setView = DecorView@4e27471[LoginActivity] touchMode=true
10-16 13:36:56.015 22335 19481 D MYINTERCEPTOR: /GiengerService.svc/manifestinfo
10-16 13:36:56.016 22335 19481 D OkHttp : --> POST https://testsaig1.gienger.cz/GiengerService.svc/manifestinfo http/1.1
10-16 13:36:56.016 22335 19481 D OkHttp : Content-Length: 0
10-16 13:36:56.016 22335 19481 D OkHttp : state: CZ
10-16 13:36:56.016 22335 19481 D OkHttp : id: A03_trasa_A03-02_ranni_13_06_2019
10-16 13:36:56.016 22335 19481 D OkHttp : token: b0b27dec81550cc334eea168b40dd216
10-16 13:36:56.016 22335 19481 D OkHttp : --> END POST
10-16 13:36:56.019 22335 22335 D ViewRootImpl@e5c5218[LoginActivity]: dispatchAttachedToWindow
10-16 13:36:56.049 22335 22335 D ViewRootImpl@e5c5218[LoginActivity]: Relayout returned: oldFrame=[0,0][0,0] newFrame=[108,466][660,582] result=0x27 surface={isValid=true -1969965056} surfaceGenerationChanged=true
10-16 13:36:56.049 22335 22335 D ViewRootImpl@e5c5218[LoginActivity]: mHardwareRenderer.initialize() mSurface={isValid=true -1969965056} hwInitialized=true
10-16 13:36:56.053 22335 22335 D ViewRootImpl@e5c5218[LoginActivity]: MSG_WINDOW_FOCUS_CHANGED 1
10-16 13:36:56.053 22335 22335 D ViewRootImpl@e5c5218[LoginActivity]: mHardwareRenderer.initializeIfNeeded()#2 mSurface={isValid=true -1969965056}
10-16 13:36:56.070 22335 22335 D ViewRootImpl@e5c5218[LoginActivity]: MSG_RESIZED_REPORT: frame=Rect(108, 466 - 660, 582) ci=Rect(0, 0 - 0, 0) vi=Rect(0, 0 - 0, 0) or=1
10-16 13:36:56.101 22335 22335 D ViewRootImpl@9a85401[LoginActivity]: MSG_WINDOW_FOCUS_CHANGED 0
10-16 13:36:56.150 22335 19481 D OkHttp : <-- 200 https://testsaig1.gienger.cz/GiengerService.svc/manifestinfo (133ms)
10-16 13:36:56.150 22335 19481 D OkHttp : content-type: application/xml; charset=utf-8
10-16 13:36:56.150 22335 19481 D OkHttp : server: Microsoft-IIS/10.0
10-16 13:36:56.151 22335 19481 D OkHttp : x-powered-by: ASP.NET
10-16 13:36:56.151 22335 19481 D OkHttp : date: Wed, 16 Oct 2019 11:36:55 GMT
10-16 13:36:56.151 22335 19481 D OkHttp : content-length: 658
10-16 13:36:56.151 22335 19481 D OkHttp : <-- END HTTP
10-16 13:36:56.169 22335 19489 D MYINTERCEPTOR: /GiengerService.svc/corrections
10-16 13:36:56.173 22335 19489 D OkHttp : --> GET https://testsaig1.gienger.cz/GiengerService.svc/corrections http/1.1
10-16 13:36:56.173 22335 19489 D OkHttp : token: b0b27dec81550cc334eea168b40dd216
10-16 13:36:56.173 22335 19489 D OkHttp : --> END GET
10-16 13:36:56.300 22335 19489 D OkHttp : <-- 200 https://testsaig1.gienger.cz/GiengerService.svc/corrections (127ms)
10-16 13:36:56.300 22335 19489 D OkHttp : content-type: application/xml; charset=utf-8
10-16 13:36:56.300 22335 19489 D OkHttp : server: Microsoft-IIS/10.0
10-16 13:36:56.301 22335 19489 D OkHttp : x-powered-by: ASP.NET
10-16 13:36:56.301 22335 19489 D OkHttp : date: Wed, 16 Oct 2019 11:36:55 GMT
10-16 13:36:56.301 22335 19489 D OkHttp : content-length: 1267
10-16 13:36:56.301 22335 19489 D OkHttp : <-- END HTTP
10-16 13:36:56.312 22335 19489 D MYINTERCEPTOR: /GiengerService.svc/getorder
10-16 13:36:56.313 22335 19489 D OkHttp : --> POST https://testsaig1.gienger.cz/GiengerService.svc/getorder http/1.1
10-16 13:36:56.313 22335 19489 D OkHttp : Content-Length: 0
10-16 13:36:56.313 22335 19489 D OkHttp : name: 130AT1190319592.xml
10-16 13:36:56.313 22335 19489 D OkHttp : token: b0b27dec81550cc334eea168b40dd216
10-16 13:36:56.313 22335 19489 D OkHttp : --> END POST
10-16 13:36:56.365 22335 19489 D OkHttp : <-- 200 https://testsaig1.gienger.cz/GiengerService.svc/getorder (51ms)
10-16 13:36:56.365 22335 19489 D OkHttp : content-type: application/xml; charset=utf-8
10-16 13:36:56.366 22335 19489 D OkHttp : server: Microsoft-IIS/10.0
10-16 13:36:56.366 22335 19489 D OkHttp : checksum: d502f590903c59464c0e9d2366b8f0c0
10-16 13:36:56.366 22335 19489 D OkHttp : x-powered-by: ASP.NET
10-16 13:36:56.366 22335 19489 D OkHttp : date: Wed, 16 Oct 2019 11:36:55 GMT
10-16 13:36:56.366 22335 19489 D OkHttp : content-length: 175741
10-16 13:36:56.366 22335 19489 D OkHttp : <-- END HTTP
10-16 13:36:56.437 22335 19489 D MYINTERCEPTOR: /GiengerService.svc/getorder
10-16 13:36:56.439 22335 19489 D OkHttp : --> POST https://testsaig1.gienger.cz/GiengerService.svc/getorder http/1.1
10-16 13:36:56.439 22335 19489 D OkHttp : Content-Length: 0
10-16 13:36:56.439 22335 19489 D OkHttp : name: 130AT1190319605.xml
10-16 13:36:56.439 22335 19489 D OkHttp : token: b0b27dec81550cc334eea168b40dd216
10-16 13:36:56.440 22335 19489 D OkHttp : --> END POST
10-16 13:36:56.480 22335 19489 D OkHttp : <-- 200 https://testsaig1.gienger.cz/GiengerService.svc/getorder (40ms)
10-16 13:36:56.480 22335 19489 D OkHttp : content-type: application/xml; charset=utf-8
10-16 13:36:56.480 22335 19489 D OkHttp : server: Microsoft-IIS/10.0
10-16 13:36:56.480 22335 19489 D OkHttp : checksum: fe4b08e8b6dfcf376ca7b67c0e6d82f8
10-16 13:36:56.481 22335 19489 D OkHttp : x-powered-by: ASP.NET
10-16 13:36:56.481 22335 19489 D OkHttp : date: Wed, 16 Oct 2019 11:36:55 GMT
10-16 13:36:56.481 22335 19489 D OkHttp : content-length: 163479
10-16 13:36:56.481 22335 19489 D OkHttp : <-- END HTTP
10-16 13:36:56.552 22335 19489 D MYINTERCEPTOR: /GiengerService.svc/getorder
10-16 13:36:56.559 22335 19489 D OkHttp : --> POST https://testsaig1.gienger.cz/GiengerService.svc/getorder http/1.1
10-16 13:36:56.559 22335 19489 D OkHttp : Content-Length: 0
10-16 13:36:56.560 22335 19489 D OkHttp : name: 130AT1190319670.xml
10-16 13:36:56.560 22335 19489 D OkHttp : token: b0b27dec81550cc334eea168b40dd216
10-16 13:36:56.560 22335 19489 D OkHttp : --> END POST
10-16 13:36:56.599 22335 19489 D OkHttp : <-- 200 https://testsaig1.gienger.cz/GiengerService.svc/getorder (39ms)
10-16 13:36:56.600 22335 19489 D OkHttp : content-type: application/xml; charset=utf-8
10-16 13:36:56.600 22335 19489 D OkHttp : server: Microsoft-IIS/10.0
10-16 13:36:56.600 22335 19489 D OkHttp : checksum: 98b366d63dd44b807d8f023f4fcd23b7
10-16 13:36:56.600 22335 19489 D OkHttp : x-powered-by: ASP.NET
10-16 13:36:56.601 22335 19489 D OkHttp : date: Wed, 16 Oct 2019 11:36:55 GMT
10-16 13:36:56.601 22335 19489 D OkHttp : content-length: 162010
10-16 13:36:56.601 22335 19489 D OkHttp : <-- END HTTP
10-16 13:36:56.673 22335 19489 D MYINTERCEPTOR: /GiengerService.svc/getorder
10-16 13:36:56.674 22335 19489 D OkHttp : --> POST https://testsaig1.gienger.cz/GiengerService.svc/getorder http/1.1
10-16 13:36:56.675 22335 19489 D OkHttp : Content-Length: 0
10-16 13:36:56.675 22335 19489 D OkHttp : name: 130AT1191005500.xml
10-16 13:36:56.675 22335 19489 D OkHttp : token: b0b27dec81550cc334eea168b40dd216
10-16 13:36:56.675 22335 19489 D OkHttp : --> END POST
10-16 13:36:56.816 22335 19489 D OkHttp : <-- 200 https://testsaig1.gienger.cz/GiengerService.svc/getorder (140ms)
10-16 13:36:56.816 22335 19489 D OkHttp : content-type: application/xml; charset=utf-8
10-16 13:36:56.816 22335 19489 D OkHttp : server: Microsoft-IIS/10.0
10-16 13:36:56.817 22335 19489 D OkHttp : checksum: b5980517aa6d04fbf7423725883b88b7
10-16 13:36:56.817 22335 19489 D OkHttp : x-powered-by: ASP.NET
10-16 13:36:56.817 22335 19489 D OkHttp : date: Wed, 16 Oct 2019 11:36:55 GMT
10-16 13:36:56.818 22335 19489 D OkHttp : content-length: 167965
10-16 13:36:56.818 22335 19489 D OkHttp : <-- END HTTP
10-16 13:36:56.886 22335 19489 D MYINTERCEPTOR: /GiengerService.svc/getorder
10-16 13:36:56.887 22335 19489 D OkHttp : --> POST https://testsaig1.gienger.cz/GiengerService.svc/getorder http/1.1
10-16 13:36:56.887 22335 19489 D OkHttp : Content-Length: 0
10-16 13:36:56.887 22335 19489 D OkHttp : name: 130AT1191005501.xml
10-16 13:36:56.887 22335 19489 D OkHttp : token: b0b27dec81550cc334eea168b40dd216
10-16 13:36:56.887 22335 19489 D OkHttp : --> END POST
10-16 13:36:56.925 22335 19489 D OkHttp : <-- 200 https://testsaig1.gienger.cz/GiengerService.svc/getorder (37ms)
10-16 13:36:56.926 22335 19489 D OkHttp : content-type: application/xml; charset=utf-8
10-16 13:36:56.927 22335 19489 D OkHttp : server: Microsoft-IIS/10.0
10-16 13:36:56.927 22335 19489 D OkHttp : checksum: 09d9dfcbb0c6debe69b5f858c451f347
10-16 13:36:56.927 22335 19489 D OkHttp : x-powered-by: ASP.NET
10-16 13:36:56.927 22335 19489 D OkHttp : date: Wed, 16 Oct 2019 11:36:55 GMT
10-16 13:36:56.927 22335 19489 D OkHttp : content-length: 161720
10-16 13:36:56.927 22335 19489 D OkHttp : <-- END HTTP
10-16 13:36:57.004 22335 19489 D MYINTERCEPTOR: /GiengerService.svc/getorder
10-16 13:36:57.005 22335 19489 D OkHttp : --> POST https://testsaig1.gienger.cz/GiengerService.svc/getorder http/1.1
10-16 13:36:57.005 22335 19489 D OkHttp : Content-Length: 0
10-16 13:36:57.005 22335 19489 D OkHttp : name: 130AT1191005503.xml
10-16 13:36:57.006 22335 19489 D OkHttp : token: b0b27dec81550cc334eea168b40dd216
10-16 13:36:57.006 22335 19489 D OkHttp : --> END POST
10-16 13:36:57.037 22335 19489 D OkHttp : <-- 200 https://testsaig1.gienger.cz/GiengerService.svc/getorder (31ms)
10-16 13:36:57.037 22335 19489 D OkHttp : content-type: application/xml; charset=utf-8
10-16 13:36:57.037 22335 19489 D OkHttp : server: Microsoft-IIS/10.0
10-16 13:36:57.038 22335 19489 D OkHttp : checksum: e2c7cdcec24e86e63d4d37ec3b29e1b9
10-16 13:36:57.038 22335 19489 D OkHttp : x-powered-by: ASP.NET
10-16 13:36:57.038 22335 19489 D OkHttp : date: Wed, 16 Oct 2019 11:36:55 GMT
10-16 13:36:57.038 22335 19489 D OkHttp : content-length: 162694
10-16 13:36:57.038 22335 19489 D OkHttp : <-- END HTTP
10-16 13:36:57.092 22335 19489 D MYINTERCEPTOR: /GiengerService.svc/getorder
10-16 13:36:57.093 22335 19489 D OkHttp : --> POST https://testsaig1.gienger.cz/GiengerService.svc/getorder http/1.1
10-16 13:36:57.093 22335 19489 D OkHttp : Content-Length: 0
10-16 13:36:57.093 22335 19489 D OkHttp : name: 130AT1190319276.xml
10-16 13:36:57.093 22335 19489 D OkHttp : token: b0b27dec81550cc334eea168b40dd216
10-16 13:36:57.093 22335 19489 D OkHttp : --> END POST
10-16 13:36:57.128 22335 19489 D OkHttp : <-- 200 https://testsaig1.gienger.cz/GiengerService.svc/getorder (34ms)
10-16 13:36:57.128 22335 19489 D OkHttp : content-type: application/xml; charset=utf-8
10-16 13:36:57.128 22335 19489 D OkHttp : server: Microsoft-IIS/10.0
10-16 13:36:57.129 22335 19489 D OkHttp : checksum: c1688fe92940aa899e219a5f527ffd3e
10-16 13:36:57.129 22335 19489 D OkHttp : x-powered-by: ASP.NET
10-16 13:36:57.129 22335 19489 D OkHttp : date: Wed, 16 Oct 2019 11:36:56 GMT
10-16 13:36:57.129 22335 19489 D OkHttp : content-length: 163292
10-16 13:36:57.129 22335 19489 D OkHttp : <-- END HTTP
10-16 13:36:57.201 22335 19489 D MYINTERCEPTOR: /GiengerService.svc/getorder
10-16 13:36:57.202 22335 19489 D OkHttp : --> POST https://testsaig1.gienger.cz/GiengerService.svc/getorder http/1.1
10-16 13:36:57.202 22335 19489 D OkHttp : Content-Length: 0
10-16 13:36:57.202 22335 19489 D OkHttp : name: 130AT1191005467.xml
10-16 13:36:57.202 22335 19489 D OkHttp : token: b0b27dec81550cc334eea168b40dd216
10-16 13:36:57.202 22335 19489 D OkHttp : --> END POST
10-16 13:36:57.230 22335 19489 D OkHttp : <-- 200 https://testsaig1.gienger.cz/GiengerService.svc/getorder (27ms)
10-16 13:36:57.230 22335 19489 D OkHttp : content-type: application/xml; charset=utf-8
10-16 13:36:57.230 22335 19489 D OkHttp : server: Microsoft-IIS/10.0
10-16 13:36:57.230 22335 19489 D OkHttp : checksum: 1c1ac5a63ec348caae6c7dbdc06d0582
10-16 13:36:57.230 22335 19489 D OkHttp : x-powered-by: ASP.NET
10-16 13:36:57.230 22335 19489 D OkHttp : date: Wed, 16 Oct 2019 11:36:56 GMT
10-16 13:36:57.231 22335 19489 D OkHttp : content-length: 174744
10-16 13:36:57.231 22335 19489 D OkHttp : <-- END HTTP
10-16 13:36:57.296 22335 22345 I art : Background partial concurrent mark sweep GC freed 79869(3MB) AllocSpace objects, 59(8MB) LOS objects, 53% free, 10MB/22MB, paused 1.827ms total 131.580ms
10-16 13:36:57.319 22335 19489 D MYINTERCEPTOR: /GiengerService.svc/getorder
10-16 13:36:57.320 22335 19489 D OkHttp : --> POST https://testsaig1.gienger.cz/GiengerService.svc/getorder http/1.1
10-16 13:36:57.320 22335 19489 D OkHttp : Content-Length: 0
10-16 13:36:57.320 22335 19489 D OkHttp : name: 130AT1191005517.xml
10-16 13:36:57.320 22335 19489 D OkHttp : token: b0b27dec81550cc334eea168b40dd216
10-16 13:36:57.320 22335 19489 D OkHttp : --> END POST
10-16 13:36:57.368 22335 19489 D OkHttp : <-- 200 https://testsaig1.gienger.cz/GiengerService.svc/getorder (47ms)
10-16 13:36:57.368 22335 19489 D OkHttp : content-type: application/xml; charset=utf-8
10-16 13:36:57.368 22335 19489 D OkHttp : server: Microsoft-IIS/10.0
10-16 13:36:57.368 22335 19489 D OkHttp : checksum: bea991d1ee11c7eafe12488b3d7edf3c
10-16 13:36:57.368 22335 19489 D OkHttp : x-powered-by: ASP.NET
10-16 13:36:57.369 22335 19489 D OkHttp : date: Wed, 16 Oct 2019 11:36:56 GMT
10-16 13:36:57.369 22335 19489 D OkHttp : content-length: 165033
10-16 13:36:57.369 22335 19489 D OkHttp : <-- END HTTP
10-16 13:36:57.420 22335 19489 D MYINTERCEPTOR: /GiengerService.svc/getorder
10-16 13:36:57.420 22335 19489 D OkHttp : --> POST https://testsaig1.gienger.cz/GiengerService.svc/getorder http/1.1
10-16 13:36:57.420 22335 19489 D OkHttp : Content-Length: 0
10-16 13:36:57.421 22335 19489 D OkHttp : name: 130AT1190319634.xml
10-16 13:36:57.421 22335 19489 D OkHttp : token: b0b27dec81550cc334eea168b40dd216
10-16 13:36:57.421 22335 19489 D OkHttp : --> END POST
10-16 13:36:57.466 22335 19489 D OkHttp : <-- 200 https://testsaig1.gienger.cz/GiengerService.svc/getorder (45ms)
10-16 13:36:57.467 22335 19489 D OkHttp : content-type: application/xml; charset=utf-8
10-16 13:36:57.467 22335 19489 D OkHttp : server: Microsoft-IIS/10.0
10-16 13:36:57.467 22335 19489 D OkHttp : checksum: d7e576151e2ff6afdaaa015ad55053f4
10-16 13:36:57.467 22335 19489 D OkHttp : x-powered-by: ASP.NET
10-16 13:36:57.467 22335 19489 D OkHttp : date: Wed, 16 Oct 2019 11:36:56 GMT
10-16 13:36:57.467 22335 19489 D OkHttp : content-length: 161938
10-16 13:36:57.467 22335 19489 D OkHttp : <-- END HTTP
10-16 13:36:57.533 22335 19489 D MYINTERCEPTOR: /GiengerService.svc/getorder
10-16 13:36:57.533 22335 19489 D OkHttp : --> POST https://testsaig1.gienger.cz/GiengerService.svc/getorder http/1.1
10-16 13:36:57.533 22335 19489 D OkHttp : Content-Length: 0
10-16 13:36:57.534 22335 19489 D OkHttp : name: 130AT1190319635.xml
10-16 13:36:57.534 22335 19489 D OkHttp : token: b0b27dec81550cc334eea168b40dd216
10-16 13:36:57.534 22335 19489 D OkHttp : --> END POST
10-16 13:36:57.564 22335 19489 D OkHttp : <-- 200 https://testsaig1.gienger.cz/GiengerService.svc/getorder (29ms)
10-16 13:36:57.564 22335 19489 D OkHttp : content-type: application/xml; charset=utf-8
10-16 13:36:57.564 22335 19489 D OkHttp : server: Microsoft-IIS/10.0
10-16 13:36:57.564 22335 19489 D OkHttp : checksum: 7eb8bed5ccde734f1e4b5f26648b9fb8
10-16 13:36:57.564 22335 19489 D OkHttp : x-powered-by: ASP.NET
10-16 13:36:57.564 22335 19489 D OkHttp : date: Wed, 16 Oct 2019 11:36:56 GMT
10-16 13:36:57.564 22335 19489 D OkHttp : content-length: 162386
10-16 13:36:57.564 22335 19489 D OkHttp : <-- END HTTP
10-16 13:36:57.615 22335 19489 D MYINTERCEPTOR: /GiengerService.svc/getorder
10-16 13:36:57.616 22335 19489 D OkHttp : --> POST https://testsaig1.gienger.cz/GiengerService.svc/getorder http/1.1
10-16 13:36:57.616 22335 19489 D OkHttp : Content-Length: 0
10-16 13:36:57.616 22335 19489 D OkHttp : name: 130AT1190319636.xml
10-16 13:36:57.616 22335 19489 D OkHttp : token: b0b27dec81550cc334eea168b40dd216
10-16 13:36:57.616 22335 19489 D OkHttp : --> END POST
10-16 13:36:57.647 22335 19489 D OkHttp : <-- 200 https://testsaig1.gienger.cz/GiengerService.svc/getorder (30ms)
10-16 13:36:57.647 22335 19489 D OkHttp : content-type: application/xml; charset=utf-8
10-16 13:36:57.648 22335 19489 D OkHttp : server: Microsoft-IIS/10.0
10-16 13:36:57.648 22335 19489 D OkHttp : checksum: 9c5ccd03c25034ac87255ed2f41823c3
10-16 13:36:57.648 22335 19489 D OkHttp : x-powered-by: ASP.NET
10-16 13:36:57.649 22335 19489 D OkHttp : date: Wed, 16 Oct 2019 11:36:56 GMT
10-16 13:36:57.649 22335 19489 D OkHttp : content-length: 161326
10-16 13:36:57.649 22335 19489 D OkHttp : <-- END HTTP
10-16 13:36:57.714 22335 19489 D MYINTERCEPTOR: /GiengerService.svc/getorder
10-16 13:36:57.715 22335 19489 D OkHttp : --> POST https://testsaig1.gienger.cz/GiengerService.svc/getorder http/1.1
10-16 13:36:57.715 22335 19489 D OkHttp : Content-Length: 0
10-16 13:36:57.715 22335 19489 D OkHttp : name: 130IT1190206554.xml
10-16 13:36:57.715 22335 19489 D OkHttp : token: b0b27dec81550cc334eea168b40dd216
10-16 13:36:57.715 22335 19489 D OkHttp : --> END POST
10-16 13:36:57.742 22335 19489 D OkHttp : <-- 200 https://testsaig1.gienger.cz/GiengerService.svc/getorder (27ms)
10-16 13:36:57.742 22335 19489 D OkHttp : content-type: application/xml; charset=utf-8
10-16 13:36:57.742 22335 19489 D OkHttp : server: Microsoft-IIS/10.0
10-16 13:36:57.742 22335 19489 D OkHttp : checksum: 833894efaf3b2911d1938a978cf3688c
10-16 13:36:57.743 22335 19489 D OkHttp : x-powered-by: ASP.NET
10-16 13:36:57.743 22335 19489 D OkHttp : date: Wed, 16 Oct 2019 11:36:56 GMT
10-16 13:36:57.743 22335 19489 D OkHttp : content-length: 188705
10-16 13:36:57.743 22335 19489 D OkHttp : <-- END HTTP
10-16 13:36:57.840 22335 19489 D MYINTERCEPTOR: /GiengerService.svc/getorder
10-16 13:36:57.841 22335 19489 D OkHttp : --> POST https://testsaig1.gienger.cz/GiengerService.svc/getorder http/1.1
10-16 13:36:57.841 22335 19489 D OkHttp : Content-Length: 0
10-16 13:36:57.841 22335 19489 D OkHttp : name: 130IT1190206555.xml
10-16 13:36:57.841 22335 19489 D OkHttp : token: b0b27dec81550cc334eea168b40dd216
10-16 13:36:57.841 22335 19489 D OkHttp : --> END POST
10-16 13:36:57.870 22335 19489 D OkHttp : <-- 200 https://testsaig1.gienger.cz/GiengerService.svc/getorder (29ms)
10-16 13:36:57.871 22335 19489 D OkHttp : content-type: application/xml; charset=utf-8
10-16 13:36:57.871 22335 19489 D OkHttp : server: Microsoft-IIS/10.0
10-16 13:36:57.871 22335 19489 D OkHttp : checksum: 4d88f751a40e07ffe3f57180b6a5bf1a
10-16 13:36:57.871 22335 19489 D OkHttp : x-powered-by: ASP.NET
10-16 13:36:57.871 22335 19489 D OkHttp : date: Wed, 16 Oct 2019 11:36:56 GMT
10-16 13:36:57.871 22335 19489 D OkHttp : content-length: 164666
10-16 13:36:57.871 22335 19489 D OkHttp : <-- END HTTP
10-16 13:36:57.928 22335 19489 D MYINTERCEPTOR: /GiengerService.svc/getorder
10-16 13:36:57.929 22335 19489 D OkHttp : --> POST https://testsaig1.gienger.cz/GiengerService.svc/getorder http/1.1
10-16 13:36:57.929 22335 19489 D OkHttp : Content-Length: 0
10-16 13:36:57.929 22335 19489 D OkHttp : name: 130AT1190319558.xml
10-16 13:36:57.929 22335 19489 D OkHttp : token: b0b27dec81550cc334eea168b40dd216
10-16 13:36:57.929 22335 19489 D OkHttp : --> END POST
10-16 13:36:57.959 22335 19489 D OkHttp : <-- 200 https://testsaig1.gienger.cz/GiengerService.svc/getorder (29ms)
10-16 13:36:57.959 22335 19489 D OkHttp : content-type: application/xml; charset=utf-8
10-16 13:36:57.959 22335 19489 D OkHttp : server: Microsoft-IIS/10.0
10-16 13:36:57.959 22335 19489 D OkHttp : checksum: d87f267b27350b596d23883230d71f3f
10-16 13:36:57.959 22335 19489 D OkHttp : x-powered-by: ASP.NET
10-16 13:36:57.959 22335 19489 D OkHttp : date: Wed, 16 Oct 2019 11:36:56 GMT
10-16 13:36:57.959 22335 19489 D OkHttp : content-length: 168856
10-16 13:36:57.960 22335 19489 D OkHttp : <-- END HTTP
10-16 13:36:58.016 22335 19489 D MYINTERCEPTOR: /GiengerService.svc/getorder
10-16 13:36:58.017 22335 19489 D OkHttp : --> POST https://testsaig1.gienger.cz/GiengerService.svc/getorder http/1.1
10-16 13:36:58.017 22335 19489 D OkHttp : Content-Length: 0
10-16 13:36:58.017 22335 19489 D OkHttp : name: 130AT1190319641.xml
10-16 13:36:58.017 22335 19489 D OkHttp : token: b0b27dec81550cc334eea168b40dd216
10-16 13:36:58.017 22335 19489 D OkHttp : --> END POST
10-16 13:36:58.047 22335 19489 D OkHttp : <-- 200 https://testsaig1.gienger.cz/GiengerService.svc/getorder (30ms)
10-16 13:36:58.047 22335 19489 D OkHttp : content-type: application/xml; charset=utf-8
10-16 13:36:58.048 22335 19489 D OkHttp : server: Microsoft-IIS/10.0
10-16 13:36:58.048 22335 19489 D OkHttp : checksum: 22c48a1c667c8f2a974e051ab0497888
10-16 13:36:58.048 22335 19489 D OkHttp : x-powered-by: ASP.NET
10-16 13:36:58.049 22335 19489 D OkHttp : date: Wed, 16 Oct 2019 11:36:56 GMT
10-16 13:36:58.049 22335 19489 D OkHttp : content-length: 163668
10-16 13:36:58.049 22335 19489 D OkHttp : <-- END HTTP
10-16 13:36:58.107 22335 19489 D MYINTERCEPTOR: /GiengerService.svc/getorder
10-16 13:36:58.108 22335 19489 D OkHttp : --> POST https://testsaig1.gienger.cz/GiengerService.svc/getorder http/1.1
10-16 13:36:58.111 22335 19489 D OkHttp : Content-Length: 0
10-16 13:36:58.111 22335 19489 D OkHttp : name: 130AT1190311995.xml
10-16 13:36:58.111 22335 19489 D OkHttp : token: b0b27dec81550cc334eea168b40dd216
10-16 13:36:58.111 22335 19489 D OkHttp : --> END POST
10-16 13:36:58.139 22335 19489 D OkHttp : <-- 200 https://testsaig1.gienger.cz/GiengerService.svc/getorder (27ms)
10-16 13:36:58.140 22335 19489 D OkHttp : content-type: application/xml; charset=utf-8
10-16 13:36:58.140 22335 19489 D OkHttp : server: Microsoft-IIS/10.0
10-16 13:36:58.140 22335 19489 D OkHttp : checksum: 72246fcbea56c28cee7ff0018f0caf7c
10-16 13:36:58.140 22335 19489 D OkHttp : x-powered-by: ASP.NET
10-16 13:36:58.140 22335 19489 D OkHttp : date: Wed, 16 Oct 2019 11:36:57 GMT
10-16 13:36:58.140 22335 19489 D OkHttp : content-length: 167731
10-16 13:36:58.140 22335 19489 D OkHttp : <-- END HTTP
10-16 13:36:58.231 22335 22335 D ViewRootImpl@e5c5218[LoginActivity]: mHardwareRenderer.destroy()#4
