10-16 13:47:55.805 22335 22335 D ViewRootImpl@b4496e9[MainActivity]: Relayout returned: oldFrame=[0,0][768,1024] newFrame=[0,0][768,1024] result=0x5 surface={isValid=false 0} surfaceGenerationChanged=false
10-16 13:47:55.868 22335 20819 D FILE_MANAGER: copy ok
10-16 13:47:56.406 22335 22335 D ViewRootImpl@6fcfcfb[DeliverActivity]: ViewPostImeInputStage processPointer 0
10-16 13:47:56.467 22335 22335 D ViewRootImpl@6fcfcfb[DeliverActivity]: ViewPostImeInputStage processPointer 1
10-16 13:47:58.564 22335 22335 D ViewRootImpl@6fcfcfb[DeliverActivity]: ViewPostImeInputStage processPointer 0
10-16 13:47:58.675 22335 22335 D ViewRootImpl@6fcfcfb[DeliverActivity]: ViewPostImeInputStage processPointer 1
10-16 13:47:58.690 22335 22335 D ScrollView: initGoToTop
10-16 13:47:58.749 22335 22335 D ScrollView: onsize change changed
10-16 13:47:59.058 22335 22335 D TextView: SYANI: Clipboard API is calling: clearFilter()
10-16 13:47:59.058 22335 22335 D TextView: SYANI: Clipboard API is calling: unregisterClipboardEventListener()
10-16 13:47:59.061 22335 22335 D TextView: SYANI: Clipboard API is calling: clearFilter()
10-16 13:47:59.062 22335 22335 D TextView: SYANI: Clipboard API is calling: unregisterClipboardEventListener()
10-16 13:47:59.064 22335 22335 D TextView: SYANI: Clipboard API is calling: clearFilter()
10-16 13:47:59.064 22335 22335 D TextView: SYANI: Clipboard API is calling: unregisterClipboardEventListener()
10-16 13:47:59.821 22335 22335 D ViewRootImpl@6fcfcfb[DeliverActivity]: ViewPostImeInputStage processPointer 0
10-16 13:47:59.877 22335 22335 D ViewRootImpl@6fcfcfb[DeliverActivity]: ViewPostImeInputStage processPointer 1
10-16 13:47:59.887 22335 22335 V InputMethodManager: Starting input: tba=android.view.inputmethod.EditorInfo@8e5158e nm : cz.gienger.mobile ic=com.android.internal.widget.EditableInputConnection@fefa1af
10-16 13:47:59.887 22335 22335 I InputMethodManager: startInputInner - mService.startInputOrWindowGainedFocus
10-16 13:47:59.889 22335 22335 D InputTransport: Input channel constructed: fd=67
10-16 13:47:59.889 22335 22335 D InputTransport: Input channel destroyed: fd=75
10-16 13:47:59.890 22335 22335 D InputMethodManager: SSI - flag : 0 Pid : 22335 view : cz.gienger.mobile
10-16 13:48:00.202 22335 22335 D ViewRootImpl@6fcfcfb[DeliverActivity]: MSG_RESIZED: frame=Rect(0, 0 - 768, 1024) ci=Rect(0, 24 - 0, 359) vi=Rect(0, 24 - 0, 359) or=1
10-16 13:48:00.221 22335 22335 D ViewRootImpl@6fcfcfb[DeliverActivity]: Relayout returned: oldFrame=[0,0][768,1024] newFrame=[0,0][768,1024] result=0x1 surface={isValid=true -2008803328} surfaceGenerationChanged=false
10-16 13:48:00.225 22335 22335 D ScrollView: onsize change changed
10-16 13:48:01.442 22335 22335 D ViewRootImpl@6fcfcfb[DeliverActivity]: ViewPostImeInputStage processPointer 0
10-16 13:48:01.507 22335 22335 D ViewRootImpl@6fcfcfb[DeliverActivity]: ViewPostImeInputStage processPointer 1
10-16 13:48:01.521 22335 22335 V InputMethodManager: Starting input: tba=android.view.inputmethod.EditorInfo@cda84f2 nm : cz.gienger.mobile ic=com.android.internal.widget.EditableInputConnection@2b88743
10-16 13:48:01.521 22335 22335 I InputMethodManager: startInputInner - mService.startInputOrWindowGainedFocus
10-16 13:48:01.523 22335 22335 D InputTransport: Input channel constructed: fd=69
10-16 13:48:01.523 22335 22335 D InputTransport: Input channel destroyed: fd=67
10-16 13:48:01.524 22335 22335 D InputMethodManager: SSI - flag : 0 Pid : 22335 view : cz.gienger.mobile
10-16 13:48:01.529 22335 22335 W IInputConnectionWrapper: finishComposingText on inactive InputConnection
10-16 13:48:04.155 22335 22335 D ViewRootImpl@6fcfcfb[DeliverActivity]: ViewPostImeInputStage processPointer 0
10-16 13:48:04.249 22335 22335 D ViewRootImpl@6fcfcfb[DeliverActivity]: ViewPostImeInputStage processPointer 1
10-16 13:48:04.397 22335 22335 D ViewRootImpl@6fcfcfb[DeliverActivity]: ViewPostImeInputStage processPointer 0
10-16 13:48:04.501 22335 22335 D ViewRootImpl@6fcfcfb[DeliverActivity]: ViewPostImeInputStage processPointer 1
10-16 13:48:04.822 22335 22335 D ViewRootImpl@6fcfcfb[DeliverActivity]: ViewPostImeInputStage processPointer 0
10-16 13:48:04.915 22335 22335 D ViewRootImpl@6fcfcfb[DeliverActivity]: ViewPostImeInputStage processPointer 1
10-16 13:48:04.944 22335 22335 V InputMethodManager: Starting input: tba=android.view.inputmethod.EditorInfo@f45c694 nm : cz.gienger.mobile ic=com.android.internal.widget.EditableInputConnection@daed53d
10-16 13:48:04.945 22335 22335 I InputMethodManager: startInputInner - mService.startInputOrWindowGainedFocus
10-16 13:48:04.947 22335 22335 D InputTransport: Input channel constructed: fd=67
10-16 13:48:04.947 22335 22335 D InputTransport: Input channel destroyed: fd=69
10-16 13:48:04.968 22335 22335 W IInputConnectionWrapper: finishComposingText on inactive InputConnection
10-16 13:48:06.001 22335 22335 D ViewRootImpl@6fcfcfb[DeliverActivity]: ViewPostImeInputStage processPointer 0
10-16 13:48:06.331 22335 22335 D ViewRootImpl@6fcfcfb[DeliverActivity]: ViewPostImeInputStage processPointer 1
10-16 13:48:07.401 22335 22335 D ViewRootImpl@6fcfcfb[DeliverActivity]: ViewPostImeInputStage processPointer 0
10-16 13:48:07.470 22335 22335 D ViewRootImpl@6fcfcfb[DeliverActivity]: ViewPostImeInputStage processPointer 1
10-16 13:48:09.703 22335 22335 D ViewRootImpl@6fcfcfb[DeliverActivity]: ViewPostImeInputStage processPointer 0
10-16 13:48:09.749 22335 22335 D ViewRootImpl@6fcfcfb[DeliverActivity]: ViewPostImeInputStage processPointer 1
10-16 13:48:09.812 22335 22335 D ScrollView: initGoToTop
10-16 13:48:09.817 22335 22335 D ScrollView: initGoToTop
10-16 13:48:09.828 22335 22335 D ViewRootImpl@1f85649[DeliverActivity]: ThreadedRenderer.create() translucent=true
10-16 13:48:09.835 22335 22335 D InputTransport: Input channel constructed: fd=66
10-16 13:48:09.836 22335 22335 D ViewRootImpl@1f85649[DeliverActivity]: setView = DecorView@67d2b4e[DeliverActivity] touchMode=true
10-16 13:48:09.838 22335 22335 D Graph : removeVertex() : insertDummyVertex, because there is no ancestor.
10-16 13:48:09.854 22335 22335 D ViewRootImpl@1f85649[DeliverActivity]: dispatchAttachedToWindow
10-16 13:48:09.889 22335 22335 D ViewRootImpl@1f85649[DeliverActivity]: Relayout returned: oldFrame=[0,0][0,0] newFrame=[108,466][660,582] result=0x27 surface={isValid=true -1976397824} surfaceGenerationChanged=true
10-16 13:48:09.890 22335 22335 D ViewRootImpl@1f85649[DeliverActivity]: mHardwareRenderer.initialize() mSurface={isValid=true -1976397824} hwInitialized=true
10-16 13:48:09.896 22335 22335 D ViewRootImpl@1f85649[DeliverActivity]: MSG_WINDOW_FOCUS_CHANGED 1
10-16 13:48:09.896 22335 22335 D ViewRootImpl@1f85649[DeliverActivity]: mHardwareRenderer.initializeIfNeeded()#2 mSurface={isValid=true -1976397824}
10-16 13:48:09.926 22335 22335 D ViewRootImpl@1f85649[DeliverActivity]: MSG_RESIZED_REPORT: frame=Rect(108, 466 - 660, 582) ci=Rect(0, 0 - 0, 0) vi=Rect(0, 0 - 0, 0) or=1
10-16 13:48:09.965 22335 22335 D ViewRootImpl@6fcfcfb[DeliverActivity]: MSG_WINDOW_FOCUS_CHANGED 0
10-16 13:48:10.069 22335 22345 I art : Background partial concurrent mark sweep GC freed 40374(2MB) AllocSpace objects, 29(4MB) LOS objects, 46% free, 14MB/26MB, paused 2.867ms total 125.223ms
10-16 13:48:11.030 22335 22335 D LOCATION_SERVICE: onLocationChanged: Location[network 49,191069,17,534505 acc=22 et=+2d6h27m59s268ms alt=0.0 vel=0.0 bear=0.0 {Bundle[mParcelledData.dataSize=80]}]
10-16 13:48:11.215 22335 22345 I art : Background sticky concurrent mark sweep GC freed 382763(11MB) AllocSpace objects, 3(76KB) LOS objects, 39% free, 15MB/26MB, paused 1.001ms total 102.639ms
10-16 13:48:11.934 22335 22345 I art : Background partial concurrent mark sweep GC freed 298526(10MB) AllocSpace objects, 19(1432KB) LOS objects, 41% free, 16MB/28MB, paused 1.392ms total 151.240ms
10-16 13:48:12.786 22335 22335 D ViewRootImpl@1f85649[DeliverActivity]: mHardwareRenderer.destroy()#4
10-16 13:48:12.786 22335 22335 D ViewRootImpl@1f85649[DeliverActivity]: dispatchDetachedFromWindow
10-16 13:48:12.796 22335 22335 D InputTransport: Input channel destroyed: fd=66
10-16 13:48:12.797 22335 22335 D SIGN_URI: file:///storage/emulated/0/130IT1190206554.pdf
10-16 13:48:12.834 22335 22335 D ViewRootImpl@6fcfcfb[DeliverActivity]: MSG_WINDOW_FOCUS_CHANGED 1
10-16 13:48:12.834 22335 22335 D ViewRootImpl@6fcfcfb[DeliverActivity]: mHardwareRenderer.initializeIfNeeded()#2 mSurface={isValid=true -2008803328}
10-16 13:48:12.844 22335 22335 E ViewRootImpl: sendUserActionEvent() returned.
10-16 13:48:12.845 22335 22335 D ViewRootImpl@6fcfcfb[DeliverActivity]: MSG_WINDOW_FOCUS_CHANGED 0
10-16 13:48:14.761 22335 22335 D ViewRootImpl@6fcfcfb[DeliverActivity]: mHardwareRenderer.destroy()#1
10-16 13:48:14.783 22335 22335 D ViewRootImpl@6fcfcfb[DeliverActivity]: Relayout returned: oldFrame=[0,0][768,1024] newFrame=[0,0][768,1024] result=0x5 surface={isValid=false 0} surfaceGenerationChanged=true
10-16 13:48:14.794 22335 22335 D InputTransport: Input channel destroyed: fd=67
10-16 13:48:14.794 22335 22335 W IInputConnectionWrapper: finishComposingText on inactive InputConnection
10-16 13:48:14.794 22335 22335 W IInputConnectionWrapper: reportFullscreenMode on inexistent InputConnection
10-16 13:48:14.794 22335 22335 W IInputConnectionWrapper: finishComposingText on inactive InputConnection
10-16 13:49:23.981 22335 22335 D Graph : removeVertex() : insertDummyVertex, because there is no ancestor.
10-16 13:49:24.021 22335 22335 D ViewRootImpl@cb9a8bf[PdfArchiveActivity]: ThreadedRenderer.create() translucent=true
10-16 13:49:24.024 22335 22335 D InputTransport: Input channel constructed: fd=61
10-16 13:49:24.024 22335 22335 D ViewRootImpl@cb9a8bf[PdfArchiveActivity]: setView = DecorView@f313b8c[PdfArchiveActivity] touchMode=true
10-16 13:49:24.026 22335 22335 D ViewRootImpl@cb9a8bf[PdfArchiveActivity]: dispatchAttachedToWindow
10-16 13:49:24.052 22335 22335 D ViewRootImpl@cb9a8bf[PdfArchiveActivity]: Relayout returned: oldFrame=[0,0][0,0] newFrame=[241,456][527,568] result=0x27 surface={isValid=true -1998864384} surfaceGenerationChanged=true
10-16 13:49:24.052 22335 22335 D ViewRootImpl@cb9a8bf[PdfArchiveActivity]: mHardwareRenderer.initialize() mSurface={isValid=true -1998864384} hwInitialized=true
10-16 13:49:24.055 22335 22335 D ViewRootImpl@cb9a8bf[PdfArchiveActivity]: MSG_RESIZED_REPORT: frame=Rect(241, 456 - 527, 568) ci=Rect(0, 0 - 0, 0) vi=Rect(0, 0 - 0, 0) or=1
10-16 13:49:24.055 22335 22335 D ViewRootImpl@cb9a8bf[PdfArchiveActivity]: MSG_WINDOW_FOCUS_CHANGED 1
10-16 13:49:24.055 22335 22335 D ViewRootImpl@cb9a8bf[PdfArchiveActivity]: mHardwareRenderer.initializeIfNeeded()#2 mSurface={isValid=true -1998864384}
10-16 13:49:24.055 22335 22335 V InputMethodManager: Starting input: tba=android.view.inputmethod.EditorInfo@26332d5 nm : cz.gienger.mobile ic=null
10-16 13:49:24.055 22335 22335 I InputMethodManager: startInputInner - mService.startInputOrWindowGainedFocus
10-16 13:49:24.057 22335 22335 D InputTransport: Input channel constructed: fd=66
10-16 13:49:25.123 22335 22335 D ViewRootImpl@cb9a8bf[PdfArchiveActivity]: mHardwareRenderer.destroy()#1
10-16 13:49:25.138 22335 22335 D ViewRootImpl@cb9a8bf[PdfArchiveActivity]: Relayout returned: oldFrame=[241,456][527,568] newFrame=[241,456][527,568] result=0x5 surface={isValid=false 0} surfaceGenerationChanged=true
10-16 13:49:25.138 22335 22335 D ViewRootImpl@cb9a8bf[PdfArchiveActivity]: MSG_WINDOW_FOCUS_CHANGED 0
10-16 13:49:25.140 22335 22335 D ViewRootImpl@6fcfcfb[DeliverActivity]: mHardwareRenderer.destroy()#1
10-16 13:49:25.157 22335 22335 D ViewRootImpl@6fcfcfb[DeliverActivity]: Relayout returned: oldFrame=[0,0][768,1024] newFrame=[0,0][768,1024] result=0x1 surface={isValid=false 0} surfaceGenerationChanged=false
10-16 13:49:25.191 22335 22335 D SIGNOSIGN_SIGNED: signed
10-16 13:49:25.193 22335 22335 D InputTransport: Input channel destroyed: fd=66
10-16 13:49:25.224 22335 20909 D MESSAGE_SERVICE: ACTION_COMPRESS_AND_UPLOAD
10-16 13:49:25.468 22335 22335 D ViewRootImpl@b4496e9[MainActivity]: Relayout returned: oldFrame=[0,0][768,1024] newFrame=[0,0][768,1024] result=0x7 surface={isValid=true -1997541376} surfaceGenerationChanged=true
10-16 13:49:25.469 22335 22335 D ViewRootImpl@b4496e9[MainActivity]: mHardwareRenderer.initialize() mSurface={isValid=true -1997541376} hwInitialized=true
10-16 13:49:25.539 22335 22335 D AbsListView: in onLayout changed
10-16 13:49:25.562 22335 22335 D ViewRootImpl@b4496e9[MainActivity]: MSG_WINDOW_FOCUS_CHANGED 1
10-16 13:49:25.562 22335 22335 D ViewRootImpl@b4496e9[MainActivity]: mHardwareRenderer.initializeIfNeeded()#2 mSurface={isValid=true -1997541376}
10-16 13:49:25.563 22335 22335 V InputMethodManager: Starting input: tba=android.view.inputmethod.EditorInfo@ecbd4dc nm : cz.gienger.mobile ic=null
10-16 13:49:25.564 22335 22335 I InputMethodManager: startInputInner - mService.startInputOrWindowGainedFocus
10-16 13:49:25.586 22335 22335 D InputTransport: Input channel constructed: fd=69
10-16 13:49:25.630 22335 22335 D ViewRootImpl@6fcfcfb[DeliverActivity]: mHardwareRenderer.destroy()#1
10-16 13:49:25.639 22335 22335 D ViewRootImpl@6fcfcfb[DeliverActivity]: Relayout returned: oldFrame=[0,0][768,1024] newFrame=[0,0][768,1024] result=0x1 surface={isValid=false 0} surfaceGenerationChanged=false
10-16 13:49:25.987 22335 20909 D FILE_MANAGER: Serializing delivery /data/user/0/cz.gienger.mobile/files/finished/130IT1190206554/130IT1190206554.xml
10-16 13:49:25.987 22335 20909 D FILE_MANAGER: Null files:
10-16 13:49:26.376 22335 20909 D MYINTERCEPTOR: /GiengerService.svc/sendorder
10-16 13:49:26.377 22335 20909 D OkHttp : --> POST https://testsaig1.gienger.cz/GiengerService.svc/sendorder http/1.1
10-16 13:49:26.377 22335 20909 D OkHttp : Content-Type: text/raw
10-16 13:49:26.377 22335 20909 D OkHttp : Content-Length: 246414
10-16 13:49:26.377 22335 20909 D OkHttp : filename: 130IT1190206554.xml
10-16 13:49:26.377 22335 20909 D OkHttp : Checksum: 5ee5821539e61524555fa11dfda9b60e
10-16 13:49:26.377 22335 20909 D OkHttp : token: b0b27dec81550cc334eea168b40dd216
10-16 13:49:26.377 22335 20909 D OkHttp : --> END POST
10-16 13:49:26.772 22335 20909 D OkHttp : <-- 200 https://testsaig1.gienger.cz/GiengerService.svc/sendorder (394ms)
10-16 13:49:26.772 22335 20909 D OkHttp : content-type: application/xml; charset=utf-8
10-16 13:49:26.772 22335 20909 D OkHttp : server: Microsoft-IIS/10.0
10-16 13:49:26.772 22335 20909 D OkHttp : x-powered-by: ASP.NET
10-16 13:49:26.773 22335 20909 D OkHttp : date: Wed, 16 Oct 2019 11:49:25 GMT
10-16 13:49:26.773 22335 20909 D OkHttp : content-length: 175
10-16 13:49:26.773 22335 20909 D OkHttp : <-- END HTTP
10-16 13:49:26.778 22335 20909 D sendOrder_SUCCESS: 200
10-16 13:49:27.098 22335 22335 D AbsListView: in onLayout changed
10-16 13:49:27.133 22335 22335 D TextView: SYANI: Clipboard API is calling: clearFilter()
10-16 13:49:27.133 22335 22335 D TextView: SYANI: Clipboard API is calling: unregisterClipboardEventListener()
10-16 13:49:27.138 22335 22335 D TextView: SYANI: Clipboard API is calling: clearFilter()
10-16 13:49:27.138 22335 22335 D TextView: SYANI: Clipboard API is calling: unregisterClipboardEventListener()
10-16 13:49:27.139 22335 22335 D TextView: SYANI: Clipboard API is calling: clearFilter()
10-16 13:49:27.139 22335 22335 D TextView: SYANI: Clipboard API is calling: unregisterClipboardEventListener()
10-16 13:49:27.163 22335 22335 D ViewRootImpl@6fcfcfb[DeliverActivity]: mHardwareRenderer.destroy()#4
10-16 13:49:27.163 22335 22335 D ViewRootImpl@6fcfcfb[DeliverActivity]: dispatchDetachedFromWindow
10-16 13:49:27.182 22335 22335 D InputTransport: Input channel destroyed: fd=74
10-16 13:49:27.187 22335 22335 D ViewRootImpl@cb9a8bf[PdfArchiveActivity]: mHardwareRenderer.destroy()#4
10-16 13:49:27.187 22335 22335 D ViewRootImpl@cb9a8bf[PdfArchiveActivity]: dispatchDetachedFromWindow
10-16 13:49:27.194 22335 22335 D InputTransport: Input channel destroyed: fd=61
10-16 13:49:27.195 22335 22335 D LOCATION_SERVICE: onDestroy
10-16 13:49:28.201 22335 22335 D ViewRootImpl@b4496e9[MainActivity]: ViewPostImeInputStage processPointer 0
10-16 13:49:28.282 22335 22335 D ViewRootImpl@b4496e9[MainActivity]: ViewPostImeInputStage processPointer 1
10-16 13:49:28.293 22335 22335 D item_click: viewId = 2131820760, position = 12
10-16 13:49:28.355 22335 22335 D ViewRootImpl@b4496e9[MainActivity]: MSG_WINDOW_FOCUS_CHANGED 0
10-16 13:49:28.437 22335 22335 D ViewRootImpl@32833cd[CategoryListActivity]: ThreadedRenderer.create() translucent=false
10-16 13:49:28.440 22335 22335 D InputTransport: Input channel constructed: fd=66
10-16 13:49:28.441 22335 22335 D ViewRootImpl@32833cd[CategoryListActivity]: setView = DecorView@574b482[CategoryListActivity] touchMode=true
10-16 13:49:28.449 22335 22335 D LOCATION_SERVICE: LocationListener gps
10-16 13:49:28.450 22335 22335 D LOCATION_SERVICE: LocationListener network
10-16 13:49:28.451 22335 22335 D LOCATION_SERVICE: onCreate
10-16 13:49:28.451 22335 22335 D LOCATION_SERVICE: initializeLocationManager
10-16 13:49:28.458 22335 22335 D LOCATION_SERVICE: onStartCommand
10-16 13:49:28.481 22335 22335 D ViewRootImpl@32833cd[CategoryListActivity]: dispatchAttachedToWindow
10-16 13:49:28.513 22335 22335 D ViewRootImpl@32833cd[CategoryListActivity]: Relayout returned: oldFrame=[0,0][0,0] newFrame=[0,0][768,1024] result=0x27 surface={isValid=true -2009001984} surfaceGenerationChanged=true
10-16 13:49:28.514 22335 22335 D ViewRootImpl@32833cd[CategoryListActivity]: mHardwareRenderer.initialize() mSurface={isValid=true -2009001984} hwInitialized=true
10-16 13:49:28.692 22335 22335 D ViewRootImpl@32833cd[CategoryListActivity]: MSG_RESIZED_REPORT: frame=Rect(0, 0 - 768, 1024) ci=Rect(0, 24 - 0, 0) vi=Rect(0, 24 - 0, 0) or=1
10-16 13:49:28.692 22335 22335 D ViewRootImpl@32833cd[CategoryListActivity]: MSG_WINDOW_FOCUS_CHANGED 1
10-16 13:49:28.692 22335 22335 D ViewRootImpl@32833cd[CategoryListActivity]: mHardwareRenderer.initializeIfNeeded()#2 mSurface={isValid=true -2009001984}
10-16 13:49:28.694 22335 22335 V InputMethodManager: Starting input: tba=android.view.inputmethod.EditorInfo@e77d031 nm : cz.gienger.mobile ic=null
10-16 13:49:28.694 22335 22335 I InputMethodManager: startInputInner - mService.startInputOrWindowGainedFocus
10-16 13:49:28.696 22335 22335 D InputTransport: Input channel constructed: fd=67
10-16 13:49:28.697 22335 22335 D InputTransport: Input channel destroyed: fd=69
10-16 13:49:28.774 22335 22368 D OpenGLRenderer: endAllActiveAnimators on 0x88cb8580 (RippleDrawable) with handle 0x87e97c20
10-16 13:49:28.775 22335 22335 D ViewRootImpl@b4496e9[MainActivity]: mHardwareRenderer.destroy()#1
10-16 13:49:28.781 22335 22335 D ViewRootImpl@b4496e9[MainActivity]: Relayout returned: oldFrame=[0,0][768,1024] newFrame=[0,0][768,1024] result=0x5 surface={isValid=false 0} surfaceGenerationChanged=true
10-16 13:49:29.177 22335 22335 D ViewRootImpl@b4496e9[MainActivity]: Relayout returned: oldFrame=[0,0][768,1024] newFrame=[0,0][768,1024] result=0x5 surface={isValid=false 0} surfaceGenerationChanged=false
10-16 13:49:29.635 22335 22335 D LOCATION_SERVICE: onLocationChanged: Location[network 49,191067,17,534503 acc=23 et=+2d6h29m17s918ms alt=0.0 vel=0.0 bear=0.0 {Bundle[mParcelledData.dataSize=80]}]
10-16 13:49:29.717 22335 22335 D ViewRootImpl@32833cd[CategoryListActivity]: ViewPostImeInputStage processPointer 0
10-16 13:49:30.141 22335 22335 D ViewRootImpl@32833cd[CategoryListActivity]: ViewPostImeInputStage processPointer 1
10-16 13:49:30.538 22335 22335 D ViewRootImpl@32833cd[CategoryListActivity]: ViewPostImeInputStage processPointer 0
10-16 13:49:30.609 22335 22335 D ViewRootImpl@32833cd[CategoryListActivity]: ViewPostImeInputStage processPointer 1
10-16 13:49:31.884 22335 22335 D ViewRootImpl@32833cd[CategoryListActivity]: ViewPostImeInputStage processPointer 0
10-16 13:49:31.956 22335 22335 D ViewRootImpl@32833cd[CategoryListActivity]: ViewPostImeInputStage processPointer 1
10-16 13:49:33.693 22335 22335 D ViewRootImpl@32833cd[CategoryListActivity]: ViewPostImeInputStage processPointer 0
10-16 13:49:33.752 22335 22335 D ViewRootImpl@32833cd[CategoryListActivity]: ViewPostImeInputStage processPointer 1
10-16 13:49:33.780 22335 22335 D ViewRootImpl@32833cd[CategoryListActivity]: MSG_WINDOW_FOCUS_CHANGED 0
10-16 13:49:33.862 22335 22335 D ViewRootImpl@9488b9[ArticleListActivity]: ThreadedRenderer.create() translucent=false
10-16 13:49:33.865 22335 22335 D InputTransport: Input channel constructed: fd=71
10-16 13:49:33.865 22335 22335 D ViewRootImpl@9488b9[ArticleListActivity]: setView = DecorView@8fcc4fe[ArticleListActivity] touchMode=true
10-16 13:49:33.868 22335 22335 D ViewRootImpl@9488b9[ArticleListActivity]: dispatchAttachedToWindow
10-16 13:49:33.889 22335 22335 D ViewRootImpl@9488b9[ArticleListActivity]: Relayout returned: oldFrame=[0,0][0,0] newFrame=[0,0][768,1024] result=0x27 surface={isValid=true -2003453952} surfaceGenerationChanged=true
10-16 13:49:33.890 22335 22335 D ViewRootImpl@9488b9[ArticleListActivity]: mHardwareRenderer.initialize() mSurface={isValid=true -2003453952} hwInitialized=true
10-16 13:49:34.480 22335 22335 D ViewRootImpl@9488b9[ArticleListActivity]: MSG_RESIZED_REPORT: frame=Rect(0, 0 - 768, 1024) ci=Rect(0, 24 - 0, 0) vi=Rect(0, 24 - 0, 0) or=1
10-16 13:49:34.480 22335 22335 D ViewRootImpl@9488b9[ArticleListActivity]: MSG_WINDOW_FOCUS_CHANGED 1
10-16 13:49:34.480 22335 22335 D ViewRootImpl@9488b9[ArticleListActivity]: mHardwareRenderer.initializeIfNeeded()#2 mSurface={isValid=true -2003453952}
10-16 13:49:34.481 22335 22335 V InputMethodManager: Starting input: tba=android.view.inputmethod.EditorInfo@c4e32b3 nm : cz.gienger.mobile ic=null
10-16 13:49:34.481 22335 22335 I InputMethodManager: startInputInner - mService.startInputOrWindowGainedFocus
10-16 13:49:34.483 22335 22335 D InputTransport: Input channel constructed: fd=77
10-16 13:49:34.483 22335 22335 D InputTransport: Input channel destroyed: fd=67
10-16 13:49:34.553 22335 22335 D ViewRootImpl@32833cd[CategoryListActivity]: mHardwareRenderer.destroy()#1
10-16 13:49:34.561 22335 22335 D ViewRootImpl@32833cd[CategoryListActivity]: Relayout returned: oldFrame=[0,0][768,1024] newFrame=[0,0][768,1024] result=0x5 surface={isValid=false 0} surfaceGenerationChanged=true
10-16 13:49:34.973 22335 22335 D ViewRootImpl@32833cd[CategoryListActivity]: Relayout returned: oldFrame=[0,0][768,1024] newFrame=[0,0][768,1024] result=0x5 surface={isValid=false 0} surfaceGenerationChanged=false
10-16 13:49:47.246 22335 22335 D ViewRootImpl@9488b9[ArticleListActivity]: ViewPostImeInputStage processPointer 0
10-16 13:49:47.313 22335 22335 D ViewRootImpl@9488b9[ArticleListActivity]: ViewPostImeInputStage processPointer 1
10-16 13:49:47.815 22335 22335 D ViewRootImpl@9488b9[ArticleListActivity]: ViewPostImeInputStage processPointer 0
10-16 13:49:47.885 22335 22335 D ViewRootImpl@9488b9[ArticleListActivity]: ViewPostImeInputStage processPointer 1
10-16 13:49:47.930 22335 22335 D ViewRootImpl@9488b9[ArticleListActivity]: MSG_WINDOW_FOCUS_CHANGED 0
10-16 13:49:48.037 22335 22335 D ViewRootImpl@eb81b56[AddArticleToCartActivity]: ThreadedRenderer.create() translucent=false
10-16 13:49:48.041 22335 22335 D InputTransport: Input channel constructed: fd=64
10-16 13:49:48.041 22335 22335 D ViewRootImpl@eb81b56[AddArticleToCartActivity]: setView = DecorView@73c07d7[AddArticleToCartActivity] touchMode=true
10-16 13:49:48.049 22335 22335 D ViewRootImpl@eb81b56[AddArticleToCartActivity]: dispatchAttachedToWindow
10-16 13:49:48.087 22335 22335 D ViewRootImpl@eb81b56[AddArticleToCartActivity]: Relayout returned: oldFrame=[0,0][0,0] newFrame=[0,0][768,1024] result=0x27 surface={isValid=true -2008530944} surfaceGenerationChanged=true
10-16 13:49:48.088 22335 22335 D ViewRootImpl@eb81b56[AddArticleToCartActivity]: mHardwareRenderer.initialize() mSurface={isValid=true -2008530944} hwInitialized=true
10-16 13:49:48.135 22335 22335 D ViewRootImpl@eb81b56[AddArticleToCartActivity]: MSG_RESIZED_REPORT: frame=Rect(0, 0 - 768, 1024) ci=Rect(0, 24 - 0, 0) vi=Rect(0, 24 - 0, 0) or=1
10-16 13:49:48.135 22335 22335 D ViewRootImpl@eb81b56[AddArticleToCartActivity]: MSG_WINDOW_FOCUS_CHANGED 1
10-16 13:49:48.135 22335 22335 D ViewRootImpl@eb81b56[AddArticleToCartActivity]: mHardwareRenderer.initializeIfNeeded()#2 mSurface={isValid=true -2008530944}
10-16 13:49:48.146 22335 22335 V InputMethodManager: Starting input: tba=android.view.inputmethod.EditorInfo@db894c7 nm : cz.gienger.mobile ic=com.android.internal.widget.EditableInputConnection@dd62af4
10-16 13:49:48.146 22335 22335 I InputMethodManager: startInputInner - mService.startInputOrWindowGainedFocus
10-16 13:49:48.154 22335 22335 D InputTransport: Input channel constructed: fd=67
10-16 13:49:48.154 22335 22335 D InputTransport: Input channel destroyed: fd=77
10-16 13:49:48.187 22335 22368 D OpenGLRenderer: endAllActiveAnimators on 0x88db4500 (RippleDrawable) with handle 0x8849d690
10-16 13:49:48.188 22335 22335 D ViewRootImpl@9488b9[ArticleListActivity]: mHardwareRenderer.destroy()#1
10-16 13:49:48.199 22335 22335 D ViewRootImpl@9488b9[ArticleListActivity]: Relayout returned: oldFrame=[0,0][768,1024] newFrame=[0,0][768,1024] result=0x5 surface={isValid=false 0} surfaceGenerationChanged=true
10-16 13:49:48.482 22335 22335 D ViewRootImpl@eb81b56[AddArticleToCartActivity]: MSG_RESIZED: frame=Rect(0, 0 - 768, 1024) ci=Rect(0, 24 - 0, 0) vi=Rect(0, 24 - 0, 320) or=1
10-16 13:49:48.608 22335 22335 D ViewRootImpl@9488b9[ArticleListActivity]: Relayout returned: oldFrame=[0,0][768,1024] newFrame=[0,0][768,1024] result=0x5 surface={isValid=false 0} surfaceGenerationChanged=false
10-16 13:49:49.865 22335 22335 D ViewRootImpl: updatePointerIcon pointerType = 20001, calling pid = 22335
10-16 13:49:49.866 22335 22335 D InputManager: setPointerIconType iconId = 20001, callingPid = 22335
10-16 13:49:49.867 22335 22335 D ViewRootImpl: updatePointerIcon pointerType = 20001, calling pid = 22335
10-16 13:49:49.868 22335 22335 D InputManager: setPointerIconType iconId = 20001, callingPid = 22335
10-16 13:49:51.138 22335 22335 D ViewRootImpl: updatePointerIcon pointerType = 20001, calling pid = 22335
10-16 13:49:51.140 22335 22335 D InputManager: setPointerIconType iconId = 20001, callingPid = 22335
10-16 13:49:51.425 22335 22335 D ViewRootImpl@eb81b56[AddArticleToCartActivity]: ViewPostImeInputStage processPointer 0
10-16 13:49:51.427 22335 22335 D ViewRootImpl: updatePointerIcon pointerType = 20001, calling pid = 22335
10-16 13:49:51.428 22335 22335 D InputManager: setPointerIconType iconId = 20001, callingPid = 22335
10-16 13:49:51.474 22335 22335 D ViewRootImpl@eb81b56[AddArticleToCartActivity]: ViewPostImeInputStage processPointer 1
10-16 13:49:51.479 22335 22335 D ViewRootImpl: updatePointerIcon pointerType = 20001, calling pid = 22335
10-16 13:49:51.479 22335 22335 D InputManager: setPointerIconType iconId = 20001, callingPid = 22335
10-16 13:49:51.480 22335 22335 D ViewRootImpl: updatePointerIcon pointerType = 20001, calling pid = 22335
10-16 13:49:51.480 22335 22335 D InputManager: setPointerIconType iconId = 20001, callingPid = 22335
10-16 13:49:51.486 22335 22335 V InputMethodManager: Starting input: tba=android.view.inputmethod.EditorInfo@53b7319 nm : cz.gienger.mobile ic=com.android.internal.widget.EditableInputConnection@5b7cfde
10-16 13:49:51.489 22335 22335 I InputMethodManager: startInputInner - mService.startInputOrWindowGainedFocus
10-16 13:49:51.491 22335 22335 D InputTransport: Input channel constructed: fd=70
10-16 13:49:51.491 22335 22335 D InputTransport: Input channel destroyed: fd=67
10-16 13:49:51.593 22335 22335 D ViewRootImpl@9488b9[ArticleListActivity]: Relayout returned: oldFrame=[0,0][768,1024] newFrame=[0,0][768,1024] result=0x7 surface={isValid=true -2003453952} surfaceGenerationChanged=true
10-16 13:49:51.593 22335 22335 D ViewRootImpl@9488b9[ArticleListActivity]: mHardwareRenderer.initialize() mSurface={isValid=true -2003453952} hwInitialized=true
10-16 13:49:51.806 22335 22335 D ViewRootImpl: updatePointerIcon pointerType = 20001, calling pid = 22335
10-16 13:49:51.806 22335 22335 D InputManager: setPointerIconType iconId = 20001, callingPid = 22335
10-16 13:49:51.851 22335 22335 D ViewRootImpl@9488b9[ArticleListActivity]: MSG_RESIZED_REPORT: frame=Rect(0, 0 - 768, 1024) ci=Rect(0, 24 - 0, 320) vi=Rect(0, 24 - 0, 320) or=1
10-16 13:49:51.851 22335 22335 D ViewRootImpl@9488b9[ArticleListActivity]: MSG_WINDOW_FOCUS_CHANGED 1
10-16 13:49:51.852 22335 22335 D ViewRootImpl@9488b9[ArticleListActivity]: mHardwareRenderer.initializeIfNeeded()#2 mSurface={isValid=true -2003453952}
10-16 13:49:51.854 22335 22335 V InputMethodManager: Starting input: tba=android.view.inputmethod.EditorInfo@18b8edb nm : cz.gienger.mobile ic=null
10-16 13:49:51.854 22335 22335 I InputMethodManager: startInputInner - mService.startInputOrWindowGainedFocus
10-16 13:49:51.868 22335 22335 D InputTransport: Input channel constructed: fd=77
10-16 13:49:51.868 22335 22335 D InputTransport: Input channel destroyed: fd=70
10-16 13:49:51.868 22335 22335 W IInputConnectionWrapper: getCursorCapsMode on inactive InputConnection
10-16 13:49:51.913 22335 22335 D ViewRootImpl@eb81b56[AddArticleToCartActivity]: MSG_WINDOW_FOCUS_CHANGED 0
10-16 13:49:51.975 22335 22368 D OpenGLRenderer: endAllActiveAnimators on 0x8a354f80 (RippleDrawable) with handle 0x87f3ab20
10-16 13:49:51.976 22335 22335 D ViewRootImpl@eb81b56[AddArticleToCartActivity]: mHardwareRenderer.destroy()#1
10-16 13:49:52.048 22335 22335 D ViewRootImpl@eb81b56[AddArticleToCartActivity]: Relayout returned: oldFrame=[0,0][768,1024] newFrame=[0,0][768,1024] result=0x5 surface={isValid=false 0} surfaceGenerationChanged=true
10-16 13:49:52.061 22335 22335 W IInputConnectionWrapper: finishComposingText on inactive InputConnection
10-16 13:49:52.061 22335 22335 W IInputConnectionWrapper: performPrivateCommand on inactive InputConnection
10-16 13:49:52.061 22335 22335 W IInputConnectionWrapper: finishComposingText on inactive InputConnection
10-16 13:49:52.148 22335 22335 D ViewRootImpl@9488b9[ArticleListActivity]: MSG_RESIZED: frame=Rect(0, 0 - 768, 1024) ci=Rect(0, 24 - 0, 0) vi=Rect(0, 24 - 0, 0) or=1
10-16 13:49:52.169 22335 22335 D ViewRootImpl@9488b9[ArticleListActivity]: Relayout returned: oldFrame=[0,0][768,1024] newFrame=[0,0][768,1024] result=0x1 surface={isValid=true -2003453952} surfaceGenerationChanged=false
10-16 13:49:52.293 22335 22335 D TextView: SYANI: Clipboard API is calling: clearFilter()
10-16 13:49:52.294 22335 22335 D TextView: SYANI: Clipboard API is calling: unregisterClipboardEventListener()
10-16 13:49:52.299 22335 22335 D TextView: SYANI: Clipboard API is calling: clearFilter()
10-16 13:49:52.299 22335 22335 D TextView: SYANI: Clipboard API is calling: unregisterClipboardEventListener()
10-16 13:49:52.305 22335 22335 D ViewRootImpl@eb81b56[AddArticleToCartActivity]: mHardwareRenderer.destroy()#4
10-16 13:49:52.306 22335 22335 D ViewRootImpl@eb81b56[AddArticleToCartActivity]: dispatchDetachedFromWindow
10-16 13:49:52.319 22335 22335 D InputTransport: Input channel destroyed: fd=64
10-16 13:49:53.307 22335 22335 D ViewRootImpl@9488b9[ArticleListActivity]: ViewPostImeInputStage processPointer 0
10-16 13:49:53.376 22335 22335 D ViewRootImpl@9488b9[ArticleListActivity]: ViewPostImeInputStage processPointer 1
10-16 13:49:53.424 22335 22335 D ViewRootImpl@9488b9[ArticleListActivity]: MSG_WINDOW_FOCUS_CHANGED 0
10-16 13:49:53.573 22335 22335 D ViewRootImpl@359d42f[CartActivity]: ThreadedRenderer.create() translucent=false
10-16 13:49:53.577 22335 22335 D InputTransport: Input channel constructed: fd=64
10-16 13:49:53.577 22335 22335 D ViewRootImpl@359d42f[CartActivity]: setView = DecorView@73fda3c[CartActivity] touchMode=true
10-16 13:49:53.584 22335 22335 D ViewRootImpl@359d42f[CartActivity]: dispatchAttachedToWindow
10-16 13:49:53.617 22335 22335 D ViewRootImpl@359d42f[CartActivity]: Relayout returned: oldFrame=[0,0][0,0] newFrame=[0,0][768,1024] result=0x27 surface={isValid=true -1984911360} surfaceGenerationChanged=true
10-16 13:49:53.617 22335 22335 D ViewRootImpl@359d42f[CartActivity]: mHardwareRenderer.initialize() mSurface={isValid=true -1984911360} hwInitialized=true
10-16 13:49:53.704 22335 22335 D AbsListView: in onLayout changed
10-16 13:49:53.740 22335 22335 D ViewRootImpl@359d42f[CartActivity]: MSG_RESIZED_REPORT: frame=Rect(0, 0 - 768, 1024) ci=Rect(0, 24 - 0, 0) vi=Rect(0, 24 - 0, 0) or=1
10-16 13:49:53.740 22335 22335 D ViewRootImpl@359d42f[CartActivity]: MSG_WINDOW_FOCUS_CHANGED 1
10-16 13:49:53.741 22335 22335 D ViewRootImpl@359d42f[CartActivity]: mHardwareRenderer.initializeIfNeeded()#2 mSurface={isValid=true -1984911360}
10-16 13:49:53.761 22335 22335 V InputMethodManager: Starting input: tba=android.view.inputmethod.EditorInfo@8f822fc nm : cz.gienger.mobile ic=null
10-16 13:49:53.761 22335 22335 I InputMethodManager: startInputInner - mService.startInputOrWindowGainedFocus
10-16 13:49:53.764 22335 22335 D InputTransport: Input channel constructed: fd=67
10-16 13:49:53.764 22335 22335 D InputTransport: Input channel destroyed: fd=77
10-16 13:49:53.793 22335 22368 D OpenGLRenderer: endAllActiveAnimators on 0x88db6800 (RippleDrawable) with handle 0x87f3abc0
10-16 13:49:53.793 22335 22335 D ViewRootImpl@9488b9[ArticleListActivity]: mHardwareRenderer.destroy()#1
10-16 13:49:53.802 22335 22335 D ViewRootImpl@9488b9[ArticleListActivity]: Relayout returned: oldFrame=[0,0][768,1024] newFrame=[0,0][768,1024] result=0x5 surface={isValid=false 0} surfaceGenerationChanged=true
10-16 13:49:54.219 22335 22335 D ViewRootImpl@9488b9[ArticleListActivity]: Relayout returned: oldFrame=[0,0][768,1024] newFrame=[0,0][768,1024] result=0x5 surface={isValid=false 0} surfaceGenerationChanged=false
10-16 13:49:55.754 22335 22335 D ViewRootImpl@359d42f[CartActivity]: ViewPostImeInputStage processPointer 0
10-16 13:49:55.833 22335 22335 D ViewRootImpl@359d42f[CartActivity]: ViewPostImeInputStage processPointer 1
10-16 13:49:55.845 22335 22335 V InputMethodManager: Starting input: tba=android.view.inputmethod.EditorInfo@d31f40b nm : cz.gienger.mobile ic=com.android.internal.widget.EditableInputConnection@22272e8
10-16 13:49:55.845 22335 22335 I InputMethodManager: startInputInner - mService.startInputOrWindowGainedFocus
10-16 13:49:55.846 22335 22335 D InputTransport: Input channel constructed: fd=68
10-16 13:49:55.846 22335 22335 D InputTransport: Input channel destroyed: fd=67
10-16 13:49:55.847 22335 22335 D InputMethodManager: SSI - flag : 0 Pid : 22335 view : cz.gienger.mobile
10-16 13:49:56.158 22335 22335 D ViewRootImpl@359d42f[CartActivity]: MSG_RESIZED: frame=Rect(0, 0 - 768, 1024) ci=Rect(0, 24 - 0, 0) vi=Rect(0, 24 - 0, 359) or=1
10-16 13:49:57.746 22335 22335 D ViewRootImpl@359d42f[CartActivity]: ViewPostImeInputStage processPointer 0
10-16 13:49:57.805 22335 22335 D ViewRootImpl@359d42f[CartActivity]: ViewPostImeInputStage processPointer 1
10-16 13:49:58.653 22335 22335 D ViewRootImpl@359d42f[CartActivity]: ViewPostImeInputStage processPointer 0
10-16 13:49:58.680 22335 22335 D ViewRootImpl@359d42f[CartActivity]: ViewPostImeInputStage processPointer 1
10-16 13:49:58.682 22335 22335 D AbsListView: onTouchUp() mTouchMode : 0
10-16 13:49:59.003 22335 22335 D ViewRootImpl@359d42f[CartActivity]: ViewPostImeInputStage processPointer 0
10-16 13:49:59.054 22335 22335 D AbsListView: reportScrollStateChange() newState : 1
10-16 13:49:59.435 22335 22335 D ViewRootImpl@359d42f[CartActivity]: ViewPostImeInputStage processPointer 1
10-16 13:49:59.435 22335 22335 D AbsListView: onTouchUp() mTouchMode : 3
10-16 13:49:59.435 22335 22335 D AbsListView: onTouchUp() TOUCH_MODE_SCROLL initialVelocity : -68
10-16 13:49:59.436 22335 22335 D AbsListView: reportScrollStateChange() newState : 2
10-16 13:49:59.539 22335 22335 D AbsListView: reportScrollStateChange() newState : 0
10-16 13:49:59.930 22335 22335 D ViewRootImpl@359d42f[CartActivity]: ViewPostImeInputStage processPointer 0
10-16 13:50:00.009 22335 22335 D ViewRootImpl@359d42f[CartActivity]: ViewPostImeInputStage processPointer 1
10-16 13:50:01.634 22335 22335 D ViewRootImpl@359d42f[CartActivity]: ViewPostImeInputStage processPointer 0
10-16 13:50:01.725 22335 22335 D ViewRootImpl@359d42f[CartActivity]: ViewPostImeInputStage processPointer 1
10-16 13:50:01.840 22335 22335 D ViewRootImpl@359d42f[CartActivity]: MSG_WINDOW_FOCUS_CHANGED 0
10-16 13:50:01.939 22335 22368 D OpenGLRenderer: endAllActiveAnimators on 0x88a30380 (RippleDrawable) with handle 0x87f7e280
10-16 13:50:01.939 22335 22335 D ViewRootImpl@359d42f[CartActivity]: mHardwareRenderer.destroy()#1
10-16 13:50:01.949 22335 22335 D ViewRootImpl@359d42f[CartActivity]: Relayout returned: oldFrame=[0,0][768,1024] newFrame=[0,0][768,1024] result=0x5 surface={isValid=false 0} surfaceGenerationChanged=true
10-16 13:50:04.875 22335 22335 D InputTransport: Input channel destroyed: fd=68
10-16 13:50:04.885 22335 22335 W IInputConnectionWrapper: finishComposingText on inactive InputConnection
10-16 13:50:04.928 22335 22335 W IInputConnectionWrapper: reportFullscreenMode on inexistent InputConnection
10-16 13:50:04.928 22335 22335 W IInputConnectionWrapper: finishComposingText on inactive InputConnection
10-16 13:50:45.110 22335 22335 D ViewRootImpl@359d42f[CartActivity]: mHardwareRenderer.destroy()#1
10-16 13:50:45.122 22335 22335 D ViewRootImpl@359d42f[CartActivity]: Relayout returned: oldFrame=[0,0][768,1024] newFrame=[0,0][768,1024] result=0x1 surface={isValid=false 0} surfaceGenerationChanged=false
10-16 13:50:45.201 22335 22335 V InputMethodManager: Starting input: tba=android.view.inputmethod.EditorInfo@2090fa5 nm : cz.gienger.mobile ic=com.android.internal.widget.EditableInputConnection@f3e1f7a
10-16 13:50:45.201 22335 22335 I InputMethodManager: startInputInner - mService.startInputOrWindowGainedFocus
10-16 13:50:45.234 22335 22335 D ViewRootImpl@359d42f[CartActivity]: Relayout returned: oldFrame=[0,0][768,1024] newFrame=[0,0][768,1024] result=0x7 surface={isValid=true -2024411136} surfaceGenerationChanged=true
10-16 13:50:45.234 22335 22335 D ViewRootImpl@359d42f[CartActivity]: mHardwareRenderer.initialize() mSurface={isValid=true -2024411136} hwInitialized=true
10-16 13:50:45.285 22335 22335 D ViewRootImpl@359d42f[CartActivity]: MSG_RESIZED_REPORT: frame=Rect(0, 0 - 768, 1024) ci=Rect(0, 24 - 0, 0) vi=Rect(0, 24 - 0, 0) or=1
10-16 13:50:45.285 22335 22335 D ViewRootImpl@359d42f[CartActivity]: MSG_WINDOW_FOCUS_CHANGED 1
10-16 13:50:45.285 22335 22335 D ViewRootImpl@359d42f[CartActivity]: mHardwareRenderer.initializeIfNeeded()#2 mSurface={isValid=true -2024411136}
10-16 13:50:45.308 22335 22335 V InputMethodManager: Starting input: tba=android.view.inputmethod.EditorInfo@d163034 nm : cz.gienger.mobile ic=com.android.internal.widget.EditableInputConnection@15a8e5d
10-16 13:50:45.314 22335 22335 I InputMethodManager: startInputInner - mService.startInputOrWindowGainedFocus
10-16 13:50:45.321 22335 22335 D InputTransport: Input channel constructed: fd=61
10-16 13:50:47.347 22335 22335 D ViewRootImpl@359d42f[CartActivity]: ViewPostImeInputStage processPointer 0
10-16 13:50:47.851 22335 22335 D TextView: performLongClick() is called
10-16 13:50:47.877 22335 22335 D TextView: handled is false
10-16 13:50:48.002 22335 22335 D ScrollView: initGoToTop
10-16 13:50:48.016 22335 22335 D ViewRootImpl@13f7b01[PopupWindow:22618e8]: ThreadedRenderer.create() translucent=true
10-16 13:50:48.019 22335 22335 D InputTransport: Input channel constructed: fd=76
10-16 13:50:48.020 22335 22335 D ViewRootImpl@13f7b01[PopupWindow:22618e8]: setView = android.widget.PopupWindow$PopupDecorView{347dda6 V.E...... ......I. 0,0-0,0} touchMode=true
10-16 13:50:48.022 22335 22335 D ViewRootImpl@13f7b01[PopupWindow:22618e8]: dispatchAttachedToWindow
10-16 13:50:48.053 22335 22335 D ViewRootImpl@13f7b01[PopupWindow:22618e8]: Relayout returned: oldFrame=[0,0][0,0] newFrame=[37,580][67,616] result=0x27 surface={isValid=true -1998864384} surfaceGenerationChanged=true
10-16 13:50:48.053 22335 22335 D ViewRootImpl@13f7b01[PopupWindow:22618e8]: mHardwareRenderer.initialize() mSurface={isValid=true -1998864384} hwInitialized=true
10-16 13:50:48.070 22335 22335 D ViewRootImpl@13f7b01[PopupWindow:22618e8]: MSG_RESIZED_REPORT: frame=Rect(37, 580 - 67, 616) ci=Rect(0, 0 - 0, 0) vi=Rect(0, 0 - 0, 0) or=1
10-16 13:50:48.104 22335 22335 D ViewRootImpl@663402e[PopupWindow:2c832a9]: ThreadedRenderer.create() translucent=true
10-16 13:50:48.108 22335 22335 D InputTransport: Input channel constructed: fd=77
10-16 13:50:48.109 22335 22335 D ViewRootImpl@663402e[PopupWindow:2c832a9]: setView = android.widget.PopupWindow$PopupDecorView{76487cf V.E...... ......I. 0,0-0,0} touchMode=true
10-16 13:50:48.112 22335 22335 D ViewRootImpl@663402e[PopupWindow:2c832a9]: dispatchAttachedToWindow
10-16 13:50:48.149 22335 22335 D ViewRootImpl@663402e[PopupWindow:2c832a9]: Relayout returned: oldFrame=[0,0][0,0] newFrame=[10,489][243,553] result=0x27 surface={isValid=true -1994612736} surfaceGenerationChanged=true
10-16 13:50:48.149 22335 22335 D ViewRootImpl@663402e[PopupWindow:2c832a9]: mHardwareRenderer.initialize() mSurface={isValid=true -1994612736} hwInitialized=true
10-16 13:50:48.177 22335 22335 D ViewRootImpl@663402e[PopupWindow:2c832a9]: MSG_RESIZED_REPORT: frame=Rect(10, 489 - 243, 553) ci=Rect(0, 0 - 0, 0) vi=Rect(0, 0 - 0, 0) or=1
10-16 13:50:48.651 22335 22335 D ViewRootImpl@359d42f[CartActivity]: ViewPostImeInputStage processPointer 1
10-16 13:50:48.675 22335 22335 V InputMethodManager: Starting input: tba=android.view.inputmethod.EditorInfo@5002b48 nm : cz.gienger.mobile ic=com.android.internal.widget.EditableInputConnection@ff28de1
10-16 13:50:48.675 22335 22335 I InputMethodManager: startInputInner - mService.startInputOrWindowGainedFocus
10-16 13:50:48.679 22335 22335 D InputTransport: Input channel constructed: fd=96
10-16 13:50:48.679 22335 22335 D InputTransport: Input channel destroyed: fd=61
10-16 13:50:48.684 22335 22335 W IInputConnectionWrapper: finishComposingText on inactive InputConnection
10-16 13:50:49.043 22335 22335 D ViewRootImpl@663402e[PopupWindow:2c832a9]: ViewPostImeInputStage processPointer 0
10-16 13:50:49.101 22335 22335 D ViewRootImpl@663402e[PopupWindow:2c832a9]: ViewPostImeInputStage processPointer 1
10-16 13:50:49.102 22335 22335 W TextView: insertLog : no permission of survey
10-16 13:50:49.111 22335 22335 W TextView: insertLog : no permission of survey
10-16 13:50:49.286 22335 22335 D ViewRootImpl@13f7b01[PopupWindow:22618e8]: mHardwareRenderer.destroy()#4
10-16 13:50:49.286 22335 22335 D ViewRootImpl@13f7b01[PopupWindow:22618e8]: dispatchDetachedFromWindow
10-16 13:50:49.294 22335 22335 D InputTransport: Input channel destroyed: fd=76
10-16 13:50:49.336 22335 22368 D OpenGLRenderer: endAllActiveAnimators on 0x8756cb00 (RippleDrawable) with handle 0x87cc3520
10-16 13:50:49.336 22335 22335 D ViewRootImpl@663402e[PopupWindow:2c832a9]: mHardwareRenderer.destroy()#4
10-16 13:50:49.336 22335 22335 D ViewRootImpl@663402e[PopupWindow:2c832a9]: dispatchDetachedFromWindow
10-16 13:50:49.345 22335 22335 D InputTransport: Input channel destroyed: fd=77
10-16 13:50:53.306 22335 22335 D ViewRootImpl@359d42f[CartActivity]: ViewPostImeInputStage processPointer 0
10-16 13:50:53.356 22335 22335 D ViewRootImpl@359d42f[CartActivity]: ViewPostImeInputStage processPointer 1
10-16 13:50:53.401 22335 22335 D ScrollView: initGoToTop
10-16 13:50:53.405 22335 22335 D ScrollView: initGoToTop
10-16 13:50:53.414 22335 22335 D ViewRootImpl@fd3c54[CartActivity]: ThreadedRenderer.create() translucent=true
10-16 13:50:53.420 22335 22335 D InputTransport: Input channel constructed: fd=69
10-16 13:50:53.420 22335 22335 D ViewRootImpl@fd3c54[CartActivity]: setView = DecorView@12c77fd[CartActivity] touchMode=true
10-16 13:50:53.422 22335 22335 D ViewRootImpl@fd3c54[CartActivity]: dispatchAttachedToWindow
10-16 13:50:53.473 22335 22335 D ViewRootImpl@fd3c54[CartActivity]: Relayout returned: oldFrame=[0,0][0,0] newFrame=[194,258][574,790] result=0x27 surface={isValid=true -1980672000} surfaceGenerationChanged=true
10-16 13:50:53.474 22335 22335 D ViewRootImpl@fd3c54[CartActivity]: mHardwareRenderer.initialize() mSurface={isValid=true -1980672000} hwInitialized=true
10-16 13:50:53.483 22335 22335 D ScrollView: onsize change changed
10-16 13:50:53.484 22335 22335 D ViewRootImpl@fd3c54[CartActivity]: MSG_WINDOW_FOCUS_CHANGED 1
10-16 13:50:53.484 22335 22335 D ViewRootImpl@fd3c54[CartActivity]: mHardwareRenderer.initializeIfNeeded()#2 mSurface={isValid=true -1980672000}
10-16 13:50:53.517 22335 22335 D ViewRootImpl@fd3c54[CartActivity]: MSG_RESIZED_REPORT: frame=Rect(194, 258 - 574, 790) ci=Rect(0, 0 - 0, 0) vi=Rect(0, 0 - 0, 0) or=1
10-16 13:50:53.557 22335 22335 D ViewRootImpl@359d42f[CartActivity]: MSG_WINDOW_FOCUS_CHANGED 0
10-16 13:50:54.420 22335 22335 D ViewRootImpl@fd3c54[CartActivity]: ViewPostImeInputStage processPointer 0
10-16 13:50:54.563 22335 22335 D ViewRootImpl@fd3c54[CartActivity]: ViewPostImeInputStage processPointer 1
10-16 13:50:55.146 22335 22335 D ViewRootImpl@fd3c54[CartActivity]: ViewPostImeInputStage processPointer 0
10-16 13:50:55.229 22335 22335 D ViewRootImpl@fd3c54[CartActivity]: ViewPostImeInputStage processPointer 1
10-16 13:50:55.277 22335 22335 D ViewRootImpl@fd3c54[CartActivity]: mHardwareRenderer.destroy()#4
10-16 13:50:55.277 22335 22335 D ViewRootImpl@fd3c54[CartActivity]: dispatchDetachedFromWindow
10-16 13:50:55.287 22335 22335 D InputTransport: Input channel destroyed: fd=69
10-16 13:50:55.291 22335 22335 D ViewRootImpl@359d42f[CartActivity]: MSG_WINDOW_FOCUS_CHANGED 1
10-16 13:50:55.291 22335 22335 D ViewRootImpl@359d42f[CartActivity]: mHardwareRenderer.initializeIfNeeded()#2 mSurface={isValid=true -2024411136}
10-16 13:50:55.316 22335 22335 E ViewRootImpl: sendUserActionEvent() returned.
10-16 13:50:56.017 22335 22335 D ViewRootImpl@359d42f[CartActivity]: ViewPostImeInputStage processPointer 0
10-16 13:50:56.097 22335 22335 D ViewRootImpl@359d42f[CartActivity]: ViewPostImeInputStage processPointer 1
10-16 13:50:56.120 22335 22335 V InputMethodManager: Starting input: tba=android.view.inputmethod.EditorInfo@9162c31 nm : cz.gienger.mobile ic=com.android.internal.widget.EditableInputConnection@ecdef16
10-16 13:50:56.120 22335 22335 I InputMethodManager: startInputInner - mService.startInputOrWindowGainedFocus
10-16 13:50:56.123 22335 22335 D InputTransport: Input channel constructed: fd=69
10-16 13:50:56.124 22335 22335 D InputTransport: Input channel destroyed: fd=96
10-16 13:50:56.124 22335 22335 D InputMethodManager: SSI - flag : 0 Pid : 22335 view : cz.gienger.mobile
10-16 13:50:56.129 22335 22335 W IInputConnectionWrapper: finishComposingText on inactive InputConnection
10-16 13:50:56.326 22335 22335 D ViewRootImpl@359d42f[CartActivity]: MSG_RESIZED: frame=Rect(0, 0 - 768, 1024) ci=Rect(0, 24 - 0, 0) vi=Rect(0, 24 - 0, 359) or=1
10-16 13:50:58.605 22335 22335 D ViewRootImpl@359d42f[CartActivity]: ViewPostImeInputStage processPointer 0
10-16 13:50:58.654 22335 22335 D AbsListView: reportScrollStateChange() newState : 1
10-16 13:50:59.005 22335 22335 D ViewRootImpl@359d42f[CartActivity]: ViewPostImeInputStage processPointer 1
10-16 13:50:59.005 22335 22335 D AbsListView: onTouchUp() mTouchMode : 3
10-16 13:50:59.005 22335 22335 D AbsListView: onTouchUp() TOUCH_MODE_SCROLL initialVelocity : -67
10-16 13:50:59.006 22335 22335 D AbsListView: reportScrollStateChange() newState : 2
10-16 13:50:59.109 22335 22335 D AbsListView: reportScrollStateChange() newState : 0
10-16 13:50:59.271 22335 22335 D ViewRootImpl@359d42f[CartActivity]: ViewPostImeInputStage processPointer 0
10-16 13:50:59.363 22335 22335 D ViewRootImpl@359d42f[CartActivity]: ViewPostImeInputStage processPointer 1
10-16 13:50:59.385 22335 22335 V InputMethodManager: Starting input: tba=android.view.inputmethod.EditorInfo@6b3067f nm : cz.gienger.mobile ic=com.android.internal.widget.EditableInputConnection@b6ea64c
10-16 13:50:59.385 22335 22335 I InputMethodManager: startInputInner - mService.startInputOrWindowGainedFocus
10-16 13:50:59.388 22335 22335 D InputTransport: Input channel constructed: fd=76
10-16 13:50:59.388 22335 22335 D InputTransport: Input channel destroyed: fd=69
10-16 13:50:59.388 22335 22335 D InputMethodManager: SSI - flag : 0 Pid : 22335 view : cz.gienger.mobile
10-16 13:50:59.392 22335 22335 W IInputConnectionWrapper: finishComposingText on inactive InputConnection
10-16 13:51:01.480 22335 22335 D ViewRootImpl@359d42f[CartActivity]: ViewPostImeInputStage processPointer 0
10-16 13:51:01.526 22335 22335 D AbsListView: reportScrollStateChange() newState : 1
10-16 13:51:01.857 22335 22335 D ViewRootImpl@359d42f[CartActivity]: ViewPostImeInputStage processPointer 1
10-16 13:51:01.857 22335 22335 D AbsListView: onTouchUp() mTouchMode : 3
10-16 13:51:01.858 22335 22335 D AbsListView: onTouchUp() TOUCH_MODE_SCROLL initialVelocity : -4
10-16 13:51:01.858 22335 22335 D AbsListView: reportScrollStateChange() newState : 0
10-16 13:51:02.126 22335 22335 D ViewRootImpl@359d42f[CartActivity]: ViewPostImeInputStage processPointer 0
10-16 13:51:02.210 22335 22335 D ViewRootImpl@359d42f[CartActivity]: ViewPostImeInputStage processPointer 1
10-16 13:51:02.232 22335 22335 V InputMethodManager: Starting input: tba=android.view.inputmethod.EditorInfo@cd972e4 nm : cz.gienger.mobile ic=com.android.internal.widget.EditableInputConnection@9ef934d
10-16 13:51:02.233 22335 22335 I InputMethodManager: startInputInner - mService.startInputOrWindowGainedFocus
10-16 13:51:02.236 22335 22335 D InputTransport: Input channel constructed: fd=69
10-16 13:51:02.236 22335 22335 D InputTransport: Input channel destroyed: fd=76
10-16 13:51:02.236 22335 22335 D InputMethodManager: SSI - flag : 0 Pid : 22335 view : cz.gienger.mobile
10-16 13:51:02.241 22335 22335 W IInputConnectionWrapper: finishComposingText on inactive InputConnection
