10-16 13:44:36.332 22335 22335 D ViewRootImpl@82460c7[ArticleListActivity]: Relayout returned: oldFrame=[0,0][768,1024] newFrame=[0,0][768,1024] result=0x5 surface={isValid=false 0} surfaceGenerationChanged=true
10-16 13:44:36.624 22335 22335 D ViewRootImpl@4124874[AddArticleToCartActivity]: MSG_RESIZED: frame=Rect(0, 0 - 768, 1024) ci=Rect(0, 24 - 0, 0) vi=Rect(0, 24 - 0, 320) or=1
10-16 13:44:36.730 22335 22335 D ViewRootImpl@82460c7[ArticleListActivity]: Relayout returned: oldFrame=[0,0][768,1024] newFrame=[0,0][768,1024] result=0x5 surface={isValid=false 0} surfaceGenerationChanged=false
10-16 13:44:37.791 22335 22335 D ViewRootImpl@4124874[AddArticleToCartActivity]: ViewPostImeInputStage processPointer 0
10-16 13:44:37.831 22335 22335 D ViewRootImpl@4124874[AddArticleToCartActivity]: ViewPostImeInputStage processPointer 1
10-16 13:44:37.834 22335 22335 V InputMethodManager: Starting input: tba=android.view.inputmethod.EditorInfo@547e0e nm : cz.gienger.mobile ic=com.android.internal.widget.EditableInputConnection@f36202f
10-16 13:44:37.834 22335 22335 I InputMethodManager: startInputInner - mService.startInputOrWindowGainedFocus
10-16 13:44:37.836 22335 22335 D InputTransport: Input channel constructed: fd=88
10-16 13:44:37.836 22335 22335 D InputTransport: Input channel destroyed: fd=77
10-16 13:44:37.917 22335 22335 D ViewRootImpl@82460c7[ArticleListActivity]: mHardwareRenderer.destroy()#1
10-16 13:44:37.929 22335 22335 D ViewRootImpl@82460c7[ArticleListActivity]: Relayout returned: oldFrame=[0,0][768,1024] newFrame=[0,0][768,1024] result=0x1 surface={isValid=false 0} surfaceGenerationChanged=false
10-16 13:44:37.960 22335 22335 D ViewRootImpl@82460c7[ArticleListActivity]: Relayout returned: oldFrame=[0,0][768,1024] newFrame=[0,0][768,1024] result=0x7 surface={isValid=true -1976397824} surfaceGenerationChanged=true
10-16 13:44:37.960 22335 22335 D ViewRootImpl@82460c7[ArticleListActivity]: mHardwareRenderer.initialize() mSurface={isValid=true -1976397824} hwInitialized=true
10-16 13:44:38.117 22335 22335 D ViewRootImpl@4124874[AddArticleToCartActivity]: MSG_WINDOW_FOCUS_CHANGED 0
10-16 13:44:38.121 22335 22335 D ViewRootImpl@82460c7[ArticleListActivity]: MSG_RESIZED_REPORT: frame=Rect(0, 0 - 768, 1024) ci=Rect(0, 24 - 0, 320) vi=Rect(0, 24 - 0, 320) or=1
10-16 13:44:38.159 22335 22335 D ViewRootImpl@82460c7[ArticleListActivity]: MSG_WINDOW_FOCUS_CHANGED 1
10-16 13:44:38.159 22335 22335 D ViewRootImpl@82460c7[ArticleListActivity]: mHardwareRenderer.initializeIfNeeded()#2 mSurface={isValid=true -1976397824}
10-16 13:44:38.161 22335 22335 V InputMethodManager: Starting input: tba=android.view.inputmethod.EditorInfo@92c7a28 nm : cz.gienger.mobile ic=null
10-16 13:44:38.161 22335 22335 I InputMethodManager: startInputInner - mService.startInputOrWindowGainedFocus
10-16 13:44:38.185 22335 22335 D InputTransport: Input channel constructed: fd=89
10-16 13:44:38.185 22335 22335 D InputTransport: Input channel destroyed: fd=88
10-16 13:44:38.190 22335 22335 W IInputConnectionWrapper: getCursorCapsMode on inactive InputConnection
10-16 13:44:38.249 22335 22368 D OpenGLRenderer: endAllActiveAnimators on 0x8969b980 (RippleDrawable) with handle 0x896f8320
10-16 13:44:38.249 22335 22335 D ViewRootImpl@4124874[AddArticleToCartActivity]: mHardwareRenderer.destroy()#1
10-16 13:44:38.402 22335 22335 D ViewRootImpl@4124874[AddArticleToCartActivity]: Relayout returned: oldFrame=[0,0][768,1024] newFrame=[0,0][768,1024] result=0x5 surface={isValid=false 0} surfaceGenerationChanged=true
10-16 13:44:38.405 22335 22335 W IInputConnectionWrapper: finishComposingText on inactive InputConnection
10-16 13:44:38.406 22335 22335 W IInputConnectionWrapper: performPrivateCommand on inactive InputConnection
10-16 13:44:38.410 22335 22335 W IInputConnectionWrapper: finishComposingText on inactive InputConnection
10-16 13:44:38.423 22335 22335 D ViewRootImpl@82460c7[ArticleListActivity]: MSG_RESIZED: frame=Rect(0, 0 - 768, 1024) ci=Rect(0, 24 - 0, 0) vi=Rect(0, 24 - 0, 0) or=1
10-16 13:44:38.436 22335 22335 D ViewRootImpl@82460c7[ArticleListActivity]: Relayout returned: oldFrame=[0,0][768,1024] newFrame=[0,0][768,1024] result=0x1 surface={isValid=true -1976397824} surfaceGenerationChanged=false
10-16 13:44:38.612 22335 22335 D TextView: SYANI: Clipboard API is calling: clearFilter()
10-16 13:44:38.612 22335 22335 D TextView: SYANI: Clipboard API is calling: unregisterClipboardEventListener()
10-16 13:44:38.617 22335 22335 D TextView: SYANI: Clipboard API is calling: clearFilter()
10-16 13:44:38.617 22335 22335 D TextView: SYANI: Clipboard API is calling: unregisterClipboardEventListener()
10-16 13:44:38.623 22335 22335 D ViewRootImpl@4124874[AddArticleToCartActivity]: mHardwareRenderer.destroy()#4
10-16 13:44:38.623 22335 22335 D ViewRootImpl@4124874[AddArticleToCartActivity]: dispatchDetachedFromWindow
10-16 13:44:38.635 22335 22335 D InputTransport: Input channel destroyed: fd=75
10-16 13:44:39.721 22335 22335 D ViewRootImpl@82460c7[ArticleListActivity]: ViewPostImeInputStage processPointer 0
10-16 13:44:39.791 22335 22335 D ViewRootImpl@82460c7[ArticleListActivity]: ViewPostImeInputStage processPointer 1
10-16 13:44:39.825 22335 22335 D ViewRootImpl@82460c7[ArticleListActivity]: MSG_WINDOW_FOCUS_CHANGED 0
10-16 13:44:39.987 22335 22335 D ViewRootImpl@c54250a[CartActivity]: ThreadedRenderer.create() translucent=false
10-16 13:44:39.991 22335 22335 D InputTransport: Input channel constructed: fd=75
10-16 13:44:39.991 22335 22335 D ViewRootImpl@c54250a[CartActivity]: setView = DecorView@2d9017b[CartActivity] touchMode=true
10-16 13:44:39.997 22335 22335 D ViewRootImpl@c54250a[CartActivity]: dispatchAttachedToWindow
10-16 13:44:40.029 22335 22335 D ViewRootImpl@c54250a[CartActivity]: Relayout returned: oldFrame=[0,0][0,0] newFrame=[0,0][768,1024] result=0x27 surface={isValid=true -2024407040} surfaceGenerationChanged=true
10-16 13:44:40.030 22335 22335 D ViewRootImpl@c54250a[CartActivity]: mHardwareRenderer.initialize() mSurface={isValid=true -2024407040} hwInitialized=true
10-16 13:44:40.125 22335 22335 D AbsListView: in onLayout changed
10-16 13:44:40.352 22335 22335 D ViewRootImpl@c54250a[CartActivity]: MSG_RESIZED_REPORT: frame=Rect(0, 0 - 768, 1024) ci=Rect(0, 24 - 0, 0) vi=Rect(0, 24 - 0, 0) or=1
10-16 13:44:40.352 22335 22335 D ViewRootImpl@c54250a[CartActivity]: MSG_WINDOW_FOCUS_CHANGED 1
10-16 13:44:40.352 22335 22335 D ViewRootImpl@c54250a[CartActivity]: mHardwareRenderer.initializeIfNeeded()#2 mSurface={isValid=true -2024407040}
10-16 13:44:40.386 22335 22335 V InputMethodManager: Starting input: tba=android.view.inputmethod.EditorInfo@3e6a59c nm : cz.gienger.mobile ic=null
10-16 13:44:40.386 22335 22335 I InputMethodManager: startInputInner - mService.startInputOrWindowGainedFocus
10-16 13:44:40.387 22335 22335 D InputTransport: Input channel constructed: fd=77
10-16 13:44:40.387 22335 22335 D InputTransport: Input channel destroyed: fd=89
10-16 13:44:40.426 22335 22335 D ViewRootImpl@82460c7[ArticleListActivity]: mHardwareRenderer.destroy()#1
10-16 13:44:40.435 22335 22335 D ViewRootImpl@82460c7[ArticleListActivity]: Relayout returned: oldFrame=[0,0][768,1024] newFrame=[0,0][768,1024] result=0x5 surface={isValid=false 0} surfaceGenerationChanged=true
10-16 13:44:40.856 22335 22335 D ViewRootImpl@82460c7[ArticleListActivity]: Relayout returned: oldFrame=[0,0][768,1024] newFrame=[0,0][768,1024] result=0x5 surface={isValid=false 0} surfaceGenerationChanged=false
10-16 13:44:41.588 22335 22335 D ViewRootImpl@c54250a[CartActivity]: ViewPostImeInputStage processPointer 0
10-16 13:44:41.646 22335 22335 D ViewRootImpl@c54250a[CartActivity]: ViewPostImeInputStage processPointer 1
10-16 13:44:41.657 22335 22335 V InputMethodManager: Starting input: tba=android.view.inputmethod.EditorInfo@7e1cf2b nm : cz.gienger.mobile ic=com.android.internal.widget.EditableInputConnection@e867f88
10-16 13:44:41.657 22335 22335 I InputMethodManager: startInputInner - mService.startInputOrWindowGainedFocus
10-16 13:44:41.659 22335 22335 D InputTransport: Input channel constructed: fd=81
10-16 13:44:41.659 22335 22335 D InputTransport: Input channel destroyed: fd=77
10-16 13:44:41.659 22335 22335 D InputMethodManager: SSI - flag : 0 Pid : 22335 view : cz.gienger.mobile
10-16 13:44:41.996 22335 22335 D ViewRootImpl@c54250a[CartActivity]: MSG_RESIZED: frame=Rect(0, 0 - 768, 1024) ci=Rect(0, 24 - 0, 0) vi=Rect(0, 24 - 0, 359) or=1
10-16 13:44:44.855 22335 22335 D ViewRootImpl@c54250a[CartActivity]: ViewPostImeInputStage processPointer 0
10-16 13:44:44.909 22335 22335 D AbsListView: reportScrollStateChange() newState : 1
10-16 13:44:45.255 22335 22335 D ViewRootImpl@c54250a[CartActivity]: ViewPostImeInputStage processPointer 1
10-16 13:44:45.255 22335 22335 D AbsListView: onTouchUp() mTouchMode : 3
10-16 13:44:45.255 22335 22335 D AbsListView: onTouchUp() TOUCH_MODE_SCROLL initialVelocity : -61
10-16 13:44:45.255 22335 22335 D AbsListView: reportScrollStateChange() newState : 2
10-16 13:44:45.359 22335 22335 D AbsListView: reportScrollStateChange() newState : 0
10-16 13:44:47.587 22335 22335 D ViewRootImpl@c54250a[CartActivity]: ViewPostImeInputStage processPointer 0
10-16 13:44:47.637 22335 22335 D ViewRootImpl@c54250a[CartActivity]: ViewPostImeInputStage processPointer 1
10-16 13:44:47.664 22335 22335 V InputMethodManager: Starting input: tba=android.view.inputmethod.EditorInfo@25815 nm : cz.gienger.mobile ic=com.android.internal.widget.EditableInputConnection@d14172a
10-16 13:44:47.664 22335 22335 I InputMethodManager: startInputInner - mService.startInputOrWindowGainedFocus
10-16 13:44:47.667 22335 22335 D InputTransport: Input channel constructed: fd=77
10-16 13:44:47.667 22335 22335 D InputTransport: Input channel destroyed: fd=81
10-16 13:44:47.668 22335 22335 D InputMethodManager: SSI - flag : 0 Pid : 22335 view : cz.gienger.mobile
10-16 13:44:47.678 22335 22335 W IInputConnectionWrapper: finishComposingText on inactive InputConnection
10-16 13:44:51.463 22335 22335 D ViewRootImpl@c54250a[CartActivity]: ViewPostImeInputStage processPointer 0
10-16 13:44:51.525 22335 22335 D ViewRootImpl@c54250a[CartActivity]: ViewPostImeInputStage processPointer 1
10-16 13:44:51.548 22335 22335 V InputMethodManager: Starting input: tba=android.view.inputmethod.EditorInfo@2246182 nm : cz.gienger.mobile ic=com.android.internal.widget.EditableInputConnection@bbf5093
10-16 13:44:51.548 22335 22335 I InputMethodManager: startInputInner - mService.startInputOrWindowGainedFocus
10-16 13:44:51.549 22335 22335 D InputTransport: Input channel constructed: fd=81
10-16 13:44:51.550 22335 22335 D InputTransport: Input channel destroyed: fd=77
10-16 13:44:51.550 22335 22335 D InputMethodManager: SSI - flag : 0 Pid : 22335 view : cz.gienger.mobile
10-16 13:44:51.554 22335 22335 W IInputConnectionWrapper: finishComposingText on inactive InputConnection
10-16 13:44:55.064 22335 22335 D ViewRootImpl@c54250a[CartActivity]: ViewPostImeInputStage processPointer 0
10-16 13:44:55.113 22335 22335 D AbsListView: reportScrollStateChange() newState : 1
10-16 13:44:55.375 22335 22335 D ViewRootImpl@c54250a[CartActivity]: ViewPostImeInputStage processPointer 1
10-16 13:44:55.376 22335 22335 D AbsListView: onTouchUp() mTouchMode : 3
10-16 13:44:55.376 22335 22335 D AbsListView: onTouchUp() TOUCH_MODE_SCROLL initialVelocity : 47
10-16 13:44:55.376 22335 22335 D AbsListView: reportScrollStateChange() newState : 0
10-16 13:44:57.033 22335 22335 D ViewRootImpl@c54250a[CartActivity]: ViewPostImeInputStage processPointer 0
10-16 13:44:57.115 22335 22335 D ViewRootImpl@c54250a[CartActivity]: ViewPostImeInputStage processPointer 1
10-16 13:44:57.954 22335 22335 D ViewRootImpl@c54250a[CartActivity]: ViewPostImeInputStage processPointer 0
10-16 13:44:58.037 22335 22335 D ViewRootImpl@c54250a[CartActivity]: ViewPostImeInputStage processPointer 1
10-16 13:44:58.078 22335 22335 D ScrollView: initGoToTop
10-16 13:44:58.085 22335 22335 D ScrollView: initGoToTop
10-16 13:44:58.097 22335 22335 D ViewRootImpl@143ff6d[CartActivity]: ThreadedRenderer.create() translucent=true
10-16 13:44:58.106 22335 22335 D InputTransport: Input channel constructed: fd=89
10-16 13:44:58.107 22335 22335 D ViewRootImpl@143ff6d[CartActivity]: setView = DecorView@d1527a2[CartActivity] touchMode=true
10-16 13:44:58.109 22335 22335 D ViewRootImpl@143ff6d[CartActivity]: dispatchAttachedToWindow
10-16 13:44:58.164 22335 22335 D ViewRootImpl@143ff6d[CartActivity]: Relayout returned: oldFrame=[0,0][0,0] newFrame=[94,24][674,1024] result=0x27 surface={isValid=true -2006732800} surfaceGenerationChanged=true
10-16 13:44:58.164 22335 22335 D ViewRootImpl@143ff6d[CartActivity]: mHardwareRenderer.initialize() mSurface={isValid=true -2006732800} hwInitialized=true
10-16 13:44:58.232 22335 22335 D AbsListView: in onLayout changed
10-16 13:44:58.232 22335 22335 D ScrollView: onsize change changed
10-16 13:44:58.243 22335 22335 D ViewRootImpl@143ff6d[CartActivity]: MSG_WINDOW_FOCUS_CHANGED 1
10-16 13:44:58.243 22335 22335 D ViewRootImpl@143ff6d[CartActivity]: mHardwareRenderer.initializeIfNeeded()#2 mSurface={isValid=true -2006732800}
10-16 13:44:58.243 22335 22335 V InputMethodManager: Not IME target window, ignoring
10-16 13:44:58.285 22335 22335 D ViewRootImpl@143ff6d[CartActivity]: MSG_RESIZED_REPORT: frame=Rect(94, 24 - 674, 1024) ci=Rect(0, 0 - 0, 0) vi=Rect(0, 0 - 0, 0) or=1
10-16 13:44:58.321 22335 22335 D ViewRootImpl@c54250a[CartActivity]: MSG_WINDOW_FOCUS_CHANGED 0
10-16 13:44:59.065 22335 22335 D ViewRootImpl@143ff6d[CartActivity]: ViewPostImeInputStage processPointer 0
10-16 13:44:59.106 22335 22335 D AbsListView: reportScrollStateChange() newState : 1
10-16 13:44:59.343 22335 22335 D ViewRootImpl@143ff6d[CartActivity]: ViewPostImeInputStage processPointer 1
10-16 13:44:59.343 22335 22335 D AbsListView: onTouchUp() mTouchMode : 3
10-16 13:44:59.343 22335 22335 D AbsListView: onTouchUp() TOUCH_MODE_SCROLL initialVelocity : -41
10-16 13:44:59.344 22335 22335 D AbsListView: reportScrollStateChange() newState : 0
10-16 13:44:59.896 22335 22335 D ViewRootImpl@143ff6d[CartActivity]: ViewPostImeInputStage processPointer 0
10-16 13:44:59.954 22335 22335 D ViewRootImpl@143ff6d[CartActivity]: ViewPostImeInputStage processPointer 1
10-16 13:45:00.783 22335 22335 D ViewRootImpl@143ff6d[CartActivity]: ViewPostImeInputStage processPointer 0
10-16 13:45:00.853 22335 22335 D ViewRootImpl@143ff6d[CartActivity]: ViewPostImeInputStage processPointer 1
10-16 13:45:00.907 22335 22335 D ViewRootImpl@143ff6d[CartActivity]: mHardwareRenderer.destroy()#4
10-16 13:45:00.908 22335 22335 D ViewRootImpl@143ff6d[CartActivity]: dispatchDetachedFromWindow
10-16 13:45:00.922 22335 22335 D InputTransport: Input channel destroyed: fd=89
10-16 13:45:00.939 22335 22335 D ViewRootImpl@c54250a[CartActivity]: MSG_WINDOW_FOCUS_CHANGED 1
10-16 13:45:00.939 22335 22335 D ViewRootImpl@c54250a[CartActivity]: mHardwareRenderer.initializeIfNeeded()#2 mSurface={isValid=true -2024407040}
10-16 13:45:00.957 22335 22335 E ViewRootImpl: sendUserActionEvent() returned.
10-16 13:45:01.957 22335 22335 D ViewRootImpl@c54250a[CartActivity]: ViewPostImeInputStage processPointer 0
10-16 13:45:01.997 22335 22335 D AbsListView: reportScrollStateChange() newState : 1
10-16 13:45:02.299 22335 22335 D ViewRootImpl@c54250a[CartActivity]: ViewPostImeInputStage processPointer 1
10-16 13:45:02.299 22335 22335 D AbsListView: onTouchUp() mTouchMode : 3
10-16 13:45:02.300 22335 22335 D AbsListView: onTouchUp() TOUCH_MODE_SCROLL initialVelocity : -136
10-16 13:45:02.300 22335 22335 D AbsListView: reportScrollStateChange() newState : 2
10-16 13:45:02.449 22335 22335 D AbsListView: reportScrollStateChange() newState : 0
10-16 13:45:02.856 22335 22335 D ViewRootImpl@c54250a[CartActivity]: ViewPostImeInputStage processPointer 0
10-16 13:45:02.946 22335 22335 D ViewRootImpl@c54250a[CartActivity]: ViewPostImeInputStage processPointer 1
10-16 13:45:02.986 22335 22335 D ScrollView: initGoToTop
10-16 13:45:02.990 22335 22335 D ScrollView: initGoToTop
10-16 13:45:02.998 22335 22335 D ViewRootImpl@5e8b870[CartActivity]: ThreadedRenderer.create() translucent=true
10-16 13:45:03.005 22335 22335 D InputTransport: Input channel constructed: fd=77
10-16 13:45:03.005 22335 22335 D ViewRootImpl@5e8b870[CartActivity]: setView = DecorView@2e8d7e9[CartActivity] touchMode=true
10-16 13:45:03.008 22335 22335 D ViewRootImpl@5e8b870[CartActivity]: dispatchAttachedToWindow
10-16 13:45:03.058 22335 22335 D ViewRootImpl@5e8b870[CartActivity]: Relayout returned: oldFrame=[0,0][0,0] newFrame=[194,258][574,790] result=0x27 surface={isValid=true -2006732800} surfaceGenerationChanged=true
10-16 13:45:03.059 22335 22335 D ViewRootImpl@5e8b870[CartActivity]: mHardwareRenderer.initialize() mSurface={isValid=true -2006732800} hwInitialized=true
10-16 13:45:03.066 22335 22335 D ScrollView: onsize change changed
10-16 13:45:03.067 22335 22335 D ViewRootImpl@5e8b870[CartActivity]: MSG_WINDOW_FOCUS_CHANGED 1
10-16 13:45:03.067 22335 22335 D ViewRootImpl@5e8b870[CartActivity]: mHardwareRenderer.initializeIfNeeded()#2 mSurface={isValid=true -2006732800}
10-16 13:45:03.098 22335 22335 D ViewRootImpl@5e8b870[CartActivity]: MSG_RESIZED_REPORT: frame=Rect(194, 258 - 574, 790) ci=Rect(0, 0 - 0, 0) vi=Rect(0, 0 - 0, 0) or=1
10-16 13:45:03.137 22335 22335 D ViewRootImpl@c54250a[CartActivity]: MSG_WINDOW_FOCUS_CHANGED 0
10-16 13:45:04.240 22335 22335 D ViewRootImpl@5e8b870[CartActivity]: ViewPostImeInputStage processPointer 0
10-16 13:45:04.309 22335 22335 D ViewRootImpl@5e8b870[CartActivity]: ViewPostImeInputStage processPointer 1
10-16 13:45:04.802 22335 22335 D ViewRootImpl@5e8b870[CartActivity]: ViewPostImeInputStage processPointer 0
10-16 13:45:04.885 22335 22335 D ViewRootImpl@5e8b870[CartActivity]: ViewPostImeInputStage processPointer 1
10-16 13:45:04.918 22335 22335 D ViewRootImpl@5e8b870[CartActivity]: mHardwareRenderer.destroy()#4
10-16 13:45:04.918 22335 22335 D ViewRootImpl@5e8b870[CartActivity]: dispatchDetachedFromWindow
10-16 13:45:04.927 22335 22335 D InputTransport: Input channel destroyed: fd=77
10-16 13:45:04.933 22335 22335 D ViewRootImpl@c54250a[CartActivity]: MSG_WINDOW_FOCUS_CHANGED 1
10-16 13:45:04.934 22335 22335 D ViewRootImpl@c54250a[CartActivity]: mHardwareRenderer.initializeIfNeeded()#2 mSurface={isValid=true -2024407040}
10-16 13:45:04.947 22335 22335 E ViewRootImpl: sendUserActionEvent() returned.
10-16 13:45:05.452 22335 22335 D ViewRootImpl@c54250a[CartActivity]: ViewPostImeInputStage processPointer 0
10-16 13:45:05.499 22335 22335 D ViewRootImpl@c54250a[CartActivity]: ViewPostImeInputStage processPointer 1
10-16 13:45:05.522 22335 22335 V InputMethodManager: Starting input: tba=android.view.inputmethod.EditorInfo@3399107 nm : cz.gienger.mobile ic=com.android.internal.widget.EditableInputConnection@c1d1234
10-16 13:45:05.522 22335 22335 I InputMethodManager: startInputInner - mService.startInputOrWindowGainedFocus
10-16 13:45:05.525 22335 22335 D InputTransport: Input channel constructed: fd=77
10-16 13:45:05.525 22335 22335 D InputTransport: Input channel destroyed: fd=81
10-16 13:45:05.525 22335 22335 D InputMethodManager: SSI - flag : 0 Pid : 22335 view : cz.gienger.mobile
10-16 13:45:05.531 22335 22335 W IInputConnectionWrapper: finishComposingText on inactive InputConnection
10-16 13:45:07.381 22335 22335 D ViewRootImpl@c54250a[CartActivity]: ViewPostImeInputStage processPointer 0
10-16 13:45:07.442 22335 22335 D ViewRootImpl@c54250a[CartActivity]: ViewPostImeInputStage processPointer 1
10-16 13:45:07.464 22335 22335 V InputMethodManager: Starting input: tba=android.view.inputmethod.EditorInfo@8e999ff nm : cz.gienger.mobile ic=com.android.internal.widget.EditableInputConnection@29c73cc
10-16 13:45:07.465 22335 22335 I InputMethodManager: startInputInner - mService.startInputOrWindowGainedFocus
10-16 13:45:07.467 22335 22335 D InputTransport: Input channel constructed: fd=81
10-16 13:45:07.467 22335 22335 D InputTransport: Input channel destroyed: fd=77
10-16 13:45:07.467 22335 22335 D InputMethodManager: SSI - flag : 0 Pid : 22335 view : cz.gienger.mobile
10-16 13:45:07.473 22335 22335 W IInputConnectionWrapper: finishComposingText on inactive InputConnection
10-16 13:45:08.230 22335 22335 D ViewRootImpl@c54250a[CartActivity]: ViewPostImeInputStage processPointer 0
10-16 13:45:08.299 22335 22335 D ViewRootImpl@c54250a[CartActivity]: ViewPostImeInputStage processPointer 1
10-16 13:45:08.324 22335 22335 V InputMethodManager: Starting input: tba=android.view.inputmethod.EditorInfo@f0300b8 nm : cz.gienger.mobile ic=com.android.internal.widget.EditableInputConnection@4cf8e91
10-16 13:45:08.324 22335 22335 I InputMethodManager: startInputInner - mService.startInputOrWindowGainedFocus
10-16 13:45:08.326 22335 22335 D InputTransport: Input channel constructed: fd=77
10-16 13:45:08.326 22335 22335 D InputTransport: Input channel destroyed: fd=81
10-16 13:45:08.326 22335 22335 D InputMethodManager: SSI - flag : 0 Pid : 22335 view : cz.gienger.mobile
10-16 13:45:08.342 22335 22335 W IInputConnectionWrapper: finishComposingText on inactive InputConnection
10-16 13:45:10.617 22335 22335 D ViewRootImpl@c54250a[CartActivity]: ViewPostImeInputStage processPointer 0
10-16 13:45:10.665 22335 22335 D AbsListView: reportScrollStateChange() newState : 1
10-16 13:45:10.994 22335 22335 D ViewRootImpl@c54250a[CartActivity]: ViewPostImeInputStage processPointer 1
10-16 13:45:10.994 22335 22335 D AbsListView: onTouchUp() mTouchMode : 3
10-16 13:45:10.994 22335 22335 D AbsListView: onTouchUp() TOUCH_MODE_SCROLL initialVelocity : -157
10-16 13:45:10.994 22335 22335 D AbsListView: reportScrollStateChange() newState : 2
10-16 13:45:11.166 22335 22335 D AbsListView: reportScrollStateChange() newState : 0
10-16 13:45:11.261 22335 22335 D ViewRootImpl@c54250a[CartActivity]: ViewPostImeInputStage processPointer 0
10-16 13:45:11.329 22335 22335 D ViewRootImpl@c54250a[CartActivity]: ViewPostImeInputStage processPointer 1
10-16 13:45:11.349 22335 22335 V InputMethodManager: Starting input: tba=android.view.inputmethod.EditorInfo@7695782 nm : cz.gienger.mobile ic=com.android.internal.widget.EditableInputConnection@1100e93
10-16 13:45:11.349 22335 22335 I InputMethodManager: startInputInner - mService.startInputOrWindowGainedFocus
10-16 13:45:11.352 22335 22335 D InputTransport: Input channel constructed: fd=81
10-16 13:45:11.352 22335 22335 D InputTransport: Input channel destroyed: fd=77
10-16 13:45:11.352 22335 22335 D InputMethodManager: SSI - flag : 0 Pid : 22335 view : cz.gienger.mobile
10-16 13:45:11.356 22335 22335 W IInputConnectionWrapper: finishComposingText on inactive InputConnection
10-16 13:46:20.070 22335 22335 D ViewRootImpl@c54250a[CartActivity]: ViewPostImeInputStage processPointer 0
10-16 13:46:20.152 22335 22335 D ViewRootImpl@c54250a[CartActivity]: ViewPostImeInputStage processPointer 1
10-16 13:46:20.159 22335 22335 D View : requestFocusFromTouch
10-16 13:46:20.182 22335 22335 D ScrollView: initGoToTop
10-16 13:46:20.186 22335 22335 D ScrollView: initGoToTop
10-16 13:46:20.195 22335 22335 D ViewRootImpl@a2aa532[CartActivity]: ThreadedRenderer.create() translucent=true
10-16 13:46:20.201 22335 22335 D InputTransport: Input channel constructed: fd=67
10-16 13:46:20.201 22335 22335 D ViewRootImpl@a2aa532[CartActivity]: setView = DecorView@929c283[CartActivity] touchMode=false
10-16 13:46:20.203 22335 22335 V InputMethodManager: Starting input: tba=android.view.inputmethod.EditorInfo@45dec00 nm : cz.gienger.mobile ic=null
10-16 13:46:20.203 22335 22335 I InputMethodManager: startInputInner - mService.startInputOrWindowGainedFocus
10-16 13:46:20.204 22335 22335 D InputTransport: Input channel constructed: fd=69
10-16 13:46:20.204 22335 22335 D InputTransport: Input channel destroyed: fd=81
10-16 13:46:20.209 22335 22335 D ViewRootImpl@a2aa532[CartActivity]: dispatchAttachedToWindow
10-16 13:46:20.249 22335 22335 D ViewRootImpl@a2aa532[CartActivity]: Relayout returned: oldFrame=[0,0][0,0] newFrame=[108,450][660,597] result=0x26 surface={isValid=true -1999671296} surfaceGenerationChanged=true
10-16 13:46:20.250 22335 22335 D ViewRootImpl@a2aa532[CartActivity]: mHardwareRenderer.initialize() mSurface={isValid=true -1999671296} hwInitialized=true
10-16 13:46:20.256 22335 22335 D ScrollView: onsize change changed
10-16 13:46:20.256 22335 22335 D ScrollView: onsize change changed
10-16 13:46:20.258 22335 22335 D ViewRootImpl@a2aa532[CartActivity]: MSG_WINDOW_FOCUS_CHANGED 1
10-16 13:46:20.258 22335 22335 D ViewRootImpl@a2aa532[CartActivity]: mHardwareRenderer.initializeIfNeeded()#2 mSurface={isValid=true -1999671296}
10-16 13:46:20.258 22335 22335 V InputMethodManager: Not IME target window, ignoring
10-16 13:46:20.258 22335 22335 W IInputConnectionWrapper: finishComposingText on inactive InputConnection
10-16 13:46:20.280 22335 22335 D ViewRootImpl@a2aa532[CartActivity]: MSG_RESIZED_REPORT: frame=Rect(108, 450 - 660, 597) ci=Rect(0, 0 - 0, 0) vi=Rect(0, 0 - 0, 0) or=1
10-16 13:46:20.321 22335 22335 D ViewRootImpl@c54250a[CartActivity]: MSG_WINDOW_FOCUS_CHANGED 0
10-16 13:46:21.366 22335 22335 D ViewRootImpl@a2aa532[CartActivity]: ViewPostImeInputStage processPointer 0
10-16 13:46:21.437 22335 22335 D ViewRootImpl@a2aa532[CartActivity]: ViewPostImeInputStage processPointer 1
10-16 13:46:21.467 22335 22335 D ScrollView: initGoToTop
10-16 13:46:21.472 22335 22335 D ScrollView: initGoToTop
10-16 13:46:21.482 22335 22335 D ViewRootImpl@9889a1d[CartActivity]: ThreadedRenderer.create() translucent=true
10-16 13:46:21.488 22335 22335 D InputTransport: Input channel constructed: fd=93
10-16 13:46:21.488 22335 22335 D ViewRootImpl@9889a1d[CartActivity]: setView = DecorView@d8ca492[CartActivity] touchMode=true
10-16 13:46:21.503 22335 22368 D OpenGLRenderer: endAllActiveAnimators on 0x88e23500 (RippleDrawable) with handle 0x88cadbe0
10-16 13:46:21.503 22335 22335 D ViewRootImpl@a2aa532[CartActivity]: mHardwareRenderer.destroy()#4
10-16 13:46:21.503 22335 22335 D ViewRootImpl@a2aa532[CartActivity]: dispatchDetachedFromWindow
10-16 13:46:21.516 22335 22335 D InputTransport: Input channel destroyed: fd=67
10-16 13:46:21.518 22335 22335 D ViewRootImpl@9889a1d[CartActivity]: dispatchAttachedToWindow
10-16 13:46:21.550 22335 22335 D ViewRootImpl@9889a1d[CartActivity]: Relayout returned: oldFrame=[0,0][0,0] newFrame=[108,466][660,582] result=0x27 surface={isValid=true -1999671296} surfaceGenerationChanged=true
10-16 13:46:21.550 22335 22335 D ViewRootImpl@9889a1d[CartActivity]: mHardwareRenderer.initialize() mSurface={isValid=true -1999671296} hwInitialized=true
10-16 13:46:21.582 22335 22335 D ViewRootImpl@9889a1d[CartActivity]: MSG_WINDOW_FOCUS_CHANGED 1
10-16 13:46:21.583 22335 22335 D ViewRootImpl@9889a1d[CartActivity]: mHardwareRenderer.initializeIfNeeded()#2 mSurface={isValid=true -1999671296}
10-16 13:46:21.598 22335 22335 D ViewRootImpl@9889a1d[CartActivity]: MSG_RESIZED_REPORT: frame=Rect(108, 466 - 660, 582) ci=Rect(0, 0 - 0, 0) vi=Rect(0, 0 - 0, 0) or=1
10-16 13:46:21.622 22335 22335 E ViewRootImpl: sendUserActionEvent() returned.
10-16 13:46:21.662 22335 22345 I art : Background sticky concurrent mark sweep GC freed 135706(6MB) AllocSpace objects, 11(2MB) LOS objects, 12% free, 18MB/21MB, paused 2.613ms total 140.908ms
10-16 13:46:21.928 22335 22345 I art : Background partial concurrent mark sweep GC freed 194492(7MB) AllocSpace objects, 19(1456KB) LOS objects, 47% free, 13MB/25MB, paused 1.194ms total 132.915ms
10-16 13:46:22.753 22335 22345 I art : Background sticky concurrent mark sweep GC freed 382566(11MB) AllocSpace objects, 5(160KB) LOS objects, 27% free, 18MB/25MB, paused 1.216ms total 107.517ms
10-16 13:46:23.461 22335 22345 I art : Background partial concurrent mark sweep GC freed 285656(8MB) AllocSpace objects, 12(1272KB) LOS objects, 40% free, 17MB/29MB, paused 1.148ms total 156.673ms
10-16 13:46:25.740 22335 22345 I art : Background partial concurrent mark sweep GC freed 237012(11MB) AllocSpace objects, 70(4MB) LOS objects, 43% free, 15MB/27MB, paused 1.366ms total 165.735ms
10-16 13:46:25.844 22335 22335 D ViewRootImpl@9889a1d[CartActivity]: mHardwareRenderer.destroy()#4
10-16 13:46:25.844 22335 22335 D ViewRootImpl@9889a1d[CartActivity]: dispatchDetachedFromWindow
10-16 13:46:25.855 22335 22335 D InputTransport: Input channel destroyed: fd=93
10-16 13:46:25.891 22335 22335 D ViewRootImpl@c54250a[CartActivity]: MSG_WINDOW_FOCUS_CHANGED 1
10-16 13:46:25.891 22335 22335 V InputMethodManager: Not IME target window, ignoring
10-16 13:46:25.892 22335 22335 D ViewRootImpl@c54250a[CartActivity]: mHardwareRenderer.initializeIfNeeded()#2 mSurface={isValid=true -2024407040}
10-16 13:46:25.906 22335 22335 V InputMethodManager: Starting input: tba=android.view.inputmethod.EditorInfo@1c67720 nm : cz.gienger.mobile ic=null
10-16 13:46:25.906 22335 22335 I InputMethodManager: startInputInner - mService.startInputOrWindowGainedFocus
10-16 13:46:25.908 22335 22335 D InputTransport: Input channel constructed: fd=67
10-16 13:46:25.908 22335 22335 D InputTransport: Input channel destroyed: fd=69
10-16 13:46:25.908 22335 22335 E ViewRootImpl: sendUserActionEvent() returned.
10-16 13:46:25.909 22335 22335 D ViewRootImpl@c54250a[CartActivity]: MSG_WINDOW_FOCUS_CHANGED 0
10-16 13:46:26.912 22335 22335 D ViewRootImpl@c54250a[CartActivity]: mHardwareRenderer.destroy()#1
10-16 13:46:26.930 22335 22335 D ViewRootImpl@c54250a[CartActivity]: Relayout returned: oldFrame=[0,0][768,1024] newFrame=[0,0][768,1024] result=0x5 surface={isValid=false 0} surfaceGenerationChanged=true
10-16 13:46:26.930 22335 22335 D InputTransport: Input channel destroyed: fd=67
10-16 13:47:29.751 22335 22335 D ViewRootImpl@4c957fe[PdfArchiveActivity]: ThreadedRenderer.create() translucent=true
10-16 13:47:29.754 22335 22335 D InputTransport: Input channel constructed: fd=61
10-16 13:47:29.754 22335 22335 D ViewRootImpl@4c957fe[PdfArchiveActivity]: setView = DecorView@efe0b5f[PdfArchiveActivity] touchMode=true
10-16 13:47:29.757 22335 22335 D ViewRootImpl@4c957fe[PdfArchiveActivity]: dispatchAttachedToWindow
10-16 13:47:29.782 22335 22335 D ViewRootImpl@4c957fe[PdfArchiveActivity]: Relayout returned: oldFrame=[0,0][0,0] newFrame=[241,456][527,568] result=0x27 surface={isValid=true -1998862336} surfaceGenerationChanged=true
10-16 13:47:29.783 22335 22335 D ViewRootImpl@4c957fe[PdfArchiveActivity]: mHardwareRenderer.initialize() mSurface={isValid=true -1998862336} hwInitialized=true
10-16 13:47:29.787 22335 22335 D ViewRootImpl@4c957fe[PdfArchiveActivity]: MSG_RESIZED_REPORT: frame=Rect(241, 456 - 527, 568) ci=Rect(0, 0 - 0, 0) vi=Rect(0, 0 - 0, 0) or=1
10-16 13:47:29.787 22335 22335 D ViewRootImpl@4c957fe[PdfArchiveActivity]: MSG_WINDOW_FOCUS_CHANGED 1
10-16 13:47:29.787 22335 22335 D ViewRootImpl@4c957fe[PdfArchiveActivity]: mHardwareRenderer.initializeIfNeeded()#2 mSurface={isValid=true -1998862336}
10-16 13:47:29.788 22335 22335 V InputMethodManager: Starting input: tba=android.view.inputmethod.EditorInfo@41bf9ac nm : cz.gienger.mobile ic=null
10-16 13:47:29.788 22335 22335 I InputMethodManager: startInputInner - mService.startInputOrWindowGainedFocus
10-16 13:47:29.790 22335 22335 D InputTransport: Input channel constructed: fd=67
10-16 13:47:30.896 22335 22335 D ViewRootImpl@4c957fe[PdfArchiveActivity]: mHardwareRenderer.destroy()#1
10-16 13:47:30.908 22335 22335 D ViewRootImpl@4c957fe[PdfArchiveActivity]: Relayout returned: oldFrame=[241,456][527,568] newFrame=[241,456][527,568] result=0x5 surface={isValid=false 0} surfaceGenerationChanged=true
10-16 13:47:30.908 22335 22335 D ViewRootImpl@4c957fe[PdfArchiveActivity]: MSG_WINDOW_FOCUS_CHANGED 0
10-16 13:47:30.913 22335 22335 D ViewRootImpl@c54250a[CartActivity]: mHardwareRenderer.destroy()#1
10-16 13:47:30.922 22335 22335 D ViewRootImpl@c54250a[CartActivity]: Relayout returned: oldFrame=[0,0][768,1024] newFrame=[0,0][768,1024] result=0x1 surface={isValid=false 0} surfaceGenerationChanged=false
10-16 13:47:31.095 22335 22335 E SpannableStringBuilder: SPAN_EXCLUSIVE_EXCLUSIVE spans cannot have a zero length
10-16 13:47:31.099 22335 22335 D InputTransport: Input channel destroyed: fd=67
10-16 13:47:31.117 22335 20820 D MYINTERCEPTOR: /GiengerService.svc/uploadfinishedorder
10-16 13:47:31.118 22335 22335 D ViewRootImpl@e0da848[CategoryListActivity]: mHardwareRenderer.destroy()#4
10-16 13:47:31.118 22335 22335 D ViewRootImpl@e0da848[CategoryListActivity]: dispatchDetachedFromWindow
10-16 13:47:31.119 22335 20820 D OkHttp : --> POST https://testsaig1.gienger.cz/GiengerService.svc/uploadfinishedorder http/1.1
10-16 13:47:31.119 22335 20820 D OkHttp : Content-Type: text/raw
10-16 13:47:31.119 22335 20820 D OkHttp : Content-Length: 133453
10-16 13:47:31.119 22335 20820 D OkHttp : filename: ec749bc3-88bb-482f-b5aa-9e27387f8df6.xml
10-16 13:47:31.119 22335 20820 D OkHttp : Checksum: 0d92068f1c83f4dde122c1994f74c416
10-16 13:47:31.119 22335 20820 D OkHttp : token: b0b27dec81550cc334eea168b40dd216
10-16 13:47:31.119 22335 20820 D OkHttp : state: CZ
10-16 13:47:31.119 22335 20820 D OkHttp : --> END POST
10-16 13:47:31.124 22335 22335 D InputTransport: Input channel destroyed: fd=68
10-16 13:47:31.143 22335 22335 D ViewRootImpl@6ee30a4[ArticleListActivity]: mHardwareRenderer.destroy()#4
10-16 13:47:31.143 22335 22335 D ViewRootImpl@6ee30a4[ArticleListActivity]: dispatchDetachedFromWindow
10-16 13:47:31.152 22335 22335 D InputTransport: Input channel destroyed: fd=64
10-16 13:47:31.162 22335 22335 D ViewRootImpl@cf0c574[CategoryListActivity]: mHardwareRenderer.destroy()#4
10-16 13:47:31.162 22335 22335 D ViewRootImpl@cf0c574[CategoryListActivity]: dispatchDetachedFromWindow
10-16 13:47:31.169 22335 22335 D InputTransport: Input channel destroyed: fd=74
10-16 13:47:31.198 22335 22335 D ViewRootImpl@82460c7[ArticleListActivity]: mHardwareRenderer.destroy()#4
10-16 13:47:31.198 22335 22335 D ViewRootImpl@82460c7[ArticleListActivity]: dispatchDetachedFromWindow
10-16 13:47:31.209 22335 22335 D InputTransport: Input channel destroyed: fd=76
10-16 13:47:31.257 22335 22335 D ViewRootImpl@c54250a[CartActivity]: Relayout returned: oldFrame=[0,0][768,1024] newFrame=[0,0][768,1024] result=0x7 surface={isValid=true -1998862336} surfaceGenerationChanged=true
10-16 13:47:31.258 22335 22335 D ViewRootImpl@c54250a[CartActivity]: mHardwareRenderer.initialize() mSurface={isValid=true -1998862336} hwInitialized=true
10-16 13:47:31.268 22335 22335 D LOCATION_SERVICE: onDestroy
10-16 13:47:31.537 22335 22335 D ViewRootImpl@b4496e9[MainActivity]: Relayout returned: oldFrame=[0,0][768,1024] newFrame=[0,0][768,1024] result=0x7 surface={isValid=true -1994612736} surfaceGenerationChanged=true
10-16 13:47:31.537 22335 22335 D ViewRootImpl@b4496e9[MainActivity]: mHardwareRenderer.initialize() mSurface={isValid=true -1994612736} hwInitialized=true
10-16 13:47:31.614 22335 22335 D AbsListView: in onLayout changed
10-16 13:47:31.638 22335 22335 D ViewRootImpl@b4496e9[MainActivity]: MSG_WINDOW_FOCUS_CHANGED 1
10-16 13:47:31.638 22335 22335 D ViewRootImpl@b4496e9[MainActivity]: mHardwareRenderer.initializeIfNeeded()#2 mSurface={isValid=true -1994612736}
10-16 13:47:31.640 22335 22335 V InputMethodManager: Starting input: tba=android.view.inputmethod.EditorInfo@78ca585 nm : cz.gienger.mobile ic=null
10-16 13:47:31.640 22335 22335 I InputMethodManager: startInputInner - mService.startInputOrWindowGainedFocus
10-16 13:47:31.664 22335 22335 D InputTransport: Input channel constructed: fd=69
10-16 13:47:31.670 22335 22335 E SpannableStringBuilder: SPAN_EXCLUSIVE_EXCLUSIVE spans cannot have a zero length
10-16 13:47:31.698 22335 22335 D ViewRootImpl@c54250a[CartActivity]: mHardwareRenderer.destroy()#1
10-16 13:47:31.706 22335 22335 D ViewRootImpl@c54250a[CartActivity]: Relayout returned: oldFrame=[0,0][768,1024] newFrame=[0,0][768,1024] result=0x5 surface={isValid=false 0} surfaceGenerationChanged=true
10-16 13:47:31.723 22335 22335 D ViewRootImpl@4c957fe[PdfArchiveActivity]: mHardwareRenderer.destroy()#4
10-16 13:47:31.723 22335 22335 D ViewRootImpl@4c957fe[PdfArchiveActivity]: dispatchDetachedFromWindow
10-16 13:47:31.734 22335 22335 D InputTransport: Input channel destroyed: fd=61
10-16 13:47:32.080 22335 22335 D TextView: SYANI: Clipboard API is calling: clearFilter()
10-16 13:47:32.081 22335 22335 D TextView: SYANI: Clipboard API is calling: unregisterClipboardEventListener()
10-16 13:47:32.082 22335 22335 D TextView: SYANI: Clipboard API is calling: clearFilter()
10-16 13:47:32.082 22335 22335 D TextView: SYANI: Clipboard API is calling: unregisterClipboardEventListener()
10-16 13:47:32.082 22335 22335 D TextView: SYANI: Clipboard API is calling: clearFilter()
10-16 13:47:32.083 22335 22335 D TextView: SYANI: Clipboard API is calling: unregisterClipboardEventListener()
10-16 13:47:32.088 22335 22335 D TextView: SYANI: Clipboard API is calling: clearFilter()
10-16 13:47:32.088 22335 22335 D TextView: SYANI: Clipboard API is calling: unregisterClipboardEventListener()
10-16 13:47:32.090 22335 22335 D TextView: SYANI: Clipboard API is calling: clearFilter()
10-16 13:47:32.090 22335 22335 D TextView: SYANI: Clipboard API is calling: unregisterClipboardEventListener()
10-16 13:47:32.093 22335 22335 D TextView: SYANI: Clipboard API is calling: clearFilter()
10-16 13:47:32.093 22335 22335 D TextView: SYANI: Clipboard API is calling: unregisterClipboardEventListener()
10-16 13:47:32.096 22335 22335 D TextView: SYANI: Clipboard API is calling: clearFilter()
10-16 13:47:32.096 22335 22335 D TextView: SYANI: Clipboard API is calling: unregisterClipboardEventListener()
10-16 13:47:32.098 22335 22335 D TextView: SYANI: Clipboard API is calling: clearFilter()
10-16 13:47:32.098 22335 22335 D TextView: SYANI: Clipboard API is calling: unregisterClipboardEventListener()
10-16 13:47:32.099 22335 22335 D TextView: SYANI: Clipboard API is calling: clearFilter()
10-16 13:47:32.099 22335 22335 D TextView: SYANI: Clipboard API is calling: unregisterClipboardEventListener()
10-16 13:47:32.100 22335 22335 D TextView: SYANI: Clipboard API is calling: clearFilter()
10-16 13:47:32.100 22335 22335 D TextView: SYANI: Clipboard API is calling: unregisterClipboardEventListener()
10-16 13:47:32.101 22335 22335 D TextView: SYANI: Clipboard API is calling: clearFilter()
10-16 13:47:32.101 22335 22335 D TextView: SYANI: Clipboard API is calling: unregisterClipboardEventListener()
10-16 13:47:32.108 22335 22335 D ViewRootImpl@c54250a[CartActivity]: mHardwareRenderer.destroy()#4
10-16 13:47:32.108 22335 22335 D ViewRootImpl@c54250a[CartActivity]: dispatchDetachedFromWindow
10-16 13:47:32.119 22335 22335 D InputTransport: Input channel destroyed: fd=75
10-16 13:47:33.204 22335 22335 D ViewRootImpl@b4496e9[MainActivity]: ViewPostImeInputStage processPointer 0
10-16 13:47:33.248 22335 22335 D AbsListView: reportScrollStateChange() newState : 1
10-16 13:47:33.687 22335 22335 D ViewRootImpl@b4496e9[MainActivity]: ViewPostImeInputStage processPointer 1
10-16 13:47:33.688 22335 22335 D AbsListView: onTouchUp() mTouchMode : 3
10-16 13:47:33.688 22335 22335 D AbsListView: onTouchUp() TOUCH_MODE_SCROLL initialVelocity : -104
10-16 13:47:33.688 22335 22335 D AbsListView: reportScrollStateChange() newState : 2
10-16 13:47:33.818 22335 22335 D AbsListView: reportScrollStateChange() newState : 0
10-16 13:47:34.980 22335 20820 D OkHttp : <-- 200 https://testsaig1.gienger.cz/GiengerService.svc/uploadfinishedorder (3860ms)
10-16 13:47:34.981 22335 20820 D OkHttp : content-type: application/xml; charset=utf-8
10-16 13:47:34.981 22335 20820 D OkHttp : server: Microsoft-IIS/10.0
10-16 13:47:34.981 22335 20820 D OkHttp : x-powered-by: ASP.NET
10-16 13:47:34.981 22335 20820 D OkHttp : date: Wed, 16 Oct 2019 11:47:33 GMT
10-16 13:47:34.981 22335 20820 D OkHttp : content-length: 175
10-16 13:47:34.981 22335 20820 D OkHttp : <-- END HTTP
10-16 13:47:38.032 22335 22335 D ViewRootImpl@b4496e9[MainActivity]: ViewPostImeInputStage processPointer 0
10-16 13:47:38.091 22335 22335 D ViewRootImpl@b4496e9[MainActivity]: ViewPostImeInputStage processPointer 1
10-16 13:47:38.097 22335 22335 D item_click: viewId = 2131820760, position = 6
10-16 13:47:38.154 22335 22335 D ViewRootImpl@b4496e9[MainActivity]: MSG_WINDOW_FOCUS_CHANGED 0
10-16 13:47:38.243 22335 22335 D ViewRootImpl@750b906[CategoryListActivity]: ThreadedRenderer.create() translucent=false
10-16 13:47:38.246 22335 22335 D InputTransport: Input channel constructed: fd=67
10-16 13:47:38.247 22335 22335 D ViewRootImpl@750b906[CategoryListActivity]: setView = DecorView@662cbc7[CategoryListActivity] touchMode=true
10-16 13:47:38.250 22335 22335 D LOCATION_SERVICE: LocationListener gps
10-16 13:47:38.251 22335 22335 D LOCATION_SERVICE: LocationListener network
10-16 13:47:38.252 22335 22335 D LOCATION_SERVICE: onCreate
10-16 13:47:38.252 22335 22335 D LOCATION_SERVICE: initializeLocationManager
10-16 13:47:38.265 22335 22335 D LOCATION_SERVICE: onStartCommand
10-16 13:47:38.288 22335 22335 D ViewRootImpl@750b906[CategoryListActivity]: dispatchAttachedToWindow
10-16 13:47:38.318 22335 22335 D ViewRootImpl@750b906[CategoryListActivity]: Relayout returned: oldFrame=[0,0][0,0] newFrame=[0,0][768,1024] result=0x27 surface={isValid=true -2018512896} surfaceGenerationChanged=true
10-16 13:47:38.318 22335 22335 D ViewRootImpl@750b906[CategoryListActivity]: mHardwareRenderer.initialize() mSurface={isValid=true -2018512896} hwInitialized=true
10-16 13:47:38.457 22335 22335 D ViewRootImpl@750b906[CategoryListActivity]: MSG_RESIZED_REPORT: frame=Rect(0, 0 - 768, 1024) ci=Rect(0, 24 - 0, 0) vi=Rect(0, 24 - 0, 0) or=1
10-16 13:47:38.459 22335 22335 D ViewRootImpl@750b906[CategoryListActivity]: MSG_WINDOW_FOCUS_CHANGED 1
10-16 13:47:38.459 22335 22335 D ViewRootImpl@750b906[CategoryListActivity]: mHardwareRenderer.initializeIfNeeded()#2 mSurface={isValid=true -2018512896}
10-16 13:47:38.460 22335 22335 V InputMethodManager: Starting input: tba=android.view.inputmethod.EditorInfo@b705b50 nm : cz.gienger.mobile ic=null
10-16 13:47:38.460 22335 22335 I InputMethodManager: startInputInner - mService.startInputOrWindowGainedFocus
10-16 13:47:38.462 22335 22335 D InputTransport: Input channel constructed: fd=75
10-16 13:47:38.462 22335 22335 D InputTransport: Input channel destroyed: fd=69
10-16 13:47:38.531 22335 22368 D OpenGLRenderer: endAllActiveAnimators on 0x884f5800 (RippleDrawable) with handle 0x880a1aa0
10-16 13:47:38.531 22335 22335 D ViewRootImpl@b4496e9[MainActivity]: mHardwareRenderer.destroy()#1
10-16 13:47:38.539 22335 22335 D ViewRootImpl@b4496e9[MainActivity]: Relayout returned: oldFrame=[0,0][768,1024] newFrame=[0,0][768,1024] result=0x5 surface={isValid=false 0} surfaceGenerationChanged=true
10-16 13:47:38.950 22335 22335 D ViewRootImpl@b4496e9[MainActivity]: Relayout returned: oldFrame=[0,0][768,1024] newFrame=[0,0][768,1024] result=0x5 surface={isValid=false 0} surfaceGenerationChanged=false
10-16 13:47:40.023 22335 22335 D ViewRootImpl@750b906[CategoryListActivity]: ViewPostImeInputStage processKey 0
10-16 13:47:40.092 22335 22335 D ViewRootImpl@750b906[CategoryListActivity]: ViewPostImeInputStage processKey 1
10-16 13:47:40.338 22335 22335 D ViewRootImpl@b4496e9[MainActivity]: Relayout returned: oldFrame=[0,0][768,1024] newFrame=[0,0][768,1024] result=0x7 surface={isValid=true -2018510848} surfaceGenerationChanged=true
10-16 13:47:40.339 22335 22335 D ViewRootImpl@b4496e9[MainActivity]: mHardwareRenderer.initialize() mSurface={isValid=true -2018510848} hwInitialized=true
10-16 13:47:40.405 22335 22335 D AbsListView: in onLayout changed
10-16 13:47:40.428 22335 22335 D ViewRootImpl@b4496e9[MainActivity]: MSG_WINDOW_FOCUS_CHANGED 1
10-16 13:47:40.429 22335 22335 D ViewRootImpl@b4496e9[MainActivity]: mHardwareRenderer.initializeIfNeeded()#2 mSurface={isValid=true -2018510848}
10-16 13:47:40.430 22335 22335 V InputMethodManager: Starting input: tba=android.view.inputmethod.EditorInfo@b6fb41a nm : cz.gienger.mobile ic=null
10-16 13:47:40.430 22335 22335 I InputMethodManager: startInputInner - mService.startInputOrWindowGainedFocus
10-16 13:47:40.443 22335 22335 D InputTransport: Input channel constructed: fd=61
10-16 13:47:40.444 22335 22335 D InputTransport: Input channel destroyed: fd=75
10-16 13:47:40.455 22335 22335 D ViewRootImpl@750b906[CategoryListActivity]: MSG_WINDOW_FOCUS_CHANGED 0
10-16 13:47:40.484 22335 22335 D ViewRootImpl@750b906[CategoryListActivity]: mHardwareRenderer.destroy()#1
10-16 13:47:40.492 22335 22335 D ViewRootImpl@750b906[CategoryListActivity]: Relayout returned: oldFrame=[0,0][768,1024] newFrame=[0,0][768,1024] result=0x5 surface={isValid=false 0} surfaceGenerationChanged=true
10-16 13:47:40.905 22335 22335 D ViewRootImpl@750b906[CategoryListActivity]: mHardwareRenderer.destroy()#4
10-16 13:47:40.905 22335 22335 D ViewRootImpl@750b906[CategoryListActivity]: dispatchDetachedFromWindow
10-16 13:47:40.913 22335 22335 D InputTransport: Input channel destroyed: fd=67
10-16 13:47:40.919 22335 22335 D LOCATION_SERVICE: onDestroy
10-16 13:47:48.406 22335 22335 D ViewRootImpl@b4496e9[MainActivity]: ViewPostImeInputStage processPointer 0
10-16 13:47:48.447 22335 22335 D AbsListView: reportScrollStateChange() newState : 1
10-16 13:47:48.914 22335 22335 D ViewRootImpl@b4496e9[MainActivity]: ViewPostImeInputStage processPointer 1
10-16 13:47:48.914 22335 22335 D AbsListView: onTouchUp() mTouchMode : 3
10-16 13:47:48.914 22335 22335 D AbsListView: onTouchUp() TOUCH_MODE_SCROLL initialVelocity : -190
10-16 13:47:48.914 22335 22335 D AbsListView: reportScrollStateChange() newState : 2
10-16 13:47:49.099 22335 22335 D AbsListView: reportScrollStateChange() newState : 0
10-16 13:47:51.277 22335 22335 D ViewRootImpl@b4496e9[MainActivity]: ViewPostImeInputStage processPointer 0
10-16 13:47:51.339 22335 22335 D AbsListView: reportScrollStateChange() newState : 1
10-16 13:47:51.675 22335 22335 D ViewRootImpl@b4496e9[MainActivity]: ViewPostImeInputStage processPointer 1
10-16 13:47:51.675 22335 22335 D AbsListView: onTouchUp() mTouchMode : 3
10-16 13:47:51.675 22335 22335 D AbsListView: onTouchUp() TOUCH_MODE_SCROLL initialVelocity : -804
10-16 13:47:51.676 22335 22335 D AbsListView: reportScrollStateChange() newState : 2
10-16 13:47:52.161 22335 22335 D ViewRootImpl@b4496e9[MainActivity]: ViewPostImeInputStage processPointer 0
10-16 13:47:52.204 22335 22335 D AbsListView: reportScrollStateChange() newState : 0
10-16 13:47:52.206 22335 22335 D AbsListView: reportScrollStateChange() newState : 1
10-16 13:47:52.639 22335 22335 D ViewRootImpl@b4496e9[MainActivity]: ViewPostImeInputStage processPointer 1
10-16 13:47:52.639 22335 22335 D AbsListView: onTouchUp() mTouchMode : 3
10-16 13:47:52.639 22335 22335 D AbsListView: onTouchUp() TOUCH_MODE_SCROLL initialVelocity : -870
10-16 13:47:52.639 22335 22335 D AbsListView: reportScrollStateChange() newState : 2
10-16 13:47:53.175 22335 22335 D AbsListView: reportScrollStateChange() newState : 0
10-16 13:47:55.011 22335 22335 D ViewRootImpl@b4496e9[MainActivity]: ViewPostImeInputStage processPointer 0
10-16 13:47:55.033 22335 22335 D ViewRootImpl@b4496e9[MainActivity]: ViewPostImeInputStage processPointer 1
10-16 13:47:55.053 22335 22335 D item_click: viewId = 2131820756, position = 12
10-16 13:47:55.104 22335 22335 D ViewRootImpl@b4496e9[MainActivity]: MSG_WINDOW_FOCUS_CHANGED 0
10-16 13:47:55.220 22335 22335 D ViewRootImpl@6fcfcfb[DeliverActivity]: ThreadedRenderer.create() translucent=false
10-16 13:47:55.224 22335 22335 D InputTransport: Input channel constructed: fd=74
10-16 13:47:55.224 22335 22335 D ViewRootImpl@6fcfcfb[DeliverActivity]: setView = DecorView@3ee6118[DeliverActivity] touchMode=true
10-16 13:47:55.226 22335 22335 D LOCATION_SERVICE: LocationListener gps
10-16 13:47:55.227 22335 22335 D LOCATION_SERVICE: LocationListener network
10-16 13:47:55.228 22335 22335 D LOCATION_SERVICE: onCreate
10-16 13:47:55.228 22335 22335 D LOCATION_SERVICE: initializeLocationManager
10-16 13:47:55.248 22335 22335 D LOCATION_SERVICE: onStartCommand
10-16 13:47:55.254 22335 22335 D ViewRootImpl@6fcfcfb[DeliverActivity]: dispatchAttachedToWindow
10-16 13:47:55.288 22335 22335 D ViewRootImpl@6fcfcfb[DeliverActivity]: Relayout returned: oldFrame=[0,0][0,0] newFrame=[0,0][768,1024] result=0x27 surface={isValid=true -2008803328} surfaceGenerationChanged=true
10-16 13:47:55.289 22335 22335 D ViewRootImpl@6fcfcfb[DeliverActivity]: mHardwareRenderer.initialize() mSurface={isValid=true -2008803328} hwInitialized=true
10-16 13:47:55.333 22335 22335 D ViewRootImpl@6fcfcfb[DeliverActivity]: MSG_RESIZED_REPORT: frame=Rect(0, 0 - 768, 1024) ci=Rect(0, 24 - 0, 0) vi=Rect(0, 24 - 0, 0) or=1
10-16 13:47:55.333 22335 22335 D ViewRootImpl@6fcfcfb[DeliverActivity]: MSG_WINDOW_FOCUS_CHANGED 1
10-16 13:47:55.333 22335 22335 D ViewRootImpl@6fcfcfb[DeliverActivity]: mHardwareRenderer.initializeIfNeeded()#2 mSurface={isValid=true -2008803328}
10-16 13:47:55.334 22335 22335 V InputMethodManager: Starting input: tba=android.view.inputmethod.EditorInfo@39603a9 nm : cz.gienger.mobile ic=null
10-16 13:47:55.334 22335 22335 I InputMethodManager: startInputInner - mService.startInputOrWindowGainedFocus
10-16 13:47:55.348 22335 22335 D InputTransport: Input channel constructed: fd=75
10-16 13:47:55.348 22335 22335 D InputTransport: Input channel destroyed: fd=61
10-16 13:47:55.365 22335 20819 D FILE_MANAGER: Copying file /data/user/0/cz.gienger.mobile/files/delivery/130IT1190206554/130IT1190206554.pdf to /storage/emulated/0/130IT1190206554.pdf
10-16 13:47:55.388 22335 22368 D OpenGLRenderer: endAllActiveAnimators on 0x88637580 (RippleDrawable) with handle 0x88410a60
10-16 13:47:55.389 22335 22335 D ViewRootImpl@b4496e9[MainActivity]: mHardwareRenderer.destroy()#1
10-16 13:47:55.395 22335 22335 D ViewRootImpl@b4496e9[MainActivity]: Relayout returned: oldFrame=[0,0][768,1024] newFrame=[0,0][768,1024] result=0x5 surface={isValid=false 0} surfaceGenerationChanged=true
