10-16 13:36:58.231 22335 22335 D ViewRootImpl@e5c5218[LoginActivity]: dispatchDetachedFromWindow
10-16 13:36:58.245 22335 22335 D InputTransport: Input channel destroyed: fd=73
10-16 13:36:58.246 22335 22335 D ViewRootImpl@9a85401[LoginActivity]: MSG_WINDOW_FOCUS_CHANGED 1
10-16 13:36:58.246 22335 22335 D ViewRootImpl@9a85401[LoginActivity]: mHardwareRenderer.initializeIfNeeded()#2 mSurface={isValid=true -2018766848}
10-16 13:36:58.247 22335 22335 V InputMethodManager: Starting input: tba=android.view.inputmethod.EditorInfo@3e85be1 nm : cz.gienger.mobile ic=null
10-16 13:36:58.247 22335 22335 I InputMethodManager: startInputInner - mService.startInputOrWindowGainedFocus
10-16 13:36:58.249 22335 22335 D InputTransport: Input channel constructed: fd=73
10-16 13:36:58.249 22335 22335 D InputTransport: Input channel destroyed: fd=85
10-16 13:36:58.250 22335 22335 E ViewRootImpl: sendUserActionEvent() returned.
10-16 13:36:58.270 22335 22335 D AbsListView: in onLayout changed
10-16 13:36:58.513 22335 22335 D AbsListView: in onLayout changed
10-16 13:36:59.582 22335 22335 D ViewRootImpl@9a85401[LoginActivity]: ViewPostImeInputStage processPointer 0
10-16 13:36:59.611 22335 22335 D AbsListView: reportScrollStateChange() newState : 1
10-16 13:36:59.650 22335 22335 D ViewRootImpl@9a85401[LoginActivity]: ViewPostImeInputStage processPointer 1
10-16 13:36:59.651 22335 22335 D AbsListView: onTouchUp() mTouchMode : 3
10-16 13:36:59.651 22335 22335 D AbsListView: onTouchUp() TOUCH_MODE_SCROLL initialVelocity : -6992
10-16 13:36:59.651 22335 22335 D AbsListView: reportScrollStateChange() newState : 0
10-16 13:37:00.711 22335 22335 D ViewRootImpl@9a85401[LoginActivity]: ViewPostImeInputStage processPointer 0
10-16 13:37:00.790 22335 22335 D ViewRootImpl@9a85401[LoginActivity]: ViewPostImeInputStage processPointer 1
10-16 13:37:00.817 22335 22335 D ScrollView: initGoToTop
10-16 13:37:00.822 22335 22335 D ScrollView: initGoToTop
10-16 13:37:00.831 22335 22335 D ViewRootImpl@ad9c14d[LoginActivity]: ThreadedRenderer.create() translucent=true
10-16 13:37:00.837 22335 22335 D InputTransport: Input channel constructed: fd=76
10-16 13:37:00.837 22335 22335 D ViewRootImpl@ad9c14d[LoginActivity]: setView = DecorView@62af402[LoginActivity] touchMode=true
10-16 13:37:00.839 22335 22335 D ViewRootImpl@ad9c14d[LoginActivity]: dispatchAttachedToWindow
10-16 13:37:00.873 22335 22335 D ViewRootImpl@ad9c14d[LoginActivity]: Relayout returned: oldFrame=[0,0][0,0] newFrame=[108,450][660,597] result=0x27 surface={isValid=true -2018476032} surfaceGenerationChanged=true
10-16 13:37:00.874 22335 22335 D ViewRootImpl@ad9c14d[LoginActivity]: mHardwareRenderer.initialize() mSurface={isValid=true -2018476032} hwInitialized=true
10-16 13:37:00.878 22335 22335 D ScrollView: onsize change changed
10-16 13:37:00.878 22335 22335 D ScrollView: onsize change changed
10-16 13:37:00.896 22335 22335 D ViewRootImpl@ad9c14d[LoginActivity]: MSG_WINDOW_FOCUS_CHANGED 1
10-16 13:37:00.897 22335 22335 D ViewRootImpl@ad9c14d[LoginActivity]: mHardwareRenderer.initializeIfNeeded()#2 mSurface={isValid=true -2018476032}
10-16 13:37:00.917 22335 22335 D ViewRootImpl@ad9c14d[LoginActivity]: MSG_RESIZED_REPORT: frame=Rect(108, 450 - 660, 597) ci=Rect(0, 0 - 0, 0) vi=Rect(0, 0 - 0, 0) or=1
10-16 13:37:00.928 22335 22335 D ViewRootImpl@9a85401[LoginActivity]: MSG_WINDOW_FOCUS_CHANGED 0
10-16 13:37:01.895 22335 22335 D ViewRootImpl@ad9c14d[LoginActivity]: ViewPostImeInputStage processPointer 0
10-16 13:37:01.977 22335 22335 D ViewRootImpl@ad9c14d[LoginActivity]: ViewPostImeInputStage processPointer 1
10-16 13:37:02.013 22335 22335 D ScrollView: initGoToTop
10-16 13:37:02.017 22335 22335 D ScrollView: initGoToTop
10-16 13:37:02.024 22335 22335 D ViewRootImpl@d92d7d6[LoginActivity]: ThreadedRenderer.create() translucent=true
10-16 13:37:02.029 22335 22335 D InputTransport: Input channel constructed: fd=80
10-16 13:37:02.030 22335 22335 D ViewRootImpl@d92d7d6[LoginActivity]: setView = DecorView@acd4a57[LoginActivity] touchMode=true
10-16 13:37:02.031 22335 19481 D MYINTERCEPTOR: /GiengerService.svc/assign/A03_trasa_A03-02_ranni_13_06_2019
10-16 13:37:02.032 22335 19481 D OkHttp : --> POST https://testsaig1.gienger.cz/GiengerService.svc/assign/A03_trasa_A03-02_ranni_13_06_2019 http/1.1
10-16 13:37:02.032 22335 19481 D OkHttp : Content-Length: 0
10-16 13:37:02.032 22335 19481 D OkHttp : token: b0b27dec81550cc334eea168b40dd216
10-16 13:37:02.032 22335 19481 D OkHttp : --> END POST
10-16 13:37:02.040 22335 22335 D ViewRootImpl@ad9c14d[LoginActivity]: mHardwareRenderer.destroy()#4
10-16 13:37:02.040 22335 22335 D ViewRootImpl@ad9c14d[LoginActivity]: dispatchDetachedFromWindow
10-16 13:37:02.052 22335 22335 D InputTransport: Input channel destroyed: fd=76
10-16 13:37:02.054 22335 22335 D ViewRootImpl@d92d7d6[LoginActivity]: dispatchAttachedToWindow
10-16 13:37:02.076 22335 22335 D ViewRootImpl@d92d7d6[LoginActivity]: Relayout returned: oldFrame=[0,0][0,0] newFrame=[108,466][660,582] result=0x27 surface={isValid=true -2020759552} surfaceGenerationChanged=true
10-16 13:37:02.076 22335 22335 D ViewRootImpl@d92d7d6[LoginActivity]: mHardwareRenderer.initialize() mSurface={isValid=true -2020759552} hwInitialized=true
10-16 13:37:02.080 22335 19481 D OkHttp : <-- 200 https://testsaig1.gienger.cz/GiengerService.svc/assign/A03_trasa_A03-02_ranni_13_06_2019 (47ms)
10-16 13:37:02.080 22335 19481 D OkHttp : content-type: application/xml; charset=utf-8
10-16 13:37:02.080 22335 19481 D OkHttp : server: Microsoft-IIS/10.0
10-16 13:37:02.081 22335 19481 D OkHttp : x-powered-by: ASP.NET
10-16 13:37:02.081 22335 19481 D OkHttp : date: Wed, 16 Oct 2019 11:37:01 GMT
10-16 13:37:02.081 22335 19481 D OkHttp : content-length: 187
10-16 13:37:02.081 22335 19481 D OkHttp : <-- END HTTP
10-16 13:37:02.084 22335 22335 D ViewRootImpl@d92d7d6[LoginActivity]: MSG_WINDOW_FOCUS_CHANGED 1
10-16 13:37:02.085 22335 22335 D ViewRootImpl@d92d7d6[LoginActivity]: mHardwareRenderer.initializeIfNeeded()#2 mSurface={isValid=true -2020759552}
10-16 13:37:02.095 22335 22335 D ViewRootImpl@d92d7d6[LoginActivity]: MSG_RESIZED_REPORT: frame=Rect(108, 466 - 660, 582) ci=Rect(0, 0 - 0, 0) vi=Rect(0, 0 - 0, 0) or=1
10-16 13:37:02.112 22335 22335 D ViewRootImpl@d92d7d6[LoginActivity]: mHardwareRenderer.destroy()#4
10-16 13:37:02.112 22335 22335 D ViewRootImpl@d92d7d6[LoginActivity]: dispatchDetachedFromWindow
10-16 13:37:02.126 22335 22335 D InputTransport: Input channel destroyed: fd=80
10-16 13:37:02.133 22335 22335 D ALARM_REUPLOAD: alarm already scheduled
10-16 13:37:02.158 22335 22335 D ScrollView: initGoToTop
10-16 13:37:02.164 22335 22335 D ScrollView: initGoToTop
10-16 13:37:02.174 22335 22335 D ViewRootImpl@aeca41[LoginActivity]: ThreadedRenderer.create() translucent=true
10-16 13:37:02.179 22335 22335 D InputTransport: Input channel constructed: fd=80
10-16 13:37:02.179 22335 22335 D ViewRootImpl@aeca41[LoginActivity]: setView = DecorView@b521be6[LoginActivity] touchMode=true
10-16 13:37:02.192 22335 22335 D ViewRootImpl@aeca41[LoginActivity]: dispatchAttachedToWindow
10-16 13:37:02.195 22335 19493 D MYINTERCEPTOR: /GiengerService.svc/metadata
10-16 13:37:02.196 22335 19493 D OkHttp : --> GET https://testsaig1.gienger.cz/GiengerService.svc/metadata http/1.1
10-16 13:37:02.196 22335 19493 D OkHttp : token: b0b27dec81550cc334eea168b40dd216
10-16 13:37:02.197 22335 19493 D OkHttp : state: CZ
10-16 13:37:02.197 22335 19493 D OkHttp : --> END GET
10-16 13:37:02.227 22335 22335 D ViewRootImpl@aeca41[LoginActivity]: Relayout returned: oldFrame=[0,0][0,0] newFrame=[108,466][660,582] result=0x27 surface={isValid=true -2015997952} surfaceGenerationChanged=true
10-16 13:37:02.227 22335 22335 D ViewRootImpl@aeca41[LoginActivity]: mHardwareRenderer.initialize() mSurface={isValid=true -2015997952} hwInitialized=true
10-16 13:37:02.230 22335 22335 E ViewRootImpl: sendUserActionEvent() returned.
10-16 13:37:02.230 22335 22335 D ViewRootImpl@9a85401[LoginActivity]: MSG_WINDOW_FOCUS_CHANGED 1
10-16 13:37:02.231 22335 22335 D ViewRootImpl@9a85401[LoginActivity]: mHardwareRenderer.initializeIfNeeded()#2 mSurface={isValid=true -2018766848}
10-16 13:37:02.233 22335 22335 E ViewRootImpl: sendUserActionEvent() returned.
10-16 13:37:02.234 22335 22335 D ViewRootImpl@aeca41[LoginActivity]: MSG_WINDOW_FOCUS_CHANGED 1
10-16 13:37:02.234 22335 22335 D ViewRootImpl@aeca41[LoginActivity]: mHardwareRenderer.initializeIfNeeded()#2 mSurface={isValid=true -2015997952}
10-16 13:37:02.248 22335 22335 D ViewRootImpl@aeca41[LoginActivity]: MSG_RESIZED_REPORT: frame=Rect(108, 466 - 660, 582) ci=Rect(0, 0 - 0, 0) vi=Rect(0, 0 - 0, 0) or=1
10-16 13:37:02.272 22335 22335 D ViewRootImpl@9a85401[LoginActivity]: MSG_WINDOW_FOCUS_CHANGED 0
10-16 13:37:03.567 22335 19493 D OkHttp : <-- 200 https://testsaig1.gienger.cz/GiengerService.svc/metadata (1370ms)
10-16 13:37:03.567 22335 19493 D OkHttp : content-type: application/xml; charset=utf-8
10-16 13:37:03.567 22335 19493 D OkHttp : server: Microsoft-IIS/10.0
10-16 13:37:03.568 22335 19493 D OkHttp : x-powered-by: ASP.NET
10-16 13:37:03.568 22335 19493 D OkHttp : date: Wed, 16 Oct 2019 11:37:02 GMT
10-16 13:37:03.568 22335 19493 D OkHttp : content-length: 550
10-16 13:37:03.568 22335 19493 D OkHttp : <-- END HTTP
10-16 13:37:26.223 22335 22335 D ViewRootImpl@aeca41[LoginActivity]: mHardwareRenderer.destroy()#4
10-16 13:37:26.223 22335 22335 D ViewRootImpl@aeca41[LoginActivity]: dispatchDetachedFromWindow
10-16 13:37:26.236 22335 22335 D InputTransport: Input channel destroyed: fd=80
10-16 13:37:26.253 22335 22335 D ViewRootImpl@9a85401[LoginActivity]: MSG_WINDOW_FOCUS_CHANGED 1
10-16 13:37:26.254 22335 22335 D ViewRootImpl@9a85401[LoginActivity]: mHardwareRenderer.initializeIfNeeded()#2 mSurface={isValid=true -2018766848}
10-16 13:37:26.259 22335 22335 E ViewRootImpl: sendUserActionEvent() returned.
10-16 13:37:26.646 22335 22335 D ViewRootImpl@710ef71[MainActivity]: Relayout returned: oldFrame=[0,0][768,1024] newFrame=[0,0][768,1024] result=0x7 surface={isValid=true -2013937664} surfaceGenerationChanged=true
10-16 13:37:26.646 22335 22335 D ViewRootImpl@710ef71[MainActivity]: mHardwareRenderer.initialize() mSurface={isValid=true -2013937664} hwInitialized=true
10-16 13:37:26.714 22335 22335 D AbsListView: in onLayout changed
10-16 13:37:26.739 22335 22335 D ViewRootImpl@710ef71[MainActivity]: MSG_WINDOW_FOCUS_CHANGED 1
10-16 13:37:26.740 22335 22335 D ViewRootImpl@710ef71[MainActivity]: mHardwareRenderer.initializeIfNeeded()#2 mSurface={isValid=true -2013937664}
10-16 13:37:26.741 22335 22335 V InputMethodManager: Starting input: tba=android.view.inputmethod.EditorInfo@3d69c1d nm : cz.gienger.mobile ic=null
10-16 13:37:26.741 22335 22335 I InputMethodManager: startInputInner - mService.startInputOrWindowGainedFocus
10-16 13:37:26.758 22335 22335 D InputTransport: Input channel constructed: fd=85
10-16 13:37:26.758 22335 22335 D InputTransport: Input channel destroyed: fd=73
10-16 13:37:26.763 22335 22335 D ViewRootImpl@9a85401[LoginActivity]: MSG_WINDOW_FOCUS_CHANGED 0
10-16 13:37:26.794 22335 22335 D ViewRootImpl@9a85401[LoginActivity]: mHardwareRenderer.destroy()#1
10-16 13:37:26.809 22335 22335 D ViewRootImpl@9a85401[LoginActivity]: Relayout returned: oldFrame=[0,0][768,1024] newFrame=[0,0][768,1024] result=0x5 surface={isValid=false 0} surfaceGenerationChanged=true
10-16 13:37:27.207 22335 22335 D ViewRootImpl@9a85401[LoginActivity]: mHardwareRenderer.destroy()#4
10-16 13:37:27.207 22335 22335 D ViewRootImpl@9a85401[LoginActivity]: dispatchDetachedFromWindow
10-16 13:37:27.215 22335 22335 D InputTransport: Input channel destroyed: fd=66
10-16 13:37:41.903 22335 22335 V InputMethodManager: Starting input: tba=android.view.inputmethod.EditorInfo@15f7e92 nm : cz.gienger.mobile ic=null
10-16 13:37:41.903 22335 22335 I InputMethodManager: startInputInner - mService.startInputOrWindowGainedFocus
10-16 13:37:41.906 22335 22335 D InputTransport: Input channel constructed: fd=71
10-16 13:37:41.906 22335 22335 D InputTransport: Input channel destroyed: fd=85
10-16 13:39:23.499 22335 22335 V InputMethodManager: Starting input: tba=android.view.inputmethod.EditorInfo@5259063 nm : cz.gienger.mobile ic=null
10-16 13:39:23.499 22335 22335 I InputMethodManager: startInputInner - mService.startInputOrWindowGainedFocus
10-16 13:39:23.509 22335 22335 D InputTransport: Input channel constructed: fd=68
10-16 13:39:23.509 22335 22335 D InputTransport: Input channel destroyed: fd=71
10-16 13:39:23.881 22335 22335 D ViewRootImpl@710ef71[MainActivity]: Relayout returned: oldFrame=[0,0][768,1024] newFrame=[0,0][768,1024] result=0x1 surface={isValid=true -2013937664} surfaceGenerationChanged=false
10-16 13:39:23.974 22335 22335 D AbsListView: in onLayout changed
10-16 13:39:23.974 22335 22335 D ViewRootImpl@710ef71[MainActivity]: MSG_RESIZED_REPORT: frame=Rect(0, 0 - 768, 1024) ci=Rect(0, 24 - 0, 0) vi=Rect(0, 24 - 0, 0) or=1
10-16 13:39:28.056 22335 22335 D ViewRootImpl@710ef71[MainActivity]: MSG_WINDOW_FOCUS_CHANGED 1
10-16 13:39:28.056 22335 22335 D ViewRootImpl@710ef71[MainActivity]: mHardwareRenderer.initializeIfNeeded()#2 mSurface={isValid=true -2013937664}
10-16 13:39:28.058 22335 22335 V InputMethodManager: Starting input: tba=android.view.inputmethod.EditorInfo@cb1ef4c nm : cz.gienger.mobile ic=null
10-16 13:39:28.058 22335 22335 I InputMethodManager: startInputInner - mService.startInputOrWindowGainedFocus
10-16 13:39:28.091 22335 22335 D InputTransport: Input channel constructed: fd=69
10-16 13:39:28.091 22335 22335 D InputTransport: Input channel destroyed: fd=68
10-16 13:39:29.229 22335 22335 D ViewRootImpl: updatePointerIcon pointerType = 20001, calling pid = 22335
10-16 13:39:29.230 22335 22335 D InputManager: setPointerIconType iconId = 20001, callingPid = 22335
10-16 13:39:29.232 22335 22335 D ViewRootImpl: updatePointerIcon pointerType = 20001, calling pid = 22335
10-16 13:39:29.232 22335 22335 D InputManager: setPointerIconType iconId = 20001, callingPid = 22335
10-16 13:39:29.404 22335 22335 D ViewRootImpl@710ef71[MainActivity]: ViewPostImeInputStage processPointer 0
10-16 13:39:29.406 22335 22335 D ViewRootImpl: updatePointerIcon pointerType = 20001, calling pid = 22335
10-16 13:39:29.407 22335 22335 D InputManager: setPointerIconType iconId = 20001, callingPid = 22335
10-16 13:39:29.417 22335 22335 D AbsListView: reportScrollStateChange() newState : 1
10-16 13:39:29.650 22335 22335 D ViewRootImpl@710ef71[MainActivity]: ViewPostImeInputStage processPointer 1
10-16 13:39:29.651 22335 22335 D AbsListView: onTouchUp() mTouchMode : 3
10-16 13:39:29.651 22335 22335 D AbsListView: onTouchUp() TOUCH_MODE_SCROLL initialVelocity : -11
10-16 13:39:29.651 22335 22335 D AbsListView: reportScrollStateChange() newState : 0
10-16 13:39:29.659 22335 22335 D ViewRootImpl: updatePointerIcon pointerType = 20001, calling pid = 22335
10-16 13:39:29.659 22335 22335 D InputManager: setPointerIconType iconId = 20001, callingPid = 22335
10-16 13:39:29.660 22335 22335 D ViewRootImpl: updatePointerIcon pointerType = 20001, calling pid = 22335
10-16 13:39:29.660 22335 22335 D InputManager: setPointerIconType iconId = 20001, callingPid = 22335
10-16 13:39:30.294 22335 22335 D ViewRootImpl: updatePointerIcon pointerType = 20001, calling pid = 22335
10-16 13:39:30.295 22335 22335 D InputManager: setPointerIconType iconId = 20001, callingPid = 22335
10-16 13:39:30.368 22335 22335 D ViewRootImpl@710ef71[MainActivity]: ViewPostImeInputStage processPointer 0
10-16 13:39:30.370 22335 22335 D ViewRootImpl: updatePointerIcon pointerType = 20001, calling pid = 22335
10-16 13:39:30.370 22335 22335 D InputManager: setPointerIconType iconId = 20001, callingPid = 22335
10-16 13:39:30.387 22335 22335 D AbsListView: reportScrollStateChange() newState : 1
10-16 13:39:30.885 22335 22335 D ViewRootImpl@710ef71[MainActivity]: ViewPostImeInputStage processPointer 1
10-16 13:39:30.886 22335 22335 D AbsListView: onTouchUp() mTouchMode : 3
10-16 13:39:30.886 22335 22335 D AbsListView: onTouchUp() TOUCH_MODE_SCROLL initialVelocity : 811
10-16 13:39:30.886 22335 22335 D AbsListView: reportScrollStateChange() newState : 2
10-16 13:39:30.889 22335 22335 D ViewRootImpl: updatePointerIcon pointerType = 20001, calling pid = 22335
10-16 13:39:30.890 22335 22335 D InputManager: setPointerIconType iconId = 20001, callingPid = 22335
10-16 13:39:30.892 22335 22335 D ViewRootImpl: updatePointerIcon pointerType = 20001, calling pid = 22335
10-16 13:39:30.892 22335 22335 D InputManager: setPointerIconType iconId = 20001, callingPid = 22335
10-16 13:39:31.388 22335 22335 D AbsListView: reportScrollStateChange() newState : 0
10-16 13:39:31.580 22335 22335 D ViewRootImpl: updatePointerIcon pointerType = 20001, calling pid = 22335
10-16 13:39:31.581 22335 22335 D InputManager: setPointerIconType iconId = 20001, callingPid = 22335
10-16 13:39:31.699 22335 22335 D ViewRootImpl@710ef71[MainActivity]: ViewPostImeInputStage processPointer 0
10-16 13:39:31.700 22335 22335 D ViewRootImpl: updatePointerIcon pointerType = 20001, calling pid = 22335
10-16 13:39:31.700 22335 22335 D InputManager: setPointerIconType iconId = 20001, callingPid = 22335
10-16 13:39:31.722 22335 22335 D AbsListView: reportScrollStateChange() newState : 1
10-16 13:39:31.952 22335 22335 D ViewRootImpl@710ef71[MainActivity]: ViewPostImeInputStage processPointer 1
10-16 13:39:31.952 22335 22335 D AbsListView: onTouchUp() mTouchMode : 3
10-16 13:39:31.952 22335 22335 D AbsListView: onTouchUp() TOUCH_MODE_SCROLL initialVelocity : -26
10-16 13:39:31.952 22335 22335 D AbsListView: reportScrollStateChange() newState : 0
10-16 13:39:31.956 22335 22335 D ViewRootImpl: updatePointerIcon pointerType = 20001, calling pid = 22335
10-16 13:39:31.958 22335 22335 D InputManager: setPointerIconType iconId = 20001, callingPid = 22335
10-16 13:39:31.959 22335 22335 D ViewRootImpl: updatePointerIcon pointerType = 20001, calling pid = 22335
10-16 13:39:31.960 22335 22335 D InputManager: setPointerIconType iconId = 20001, callingPid = 22335
10-16 13:39:32.324 22335 22335 D ViewRootImpl: updatePointerIcon pointerType = 20001, calling pid = 22335
10-16 13:39:32.324 22335 22335 D InputManager: setPointerIconType iconId = 20001, callingPid = 22335
10-16 13:39:32.942 22335 22335 D ViewRootImpl: updatePointerIcon pointerType = 20001, calling pid = 22335
10-16 13:39:32.943 22335 22335 D InputManager: setPointerIconType iconId = 20001, callingPid = 22335
10-16 13:39:34.201 22335 22335 D ViewRootImpl@710ef71[MainActivity]: ViewPostImeInputStage processPointer 0
10-16 13:39:34.284 22335 22335 D ViewRootImpl@710ef71[MainActivity]: ViewPostImeInputStage processPointer 1
10-16 13:39:34.302 22335 22335 D item_click: viewId = 2131820756, position = 5
10-16 13:39:34.342 22335 22335 D ViewRootImpl@710ef71[MainActivity]: MSG_WINDOW_FOCUS_CHANGED 0
10-16 13:39:34.508 22335 22335 D ViewRootImpl@a90731a[DeliverActivity]: ThreadedRenderer.create() translucent=false
10-16 13:39:34.519 22335 22335 D InputTransport: Input channel constructed: fd=68
10-16 13:39:34.519 22335 22335 D ViewRootImpl@a90731a[DeliverActivity]: setView = DecorView@2af1e4b[DeliverActivity] touchMode=true
10-16 13:39:34.522 22335 22335 D LOCATION_SERVICE: LocationListener gps
10-16 13:39:34.523 22335 22335 D LOCATION_SERVICE: LocationListener network
10-16 13:39:34.524 22335 22335 D LOCATION_SERVICE: onCreate
10-16 13:39:34.524 22335 22335 D LOCATION_SERVICE: initializeLocationManager
10-16 13:39:34.537 22335 22335 D LOCATION_SERVICE: onStartCommand
10-16 13:39:34.563 22335 22335 D ViewRootImpl@a90731a[DeliverActivity]: dispatchAttachedToWindow
10-16 13:39:34.603 22335 22335 D ViewRootImpl@a90731a[DeliverActivity]: Relayout returned: oldFrame=[0,0][0,0] newFrame=[0,0][768,1024] result=0x27 surface={isValid=true -2013186048} surfaceGenerationChanged=true
10-16 13:39:34.604 22335 22335 D ViewRootImpl@a90731a[DeliverActivity]: mHardwareRenderer.initialize() mSurface={isValid=true -2013186048} hwInitialized=true
10-16 13:39:34.641 22335 22335 D ViewRootImpl@a90731a[DeliverActivity]: MSG_RESIZED_REPORT: frame=Rect(0, 0 - 768, 1024) ci=Rect(0, 24 - 0, 0) vi=Rect(0, 24 - 0, 0) or=1
10-16 13:39:34.642 22335 22335 D ViewRootImpl@a90731a[DeliverActivity]: MSG_WINDOW_FOCUS_CHANGED 1
10-16 13:39:34.642 22335 22335 D ViewRootImpl@a90731a[DeliverActivity]: mHardwareRenderer.initializeIfNeeded()#2 mSurface={isValid=true -2013186048}
10-16 13:39:34.644 22335 22335 V InputMethodManager: Starting input: tba=android.view.inputmethod.EditorInfo@f439c40 nm : cz.gienger.mobile ic=null
10-16 13:39:34.644 22335 22335 I InputMethodManager: startInputInner - mService.startInputOrWindowGainedFocus
10-16 13:39:34.658 22335 19567 D FILE_MANAGER: Copying file /data/user/0/cz.gienger.mobile/files/delivery/130AT1191005503/130AT1191005503.pdf to /storage/emulated/0/130AT1191005503.pdf
10-16 13:39:34.662 22335 22335 D InputTransport: Input channel constructed: fd=77
10-16 13:39:34.662 22335 22335 D InputTransport: Input channel destroyed: fd=69
10-16 13:39:34.706 22335 22368 D OpenGLRenderer: endAllActiveAnimators on 0x8afbc300 (RippleDrawable) with handle 0x89b32350
10-16 13:39:34.706 22335 22335 D ViewRootImpl@710ef71[MainActivity]: mHardwareRenderer.destroy()#1
10-16 13:39:34.717 22335 22335 D ViewRootImpl@710ef71[MainActivity]: Relayout returned: oldFrame=[0,0][768,1024] newFrame=[0,0][768,1024] result=0x5 surface={isValid=false 0} surfaceGenerationChanged=true
10-16 13:39:35.120 22335 22335 D ViewRootImpl@710ef71[MainActivity]: Relayout returned: oldFrame=[0,0][768,1024] newFrame=[0,0][768,1024] result=0x5 surface={isValid=false 0} surfaceGenerationChanged=false
10-16 13:39:35.160 22335 19567 D FILE_MANAGER: copy ok
10-16 13:39:35.684 22335 22335 D ViewRootImpl@a90731a[DeliverActivity]: ViewPostImeInputStage processPointer 0
10-16 13:39:35.744 22335 22335 D ViewRootImpl@a90731a[DeliverActivity]: ViewPostImeInputStage processPointer 1
10-16 13:39:37.530 22335 22335 D ViewRootImpl@a90731a[DeliverActivity]: ViewPostImeInputStage processPointer 0
10-16 13:39:37.599 22335 22335 D ViewRootImpl@a90731a[DeliverActivity]: ViewPostImeInputStage processPointer 1
10-16 13:39:37.608 22335 22335 D ScrollView: initGoToTop
10-16 13:39:37.648 22335 22335 D ScrollView: onsize change changed
10-16 13:39:37.956 22335 22335 D TextView: SYANI: Clipboard API is calling: clearFilter()
10-16 13:39:37.956 22335 22335 D TextView: SYANI: Clipboard API is calling: unregisterClipboardEventListener()
10-16 13:39:37.959 22335 22335 D TextView: SYANI: Clipboard API is calling: clearFilter()
10-16 13:39:37.959 22335 22335 D TextView: SYANI: Clipboard API is calling: unregisterClipboardEventListener()
10-16 13:39:37.962 22335 22335 D TextView: SYANI: Clipboard API is calling: clearFilter()
10-16 13:39:37.962 22335 22335 D TextView: SYANI: Clipboard API is calling: unregisterClipboardEventListener()
10-16 13:39:38.618 22335 22335 D ViewRootImpl@a90731a[DeliverActivity]: ViewPostImeInputStage processPointer 0
10-16 13:39:38.712 22335 22335 D ViewRootImpl@a90731a[DeliverActivity]: ViewPostImeInputStage processPointer 1
10-16 13:39:39.083 22335 22335 D ViewRootImpl@a90731a[DeliverActivity]: ViewPostImeInputStage processPointer 0
10-16 13:39:39.177 22335 22335 D ViewRootImpl@a90731a[DeliverActivity]: ViewPostImeInputStage processPointer 1
10-16 13:39:39.189 22335 22335 V InputMethodManager: Starting input: tba=android.view.inputmethod.EditorInfo@88a1653 nm : cz.gienger.mobile ic=com.android.internal.widget.EditableInputConnection@ccafb90
10-16 13:39:39.190 22335 22335 I InputMethodManager: startInputInner - mService.startInputOrWindowGainedFocus
10-16 13:39:39.191 22335 22335 D InputTransport: Input channel constructed: fd=69
10-16 13:39:39.191 22335 22335 D InputTransport: Input channel destroyed: fd=77
10-16 13:39:39.191 22335 22335 D InputMethodManager: SSI - flag : 0 Pid : 22335 view : cz.gienger.mobile
10-16 13:39:39.578 22335 22335 D ViewRootImpl@a90731a[DeliverActivity]: MSG_RESIZED: frame=Rect(0, 0 - 768, 1024) ci=Rect(0, 24 - 0, 359) vi=Rect(0, 24 - 0, 359) or=1
10-16 13:39:39.602 22335 22335 D ViewRootImpl@a90731a[DeliverActivity]: Relayout returned: oldFrame=[0,0][768,1024] newFrame=[0,0][768,1024] result=0x1 surface={isValid=true -2013186048} surfaceGenerationChanged=false
10-16 13:39:39.610 22335 22335 D ScrollView: onsize change changed
10-16 13:39:40.630 22335 22335 D ViewRootImpl@a90731a[DeliverActivity]: ViewPostImeInputStage processPointer 0
10-16 13:39:40.699 22335 22335 D ViewRootImpl@a90731a[DeliverActivity]: ViewPostImeInputStage processPointer 1
10-16 13:39:40.714 22335 22335 V InputMethodManager: Starting input: tba=android.view.inputmethod.EditorInfo@b5cfafd nm : cz.gienger.mobile ic=com.android.internal.widget.EditableInputConnection@7be23f2
10-16 13:39:40.714 22335 22335 I InputMethodManager: startInputInner - mService.startInputOrWindowGainedFocus
10-16 13:39:40.716 22335 22335 D InputTransport: Input channel constructed: fd=71
10-16 13:39:40.716 22335 22335 D InputTransport: Input channel destroyed: fd=69
10-16 13:39:40.716 22335 22335 D InputMethodManager: SSI - flag : 0 Pid : 22335 view : cz.gienger.mobile
10-16 13:39:40.723 22335 22335 W IInputConnectionWrapper: finishComposingText on inactive InputConnection
10-16 13:39:42.523 22335 22335 D ViewRootImpl@a90731a[DeliverActivity]: ViewPostImeInputStage processPointer 0
10-16 13:39:42.606 22335 22335 D ViewRootImpl@a90731a[DeliverActivity]: ViewPostImeInputStage processPointer 1
10-16 13:39:42.619 22335 22335 V InputMethodManager: Starting input: tba=android.view.inputmethod.EditorInfo@1868d3e nm : cz.gienger.mobile ic=com.android.internal.widget.EditableInputConnection@147379f
10-16 13:39:42.619 22335 22335 I InputMethodManager: startInputInner - mService.startInputOrWindowGainedFocus
10-16 13:39:42.621 22335 22335 D InputTransport: Input channel constructed: fd=69
10-16 13:39:42.621 22335 22335 D InputTransport: Input channel destroyed: fd=71
10-16 13:39:42.621 22335 22335 D InputMethodManager: SSI - flag : 0 Pid : 22335 view : cz.gienger.mobile
10-16 13:39:42.625 22335 22335 W IInputConnectionWrapper: finishComposingText on inactive InputConnection
10-16 13:39:44.345 22335 22335 D ViewRootImpl@a90731a[DeliverActivity]: ViewPostImeInputStage processPointer 0
10-16 13:39:44.402 22335 22335 D ViewRootImpl@a90731a[DeliverActivity]: ViewPostImeInputStage processPointer 1
10-16 13:39:44.790 22335 22335 D ViewRootImpl@a90731a[DeliverActivity]: ViewPostImeInputStage processPointer 0
10-16 13:39:44.863 22335 22335 D ViewRootImpl@a90731a[DeliverActivity]: ViewPostImeInputStage processPointer 1
10-16 13:39:45.262 22335 22335 D ViewRootImpl@a90731a[DeliverActivity]: ViewPostImeInputStage processPointer 0
10-16 13:39:45.337 22335 22335 D ViewRootImpl@a90731a[DeliverActivity]: ViewPostImeInputStage processPointer 1
10-16 13:39:45.372 22335 22335 D ScrollView: initGoToTop
10-16 13:39:45.377 22335 22335 D ScrollView: initGoToTop
10-16 13:39:45.388 22335 22335 D ViewRootImpl@8ff5007[DeliverActivity]: ThreadedRenderer.create() translucent=true
10-16 13:39:45.395 22335 22335 D InputTransport: Input channel constructed: fd=71
10-16 13:39:45.395 22335 22335 D ViewRootImpl@8ff5007[DeliverActivity]: setView = DecorView@b816534[DeliverActivity] touchMode=true
10-16 13:39:45.405 22335 22335 D ViewRootImpl@8ff5007[DeliverActivity]: dispatchAttachedToWindow
10-16 13:39:45.448 22335 22335 D ViewRootImpl@8ff5007[DeliverActivity]: Relayout returned: oldFrame=[0,0][0,0] newFrame=[108,466][660,582] result=0x27 surface={isValid=true -1998551040} surfaceGenerationChanged=true
10-16 13:39:45.448 22335 22335 D ViewRootImpl@8ff5007[DeliverActivity]: mHardwareRenderer.initialize() mSurface={isValid=true -1998551040} hwInitialized=true
10-16 13:39:45.454 22335 22335 D ViewRootImpl@8ff5007[DeliverActivity]: MSG_WINDOW_FOCUS_CHANGED 1
10-16 13:39:45.455 22335 22335 D ViewRootImpl@8ff5007[DeliverActivity]: mHardwareRenderer.initializeIfNeeded()#2 mSurface={isValid=true -1998551040}
10-16 13:39:45.480 22335 22335 D ViewRootImpl@8ff5007[DeliverActivity]: MSG_RESIZED_REPORT: frame=Rect(108, 466 - 660, 582) ci=Rect(0, 0 - 0, 0) vi=Rect(0, 0 - 0, 0) or=1
10-16 13:39:45.506 22335 22335 D ViewRootImpl@a90731a[DeliverActivity]: MSG_WINDOW_FOCUS_CHANGED 0
10-16 13:39:45.605 22335 22345 I art : Background sticky concurrent mark sweep GC freed 186568(7MB) AllocSpace objects, 27(652KB) LOS objects, 11% free, 17MB/19MB, paused 1.158ms total 108.951ms
10-16 13:39:45.817 22335 22345 I art : Background partial concurrent mark sweep GC freed 126314(4MB) AllocSpace objects, 11(3MB) LOS objects, 50% free, 11MB/23MB, paused 10.706ms total 129.874ms
10-16 13:39:46.725 22335 22345 I art : Background sticky concurrent mark sweep GC freed 416355(12MB) AllocSpace objects, 5(160KB) LOS objects, 35% free, 15MB/23MB, paused 1.440ms total 101.045ms
10-16 13:39:47.416 22335 22345 I art : Background partial concurrent mark sweep GC freed 270578(8MB) AllocSpace objects, 6(1072KB) LOS objects, 42% free, 16MB/28MB, paused 1.383ms total 139.187ms
10-16 13:39:48.122 22335 22335 D ViewRootImpl@8ff5007[DeliverActivity]: mHardwareRenderer.destroy()#4
10-16 13:39:48.122 22335 22335 D ViewRootImpl@8ff5007[DeliverActivity]: dispatchDetachedFromWindow
10-16 13:39:48.134 22335 22335 D InputTransport: Input channel destroyed: fd=71
10-16 13:39:48.134 22335 22335 D SIGN_URI: file:///storage/emulated/0/130AT1191005503.pdf
10-16 13:39:48.172 22335 22335 D ViewRootImpl@a90731a[DeliverActivity]: MSG_WINDOW_FOCUS_CHANGED 1
10-16 13:39:48.173 22335 22335 D ViewRootImpl@a90731a[DeliverActivity]: mHardwareRenderer.initializeIfNeeded()#2 mSurface={isValid=true -2013186048}
10-16 13:39:48.187 22335 22335 E ViewRootImpl: sendUserActionEvent() returned.
10-16 13:39:48.187 22335 22335 D ViewRootImpl@a90731a[DeliverActivity]: MSG_WINDOW_FOCUS_CHANGED 0
10-16 13:39:49.051 22335 22335 D LOCATION_SERVICE: onLocationChanged: Location[network 49,191069,17,534516 acc=22 et=+2d6h19m37s335ms alt=0.0 vel=0.0 bear=0.0 {Bundle[mParcelledData.dataSize=80]}]
10-16 13:39:49.765 22335 22335 D ViewRootImpl@a90731a[DeliverActivity]: mHardwareRenderer.destroy()#1
10-16 13:39:49.796 22335 22335 D ViewRootImpl@a90731a[DeliverActivity]: Relayout returned: oldFrame=[0,0][768,1024] newFrame=[0,0][768,1024] result=0x5 surface={isValid=false 0} surfaceGenerationChanged=true
10-16 13:39:49.809 22335 22335 D InputTransport: Input channel destroyed: fd=69
10-16 13:39:49.809 22335 22335 W IInputConnectionWrapper: finishComposingText on inactive InputConnection
10-16 13:39:49.809 22335 22335 W IInputConnectionWrapper: reportFullscreenMode on inexistent InputConnection
10-16 13:39:49.809 22335 22335 W IInputConnectionWrapper: finishComposingText on inactive InputConnection
10-16 13:39:59.014 22335 22335 D ViewRootImpl@ba93095[PdfArchiveActivity]: ThreadedRenderer.create() translucent=true
10-16 13:39:59.017 22335 22335 D InputTransport: Input channel constructed: fd=66
10-16 13:39:59.018 22335 22335 D ViewRootImpl@ba93095[PdfArchiveActivity]: setView = DecorView@c1545aa[PdfArchiveActivity] touchMode=true
10-16 13:39:59.032 22335 22335 D ViewRootImpl@ba93095[PdfArchiveActivity]: dispatchAttachedToWindow
10-16 13:39:59.059 22335 22335 D ViewRootImpl@ba93095[PdfArchiveActivity]: Relayout returned: oldFrame=[0,0][0,0] newFrame=[241,456][527,568] result=0x27 surface={isValid=true -1965168640} surfaceGenerationChanged=true
10-16 13:39:59.059 22335 22335 D ViewRootImpl@ba93095[PdfArchiveActivity]: mHardwareRenderer.initialize() mSurface={isValid=true -1965168640} hwInitialized=true
10-16 13:39:59.062 22335 22335 D ViewRootImpl@ba93095[PdfArchiveActivity]: MSG_RESIZED_REPORT: frame=Rect(241, 456 - 527, 568) ci=Rect(0, 0 - 0, 0) vi=Rect(0, 0 - 0, 0) or=1
10-16 13:39:59.062 22335 22335 D ViewRootImpl@ba93095[PdfArchiveActivity]: MSG_WINDOW_FOCUS_CHANGED 1
10-16 13:39:59.062 22335 22335 D ViewRootImpl@ba93095[PdfArchiveActivity]: mHardwareRenderer.initializeIfNeeded()#2 mSurface={isValid=true -1965168640}
10-16 13:39:59.064 22335 22335 V InputMethodManager: Starting input: tba=android.view.inputmethod.EditorInfo@bc4a59b nm : cz.gienger.mobile ic=null
10-16 13:39:59.064 22335 22335 I InputMethodManager: startInputInner - mService.startInputOrWindowGainedFocus
10-16 13:39:59.066 22335 22335 D InputTransport: Input channel constructed: fd=69
10-16 13:40:00.133 22335 22335 D ViewRootImpl@ba93095[PdfArchiveActivity]: mHardwareRenderer.destroy()#1
10-16 13:40:00.147 22335 22335 D ViewRootImpl@ba93095[PdfArchiveActivity]: Relayout returned: oldFrame=[241,456][527,568] newFrame=[241,456][527,568] result=0x5 surface={isValid=false 0} surfaceGenerationChanged=true
10-16 13:40:00.147 22335 22335 D ViewRootImpl@ba93095[PdfArchiveActivity]: MSG_WINDOW_FOCUS_CHANGED 0
10-16 13:40:00.170 22335 22335 D ViewRootImpl@a90731a[DeliverActivity]: mHardwareRenderer.destroy()#1
10-16 13:40:00.182 22335 22335 D ViewRootImpl@a90731a[DeliverActivity]: Relayout returned: oldFrame=[0,0][768,1024] newFrame=[0,0][768,1024] result=0x1 surface={isValid=false 0} surfaceGenerationChanged=false
10-16 13:40:00.202 22335 22335 D SIGNOSIGN_SIGNED: signed
10-16 13:40:00.206 22335 22335 D InputTransport: Input channel destroyed: fd=69
10-16 13:40:00.479 22335 22335 D ViewRootImpl@710ef71[MainActivity]: Relayout returned: oldFrame=[0,0][768,1024] newFrame=[0,0][768,1024] result=0x7 surface={isValid=true -1965168640} surfaceGenerationChanged=true
10-16 13:40:00.479 22335 22335 D ViewRootImpl@710ef71[MainActivity]: mHardwareRenderer.initialize() mSurface={isValid=true -1965168640} hwInitialized=true
10-16 13:40:00.562 22335 22335 D AbsListView: in onLayout changed
10-16 13:40:00.591 22335 22335 D ViewRootImpl@710ef71[MainActivity]: MSG_WINDOW_FOCUS_CHANGED 1
10-16 13:40:00.591 22335 22335 D ViewRootImpl@710ef71[MainActivity]: mHardwareRenderer.initializeIfNeeded()#2 mSurface={isValid=true -1965168640}
10-16 13:40:00.592 22335 22335 V InputMethodManager: Starting input: tba=android.view.inputmethod.EditorInfo@173c26e nm : cz.gienger.mobile ic=null
10-16 13:40:00.592 22335 22335 I InputMethodManager: startInputInner - mService.startInputOrWindowGainedFocus
10-16 13:40:00.615 22335 22335 D InputTransport: Input channel constructed: fd=69
10-16 13:40:00.655 22335 22335 D ViewRootImpl@a90731a[DeliverActivity]: mHardwareRenderer.destroy()#1
10-16 13:40:00.668 22335 22335 D ViewRootImpl@a90731a[DeliverActivity]: Relayout returned: oldFrame=[0,0][768,1024] newFrame=[0,0][768,1024] result=0x1 surface={isValid=false 0} surfaceGenerationChanged=false
10-16 13:40:08.998 22335 22335 D TextView: SYANI: Clipboard API is calling: clearFilter()
10-16 13:40:08.998 22335 22335 D TextView: SYANI: Clipboard API is calling: unregisterClipboardEventListener()
10-16 13:40:09.000 22335 22335 D TextView: SYANI: Clipboard API is calling: clearFilter()
10-16 13:40:09.000 22335 22335 D TextView: SYANI: Clipboard API is calling: unregisterClipboardEventListener()
10-16 13:40:09.000 22335 22335 D TextView: SYANI: Clipboard API is calling: clearFilter()
10-16 13:40:09.000 22335 22335 D TextView: SYANI: Clipboard API is calling: unregisterClipboardEventListener()
10-16 13:40:09.047 22335 22335 D ViewRootImpl@a90731a[DeliverActivity]: mHardwareRenderer.destroy()#4
10-16 13:40:09.047 22335 22335 D ViewRootImpl@a90731a[DeliverActivity]: dispatchDetachedFromWindow
10-16 13:40:09.057 22335 22335 D InputTransport: Input channel destroyed: fd=68
10-16 13:40:09.062 22335 22335 D ViewRootImpl@ba93095[PdfArchiveActivity]: mHardwareRenderer.destroy()#4
10-16 13:40:09.062 22335 22335 D ViewRootImpl@ba93095[PdfArchiveActivity]: dispatchDetachedFromWindow
10-16 13:40:09.070 22335 22335 D InputTransport: Input channel destroyed: fd=66
10-16 13:40:09.074 22335 22335 D LOCATION_SERVICE: onDestroy
10-16 13:40:17.370 22335 22335 D ViewRootImpl@710ef71[MainActivity]: ViewPostImeInputStage processPointer 0
10-16 13:40:17.442 22335 22335 D ViewRootImpl@710ef71[MainActivity]: ViewPostImeInputStage processPointer 1
10-16 13:40:41.681 22335 19288 D OkHttp : <-- HTTP FAILED: java.net.SocketTimeoutException: timeout
10-16 13:40:41.681 22335 19288 E sendOrder_FAIL: timeout
10-16 13:40:41.681 22335 19288 W System.err: java.net.SocketTimeoutException: timeout
10-16 13:40:41.690 22335 19288 W System.err: at okhttp3.internal.http2.Http2Stream$StreamTimeout.newTimeoutException(Http2Stream.java:593)
10-16 13:40:41.690 22335 19288 W System.err: at okhttp3.internal.http2.Http2Stream$StreamTimeout.exitAndThrowIfTimedOut(Http2Stream.java:601)
10-16 13:40:41.690 22335 19288 W System.err: at okhttp3.internal.http2.Http2Stream.takeResponseHeaders(Http2Stream.java:146)
10-16 13:40:41.690 22335 19288 W System.err: at okhttp3.internal.http2.Http2Codec.readResponseHeaders(Http2Codec.java:120)
10-16 13:40:41.690 22335 19288 W System.err: at okhttp3.internal.http.CallServerInterceptor.intercept(CallServerInterceptor.java:75)
10-16 13:40:41.690 22335 19288 W System.err: at okhttp3.internal.http.RealInterceptorChain.proceed(RealInterceptorChain.java:92)
10-16 13:40:41.691 22335 19288 W System.err: at okhttp3.internal.connection.ConnectInterceptor.intercept(ConnectInterceptor.java:45)
10-16 13:40:41.691 22335 19288 W System.err: at okhttp3.internal.http.RealInterceptorChain.proceed(RealInterceptorChain.java:92)
10-16 13:40:41.691 22335 19288 W System.err: at okhttp3.internal.http.RealInterceptorChain.proceed(RealInterceptorChain.java:67)
10-16 13:40:41.691 22335 19288 W System.err: at okhttp3.internal.cache.CacheInterceptor.intercept(CacheInterceptor.java:93)
10-16 13:40:41.691 22335 19288 W System.err: at okhttp3.internal.http.RealInterceptorChain.proceed(RealInterceptorChain.java:92)
10-16 13:40:41.691 22335 19288 W System.err: at okhttp3.internal.http.RealInterceptorChain.proceed(RealInterceptorChain.java:67)
10-16 13:40:41.691 22335 19288 W System.err: at okhttp3.internal.http.BridgeInterceptor.intercept(BridgeInterceptor.java:93)
10-16 13:40:41.691 22335 19288 W System.err: at okhttp3.internal.http.RealInterceptorChain.proceed(RealInterceptorChain.java:92)
10-16 13:40:41.691 22335 19288 W System.err: at okhttp3.internal.http.RetryAndFollowUpInterceptor.intercept(RetryAndFollowUpInterceptor.java:120)
10-16 13:40:41.691 22335 19288 W System.err: at okhttp3.internal.http.RealInterceptorChain.proceed(RealInterceptorChain.java:92)
10-16 13:40:41.691 22335 19288 W System.err: at okhttp3.internal.http.RealInterceptorChain.proceed(RealInterceptorChain.java:67)
10-16 13:40:41.691 22335 19288 W System.err: at okhttp3.logging.HttpLoggingInterceptor.intercept(HttpLoggingInterceptor.java:211)
10-16 13:40:41.691 22335 19288 W System.err: at okhttp3.internal.http.RealInterceptorChain.proceed(RealInterceptorChain.java:92)
10-16 13:40:41.691 22335 19288 W System.err: at okhttp3.internal.http.RealInterceptorChain.proceed(RealInterceptorChain.java:67)
10-16 13:40:41.691 22335 19288 W System.err: at cz.gienger.mobile.services.ServiceGenerator$1.intercept(ServiceGenerator.java:70)
10-16 13:40:41.691 22335 19288 W System.err: at okhttp3.internal.http.RealInterceptorChain.proceed(RealInterceptorChain.java:92)
10-16 13:40:41.692 22335 19288 W System.err: at okhttp3.internal.http.RealInterceptorChain.proceed(RealInterceptorChain.java:67)
10-16 13:40:41.692 22335 19288 W System.err: at okhttp3.RealCall.getResponseWithInterceptorChain(RealCall.java:185)
10-16 13:40:41.692 22335 19288 W System.err: at okhttp3.RealCall.execute(RealCall.java:69)
10-16 13:40:41.692 22335 19288 W System.err: at retrofit2.OkHttpCall.execute(OkHttpCall.java:180)
10-16 13:40:41.692 22335 19288 W System.err: at retrofit2.ExecutorCallAdapterFactory$ExecutorCallbackCall.execute(ExecutorCallAdapterFactory.java:91)
10-16 13:40:41.692 22335 19288 W System.err: at cz.gienger.mobile.utils.MessageService.sendOrder(MessageService.java:387)
10-16 13:40:41.692 22335 19288 W System.err: at cz.gienger.mobile.utils.MessageService.proceedActionCompressAndUpload(MessageService.java:255)
10-16 13:40:41.692 22335 19288 W System.err: at cz.gienger.mobile.utils.MessageService.onHandleIntent(MessageService.java:171)
10-16 13:40:41.692 22335 19288 W System.err: at android.app.IntentService$ServiceHandler.handleMessage(IntentService.java:68)
10-16 13:40:41.692 22335 19288 W System.err: at android.os.Handler.dispatchMessage(Handler.java:102)
10-16 13:40:41.693 22335 19288 W System.err: at android.os.Looper.loop(Looper.java:154)
10-16 13:40:41.693 22335 19288 W System.err: at android.os.HandlerThread.run(HandlerThread.java:61)
10-16 13:40:41.730 22335 19288 D MESSAGE_SERVICE: ACTION_COMPRESS_AND_UPLOAD
10-16 13:40:41.999 22335 22335 D AbsListView: in onLayout changed
10-16 13:40:42.501 22335 19288 D FILE_MANAGER: Serializing delivery /data/user/0/cz.gienger.mobile/files/finished/130AT1191005503/130AT1191005503.xml
10-16 13:40:42.502 22335 19288 D FILE_MANAGER: Null files:
10-16 13:40:42.806 22335 19288 D MYINTERCEPTOR: /GiengerService.svc/sendorder
10-16 13:40:42.806 22335 19288 D OkHttp : --> POST https://testsaig1.gienger.cz/GiengerService.svc/sendorder http/1.1
10-16 13:40:42.806 22335 19288 D OkHttp : Content-Type: text/raw
10-16 13:40:42.807 22335 19288 D OkHttp : Content-Length: 245422
10-16 13:40:42.807 22335 19288 D OkHttp : filename: 130AT1191005503.xml
10-16 13:40:42.807 22335 19288 D OkHttp : Checksum: b781be0d6bd6b3d2f47e00aa38e7dbb0
10-16 13:40:42.807 22335 19288 D OkHttp : token: b0b27dec81550cc334eea168b40dd216
10-16 13:40:42.807 22335 19288 D OkHttp : --> END POST
10-16 13:40:59.596 22335 22335 D ViewRootImpl@710ef71[MainActivity]: MSG_RESIZED_REPORT: frame=Rect(0, 0 - 768, 1024) ci=Rect(0, 24 - 0, 0) vi=Rect(0, 24 - 0, 0) or=1
10-16 13:40:59.641 22335 22335 D ViewRootImpl@710ef71[MainActivity]: Relayout returned: oldFrame=[0,0][768,1024] newFrame=[0,0][768,1024] result=0x1 surface={isValid=true -1965168640} surfaceGenerationChanged=false
10-16 13:40:59.731 22335 22335 D AbsListView: in onLayout changed
10-16 13:41:02.226 22335 22335 D ViewRootImpl@710ef71[MainActivity]: ViewPostImeInputStage processPointer 0
10-16 13:41:02.303 22335 22335 D ViewRootImpl@710ef71[MainActivity]: ViewPostImeInputStage processPointer 1
10-16 13:41:02.305 22335 22335 D AbsListView: onTouchUp() mTouchMode : 0
10-16 13:41:02.401 22335 22335 D item_click: viewId = -1, position = 4
10-16 13:41:02.460 22335 22335 D ViewRootImpl@710ef71[MainActivity]: ViewPostImeInputStage processPointer 0
10-16 13:41:02.463 22335 22335 D ViewRootImpl@710ef71[MainActivity]: MSG_WINDOW_FOCUS_CHANGED 0
10-16 13:41:02.542 22335 22335 D ViewRootImpl@710ef71[MainActivity]: ViewPostImeInputStage processPointer 1
10-16 13:41:02.657 22335 22335 D ViewRootImpl@bb8c98a[DeliverActivity]: ThreadedRenderer.create() translucent=false
10-16 13:41:02.660 22335 22335 D InputTransport: Input channel constructed: fd=68
10-16 13:41:02.660 22335 22335 D ViewRootImpl@bb8c98a[DeliverActivity]: setView = DecorView@5d20bfb[DeliverActivity] touchMode=true
10-16 13:41:02.664 22335 22335 D ViewRootImpl@bb8c98a[DeliverActivity]: dispatchAttachedToWindow
10-16 13:41:02.691 22335 22335 D ViewRootImpl@bb8c98a[DeliverActivity]: Relayout returned: oldFrame=[0,0][0,0] newFrame=[0,0][768,1024] result=0x27 surface={isValid=true -2022998016} surfaceGenerationChanged=true
10-16 13:41:02.692 22335 22335 D ViewRootImpl@bb8c98a[DeliverActivity]: mHardwareRenderer.initialize() mSurface={isValid=true -2022998016} hwInitialized=true
10-16 13:41:02.697 22335 22335 D LOCATION_SERVICE: LocationListener gps
10-16 13:41:02.698 22335 22335 D LOCATION_SERVICE: LocationListener network
10-16 13:41:02.699 22335 22335 D LOCATION_SERVICE: onCreate
10-16 13:41:02.700 22335 22335 D LOCATION_SERVICE: initializeLocationManager
10-16 13:41:02.710 22335 22335 D LOCATION_SERVICE: onStartCommand
10-16 13:41:02.790 22335 22335 D ViewRootImpl@bb8c98a[DeliverActivity]: MSG_RESIZED_REPORT: frame=Rect(0, 0 - 768, 1024) ci=Rect(0, 24 - 0, 0) vi=Rect(0, 24 - 0, 0) or=1
10-16 13:41:02.790 22335 22335 D ViewRootImpl@bb8c98a[DeliverActivity]: MSG_WINDOW_FOCUS_CHANGED 1
10-16 13:41:02.790 22335 22335 D ViewRootImpl@bb8c98a[DeliverActivity]: mHardwareRenderer.initializeIfNeeded()#2 mSurface={isValid=true -2022998016}
10-16 13:41:02.791 22335 22335 V InputMethodManager: Starting input: tba=android.view.inputmethod.EditorInfo@1d6fe30 nm : cz.gienger.mobile ic=null
10-16 13:41:02.792 22335 22335 I InputMethodManager: startInputInner - mService.startInputOrWindowGainedFocus
10-16 13:41:02.801 22335 19665 D FILE_MANAGER: Copying file /data/user/0/cz.gienger.mobile/files/delivery/130AT1191005501/130AT1191005501.pdf to /storage/emulated/0/130AT1191005501.pdf
10-16 13:41:02.803 22335 22335 D InputTransport: Input channel constructed: fd=74
10-16 13:41:02.803 22335 22335 D InputTransport: Input channel destroyed: fd=69
10-16 13:41:02.934 22335 22368 D OpenGLRenderer: endAllActiveAnimators on 0x8a28fb00 (ListView) with handle 0x896f0fd0
10-16 13:41:02.935 22335 22335 D ViewRootImpl@710ef71[MainActivity]: mHardwareRenderer.destroy()#1
10-16 13:41:02.944 22335 22335 D ViewRootImpl@710ef71[MainActivity]: Relayout returned: oldFrame=[0,0][768,1024] newFrame=[0,0][768,1024] result=0x5 surface={isValid=false 0} surfaceGenerationChanged=true
10-16 13:41:02.949 22335 22335 D ViewRootImpl@bb8c98a[DeliverActivity]: ViewPostImeInputStage processPointer 0
10-16 13:41:02.953 22335 22335 D LOCATION_SERVICE: onLocationChanged: Location[network 49,191058,17,534540 acc=21 et=+2d6h20m51s111ms alt=0.0 vel=0.0 bear=0.0 {Bundle[mParcelledData.dataSize=80]}]
10-16 13:41:02.993 22335 22335 D ViewRootImpl@bb8c98a[DeliverActivity]: ViewPostImeInputStage processPointer 1
10-16 13:41:03.240 22335 22335 D ViewRootImpl@710ef71[MainActivity]: Relayout returned: oldFrame=[0,0][768,1024] newFrame=[0,0][768,1024] result=0x5 surface={isValid=false 0} surfaceGenerationChanged=false
10-16 13:41:03.309 22335 19665 D FILE_MANAGER: copy ok
10-16 13:41:05.264 22335 22335 D ViewRootImpl@bb8c98a[DeliverActivity]: ViewPostImeInputStage processKey 0
10-16 13:41:05.310 22335 22335 D ViewRootImpl@bb8c98a[DeliverActivity]: ViewPostImeInputStage processKey 1
10-16 13:41:05.586 22335 22335 D ViewRootImpl@710ef71[MainActivity]: Relayout returned: oldFrame=[0,0][768,1024] newFrame=[0,0][768,1024] result=0x7 surface={isValid=true -2022995968} surfaceGenerationChanged=true
10-16 13:41:05.586 22335 22335 D ViewRootImpl@710ef71[MainActivity]: mHardwareRenderer.initialize() mSurface={isValid=true -2022995968} hwInitialized=true
10-16 13:41:05.654 22335 22335 D AbsListView: in onLayout changed
10-16 13:41:05.679 22335 22335 D ViewRootImpl@710ef71[MainActivity]: MSG_WINDOW_FOCUS_CHANGED 1
10-16 13:41:05.679 22335 22335 D ViewRootImpl@710ef71[MainActivity]: mHardwareRenderer.initializeIfNeeded()#2 mSurface={isValid=true -2022995968}
10-16 13:41:05.681 22335 22335 V InputMethodManager: Starting input: tba=android.view.inputmethod.EditorInfo@85d7baa nm : cz.gienger.mobile ic=null
10-16 13:41:05.681 22335 22335 I InputMethodManager: startInputInner - mService.startInputOrWindowGainedFocus
10-16 13:41:05.694 22335 22335 D InputTransport: Input channel constructed: fd=73
10-16 13:41:05.695 22335 22335 D InputTransport: Input channel destroyed: fd=74
10-16 13:41:05.702 22335 22335 D ViewRootImpl@bb8c98a[DeliverActivity]: MSG_WINDOW_FOCUS_CHANGED 0
10-16 13:41:05.774 22335 22335 D ViewRootImpl@bb8c98a[DeliverActivity]: mHardwareRenderer.destroy()#1
10-16 13:41:05.787 22335 22335 D ViewRootImpl@bb8c98a[DeliverActivity]: Relayout returned: oldFrame=[0,0][768,1024] newFrame=[0,0][768,1024] result=0x5 surface={isValid=false 0} surfaceGenerationChanged=true
10-16 13:41:08.916 22335 22335 D ViewRootImpl@710ef71[MainActivity]: ViewPostImeInputStage processPointer 0
10-16 13:41:08.975 22335 22335 D ViewRootImpl@710ef71[MainActivity]: ViewPostImeInputStage processPointer 1
10-16 13:41:08.997 22335 22335 D item_click: viewId = 2131820760, position = 5
10-16 13:41:09.070 22335 22335 D ViewRootImpl@710ef71[MainActivity]: MSG_WINDOW_FOCUS_CHANGED 0
10-16 13:41:09.153 22335 22335 D ViewRootImpl@4fa41bd[CategoryListActivity]: ThreadedRenderer.create() translucent=false
10-16 13:41:09.156 22335 22335 D InputTransport: Input channel constructed: fd=69
10-16 13:41:09.156 22335 22335 D ViewRootImpl@4fa41bd[CategoryListActivity]: setView = DecorView@3c3c3b2[CategoryListActivity] touchMode=true
10-16 13:41:09.219 22335 22335 D ViewRootImpl@bb8c98a[DeliverActivity]: mHardwareRenderer.destroy()#4
10-16 13:41:09.219 22335 22335 D ViewRootImpl@bb8c98a[DeliverActivity]: dispatchDetachedFromWindow
10-16 13:41:09.226 22335 22335 D InputTransport: Input channel destroyed: fd=68
10-16 13:41:09.230 22335 22335 D ViewRootImpl@4fa41bd[CategoryListActivity]: dispatchAttachedToWindow
10-16 13:41:09.258 22335 22335 D ViewRootImpl@4fa41bd[CategoryListActivity]: Relayout returned: oldFrame=[0,0][0,0] newFrame=[0,0][768,1024] result=0x7 surface={isValid=true -1983723520} surfaceGenerationChanged=true
10-16 13:41:09.259 22335 22335 D ViewRootImpl@4fa41bd[CategoryListActivity]: mHardwareRenderer.initialize() mSurface={isValid=true -1983723520} hwInitialized=true
10-16 13:41:09.376 22335 22335 D LOCATION_SERVICE: onStartCommand
10-16 13:41:09.377 22335 22335 D LOCATION_SERVICE: onDestroy
10-16 13:41:09.457 22335 22335 D ViewRootImpl@4fa41bd[CategoryListActivity]: MSG_RESIZED_REPORT: frame=Rect(0, 0 - 768, 1024) ci=Rect(0, 24 - 0, 0) vi=Rect(0, 24 - 0, 0) or=1
10-16 13:41:09.457 22335 22335 D ViewRootImpl@4fa41bd[CategoryListActivity]: MSG_WINDOW_FOCUS_CHANGED 1
10-16 13:41:09.458 22335 22335 D ViewRootImpl@4fa41bd[CategoryListActivity]: mHardwareRenderer.initializeIfNeeded()#2 mSurface={isValid=true -1983723520}
10-16 13:41:09.459 22335 22335 V InputMethodManager: Starting input: tba=android.view.inputmethod.EditorInfo@ed735a5 nm : cz.gienger.mobile ic=null
10-16 13:41:09.459 22335 22335 I InputMethodManager: startInputInner - mService.startInputOrWindowGainedFocus
10-16 13:41:09.460 22335 22335 D InputTransport: Input channel constructed: fd=68
