--------- beginning of crash
06-13 16:47:13.672 22832 1946 E AndroidRuntime: FATAL EXCEPTION: OkHttp Dispatcher
06-13 16:47:13.672 22832 1946 E AndroidRuntime: Process: cz.gienger.mobile, PID: 22832
06-13 16:47:13.672 22832 1946 E AndroidRuntime: java.lang.NullPointerException: Attempt to invoke virtual method 'java.lang.String cz.gienger.mobile.model.Token.getKey()' on a null object reference
06-13 16:47:13.672 22832 1946 E AndroidRuntime: at cz.gienger.mobile.services.ServiceGenerator$1.intercept(ServiceGenerator.java:67)
06-13 16:47:13.672 22832 1946 E AndroidRuntime: at okhttp3.internal.http.RealInterceptorChain.proceed(RealInterceptorChain.java:92)
06-13 16:47:13.672 22832 1946 E AndroidRuntime: at okhttp3.internal.http.RealInterceptorChain.proceed(RealInterceptorChain.java:67)
06-13 16:47:13.672 22832 1946 E AndroidRuntime: at okhttp3.RealCall.getResponseWithInterceptorChain(RealCall.java:185)
06-13 16:47:13.672 22832 1946 E AndroidRuntime: at okhttp3.RealCall$AsyncCall.execute(RealCall.java:135)
06-13 16:47:13.672 22832 1946 E AndroidRuntime: at okhttp3.internal.NamedRunnable.run(NamedRunnable.java:32)
06-13 16:47:13.672 22832 1946 E AndroidRuntime: at java.util.concurrent.ThreadPoolExecutor.runWorker(ThreadPoolExecutor.java:1133)
06-13 16:47:13.672 22832 1946 E AndroidRuntime: at java.util.concurrent.ThreadPoolExecutor$Worker.run(ThreadPoolExecutor.java:607)
06-13 16:47:13.672 22832 1946 E AndroidRuntime: at java.lang.Thread.run(Thread.java:762) --------- beginning of main
06-14 12:47:38.745 1959 22535 D MESSAGE_SERVICE: ACTION_RESEND_ORDERS
06-14 12:55:37.293 1959 1959 D ViewRootImpl@35fa5ef[MainActivity]: MSG_RESIZED_REPORT: frame=Rect(0, 0 - 768, 1024) ci=Rect(0, 24 - 0, 0) vi=Rect(0, 24 - 0, 0) or=1
06-14 12:55:37.343 1959 1959 D ViewRootImpl@35fa5ef[MainActivity]: Relayout returned: oldFrame=[0,0][768,1024] newFrame=[0,0][768,1024] result=0x1 surface={isValid=true -1850847232} surfaceGenerationChanged=false
06-14 12:55:37.463 1959 1970 I art : Background partial concurrent mark sweep GC freed 90236(4MB) AllocSpace objects, 8(804KB) LOS objects, 66% free, 6MB/18MB, paused 1.021ms total 142.680ms
06-14 12:55:37.504 1959 1959 D AbsListView: in onLayout changed
06-14 12:55:38.031 1959 1959 D ViewRootImpl@35fa5ef[MainActivity]: ViewPostImeInputStage processPointer 0
06-14 12:55:38.077 1959 1959 D AbsListView: reportScrollStateChange() newState : 1
06-14 12:55:38.892 1959 1959 D ViewRootImpl@35fa5ef[MainActivity]: ViewPostImeInputStage processPointer 1
06-14 12:55:38.892 1959 1959 D AbsListView: onTouchUp() mTouchMode : 3
06-14 12:55:38.892 1959 1959 D AbsListView: onTouchUp() TOUCH_MODE_SCROLL initialVelocity : 155
06-14 12:55:38.892 1959 1959 D AbsListView: reportScrollStateChange() newState : 2
06-14 12:55:39.062 1959 1959 D AbsListView: reportScrollStateChange() newState : 0
06-14 12:55:40.502 1959 1959 D ViewRootImpl@35fa5ef[MainActivity]: ViewPostImeInputStage processPointer 0
06-14 12:55:41.104 1959 1959 D ViewRootImpl@35fa5ef[MainActivity]: MSG_WINDOW_FOCUS_CHANGED 1
06-14 12:55:41.105 1959 1959 D ViewRootImpl@35fa5ef[MainActivity]: mHardwareRenderer.initializeIfNeeded()#2 mSurface={isValid=true -1850847232}
06-14 12:55:41.111 1959 1959 V InputMethodManager: Starting input: tba=android.view.inputmethod.EditorInfo@b38decc nm : cz.gienger.mobile ic=null
06-14 12:55:41.111 1959 1959 I InputMethodManager: startInputInner - mService.startInputOrWindowGainedFocus
06-14 12:55:41.141 1959 1959 D InputTransport: Input channel constructed: fd=66
06-14 12:55:41.141 1959 1959 D InputTransport: Input channel destroyed: fd=73
06-14 12:55:41.289 1959 1959 D ViewRootImpl@35fa5ef[MainActivity]: ViewPostImeInputStage processPointer 1
06-14 12:55:41.290 1959 1959 D AbsListView: onTouchUp() mTouchMode : 2
06-14 12:55:41.295 1959 1959 D item_click: viewId = -1, position = 8
06-14 12:55:41.351 1959 1959 D ViewRootImpl@35fa5ef[MainActivity]: MSG_WINDOW_FOCUS_CHANGED 0
06-14 12:55:41.547 1959 1959 D ViewRootImpl@8bd4594[ItemsViewActivity]: ThreadedRenderer.create() translucent=false
06-14 12:55:41.551 1959 1959 D InputTransport: Input channel constructed: fd=67
06-14 12:55:41.551 1959 1959 D ViewRootImpl@8bd4594[ItemsViewActivity]: setView = DecorView@841e83d[ItemsViewActivity] touchMode=true
06-14 12:55:41.555 1959 1959 D ViewRootImpl@8bd4594[ItemsViewActivity]: dispatchAttachedToWindow
06-14 12:55:41.595 1959 1959 D ViewRootImpl@8bd4594[ItemsViewActivity]: Relayout returned: oldFrame=[0,0][0,0] newFrame=[0,0][768,1024] result=0x27 surface={isValid=true -1850036224} surfaceGenerationChanged=true
06-14 12:55:41.595 1959 1959 D ViewRootImpl@8bd4594[ItemsViewActivity]: mHardwareRenderer.initialize() mSurface={isValid=true -1850036224} hwInitialized=true
06-14 12:55:41.608 1959 1959 D AbsListView: in onLayout changed
06-14 12:55:41.654 1959 1959 D ViewRootImpl@8bd4594[ItemsViewActivity]: ViewPostImeInputStage processPointer 0
06-14 12:55:41.659 1959 1959 D ViewRootImpl@8bd4594[ItemsViewActivity]: MSG_RESIZED_REPORT: frame=Rect(0, 0 - 768, 1024) ci=Rect(0, 24 - 0, 0) vi=Rect(0, 24 - 0, 0) or=1
06-14 12:55:41.660 1959 1959 D ViewRootImpl@8bd4594[ItemsViewActivity]: MSG_WINDOW_FOCUS_CHANGED 1
06-14 12:55:41.660 1959 1959 D ViewRootImpl@8bd4594[ItemsViewActivity]: mHardwareRenderer.initializeIfNeeded()#2 mSurface={isValid=true -1850036224}
06-14 12:55:41.661 1959 1959 V InputMethodManager: Starting input: tba=android.view.inputmethod.EditorInfo@91225fb nm : cz.gienger.mobile ic=null
06-14 12:55:41.661 1959 1959 I InputMethodManager: startInputInner - mService.startInputOrWindowGainedFocus
06-14 12:55:41.680 1959 1959 D InputTransport: Input channel constructed: fd=69
06-14 12:55:41.680 1959 1959 D InputTransport: Input channel destroyed: fd=66
06-14 12:55:41.740 1959 1975 D OpenGLRenderer: endAllActiveAnimators on 0x94e8e300 (ListView) with handle 0x91a08f80
06-14 12:55:41.740 1959 1959 D ViewRootImpl@35fa5ef[MainActivity]: mHardwareRenderer.destroy()#1
06-14 12:55:41.752 1959 1959 D ViewRootImpl@35fa5ef[MainActivity]: Relayout returned: oldFrame=[0,0][768,1024] newFrame=[0,0][768,1024] result=0x5 surface={isValid=false 0} surfaceGenerationChanged=true
06-14 12:55:42.010 1959 1959 D ViewRootImpl@8bd4594[ItemsViewActivity]: ViewPostImeInputStage processPointer 1
06-14 12:55:42.147 1959 1959 D ViewRootImpl@35fa5ef[MainActivity]: Relayout returned: oldFrame=[0,0][768,1024] newFrame=[0,0][768,1024] result=0x5 surface={isValid=false 0} surfaceGenerationChanged=false
06-14 12:55:42.975 1959 1959 D ViewRootImpl@8bd4594[ItemsViewActivity]: ViewPostImeInputStage processKey 0
06-14 12:55:43.039 1959 1959 D ViewRootImpl@8bd4594[ItemsViewActivity]: ViewPostImeInputStage processKey 1
06-14 12:55:43.275 1959 1959 D ViewRootImpl@35fa5ef[MainActivity]: Relayout returned: oldFrame=[0,0][768,1024] newFrame=[0,0][768,1024] result=0x7 surface={isValid=true -1850847232} surfaceGenerationChanged=true
06-14 12:55:43.275 1959 1959 D ViewRootImpl@35fa5ef[MainActivity]: mHardwareRenderer.initialize() mSurface={isValid=true -1850847232} hwInitialized=true
06-14 12:55:43.364 1959 1959 D AbsListView: in onLayout changed
06-14 12:55:43.395 1959 1959 D ViewRootImpl@35fa5ef[MainActivity]: MSG_WINDOW_FOCUS_CHANGED 1
06-14 12:55:43.395 1959 1959 D ViewRootImpl@35fa5ef[MainActivity]: mHardwareRenderer.initializeIfNeeded()#2 mSurface={isValid=true -1850847232}
06-14 12:55:43.396 1959 1959 V InputMethodManager: Starting input: tba=android.view.inputmethod.EditorInfo@b85f269 nm : cz.gienger.mobile ic=null
06-14 12:55:43.397 1959 1959 I InputMethodManager: startInputInner - mService.startInputOrWindowGainedFocus
06-14 12:55:43.421 1959 1959 D InputTransport: Input channel constructed: fd=64
06-14 12:55:43.421 1959 1959 D InputTransport: Input channel destroyed: fd=69
06-14 12:55:43.430 1959 1959 D ViewRootImpl@8bd4594[ItemsViewActivity]: MSG_WINDOW_FOCUS_CHANGED 0
06-14 12:55:43.483 1959 1959 D ViewRootImpl@8bd4594[ItemsViewActivity]: mHardwareRenderer.destroy()#1
06-14 12:55:43.703 1959 1959 D ViewRootImpl@8bd4594[ItemsViewActivity]: Relayout returned: oldFrame=[0,0][768,1024] newFrame=[0,0][768,1024] result=0x5 surface={isValid=false 0} surfaceGenerationChanged=true
06-14 12:55:43.852 1959 1959 D ViewRootImpl@8bd4594[ItemsViewActivity]: mHardwareRenderer.destroy()#4
06-14 12:55:43.852 1959 1959 D ViewRootImpl@8bd4594[ItemsViewActivity]: dispatchDetachedFromWindow
06-14 12:55:43.866 1959 1959 D InputTransport: Input channel destroyed: fd=67
06-14 12:55:44.222 1959 1959 D ViewRootImpl@35fa5ef[MainActivity]: ViewPostImeInputStage processPointer 0
06-14 12:55:44.241 1959 1959 D AbsListView: reportScrollStateChange() newState : 1
06-14 12:55:44.339 1959 1959 D ViewRootImpl@35fa5ef[MainActivity]: ViewPostImeInputStage processPointer 1
06-14 12:55:44.339 1959 1959 D AbsListView: onTouchUp() mTouchMode : 3
06-14 12:55:44.339 1959 1959 D AbsListView: onTouchUp() TOUCH_MODE_SCROLL initialVelocity : 0
06-14 12:55:44.339 1959 1959 D AbsListView: reportScrollStateChange() newState : 0
06-14 12:55:44.442 1959 1959 D ViewRootImpl@35fa5ef[MainActivity]: ViewPostImeInputStage processPointer 0
06-14 12:55:44.458 1959 1959 D AbsListView: reportScrollStateChange() newState : 1
06-14 12:55:44.513 1959 1959 D ViewRootImpl@35fa5ef[MainActivity]: ViewPostImeInputStage processPointer 1
06-14 12:55:44.514 1959 1959 D AbsListView: onTouchUp() mTouchMode : 3
06-14 12:55:44.514 1959 1959 D AbsListView: onTouchUp() TOUCH_MODE_SCROLL initialVelocity : 6236
06-14 12:55:44.514 1959 1959 D AbsListView: reportScrollStateChange() newState : 2
06-14 12:55:44.842 1959 1959 D AbsListView: reportScrollStateChange() newState : 0
06-14 12:55:46.264 1959 1959 D ViewRootImpl@35fa5ef[MainActivity]: ViewPostImeInputStage processPointer 0
06-14 12:55:46.321 1959 1959 D ViewRootImpl@35fa5ef[MainActivity]: ViewPostImeInputStage processPointer 1
06-14 12:55:46.335 1959 1959 D item_click: viewId = 2131820758, position = 0
06-14 12:55:46.378 1959 1959 D ViewRootImpl@35fa5ef[MainActivity]: MSG_WINDOW_FOCUS_CHANGED 0
06-14 12:55:46.532 1959 1959 D ViewRootImpl@2c17c8f[BatchUploadActivity]: ThreadedRenderer.create() translucent=false
06-14 12:55:46.539 1959 1959 D InputTransport: Input channel constructed: fd=71
06-14 12:55:46.539 1959 1959 D ViewRootImpl@2c17c8f[BatchUploadActivity]: setView = DecorView@5efcb1c[BatchUploadActivity] touchMode=true
06-14 12:55:46.541 1959 1959 D LOCATION_SERVICE: LocationListener gps
06-14 12:55:46.542 1959 1959 D LOCATION_SERVICE: LocationListener network
06-14 12:55:46.543 1959 1959 D LOCATION_SERVICE: onCreate
06-14 12:55:46.543 1959 1959 D LOCATION_SERVICE: initializeLocationManager
06-14 12:55:46.569 1959 1959 D LOCATION_SERVICE: onStartCommand
06-14 12:55:46.576 1959 1959 D ViewRootImpl@2c17c8f[BatchUploadActivity]: dispatchAttachedToWindow
06-14 12:55:46.606 1959 1959 D ViewRootImpl@2c17c8f[BatchUploadActivity]: Relayout returned: oldFrame=[0,0][0,0] newFrame=[0,0][768,1024] result=0x27 surface={isValid=true -1846700032} surfaceGenerationChanged=true
06-14 12:55:46.606 1959 1959 D ViewRootImpl@2c17c8f[BatchUploadActivity]: mHardwareRenderer.initialize() mSurface={isValid=true -1846700032} hwInitialized=true
06-14 12:55:46.635 1959 1959 D AbsListView: in onLayout changed
06-14 12:55:46.670 1959 1959 D ViewRootImpl@2c17c8f[BatchUploadActivity]: MSG_RESIZED_REPORT: frame=Rect(0, 0 - 768, 1024) ci=Rect(0, 24 - 0, 0) vi=Rect(0, 24 - 0, 0) or=1
06-14 12:55:46.670 1959 1959 D ViewRootImpl@2c17c8f[BatchUploadActivity]: MSG_WINDOW_FOCUS_CHANGED 1
06-14 12:55:46.670 1959 1959 D ViewRootImpl@2c17c8f[BatchUploadActivity]: mHardwareRenderer.initializeIfNeeded()#2 mSurface={isValid=true -1846700032}
06-14 12:55:46.674 1959 1959 V InputMethodManager: Starting input: tba=android.view.inputmethod.EditorInfo@e431bd3 nm : cz.gienger.mobile ic=null
06-14 12:55:46.674 1959 1959 I InputMethodManager: startInputInner - mService.startInputOrWindowGainedFocus
06-14 12:55:46.688 1959 1959 D InputTransport: Input channel constructed: fd=72
06-14 12:55:46.688 1959 1959 D InputTransport: Input channel destroyed: fd=64
06-14 12:55:46.722 1959 1975 D OpenGLRenderer: endAllActiveAnimators on 0x954f8700 (RippleDrawable) with handle 0x9205e920
06-14 12:55:46.722 1959 1959 D ViewRootImpl@35fa5ef[MainActivity]: mHardwareRenderer.destroy()#1
06-14 12:55:46.732 1959 1959 D ViewRootImpl@35fa5ef[MainActivity]: Relayout returned: oldFrame=[0,0][768,1024] newFrame=[0,0][768,1024] result=0x5 surface={isValid=false 0} surfaceGenerationChanged=true
06-14 12:55:47.180 1959 1959 D ViewRootImpl@35fa5ef[MainActivity]: Relayout returned: oldFrame=[0,0][768,1024] newFrame=[0,0][768,1024] result=0x5 surface={isValid=false 0} surfaceGenerationChanged=false
06-14 12:55:47.817 1959 1959 D ViewRootImpl@2c17c8f[BatchUploadActivity]: ViewPostImeInputStage processPointer 0
06-14 12:55:47.861 1959 1959 D ViewRootImpl@2c17c8f[BatchUploadActivity]: ViewPostImeInputStage processPointer 1
06-14 12:55:47.862 1959 1959 D AbsListView: onTouchUp() mTouchMode : 0
06-14 12:55:48.547 1959 1959 D ViewRootImpl@2c17c8f[BatchUploadActivity]: ViewPostImeInputStage processPointer 0
06-14 12:55:48.597 1959 1959 D ViewRootImpl@2c17c8f[BatchUploadActivity]: ViewPostImeInputStage processPointer 1
06-14 12:55:48.629 1959 1959 D ScrollView: initGoToTop
06-14 12:55:48.642 1959 1959 D ViewRootImpl@1771e32[BatchUploadActivity]: ThreadedRenderer.create() translucent=true
06-14 12:55:48.648 1959 1959 D InputTransport: Input channel constructed: fd=69
06-14 12:55:48.648 1959 1959 D ViewRootImpl@1771e32[BatchUploadActivity]: setView = DecorView@7974783[BatchUploadActivity] touchMode=true
06-14 12:55:48.650 1959 1959 D ViewRootImpl@1771e32[BatchUploadActivity]: dispatchAttachedToWindow
06-14 12:55:48.680 1959 1959 D ViewRootImpl@1771e32[BatchUploadActivity]: Relayout returned: oldFrame=[0,0][0,0] newFrame=[94,423][674,624] result=0x27 surface={isValid=true -1845282816} surfaceGenerationChanged=true
06-14 12:55:48.681 1959 1959 D ViewRootImpl@1771e32[BatchUploadActivity]: mHardwareRenderer.initialize() mSurface={isValid=true -1845282816} hwInitialized=true
06-14 12:55:48.687 1959 1959 D ScrollView: onsize change changed
06-14 12:55:48.693 1959 1959 D ViewRootImpl@1771e32[BatchUploadActivity]: MSG_WINDOW_FOCUS_CHANGED 1
06-14 12:55:48.693 1959 1959 D ViewRootImpl@1771e32[BatchUploadActivity]: mHardwareRenderer.initializeIfNeeded()#2 mSurface={isValid=true -1845282816}
06-14 12:55:48.711 1959 1959 D ViewRootImpl@1771e32[BatchUploadActivity]: MSG_RESIZED_REPORT: frame=Rect(94, 423 - 674, 624) ci=Rect(0, 0 - 0, 0) vi=Rect(0, 0 - 0, 0) or=1
06-14 12:55:48.744 1959 1959 D ViewRootImpl@2c17c8f[BatchUploadActivity]: MSG_WINDOW_FOCUS_CHANGED 0
06-14 12:55:51.576 1959 1959 D ViewRootImpl@1771e32[BatchUploadActivity]: ViewPostImeInputStage processPointer 0
06-14 12:55:51.642 1959 1959 D ViewRootImpl@1771e32[BatchUploadActivity]: ViewPostImeInputStage processPointer 1
06-14 12:55:51.656 1959 1959 D ViewRootImpl@1771e32[BatchUploadActivity]: mHardwareRenderer.destroy()#4
06-14 12:55:51.656 1959 1959 D ViewRootImpl@1771e32[BatchUploadActivity]: dispatchDetachedFromWindow
06-14 12:55:51.665 1959 1959 D InputTransport: Input channel destroyed: fd=69
06-14 12:55:51.665 1959 1959 D ViewRootImpl@2c17c8f[BatchUploadActivity]: MSG_WINDOW_FOCUS_CHANGED 1
06-14 12:55:51.666 1959 1959 D ViewRootImpl@2c17c8f[BatchUploadActivity]: mHardwareRenderer.initializeIfNeeded()#2 mSurface={isValid=true -1846700032}
06-14 12:55:51.668 1959 1959 E ViewRootImpl: sendUserActionEvent() returned.
06-14 12:55:52.168 1959 1959 D ViewRootImpl@2c17c8f[BatchUploadActivity]: ViewPostImeInputStage processPointer 0
06-14 12:55:52.237 1959 1959 D ViewRootImpl@2c17c8f[BatchUploadActivity]: ViewPostImeInputStage processPointer 1
06-14 12:55:52.788 1959 1959 D ViewRootImpl@2c17c8f[BatchUploadActivity]: ViewPostImeInputStage processPointer 0
06-14 12:55:52.845 1959 1959 D ViewRootImpl@2c17c8f[BatchUploadActivity]: ViewPostImeInputStage processPointer 1
06-14 12:55:52.881 1959 1959 D ScrollView: initGoToTop
06-14 12:55:52.889 1959 1959 D ViewRootImpl@f45ceba[BatchUploadActivity]: ThreadedRenderer.create() translucent=true
06-14 12:55:52.894 1959 1959 D InputTransport: Input channel constructed: fd=69
06-14 12:55:52.894 1959 1959 D ViewRootImpl@f45ceba[BatchUploadActivity]: setView = DecorView@391e16b[BatchUploadActivity] touchMode=true
06-14 12:55:52.896 1959 1959 D ViewRootImpl@f45ceba[BatchUploadActivity]: dispatchAttachedToWindow
06-14 12:55:52.921 1959 1959 D ViewRootImpl@f45ceba[BatchUploadActivity]: Relayout returned: oldFrame=[0,0][0,0] newFrame=[94,423][674,624] result=0x27 surface={isValid=true -1844549632} surfaceGenerationChanged=true
06-14 12:55:52.921 1959 1959 D ViewRootImpl@f45ceba[BatchUploadActivity]: mHardwareRenderer.initialize() mSurface={isValid=true -1844549632} hwInitialized=true
06-14 12:55:52.926 1959 1959 D ScrollView: onsize change changed
06-14 12:55:52.940 1959 1959 D ViewRootImpl@f45ceba[BatchUploadActivity]: MSG_WINDOW_FOCUS_CHANGED 1
06-14 12:55:52.941 1959 1959 D ViewRootImpl@f45ceba[BatchUploadActivity]: mHardwareRenderer.initializeIfNeeded()#2 mSurface={isValid=true -1844549632}
06-14 12:55:52.959 1959 1959 D ViewRootImpl@f45ceba[BatchUploadActivity]: MSG_RESIZED_REPORT: frame=Rect(94, 423 - 674, 624) ci=Rect(0, 0 - 0, 0) vi=Rect(0, 0 - 0, 0) or=1
06-14 12:55:52.980 1959 1959 D ViewRootImpl@2c17c8f[BatchUploadActivity]: MSG_WINDOW_FOCUS_CHANGED 0
06-14 12:55:53.608 1959 1959 D ViewRootImpl@f45ceba[BatchUploadActivity]: ViewPostImeInputStage processPointer 0
06-14 12:55:53.702 1959 1959 D ViewRootImpl@f45ceba[BatchUploadActivity]: ViewPostImeInputStage processPointer 1
06-14 12:55:53.797 1959 1959 D ViewRootImpl@f45ceba[BatchUploadActivity]: mHardwareRenderer.destroy()#4
06-14 12:55:53.797 1959 1959 D ViewRootImpl@f45ceba[BatchUploadActivity]: dispatchDetachedFromWindow
06-14 12:55:53.809 1959 1959 D InputTransport: Input channel destroyed: fd=69
06-14 12:55:53.855 1959 1959 E ViewRootImpl: sendUserActionEvent() returned.
06-14 12:55:53.858 1959 22759 D MESSAGE_SERVICE: ACTION_BATCH_UPLOAD
06-14 12:55:54.024 1959 1959 D ViewRootImpl@35fa5ef[MainActivity]: Relayout returned: oldFrame=[0,0][768,1024] newFrame=[0,0][768,1024] result=0x7 surface={isValid=true -1844350976} surfaceGenerationChanged=true
06-14 12:55:54.026 1959 1959 D ViewRootImpl@35fa5ef[MainActivity]: mHardwareRenderer.initialize() mSurface={isValid=true -1844350976} hwInitialized=true
06-14 12:55:54.096 1959 1959 D AbsListView: in onLayout changed
06-14 12:55:54.120 1959 1959 D ViewRootImpl@35fa5ef[MainActivity]: MSG_WINDOW_FOCUS_CHANGED 1
06-14 12:55:54.120 1959 1959 D ViewRootImpl@35fa5ef[MainActivity]: mHardwareRenderer.initializeIfNeeded()#2 mSurface={isValid=true -1844350976}
06-14 12:55:54.123 1959 1959 V InputMethodManager: Starting input: tba=android.view.inputmethod.EditorInfo@a955dce nm : cz.gienger.mobile ic=null
06-14 12:55:54.123 1959 1959 I InputMethodManager: startInputInner - mService.startInputOrWindowGainedFocus
06-14 12:55:54.149 1959 1959 D InputTransport: Input channel constructed: fd=74
06-14 12:55:54.149 1959 1959 D InputTransport: Input channel destroyed: fd=72
06-14 12:55:54.195 1959 1959 D ViewRootImpl@2c17c8f[BatchUploadActivity]: mHardwareRenderer.destroy()#1
06-14 12:55:54.233 1959 1959 D ViewRootImpl@2c17c8f[BatchUploadActivity]: Relayout returned: oldFrame=[0,0][768,1024] newFrame=[0,0][768,1024] result=0x5 surface={isValid=false 0} surfaceGenerationChanged=true
06-14 12:55:54.584 1959 22759 D FILE_MANAGER: Serializing delivery /data/user/0/cz.gienger.mobile/files/finished/130AT1191902761/130AT1191902761.xml
06-14 12:55:54.584 1959 22759 D FILE_MANAGER: Null files:
06-14 12:55:54.740 1959 22759 D MYINTERCEPTOR: /GiengerService.svc/sendorder
06-14 12:55:54.741 1959 22759 D OkHttp : --> POST https://testsaig1.gienger.cz/GiengerService.svc/sendorder http/1.1
06-14 12:55:54.741 1959 22759 D OkHttp : Content-Type: text/raw
06-14 12:55:54.741 1959 22759 D OkHttp : Content-Length: 3012
06-14 12:55:54.741 1959 22759 D OkHttp : filename: 130AT1191902761.xml
06-14 12:55:54.741 1959 22759 D OkHttp : Checksum: f41b1a95f6aff2cc79ebd7887277484b
06-14 12:55:54.741 1959 22759 D OkHttp : token: d2b0830df0f2ae793952775c8dccb5ee
06-14 12:55:54.741 1959 22759 D OkHttp : --> END POST
06-14 12:55:55.603 1959 1959 D ViewRootImpl@35fa5ef[MainActivity]: ViewPostImeInputStage processPointer 0
06-14 12:55:55.633 1959 1959 D AbsListView: reportScrollStateChange() newState : 1
06-14 12:55:55.893 1959 1959 D ViewRootImpl@35fa5ef[MainActivity]: ViewPostImeInputStage processPointer 1
06-14 12:55:55.893 1959 1959 D AbsListView: onTouchUp() mTouchMode : 3
06-14 12:55:55.893 1959 1959 D AbsListView: onTouchUp() TOUCH_MODE_SCROLL initialVelocity : 1520
06-14 12:55:55.893 1959 1959 D AbsListView: reportScrollStateChange() newState : 0
06-14 12:55:56.136 1959 22759 D OkHttp : <-- 200 https://testsaig1.gienger.cz/GiengerService.svc/sendorder (1394ms)
06-14 12:55:56.136 1959 22759 D OkHttp : content-type: application/xml; charset=utf-8
06-14 12:55:56.137 1959 22759 D OkHttp : server: Microsoft-IIS/10.0
06-14 12:55:56.137 1959 22759 D OkHttp : x-powered-by: ASP.NET
06-14 12:55:56.137 1959 22759 D OkHttp : date: Fri, 14 Jun 2019 10:55:55 GMT
06-14 12:55:56.137 1959 22759 D OkHttp : content-length: 175
06-14 12:55:56.137 1959 22759 D OkHttp : <-- END HTTP
06-14 12:55:56.145 1959 22759 D sendOrder_SUCCESS: 200
06-14 12:55:56.397 1959 1959 D AbsListView: in onLayout changed
06-14 12:55:56.442 1959 1959 D TextView: SYANI: Clipboard API is calling: clearFilter()
06-14 12:55:56.442 1959 1959 D TextView: SYANI: Clipboard API is calling: unregisterClipboardEventListener()
06-14 12:55:56.455 1959 1959 D ViewRootImpl@2c17c8f[BatchUploadActivity]: mHardwareRenderer.destroy()#4
06-14 12:55:56.455 1959 1959 D ViewRootImpl@2c17c8f[BatchUploadActivity]: dispatchDetachedFromWindow
06-14 12:55:56.464 1959 1959 D InputTransport: Input channel destroyed: fd=71
06-14 12:55:56.465 1959 1959 D LOCATION_SERVICE: onDestroy
06-14 12:55:56.612 1959 1959 D ViewRootImpl@35fa5ef[MainActivity]: ViewPostImeInputStage processPointer 0
06-14 12:55:56.668 1959 1959 D AbsListView: reportScrollStateChange() newState : 1
06-14 12:55:57.042 1959 1959 D ViewRootImpl@35fa5ef[MainActivity]: ViewPostImeInputStage processPointer 1
06-14 12:55:57.042 1959 1959 D AbsListView: onTouchUp() mTouchMode : 3
06-14 12:55:57.042 1959 1959 D AbsListView: onTouchUp() TOUCH_MODE_SCROLL initialVelocity : -83
06-14 12:55:57.043 1959 1959 D AbsListView: reportScrollStateChange() newState : 2
06-14 12:55:57.153 1959 1959 D AbsListView: reportScrollStateChange() newState : 0
06-14 12:55:57.431 1959 1959 D ViewRootImpl@35fa5ef[MainActivity]: ViewPostImeInputStage processPointer 0
06-14 12:55:57.500 1959 1959 D ViewRootImpl@35fa5ef[MainActivity]: ViewPostImeInputStage processPointer 1
06-14 12:55:57.512 1959 1959 D item_click: viewId = 2131820758, position = 2
06-14 12:55:57.574 1959 1959 D ViewRootImpl@35fa5ef[MainActivity]: MSG_WINDOW_FOCUS_CHANGED 0
06-14 12:55:57.631 1959 1959 D ScrollView: initGoToTop
06-14 12:55:57.695 1959 1959 D ViewRootImpl@125d58[CancelDeliveryActivity]: ThreadedRenderer.create() translucent=false
06-14 12:55:57.699 1959 1959 D InputTransport: Input channel constructed: fd=69
06-14 12:55:57.700 1959 1959 D ViewRootImpl@125d58[CancelDeliveryActivity]: setView = DecorView@a52beb1[CancelDeliveryActivity] touchMode=true
06-14 12:55:57.706 1959 1959 D ViewRootImpl@125d58[CancelDeliveryActivity]: dispatchAttachedToWindow
06-14 12:55:57.750 1959 1959 D ViewRootImpl@125d58[CancelDeliveryActivity]: Relayout returned: oldFrame=[0,0][0,0] newFrame=[0,0][768,1024] result=0x27 surface={isValid=true -1848117248} surfaceGenerationChanged=true
06-14 12:55:57.751 1959 1959 D ViewRootImpl@125d58[CancelDeliveryActivity]: mHardwareRenderer.initialize() mSurface={isValid=true -1848117248} hwInitialized=true
06-14 12:55:57.757 1959 1959 D ScrollView: onsize change changed
06-14 12:55:57.758 1959 1959 D LOCATION_SERVICE: LocationListener gps
06-14 12:55:57.759 1959 1959 D LOCATION_SERVICE: LocationListener network
06-14 12:55:57.760 1959 1959 D LOCATION_SERVICE: onCreate
06-14 12:55:57.761 1959 1959 D LOCATION_SERVICE: initializeLocationManager
06-14 12:55:57.775 1959 1959 D LOCATION_SERVICE: onStartCommand
06-14 12:55:57.841 1959 1959 D ViewRootImpl@125d58[CancelDeliveryActivity]: MSG_RESIZED_REPORT: frame=Rect(0, 0 - 768, 1024) ci=Rect(0, 24 - 0, 0) vi=Rect(0, 24 - 0, 0) or=1
06-14 12:55:57.841 1959 1959 D ViewRootImpl@125d58[CancelDeliveryActivity]: MSG_WINDOW_FOCUS_CHANGED 1
06-14 12:55:57.841 1959 1959 D ViewRootImpl@125d58[CancelDeliveryActivity]: mHardwareRenderer.initializeIfNeeded()#2 mSurface={isValid=true -1848117248}
06-14 12:55:57.865 1959 1959 V InputMethodManager: Starting input: tba=android.view.inputmethod.EditorInfo@c8774a5 nm : cz.gienger.mobile ic=null
06-14 12:55:57.865 1959 1959 I InputMethodManager: startInputInner - mService.startInputOrWindowGainedFocus
06-14 12:55:57.869 1959 1959 D InputTransport: Input channel constructed: fd=71
06-14 12:55:57.869 1959 1959 D InputTransport: Input channel destroyed: fd=74
06-14 12:55:57.957 1959 1975 D OpenGLRenderer: endAllActiveAnimators on 0x94e45200 (RippleDrawable) with handle 0xab5cf090
06-14 12:55:57.957 1959 1959 D ViewRootImpl@35fa5ef[MainActivity]: mHardwareRenderer.destroy()#1
06-14 12:55:57.980 1959 1959 D ViewRootImpl@35fa5ef[MainActivity]: Relayout returned: oldFrame=[0,0][768,1024] newFrame=[0,0][768,1024] result=0x5 surface={isValid=false 0} surfaceGenerationChanged=true
06-14 12:55:58.300 1959 1959 D ViewRootImpl@35fa5ef[MainActivity]: Relayout returned: oldFrame=[0,0][768,1024] newFrame=[0,0][768,1024] result=0x5 surface={isValid=false 0} surfaceGenerationChanged=false
06-14 12:55:58.339 1959 1959 D LOCATION_SERVICE: onLocationChanged: Location[network 49,191242,17,534663 acc=21 et=+1d23h10m31s269ms alt=0.0 vel=0.0 bear=0.0 {Bundle[mParcelledData.dataSize=80]}]
06-14 12:55:58.622 1959 1959 D ViewRootImpl@125d58[CancelDeliveryActivity]: ViewPostImeInputStage processPointer 0
06-14 12:55:58.684 1959 1959 D ViewRootImpl@125d58[CancelDeliveryActivity]: ViewPostImeInputStage processPointer 1
06-14 12:55:59.317 1959 1959 D ViewRootImpl@125d58[CancelDeliveryActivity]: ViewPostImeInputStage processPointer 0
06-14 12:55:59.379 1959 1959 D ViewRootImpl@125d58[CancelDeliveryActivity]: ViewPostImeInputStage processPointer 1
06-14 12:55:59.432 1959 1959 D UNDELIVERED: Reason ID = 10, Comment =
06-14 12:55:59.593 1959 1959 D ViewRootImpl@125d58[CancelDeliveryActivity]: MSG_WINDOW_FOCUS_CHANGED 0
06-14 12:55:59.595 1959 22771 D MESSAGE_SERVICE: ACTION_COMPRESS_AND_UPLOAD
06-14 12:55:59.650 1959 1959 D ViewRootImpl@35fa5ef[MainActivity]: mHardwareRenderer.destroy()#4
06-14 12:55:59.650 1959 1959 D ViewRootImpl@35fa5ef[MainActivity]: dispatchDetachedFromWindow
06-14 12:55:59.657 1959 1959 D InputTransport: Input channel destroyed: fd=63
06-14 12:55:59.835 1959 1959 D ViewRootImpl@7f303a8[MainActivity]: ThreadedRenderer.create() translucent=false
06-14 12:55:59.840 1959 1959 D InputTransport: Input channel constructed: fd=79
06-14 12:55:59.840 1959 1959 D ViewRootImpl@7f303a8[MainActivity]: setView = DecorView@985eec1[MainActivity] touchMode=true
06-14 12:55:59.870 1959 1975 D OpenGLRenderer: endAllActiveAnimators on 0x92cc6180 (RippleDrawable) with handle 0xb0695ac0
06-14 12:55:59.870 1959 1959 D ViewRootImpl@125d58[CancelDeliveryActivity]: mHardwareRenderer.destroy()#1
06-14 12:55:59.881 1959 1959 D ViewRootImpl@125d58[CancelDeliveryActivity]: Relayout returned: oldFrame=[0,0][768,1024] newFrame=[0,0][768,1024] result=0x5 surface={isValid=false 0} surfaceGenerationChanged=true
06-14 12:55:59.882 1959 1959 D ViewRootImpl@7f303a8[MainActivity]: dispatchAttachedToWindow
06-14 12:55:59.921 1959 1959 D ViewRootImpl@7f303a8[MainActivity]: Relayout returned: oldFrame=[0,0][0,0] newFrame=[0,0][768,1024] result=0x7 surface={isValid=true -1848117248} surfaceGenerationChanged=true
06-14 12:55:59.921 1959 1959 D ViewRootImpl@7f303a8[MainActivity]: mHardwareRenderer.initialize() mSurface={isValid=true -1848117248} hwInitialized=true
06-14 12:55:59.992 1959 1959 D AbsListView: in onLayout changed
06-14 12:56:00.064 1959 1959 D ViewRootImpl@7f303a8[MainActivity]: MSG_RESIZED_REPORT: frame=Rect(0, 0 - 768, 1024) ci=Rect(0, 24 - 0, 0) vi=Rect(0, 24 - 0, 0) or=1
06-14 12:56:00.064 1959 1959 D ViewRootImpl@7f303a8[MainActivity]: MSG_WINDOW_FOCUS_CHANGED 1
06-14 12:56:00.064 1959 1959 D ViewRootImpl@7f303a8[MainActivity]: mHardwareRenderer.initializeIfNeeded()#2 mSurface={isValid=true -1848117248}
06-14 12:56:00.066 1959 1959 V InputMethodManager: Starting input: tba=android.view.inputmethod.EditorInfo@9a8f112 nm : cz.gienger.mobile ic=null
06-14 12:56:00.066 1959 1959 I InputMethodManager: startInputInner - mService.startInputOrWindowGainedFocus
06-14 12:56:00.075 1959 1959 D InputTransport: Input channel constructed: fd=63
06-14 12:56:00.075 1959 1959 D InputTransport: Input channel destroyed: fd=71
06-14 12:56:00.315 1959 22771 D FILE_MANAGER: Serializing delivery /data/user/0/cz.gienger.mobile/files/finished/130AT1191902788/130AT1191902788.xml
06-14 12:56:00.315 1959 22771 D FILE_MANAGER: Null files:
06-14 12:56:00.453 1959 22771 D MYINTERCEPTOR: /GiengerService.svc/sendorder
06-14 12:56:00.454 1959 22771 D OkHttp : --> POST https://testsaig1.gienger.cz/GiengerService.svc/sendorder http/1.1
06-14 12:56:00.454 1959 22771 D OkHttp : Content-Type: text/raw
06-14 12:56:00.454 1959 22771 D OkHttp : Content-Length: 3255
06-14 12:56:00.454 1959 22771 D OkHttp : filename: 130AT1191902788.xml
06-14 12:56:00.455 1959 22771 D OkHttp : Checksum: 242dd97df881b31f21b2c14eb12839a4
06-14 12:56:00.455 1959 22771 D OkHttp : token: d2b0830df0f2ae793952775c8dccb5ee
06-14 12:56:00.455 1959 22771 D OkHttp : --> END POST
06-14 12:56:00.967 1959 22771 D OkHttp : <-- 200 https://testsaig1.gienger.cz/GiengerService.svc/sendorder (512ms)
06-14 12:56:00.967 1959 22771 D OkHttp : content-type: application/xml; charset=utf-8
06-14 12:56:00.967 1959 22771 D OkHttp : server: Microsoft-IIS/10.0
06-14 12:56:00.967 1959 22771 D OkHttp : x-powered-by: ASP.NET
06-14 12:56:00.968 1959 22771 D OkHttp : date: Fri, 14 Jun 2019 10:56:00 GMT
06-14 12:56:00.968 1959 22771 D OkHttp : content-length: 175
06-14 12:56:00.968 1959 22771 D OkHttp : <-- END HTTP
06-14 12:56:00.974 1959 22771 D sendOrder_SUCCESS: 200
06-14 12:56:01.032 1959 22771 D MESSAGE_SERVICE: ACTION_RESEND_ORDERS
06-14 12:56:01.248 1959 1959 D AbsListView: in onLayout changed
06-14 12:56:01.455 1959 1959 D AbsListView: in onLayout changed
06-14 12:56:01.502 1959 1959 D Graph : removeVertex() : insertDummyVertex, because there is no ancestor.
06-14 12:56:01.512 1959 1959 D TextView: SYANI: Clipboard API is calling: clearFilter()
06-14 12:56:01.512 1959 1959 D TextView: SYANI: Clipboard API is calling: unregisterClipboardEventListener()
06-14 12:56:01.520 1959 1959 D ViewRootImpl@125d58[CancelDeliveryActivity]: mHardwareRenderer.destroy()#4
06-14 12:56:01.520 1959 1959 D ViewRootImpl@125d58[CancelDeliveryActivity]: dispatchDetachedFromWindow
06-14 12:56:01.532 1959 1959 D InputTransport: Input channel destroyed: fd=69
06-14 12:56:01.532 1959 1959 D LOCATION_SERVICE: onDestroy
06-14 12:56:01.602 1959 1959 D ViewRootImpl@7f303a8[MainActivity]: ViewPostImeInputStage processPointer 0
06-14 12:56:01.680 1959 1959 D AbsListView: reportScrollStateChange() newState : 1
06-14 12:56:02.157 1959 1959 D ViewRootImpl@7f303a8[MainActivity]: ViewPostImeInputStage processPointer 1
06-14 12:56:02.157 1959 1959 D AbsListView: onTouchUp() mTouchMode : 3
06-14 12:56:02.157 1959 1959 D AbsListView: onTouchUp() TOUCH_MODE_SCROLL initialVelocity : -21
06-14 12:56:02.157 1959 1959 D AbsListView: reportScrollStateChange() newState : 0
06-14 12:56:04.393 1959 1959 D ViewRootImpl@7f303a8[MainActivity]: ViewPostImeInputStage processPointer 0
06-14 12:56:04.498 1959 1959 D ViewRootImpl@7f303a8[MainActivity]: ViewPostImeInputStage processPointer 1
06-14 12:56:04.519 1959 1959 D item_click: viewId = 2131820758, position = 3
06-14 12:56:04.568 1959 1959 D ViewRootImpl@7f303a8[MainActivity]: MSG_WINDOW_FOCUS_CHANGED 0
06-14 12:56:04.735 1959 1959 D ViewRootImpl@4c83f26[BatchUploadActivity]: ThreadedRenderer.create() translucent=false
06-14 12:56:04.739 1959 1959 D InputTransport: Input channel constructed: fd=69
06-14 12:56:04.740 1959 1959 D ViewRootImpl@4c83f26[BatchUploadActivity]: setView = DecorView@9e4a767[BatchUploadActivity] touchMode=true
06-14 12:56:04.742 1959 1959 D ViewRootImpl@4c83f26[BatchUploadActivity]: dispatchAttachedToWindow
06-14 12:56:04.782 1959 1959 D ViewRootImpl@4c83f26[BatchUploadActivity]: Relayout returned: oldFrame=[0,0][0,0] newFrame=[0,0][768,1024] result=0x27 surface={isValid=true -1788012544} surfaceGenerationChanged=true
06-14 12:56:04.782 1959 1959 D ViewRootImpl@4c83f26[BatchUploadActivity]: mHardwareRenderer.initialize() mSurface={isValid=true -1788012544} hwInitialized=true
06-14 12:56:04.815 1959 1959 D AbsListView: in onLayout changed
06-14 12:56:04.818 1959 1959 D LOCATION_SERVICE: LocationListener gps
06-14 12:56:04.819 1959 1959 D LOCATION_SERVICE: LocationListener network
06-14 12:56:04.820 1959 1959 D LOCATION_SERVICE: onCreate
06-14 12:56:04.820 1959 1959 D LOCATION_SERVICE: initializeLocationManager
06-14 12:56:04.834 1959 1959 D LOCATION_SERVICE: onStartCommand
06-14 12:56:04.881 1959 1959 D ViewRootImpl@4c83f26[BatchUploadActivity]: MSG_RESIZED_REPORT: frame=Rect(0, 0 - 768, 1024) ci=Rect(0, 24 - 0, 0) vi=Rect(0, 24 - 0, 0) or=1
06-14 12:56:04.881 1959 1959 D ViewRootImpl@4c83f26[BatchUploadActivity]: MSG_WINDOW_FOCUS_CHANGED 1
06-14 12:56:04.882 1959 1959 D ViewRootImpl@4c83f26[BatchUploadActivity]: mHardwareRenderer.initializeIfNeeded()#2 mSurface={isValid=true -1788012544}
06-14 12:56:04.886 1959 1959 V InputMethodManager: Starting input: tba=android.view.inputmethod.EditorInfo@49abda0 nm : cz.gienger.mobile ic=null
06-14 12:56:04.886 1959 1959 I InputMethodManager: startInputInner - mService.startInputOrWindowGainedFocus
06-14 12:56:04.910 1959 1959 D InputTransport: Input channel constructed: fd=78
06-14 12:56:04.910 1959 1959 D InputTransport: Input channel destroyed: fd=63
06-14 12:56:04.946 1959 1975 D OpenGLRenderer: endAllActiveAnimators on 0x91966980 (RippleDrawable) with handle 0x93614b70
06-14 12:56:04.946 1959 1959 D ViewRootImpl@7f303a8[MainActivity]: mHardwareRenderer.destroy()#1
06-14 12:56:04.956 1959 1959 D ViewRootImpl@7f303a8[MainActivity]: Relayout returned: oldFrame=[0,0][768,1024] newFrame=[0,0][768,1024] result=0x5 surface={isValid=false 0} surfaceGenerationChanged=true
06-14 12:56:05.363 1959 1959 D ViewRootImpl@7f303a8[MainActivity]: Relayout returned: oldFrame=[0,0][768,1024] newFrame=[0,0][768,1024] result=0x5 surface={isValid=false 0} surfaceGenerationChanged=false
06-14 12:56:06.063 1959 1959 D ViewRootImpl@4c83f26[BatchUploadActivity]: ViewPostImeInputStage processPointer 0
06-14 12:56:06.147 1959 1959 D ViewRootImpl@4c83f26[BatchUploadActivity]: ViewPostImeInputStage processPointer 1
06-14 12:56:06.148 1959 1959 D AbsListView: onTouchUp() mTouchMode : 0
06-14 12:56:06.423 1959 1959 D ViewRootImpl@4c83f26[BatchUploadActivity]: ViewPostImeInputStage processPointer 0
06-14 12:56:06.518 1959 1959 D ViewRootImpl@4c83f26[BatchUploadActivity]: ViewPostImeInputStage processPointer 1
06-14 12:56:06.518 1959 1959 D AbsListView: onTouchUp() mTouchMode : 0
06-14 12:56:06.932 1959 1959 D ViewRootImpl@4c83f26[BatchUploadActivity]: ViewPostImeInputStage processPointer 0
06-14 12:56:07.012 1959 1959 D ViewRootImpl@4c83f26[BatchUploadActivity]: ViewPostImeInputStage processPointer 1
06-14 12:56:07.013 1959 1959 D AbsListView: onTouchUp() mTouchMode : 0
06-14 12:56:07.814 1959 1959 D ViewRootImpl@4c83f26[BatchUploadActivity]: ViewPostImeInputStage processPointer 0
06-14 12:56:07.910 1959 1959 D ViewRootImpl@4c83f26[BatchUploadActivity]: ViewPostImeInputStage processPointer 1
06-14 12:56:08.883 1959 1959 D ViewRootImpl@4c83f26[BatchUploadActivity]: ViewPostImeInputStage processPointer 0
06-14 12:56:08.964 1959 1959 D ViewRootImpl@4c83f26[BatchUploadActivity]: ViewPostImeInputStage processPointer 1
06-14 12:56:08.998 1959 1959 D ScrollView: initGoToTop
06-14 12:56:09.007 1959 1959 D ViewRootImpl@eedeeea[BatchUploadActivity]: ThreadedRenderer.create() translucent=true
06-14 12:56:09.014 1959 1959 D InputTransport: Input channel constructed: fd=73
06-14 12:56:09.014 1959 1959 D ViewRootImpl@eedeeea[BatchUploadActivity]: setView = DecorView@d1635db[BatchUploadActivity] touchMode=true
06-14 12:56:09.015 1959 1959 D ViewRootImpl@eedeeea[BatchUploadActivity]: dispatchAttachedToWindow
06-14 12:56:09.038 1959 1959 D ViewRootImpl@eedeeea[BatchUploadActivity]: Relayout returned: oldFrame=[0,0][0,0] newFrame=[94,423][674,624] result=0x27 surface={isValid=true -1845479424} surfaceGenerationChanged=true
06-14 12:56:09.039 1959 1959 D ViewRootImpl@eedeeea[BatchUploadActivity]: mHardwareRenderer.initialize() mSurface={isValid=true -1845479424} hwInitialized=true
06-14 12:56:09.043 1959 1959 D ScrollView: onsize change changed
06-14 12:56:09.059 1959 1959 D ViewRootImpl@eedeeea[BatchUploadActivity]: MSG_WINDOW_FOCUS_CHANGED 1
06-14 12:56:09.060 1959 1959 D ViewRootImpl@eedeeea[BatchUploadActivity]: mHardwareRenderer.initializeIfNeeded()#2 mSurface={isValid=true -1845479424}
06-14 12:56:09.084 1959 1959 D ViewRootImpl@eedeeea[BatchUploadActivity]: MSG_RESIZED_REPORT: frame=Rect(94, 423 - 674, 624) ci=Rect(0, 0 - 0, 0) vi=Rect(0, 0 - 0, 0) or=1
06-14 12:56:09.096 1959 1959 D ViewRootImpl@4c83f26[BatchUploadActivity]: MSG_WINDOW_FOCUS_CHANGED 0
06-14 12:56:10.737 1959 1959 D ViewRootImpl@eedeeea[BatchUploadActivity]: ViewPostImeInputStage processPointer 0
06-14 12:56:10.796 1959 1959 D ViewRootImpl@eedeeea[BatchUploadActivity]: ViewPostImeInputStage processPointer 1
06-14 12:56:10.854 1959 1959 D ViewRootImpl@eedeeea[BatchUploadActivity]: mHardwareRenderer.destroy()#4
06-14 12:56:10.854 1959 1959 D ViewRootImpl@eedeeea[BatchUploadActivity]: dispatchDetachedFromWindow
06-14 12:56:10.863 1959 1959 D InputTransport: Input channel destroyed: fd=73
06-14 12:56:10.898 1959 22806 D MESSAGE_SERVICE: ACTION_BATCH_UPLOAD
06-14 12:56:10.902 1959 1959 E ViewRootImpl: sendUserActionEvent() returned.
06-14 12:56:11.076 1959 1959 D ViewRootImpl@7f303a8[MainActivity]: Relayout returned: oldFrame=[0,0][768,1024] newFrame=[0,0][768,1024] result=0x7 surface={isValid=true -1845395456} surfaceGenerationChanged=true
06-14 12:56:11.076 1959 1959 D ViewRootImpl@7f303a8[MainActivity]: mHardwareRenderer.initialize() mSurface={isValid=true -1845395456} hwInitialized=true
06-14 12:56:11.172 1959 1959 D AbsListView: in onLayout changed
06-14 12:56:11.198 1959 1959 D ViewRootImpl@7f303a8[MainActivity]: MSG_WINDOW_FOCUS_CHANGED 1
06-14 12:56:11.198 1959 1959 D ViewRootImpl@7f303a8[MainActivity]: mHardwareRenderer.initializeIfNeeded()#2 mSurface={isValid=true -1845395456}
06-14 12:56:11.200 1959 1959 V InputMethodManager: Starting input: tba=android.view.inputmethod.EditorInfo@6a97810 nm : cz.gienger.mobile ic=null
06-14 12:56:11.200 1959 1959 I InputMethodManager: startInputInner - mService.startInputOrWindowGainedFocus
06-14 12:56:11.221 1959 1959 D InputTransport: Input channel constructed: fd=75
06-14 12:56:11.221 1959 1959 D InputTransport: Input channel destroyed: fd=78
06-14 12:56:11.264 1959 1959 D ViewRootImpl@4c83f26[BatchUploadActivity]: mHardwareRenderer.destroy()#1
06-14 12:56:11.276 1959 1959 D ViewRootImpl@4c83f26[BatchUploadActivity]: Relayout returned: oldFrame=[0,0][768,1024] newFrame=[0,0][768,1024] result=0x5 surface={isValid=false 0} surfaceGenerationChanged=true
06-14 12:56:11.626 1959 22806 D FILE_MANAGER: Serializing delivery /data/user/0/cz.gienger.mobile/files/finished/130AT1190427353/130AT1190427353.xml
06-14 12:56:11.626 1959 22806 D FILE_MANAGER: Null files:
06-14 12:56:12.511 1959 22806 D FILE_MANAGER: Serializing delivery /data/user/0/cz.gienger.mobile/files/finished/130AT1190607723/130AT1190607723_2.xml
06-14 12:56:12.511 1959 22806 D FILE_MANAGER: Null files:
06-14 12:56:13.135 1959 1959 D ViewRootImpl@7f303a8[MainActivity]: ViewPostImeInputStage processPointer 0
06-14 12:56:13.206 1959 1959 D AbsListView: reportScrollStateChange() newState : 1
06-14 12:56:13.400 1959 22806 D FILE_MANAGER: Serializing delivery /data/user/0/cz.gienger.mobile/files/finished/130AT1191902394/130AT1191902394_1.xml
06-14 12:56:13.401 1959 22806 D FILE_MANAGER: Null files:
06-14 12:56:13.605 1959 22806 D MYINTERCEPTOR: /GiengerService.svc/sendorder
06-14 12:56:13.606 1959 22806 D OkHttp : --> POST https://testsaig1.gienger.cz/GiengerService.svc/sendorder http/1.1
06-14 12:56:13.606 1959 22806 D OkHttp : Content-Type: text/raw
06-14 12:56:13.607 1959 22806 D OkHttp : Content-Length: 3479
06-14 12:56:13.607 1959 22806 D OkHttp : filename: 130AT1190427353.xml
06-14 12:56:13.607 1959 22806 D OkHttp : Checksum: 1b9c74c42d042ab3aff6202b97dcb2bf
06-14 12:56:13.607 1959 22806 D OkHttp : token: d2b0830df0f2ae793952775c8dccb5ee
06-14 12:56:13.607 1959 22806 D OkHttp : --> END POST
06-14 12:56:13.731 1959 1959 D ViewRootImpl@7f303a8[MainActivity]: ViewPostImeInputStage processPointer 1
06-14 12:56:13.732 1959 1959 D AbsListView: onTouchUp() mTouchMode : 3
06-14 12:56:13.732 1959 1959 D AbsListView: onTouchUp() TOUCH_MODE_SCROLL initialVelocity : -178
06-14 12:56:13.733 1959 1959 D AbsListView: reportScrollStateChange() newState : 2
06-14 12:56:13.909 1959 1959 D AbsListView: reportScrollStateChange() newState : 0
06-14 12:56:14.107 1959 1964 I art : Do partial code cache collection, code=211KB, data=245KB
06-14 12:56:14.107 1959 22806 D OkHttp : <-- 200 https://testsaig1.gienger.cz/GiengerService.svc/sendorder (499ms)
06-14 12:56:14.107 1959 22806 D OkHttp : content-type: application/xml; charset=utf-8
06-14 12:56:14.108 1959 22806 D OkHttp : server: Microsoft-IIS/10.0
06-14 12:56:14.108 1959 22806 D OkHttp : x-powered-by: ASP.NET
06-14 12:56:14.108 1959 22806 D OkHttp : date: Fri, 14 Jun 2019 10:56:13 GMT
06-14 12:56:14.108 1959 22806 D OkHttp : content-length: 175
06-14 12:56:14.108 1959 22806 D OkHttp : <-- END HTTP
06-14 12:56:14.110 1959 1964 I art : After code cache collection, code=211KB, data=245KB
06-14 12:56:14.110 1959 1964 I art : Increasing code cache capacity to 1024KB
06-14 12:56:14.118 1959 22806 D sendOrder_SUCCESS: 200
06-14 12:56:14.147 1959 1959 D ViewRootImpl@7f303a8[MainActivity]: ViewPostImeInputStage processPointer 0
06-14 12:56:14.154 1959 22806 D MYINTERCEPTOR: /GiengerService.svc/sendorder
06-14 12:56:14.155 1959 22806 D OkHttp : --> POST https://testsaig1.gienger.cz/GiengerService.svc/sendorder http/1.1
06-14 12:56:14.155 1959 22806 D OkHttp : Content-Type: text/raw
06-14 12:56:14.156 1959 22806 D OkHttp : Content-Length: 3040
06-14 12:56:14.156 1959 22806 D OkHttp : filename: 130AT1190607723_2.xml
06-14 12:56:14.156 1959 22806 D OkHttp : Checksum: fc1c0b6b1b00a61ac8d0cc0855c1dd9b
06-14 12:56:14.156 1959 22806 D OkHttp : token: d2b0830df0f2ae793952775c8dccb5ee
06-14 12:56:14.156 1959 22806 D OkHttp : --> END POST
06-14 12:56:14.215 1959 1959 D ViewRootImpl@7f303a8[MainActivity]: ViewPostImeInputStage processPointer 1
06-14 12:56:14.243 1959 1959 D item_click: viewId = 2131820758, position = 6
06-14 12:56:14.292 1959 1959 D ViewRootImpl@7f303a8[MainActivity]: MSG_WINDOW_FOCUS_CHANGED 0
06-14 12:56:14.384 1959 22806 D OkHttp : <-- 200 https://testsaig1.gienger.cz/GiengerService.svc/sendorder (227ms)
06-14 12:56:14.384 1959 22806 D OkHttp : content-type: application/xml; charset=utf-8
06-14 12:56:14.384 1959 22806 D OkHttp : server: Microsoft-IIS/10.0
06-14 12:56:14.384 1959 22806 D OkHttp : x-powered-by: ASP.NET
06-14 12:56:14.385 1959 22806 D OkHttp : date: Fri, 14 Jun 2019 10:56:13 GMT
06-14 12:56:14.385 1959 22806 D OkHttp : content-length: 175
06-14 12:56:14.385 1959 22806 D OkHttp : <-- END HTTP
06-14 12:56:14.387 1959 22806 D sendOrder_SUCCESS: 200
06-14 12:56:14.407 1959 22806 D MYINTERCEPTOR: /GiengerService.svc/sendorder
06-14 12:56:14.408 1959 22806 D OkHttp : --> POST https://testsaig1.gienger.cz/GiengerService.svc/sendorder http/1.1
06-14 12:56:14.408 1959 22806 D OkHttp : Content-Type: text/raw
06-14 12:56:14.408 1959 22806 D OkHttp : Content-Length: 7010
06-14 12:56:14.408 1959 22806 D OkHttp : filename: 130AT1191902394_1.xml
06-14 12:56:14.408 1959 22806 D OkHttp : Checksum: 44979496045c78d6fa561eaba00853c4
06-14 12:56:14.408 1959 22806 D OkHttp : token: d2b0830df0f2ae793952775c8dccb5ee
06-14 12:56:14.408 1959 22806 D OkHttp : --> END POST
06-14 12:56:14.427 1959 1959 D ViewRootImpl@8204f27[BatchUploadActivity]: ThreadedRenderer.create() translucent=false
06-14 12:56:14.434 1959 1959 D InputTransport: Input channel constructed: fd=82
06-14 12:56:14.435 1959 1959 D ViewRootImpl@8204f27[BatchUploadActivity]: setView = DecorView@d09c5d4[BatchUploadActivity] touchMode=true
06-14 12:56:14.460 1959 1959 D TextView: SYANI: Clipboard API is calling: clearFilter()
06-14 12:56:14.461 1959 1959 D TextView: SYANI: Clipboard API is calling: unregisterClipboardEventListener()
06-14 12:56:14.489 1959 1959 D ViewRootImpl@4c83f26[BatchUploadActivity]: mHardwareRenderer.destroy()#4
06-14 12:56:14.489 1959 1959 D ViewRootImpl@4c83f26[BatchUploadActivity]: dispatchDetachedFromWindow
06-14 12:56:14.498 1959 1959 D InputTransport: Input channel destroyed: fd=69
06-14 12:56:14.503 1959 1959 D ViewRootImpl@8204f27[BatchUploadActivity]: dispatchAttachedToWindow
06-14 12:56:14.520 1959 1959 D ViewRootImpl@8204f27[BatchUploadActivity]: Relayout returned: oldFrame=[0,0][0,0] newFrame=[0,0][768,1024] result=0x7 surface={isValid=true -1845041152} surfaceGenerationChanged=true
06-14 12:56:14.520 1959 1959 D ViewRootImpl@8204f27[BatchUploadActivity]: mHardwareRenderer.initialize() mSurface={isValid=true -1845041152} hwInitialized=true
06-14 12:56:14.525 1959 22806 D OkHttp : <-- 200 https://testsaig1.gienger.cz/GiengerService.svc/sendorder (116ms)
06-14 12:56:14.525 1959 22806 D OkHttp : content-type: application/xml; charset=utf-8
06-14 12:56:14.525 1959 22806 D OkHttp : server: Microsoft-IIS/10.0
06-14 12:56:14.525 1959 22806 D OkHttp : x-powered-by: ASP.NET
06-14 12:56:14.525 1959 22806 D OkHttp : date: Fri, 14 Jun 2019 10:56:13 GMT
06-14 12:56:14.525 1959 22806 D OkHttp : content-length: 175
06-14 12:56:14.525 1959 22806 D OkHttp : <-- END HTTP
06-14 12:56:14.529 1959 22806 D sendOrder_SUCCESS: 200
06-14 12:56:14.553 1959 1959 D AbsListView: in onLayout changed
06-14 12:56:14.554 1959 1959 D LOCATION_SERVICE: onStartCommand
06-14 12:56:14.567 1959 1959 D LOCATION_SERVICE: onDestroy
06-14 12:56:14.605 1959 1959 D ViewRootImpl@8204f27[BatchUploadActivity]: MSG_RESIZED_REPORT: frame=Rect(0, 0 - 768, 1024) ci=Rect(0, 24 - 0, 0) vi=Rect(0, 24 - 0, 0) or=1
06-14 12:56:14.605 1959 1959 D ViewRootImpl@8204f27[BatchUploadActivity]: MSG_WINDOW_FOCUS_CHANGED 1
06-14 12:56:14.605 1959 1959 D ViewRootImpl@8204f27[BatchUploadActivity]: mHardwareRenderer.initializeIfNeeded()#2 mSurface={isValid=true -1845041152}
06-14 12:56:14.611 1959 1959 V InputMethodManager: Starting input: tba=android.view.inputmethod.EditorInfo@1a4be34 nm : cz.gienger.mobile ic=null
06-14 12:56:14.611 1959 1959 I InputMethodManager: startInputInner - mService.startInputOrWindowGainedFocus
06-14 12:56:14.618 1959 1959 D InputTransport: Input channel constructed: fd=78
06-14 12:56:14.618 1959 1959 D InputTransport: Input channel destroyed: fd=75
06-14 12:56:14.671 1959 1975 D OpenGLRenderer: endAllActiveAnimators on 0x9484a780 (RippleDrawable) with handle 0x91b5d400
06-14 12:56:14.671 1959 1959 D ViewRootImpl@7f303a8[MainActivity]: mHardwareRenderer.destroy()#1
06-14 12:56:14.682 1959 1959 D ViewRootImpl@7f303a8[MainActivity]: Relayout returned: oldFrame=[0,0][768,1024] newFrame=[0,0][768,1024] result=0x5 surface={isValid=false 0} surfaceGenerationChanged=true
06-14 12:56:15.068 1959 1959 D ViewRootImpl@7f303a8[MainActivity]: Relayout returned: oldFrame=[0,0][768,1024] newFrame=[0,0][768,1024] result=0x5 surface={isValid=false 0} surfaceGenerationChanged=false
06-14 12:56:15.601 1959 1959 D ViewRootImpl@8204f27[BatchUploadActivity]: ViewPostImeInputStage processPointer 0
06-14 12:56:15.660 1959 1959 D ViewRootImpl@8204f27[BatchUploadActivity]: ViewPostImeInputStage processPointer 1
06-14 12:56:15.661 1959 1959 D AbsListView: onTouchUp() mTouchMode : 0
06-14 12:56:16.270 1959 1959 D ViewRootImpl@8204f27[BatchUploadActivity]: ViewPostImeInputStage processPointer 0
06-14 12:56:16.351 1959 1959 D ViewRootImpl@8204f27[BatchUploadActivity]: ViewPostImeInputStage processPointer 1
06-14 12:56:16.387 1959 1959 D ScrollView: initGoToTop
06-14 12:56:16.397 1959 1959 D ViewRootImpl@ee8cd24[BatchUploadActivity]: ThreadedRenderer.create() translucent=true
06-14 12:56:16.404 1959 1959 D InputTransport: Input channel constructed: fd=63
06-14 12:56:16.404 1959 1959 D ViewRootImpl@ee8cd24[BatchUploadActivity]: setView = DecorView@578808d[BatchUploadActivity] touchMode=true
06-14 12:56:16.406 1959 1959 D ViewRootImpl@ee8cd24[BatchUploadActivity]: dispatchAttachedToWindow
06-14 12:56:16.440 1959 1959 D ViewRootImpl@ee8cd24[BatchUploadActivity]: Relayout returned: oldFrame=[0,0][0,0] newFrame=[94,423][674,624] result=0x27 surface={isValid=true -1807960064} surfaceGenerationChanged=true
06-14 12:56:16.440 1959 1959 D ViewRootImpl@ee8cd24[BatchUploadActivity]: mHardwareRenderer.initialize() mSurface={isValid=true -1807960064} hwInitialized=true
06-14 12:56:16.448 1959 1959 D ScrollView: onsize change changed
06-14 12:56:16.454 1959 1959 D ViewRootImpl@ee8cd24[BatchUploadActivity]: MSG_WINDOW_FOCUS_CHANGED 1
06-14 12:56:16.454 1959 1959 D ViewRootImpl@ee8cd24[BatchUploadActivity]: mHardwareRenderer.initializeIfNeeded()#2 mSurface={isValid=true -1807960064}
