06-13 16:44:46.781 22832 22832 D ViewRootImpl@a4f12f5[CancelDeliveryActivity]: mHardwareRenderer.destroy()#4
06-13 16:44:46.782 22832 22832 D ViewRootImpl@a4f12f5[CancelDeliveryActivity]: dispatchDetachedFromWindow
06-13 16:44:46.788 22832 22832 D InputTransport: Input channel destroyed: fd=67
06-13 16:44:46.789 22832 22832 D LOCATION_SERVICE: onDestroy
06-13 16:44:46.963 22832 22832 D ViewRootImpl@77cb205[MainActivity]: ViewPostImeInputStage processPointer 0
06-13 16:44:47.010 22832 22832 D ViewRootImpl@77cb205[MainActivity]: ViewPostImeInputStage processPointer 1
06-13 16:44:47.019 22832 22832 D item_click: viewId = 2131820758, position = 6
06-13 16:44:47.065 22832 22832 D ViewRootImpl@77cb205[MainActivity]: MSG_WINDOW_FOCUS_CHANGED 0
06-13 16:44:47.117 22832 22832 D ScrollView: initGoToTop
06-13 16:44:47.181 22832 22832 D ViewRootImpl@9bede8[CancelDeliveryActivity]: ThreadedRenderer.create() translucent=false
06-13 16:44:47.184 22832 22832 D InputTransport: Input channel constructed: fd=78
06-13 16:44:47.185 22832 22832 D ViewRootImpl@9bede8[CancelDeliveryActivity]: setView = DecorView@e512c01[CancelDeliveryActivity] touchMode=true
06-13 16:44:47.186 22832 22832 D LOCATION_SERVICE: LocationListener gps
06-13 16:44:47.187 22832 22832 D LOCATION_SERVICE: LocationListener network
06-13 16:44:47.188 22832 22832 D LOCATION_SERVICE: onCreate
06-13 16:44:47.188 22832 22832 D LOCATION_SERVICE: initializeLocationManager
06-13 16:44:47.197 22832 22832 D LOCATION_SERVICE: onStartCommand
06-13 16:44:47.212 22832 22832 D ViewRootImpl@9bede8[CancelDeliveryActivity]: dispatchAttachedToWindow
06-13 16:44:47.257 22832 22832 D ViewRootImpl@9bede8[CancelDeliveryActivity]: Relayout returned: oldFrame=[0,0][0,0] newFrame=[0,0][768,1024] result=0x27 surface={isValid=true -1852905472} surfaceGenerationChanged=true
06-13 16:44:47.257 22832 22832 D ViewRootImpl@9bede8[CancelDeliveryActivity]: mHardwareRenderer.initialize() mSurface={isValid=true -1852905472} hwInitialized=true
06-13 16:44:47.262 22832 22832 D ScrollView: onsize change changed
06-13 16:44:47.304 22832 22832 D ViewRootImpl@9bede8[CancelDeliveryActivity]: MSG_RESIZED_REPORT: frame=Rect(0, 0 - 768, 1024) ci=Rect(0, 24 - 0, 0) vi=Rect(0, 24 - 0, 0) or=1
06-13 16:44:47.304 22832 22832 D ViewRootImpl@9bede8[CancelDeliveryActivity]: MSG_WINDOW_FOCUS_CHANGED 1
06-13 16:44:47.304 22832 22832 D ViewRootImpl@9bede8[CancelDeliveryActivity]: mHardwareRenderer.initializeIfNeeded()#2 mSurface={isValid=true -1852905472}
06-13 16:44:47.309 22832 22832 V InputMethodManager: Starting input: tba=android.view.inputmethod.EditorInfo@958ce2c nm : cz.gienger.mobile ic=null
06-13 16:44:47.309 22832 22832 I InputMethodManager: startInputInner - mService.startInputOrWindowGainedFocus
06-13 16:44:47.323 22832 22832 D InputTransport: Input channel constructed: fd=80
06-13 16:44:47.323 22832 22832 D InputTransport: Input channel destroyed: fd=71
06-13 16:44:47.372 22832 22878 D OpenGLRenderer: endAllActiveAnimators on 0x944ba880 (RippleDrawable) with handle 0x92cff990
06-13 16:44:47.372 22832 22832 D ViewRootImpl@77cb205[MainActivity]: mHardwareRenderer.destroy()#1
06-13 16:44:47.385 22832 22832 D ViewRootImpl@77cb205[MainActivity]: Relayout returned: oldFrame=[0,0][768,1024] newFrame=[0,0][768,1024] result=0x5 surface={isValid=false 0} surfaceGenerationChanged=true
06-13 16:44:47.755 22832 22832 D ViewRootImpl@77cb205[MainActivity]: Relayout returned: oldFrame=[0,0][768,1024] newFrame=[0,0][768,1024] result=0x5 surface={isValid=false 0} surfaceGenerationChanged=false
06-13 16:44:47.898 22832 22832 D ViewRootImpl@9bede8[CancelDeliveryActivity]: ViewPostImeInputStage processPointer 0
06-13 16:44:47.959 22832 22832 D ViewRootImpl@9bede8[CancelDeliveryActivity]: ViewPostImeInputStage processPointer 1
06-13 16:44:48.583 22832 22832 D ViewRootImpl@9bede8[CancelDeliveryActivity]: ViewPostImeInputStage processPointer 0
06-13 16:44:48.647 22832 22832 D ViewRootImpl@9bede8[CancelDeliveryActivity]: ViewPostImeInputStage processPointer 1
06-13 16:44:48.669 22832 22832 D UNDELIVERED: Reason ID = 8, Comment =
06-13 16:44:48.779 22832 22832 D ViewRootImpl@9bede8[CancelDeliveryActivity]: MSG_WINDOW_FOCUS_CHANGED 0
06-13 16:44:48.779 22832 1833 D MESSAGE_SERVICE: ACTION_COMPRESS_AND_UPLOAD
06-13 16:44:48.830 22832 22832 D ViewRootImpl@77cb205[MainActivity]: mHardwareRenderer.destroy()#4
06-13 16:44:48.830 22832 22832 D ViewRootImpl@77cb205[MainActivity]: dispatchDetachedFromWindow
06-13 16:44:48.839 22832 22832 D InputTransport: Input channel destroyed: fd=82
06-13 16:44:49.012 22832 22832 D ViewRootImpl@f667038[MainActivity]: ThreadedRenderer.create() translucent=false
06-13 16:44:49.015 22832 22832 D InputTransport: Input channel constructed: fd=85
06-13 16:44:49.016 22832 22832 D ViewRootImpl@f667038[MainActivity]: setView = DecorView@81f0811[MainActivity] touchMode=true
06-13 16:44:49.018 22832 22832 D ViewRootImpl@f667038[MainActivity]: dispatchAttachedToWindow
06-13 16:44:49.079 22832 22832 D ViewRootImpl@f667038[MainActivity]: Relayout returned: oldFrame=[0,0][0,0] newFrame=[0,0][768,1024] result=0x27 surface={isValid=true -1838204928} surfaceGenerationChanged=true
06-13 16:44:49.080 22832 22832 D ViewRootImpl@f667038[MainActivity]: mHardwareRenderer.initialize() mSurface={isValid=true -1838204928} hwInitialized=true
06-13 16:44:49.167 22832 22832 D AbsListView: in onLayout changed
06-13 16:44:49.194 22832 22878 D OpenGLRenderer: endAllActiveAnimators on 0x944bf900 (RippleDrawable) with handle 0x939b5b90
06-13 16:44:49.194 22832 22832 D ViewRootImpl@9bede8[CancelDeliveryActivity]: mHardwareRenderer.destroy()#1
06-13 16:44:49.202 22832 22832 D ViewRootImpl@9bede8[CancelDeliveryActivity]: Relayout returned: oldFrame=[0,0][768,1024] newFrame=[0,0][768,1024] result=0x5 surface={isValid=false 0} surfaceGenerationChanged=true
06-13 16:44:49.269 22832 22832 D ViewRootImpl@f667038[MainActivity]: MSG_RESIZED_REPORT: frame=Rect(0, 0 - 768, 1024) ci=Rect(0, 24 - 0, 0) vi=Rect(0, 24 - 0, 0) or=1
06-13 16:44:49.269 22832 22832 D ViewRootImpl@f667038[MainActivity]: MSG_WINDOW_FOCUS_CHANGED 1
06-13 16:44:49.269 22832 22832 D ViewRootImpl@f667038[MainActivity]: mHardwareRenderer.initializeIfNeeded()#2 mSurface={isValid=true -1838204928}
06-13 16:44:49.271 22832 22832 V InputMethodManager: Starting input: tba=android.view.inputmethod.EditorInfo@8c9deed nm : cz.gienger.mobile ic=null
06-13 16:44:49.271 22832 22832 I InputMethodManager: startInputInner - mService.startInputOrWindowGainedFocus
06-13 16:44:49.278 22832 22832 D InputTransport: Input channel constructed: fd=71
06-13 16:44:49.278 22832 22832 D InputTransport: Input channel destroyed: fd=80
06-13 16:44:49.505 22832 1833 D FILE_MANAGER: Serializing delivery /data/user/0/cz.gienger.mobile/files/finished/130AT1190319609/130AT1190319609.xml
06-13 16:44:49.505 22832 1833 D FILE_MANAGER: Null files:
06-13 16:44:49.561 22832 1833 D MYINTERCEPTOR: /GiengerService.svc/sendorder
06-13 16:44:49.562 22832 1833 D OkHttp : --> POST https://testsaig1.gienger.cz/GiengerService.svc/sendorder http/1.1
06-13 16:44:49.562 22832 1833 D OkHttp : Content-Type: text/raw
06-13 16:44:49.562 22832 1833 D OkHttp : Content-Length: 3002
06-13 16:44:49.562 22832 1833 D OkHttp : filename: 130AT1190319609.xml
06-13 16:44:49.562 22832 1833 D OkHttp : Checksum: a63bf5dcd2f6c0f40a06cf6833f451a1
06-13 16:44:49.562 22832 1833 D OkHttp : token: f0323d10b7111cce7f3c7f59236b87e2
06-13 16:44:49.562 22832 1833 D OkHttp : --> END POST
06-13 16:44:49.669 22832 1833 D OkHttp : <-- 200 https://testsaig1.gienger.cz/GiengerService.svc/sendorder (107ms)
06-13 16:44:49.669 22832 1833 D OkHttp : content-type: application/xml; charset=utf-8
06-13 16:44:49.669 22832 1833 D OkHttp : server: Microsoft-IIS/10.0
06-13 16:44:49.669 22832 1833 D OkHttp : x-powered-by: ASP.NET
06-13 16:44:49.669 22832 1833 D OkHttp : date: Thu, 13 Jun 2019 14:44:49 GMT
06-13 16:44:49.669 22832 1833 D OkHttp : content-length: 175
06-13 16:44:49.669 22832 1833 D OkHttp : <-- END HTTP
06-13 16:44:49.673 22832 1833 D sendOrder_SUCCESS: 200
06-13 16:44:49.710 22832 1833 D MESSAGE_SERVICE: ACTION_RESEND_ORDERS
06-13 16:44:49.944 22832 22832 D AbsListView: in onLayout changed
06-13 16:44:49.987 22832 22855 W art : Clearing bad or obsolete profile data from file /data/misc/profiles/cur/0/cz.gienger.mobile/primary.prof: Profile EOF reached prematurely for ReadProfileHeader
06-13 16:44:50.144 22832 22845 I art : Background partial concurrent mark sweep GC freed 193468(9MB) AllocSpace objects, 13(352KB) LOS objects, 53% free, 10MB/22MB, paused 1.958ms total 143.639ms
06-13 16:44:50.259 22832 22832 D AbsListView: in onLayout changed
06-13 16:44:50.314 22832 22832 D Graph : removeVertex() : insertDummyVertex, because there is no ancestor.
06-13 16:44:50.314 22832 22832 D Graph : removeVertex() : insertDummyVertex, because there is no ancestor.
06-13 16:44:50.314 22832 22832 D Graph : removeVertex() : insertDummyVertex, because there is no ancestor.
06-13 16:44:50.314 22832 22832 D Graph : removeVertex() : insertDummyVertex, because there is no ancestor.
06-13 16:44:50.323 22832 22832 D TextView: SYANI: Clipboard API is calling: clearFilter()
06-13 16:44:50.323 22832 22832 D TextView: SYANI: Clipboard API is calling: unregisterClipboardEventListener()
06-13 16:44:50.336 22832 22832 D ViewRootImpl@9bede8[CancelDeliveryActivity]: mHardwareRenderer.destroy()#4
06-13 16:44:50.336 22832 22832 D ViewRootImpl@9bede8[CancelDeliveryActivity]: dispatchDetachedFromWindow
06-13 16:44:50.344 22832 22832 D InputTransport: Input channel destroyed: fd=78
06-13 16:44:50.344 22832 22832 D ViewRootImpl@f667038[MainActivity]: ViewPostImeInputStage processPointer 0
06-13 16:44:50.345 22832 22832 D LOCATION_SERVICE: onDestroy
06-13 16:44:50.387 22832 22832 D AbsListView: reportScrollStateChange() newState : 1
06-13 16:44:50.896 22832 22832 D ViewRootImpl@f667038[MainActivity]: ViewPostImeInputStage processPointer 1
06-13 16:44:50.897 22832 22832 D AbsListView: onTouchUp() mTouchMode : 3
06-13 16:44:50.897 22832 22832 D AbsListView: onTouchUp() TOUCH_MODE_SCROLL initialVelocity : -219
06-13 16:44:50.897 22832 22832 D AbsListView: reportScrollStateChange() newState : 2
06-13 16:44:51.105 22832 22832 D AbsListView: reportScrollStateChange() newState : 0
06-13 16:44:51.218 22832 22832 D ViewRootImpl@f667038[MainActivity]: ViewPostImeInputStage processPointer 0
06-13 16:44:51.276 22832 22832 D ViewRootImpl@f667038[MainActivity]: ViewPostImeInputStage processPointer 1
06-13 16:44:51.295 22832 22832 D item_click: viewId = 2131820758, position = 7
06-13 16:44:51.346 22832 22832 D ViewRootImpl@f667038[MainActivity]: MSG_WINDOW_FOCUS_CHANGED 0
06-13 16:44:51.394 22832 22832 D ScrollView: initGoToTop
06-13 16:44:51.454 22832 22832 D ViewRootImpl@b7486a7[CancelDeliveryActivity]: ThreadedRenderer.create() translucent=false
06-13 16:44:51.458 22832 22832 D InputTransport: Input channel constructed: fd=78
06-13 16:44:51.459 22832 22832 D ViewRootImpl@b7486a7[CancelDeliveryActivity]: setView = DecorView@dce6754[CancelDeliveryActivity] touchMode=true
06-13 16:44:51.460 22832 22832 D LOCATION_SERVICE: LocationListener gps
06-13 16:44:51.461 22832 22832 D LOCATION_SERVICE: LocationListener network
06-13 16:44:51.462 22832 22832 D LOCATION_SERVICE: onCreate
06-13 16:44:51.462 22832 22832 D LOCATION_SERVICE: initializeLocationManager
06-13 16:44:51.469 22832 22832 D LOCATION_SERVICE: onStartCommand
06-13 16:44:51.481 22832 22832 D ViewRootImpl@b7486a7[CancelDeliveryActivity]: dispatchAttachedToWindow
06-13 16:44:51.525 22832 22832 D ViewRootImpl@b7486a7[CancelDeliveryActivity]: Relayout returned: oldFrame=[0,0][0,0] newFrame=[0,0][768,1024] result=0x27 surface={isValid=true -1878099968} surfaceGenerationChanged=true
06-13 16:44:51.526 22832 22832 D ViewRootImpl@b7486a7[CancelDeliveryActivity]: mHardwareRenderer.initialize() mSurface={isValid=true -1878099968} hwInitialized=true
06-13 16:44:51.530 22832 22832 D ScrollView: onsize change changed
06-13 16:44:51.589 22832 22832 D ViewRootImpl@b7486a7[CancelDeliveryActivity]: MSG_RESIZED_REPORT: frame=Rect(0, 0 - 768, 1024) ci=Rect(0, 24 - 0, 0) vi=Rect(0, 24 - 0, 0) or=1
06-13 16:44:51.589 22832 22832 D ViewRootImpl@b7486a7[CancelDeliveryActivity]: MSG_WINDOW_FOCUS_CHANGED 1
06-13 16:44:51.589 22832 22832 D ViewRootImpl@b7486a7[CancelDeliveryActivity]: mHardwareRenderer.initializeIfNeeded()#2 mSurface={isValid=true -1878099968}
06-13 16:44:51.594 22832 22832 V InputMethodManager: Starting input: tba=android.view.inputmethod.EditorInfo@f7edabb nm : cz.gienger.mobile ic=null
06-13 16:44:51.594 22832 22832 I InputMethodManager: startInputInner - mService.startInputOrWindowGainedFocus
06-13 16:44:51.604 22832 22832 D InputTransport: Input channel constructed: fd=81
06-13 16:44:51.604 22832 22832 D InputTransport: Input channel destroyed: fd=71
06-13 16:44:51.665 22832 22878 D OpenGLRenderer: endAllActiveAnimators on 0x91a36a80 (RippleDrawable) with handle 0x9106e150
06-13 16:44:51.665 22832 22832 D ViewRootImpl@f667038[MainActivity]: mHardwareRenderer.destroy()#1
06-13 16:44:51.672 22832 22832 D ViewRootImpl@f667038[MainActivity]: Relayout returned: oldFrame=[0,0][768,1024] newFrame=[0,0][768,1024] result=0x5 surface={isValid=false 0} surfaceGenerationChanged=true
06-13 16:44:52.049 22832 22832 D ViewRootImpl@f667038[MainActivity]: Relayout returned: oldFrame=[0,0][768,1024] newFrame=[0,0][768,1024] result=0x5 surface={isValid=false 0} surfaceGenerationChanged=false
06-13 16:44:52.077 22832 22832 D LOCATION_SERVICE: onLocationChanged: Location[network 49,191237,17,534671 acc=21 et=+1d2h59m25s8ms alt=0.0 vel=0.0 bear=0.0 {Bundle[mParcelledData.dataSize=80]}]
06-13 16:44:52.229 22832 22832 D ViewRootImpl@b7486a7[CancelDeliveryActivity]: ViewPostImeInputStage processPointer 0
06-13 16:44:52.290 22832 22832 D ViewRootImpl@b7486a7[CancelDeliveryActivity]: ViewPostImeInputStage processPointer 1
06-13 16:44:52.822 22832 22832 D ViewRootImpl@b7486a7[CancelDeliveryActivity]: ViewPostImeInputStage processPointer 0
06-13 16:44:52.880 22832 22832 D ViewRootImpl@b7486a7[CancelDeliveryActivity]: ViewPostImeInputStage processPointer 1
06-13 16:44:52.909 22832 22832 D UNDELIVERED: Reason ID = 9, Comment =
06-13 16:44:53.004 22832 22832 D ViewRootImpl@b7486a7[CancelDeliveryActivity]: MSG_WINDOW_FOCUS_CHANGED 0
06-13 16:44:53.009 22832 1839 D MESSAGE_SERVICE: ACTION_COMPRESS_AND_UPLOAD
06-13 16:44:53.055 22832 22832 D ViewRootImpl@f667038[MainActivity]: mHardwareRenderer.destroy()#4
06-13 16:44:53.055 22832 22832 D ViewRootImpl@f667038[MainActivity]: dispatchDetachedFromWindow
06-13 16:44:53.064 22832 22832 D InputTransport: Input channel destroyed: fd=85
06-13 16:44:53.225 22832 22832 D ViewRootImpl@dfaf937[MainActivity]: ThreadedRenderer.create() translucent=false
06-13 16:44:53.229 22832 22832 D InputTransport: Input channel constructed: fd=88
06-13 16:44:53.231 22832 22832 D ViewRootImpl@dfaf937[MainActivity]: setView = DecorView@3550ea4[MainActivity] touchMode=true
06-13 16:44:53.235 22832 22832 D ViewRootImpl@dfaf937[MainActivity]: dispatchAttachedToWindow
06-13 16:44:53.289 22832 22832 D ViewRootImpl@dfaf937[MainActivity]: Relayout returned: oldFrame=[0,0][0,0] newFrame=[0,0][768,1024] result=0x27 surface={isValid=true -1838430208} surfaceGenerationChanged=true
06-13 16:44:53.289 22832 22832 D ViewRootImpl@dfaf937[MainActivity]: mHardwareRenderer.initialize() mSurface={isValid=true -1838430208} hwInitialized=true
06-13 16:44:53.372 22832 22832 D AbsListView: in onLayout changed
06-13 16:44:53.385 22832 22878 D OpenGLRenderer: endAllActiveAnimators on 0x92fe7300 (RippleDrawable) with handle 0x9135d680
06-13 16:44:53.385 22832 22832 D ViewRootImpl@b7486a7[CancelDeliveryActivity]: mHardwareRenderer.destroy()#1
06-13 16:44:53.392 22832 22832 D ViewRootImpl@b7486a7[CancelDeliveryActivity]: Relayout returned: oldFrame=[0,0][768,1024] newFrame=[0,0][768,1024] result=0x5 surface={isValid=false 0} surfaceGenerationChanged=true
06-13 16:44:53.451 22832 22832 D ViewRootImpl@dfaf937[MainActivity]: MSG_RESIZED_REPORT: frame=Rect(0, 0 - 768, 1024) ci=Rect(0, 24 - 0, 0) vi=Rect(0, 24 - 0, 0) or=1
06-13 16:44:53.452 22832 22832 D ViewRootImpl@dfaf937[MainActivity]: MSG_WINDOW_FOCUS_CHANGED 1
06-13 16:44:53.452 22832 22832 D ViewRootImpl@dfaf937[MainActivity]: mHardwareRenderer.initializeIfNeeded()#2 mSurface={isValid=true -1838430208}
06-13 16:44:53.453 22832 22832 V InputMethodManager: Starting input: tba=android.view.inputmethod.EditorInfo@f9ae5e2 nm : cz.gienger.mobile ic=null
06-13 16:44:53.453 22832 22832 I InputMethodManager: startInputInner - mService.startInputOrWindowGainedFocus
06-13 16:44:53.463 22832 22832 D InputTransport: Input channel constructed: fd=71
06-13 16:44:53.463 22832 22832 D InputTransport: Input channel destroyed: fd=81
06-13 16:44:53.732 22832 1839 D FILE_MANAGER: Serializing delivery /data/user/0/cz.gienger.mobile/files/finished/130AT1190319661/130AT1190319661.xml
06-13 16:44:53.732 22832 1839 D FILE_MANAGER: Null files:
06-13 16:44:53.793 22832 1839 D MYINTERCEPTOR: /GiengerService.svc/sendorder
06-13 16:44:53.794 22832 1839 D OkHttp : --> POST https://testsaig1.gienger.cz/GiengerService.svc/sendorder http/1.1
06-13 16:44:53.794 22832 1839 D OkHttp : Content-Type: text/raw
06-13 16:44:53.794 22832 1839 D OkHttp : Content-Length: 5639
06-13 16:44:53.794 22832 1839 D OkHttp : filename: 130AT1190319661.xml
06-13 16:44:53.794 22832 1839 D OkHttp : Checksum: dff20afe7f2054386cb9b2d80fb165f0
06-13 16:44:53.794 22832 1839 D OkHttp : token: f0323d10b7111cce7f3c7f59236b87e2
06-13 16:44:53.794 22832 1839 D OkHttp : --> END POST
06-13 16:44:53.897 22832 1839 D OkHttp : <-- 200 https://testsaig1.gienger.cz/GiengerService.svc/sendorder (102ms)
06-13 16:44:53.897 22832 1839 D OkHttp : content-type: application/xml; charset=utf-8
06-13 16:44:53.897 22832 1839 D OkHttp : server: Microsoft-IIS/10.0
06-13 16:44:53.897 22832 1839 D OkHttp : x-powered-by: ASP.NET
06-13 16:44:53.897 22832 1839 D OkHttp : date: Thu, 13 Jun 2019 14:44:53 GMT
06-13 16:44:53.897 22832 1839 D OkHttp : content-length: 175
06-13 16:44:53.897 22832 1839 D OkHttp : <-- END HTTP
06-13 16:44:53.901 22832 1839 D sendOrder_SUCCESS: 200
06-13 16:44:53.924 22832 1839 D MESSAGE_SERVICE: ACTION_RESEND_ORDERS
06-13 16:44:54.165 22832 22832 D AbsListView: in onLayout changed
06-13 16:44:54.379 22832 22832 D AbsListView: in onLayout changed
06-13 16:44:54.391 22832 22832 D ViewRootImpl@dfaf937[MainActivity]: ViewPostImeInputStage processPointer 0
06-13 16:44:54.447 22832 22832 D TextView: SYANI: Clipboard API is calling: clearFilter()
06-13 16:44:54.447 22832 22832 D TextView: SYANI: Clipboard API is calling: unregisterClipboardEventListener()
06-13 16:44:54.455 22832 22832 D ViewRootImpl@b7486a7[CancelDeliveryActivity]: mHardwareRenderer.destroy()#4
06-13 16:44:54.455 22832 22832 D ViewRootImpl@b7486a7[CancelDeliveryActivity]: dispatchDetachedFromWindow
06-13 16:44:54.473 22832 22832 D InputTransport: Input channel destroyed: fd=78
06-13 16:44:54.474 22832 22832 D AbsListView: reportScrollStateChange() newState : 1
06-13 16:44:54.479 22832 22832 D LOCATION_SERVICE: onDestroy
06-13 16:44:54.721 22832 22832 D ViewRootImpl@dfaf937[MainActivity]: ViewPostImeInputStage processPointer 1
06-13 16:44:54.722 22832 22832 D AbsListView: onTouchUp() mTouchMode : 3
06-13 16:44:54.722 22832 22832 D AbsListView: onTouchUp() TOUCH_MODE_SCROLL initialVelocity : -192
06-13 16:44:54.722 22832 22832 D AbsListView: reportScrollStateChange() newState : 2
06-13 16:44:54.913 22832 22832 D AbsListView: reportScrollStateChange() newState : 0
06-13 16:44:55.021 22832 22832 D ViewRootImpl@dfaf937[MainActivity]: ViewPostImeInputStage processPointer 0
06-13 16:44:55.090 22832 22832 D ViewRootImpl@dfaf937[MainActivity]: ViewPostImeInputStage processPointer 1
06-13 16:44:55.101 22832 22832 D item_click: viewId = 2131820758, position = 8
06-13 16:44:55.147 22832 22832 D ViewRootImpl@dfaf937[MainActivity]: MSG_WINDOW_FOCUS_CHANGED 0
06-13 16:44:55.200 22832 22832 D ScrollView: initGoToTop
06-13 16:44:55.254 22832 22832 D ViewRootImpl@a925b4[CancelDeliveryActivity]: ThreadedRenderer.create() translucent=false
06-13 16:44:55.258 22832 22832 D InputTransport: Input channel constructed: fd=81
06-13 16:44:55.258 22832 22832 D ViewRootImpl@a925b4[CancelDeliveryActivity]: setView = DecorView@eba15dd[CancelDeliveryActivity] touchMode=true
06-13 16:44:55.259 22832 22832 D LOCATION_SERVICE: LocationListener gps
06-13 16:44:55.260 22832 22832 D LOCATION_SERVICE: LocationListener network
06-13 16:44:55.261 22832 22832 D LOCATION_SERVICE: onCreate
06-13 16:44:55.261 22832 22832 D LOCATION_SERVICE: initializeLocationManager
06-13 16:44:55.273 22832 22832 D LOCATION_SERVICE: onStartCommand
06-13 16:44:55.287 22832 22832 D ViewRootImpl@a925b4[CancelDeliveryActivity]: dispatchAttachedToWindow
06-13 16:44:55.326 22832 22832 D ViewRootImpl@a925b4[CancelDeliveryActivity]: Relayout returned: oldFrame=[0,0][0,0] newFrame=[0,0][768,1024] result=0x27 surface={isValid=true -1824768000} surfaceGenerationChanged=true
06-13 16:44:55.327 22832 22832 D ViewRootImpl@a925b4[CancelDeliveryActivity]: mHardwareRenderer.initialize() mSurface={isValid=true -1824768000} hwInitialized=true
06-13 16:44:55.332 22832 22832 D ScrollView: onsize change changed
06-13 16:44:55.375 22832 22832 D ViewRootImpl@a925b4[CancelDeliveryActivity]: MSG_RESIZED_REPORT: frame=Rect(0, 0 - 768, 1024) ci=Rect(0, 24 - 0, 0) vi=Rect(0, 24 - 0, 0) or=1
06-13 16:44:55.375 22832 22832 D ViewRootImpl@a925b4[CancelDeliveryActivity]: MSG_WINDOW_FOCUS_CHANGED 1
06-13 16:44:55.376 22832 22832 D ViewRootImpl@a925b4[CancelDeliveryActivity]: mHardwareRenderer.initializeIfNeeded()#2 mSurface={isValid=true -1824768000}
06-13 16:44:55.380 22832 22832 V InputMethodManager: Starting input: tba=android.view.inputmethod.EditorInfo@3fabc38 nm : cz.gienger.mobile ic=null
06-13 16:44:55.380 22832 22832 I InputMethodManager: startInputInner - mService.startInputOrWindowGainedFocus
06-13 16:44:55.394 22832 22832 D InputTransport: Input channel constructed: fd=82
06-13 16:44:55.394 22832 22832 D InputTransport: Input channel destroyed: fd=71
06-13 16:44:55.462 22832 22878 D OpenGLRenderer: endAllActiveAnimators on 0x94d22280 (RippleDrawable) with handle 0x91fa1510
06-13 16:44:55.462 22832 22832 D ViewRootImpl@dfaf937[MainActivity]: mHardwareRenderer.destroy()#1
06-13 16:44:55.477 22832 22832 D ViewRootImpl@dfaf937[MainActivity]: Relayout returned: oldFrame=[0,0][768,1024] newFrame=[0,0][768,1024] result=0x5 surface={isValid=false 0} surfaceGenerationChanged=true
06-13 16:44:55.822 22832 22832 D ViewRootImpl@dfaf937[MainActivity]: Relayout returned: oldFrame=[0,0][768,1024] newFrame=[0,0][768,1024] result=0x5 surface={isValid=false 0} surfaceGenerationChanged=false
06-13 16:44:55.986 22832 22832 D ViewRootImpl@a925b4[CancelDeliveryActivity]: ViewPostImeInputStage processPointer 0
06-13 16:44:56.049 22832 22832 D ViewRootImpl@a925b4[CancelDeliveryActivity]: ViewPostImeInputStage processPointer 1
06-13 16:44:56.579 22832 22832 D ViewRootImpl@a925b4[CancelDeliveryActivity]: ViewPostImeInputStage processPointer 0
06-13 16:44:56.660 22832 22832 D ViewRootImpl@a925b4[CancelDeliveryActivity]: ViewPostImeInputStage processPointer 1
06-13 16:44:56.676 22832 22832 D UNDELIVERED: Reason ID = 8, Comment =
06-13 16:44:56.793 22832 22832 D ViewRootImpl@a925b4[CancelDeliveryActivity]: MSG_WINDOW_FOCUS_CHANGED 0
06-13 16:44:56.794 22832 1845 D MESSAGE_SERVICE: ACTION_COMPRESS_AND_UPLOAD
06-13 16:44:56.847 22832 22832 D ViewRootImpl@dfaf937[MainActivity]: mHardwareRenderer.destroy()#4
06-13 16:44:56.847 22832 22832 D ViewRootImpl@dfaf937[MainActivity]: dispatchDetachedFromWindow
06-13 16:44:56.857 22832 22832 D InputTransport: Input channel destroyed: fd=88
06-13 16:44:57.017 22832 22832 D ViewRootImpl@25f3d17[MainActivity]: ThreadedRenderer.create() translucent=false
06-13 16:44:57.021 22832 22832 D InputTransport: Input channel constructed: fd=94
06-13 16:44:57.021 22832 22832 D ViewRootImpl@25f3d17[MainActivity]: setView = DecorView@df43504[MainActivity] touchMode=true
06-13 16:44:57.023 22832 22832 D ViewRootImpl@25f3d17[MainActivity]: dispatchAttachedToWindow
06-13 16:44:57.079 22832 22832 D ViewRootImpl@25f3d17[MainActivity]: Relayout returned: oldFrame=[0,0][0,0] newFrame=[0,0][768,1024] result=0x27 surface={isValid=true -1335238656} surfaceGenerationChanged=true
06-13 16:44:57.080 22832 22832 D ViewRootImpl@25f3d17[MainActivity]: mHardwareRenderer.initialize() mSurface={isValid=true -1335238656} hwInitialized=true
06-13 16:44:57.163 22832 22832 D AbsListView: in onLayout changed
06-13 16:44:57.176 22832 22878 D OpenGLRenderer: endAllActiveAnimators on 0x95430980 (RippleDrawable) with handle 0x921c50f0
06-13 16:44:57.176 22832 22832 D ViewRootImpl@a925b4[CancelDeliveryActivity]: mHardwareRenderer.destroy()#1
06-13 16:44:57.183 22832 22832 D ViewRootImpl@a925b4[CancelDeliveryActivity]: Relayout returned: oldFrame=[0,0][768,1024] newFrame=[0,0][768,1024] result=0x5 surface={isValid=false 0} surfaceGenerationChanged=true
06-13 16:44:57.250 22832 22832 D ViewRootImpl@25f3d17[MainActivity]: MSG_RESIZED_REPORT: frame=Rect(0, 0 - 768, 1024) ci=Rect(0, 24 - 0, 0) vi=Rect(0, 24 - 0, 0) or=1
06-13 16:44:57.250 22832 22832 D ViewRootImpl@25f3d17[MainActivity]: MSG_WINDOW_FOCUS_CHANGED 1
06-13 16:44:57.251 22832 22832 D ViewRootImpl@25f3d17[MainActivity]: mHardwareRenderer.initializeIfNeeded()#2 mSurface={isValid=true -1335238656}
06-13 16:44:57.253 22832 22832 V InputMethodManager: Starting input: tba=android.view.inputmethod.EditorInfo@d1df342 nm : cz.gienger.mobile ic=null
06-13 16:44:57.253 22832 22832 I InputMethodManager: startInputInner - mService.startInputOrWindowGainedFocus
06-13 16:44:57.262 22832 22832 D InputTransport: Input channel constructed: fd=73
06-13 16:44:57.263 22832 22832 D InputTransport: Input channel destroyed: fd=82
06-13 16:44:57.510 22832 1845 D FILE_MANAGER: Serializing delivery /data/user/0/cz.gienger.mobile/files/finished/130AT1190319662/130AT1190319662.xml
06-13 16:44:57.510 22832 1845 D FILE_MANAGER: Null files:
06-13 16:44:57.569 22832 1845 D MYINTERCEPTOR: /GiengerService.svc/sendorder
06-13 16:44:57.570 22832 1845 D OkHttp : --> POST https://testsaig1.gienger.cz/GiengerService.svc/sendorder http/1.1
06-13 16:44:57.570 22832 1845 D OkHttp : Content-Type: text/raw
06-13 16:44:57.571 22832 1845 D OkHttp : Content-Length: 3327
06-13 16:44:57.571 22832 1845 D OkHttp : filename: 130AT1190319662.xml
06-13 16:44:57.571 22832 1845 D OkHttp : Checksum: 8a8de6b74d75713e5a599f057a1412eb
06-13 16:44:57.571 22832 1845 D OkHttp : token: f0323d10b7111cce7f3c7f59236b87e2
06-13 16:44:57.571 22832 1845 D OkHttp : --> END POST
06-13 16:44:57.677 22832 22845 I art : Background sticky concurrent mark sweep GC freed 203580(8MB) AllocSpace objects, 14(280KB) LOS objects, 39% free, 13MB/22MB, paused 2.024ms total 112.504ms
06-13 16:44:57.683 22832 1845 D OkHttp : <-- 200 https://testsaig1.gienger.cz/GiengerService.svc/sendorder (112ms)
06-13 16:44:57.683 22832 1845 D OkHttp : content-type: application/xml; charset=utf-8
06-13 16:44:57.683 22832 1845 D OkHttp : server: Microsoft-IIS/10.0
06-13 16:44:57.683 22832 1845 D OkHttp : x-powered-by: ASP.NET
06-13 16:44:57.683 22832 1845 D OkHttp : date: Thu, 13 Jun 2019 14:44:57 GMT
06-13 16:44:57.683 22832 1845 D OkHttp : content-length: 175
06-13 16:44:57.683 22832 1845 D OkHttp : <-- END HTTP
06-13 16:44:57.689 22832 1845 D sendOrder_SUCCESS: 200
06-13 16:44:57.722 22832 1845 D MESSAGE_SERVICE: ACTION_RESEND_ORDERS
06-13 16:44:58.060 22832 22832 D AbsListView: in onLayout changed
06-13 16:44:58.109 22832 22832 D Graph : removeVertex() : insertDummyVertex, because there is no ancestor.
06-13 16:44:58.116 22832 22832 D TextView: SYANI: Clipboard API is calling: clearFilter()
06-13 16:44:58.116 22832 22832 D TextView: SYANI: Clipboard API is calling: unregisterClipboardEventListener()
06-13 16:44:58.123 22832 22832 D ViewRootImpl@a925b4[CancelDeliveryActivity]: mHardwareRenderer.destroy()#4
06-13 16:44:58.123 22832 22832 D ViewRootImpl@a925b4[CancelDeliveryActivity]: dispatchDetachedFromWindow
06-13 16:44:58.130 22832 22832 D InputTransport: Input channel destroyed: fd=81
06-13 16:44:58.130 22832 22832 D ViewRootImpl@25f3d17[MainActivity]: ViewPostImeInputStage processPointer 0
06-13 16:44:58.131 22832 22832 D LOCATION_SERVICE: onDestroy
06-13 16:44:58.170 22832 22832 D ViewRootImpl@25f3d17[MainActivity]: ViewPostImeInputStage processPointer 1
06-13 16:44:58.193 22832 22832 D item_click: viewId = 2131820758, position = 9
06-13 16:44:58.246 22832 22832 D ViewRootImpl@25f3d17[MainActivity]: MSG_WINDOW_FOCUS_CHANGED 0
06-13 16:44:58.295 22832 22832 D ScrollView: initGoToTop
06-13 16:44:58.354 22832 22832 D ViewRootImpl@7b22397[CancelDeliveryActivity]: ThreadedRenderer.create() translucent=false
06-13 16:44:58.359 22832 22832 D InputTransport: Input channel constructed: fd=81
06-13 16:44:58.359 22832 22832 D ViewRootImpl@7b22397[CancelDeliveryActivity]: setView = DecorView@b7b5984[CancelDeliveryActivity] touchMode=true
06-13 16:44:58.360 22832 22832 D LOCATION_SERVICE: LocationListener gps
06-13 16:44:58.361 22832 22832 D LOCATION_SERVICE: LocationListener network
06-13 16:44:58.362 22832 22832 D LOCATION_SERVICE: onCreate
06-13 16:44:58.362 22832 22832 D LOCATION_SERVICE: initializeLocationManager
06-13 16:44:58.378 22832 22832 D LOCATION_SERVICE: onStartCommand
06-13 16:44:58.384 22832 22832 D ViewRootImpl@7b22397[CancelDeliveryActivity]: dispatchAttachedToWindow
06-13 16:44:58.431 22832 22832 D ViewRootImpl@7b22397[CancelDeliveryActivity]: Relayout returned: oldFrame=[0,0][0,0] newFrame=[0,0][768,1024] result=0x27 surface={isValid=true -1818126336} surfaceGenerationChanged=true
06-13 16:44:58.431 22832 22832 D ViewRootImpl@7b22397[CancelDeliveryActivity]: mHardwareRenderer.initialize() mSurface={isValid=true -1818126336} hwInitialized=true
06-13 16:44:58.440 22832 22832 D ScrollView: onsize change changed
06-13 16:44:58.478 22832 22832 D ViewRootImpl@7b22397[CancelDeliveryActivity]: MSG_RESIZED_REPORT: frame=Rect(0, 0 - 768, 1024) ci=Rect(0, 24 - 0, 0) vi=Rect(0, 24 - 0, 0) or=1
06-13 16:44:58.478 22832 22832 D ViewRootImpl@7b22397[CancelDeliveryActivity]: MSG_WINDOW_FOCUS_CHANGED 1
06-13 16:44:58.479 22832 22832 D ViewRootImpl@7b22397[CancelDeliveryActivity]: mHardwareRenderer.initializeIfNeeded()#2 mSurface={isValid=true -1818126336}
06-13 16:44:58.483 22832 22832 V InputMethodManager: Starting input: tba=android.view.inputmethod.EditorInfo@886e4ab nm : cz.gienger.mobile ic=null
06-13 16:44:58.483 22832 22832 I InputMethodManager: startInputInner - mService.startInputOrWindowGainedFocus
06-13 16:44:58.498 22832 22832 D InputTransport: Input channel constructed: fd=85
06-13 16:44:58.498 22832 22832 D InputTransport: Input channel destroyed: fd=73
06-13 16:44:58.551 22832 22878 D OpenGLRenderer: endAllActiveAnimators on 0x933f4c80 (RippleDrawable) with handle 0x91376b40
06-13 16:44:58.551 22832 22832 D ViewRootImpl@25f3d17[MainActivity]: mHardwareRenderer.destroy()#1
06-13 16:44:58.564 22832 22832 D ViewRootImpl@25f3d17[MainActivity]: Relayout returned: oldFrame=[0,0][768,1024] newFrame=[0,0][768,1024] result=0x5 surface={isValid=false 0} surfaceGenerationChanged=true
06-13 16:44:58.929 22832 22832 D ViewRootImpl@25f3d17[MainActivity]: Relayout returned: oldFrame=[0,0][768,1024] newFrame=[0,0][768,1024] result=0x5 surface={isValid=false 0} surfaceGenerationChanged=false
06-13 16:44:59.111 22832 22832 D ViewRootImpl@7b22397[CancelDeliveryActivity]: ViewPostImeInputStage processPointer 0
06-13 16:44:59.193 22832 22832 D ViewRootImpl@7b22397[CancelDeliveryActivity]: ViewPostImeInputStage processPointer 1
06-13 16:44:59.723 22832 22832 D ViewRootImpl@7b22397[CancelDeliveryActivity]: ViewPostImeInputStage processPointer 0
06-13 16:44:59.807 22832 22832 D ViewRootImpl@7b22397[CancelDeliveryActivity]: ViewPostImeInputStage processPointer 1
06-13 16:44:59.825 22832 22832 D UNDELIVERED: Reason ID = 9, Comment =
06-13 16:44:59.923 22832 22832 D ViewRootImpl@7b22397[CancelDeliveryActivity]: MSG_WINDOW_FOCUS_CHANGED 0
06-13 16:44:59.924 22832 1851 D MESSAGE_SERVICE: ACTION_COMPRESS_AND_UPLOAD
06-13 16:44:59.975 22832 22832 D ViewRootImpl@25f3d17[MainActivity]: mHardwareRenderer.destroy()#4
06-13 16:44:59.975 22832 22832 D ViewRootImpl@25f3d17[MainActivity]: dispatchDetachedFromWindow
06-13 16:44:59.983 22832 22832 D InputTransport: Input channel destroyed: fd=94
06-13 16:45:00.251 22832 22832 D ViewRootImpl@7cb04e6[MainActivity]: ThreadedRenderer.create() translucent=false
06-13 16:45:00.254 22832 22832 D InputTransport: Input channel constructed: fd=97
06-13 16:45:00.254 22832 22832 D ViewRootImpl@7cb04e6[MainActivity]: setView = DecorView@cd35a27[MainActivity] touchMode=true
06-13 16:45:00.258 22832 22832 D ViewRootImpl@7cb04e6[MainActivity]: dispatchAttachedToWindow
06-13 16:45:00.319 22832 22832 D ViewRootImpl@7cb04e6[MainActivity]: Relayout returned: oldFrame=[0,0][0,0] newFrame=[0,0][768,1024] result=0x27 surface={isValid=true -1841385472} surfaceGenerationChanged=true
06-13 16:45:00.320 22832 22832 D ViewRootImpl@7cb04e6[MainActivity]: mHardwareRenderer.initialize() mSurface={isValid=true -1841385472} hwInitialized=true
06-13 16:45:00.417 22832 22832 D AbsListView: in onLayout changed
06-13 16:45:00.438 22832 22878 D OpenGLRenderer: endAllActiveAnimators on 0x939f1c80 (RippleDrawable) with handle 0x9188d100
06-13 16:45:00.438 22832 22832 D ViewRootImpl@7b22397[CancelDeliveryActivity]: mHardwareRenderer.destroy()#1
06-13 16:45:00.448 22832 22832 D ViewRootImpl@7b22397[CancelDeliveryActivity]: Relayout returned: oldFrame=[0,0][768,1024] newFrame=[0,0][768,1024] result=0x5 surface={isValid=false 0} surfaceGenerationChanged=true
06-13 16:45:00.506 22832 22832 D ViewRootImpl@7cb04e6[MainActivity]: MSG_RESIZED_REPORT: frame=Rect(0, 0 - 768, 1024) ci=Rect(0, 24 - 0, 0) vi=Rect(0, 24 - 0, 0) or=1
06-13 16:45:00.507 22832 22832 D ViewRootImpl@7cb04e6[MainActivity]: MSG_WINDOW_FOCUS_CHANGED 1
06-13 16:45:00.507 22832 22832 D ViewRootImpl@7cb04e6[MainActivity]: mHardwareRenderer.initializeIfNeeded()#2 mSurface={isValid=true -1841385472}
06-13 16:45:00.508 22832 22832 V InputMethodManager: Starting input: tba=android.view.inputmethod.EditorInfo@9cf7792 nm : cz.gienger.mobile ic=null
06-13 16:45:00.508 22832 22832 I InputMethodManager: startInputInner - mService.startInputOrWindowGainedFocus
06-13 16:45:00.517 22832 22832 D InputTransport: Input channel constructed: fd=73
06-13 16:45:00.517 22832 22832 D InputTransport: Input channel destroyed: fd=85
06-13 16:45:00.644 22832 1851 D FILE_MANAGER: Serializing delivery /data/user/0/cz.gienger.mobile/files/finished/130AT1193305479/130AT1193305479.xml
06-13 16:45:00.644 22832 1851 D FILE_MANAGER: Null files:
06-13 16:45:00.704 22832 1851 D MYINTERCEPTOR: /GiengerService.svc/sendorder
06-13 16:45:00.705 22832 1851 D OkHttp : --> POST https://testsaig1.gienger.cz/GiengerService.svc/sendorder http/1.1
06-13 16:45:00.705 22832 1851 D OkHttp : Content-Type: text/raw
06-13 16:45:00.705 22832 1851 D OkHttp : Content-Length: 3007
06-13 16:45:00.705 22832 1851 D OkHttp : filename: 130AT1193305479.xml
06-13 16:45:00.705 22832 1851 D OkHttp : Checksum: 33275bee0e658e027e0d4139868685ff
06-13 16:45:00.705 22832 1851 D OkHttp : token: f0323d10b7111cce7f3c7f59236b87e2
06-13 16:45:00.705 22832 1851 D OkHttp : --> END POST
06-13 16:45:00.808 22832 1851 D OkHttp : <-- 200 https://testsaig1.gienger.cz/GiengerService.svc/sendorder (103ms)
06-13 16:45:00.809 22832 1851 D OkHttp : content-type: application/xml; charset=utf-8
06-13 16:45:00.809 22832 1851 D OkHttp : server: Microsoft-IIS/10.0
06-13 16:45:00.809 22832 1851 D OkHttp : x-powered-by: ASP.NET
06-13 16:45:00.809 22832 1851 D OkHttp : date: Thu, 13 Jun 2019 14:45:00 GMT
06-13 16:45:00.809 22832 1851 D OkHttp : content-length: 175
06-13 16:45:00.809 22832 1851 D OkHttp : <-- END HTTP
06-13 16:45:00.812 22832 1851 D sendOrder_SUCCESS: 200
06-13 16:45:00.835 22832 1851 D MESSAGE_SERVICE: ACTION_RESEND_ORDERS
06-13 16:45:01.073 22832 22832 D AbsListView: in onLayout changed
06-13 16:45:01.088 22832 22832 D ViewRootImpl@7cb04e6[MainActivity]: ViewPostImeInputStage processPointer 0
06-13 16:45:01.093 22832 22832 D AbsListView: reportScrollStateChange() newState : 1
06-13 16:45:01.317 22832 22832 D AbsListView: in onLayout changed
06-13 16:45:01.394 22832 22832 D TextView: SYANI: Clipboard API is calling: clearFilter()
06-13 16:45:01.394 22832 22832 D TextView: SYANI: Clipboard API is calling: unregisterClipboardEventListener()
06-13 16:45:01.403 22832 22832 D ViewRootImpl@7b22397[CancelDeliveryActivity]: mHardwareRenderer.destroy()#4
06-13 16:45:01.403 22832 22832 D ViewRootImpl@7b22397[CancelDeliveryActivity]: dispatchDetachedFromWindow
06-13 16:45:01.412 22832 22832 D InputTransport: Input channel destroyed: fd=81
06-13 16:45:01.413 22832 22832 D LOCATION_SERVICE: onDestroy
06-13 16:45:01.497 22832 22832 D ViewRootImpl@7cb04e6[MainActivity]: ViewPostImeInputStage processPointer 1
06-13 16:45:02.060 22832 22832 D ViewRootImpl@7cb04e6[MainActivity]: ViewPostImeInputStage processPointer 0
06-13 16:45:02.095 22832 22832 D AbsListView: reportScrollStateChange() newState : 1
06-13 16:45:02.469 22832 22832 D ViewRootImpl@7cb04e6[MainActivity]: ViewPostImeInputStage processPointer 1
06-13 16:45:02.469 22832 22832 D AbsListView: onTouchUp() mTouchMode : 3
06-13 16:45:02.469 22832 22832 D AbsListView: onTouchUp() TOUCH_MODE_SCROLL initialVelocity : 0
06-13 16:45:02.469 22832 22832 D AbsListView: reportScrollStateChange() newState : 0
06-13 16:45:03.054 22832 22832 D ViewRootImpl@7cb04e6[MainActivity]: ViewPostImeInputStage processPointer 0
06-13 16:45:03.100 22832 22832 D ViewRootImpl@7cb04e6[MainActivity]: ViewPostImeInputStage processPointer 1
06-13 16:45:03.121 22832 22832 D item_click: viewId = 2131820758, position = 10
06-13 16:45:03.161 22832 22832 D ViewRootImpl@7cb04e6[MainActivity]: MSG_WINDOW_FOCUS_CHANGED 0
06-13 16:45:03.278 22832 22832 D ViewRootImpl@50283e3[BatchUploadActivity]: ThreadedRenderer.create() translucent=false
06-13 16:45:03.281 22832 22832 D InputTransport: Input channel constructed: fd=81
06-13 16:45:03.282 22832 22832 D ViewRootImpl@50283e3[BatchUploadActivity]: setView = DecorView@ad381e0[BatchUploadActivity] touchMode=true
06-13 16:45:03.283 22832 22832 D LOCATION_SERVICE: LocationListener gps
06-13 16:45:03.284 22832 22832 D LOCATION_SERVICE: LocationListener network
06-13 16:45:03.284 22832 22832 D LOCATION_SERVICE: onCreate
06-13 16:45:03.285 22832 22832 D LOCATION_SERVICE: initializeLocationManager
06-13 16:45:03.293 22832 22832 D LOCATION_SERVICE: onStartCommand
06-13 16:45:03.295 22832 22832 D ViewRootImpl@50283e3[BatchUploadActivity]: dispatchAttachedToWindow
06-13 16:45:03.327 22832 22832 D ViewRootImpl@50283e3[BatchUploadActivity]: Relayout returned: oldFrame=[0,0][0,0] newFrame=[0,0][768,1024] result=0x27 surface={isValid=true -1844561920} surfaceGenerationChanged=true
06-13 16:45:03.327 22832 22832 D ViewRootImpl@50283e3[BatchUploadActivity]: mHardwareRenderer.initialize() mSurface={isValid=true -1844561920} hwInitialized=true
06-13 16:45:03.375 22832 22832 D AbsListView: in onLayout changed
06-13 16:45:03.410 22832 22832 D ViewRootImpl@50283e3[BatchUploadActivity]: MSG_RESIZED_REPORT: frame=Rect(0, 0 - 768, 1024) ci=Rect(0, 24 - 0, 0) vi=Rect(0, 24 - 0, 0) or=1
06-13 16:45:03.410 22832 22832 D ViewRootImpl@50283e3[BatchUploadActivity]: MSG_WINDOW_FOCUS_CHANGED 1
06-13 16:45:03.410 22832 22832 D ViewRootImpl@50283e3[BatchUploadActivity]: mHardwareRenderer.initializeIfNeeded()#2 mSurface={isValid=true -1844561920}
06-13 16:45:03.414 22832 22832 V InputMethodManager: Starting input: tba=android.view.inputmethod.EditorInfo@325e1cb nm : cz.gienger.mobile ic=null
06-13 16:45:03.414 22832 22832 I InputMethodManager: startInputInner - mService.startInputOrWindowGainedFocus
06-13 16:45:03.427 22832 22832 D InputTransport: Input channel constructed: fd=88
06-13 16:45:03.427 22832 22832 D InputTransport: Input channel destroyed: fd=73
06-13 16:45:03.462 22832 22878 D OpenGLRenderer: endAllActiveAnimators on 0x933f2980 (RippleDrawable) with handle 0x91376470
06-13 16:45:03.462 22832 22832 D ViewRootImpl@7cb04e6[MainActivity]: mHardwareRenderer.destroy()#1
06-13 16:45:03.471 22832 22832 D ViewRootImpl@7cb04e6[MainActivity]: Relayout returned: oldFrame=[0,0][768,1024] newFrame=[0,0][768,1024] result=0x5 surface={isValid=false 0} surfaceGenerationChanged=true
06-13 16:45:03.879 22832 22832 D ViewRootImpl@7cb04e6[MainActivity]: Relayout returned: oldFrame=[0,0][768,1024] newFrame=[0,0][768,1024] result=0x5 surface={isValid=false 0} surfaceGenerationChanged=false
06-13 16:45:03.924 22832 22832 D LOCATION_SERVICE: onLocationChanged: Location[network 49,191231,17,534678 acc=21 et=+1d2h59m36s855ms alt=0.0 vel=0.0 bear=0.0 {Bundle[mParcelledData.dataSize=80]}]
06-13 16:45:04.978 22832 22832 D ViewRootImpl@50283e3[BatchUploadActivity]: ViewPostImeInputStage processPointer 0
06-13 16:45:05.056 22832 22832 D ViewRootImpl@50283e3[BatchUploadActivity]: ViewPostImeInputStage processPointer 1
06-13 16:45:05.057 22832 22832 D AbsListView: onTouchUp() mTouchMode : 0
06-13 16:45:06.350 22832 22832 D ViewRootImpl@50283e3[BatchUploadActivity]: ViewPostImeInputStage processPointer 0
06-13 16:45:06.429 22832 22832 D ViewRootImpl@50283e3[BatchUploadActivity]: ViewPostImeInputStage processPointer 1
06-13 16:45:07.772 22832 22832 D ViewRootImpl@50283e3[BatchUploadActivity]: ViewPostImeInputStage processPointer 0
06-13 16:45:07.826 22832 22832 D ViewRootImpl@50283e3[BatchUploadActivity]: ViewPostImeInputStage processPointer 1
06-13 16:45:07.857 22832 22832 D ScrollView: initGoToTop
06-13 16:45:07.866 22832 22832 D ViewRootImpl@8a503d7[BatchUploadActivity]: ThreadedRenderer.create() translucent=true
06-13 16:45:07.871 22832 22832 D InputTransport: Input channel constructed: fd=94
06-13 16:45:07.872 22832 22832 D ViewRootImpl@8a503d7[BatchUploadActivity]: setView = DecorView@4b854c4[BatchUploadActivity] touchMode=true
06-13 16:45:07.873 22832 22832 D ViewRootImpl@8a503d7[BatchUploadActivity]: dispatchAttachedToWindow
06-13 16:45:07.902 22832 22832 D ViewRootImpl@8a503d7[BatchUploadActivity]: Relayout returned: oldFrame=[0,0][0,0] newFrame=[94,423][674,624] result=0x27 surface={isValid=true -1806174208} surfaceGenerationChanged=true
06-13 16:45:07.902 22832 22832 D ViewRootImpl@8a503d7[BatchUploadActivity]: mHardwareRenderer.initialize() mSurface={isValid=true -1806174208} hwInitialized=true
06-13 16:45:07.908 22832 22832 D ScrollView: onsize change changed
06-13 16:45:07.923 22832 22832 D ViewRootImpl@8a503d7[BatchUploadActivity]: MSG_WINDOW_FOCUS_CHANGED 1
06-13 16:45:07.923 22832 22832 D ViewRootImpl@8a503d7[BatchUploadActivity]: mHardwareRenderer.initializeIfNeeded()#2 mSurface={isValid=true -1806174208}
06-13 16:45:07.938 22832 22832 D ViewRootImpl@8a503d7[BatchUploadActivity]: MSG_RESIZED_REPORT: frame=Rect(94, 423 - 674, 624) ci=Rect(0, 0 - 0, 0) vi=Rect(0, 0 - 0, 0) or=1
06-13 16:45:07.957 22832 22832 D ViewRootImpl@50283e3[BatchUploadActivity]: MSG_WINDOW_FOCUS_CHANGED 0
06-13 16:45:08.619 22832 22832 D ViewRootImpl@8a503d7[BatchUploadActivity]: ViewPostImeInputStage processPointer 0
06-13 16:45:08.701 22832 22832 D ViewRootImpl@8a503d7[BatchUploadActivity]: ViewPostImeInputStage processPointer 1
06-13 16:45:08.766 22832 22832 D ViewRootImpl@8a503d7[BatchUploadActivity]: mHardwareRenderer.destroy()#4
06-13 16:45:08.766 22832 22832 D ViewRootImpl@8a503d7[BatchUploadActivity]: dispatchDetachedFromWindow
06-13 16:45:08.774 22832 22832 D InputTransport: Input channel destroyed: fd=94
06-13 16:45:08.804 22832 1865 D MESSAGE_SERVICE: ACTION_BATCH_UPLOAD
06-13 16:45:08.804 22832 22832 E ViewRootImpl: sendUserActionEvent() returned.
06-13 16:45:09.004 22832 22832 D ViewRootImpl@7cb04e6[MainActivity]: Relayout returned: oldFrame=[0,0][768,1024] newFrame=[0,0][768,1024] result=0x7 surface={isValid=true -1818263552} surfaceGenerationChanged=true
06-13 16:45:09.006 22832 22832 D ViewRootImpl@7cb04e6[MainActivity]: mHardwareRenderer.initialize() mSurface={isValid=true -1818263552} hwInitialized=true
06-13 16:45:09.084 22832 22832 D AbsListView: in onLayout changed
06-13 16:45:09.107 22832 22832 D ViewRootImpl@7cb04e6[MainActivity]: MSG_WINDOW_FOCUS_CHANGED 1
06-13 16:45:09.107 22832 22832 D ViewRootImpl@7cb04e6[MainActivity]: mHardwareRenderer.initializeIfNeeded()#2 mSurface={isValid=true -1818263552}
06-13 16:45:09.110 22832 22832 V InputMethodManager: Starting input: tba=android.view.inputmethod.EditorInfo@6012e38 nm : cz.gienger.mobile ic=null
06-13 16:45:09.110 22832 22832 I InputMethodManager: startInputInner - mService.startInputOrWindowGainedFocus
06-13 16:45:09.131 22832 22832 D InputTransport: Input channel constructed: fd=103
06-13 16:45:09.132 22832 22832 D InputTransport: Input channel destroyed: fd=88
06-13 16:45:09.178 22832 22832 D ViewRootImpl@50283e3[BatchUploadActivity]: mHardwareRenderer.destroy()#1
06-13 16:45:09.212 22832 22832 D ViewRootImpl@50283e3[BatchUploadActivity]: Relayout returned: oldFrame=[0,0][768,1024] newFrame=[0,0][768,1024] result=0x5 surface={isValid=false 0} surfaceGenerationChanged=true
06-13 16:45:09.526 22832 1865 D FILE_MANAGER: Serializing delivery /data/user/0/cz.gienger.mobile/files/finished/130AT1193305526/130AT1193305526.xml
06-13 16:45:09.528 22832 1865 D FILE_MANAGER: Null files:
06-13 16:45:09.642 22832 1865 D MYINTERCEPTOR: /GiengerService.svc/sendorder
06-13 16:45:09.642 22832 1865 D OkHttp : --> POST https://testsaig1.gienger.cz/GiengerService.svc/sendorder http/1.1
06-13 16:45:09.643 22832 1865 D OkHttp : Content-Type: text/raw
06-13 16:45:09.643 22832 1865 D OkHttp : Content-Length: 2972
06-13 16:45:09.643 22832 1865 D OkHttp : filename: 130AT1193305526.xml
06-13 16:45:09.643 22832 1865 D OkHttp : Checksum: 4bbcc1454697c7c08e7022913f6bffeb
06-13 16:45:09.643 22832 1865 D OkHttp : token: f0323d10b7111cce7f3c7f59236b87e2
06-13 16:45:09.643 22832 1865 D OkHttp : --> END POST
06-13 16:45:09.758 22832 1865 D OkHttp : <-- 200 https://testsaig1.gienger.cz/GiengerService.svc/sendorder (114ms)
06-13 16:45:09.758 22832 1865 D OkHttp : content-type: application/xml; charset=utf-8
06-13 16:45:09.758 22832 1865 D OkHttp : server: Microsoft-IIS/10.0
06-13 16:45:09.758 22832 1865 D OkHttp : x-powered-by: ASP.NET
06-13 16:45:09.758 22832 1865 D OkHttp : date: Thu, 13 Jun 2019 14:45:09 GMT
06-13 16:45:09.758 22832 1865 D OkHttp : content-length: 175
06-13 16:45:09.758 22832 1865 D OkHttp : <-- END HTTP
06-13 16:45:09.761 22832 1865 D sendOrder_SUCCESS: 200
06-13 16:45:10.064 22832 22832 D AbsListView: in onLayout changed
06-13 16:45:10.204 22832 22832 D ViewRootImpl@7cb04e6[MainActivity]: MSG_WINDOW_FOCUS_CHANGED 0
06-13 16:45:10.292 22832 22855 W art : Clearing bad or obsolete profile data from file /data/misc/profiles/cur/0/cz.gienger.mobile/primary.prof: Profile EOF reached prematurely for ReadProfileHeader
06-13 16:45:10.371 22832 22832 D AbsListView: in onLayout changed
06-13 16:45:10.441 22832 22832 D ScrollView: initGoToTop
06-13 16:45:10.445 22832 22832 D ScrollView: initGoToTop
06-13 16:45:10.455 22832 22832 D ViewRootImpl@c55e19e[MainActivity]: ThreadedRenderer.create() translucent=true
06-13 16:45:10.461 22832 22832 D InputTransport: Input channel constructed: fd=94
06-13 16:45:10.461 22832 22832 D ViewRootImpl@c55e19e[MainActivity]: setView = DecorView@983647f[MainActivity] touchMode=true
06-13 16:45:10.565 22832 22832 D ViewRootImpl@2f038e4[MainActivity]: ThreadedRenderer.create() translucent=false
06-13 16:45:10.568 22832 22832 D InputTransport: Input channel constructed: fd=100
06-13 16:45:10.569 22832 22832 D ViewRootImpl@2f038e4[MainActivity]: setView = DecorView@5f5e14d[MainActivity] touchMode=true
06-13 16:45:10.615 22832 22832 D ViewRootImpl@7cb04e6[MainActivity]: mHardwareRenderer.destroy()#1
06-13 16:45:10.623 22832 22832 D ViewRootImpl@7cb04e6[MainActivity]: Relayout returned: oldFrame=[0,0][768,1024] newFrame=[0,0][768,1024] result=0x5 surface={isValid=false 0} surfaceGenerationChanged=true
06-13 16:45:10.624 22832 22832 D ViewRootImpl@c55e19e[MainActivity]: dispatchAttachedToWindow
06-13 16:45:10.658 22832 22832 D ViewRootImpl@c55e19e[MainActivity]: Relayout returned: oldFrame=[0,0][0,0] newFrame=[94,415][674,633] result=0x27 surface={isValid=true -1818263552} surfaceGenerationChanged=true
06-13 16:45:10.659 22832 22832 D ViewRootImpl@c55e19e[MainActivity]: mHardwareRenderer.initialize() mSurface={isValid=true -1818263552} hwInitialized=true
06-13 16:45:10.662 22832 22832 D ScrollView: onsize change changed
06-13 16:45:10.663 22832 22832 D ViewRootImpl@2f038e4[MainActivity]: dispatchAttachedToWindow
06-13 16:45:10.710 22832 22832 D ViewRootImpl@2f038e4[MainActivity]: Relayout returned: oldFrame=[0,0][0,0] newFrame=[0,0][768,1024] result=0x7 surface={isValid=true -1798666240} surfaceGenerationChanged=true
06-13 16:45:10.710 22832 22832 D ViewRootImpl@2f038e4[MainActivity]: mHardwareRenderer.initialize() mSurface={isValid=true -1798666240} hwInitialized=true
06-13 16:45:10.800 22832 22832 D AbsListView: in onLayout changed
06-13 16:45:10.801 22832 22832 D ViewRootImpl@c55e19e[MainActivity]: MSG_WINDOW_FOCUS_CHANGED 1
06-13 16:45:10.801 22832 22832 D ViewRootImpl@c55e19e[MainActivity]: mHardwareRenderer.initializeIfNeeded()#2 mSurface={isValid=true -1818263552}
06-13 16:45:10.865 22832 22832 D ViewRootImpl@c55e19e[MainActivity]: MSG_RESIZED_REPORT: frame=Rect(94, 415 - 674, 633) ci=Rect(0, 0 - 0, 0) vi=Rect(0, 0 - 0, 0) or=1
06-13 16:45:10.872 22832 22832 D ViewRootImpl@2f038e4[MainActivity]: MSG_RESIZED_REPORT: frame=Rect(0, 0 - 768, 1024) ci=Rect(0, 24 - 0, 0) vi=Rect(0, 24 - 0, 0) or=1
06-13 16:45:10.950 22832 22832 D ViewRootImpl@7cb04e6[MainActivity]: mHardwareRenderer.destroy()#4
06-13 16:45:10.950 22832 22832 D ViewRootImpl@7cb04e6[MainActivity]: dispatchDetachedFromWindow
