--------- beginning of main
06-13 16:44:23.266 22832 1760 D MYINTERCEPTOR: /GiengerService.svc/sendlog
06-13 16:44:23.267 22832 1760 D OkHttp : --> POST https://testsaig1.gienger.cz/GiengerService.svc/sendlog http/1.1
06-13 16:44:23.267 22832 1760 D OkHttp : Content-Type: text/raw
06-13 16:44:23.268 22832 1760 D OkHttp : Content-Length: 83330
06-13 16:44:23.268 22832 1760 D OkHttp : filename: logcat_7be540931fcaf9f3_2019_06_13_164423.txt
06-13 16:44:23.268 22832 1760 D OkHttp : Checksum: 23755431852bc2f6af0935bb3a258926
06-13 16:44:23.268 22832 1760 D OkHttp : token: f0323d10b7111cce7f3c7f59236b87e2
06-13 16:44:23.268 22832 1760 D OkHttp : --> END POST
06-13 16:44:23.293 22832 22832 D ViewRootImpl@1907d39[LogcatActivity]: Relayout returned: oldFrame=[237,468][531,580] newFrame=[267,468][500,580] result=0x21 surface={isValid=true -1873201152} surfaceGenerationChanged=false
06-13 16:44:23.293 22832 22832 D ViewRootImpl@1907d39[LogcatActivity]: mHardwareRenderer.updateSurface() mSurface={isValid=true -1873201152}
06-13 16:44:23.423 22832 1760 D OkHttp : <-- 200 https://testsaig1.gienger.cz/GiengerService.svc/sendlog (155ms)
06-13 16:44:23.424 22832 1760 D OkHttp : content-type: application/xml; charset=utf-8
06-13 16:44:23.424 22832 1760 D OkHttp : server: Microsoft-IIS/10.0
06-13 16:44:23.424 22832 1760 D OkHttp : x-powered-by: ASP.NET
06-13 16:44:23.424 22832 1760 D OkHttp : date: Thu, 13 Jun 2019 14:44:22 GMT
06-13 16:44:23.424 22832 1760 D OkHttp : content-length: 175
06-13 16:44:23.424 22832 1760 D OkHttp : <-- END HTTP
06-13 16:44:23.552 22832 22832 D ViewRootImpl@1907d39[LogcatActivity]: mHardwareRenderer.destroy()#1
06-13 16:44:23.564 22832 22832 D ViewRootImpl@1907d39[LogcatActivity]: Relayout returned: oldFrame=[267,468][500,580] newFrame=[267,468][500,580] result=0x5 surface={isValid=false 0} surfaceGenerationChanged=true
06-13 16:44:23.571 22832 22832 D ViewRootImpl@5cc9a00[MainActivity]: MSG_WINDOW_FOCUS_CHANGED 1
06-13 16:44:23.571 22832 22832 D ViewRootImpl@5cc9a00[MainActivity]: mHardwareRenderer.initializeIfNeeded()#2 mSurface={isValid=true -1818458112}
06-13 16:44:23.573 22832 22832 V InputMethodManager: Starting input: tba=android.view.inputmethod.EditorInfo@96225eb nm : cz.gienger.mobile ic=null
06-13 16:44:23.573 22832 22832 I InputMethodManager: startInputInner - mService.startInputOrWindowGainedFocus
06-13 16:44:23.579 22832 22832 D InputTransport: Input channel constructed: fd=66
06-13 16:44:23.579 22832 22832 D InputTransport: Input channel destroyed: fd=69
06-13 16:44:23.579 22832 22832 D ViewRootImpl@1907d39[LogcatActivity]: MSG_WINDOW_FOCUS_CHANGED 0
06-13 16:44:23.605 22832 22832 D ScrollView: initGoToTop
06-13 16:44:23.615 22832 22832 D ViewRootImpl@587c1b6[MainActivity]: ThreadedRenderer.create() translucent=true
06-13 16:44:23.622 22832 22832 D InputTransport: Input channel constructed: fd=69
06-13 16:44:23.622 22832 22832 D ViewRootImpl@587c1b6[MainActivity]: setView = DecorView@971eb7[MainActivity] touchMode=true
06-13 16:44:23.624 22832 22832 D ViewRootImpl@587c1b6[MainActivity]: dispatchAttachedToWindow
06-13 16:44:23.675 22832 22832 D ViewRootImpl@587c1b6[MainActivity]: Relayout returned: oldFrame=[0,0][0,0] newFrame=[108,423][660,624] result=0x27 surface={isValid=true -1862227968} surfaceGenerationChanged=true
06-13 16:44:23.676 22832 22832 D ViewRootImpl@587c1b6[MainActivity]: mHardwareRenderer.initialize() mSurface={isValid=true -1862227968} hwInitialized=true
06-13 16:44:23.681 22832 22832 D ScrollView: onsize change changed
06-13 16:44:23.682 22832 22832 D ViewRootImpl@587c1b6[MainActivity]: MSG_WINDOW_FOCUS_CHANGED 1
06-13 16:44:23.682 22832 22832 D ViewRootImpl@587c1b6[MainActivity]: mHardwareRenderer.initializeIfNeeded()#2 mSurface={isValid=true -1862227968}
06-13 16:44:23.689 22832 22832 D ViewRootImpl@587c1b6[MainActivity]: MSG_RESIZED_REPORT: frame=Rect(108, 423 - 660, 624) ci=Rect(0, 0 - 0, 0) vi=Rect(0, 0 - 0, 0) or=1
06-13 16:44:23.721 22832 22832 D ViewRootImpl@1907d39[LogcatActivity]: mHardwareRenderer.destroy()#4
06-13 16:44:23.721 22832 22832 D ViewRootImpl@1907d39[LogcatActivity]: dispatchDetachedFromWindow
06-13 16:44:23.726 22832 22832 D InputTransport: Input channel destroyed: fd=67
06-13 16:44:23.727 22832 22832 D ViewRootImpl@5cc9a00[MainActivity]: MSG_WINDOW_FOCUS_CHANGED 0
06-13 16:44:24.736 22832 22832 D ViewRootImpl@587c1b6[MainActivity]: ViewPostImeInputStage processPointer 0
06-13 16:44:24.866 22832 22832 D ViewRootImpl@587c1b6[MainActivity]: ViewPostImeInputStage processPointer 1
06-13 16:44:24.881 22832 22832 D ViewRootImpl@587c1b6[MainActivity]: mHardwareRenderer.destroy()#4
06-13 16:44:24.881 22832 22832 D ViewRootImpl@587c1b6[MainActivity]: dispatchDetachedFromWindow
06-13 16:44:24.892 22832 22832 D InputTransport: Input channel destroyed: fd=69
06-13 16:44:24.892 22832 22832 D ViewRootImpl@5cc9a00[MainActivity]: MSG_WINDOW_FOCUS_CHANGED 1
06-13 16:44:24.893 22832 22832 D ViewRootImpl@5cc9a00[MainActivity]: mHardwareRenderer.initializeIfNeeded()#2 mSurface={isValid=true -1818458112}
06-13 16:44:24.895 22832 22832 E ViewRootImpl: sendUserActionEvent() returned.
06-13 16:44:27.256 22832 22832 D ViewRootImpl@5cc9a00[MainActivity]: ViewPostImeInputStage processPointer 0
06-13 16:44:27.280 22832 22832 D ViewRootImpl@5cc9a00[MainActivity]: ViewPostImeInputStage processPointer 1
06-13 16:44:27.291 22832 22832 D item_click: viewId = 2131820758, position = 1
06-13 16:44:27.344 22832 22832 D ViewRootImpl@5cc9a00[MainActivity]: MSG_WINDOW_FOCUS_CHANGED 0
06-13 16:44:27.396 22832 22832 D ScrollView: initGoToTop
06-13 16:44:27.465 22832 22832 D ViewRootImpl@8b3d52f[CancelDeliveryActivity]: ThreadedRenderer.create() translucent=false
06-13 16:44:27.471 22832 22832 D InputTransport: Input channel constructed: fd=69
06-13 16:44:27.471 22832 22832 D ViewRootImpl@8b3d52f[CancelDeliveryActivity]: setView = DecorView@e0473c[CancelDeliveryActivity] touchMode=true
06-13 16:44:27.472 22832 22832 D LOCATION_SERVICE: LocationListener gps
06-13 16:44:27.473 22832 22832 D LOCATION_SERVICE: LocationListener network
06-13 16:44:27.474 22832 22832 D LOCATION_SERVICE: onCreate
06-13 16:44:27.474 22832 22832 D LOCATION_SERVICE: initializeLocationManager
06-13 16:44:27.488 22832 22832 D LOCATION_SERVICE: onStartCommand
06-13 16:44:27.499 22832 22832 D ViewRootImpl@8b3d52f[CancelDeliveryActivity]: dispatchAttachedToWindow
06-13 16:44:27.531 22832 22832 D ViewRootImpl@8b3d52f[CancelDeliveryActivity]: Relayout returned: oldFrame=[0,0][0,0] newFrame=[0,0][768,1024] result=0x27 surface={isValid=true -1847599104} surfaceGenerationChanged=true
06-13 16:44:27.532 22832 22832 D ViewRootImpl@8b3d52f[CancelDeliveryActivity]: mHardwareRenderer.initialize() mSurface={isValid=true -1847599104} hwInitialized=true
06-13 16:44:27.536 22832 22832 D ScrollView: onsize change changed
06-13 16:44:27.595 22832 22832 D ViewRootImpl@8b3d52f[CancelDeliveryActivity]: MSG_RESIZED_REPORT: frame=Rect(0, 0 - 768, 1024) ci=Rect(0, 24 - 0, 0) vi=Rect(0, 24 - 0, 0) or=1
06-13 16:44:27.595 22832 22832 D ViewRootImpl@8b3d52f[CancelDeliveryActivity]: MSG_WINDOW_FOCUS_CHANGED 1
06-13 16:44:27.595 22832 22832 D ViewRootImpl@8b3d52f[CancelDeliveryActivity]: mHardwareRenderer.initializeIfNeeded()#2 mSurface={isValid=true -1847599104}
06-13 16:44:27.601 22832 22832 V InputMethodManager: Starting input: tba=android.view.inputmethod.EditorInfo@c6e62c3 nm : cz.gienger.mobile ic=null
06-13 16:44:27.601 22832 22832 I InputMethodManager: startInputInner - mService.startInputOrWindowGainedFocus
06-13 16:44:27.612 22832 22832 D InputTransport: Input channel constructed: fd=70
06-13 16:44:27.612 22832 22832 D InputTransport: Input channel destroyed: fd=66
06-13 16:44:27.660 22832 22878 D OpenGLRenderer: endAllActiveAnimators on 0x92cf2180 (RippleDrawable) with handle 0x9106e880
06-13 16:44:27.660 22832 22832 D ViewRootImpl@5cc9a00[MainActivity]: mHardwareRenderer.destroy()#1
06-13 16:44:27.673 22832 22832 D ViewRootImpl@5cc9a00[MainActivity]: Relayout returned: oldFrame=[0,0][768,1024] newFrame=[0,0][768,1024] result=0x5 surface={isValid=false 0} surfaceGenerationChanged=true
06-13 16:44:28.045 22832 22832 D ViewRootImpl@5cc9a00[MainActivity]: Relayout returned: oldFrame=[0,0][768,1024] newFrame=[0,0][768,1024] result=0x5 surface={isValid=false 0} surfaceGenerationChanged=false
06-13 16:44:28.470 22832 22832 D ViewRootImpl@8b3d52f[CancelDeliveryActivity]: ViewPostImeInputStage processPointer 0
06-13 16:44:28.554 22832 22832 D ViewRootImpl@8b3d52f[CancelDeliveryActivity]: ViewPostImeInputStage processPointer 1
06-13 16:44:28.657 22832 22832 D LOCATION_SERVICE: onLocationChanged: Location[network 49,191237,17,534667 acc=21 et=+1d2h59m1s578ms alt=0.0 vel=0.0 bear=0.0 {Bundle[mParcelledData.dataSize=80]}]
06-13 16:44:29.006 22832 22832 D ViewRootImpl@8b3d52f[CancelDeliveryActivity]: ViewPostImeInputStage processPointer 0
06-13 16:44:29.065 22832 22832 D ViewRootImpl@8b3d52f[CancelDeliveryActivity]: ViewPostImeInputStage processPointer 1
06-13 16:44:29.087 22832 22832 D UNDELIVERED: Reason ID = 8, Comment =
06-13 16:44:29.187 22832 1781 D MESSAGE_SERVICE: ACTION_COMPRESS_AND_UPLOAD
06-13 16:44:29.187 22832 22832 D ViewRootImpl@8b3d52f[CancelDeliveryActivity]: MSG_WINDOW_FOCUS_CHANGED 0
06-13 16:44:29.234 22832 22832 D Graph : removeVertex() : insertDummyVertex, because there is no ancestor.
06-13 16:44:29.250 22832 22845 I art : Background sticky concurrent mark sweep GC freed 66165(3MB) AllocSpace objects, 9(180KB) LOS objects, 30% free, 8MB/12MB, paused 9.772ms total 60.345ms
06-13 16:44:29.251 22832 22832 D ViewRootImpl@5cc9a00[MainActivity]: mHardwareRenderer.destroy()#4
06-13 16:44:29.251 22832 22832 D ViewRootImpl@5cc9a00[MainActivity]: dispatchDetachedFromWindow
06-13 16:44:29.257 22832 22832 D InputTransport: Input channel destroyed: fd=133
06-13 16:44:29.425 22832 22832 D ViewRootImpl@f7ff7d5[MainActivity]: ThreadedRenderer.create() translucent=false
06-13 16:44:29.429 22832 22832 D InputTransport: Input channel constructed: fd=78
06-13 16:44:29.429 22832 22832 D ViewRootImpl@f7ff7d5[MainActivity]: setView = DecorView@abd9bea[MainActivity] touchMode=true
06-13 16:44:29.448 22832 22878 D OpenGLRenderer: endAllActiveAnimators on 0x939b4c80 (RippleDrawable) with handle 0x90c14c90
06-13 16:44:29.448 22832 22832 D ViewRootImpl@8b3d52f[CancelDeliveryActivity]: mHardwareRenderer.destroy()#1
06-13 16:44:29.456 22832 22832 D ViewRootImpl@8b3d52f[CancelDeliveryActivity]: Relayout returned: oldFrame=[0,0][768,1024] newFrame=[0,0][768,1024] result=0x5 surface={isValid=false 0} surfaceGenerationChanged=true
06-13 16:44:29.457 22832 22832 D ViewRootImpl@f7ff7d5[MainActivity]: dispatchAttachedToWindow
06-13 16:44:29.502 22832 22832 D ViewRootImpl@f7ff7d5[MainActivity]: Relayout returned: oldFrame=[0,0][0,0] newFrame=[0,0][768,1024] result=0x7 surface={isValid=true -1873201152} surfaceGenerationChanged=true
06-13 16:44:29.503 22832 22832 D ViewRootImpl@f7ff7d5[MainActivity]: mHardwareRenderer.initialize() mSurface={isValid=true -1873201152} hwInitialized=true
06-13 16:44:29.552 22832 22832 D AbsListView: in onLayout changed
06-13 16:44:29.606 22832 22832 D ViewRootImpl@f7ff7d5[MainActivity]: MSG_RESIZED_REPORT: frame=Rect(0, 0 - 768, 1024) ci=Rect(0, 24 - 0, 0) vi=Rect(0, 24 - 0, 0) or=1
06-13 16:44:29.606 22832 22832 D ViewRootImpl@f7ff7d5[MainActivity]: MSG_WINDOW_FOCUS_CHANGED 1
06-13 16:44:29.607 22832 22832 D ViewRootImpl@f7ff7d5[MainActivity]: mHardwareRenderer.initializeIfNeeded()#2 mSurface={isValid=true -1873201152}
06-13 16:44:29.609 22832 22832 V InputMethodManager: Starting input: tba=android.view.inputmethod.EditorInfo@4127e67 nm : cz.gienger.mobile ic=null
06-13 16:44:29.609 22832 22832 I InputMethodManager: startInputInner - mService.startInputOrWindowGainedFocus
06-13 16:44:29.619 22832 22832 D InputTransport: Input channel constructed: fd=71
06-13 16:44:29.619 22832 22832 D InputTransport: Input channel destroyed: fd=70
06-13 16:44:29.912 22832 1781 D FILE_MANAGER: Serializing delivery /data/user/0/cz.gienger.mobile/files/finished/130AT1190314775/130AT1190314775.xml
06-13 16:44:29.912 22832 1781 D FILE_MANAGER: Null files:
06-13 16:44:29.956 22832 22855 W art : Clearing bad or obsolete profile data from file /data/misc/profiles/cur/0/cz.gienger.mobile/primary.prof: Profile EOF reached prematurely for ReadProfileHeader
06-13 16:44:29.977 22832 1781 D MYINTERCEPTOR: /GiengerService.svc/sendorder
06-13 16:44:29.978 22832 1781 D OkHttp : --> POST https://testsaig1.gienger.cz/GiengerService.svc/sendorder http/1.1
06-13 16:44:29.978 22832 1781 D OkHttp : Content-Type: text/raw
06-13 16:44:29.978 22832 1781 D OkHttp : Content-Length: 6412
06-13 16:44:29.978 22832 1781 D OkHttp : filename: 130AT1190314775.xml
06-13 16:44:29.978 22832 1781 D OkHttp : Checksum: 1d3389b20c05806504953449f77a7af9
06-13 16:44:29.978 22832 1781 D OkHttp : token: f0323d10b7111cce7f3c7f59236b87e2
06-13 16:44:29.978 22832 1781 D OkHttp : --> END POST
06-13 16:44:30.078 22832 1781 D OkHttp : <-- 200 https://testsaig1.gienger.cz/GiengerService.svc/sendorder (99ms)
06-13 16:44:30.078 22832 1781 D OkHttp : content-type: application/xml; charset=utf-8
06-13 16:44:30.078 22832 1781 D OkHttp : server: Microsoft-IIS/10.0
06-13 16:44:30.078 22832 1781 D OkHttp : x-powered-by: ASP.NET
06-13 16:44:30.078 22832 1781 D OkHttp : date: Thu, 13 Jun 2019 14:44:29 GMT
06-13 16:44:30.078 22832 1781 D OkHttp : content-length: 175
06-13 16:44:30.078 22832 1781 D OkHttp : <-- END HTTP
06-13 16:44:30.082 22832 1781 D sendOrder_SUCCESS: 200
06-13 16:44:30.113 22832 1781 D MESSAGE_SERVICE: ACTION_RESEND_ORDERS
06-13 16:44:30.381 22832 22832 D AbsListView: in onLayout changed
06-13 16:44:30.574 22832 22832 D AbsListView: in onLayout changed
06-13 16:44:30.633 22832 22832 D Graph : removeVertex() : insertDummyVertex, because there is no ancestor.
06-13 16:44:30.644 22832 22832 D TextView: SYANI: Clipboard API is calling: clearFilter()
06-13 16:44:30.644 22832 22832 D TextView: SYANI: Clipboard API is calling: unregisterClipboardEventListener()
06-13 16:44:30.656 22832 22832 D ViewRootImpl@8b3d52f[CancelDeliveryActivity]: mHardwareRenderer.destroy()#4
06-13 16:44:30.656 22832 22832 D ViewRootImpl@8b3d52f[CancelDeliveryActivity]: dispatchDetachedFromWindow
06-13 16:44:30.667 22832 22832 D InputTransport: Input channel destroyed: fd=69
06-13 16:44:30.667 22832 22832 D LOCATION_SERVICE: onDestroy
06-13 16:44:30.772 22832 22832 D ViewRootImpl@f7ff7d5[MainActivity]: ViewPostImeInputStage processPointer 0
06-13 16:44:30.788 22832 22832 D ViewRootImpl@f7ff7d5[MainActivity]: ViewPostImeInputStage processPointer 1
06-13 16:44:30.798 22832 22832 D item_click: viewId = 2131820758, position = 2
06-13 16:44:30.846 22832 22832 D ViewRootImpl@f7ff7d5[MainActivity]: MSG_WINDOW_FOCUS_CHANGED 0
06-13 16:44:30.897 22832 22832 D ScrollView: initGoToTop
06-13 16:44:30.955 22832 22832 D ViewRootImpl@45b5d7d[CancelDeliveryActivity]: ThreadedRenderer.create() translucent=false
06-13 16:44:30.958 22832 22832 D InputTransport: Input channel constructed: fd=67
06-13 16:44:30.959 22832 22832 D ViewRootImpl@45b5d7d[CancelDeliveryActivity]: setView = DecorView@d111472[CancelDeliveryActivity] touchMode=true
06-13 16:44:30.960 22832 22832 D LOCATION_SERVICE: LocationListener gps
06-13 16:44:30.961 22832 22832 D LOCATION_SERVICE: LocationListener network
06-13 16:44:30.961 22832 22832 D LOCATION_SERVICE: onCreate
06-13 16:44:30.966 22832 22832 D LOCATION_SERVICE: initializeLocationManager
06-13 16:44:30.986 22832 22832 D LOCATION_SERVICE: onStartCommand
06-13 16:44:30.996 22832 22832 D ViewRootImpl@45b5d7d[CancelDeliveryActivity]: dispatchAttachedToWindow
06-13 16:44:31.035 22832 22832 D ViewRootImpl@45b5d7d[CancelDeliveryActivity]: Relayout returned: oldFrame=[0,0][0,0] newFrame=[0,0][768,1024] result=0x27 surface={isValid=true -1873104896} surfaceGenerationChanged=true
06-13 16:44:31.035 22832 22832 D ViewRootImpl@45b5d7d[CancelDeliveryActivity]: mHardwareRenderer.initialize() mSurface={isValid=true -1873104896} hwInitialized=true
06-13 16:44:31.041 22832 22832 D ScrollView: onsize change changed
06-13 16:44:31.084 22832 22832 D ViewRootImpl@45b5d7d[CancelDeliveryActivity]: MSG_RESIZED_REPORT: frame=Rect(0, 0 - 768, 1024) ci=Rect(0, 24 - 0, 0) vi=Rect(0, 24 - 0, 0) or=1
06-13 16:44:31.084 22832 22832 D ViewRootImpl@45b5d7d[CancelDeliveryActivity]: MSG_WINDOW_FOCUS_CHANGED 1
06-13 16:44:31.084 22832 22832 D ViewRootImpl@45b5d7d[CancelDeliveryActivity]: mHardwareRenderer.initializeIfNeeded()#2 mSurface={isValid=true -1873104896}
06-13 16:44:31.089 22832 22832 V InputMethodManager: Starting input: tba=android.view.inputmethod.EditorInfo@89819b1 nm : cz.gienger.mobile ic=null
06-13 16:44:31.089 22832 22832 I InputMethodManager: startInputInner - mService.startInputOrWindowGainedFocus
06-13 16:44:31.101 22832 22832 D InputTransport: Input channel constructed: fd=69
06-13 16:44:31.101 22832 22832 D InputTransport: Input channel destroyed: fd=71
06-13 16:44:31.143 22832 22878 D OpenGLRenderer: endAllActiveAnimators on 0x941c4680 (RippleDrawable) with handle 0x90c4d7b0
06-13 16:44:31.143 22832 22832 D ViewRootImpl@f7ff7d5[MainActivity]: mHardwareRenderer.destroy()#1
06-13 16:44:31.154 22832 22832 D ViewRootImpl@f7ff7d5[MainActivity]: Relayout returned: oldFrame=[0,0][768,1024] newFrame=[0,0][768,1024] result=0x5 surface={isValid=false 0} surfaceGenerationChanged=true
06-13 16:44:31.535 22832 22832 D ViewRootImpl@f7ff7d5[MainActivity]: Relayout returned: oldFrame=[0,0][768,1024] newFrame=[0,0][768,1024] result=0x5 surface={isValid=false 0} surfaceGenerationChanged=false
06-13 16:44:31.910 22832 22832 D ViewRootImpl@45b5d7d[CancelDeliveryActivity]: ViewPostImeInputStage processPointer 0
06-13 16:44:32.004 22832 22832 D ViewRootImpl@45b5d7d[CancelDeliveryActivity]: ViewPostImeInputStage processPointer 1
06-13 16:44:32.408 22832 22832 D ViewRootImpl@45b5d7d[CancelDeliveryActivity]: ViewPostImeInputStage processPointer 0
06-13 16:44:32.480 22832 22832 D ViewRootImpl@45b5d7d[CancelDeliveryActivity]: ViewPostImeInputStage processPointer 1
06-13 16:44:32.496 22832 22832 D UNDELIVERED: Reason ID = 10, Comment =
06-13 16:44:32.609 22832 22832 D ViewRootImpl@45b5d7d[CancelDeliveryActivity]: MSG_WINDOW_FOCUS_CHANGED 0
06-13 16:44:32.613 22832 1791 D MESSAGE_SERVICE: ACTION_COMPRESS_AND_UPLOAD
06-13 16:44:32.657 22832 22832 D ViewRootImpl@f7ff7d5[MainActivity]: mHardwareRenderer.destroy()#4
06-13 16:44:32.657 22832 22832 D ViewRootImpl@f7ff7d5[MainActivity]: dispatchDetachedFromWindow
06-13 16:44:32.666 22832 22832 D InputTransport: Input channel destroyed: fd=78
06-13 16:44:32.825 22832 22832 D ViewRootImpl@555a8d[MainActivity]: ThreadedRenderer.create() translucent=false
06-13 16:44:32.828 22832 22832 D InputTransport: Input channel constructed: fd=80
06-13 16:44:32.828 22832 22832 D ViewRootImpl@555a8d[MainActivity]: setView = DecorView@bfcb442[MainActivity] touchMode=true
06-13 16:44:32.856 22832 22878 D OpenGLRenderer: endAllActiveAnimators on 0x945c9480 (RippleDrawable) with handle 0x9180f2c0
06-13 16:44:32.856 22832 22832 D ViewRootImpl@45b5d7d[CancelDeliveryActivity]: mHardwareRenderer.destroy()#1
06-13 16:44:32.869 22832 22832 D ViewRootImpl@45b5d7d[CancelDeliveryActivity]: Relayout returned: oldFrame=[0,0][768,1024] newFrame=[0,0][768,1024] result=0x5 surface={isValid=false 0} surfaceGenerationChanged=true
06-13 16:44:32.870 22832 22832 D ViewRootImpl@555a8d[MainActivity]: dispatchAttachedToWindow
06-13 16:44:32.909 22832 22832 D ViewRootImpl@555a8d[MainActivity]: Relayout returned: oldFrame=[0,0][0,0] newFrame=[0,0][768,1024] result=0x7 surface={isValid=true -1873104896} surfaceGenerationChanged=true
06-13 16:44:32.909 22832 22832 D ViewRootImpl@555a8d[MainActivity]: mHardwareRenderer.initialize() mSurface={isValid=true -1873104896} hwInitialized=true
06-13 16:44:32.986 22832 22832 D AbsListView: in onLayout changed
06-13 16:44:33.051 22832 22832 D ViewRootImpl@555a8d[MainActivity]: MSG_RESIZED_REPORT: frame=Rect(0, 0 - 768, 1024) ci=Rect(0, 24 - 0, 0) vi=Rect(0, 24 - 0, 0) or=1
06-13 16:44:33.051 22832 22832 D ViewRootImpl@555a8d[MainActivity]: MSG_WINDOW_FOCUS_CHANGED 1
06-13 16:44:33.051 22832 22832 D ViewRootImpl@555a8d[MainActivity]: mHardwareRenderer.initializeIfNeeded()#2 mSurface={isValid=true -1873104896}
06-13 16:44:33.053 22832 22832 V InputMethodManager: Starting input: tba=android.view.inputmethod.EditorInfo@2214729 nm : cz.gienger.mobile ic=null
06-13 16:44:33.053 22832 22832 I InputMethodManager: startInputInner - mService.startInputOrWindowGainedFocus
06-13 16:44:33.062 22832 22832 D InputTransport: Input channel constructed: fd=71
06-13 16:44:33.062 22832 22832 D InputTransport: Input channel destroyed: fd=69
06-13 16:44:33.329 22832 1791 D FILE_MANAGER: Serializing delivery /data/user/0/cz.gienger.mobile/files/finished/130AT1190319674/130AT1190319674.xml
06-13 16:44:33.329 22832 1791 D FILE_MANAGER: Null files:
06-13 16:44:33.391 22832 1791 D MYINTERCEPTOR: /GiengerService.svc/sendorder
06-13 16:44:33.392 22832 1791 D OkHttp : --> POST https://testsaig1.gienger.cz/GiengerService.svc/sendorder http/1.1
06-13 16:44:33.392 22832 1791 D OkHttp : Content-Type: text/raw
06-13 16:44:33.392 22832 1791 D OkHttp : Content-Length: 3347
06-13 16:44:33.392 22832 1791 D OkHttp : filename: 130AT1190319674.xml
06-13 16:44:33.392 22832 1791 D OkHttp : Checksum: 3711c60df318dcadef2d49a1baa9ec91
06-13 16:44:33.392 22832 1791 D OkHttp : token: f0323d10b7111cce7f3c7f59236b87e2
06-13 16:44:33.392 22832 1791 D OkHttp : --> END POST
06-13 16:44:33.492 22832 1791 D OkHttp : <-- 200 https://testsaig1.gienger.cz/GiengerService.svc/sendorder (100ms)
06-13 16:44:33.493 22832 1791 D OkHttp : content-type: application/xml; charset=utf-8
06-13 16:44:33.493 22832 1791 D OkHttp : server: Microsoft-IIS/10.0
06-13 16:44:33.493 22832 1791 D OkHttp : x-powered-by: ASP.NET
06-13 16:44:33.493 22832 1791 D OkHttp : date: Thu, 13 Jun 2019 14:44:32 GMT
06-13 16:44:33.493 22832 1791 D OkHttp : content-length: 175
06-13 16:44:33.493 22832 1791 D OkHttp : <-- END HTTP
06-13 16:44:33.503 22832 1791 D sendOrder_SUCCESS: 200
06-13 16:44:33.529 22832 1791 D MESSAGE_SERVICE: ACTION_RESEND_ORDERS
06-13 16:44:33.795 22832 22832 D AbsListView: in onLayout changed
06-13 16:44:34.027 22832 22832 D AbsListView: in onLayout changed
06-13 16:44:34.100 22832 22832 D TextView: SYANI: Clipboard API is calling: clearFilter()
06-13 16:44:34.101 22832 22832 D TextView: SYANI: Clipboard API is calling: unregisterClipboardEventListener()
06-13 16:44:34.109 22832 22832 D ViewRootImpl@45b5d7d[CancelDeliveryActivity]: mHardwareRenderer.destroy()#4
06-13 16:44:34.109 22832 22832 D ViewRootImpl@45b5d7d[CancelDeliveryActivity]: dispatchDetachedFromWindow
06-13 16:44:34.125 22832 22832 D InputTransport: Input channel destroyed: fd=67
06-13 16:44:34.126 22832 22832 D LOCATION_SERVICE: onDestroy
06-13 16:44:34.230 22832 22832 D ViewRootImpl@555a8d[MainActivity]: ViewPostImeInputStage processPointer 0
06-13 16:44:34.250 22832 22832 D AbsListView: reportScrollStateChange() newState : 1
06-13 16:44:34.702 22832 22832 D ViewRootImpl@555a8d[MainActivity]: ViewPostImeInputStage processPointer 1
06-13 16:44:34.702 22832 22832 D AbsListView: onTouchUp() mTouchMode : 3
06-13 16:44:34.702 22832 22832 D AbsListView: onTouchUp() TOUCH_MODE_SCROLL initialVelocity : 0
06-13 16:44:34.702 22832 22832 D AbsListView: reportScrollStateChange() newState : 0
06-13 16:44:35.141 22832 22832 D ViewRootImpl@555a8d[MainActivity]: ViewPostImeInputStage processPointer 0
06-13 16:44:35.213 22832 22832 D ViewRootImpl@555a8d[MainActivity]: ViewPostImeInputStage processPointer 1
06-13 16:44:35.240 22832 22832 D item_click: viewId = 2131820758, position = 3
06-13 16:44:35.291 22832 22832 D ViewRootImpl@555a8d[MainActivity]: MSG_WINDOW_FOCUS_CHANGED 0
06-13 16:44:35.350 22832 22832 D ScrollView: initGoToTop
06-13 16:44:35.404 22832 22832 D ViewRootImpl@e718509[CancelDeliveryActivity]: ThreadedRenderer.create() translucent=false
06-13 16:44:35.407 22832 22832 D InputTransport: Input channel constructed: fd=67
06-13 16:44:35.407 22832 22832 D ViewRootImpl@e718509[CancelDeliveryActivity]: setView = DecorView@ad4930e[CancelDeliveryActivity] touchMode=true
06-13 16:44:35.415 22832 22832 D ViewRootImpl@e718509[CancelDeliveryActivity]: dispatchAttachedToWindow
06-13 16:44:35.444 22832 22832 D ViewRootImpl@e718509[CancelDeliveryActivity]: Relayout returned: oldFrame=[0,0][0,0] newFrame=[0,0][768,1024] result=0x27 surface={isValid=true -1798670336} surfaceGenerationChanged=true
06-13 16:44:35.444 22832 22832 D ViewRootImpl@e718509[CancelDeliveryActivity]: mHardwareRenderer.initialize() mSurface={isValid=true -1798670336} hwInitialized=true
06-13 16:44:35.449 22832 22832 D ScrollView: onsize change changed
06-13 16:44:35.450 22832 22832 D LOCATION_SERVICE: LocationListener gps
06-13 16:44:35.450 22832 22832 D LOCATION_SERVICE: LocationListener network
06-13 16:44:35.451 22832 22832 D LOCATION_SERVICE: onCreate
06-13 16:44:35.451 22832 22832 D LOCATION_SERVICE: initializeLocationManager
06-13 16:44:35.458 22832 22832 D LOCATION_SERVICE: onStartCommand
06-13 16:44:35.503 22832 22832 D ViewRootImpl@e718509[CancelDeliveryActivity]: MSG_RESIZED_REPORT: frame=Rect(0, 0 - 768, 1024) ci=Rect(0, 24 - 0, 0) vi=Rect(0, 24 - 0, 0) or=1
06-13 16:44:35.504 22832 22832 D ViewRootImpl@e718509[CancelDeliveryActivity]: MSG_WINDOW_FOCUS_CHANGED 1
06-13 16:44:35.504 22832 22832 D ViewRootImpl@e718509[CancelDeliveryActivity]: mHardwareRenderer.initializeIfNeeded()#2 mSurface={isValid=true -1798670336}
06-13 16:44:35.508 22832 22832 V InputMethodManager: Starting input: tba=android.view.inputmethod.EditorInfo@f23eb7d nm : cz.gienger.mobile ic=null
06-13 16:44:35.508 22832 22832 I InputMethodManager: startInputInner - mService.startInputOrWindowGainedFocus
06-13 16:44:35.522 22832 22832 D InputTransport: Input channel constructed: fd=69
06-13 16:44:35.522 22832 22832 D InputTransport: Input channel destroyed: fd=71
06-13 16:44:35.616 22832 22878 D OpenGLRenderer: endAllActiveAnimators on 0x926c8600 (RippleDrawable) with handle 0x919139e0
06-13 16:44:35.616 22832 22832 D ViewRootImpl@555a8d[MainActivity]: mHardwareRenderer.destroy()#1
06-13 16:44:35.629 22832 22832 D ViewRootImpl@555a8d[MainActivity]: Relayout returned: oldFrame=[0,0][768,1024] newFrame=[0,0][768,1024] result=0x5 surface={isValid=false 0} surfaceGenerationChanged=true
06-13 16:44:35.961 22832 22832 D ViewRootImpl@555a8d[MainActivity]: Relayout returned: oldFrame=[0,0][768,1024] newFrame=[0,0][768,1024] result=0x5 surface={isValid=false 0} surfaceGenerationChanged=false
06-13 16:44:36.284 22832 22832 D ViewRootImpl@e718509[CancelDeliveryActivity]: ViewPostImeInputStage processPointer 0
06-13 16:44:36.334 22832 22832 D ViewRootImpl@e718509[CancelDeliveryActivity]: ViewPostImeInputStage processPointer 1
06-13 16:44:36.887 22832 22832 D ViewRootImpl@e718509[CancelDeliveryActivity]: ViewPostImeInputStage processPointer 0
06-13 16:44:36.968 22832 22832 D ViewRootImpl@e718509[CancelDeliveryActivity]: ViewPostImeInputStage processPointer 1
06-13 16:44:36.984 22832 22832 D UNDELIVERED: Reason ID = 8, Comment =
06-13 16:44:37.099 22832 22832 D ViewRootImpl@e718509[CancelDeliveryActivity]: MSG_WINDOW_FOCUS_CHANGED 0
06-13 16:44:37.103 22832 1803 D MESSAGE_SERVICE: ACTION_COMPRESS_AND_UPLOAD
06-13 16:44:37.161 22832 22832 D ViewRootImpl@555a8d[MainActivity]: mHardwareRenderer.destroy()#4
06-13 16:44:37.161 22832 22832 D ViewRootImpl@555a8d[MainActivity]: dispatchDetachedFromWindow
06-13 16:44:37.169 22832 22832 D InputTransport: Input channel destroyed: fd=80
06-13 16:44:37.339 22832 22832 D ViewRootImpl@138de60[MainActivity]: ThreadedRenderer.create() translucent=false
06-13 16:44:37.345 22832 22832 D InputTransport: Input channel constructed: fd=78
06-13 16:44:37.346 22832 22832 D ViewRootImpl@138de60[MainActivity]: setView = DecorView@7381f19[MainActivity] touchMode=true
06-13 16:44:37.366 22832 22878 D OpenGLRenderer: endAllActiveAnimators on 0x93a97400 (RippleDrawable) with handle 0x91fa1410
06-13 16:44:37.366 22832 22832 D ViewRootImpl@e718509[CancelDeliveryActivity]: mHardwareRenderer.destroy()#1
06-13 16:44:37.381 22832 22832 D ViewRootImpl@e718509[CancelDeliveryActivity]: Relayout returned: oldFrame=[0,0][768,1024] newFrame=[0,0][768,1024] result=0x5 surface={isValid=false 0} surfaceGenerationChanged=true
06-13 16:44:37.382 22832 22832 D ViewRootImpl@138de60[MainActivity]: dispatchAttachedToWindow
06-13 16:44:37.422 22832 22832 D ViewRootImpl@138de60[MainActivity]: Relayout returned: oldFrame=[0,0][0,0] newFrame=[0,0][768,1024] result=0x7 surface={isValid=true -1798670336} surfaceGenerationChanged=true
06-13 16:44:37.422 22832 22832 D ViewRootImpl@138de60[MainActivity]: mHardwareRenderer.initialize() mSurface={isValid=true -1798670336} hwInitialized=true
06-13 16:44:37.497 22832 22832 D AbsListView: in onLayout changed
06-13 16:44:37.590 22832 22832 D ViewRootImpl@138de60[MainActivity]: MSG_RESIZED_REPORT: frame=Rect(0, 0 - 768, 1024) ci=Rect(0, 24 - 0, 0) vi=Rect(0, 24 - 0, 0) or=1
06-13 16:44:37.590 22832 22832 D ViewRootImpl@138de60[MainActivity]: MSG_WINDOW_FOCUS_CHANGED 1
06-13 16:44:37.590 22832 22832 D ViewRootImpl@138de60[MainActivity]: mHardwareRenderer.initializeIfNeeded()#2 mSurface={isValid=true -1798670336}
06-13 16:44:37.592 22832 22832 V InputMethodManager: Starting input: tba=android.view.inputmethod.EditorInfo@aaca0a nm : cz.gienger.mobile ic=null
06-13 16:44:37.592 22832 22832 I InputMethodManager: startInputInner - mService.startInputOrWindowGainedFocus
06-13 16:44:37.600 22832 22832 D InputTransport: Input channel constructed: fd=73
06-13 16:44:37.600 22832 22832 D InputTransport: Input channel destroyed: fd=69
06-13 16:44:37.822 22832 1803 D FILE_MANAGER: Serializing delivery /data/user/0/cz.gienger.mobile/files/finished/130AT1190319704/130AT1190319704.xml
06-13 16:44:37.822 22832 1803 D FILE_MANAGER: Null files:
06-13 16:44:37.885 22832 1803 D MYINTERCEPTOR: /GiengerService.svc/sendorder
06-13 16:44:37.886 22832 1803 D OkHttp : --> POST https://testsaig1.gienger.cz/GiengerService.svc/sendorder http/1.1
06-13 16:44:37.886 22832 1803 D OkHttp : Content-Type: text/raw
06-13 16:44:37.886 22832 1803 D OkHttp : Content-Length: 3856
06-13 16:44:37.886 22832 1803 D OkHttp : filename: 130AT1190319704.xml
06-13 16:44:37.886 22832 1803 D OkHttp : Checksum: 322725fabcafe26c8c3c9145852c2c8b
06-13 16:44:37.886 22832 1803 D OkHttp : token: f0323d10b7111cce7f3c7f59236b87e2
06-13 16:44:37.886 22832 1803 D OkHttp : --> END POST
06-13 16:44:37.997 22832 1803 D OkHttp : <-- 200 https://testsaig1.gienger.cz/GiengerService.svc/sendorder (110ms)
06-13 16:44:37.997 22832 1803 D OkHttp : content-type: application/xml; charset=utf-8
06-13 16:44:37.997 22832 1803 D OkHttp : server: Microsoft-IIS/10.0
06-13 16:44:37.997 22832 1803 D OkHttp : x-powered-by: ASP.NET
06-13 16:44:37.997 22832 1803 D OkHttp : date: Thu, 13 Jun 2019 14:44:37 GMT
06-13 16:44:37.997 22832 1803 D OkHttp : content-length: 175
06-13 16:44:37.997 22832 1803 D OkHttp : <-- END HTTP
06-13 16:44:38.000 22832 1803 D sendOrder_SUCCESS: 200
06-13 16:44:38.028 22832 1803 D MESSAGE_SERVICE: ACTION_RESEND_ORDERS
06-13 16:44:38.261 22832 22832 D AbsListView: in onLayout changed
06-13 16:44:38.475 22832 22832 D AbsListView: in onLayout changed
06-13 16:44:38.532 22832 22832 D Graph : removeVertex() : insertDummyVertex, because there is no ancestor.
06-13 16:44:38.542 22832 22832 D TextView: SYANI: Clipboard API is calling: clearFilter()
06-13 16:44:38.542 22832 22832 D TextView: SYANI: Clipboard API is calling: unregisterClipboardEventListener()
06-13 16:44:38.549 22832 22832 D ViewRootImpl@e718509[CancelDeliveryActivity]: mHardwareRenderer.destroy()#4
06-13 16:44:38.549 22832 22832 D ViewRootImpl@e718509[CancelDeliveryActivity]: dispatchDetachedFromWindow
06-13 16:44:38.563 22832 22832 D InputTransport: Input channel destroyed: fd=67
06-13 16:44:38.563 22832 22832 D ViewRootImpl@138de60[MainActivity]: ViewPostImeInputStage processPointer 0
06-13 16:44:38.564 22832 22832 D LOCATION_SERVICE: onDestroy
06-13 16:44:38.610 22832 22832 D AbsListView: reportScrollStateChange() newState : 1
06-13 16:44:38.970 22832 22832 D ViewRootImpl@138de60[MainActivity]: ViewPostImeInputStage processPointer 1
06-13 16:44:38.973 22832 22832 D AbsListView: onTouchUp() mTouchMode : 3
06-13 16:44:38.973 22832 22832 D AbsListView: onTouchUp() TOUCH_MODE_SCROLL initialVelocity : 10
06-13 16:44:38.973 22832 22832 D AbsListView: reportScrollStateChange() newState : 0
06-13 16:44:39.274 22832 22832 D ViewRootImpl@138de60[MainActivity]: ViewPostImeInputStage processPointer 0
06-13 16:44:39.334 22832 22832 D ViewRootImpl@138de60[MainActivity]: ViewPostImeInputStage processPointer 1
06-13 16:44:39.351 22832 22832 D item_click: viewId = 2131820758, position = 4
06-13 16:44:39.399 22832 22832 D ViewRootImpl@138de60[MainActivity]: MSG_WINDOW_FOCUS_CHANGED 0
06-13 16:44:39.455 22832 22832 D ScrollView: initGoToTop
06-13 16:44:39.519 22832 22832 D ViewRootImpl@5920072[CancelDeliveryActivity]: ThreadedRenderer.create() translucent=false
06-13 16:44:39.524 22832 22832 D InputTransport: Input channel constructed: fd=67
06-13 16:44:39.524 22832 22832 D ViewRootImpl@5920072[CancelDeliveryActivity]: setView = DecorView@5791cc3[CancelDeliveryActivity] touchMode=true
06-13 16:44:39.531 22832 22832 D ViewRootImpl@5920072[CancelDeliveryActivity]: dispatchAttachedToWindow
06-13 16:44:39.576 22832 22832 D ViewRootImpl@5920072[CancelDeliveryActivity]: Relayout returned: oldFrame=[0,0][0,0] newFrame=[0,0][768,1024] result=0x27 surface={isValid=true -1335308288} surfaceGenerationChanged=true
06-13 16:44:39.576 22832 22832 D ViewRootImpl@5920072[CancelDeliveryActivity]: mHardwareRenderer.initialize() mSurface={isValid=true -1335308288} hwInitialized=true
06-13 16:44:39.580 22832 22832 D ScrollView: onsize change changed
06-13 16:44:39.581 22832 22832 D LOCATION_SERVICE: LocationListener gps
06-13 16:44:39.582 22832 22832 D LOCATION_SERVICE: LocationListener network
06-13 16:44:39.583 22832 22832 D LOCATION_SERVICE: onCreate
06-13 16:44:39.583 22832 22832 D LOCATION_SERVICE: initializeLocationManager
06-13 16:44:39.596 22832 22832 D LOCATION_SERVICE: onStartCommand
06-13 16:44:39.651 22832 22832 D ViewRootImpl@5920072[CancelDeliveryActivity]: MSG_RESIZED_REPORT: frame=Rect(0, 0 - 768, 1024) ci=Rect(0, 24 - 0, 0) vi=Rect(0, 24 - 0, 0) or=1
06-13 16:44:39.651 22832 22832 D ViewRootImpl@5920072[CancelDeliveryActivity]: MSG_WINDOW_FOCUS_CHANGED 1
06-13 16:44:39.651 22832 22832 D ViewRootImpl@5920072[CancelDeliveryActivity]: mHardwareRenderer.initializeIfNeeded()#2 mSurface={isValid=true -1335308288}
06-13 16:44:39.657 22832 22832 V InputMethodManager: Starting input: tba=android.view.inputmethod.EditorInfo@16a3a96 nm : cz.gienger.mobile ic=null
06-13 16:44:39.657 22832 22832 I InputMethodManager: startInputInner - mService.startInputOrWindowGainedFocus
06-13 16:44:39.670 22832 22832 D InputTransport: Input channel constructed: fd=97
06-13 16:44:39.670 22832 22832 D InputTransport: Input channel destroyed: fd=73
06-13 16:44:39.717 22832 22878 D OpenGLRenderer: endAllActiveAnimators on 0x94d1ea80 (RippleDrawable) with handle 0x9185c170
06-13 16:44:39.717 22832 22832 D ViewRootImpl@138de60[MainActivity]: mHardwareRenderer.destroy()#1
06-13 16:44:39.725 22832 22832 D ViewRootImpl@138de60[MainActivity]: Relayout returned: oldFrame=[0,0][768,1024] newFrame=[0,0][768,1024] result=0x5 surface={isValid=false 0} surfaceGenerationChanged=true
06-13 16:44:40.121 22832 22832 D ViewRootImpl@138de60[MainActivity]: Relayout returned: oldFrame=[0,0][768,1024] newFrame=[0,0][768,1024] result=0x5 surface={isValid=false 0} surfaceGenerationChanged=false
06-13 16:44:40.197 22832 22832 D LOCATION_SERVICE: onLocationChanged: Location[network 49,191230,17,534671 acc=21 et=+1d2h59m13s126ms alt=0.0 vel=0.0 bear=0.0 {Bundle[mParcelledData.dataSize=80]}]
06-13 16:44:40.252 22832 22832 D ViewRootImpl@5920072[CancelDeliveryActivity]: ViewPostImeInputStage processPointer 0
06-13 16:44:40.314 22832 22832 D ViewRootImpl@5920072[CancelDeliveryActivity]: ViewPostImeInputStage processPointer 1
06-13 16:44:40.849 22832 22832 D ViewRootImpl@5920072[CancelDeliveryActivity]: ViewPostImeInputStage processPointer 0
06-13 16:44:40.921 22832 22832 D ViewRootImpl@5920072[CancelDeliveryActivity]: ViewPostImeInputStage processPointer 1
06-13 16:44:40.949 22832 22832 D UNDELIVERED: Reason ID = 8, Comment =
06-13 16:44:41.050 22832 22832 D ViewRootImpl@5920072[CancelDeliveryActivity]: MSG_WINDOW_FOCUS_CHANGED 0
06-13 16:44:41.051 22832 1812 D MESSAGE_SERVICE: ACTION_COMPRESS_AND_UPLOAD
06-13 16:44:41.120 22832 22832 D ViewRootImpl@138de60[MainActivity]: mHardwareRenderer.destroy()#4
06-13 16:44:41.120 22832 22832 D ViewRootImpl@138de60[MainActivity]: dispatchDetachedFromWindow
06-13 16:44:41.127 22832 22832 D InputTransport: Input channel destroyed: fd=78
06-13 16:44:41.293 22832 22832 D ViewRootImpl@40f768d[MainActivity]: ThreadedRenderer.create() translucent=false
06-13 16:44:41.296 22832 22832 D InputTransport: Input channel constructed: fd=81
06-13 16:44:41.297 22832 22832 D ViewRootImpl@40f768d[MainActivity]: setView = DecorView@ec2a042[MainActivity] touchMode=true
06-13 16:44:41.299 22832 22832 D ViewRootImpl@40f768d[MainActivity]: dispatchAttachedToWindow
06-13 16:44:41.363 22832 22832 D ViewRootImpl@40f768d[MainActivity]: Relayout returned: oldFrame=[0,0][0,0] newFrame=[0,0][768,1024] result=0x27 surface={isValid=true -1335109632} surfaceGenerationChanged=true
06-13 16:44:41.364 22832 22832 D ViewRootImpl@40f768d[MainActivity]: mHardwareRenderer.initialize() mSurface={isValid=true -1335109632} hwInitialized=true
06-13 16:44:41.475 22832 22832 D AbsListView: in onLayout changed
06-13 16:44:41.494 22832 22878 D OpenGLRenderer: endAllActiveAnimators on 0x9542ca80 (RippleDrawable) with handle 0x918b02b0
06-13 16:44:41.494 22832 22832 D ViewRootImpl@5920072[CancelDeliveryActivity]: mHardwareRenderer.destroy()#1
06-13 16:44:41.510 22832 22832 D ViewRootImpl@5920072[CancelDeliveryActivity]: Relayout returned: oldFrame=[0,0][768,1024] newFrame=[0,0][768,1024] result=0x5 surface={isValid=false 0} surfaceGenerationChanged=true
06-13 16:44:41.575 22832 22832 D ViewRootImpl@40f768d[MainActivity]: MSG_RESIZED_REPORT: frame=Rect(0, 0 - 768, 1024) ci=Rect(0, 24 - 0, 0) vi=Rect(0, 24 - 0, 0) or=1
06-13 16:44:41.575 22832 22832 D ViewRootImpl@40f768d[MainActivity]: MSG_WINDOW_FOCUS_CHANGED 1
06-13 16:44:41.575 22832 22832 D ViewRootImpl@40f768d[MainActivity]: mHardwareRenderer.initializeIfNeeded()#2 mSurface={isValid=true -1335109632}
06-13 16:44:41.577 22832 22832 V InputMethodManager: Starting input: tba=android.view.inputmethod.EditorInfo@e970fe3 nm : cz.gienger.mobile ic=null
06-13 16:44:41.577 22832 22832 I InputMethodManager: startInputInner - mService.startInputOrWindowGainedFocus
06-13 16:44:41.586 22832 22832 D InputTransport: Input channel constructed: fd=71
06-13 16:44:41.586 22832 22832 D InputTransport: Input channel destroyed: fd=97
06-13 16:44:41.781 22832 1812 D FILE_MANAGER: Serializing delivery /data/user/0/cz.gienger.mobile/files/finished/130AT1190319475/130AT1190319475.xml
06-13 16:44:41.781 22832 1812 D FILE_MANAGER: Null files:
06-13 16:44:41.842 22832 1812 D MYINTERCEPTOR: /GiengerService.svc/sendorder
06-13 16:44:41.842 22832 1812 D OkHttp : --> POST https://testsaig1.gienger.cz/GiengerService.svc/sendorder http/1.1
06-13 16:44:41.843 22832 1812 D OkHttp : Content-Type: text/raw
06-13 16:44:41.843 22832 1812 D OkHttp : Content-Length: 5438
06-13 16:44:41.843 22832 1812 D OkHttp : filename: 130AT1190319475.xml
06-13 16:44:41.843 22832 1812 D OkHttp : Checksum: d6d8c1c03b4608339d70129dd5fa56fd
06-13 16:44:41.843 22832 1812 D OkHttp : token: f0323d10b7111cce7f3c7f59236b87e2
06-13 16:44:41.843 22832 1812 D OkHttp : --> END POST
06-13 16:44:41.957 22832 1812 D OkHttp : <-- 200 https://testsaig1.gienger.cz/GiengerService.svc/sendorder (114ms)
06-13 16:44:41.958 22832 1812 D OkHttp : content-type: application/xml; charset=utf-8
06-13 16:44:41.958 22832 1812 D OkHttp : server: Microsoft-IIS/10.0
06-13 16:44:41.958 22832 1812 D OkHttp : x-powered-by: ASP.NET
06-13 16:44:41.958 22832 1812 D OkHttp : date: Thu, 13 Jun 2019 14:44:41 GMT
06-13 16:44:41.958 22832 1812 D OkHttp : content-length: 175
06-13 16:44:41.958 22832 1812 D OkHttp : <-- END HTTP
06-13 16:44:41.961 22832 1812 D sendOrder_SUCCESS: 200
06-13 16:44:41.992 22832 1812 D MESSAGE_SERVICE: ACTION_RESEND_ORDERS
06-13 16:44:42.256 22832 22832 D AbsListView: in onLayout changed
06-13 16:44:42.512 22832 22832 D AbsListView: in onLayout changed
06-13 16:44:42.583 22832 22832 D TextView: SYANI: Clipboard API is calling: clearFilter()
06-13 16:44:42.583 22832 22832 D TextView: SYANI: Clipboard API is calling: unregisterClipboardEventListener()
06-13 16:44:42.591 22832 22832 D ViewRootImpl@5920072[CancelDeliveryActivity]: mHardwareRenderer.destroy()#4
06-13 16:44:42.591 22832 22832 D ViewRootImpl@5920072[CancelDeliveryActivity]: dispatchDetachedFromWindow
06-13 16:44:42.599 22832 22832 D InputTransport: Input channel destroyed: fd=67
06-13 16:44:42.599 22832 22832 D LOCATION_SERVICE: onDestroy
06-13 16:44:42.654 22832 22832 D ViewRootImpl@40f768d[MainActivity]: ViewPostImeInputStage processPointer 0
06-13 16:44:42.702 22832 22832 D AbsListView: reportScrollStateChange() newState : 1
06-13 16:44:43.108 22832 22832 D ViewRootImpl@40f768d[MainActivity]: ViewPostImeInputStage processPointer 1
06-13 16:44:43.109 22832 22832 D AbsListView: onTouchUp() mTouchMode : 3
06-13 16:44:43.109 22832 22832 D AbsListView: onTouchUp() TOUCH_MODE_SCROLL initialVelocity : 34
06-13 16:44:43.109 22832 22832 D AbsListView: reportScrollStateChange() newState : 0
06-13 16:44:43.383 22832 22832 D ViewRootImpl@40f768d[MainActivity]: ViewPostImeInputStage processPointer 0
06-13 16:44:43.441 22832 22832 D ViewRootImpl@40f768d[MainActivity]: ViewPostImeInputStage processPointer 1
06-13 16:44:43.461 22832 22832 D item_click: viewId = 2131820758, position = 5
06-13 16:44:43.510 22832 22832 D ViewRootImpl@40f768d[MainActivity]: MSG_WINDOW_FOCUS_CHANGED 0
06-13 16:44:43.558 22832 22832 D ScrollView: initGoToTop
06-13 16:44:43.620 22832 22832 D ViewRootImpl@a4f12f5[CancelDeliveryActivity]: ThreadedRenderer.create() translucent=false
06-13 16:44:43.623 22832 22832 D InputTransport: Input channel constructed: fd=67
06-13 16:44:43.623 22832 22832 D ViewRootImpl@a4f12f5[CancelDeliveryActivity]: setView = DecorView@9efe88a[CancelDeliveryActivity] touchMode=true
06-13 16:44:43.632 22832 22832 D ViewRootImpl@a4f12f5[CancelDeliveryActivity]: dispatchAttachedToWindow
06-13 16:44:43.670 22832 22832 D ViewRootImpl@a4f12f5[CancelDeliveryActivity]: Relayout returned: oldFrame=[0,0][0,0] newFrame=[0,0][768,1024] result=0x27 surface={isValid=true -1872867328} surfaceGenerationChanged=true
06-13 16:44:43.670 22832 22832 D ViewRootImpl@a4f12f5[CancelDeliveryActivity]: mHardwareRenderer.initialize() mSurface={isValid=true -1872867328} hwInitialized=true
06-13 16:44:43.677 22832 22832 D ScrollView: onsize change changed
06-13 16:44:43.679 22832 22832 D LOCATION_SERVICE: LocationListener gps
06-13 16:44:43.680 22832 22832 D LOCATION_SERVICE: LocationListener network
06-13 16:44:43.681 22832 22832 D LOCATION_SERVICE: onCreate
06-13 16:44:43.682 22832 22832 D LOCATION_SERVICE: initializeLocationManager
06-13 16:44:43.695 22832 22832 D LOCATION_SERVICE: onStartCommand
06-13 16:44:43.790 22832 22832 D ViewRootImpl@a4f12f5[CancelDeliveryActivity]: MSG_RESIZED_REPORT: frame=Rect(0, 0 - 768, 1024) ci=Rect(0, 24 - 0, 0) vi=Rect(0, 24 - 0, 0) or=1
06-13 16:44:43.790 22832 22832 D ViewRootImpl@a4f12f5[CancelDeliveryActivity]: MSG_WINDOW_FOCUS_CHANGED 1
06-13 16:44:43.790 22832 22832 D ViewRootImpl@a4f12f5[CancelDeliveryActivity]: mHardwareRenderer.initializeIfNeeded()#2 mSurface={isValid=true -1872867328}
06-13 16:44:43.795 22832 22832 V InputMethodManager: Starting input: tba=android.view.inputmethod.EditorInfo@52c55a9 nm : cz.gienger.mobile ic=null
06-13 16:44:43.795 22832 22832 I InputMethodManager: startInputInner - mService.startInputOrWindowGainedFocus
06-13 16:44:43.802 22832 22832 D InputTransport: Input channel constructed: fd=80
06-13 16:44:43.802 22832 22832 D InputTransport: Input channel destroyed: fd=71
06-13 16:44:43.885 22832 22878 D OpenGLRenderer: endAllActiveAnimators on 0x94cdee80 (RippleDrawable) with handle 0x92fa2260
06-13 16:44:43.885 22832 22832 D ViewRootImpl@40f768d[MainActivity]: mHardwareRenderer.destroy()#1
06-13 16:44:43.902 22832 22832 D ViewRootImpl@40f768d[MainActivity]: Relayout returned: oldFrame=[0,0][768,1024] newFrame=[0,0][768,1024] result=0x5 surface={isValid=false 0} surfaceGenerationChanged=true
06-13 16:44:44.263 22832 22832 D ViewRootImpl@40f768d[MainActivity]: Relayout returned: oldFrame=[0,0][768,1024] newFrame=[0,0][768,1024] result=0x5 surface={isValid=false 0} surfaceGenerationChanged=false
06-13 16:44:44.446 22832 22832 D ViewRootImpl@a4f12f5[CancelDeliveryActivity]: ViewPostImeInputStage processPointer 0
06-13 16:44:44.508 22832 22832 D ViewRootImpl@a4f12f5[CancelDeliveryActivity]: ViewPostImeInputStage processPointer 1
06-13 16:44:45.136 22832 22832 D ViewRootImpl@a4f12f5[CancelDeliveryActivity]: ViewPostImeInputStage processPointer 0
06-13 16:44:45.207 22832 22832 D ViewRootImpl@a4f12f5[CancelDeliveryActivity]: ViewPostImeInputStage processPointer 1
06-13 16:44:45.224 22832 22832 D UNDELIVERED: Reason ID = 8, Comment =
06-13 16:44:45.335 22832 1827 D MESSAGE_SERVICE: ACTION_COMPRESS_AND_UPLOAD
06-13 16:44:45.335 22832 22832 D ViewRootImpl@a4f12f5[CancelDeliveryActivity]: MSG_WINDOW_FOCUS_CHANGED 0
06-13 16:44:45.381 22832 22832 D ViewRootImpl@40f768d[MainActivity]: mHardwareRenderer.destroy()#4
06-13 16:44:45.381 22832 22832 D ViewRootImpl@40f768d[MainActivity]: dispatchDetachedFromWindow
06-13 16:44:45.388 22832 22832 D InputTransport: Input channel destroyed: fd=81
06-13 16:44:45.557 22832 22832 D ViewRootImpl@77cb205[MainActivity]: ThreadedRenderer.create() translucent=false
06-13 16:44:45.560 22832 22832 D InputTransport: Input channel constructed: fd=82
06-13 16:44:45.560 22832 22832 D ViewRootImpl@77cb205[MainActivity]: setView = DecorView@333825a[MainActivity] touchMode=true
06-13 16:44:45.584 22832 22878 D OpenGLRenderer: endAllActiveAnimators on 0x93a57180 (RippleDrawable) with handle 0x92fd4ab0
06-13 16:44:45.584 22832 22832 D ViewRootImpl@a4f12f5[CancelDeliveryActivity]: mHardwareRenderer.destroy()#1
06-13 16:44:45.592 22832 22832 D ViewRootImpl@a4f12f5[CancelDeliveryActivity]: Relayout returned: oldFrame=[0,0][768,1024] newFrame=[0,0][768,1024] result=0x5 surface={isValid=false 0} surfaceGenerationChanged=true
06-13 16:44:45.593 22832 22832 D ViewRootImpl@77cb205[MainActivity]: dispatchAttachedToWindow
06-13 16:44:45.636 22832 22832 D ViewRootImpl@77cb205[MainActivity]: Relayout returned: oldFrame=[0,0][0,0] newFrame=[0,0][768,1024] result=0x7 surface={isValid=true -1872867328} surfaceGenerationChanged=true
06-13 16:44:45.639 22832 22832 D ViewRootImpl@77cb205[MainActivity]: mHardwareRenderer.initialize() mSurface={isValid=true -1872867328} hwInitialized=true
06-13 16:44:45.713 22832 22832 D AbsListView: in onLayout changed
06-13 16:44:45.773 22832 22832 D ViewRootImpl@77cb205[MainActivity]: MSG_RESIZED_REPORT: frame=Rect(0, 0 - 768, 1024) ci=Rect(0, 24 - 0, 0) vi=Rect(0, 24 - 0, 0) or=1
06-13 16:44:45.773 22832 22832 D ViewRootImpl@77cb205[MainActivity]: MSG_WINDOW_FOCUS_CHANGED 1
06-13 16:44:45.774 22832 22832 D ViewRootImpl@77cb205[MainActivity]: mHardwareRenderer.initializeIfNeeded()#2 mSurface={isValid=true -1872867328}
06-13 16:44:45.776 22832 22832 V InputMethodManager: Starting input: tba=android.view.inputmethod.EditorInfo@f2db888 nm : cz.gienger.mobile ic=null
06-13 16:44:45.776 22832 22832 I InputMethodManager: startInputInner - mService.startInputOrWindowGainedFocus
06-13 16:44:45.785 22832 22832 D InputTransport: Input channel constructed: fd=71
06-13 16:44:45.785 22832 22832 D InputTransport: Input channel destroyed: fd=80
06-13 16:44:46.051 22832 1827 D FILE_MANAGER: Serializing delivery /data/user/0/cz.gienger.mobile/files/finished/130AT1190319476/130AT1190319476.xml
06-13 16:44:46.051 22832 1827 D FILE_MANAGER: Null files:
06-13 16:44:46.108 22832 1827 D MYINTERCEPTOR: /GiengerService.svc/sendorder
06-13 16:44:46.108 22832 1827 D OkHttp : --> POST https://testsaig1.gienger.cz/GiengerService.svc/sendorder http/1.1
06-13 16:44:46.108 22832 1827 D OkHttp : Content-Type: text/raw
06-13 16:44:46.109 22832 1827 D OkHttp : Content-Length: 3326
06-13 16:44:46.109 22832 1827 D OkHttp : filename: 130AT1190319476.xml
06-13 16:44:46.109 22832 1827 D OkHttp : Checksum: 506ec65749c8b358400bb4c5bf8a6d0e
06-13 16:44:46.109 22832 1827 D OkHttp : token: f0323d10b7111cce7f3c7f59236b87e2
06-13 16:44:46.109 22832 1827 D OkHttp : --> END POST
06-13 16:44:46.213 22832 1827 D OkHttp : <-- 200 https://testsaig1.gienger.cz/GiengerService.svc/sendorder (104ms)
06-13 16:44:46.213 22832 1827 D OkHttp : content-type: application/xml; charset=utf-8
06-13 16:44:46.213 22832 1827 D OkHttp : server: Microsoft-IIS/10.0
06-13 16:44:46.213 22832 1827 D OkHttp : x-powered-by: ASP.NET
06-13 16:44:46.213 22832 1827 D OkHttp : date: Thu, 13 Jun 2019 14:44:45 GMT
06-13 16:44:46.213 22832 1827 D OkHttp : content-length: 175
06-13 16:44:46.213 22832 1827 D OkHttp : <-- END HTTP
06-13 16:44:46.219 22832 1827 D sendOrder_SUCCESS: 200
06-13 16:44:46.252 22832 1827 D MESSAGE_SERVICE: ACTION_RESEND_ORDERS
06-13 16:44:46.488 22832 22832 D AbsListView: in onLayout changed
06-13 16:44:46.709 22832 22832 D AbsListView: in onLayout changed
06-13 16:44:46.774 22832 22832 D TextView: SYANI: Clipboard API is calling: clearFilter()
06-13 16:44:46.774 22832 22832 D TextView: SYANI: Clipboard API is calling: unregisterClipboardEventListener()
