--------- beginning of main
06-13 16:41:38.620 22832 22832 D TextView: SYANI: Clipboard API is calling: clearFilter()
06-13 16:41:38.620 22832 22832 D TextView: SYANI: Clipboard API is calling: unregisterClipboardEventListener()
06-13 16:41:38.624 22832 22832 D TextView: SYANI: Clipboard API is calling: clearFilter()
06-13 16:41:38.624 22832 22832 D TextView: SYANI: Clipboard API is calling: unregisterClipboardEventListener()
06-13 16:41:38.627 22832 22832 D Graph : removeVertex() : insertDummyVertex, because there is no ancestor.
06-13 16:41:38.628 22832 22832 D Graph : removeVertex() : insertDummyVertex, because there is no ancestor.
06-13 16:41:38.628 22832 22832 D Graph : removeVertex() : insertDummyVertex, because there is no ancestor.
06-13 16:41:38.628 22832 22832 D Graph : removeVertex() : insertDummyVertex, because there is no ancestor.
06-13 16:41:38.628 22832 22832 D Graph : removeVertex() : insertDummyVertex, because there is no ancestor.
06-13 16:41:38.633 22832 22832 D ViewRootImpl@fcd843b[LoginActivity]: mHardwareRenderer.destroy()#4
06-13 16:41:38.633 22832 22832 D ViewRootImpl@fcd843b[LoginActivity]: dispatchDetachedFromWindow
06-13 16:41:38.651 22832 22832 D InputTransport: Input channel destroyed: fd=109
06-13 16:41:38.651 22832 22832 E ViewRootImpl: sendUserActionEvent() returned.
06-13 16:41:38.666 22832 22832 D ViewRootImpl@5cc9a00[MainActivity]: mHardwareRenderer.destroy()#1
06-13 16:41:38.692 22832 22832 D ViewRootImpl@5cc9a00[MainActivity]: Relayout returned: oldFrame=[0,0][768,1024] newFrame=[0,0][768,1024] result=0x1 surface={isValid=false 0} surfaceGenerationChanged=false
06-13 16:41:38.774 22832 22855 W art : Clearing bad or obsolete profile data from file /data/misc/profiles/cur/0/cz.gienger.mobile/primary.prof: Profile EOF reached prematurely for ReadProfileHeader
06-13 16:41:38.809 22832 22832 D FILES : /data/user/0/cz.gienger.mobile/files/delivery
06-13 16:41:38.812 22832 22832 D ScrollView: initGoToTop
06-13 16:41:38.838 22832 22832 D ViewRootImpl@74bb7e2[LoginActivity]: ThreadedRenderer.create() translucent=false
06-13 16:41:38.841 22832 22832 D InputTransport: Input channel constructed: fd=61
06-13 16:41:38.842 22832 22832 D ViewRootImpl@74bb7e2[LoginActivity]: setView = DecorView@8105773[LoginActivity] touchMode=true
06-13 16:41:38.846 22832 22832 D ViewRootImpl@74bb7e2[LoginActivity]: dispatchAttachedToWindow
06-13 16:41:38.870 22832 22832 D ViewRootImpl@74bb7e2[LoginActivity]: Relayout returned: oldFrame=[0,0][0,0] newFrame=[0,0][768,1024] result=0x27 surface={isValid=true -1800460288} surfaceGenerationChanged=true
06-13 16:41:38.870 22832 22832 D ViewRootImpl@74bb7e2[LoginActivity]: mHardwareRenderer.initialize() mSurface={isValid=true -1800460288} hwInitialized=true
06-13 16:41:38.882 22832 22832 D ScrollView: onsize change changed
06-13 16:41:38.906 22832 22832 D ViewRootImpl@74bb7e2[LoginActivity]: MSG_RESIZED_REPORT: frame=Rect(0, 0 - 768, 1024) ci=Rect(0, 24 - 0, 0) vi=Rect(0, 24 - 0, 0) or=1
06-13 16:41:38.906 22832 22832 D ViewRootImpl@74bb7e2[LoginActivity]: MSG_WINDOW_FOCUS_CHANGED 1
06-13 16:41:38.907 22832 22832 D ViewRootImpl@74bb7e2[LoginActivity]: mHardwareRenderer.initializeIfNeeded()#2 mSurface={isValid=true -1800460288}
06-13 16:41:38.922 22832 22832 V InputMethodManager: Starting input: tba=android.view.inputmethod.EditorInfo@ead41eb nm : cz.gienger.mobile ic=com.android.internal.widget.EditableInputConnection@9cdb48
06-13 16:41:38.922 22832 22832 I InputMethodManager: startInputInner - mService.startInputOrWindowGainedFocus
06-13 16:41:38.949 22832 22832 D InputTransport: Input channel constructed: fd=63
06-13 16:41:38.993 22832 22832 D ViewRootImpl@5cc9a00[MainActivity]: mHardwareRenderer.destroy()#1
06-13 16:41:39.005 22832 22832 D ViewRootImpl@5cc9a00[MainActivity]: Relayout returned: oldFrame=[0,0][768,1024] newFrame=[0,0][768,1024] result=0x1 surface={isValid=false 0} surfaceGenerationChanged=false
06-13 16:41:39.373 22832 22832 D ViewRootImpl@74bb7e2[LoginActivity]: MSG_RESIZED: frame=Rect(0, 0 - 768, 1024) ci=Rect(0, 24 - 0, 320) vi=Rect(0, 24 - 0, 320) or=1
06-13 16:41:39.390 22832 22832 D ViewRootImpl@74bb7e2[LoginActivity]: Relayout returned: oldFrame=[0,0][768,1024] newFrame=[0,0][768,1024] result=0x1 surface={isValid=true -1800460288} surfaceGenerationChanged=false
06-13 16:41:39.393 22832 22832 D ScrollView: onsize change changed
06-13 16:41:40.810 22832 22832 D ViewRootImpl@74bb7e2[LoginActivity]: ViewPostImeInputStage processPointer 0
06-13 16:41:40.888 22832 22832 D ViewRootImpl@74bb7e2[LoginActivity]: ViewPostImeInputStage processPointer 1
06-13 16:41:45.185 22832 22832 D ViewRootImpl@74bb7e2[LoginActivity]: ViewPostImeInputStage processPointer 0
06-13 16:41:45.259 22832 22832 D ViewRootImpl@74bb7e2[LoginActivity]: ViewPostImeInputStage processPointer 1
06-13 16:41:45.272 22832 22832 V InputMethodManager: Starting input: tba=android.view.inputmethod.EditorInfo@abe0363 nm : cz.gienger.mobile ic=com.android.internal.widget.EditableInputConnection@981cb60
06-13 16:41:45.273 22832 22832 I InputMethodManager: startInputInner - mService.startInputOrWindowGainedFocus
06-13 16:41:45.277 22832 22832 D InputTransport: Input channel constructed: fd=73
06-13 16:41:45.277 22832 22832 D InputTransport: Input channel destroyed: fd=63
06-13 16:41:45.277 22832 22832 D InputMethodManager: SSI - flag : 0 Pid : 22832 view : cz.gienger.mobile
06-13 16:41:45.281 22832 22832 W IInputConnectionWrapper: performPrivateCommand on inactive InputConnection
06-13 16:41:45.281 22832 22832 W IInputConnectionWrapper: finishComposingText on inactive InputConnection
06-13 16:41:48.958 22832 22832 D ViewRootImpl@74bb7e2[LoginActivity]: ViewPostImeInputStage processPointer 0
06-13 16:41:49.004 22832 22832 D ViewRootImpl@74bb7e2[LoginActivity]: ViewPostImeInputStage processPointer 1
06-13 16:41:49.050 22832 22832 D ScrollView: initGoToTop
06-13 16:41:49.054 22832 22832 D ScrollView: initGoToTop
06-13 16:41:49.062 22832 22832 D ViewRootImpl@8411c31[LoginActivity]: ThreadedRenderer.create() translucent=true
06-13 16:41:49.069 22832 22832 D InputTransport: Input channel constructed: fd=67
06-13 16:41:49.069 22832 22832 D ViewRootImpl@8411c31[LoginActivity]: setView = DecorView@9361f16[LoginActivity] touchMode=true
06-13 16:41:49.082 22832 1538 D MYINTERCEPTOR: /GiengerService.svc/oauth
06-13 16:41:49.082 22832 1538 D OkHttp : --> POST https://testsaig1.gienger.cz/GiengerService.svc/oauth http/1.1
06-13 16:41:49.082 22832 1538 D OkHttp : Content-Type: application/xml; charset=UTF-8
06-13 16:41:49.082 22832 1538 D OkHttp : Content-Length: 298
06-13 16:41:49.082 22832 22832 D ViewRootImpl@8411c31[LoginActivity]: dispatchAttachedToWindow
06-13 16:41:49.082 22832 1538 D OkHttp : --> END POST
06-13 16:41:49.111 22832 22832 D ViewRootImpl@8411c31[LoginActivity]: Relayout returned: oldFrame=[0,0][0,0] newFrame=[108,466][660,582] result=0x27 surface={isValid=true -1873065984} surfaceGenerationChanged=true
06-13 16:41:49.111 22832 22832 D ViewRootImpl@8411c31[LoginActivity]: mHardwareRenderer.initialize() mSurface={isValid=true -1873065984} hwInitialized=true
06-13 16:41:49.132 22832 22832 D ViewRootImpl@8411c31[LoginActivity]: MSG_WINDOW_FOCUS_CHANGED 1
06-13 16:41:49.133 22832 22832 D ViewRootImpl@8411c31[LoginActivity]: mHardwareRenderer.initializeIfNeeded()#2 mSurface={isValid=true -1873065984}
06-13 16:41:49.157 22832 22832 D ViewRootImpl@8411c31[LoginActivity]: MSG_RESIZED_REPORT: frame=Rect(108, 466 - 660, 582) ci=Rect(0, 0 - 0, 0) vi=Rect(0, 0 - 0, 0) or=1
06-13 16:41:49.189 22832 22832 D ViewRootImpl@74bb7e2[LoginActivity]: MSG_WINDOW_FOCUS_CHANGED 0
06-13 16:41:49.810 22832 1538 D OkHttp : <-- 200 https://testsaig1.gienger.cz/GiengerService.svc/oauth (727ms)
06-13 16:41:49.810 22832 1538 D OkHttp : content-type: application/xml; charset=utf-8
06-13 16:41:49.810 22832 1538 D OkHttp : server: Microsoft-IIS/10.0
06-13 16:41:49.810 22832 1538 D OkHttp : x-powered-by: ASP.NET
06-13 16:41:49.810 22832 1538 D OkHttp : date: Thu, 13 Jun 2019 14:41:49 GMT
06-13 16:41:49.810 22832 1538 D OkHttp : content-length: 292
06-13 16:41:49.810 22832 1538 D OkHttp : <-- END HTTP
06-13 16:41:49.825 22832 1538 D MYINTERCEPTOR: /GiengerService.svc/userinfo
06-13 16:41:49.825 22832 1538 D OkHttp : --> POST https://testsaig1.gienger.cz/GiengerService.svc/userinfo http/1.1
06-13 16:41:49.825 22832 1538 D OkHttp : Content-Type: application/xml; charset=UTF-8
06-13 16:41:49.825 22832 1538 D OkHttp : Content-Length: 139
06-13 16:41:49.825 22832 1538 D OkHttp : token: f0323d10b7111cce7f3c7f59236b87e2
06-13 16:41:49.825 22832 1538 D OkHttp : --> END POST
06-13 16:41:49.863 22832 1538 D OkHttp : <-- 200 https://testsaig1.gienger.cz/GiengerService.svc/userinfo (37ms)
06-13 16:41:49.864 22832 1538 D OkHttp : content-type: application/xml; charset=utf-8
06-13 16:41:49.864 22832 1538 D OkHttp : server: Microsoft-IIS/10.0
06-13 16:41:49.864 22832 1538 D OkHttp : x-powered-by: ASP.NET
06-13 16:41:49.864 22832 1538 D OkHttp : date: Thu, 13 Jun 2019 14:41:49 GMT
06-13 16:41:49.864 22832 1538 D OkHttp : content-length: 195
06-13 16:41:49.864 22832 1538 D OkHttp : <-- END HTTP
06-13 16:41:49.899 22832 22832 D ScrollView: initGoToTop
06-13 16:41:49.905 22832 22832 D ScrollView: initGoToTop
06-13 16:41:49.918 22832 22832 D ViewRootImpl@e000749[LoginActivity]: ThreadedRenderer.create() translucent=true
06-13 16:41:49.925 22832 22832 D InputTransport: Input channel constructed: fd=85
06-13 16:41:49.925 22832 22832 D ViewRootImpl@e000749[LoginActivity]: setView = DecorView@3b1884e[LoginActivity] touchMode=true
06-13 16:41:49.957 22832 22832 D ViewRootImpl@8411c31[LoginActivity]: mHardwareRenderer.destroy()#4
06-13 16:41:49.957 22832 22832 D ViewRootImpl@8411c31[LoginActivity]: dispatchDetachedFromWindow
06-13 16:41:49.970 22832 22832 D InputTransport: Input channel destroyed: fd=67
06-13 16:41:49.981 22832 22832 D ViewRootImpl@74bb7e2[LoginActivity]: Relayout returned: oldFrame=[0,0][768,1024] newFrame=[0,0][768,1024] result=0x1 surface={isValid=true -1800460288} surfaceGenerationChanged=false
06-13 16:41:49.985 22832 22832 D ViewRootImpl@e000749[LoginActivity]: dispatchAttachedToWindow
06-13 16:41:50.029 22832 22832 D ViewRootImpl@e000749[LoginActivity]: Relayout returned: oldFrame=[0,0][0,0] newFrame=[108,423][660,624] result=0x27 surface={isValid=true -1873065984} surfaceGenerationChanged=true
06-13 16:41:50.029 22832 22832 D ViewRootImpl@e000749[LoginActivity]: mHardwareRenderer.initialize() mSurface={isValid=true -1873065984} hwInitialized=true
06-13 16:41:50.034 22832 22832 D ScrollView: onsize change changed
06-13 16:41:50.034 22832 22832 D ScrollView: onsize change changed
06-13 16:41:50.037 22832 22832 D ViewRootImpl@e000749[LoginActivity]: MSG_WINDOW_FOCUS_CHANGED 1
06-13 16:41:50.038 22832 22832 D ViewRootImpl@e000749[LoginActivity]: mHardwareRenderer.initializeIfNeeded()#2 mSurface={isValid=true -1873065984}
06-13 16:41:50.049 22832 22832 D ViewRootImpl@e000749[LoginActivity]: MSG_RESIZED_REPORT: frame=Rect(108, 423 - 660, 624) ci=Rect(0, 0 - 0, 0) vi=Rect(0, 0 - 0, 0) or=1
06-13 16:41:50.070 22832 22832 E ViewRootImpl: sendUserActionEvent() returned.
06-13 16:41:51.083 22832 22832 D ViewRootImpl@e000749[LoginActivity]: ViewPostImeInputStage processPointer 0
06-13 16:41:51.149 22832 22832 D ViewRootImpl@e000749[LoginActivity]: ViewPostImeInputStage processPointer 1
06-13 16:41:51.175 22832 22832 D ViewRootImpl@e000749[LoginActivity]: mHardwareRenderer.destroy()#4
06-13 16:41:51.175 22832 22832 D ViewRootImpl@e000749[LoginActivity]: dispatchDetachedFromWindow
06-13 16:41:51.184 22832 22832 D InputTransport: Input channel destroyed: fd=85
06-13 16:41:51.200 22832 1538 D MYINTERCEPTOR: /GiengerService.svc/manifests
06-13 16:41:51.201 22832 1538 D OkHttp : --> GET https://testsaig1.gienger.cz/GiengerService.svc/manifests http/1.1
06-13 16:41:51.201 22832 1538 D OkHttp : state: CZ
06-13 16:41:51.201 22832 1538 D OkHttp : token: f0323d10b7111cce7f3c7f59236b87e2
06-13 16:41:51.201 22832 1538 D OkHttp : --> END GET
06-13 16:41:51.206 22832 22832 D TextView: SYANI: Clipboard API is calling: clearFilter()
06-13 16:41:51.206 22832 22832 D TextView: SYANI: Clipboard API is calling: unregisterClipboardEventListener()
06-13 16:41:51.208 22832 22832 D TextView: SYANI: Clipboard API is calling: clearFilter()
06-13 16:41:51.208 22832 22832 D TextView: SYANI: Clipboard API is calling: unregisterClipboardEventListener()
06-13 16:41:51.218 22832 22832 D ViewRootImpl@74bb7e2[LoginActivity]: mHardwareRenderer.destroy()#4
06-13 16:41:51.218 22832 22832 D ViewRootImpl@74bb7e2[LoginActivity]: dispatchDetachedFromWindow
06-13 16:41:51.220 22832 22832 D InputTransport: Input channel destroyed: fd=61
06-13 16:41:51.244 22832 1538 D OkHttp : <-- 200 https://testsaig1.gienger.cz/GiengerService.svc/manifests (42ms)
06-13 16:41:51.244 22832 1538 D OkHttp : content-type: application/xml; charset=utf-8
06-13 16:41:51.244 22832 1538 D OkHttp : server: Microsoft-IIS/10.0
06-13 16:41:51.244 22832 1538 D OkHttp : x-powered-by: ASP.NET
06-13 16:41:51.244 22832 1538 D OkHttp : date: Thu, 13 Jun 2019 14:41:50 GMT
06-13 16:41:51.244 22832 1538 D OkHttp : content-length: 13060
06-13 16:41:51.244 22832 1538 D OkHttp : <-- END HTTP
06-13 16:41:51.250 22832 22832 D FILES : /data/user/0/cz.gienger.mobile/files/delivery
06-13 16:41:51.267 22832 1547 D MYINTERCEPTOR: /GiengerService.svc/manifests
06-13 16:41:51.267 22832 1547 D OkHttp : --> GET https://testsaig1.gienger.cz/GiengerService.svc/manifests http/1.1
06-13 16:41:51.268 22832 1547 D OkHttp : state: CZ
06-13 16:41:51.268 22832 1547 D OkHttp : token: f0323d10b7111cce7f3c7f59236b87e2
06-13 16:41:51.268 22832 1547 D OkHttp : --> END GET
06-13 16:41:51.277 22832 1548 D MYINTERCEPTOR: /GiengerService.svc/manifests
06-13 16:41:51.278 22832 1548 D OkHttp : --> GET https://testsaig1.gienger.cz/GiengerService.svc/manifests http/1.1
06-13 16:41:51.278 22832 1548 D OkHttp : state: CZ
06-13 16:41:51.278 22832 1548 D OkHttp : token: f0323d10b7111cce7f3c7f59236b87e2
06-13 16:41:51.278 22832 1548 D OkHttp : --> END GET
06-13 16:41:51.283 22832 22832 D ViewRootImpl@aa1c50d[LoginActivity]: ThreadedRenderer.create() translucent=false
06-13 16:41:51.288 22832 22832 D InputTransport: Input channel constructed: fd=61
06-13 16:41:51.289 22832 22832 D ViewRootImpl@aa1c50d[LoginActivity]: setView = DecorView@5f90cc2[LoginActivity] touchMode=true
06-13 16:41:51.291 22832 22832 D ViewRootImpl@aa1c50d[LoginActivity]: dispatchAttachedToWindow
06-13 16:41:51.295 22832 1547 D OkHttp : <-- 200 https://testsaig1.gienger.cz/GiengerService.svc/manifests (26ms)
06-13 16:41:51.295 22832 1547 D OkHttp : content-type: application/xml; charset=utf-8
06-13 16:41:51.295 22832 1547 D OkHttp : server: Microsoft-IIS/10.0
06-13 16:41:51.295 22832 1547 D OkHttp : x-powered-by: ASP.NET
06-13 16:41:51.295 22832 1547 D OkHttp : date: Thu, 13 Jun 2019 14:41:50 GMT
06-13 16:41:51.295 22832 1547 D OkHttp : content-length: 13060
06-13 16:41:51.295 22832 1547 D OkHttp : <-- END HTTP
06-13 16:41:51.307 22832 1548 D OkHttp : <-- 200 https://testsaig1.gienger.cz/GiengerService.svc/manifests (29ms)
06-13 16:41:51.307 22832 1548 D OkHttp : content-type: application/xml; charset=utf-8
06-13 16:41:51.307 22832 1548 D OkHttp : server: Microsoft-IIS/10.0
06-13 16:41:51.307 22832 1548 D OkHttp : x-powered-by: ASP.NET
06-13 16:41:51.308 22832 1548 D OkHttp : date: Thu, 13 Jun 2019 14:41:50 GMT
06-13 16:41:51.308 22832 1548 D OkHttp : content-length: 13060
06-13 16:41:51.308 22832 1548 D OkHttp : <-- END HTTP
06-13 16:41:51.316 22832 22832 D ViewRootImpl@aa1c50d[LoginActivity]: Relayout returned: oldFrame=[0,0][0,0] newFrame=[0,0][768,1024] result=0x27 surface={isValid=true -1848707072} surfaceGenerationChanged=true
06-13 16:41:51.317 22832 22832 D ViewRootImpl@aa1c50d[LoginActivity]: mHardwareRenderer.initialize() mSurface={isValid=true -1848707072} hwInitialized=true
06-13 16:41:51.323 22832 22832 D AbsListView: in onLayout changed
06-13 16:41:51.323 22832 22832 E ViewRootImpl: sendUserActionEvent() returned.
06-13 16:41:51.323 22832 22832 E ViewRootImpl: sendUserActionEvent() returned.
06-13 16:41:51.324 22832 22832 D DOWNLOAD_MANIFESTS: success
06-13 16:41:51.359 22832 22832 D ViewRootImpl@aa1c50d[LoginActivity]: MSG_RESIZED_REPORT: frame=Rect(0, 0 - 768, 1024) ci=Rect(0, 24 - 0, 320) vi=Rect(0, 24 - 0, 320) or=1
06-13 16:41:51.359 22832 22832 D ViewRootImpl@aa1c50d[LoginActivity]: MSG_WINDOW_FOCUS_CHANGED 1
06-13 16:41:51.359 22832 22832 D ViewRootImpl@aa1c50d[LoginActivity]: mHardwareRenderer.initializeIfNeeded()#2 mSurface={isValid=true -1848707072}
06-13 16:41:51.360 22832 22832 V InputMethodManager: Starting input: tba=android.view.inputmethod.EditorInfo@19b312f nm : cz.gienger.mobile ic=null
06-13 16:41:51.361 22832 22832 I InputMethodManager: startInputInner - mService.startInputOrWindowGainedFocus
06-13 16:41:51.368 22832 22832 D InputTransport: Input channel constructed: fd=64
06-13 16:41:51.368 22832 22832 D InputTransport: Input channel destroyed: fd=73
06-13 16:41:51.368 22832 22832 D DOWNLOAD_MANIFESTS: success
06-13 16:41:51.389 22832 22832 D DOWNLOAD_MANIFESTS: success
06-13 16:41:51.402 22832 22832 V InputMethodManager: Starting input: tba=android.view.inputmethod.EditorInfo@16a733c nm : cz.gienger.mobile ic=null
06-13 16:41:51.402 22832 22832 I InputMethodManager: startInputInner - mService.startInputOrWindowGainedFocus
06-13 16:41:51.404 22832 22832 D InputTransport: Input channel constructed: fd=68
06-13 16:41:51.404 22832 22832 D InputTransport: Input channel destroyed: fd=64
06-13 16:41:51.404 22832 22832 E ViewRootImpl: sendUserActionEvent() returned.
06-13 16:41:51.404 22832 22832 W IInputConnectionWrapper: finishComposingText on inactive InputConnection
06-13 16:41:51.404 22832 22832 W IInputConnectionWrapper: performPrivateCommand on inactive InputConnection
06-13 16:41:51.534 22832 22832 W IInputConnectionWrapper: finishComposingText on inactive InputConnection
06-13 16:41:51.535 22832 22832 D ViewRootImpl@aa1c50d[LoginActivity]: MSG_RESIZED: frame=Rect(0, 0 - 768, 1024) ci=Rect(0, 24 - 0, 0) vi=Rect(0, 24 - 0, 0) or=1
06-13 16:41:51.548 22832 22832 D ViewRootImpl@aa1c50d[LoginActivity]: Relayout returned: oldFrame=[0,0][768,1024] newFrame=[0,0][768,1024] result=0x1 surface={isValid=true -1848707072} surfaceGenerationChanged=false
06-13 16:41:51.612 22832 22832 D AbsListView: in onLayout changed
06-13 16:41:52.972 22832 22832 D ViewRootImpl@aa1c50d[LoginActivity]: ViewPostImeInputStage processPointer 0
06-13 16:41:52.993 22832 22832 D AbsListView: reportScrollStateChange() newState : 1
06-13 16:41:53.217 22832 22832 D ViewRootImpl@aa1c50d[LoginActivity]: ViewPostImeInputStage processPointer 1
06-13 16:41:53.217 22832 22832 D AbsListView: onTouchUp() mTouchMode : 3
06-13 16:41:53.217 22832 22832 D AbsListView: onTouchUp() TOUCH_MODE_SCROLL initialVelocity : 0
06-13 16:41:53.217 22832 22832 D AbsListView: reportScrollStateChange() newState : 0
06-13 16:41:53.365 22832 22832 D ViewRootImpl@aa1c50d[LoginActivity]: ViewPostImeInputStage processPointer 0
06-13 16:41:53.411 22832 22832 D AbsListView: reportScrollStateChange() newState : 1
06-13 16:41:53.928 22832 22832 D ViewRootImpl@aa1c50d[LoginActivity]: ViewPostImeInputStage processPointer 1
06-13 16:41:53.928 22832 22832 D AbsListView: onTouchUp() mTouchMode : 3
06-13 16:41:53.928 22832 22832 D AbsListView: onTouchUp() TOUCH_MODE_SCROLL initialVelocity : -20
06-13 16:41:53.928 22832 22832 D AbsListView: reportScrollStateChange() newState : 0
06-13 16:41:54.165 22832 22832 D ViewRootImpl@aa1c50d[LoginActivity]: ViewPostImeInputStage processPointer 0
06-13 16:41:54.184 22832 22832 D AbsListView: reportScrollStateChange() newState : 1
06-13 16:41:54.518 22832 22832 D ViewRootImpl@aa1c50d[LoginActivity]: ViewPostImeInputStage processPointer 1
06-13 16:41:54.518 22832 22832 D AbsListView: onTouchUp() mTouchMode : 3
06-13 16:41:54.518 22832 22832 D AbsListView: onTouchUp() TOUCH_MODE_SCROLL initialVelocity : 0
06-13 16:41:54.518 22832 22832 D AbsListView: reportScrollStateChange() newState : 0
06-13 16:41:56.446 22832 22832 D ViewRootImpl@aa1c50d[LoginActivity]: ViewPostImeInputStage processPointer 0
06-13 16:41:56.505 22832 22832 D ViewRootImpl@aa1c50d[LoginActivity]: ViewPostImeInputStage processPointer 1
06-13 16:41:56.506 22832 22832 D AbsListView: onTouchUp() mTouchMode : 0
06-13 16:41:58.053 22832 22832 D ViewRootImpl@aa1c50d[LoginActivity]: ViewPostImeInputStage processPointer 0
06-13 16:41:58.144 22832 22832 D ViewRootImpl@aa1c50d[LoginActivity]: ViewPostImeInputStage processPointer 1
06-13 16:41:58.195 22832 22832 D InputMethodManager: HSIFW - flag : 0 Pid : 22832
06-13 16:41:58.243 22832 22832 D AbsListView: in onLayout changed
06-13 16:42:00.190 22832 22832 D ViewRootImpl@aa1c50d[LoginActivity]: ViewPostImeInputStage processPointer 0
06-13 16:42:00.242 22832 22832 D ViewRootImpl@aa1c50d[LoginActivity]: ViewPostImeInputStage processPointer 1
06-13 16:42:00.242 22832 22832 D AbsListView: onTouchUp() mTouchMode : 0
06-13 16:42:01.640 22832 22832 D ViewRootImpl@aa1c50d[LoginActivity]: ViewPostImeInputStage processPointer 0
06-13 16:42:01.714 22832 22832 D ViewRootImpl@aa1c50d[LoginActivity]: ViewPostImeInputStage processPointer 1
06-13 16:42:01.743 22832 22832 D ScrollView: initGoToTop
06-13 16:42:01.747 22832 22832 D ScrollView: initGoToTop
06-13 16:42:01.755 22832 22832 D ViewRootImpl@feeae90[LoginActivity]: ThreadedRenderer.create() translucent=true
06-13 16:42:01.761 22832 22832 D InputTransport: Input channel constructed: fd=76
06-13 16:42:01.761 22832 22832 D ViewRootImpl@feeae90[LoginActivity]: setView = DecorView@5306389[LoginActivity] touchMode=true
06-13 16:42:01.763 22832 1548 D MYINTERCEPTOR: /GiengerService.svc/manifestinfo
06-13 16:42:01.764 22832 1548 D OkHttp : --> POST https://testsaig1.gienger.cz/GiengerService.svc/manifestinfo http/1.1
06-13 16:42:01.764 22832 1548 D OkHttp : Content-Length: 0
06-13 16:42:01.764 22832 1548 D OkHttp : state: CZ
06-13 16:42:01.764 22832 22832 D ViewRootImpl@feeae90[LoginActivity]: dispatchAttachedToWindow
06-13 16:42:01.764 22832 1548 D OkHttp : id: A03_trasa_A03-01_ranni_13_06_2019
06-13 16:42:01.764 22832 1548 D OkHttp : token: f0323d10b7111cce7f3c7f59236b87e2
06-13 16:42:01.764 22832 1548 D OkHttp : --> END POST
06-13 16:42:01.778 22832 22855 W art : Clearing bad or obsolete profile data from file /data/misc/profiles/cur/0/cz.gienger.mobile/primary.prof: Profile EOF reached prematurely for ReadProfileHeader
06-13 16:42:01.788 22832 22832 D ViewRootImpl@feeae90[LoginActivity]: Relayout returned: oldFrame=[0,0][0,0] newFrame=[108,466][660,582] result=0x27 surface={isValid=true -1818275840} surfaceGenerationChanged=true
06-13 16:42:01.788 22832 22832 D ViewRootImpl@feeae90[LoginActivity]: mHardwareRenderer.initialize() mSurface={isValid=true -1818275840} hwInitialized=true
06-13 16:42:01.794 22832 1548 D OkHttp : <-- 200 https://testsaig1.gienger.cz/GiengerService.svc/manifestinfo (29ms)
06-13 16:42:01.794 22832 1548 D OkHttp : content-type: application/xml; charset=utf-8
06-13 16:42:01.794 22832 1548 D OkHttp : server: Microsoft-IIS/10.0
06-13 16:42:01.794 22832 1548 D OkHttp : x-powered-by: ASP.NET
06-13 16:42:01.794 22832 1548 D OkHttp : date: Thu, 13 Jun 2019 14:42:01 GMT
06-13 16:42:01.794 22832 1548 D OkHttp : content-length: 454
06-13 16:42:01.794 22832 1548 D OkHttp : <-- END HTTP
06-13 16:42:01.804 22832 22832 D ViewRootImpl@feeae90[LoginActivity]: MSG_WINDOW_FOCUS_CHANGED 1
06-13 16:42:01.805 22832 22832 D ViewRootImpl@feeae90[LoginActivity]: mHardwareRenderer.initializeIfNeeded()#2 mSurface={isValid=true -1818275840}
06-13 16:42:01.821 22832 22832 D ViewRootImpl@feeae90[LoginActivity]: MSG_RESIZED_REPORT: frame=Rect(108, 466 - 660, 582) ci=Rect(0, 0 - 0, 0) vi=Rect(0, 0 - 0, 0) or=1
06-13 16:42:01.831 22832 1555 D MYINTERCEPTOR: /GiengerService.svc/corrections
06-13 16:42:01.832 22832 1555 D OkHttp : --> GET https://testsaig1.gienger.cz/GiengerService.svc/corrections http/1.1
06-13 16:42:01.832 22832 1555 D OkHttp : token: f0323d10b7111cce7f3c7f59236b87e2
06-13 16:42:01.832 22832 1555 D OkHttp : --> END GET
06-13 16:42:01.845 22832 22832 D ViewRootImpl@aa1c50d[LoginActivity]: MSG_WINDOW_FOCUS_CHANGED 0
06-13 16:42:01.852 22832 1555 D OkHttp : <-- 200 https://testsaig1.gienger.cz/GiengerService.svc/corrections (19ms)
06-13 16:42:01.852 22832 1555 D OkHttp : content-type: application/xml; charset=utf-8
06-13 16:42:01.852 22832 1555 D OkHttp : server: Microsoft-IIS/10.0
06-13 16:42:01.852 22832 1555 D OkHttp : x-powered-by: ASP.NET
06-13 16:42:01.852 22832 1555 D OkHttp : date: Thu, 13 Jun 2019 14:42:01 GMT
06-13 16:42:01.852 22832 1555 D OkHttp : content-length: 1267
06-13 16:42:01.852 22832 1555 D OkHttp : <-- END HTTP
06-13 16:42:01.860 22832 1555 D MYINTERCEPTOR: /GiengerService.svc/getorder
06-13 16:42:01.861 22832 1555 D OkHttp : --> POST https://testsaig1.gienger.cz/GiengerService.svc/getorder http/1.1
06-13 16:42:01.861 22832 1555 D OkHttp : Content-Length: 0
06-13 16:42:01.861 22832 1555 D OkHttp : name: 130AT1190319527.xml
06-13 16:42:01.861 22832 1555 D OkHttp : token: f0323d10b7111cce7f3c7f59236b87e2
06-13 16:42:01.861 22832 1555 D OkHttp : --> END POST
06-13 16:42:01.896 22832 1555 D OkHttp : <-- 200 https://testsaig1.gienger.cz/GiengerService.svc/getorder (34ms)
06-13 16:42:01.896 22832 1555 D OkHttp : content-type: application/xml; charset=utf-8
06-13 16:42:01.896 22832 1555 D OkHttp : server: Microsoft-IIS/10.0
06-13 16:42:01.896 22832 1555 D OkHttp : checksum: 7419eecbf50e7dc275b59b1c64c624e6
06-13 16:42:01.896 22832 1555 D OkHttp : x-powered-by: ASP.NET
06-13 16:42:01.896 22832 1555 D OkHttp : date: Thu, 13 Jun 2019 14:42:01 GMT
06-13 16:42:01.896 22832 1555 D OkHttp : content-length: 165862
06-13 16:42:01.896 22832 1555 D OkHttp : <-- END HTTP
06-13 16:42:01.990 22832 1555 D MYINTERCEPTOR: /GiengerService.svc/getorder
06-13 16:42:01.991 22832 1555 D OkHttp : --> POST https://testsaig1.gienger.cz/GiengerService.svc/getorder http/1.1
06-13 16:42:01.991 22832 1555 D OkHttp : Content-Length: 0
06-13 16:42:01.991 22832 1555 D OkHttp : name: 130AT1190314775.xml
06-13 16:42:01.991 22832 1555 D OkHttp : token: f0323d10b7111cce7f3c7f59236b87e2
06-13 16:42:01.991 22832 1555 D OkHttp : --> END POST
06-13 16:42:02.021 22832 1555 D OkHttp : <-- 200 https://testsaig1.gienger.cz/GiengerService.svc/getorder (30ms)
06-13 16:42:02.021 22832 1555 D OkHttp : content-type: application/xml; charset=utf-8
06-13 16:42:02.021 22832 1555 D OkHttp : server: Microsoft-IIS/10.0
06-13 16:42:02.022 22832 1555 D OkHttp : checksum: d0786133b652ecda7cf8446872cece2a
06-13 16:42:02.022 22832 1555 D OkHttp : x-powered-by: ASP.NET
06-13 16:42:02.022 22832 1555 D OkHttp : date: Thu, 13 Jun 2019 14:42:01 GMT
06-13 16:42:02.022 22832 1555 D OkHttp : content-length: 172137
06-13 16:42:02.022 22832 1555 D OkHttp : <-- END HTTP
06-13 16:42:02.061 22832 22845 I art : Background partial concurrent mark sweep GC freed 165110(8MB) AllocSpace objects, 29(1664KB) LOS objects, 55% free, 9MB/21MB, paused 1.178ms total 139.208ms
06-13 16:42:03.446 22832 1555 D MYINTERCEPTOR: /GiengerService.svc/getorder
06-13 16:42:03.447 22832 1555 D OkHttp : --> POST https://testsaig1.gienger.cz/GiengerService.svc/getorder http/1.1
06-13 16:42:03.447 22832 1555 D OkHttp : Content-Length: 0
06-13 16:42:03.447 22832 1555 D OkHttp : name: 130AT1190319674.xml
06-13 16:42:03.447 22832 1555 D OkHttp : token: f0323d10b7111cce7f3c7f59236b87e2
06-13 16:42:03.448 22832 1555 D OkHttp : --> END POST
06-13 16:42:03.912 22832 1555 D OkHttp : <-- 200 https://testsaig1.gienger.cz/GiengerService.svc/getorder (464ms)
06-13 16:42:03.912 22832 1555 D OkHttp : content-type: application/xml; charset=utf-8
06-13 16:42:03.912 22832 1555 D OkHttp : server: Microsoft-IIS/10.0
06-13 16:42:03.912 22832 1555 D OkHttp : checksum: feab4689bd0d8dd00bb9c8f131ca5aaf
06-13 16:42:03.912 22832 1555 D OkHttp : x-powered-by: ASP.NET
06-13 16:42:03.912 22832 1555 D OkHttp : date: Thu, 13 Jun 2019 14:42:02 GMT
06-13 16:42:03.913 22832 1555 D OkHttp : content-length: 164097
06-13 16:42:03.913 22832 1555 D OkHttp : <-- END HTTP
06-13 16:42:04.746 22832 1555 D MYINTERCEPTOR: /GiengerService.svc/getorder
06-13 16:42:04.746 22832 1555 D OkHttp : --> POST https://testsaig1.gienger.cz/GiengerService.svc/getorder http/1.1
06-13 16:42:04.746 22832 1555 D OkHttp : Content-Length: 0
06-13 16:42:04.747 22832 1555 D OkHttp : name: 130AT1190319704.xml
06-13 16:42:04.747 22832 1555 D OkHttp : token: f0323d10b7111cce7f3c7f59236b87e2
06-13 16:42:04.747 22832 1555 D OkHttp : --> END POST
06-13 16:42:04.776 22832 1555 D OkHttp : <-- 200 https://testsaig1.gienger.cz/GiengerService.svc/getorder (29ms)
06-13 16:42:04.776 22832 1555 D OkHttp : content-type: application/xml; charset=utf-8
06-13 16:42:04.776 22832 1555 D OkHttp : server: Microsoft-IIS/10.0
06-13 16:42:04.776 22832 1555 D OkHttp : checksum: 86863ba1c86b2244210c0caa6ad04d3c
06-13 16:42:04.776 22832 1555 D OkHttp : x-powered-by: ASP.NET
06-13 16:42:04.776 22832 1555 D OkHttp : date: Thu, 13 Jun 2019 14:42:04 GMT
06-13 16:42:04.776 22832 1555 D OkHttp : content-length: 162642
06-13 16:42:04.776 22832 1555 D OkHttp : <-- END HTTP
06-13 16:42:04.947 22832 1555 D MYINTERCEPTOR: /GiengerService.svc/getorder
06-13 16:42:04.948 22832 1555 D OkHttp : --> POST https://testsaig1.gienger.cz/GiengerService.svc/getorder http/1.1
06-13 16:42:04.948 22832 1555 D OkHttp : Content-Length: 0
06-13 16:42:04.948 22832 1555 D OkHttp : name: 130AT1190319475.xml
06-13 16:42:04.949 22832 1555 D OkHttp : token: f0323d10b7111cce7f3c7f59236b87e2
06-13 16:42:04.949 22832 1555 D OkHttp : --> END POST
06-13 16:42:04.981 22832 1555 D OkHttp : <-- 200 https://testsaig1.gienger.cz/GiengerService.svc/getorder (32ms)
06-13 16:42:04.981 22832 1555 D OkHttp : content-type: application/xml; charset=utf-8
06-13 16:42:04.981 22832 1555 D OkHttp : server: Microsoft-IIS/10.0
06-13 16:42:04.981 22832 1555 D OkHttp : checksum: 818e814ac177a1bef97f5ad10fae1e99
06-13 16:42:04.981 22832 1555 D OkHttp : x-powered-by: ASP.NET
06-13 16:42:04.981 22832 1555 D OkHttp : date: Thu, 13 Jun 2019 14:42:04 GMT
06-13 16:42:04.981 22832 1555 D OkHttp : content-length: 171853
06-13 16:42:04.981 22832 1555 D OkHttp : <-- END HTTP
06-13 16:42:05.132 22832 1555 D MYINTERCEPTOR: /GiengerService.svc/getorder
06-13 16:42:05.133 22832 1555 D OkHttp : --> POST https://testsaig1.gienger.cz/GiengerService.svc/getorder http/1.1
06-13 16:42:05.133 22832 1555 D OkHttp : Content-Length: 0
06-13 16:42:05.133 22832 1555 D OkHttp : name: 130AT1190319476.xml
06-13 16:42:05.133 22832 1555 D OkHttp : token: f0323d10b7111cce7f3c7f59236b87e2
06-13 16:42:05.133 22832 1555 D OkHttp : --> END POST
06-13 16:42:05.165 22832 1555 D OkHttp : <-- 200 https://testsaig1.gienger.cz/GiengerService.svc/getorder (31ms)
06-13 16:42:05.165 22832 1555 D OkHttp : content-type: application/xml; charset=utf-8
06-13 16:42:05.165 22832 1555 D OkHttp : server: Microsoft-IIS/10.0
06-13 16:42:05.165 22832 1555 D OkHttp : checksum: bbc185be512a24dade5420c0afa341ca
06-13 16:42:05.165 22832 1555 D OkHttp : x-powered-by: ASP.NET
06-13 16:42:05.165 22832 1555 D OkHttp : date: Thu, 13 Jun 2019 14:42:04 GMT
06-13 16:42:05.165 22832 1555 D OkHttp : content-length: 165261
06-13 16:42:05.165 22832 1555 D OkHttp : <-- END HTTP
06-13 16:42:05.301 22832 1555 D MYINTERCEPTOR: /GiengerService.svc/getorder
06-13 16:42:05.302 22832 1555 D OkHttp : --> POST https://testsaig1.gienger.cz/GiengerService.svc/getorder http/1.1
06-13 16:42:05.302 22832 1555 D OkHttp : Content-Length: 0
06-13 16:42:05.303 22832 1555 D OkHttp : name: 130AT1190319609.xml
06-13 16:42:05.303 22832 1555 D OkHttp : token: f0323d10b7111cce7f3c7f59236b87e2
06-13 16:42:05.303 22832 1555 D OkHttp : --> END POST
06-13 16:42:05.348 22832 1555 D OkHttp : <-- 200 https://testsaig1.gienger.cz/GiengerService.svc/getorder (45ms)
06-13 16:42:05.348 22832 1555 D OkHttp : content-type: application/xml; charset=utf-8
06-13 16:42:05.349 22832 1555 D OkHttp : server: Microsoft-IIS/10.0
06-13 16:42:05.349 22832 1555 D OkHttp : checksum: 7c8e86ab52d45b5b6bee96f0992e4579
06-13 16:42:05.349 22832 1555 D OkHttp : x-powered-by: ASP.NET
06-13 16:42:05.349 22832 1555 D OkHttp : date: Thu, 13 Jun 2019 14:42:04 GMT
06-13 16:42:05.349 22832 1555 D OkHttp : content-length: 162808
06-13 16:42:05.349 22832 1555 D OkHttp : <-- END HTTP
06-13 16:42:05.470 22832 1555 D MYINTERCEPTOR: /GiengerService.svc/getorder
06-13 16:42:05.471 22832 1555 D OkHttp : --> POST https://testsaig1.gienger.cz/GiengerService.svc/getorder http/1.1
06-13 16:42:05.471 22832 1555 D OkHttp : Content-Length: 0
06-13 16:42:05.471 22832 1555 D OkHttp : name: 130AT1190319661.xml
06-13 16:42:05.471 22832 1555 D OkHttp : token: f0323d10b7111cce7f3c7f59236b87e2
06-13 16:42:05.471 22832 1555 D OkHttp : --> END POST
06-13 16:42:05.499 22832 1555 D OkHttp : <-- 200 https://testsaig1.gienger.cz/GiengerService.svc/getorder (27ms)
06-13 16:42:05.499 22832 1555 D OkHttp : content-type: application/xml; charset=utf-8
06-13 16:42:05.499 22832 1555 D OkHttp : server: Microsoft-IIS/10.0
06-13 16:42:05.499 22832 1555 D OkHttp : checksum: 394d4dd427c241fe134057639ddd46bf
06-13 16:42:05.499 22832 1555 D OkHttp : x-powered-by: ASP.NET
06-13 16:42:05.499 22832 1555 D OkHttp : date: Thu, 13 Jun 2019 14:42:04 GMT
06-13 16:42:05.499 22832 1555 D OkHttp : content-length: 171847
06-13 16:42:05.499 22832 1555 D OkHttp : <-- END HTTP
06-13 16:42:05.581 22832 1555 D MYINTERCEPTOR: /GiengerService.svc/getorder
06-13 16:42:05.582 22832 1555 D OkHttp : --> POST https://testsaig1.gienger.cz/GiengerService.svc/getorder http/1.1
06-13 16:42:05.582 22832 1555 D OkHttp : Content-Length: 0
06-13 16:42:05.582 22832 1555 D OkHttp : name: 130AT1190319662.xml
06-13 16:42:05.582 22832 1555 D OkHttp : token: f0323d10b7111cce7f3c7f59236b87e2
06-13 16:42:05.582 22832 1555 D OkHttp : --> END POST
06-13 16:42:05.609 22832 1555 D OkHttp : <-- 200 https://testsaig1.gienger.cz/GiengerService.svc/getorder (26ms)
06-13 16:42:05.609 22832 1555 D OkHttp : content-type: application/xml; charset=utf-8
06-13 16:42:05.609 22832 1555 D OkHttp : server: Microsoft-IIS/10.0
06-13 16:42:05.609 22832 1555 D OkHttp : checksum: 1707d6e63084b261ff99f25895d09600
06-13 16:42:05.609 22832 1555 D OkHttp : x-powered-by: ASP.NET
06-13 16:42:05.609 22832 1555 D OkHttp : date: Thu, 13 Jun 2019 14:42:04 GMT
06-13 16:42:05.609 22832 1555 D OkHttp : content-length: 165626
06-13 16:42:05.610 22832 1555 D OkHttp : <-- END HTTP
06-13 16:42:05.717 22832 1555 D MYINTERCEPTOR: /GiengerService.svc/getorder
06-13 16:42:05.718 22832 1555 D OkHttp : --> POST https://testsaig1.gienger.cz/GiengerService.svc/getorder http/1.1
06-13 16:42:05.719 22832 1555 D OkHttp : Content-Length: 0
06-13 16:42:05.720 22832 1555 D OkHttp : name: 130AT1193305479.xml
06-13 16:42:05.720 22832 1555 D OkHttp : token: f0323d10b7111cce7f3c7f59236b87e2
06-13 16:42:05.720 22832 1555 D OkHttp : --> END POST
06-13 16:42:05.747 22832 1555 D OkHttp : <-- 200 https://testsaig1.gienger.cz/GiengerService.svc/getorder (27ms)
06-13 16:42:05.748 22832 1555 D OkHttp : content-type: application/xml; charset=utf-8
06-13 16:42:05.748 22832 1555 D OkHttp : server: Microsoft-IIS/10.0
06-13 16:42:05.748 22832 1555 D OkHttp : checksum: c2fad17587bdab8ccaa763d7eff26280
06-13 16:42:05.748 22832 1555 D OkHttp : x-powered-by: ASP.NET
06-13 16:42:05.748 22832 1555 D OkHttp : date: Thu, 13 Jun 2019 14:42:04 GMT
06-13 16:42:05.748 22832 1555 D OkHttp : content-length: 162363
06-13 16:42:05.748 22832 1555 D OkHttp : <-- END HTTP
06-13 16:42:05.840 22832 1555 D MYINTERCEPTOR: /GiengerService.svc/getorder
06-13 16:42:05.841 22832 1555 D OkHttp : --> POST https://testsaig1.gienger.cz/GiengerService.svc/getorder http/1.1
06-13 16:42:05.841 22832 1555 D OkHttp : Content-Length: 0
06-13 16:42:05.841 22832 1555 D OkHttp : name: 130AT1193305526.xml
06-13 16:42:05.841 22832 1555 D OkHttp : token: f0323d10b7111cce7f3c7f59236b87e2
06-13 16:42:05.841 22832 1555 D OkHttp : --> END POST
06-13 16:42:05.874 22832 1555 D OkHttp : <-- 200 https://testsaig1.gienger.cz/GiengerService.svc/getorder (32ms)
06-13 16:42:05.874 22832 1555 D OkHttp : content-type: application/xml; charset=utf-8
06-13 16:42:05.874 22832 1555 D OkHttp : server: Microsoft-IIS/10.0
06-13 16:42:05.874 22832 1555 D OkHttp : checksum: f040f2d2b5fb1a3fb5a755e6c26bedfd
06-13 16:42:05.874 22832 1555 D OkHttp : x-powered-by: ASP.NET
06-13 16:42:05.874 22832 1555 D OkHttp : date: Thu, 13 Jun 2019 14:42:05 GMT
06-13 16:42:05.874 22832 1555 D OkHttp : content-length: 160655
06-13 16:42:05.874 22832 1555 D OkHttp : <-- END HTTP
06-13 16:42:05.969 22832 22832 D ViewRootImpl@feeae90[LoginActivity]: mHardwareRenderer.destroy()#4
06-13 16:42:05.969 22832 22832 D ViewRootImpl@feeae90[LoginActivity]: dispatchDetachedFromWindow
06-13 16:42:05.980 22832 22832 D InputTransport: Input channel destroyed: fd=76
06-13 16:42:05.981 22832 22832 D ViewRootImpl@aa1c50d[LoginActivity]: MSG_WINDOW_FOCUS_CHANGED 1
06-13 16:42:05.981 22832 22832 D ViewRootImpl@aa1c50d[LoginActivity]: mHardwareRenderer.initializeIfNeeded()#2 mSurface={isValid=true -1848707072}
06-13 16:42:05.983 22832 22832 V InputMethodManager: Starting input: tba=android.view.inputmethod.EditorInfo@9fc40f9 nm : cz.gienger.mobile ic=null
06-13 16:42:05.983 22832 22832 I InputMethodManager: startInputInner - mService.startInputOrWindowGainedFocus
06-13 16:42:05.985 22832 22832 D InputTransport: Input channel constructed: fd=76
06-13 16:42:05.985 22832 22832 D InputTransport: Input channel destroyed: fd=68
06-13 16:42:05.985 22832 22832 E ViewRootImpl: sendUserActionEvent() returned.
06-13 16:42:06.003 22832 22832 D AbsListView: in onLayout changed
06-13 16:42:06.232 22832 22832 D AbsListView: in onLayout changed
06-13 16:42:08.739 22832 22832 D ViewRootImpl@aa1c50d[LoginActivity]: ViewPostImeInputStage processPointer 0
06-13 16:42:08.794 22832 22832 D AbsListView: reportScrollStateChange() newState : 1
06-13 16:42:09.563 22832 22832 D ViewRootImpl@aa1c50d[LoginActivity]: ViewPostImeInputStage processPointer 1
06-13 16:42:09.563 22832 22832 D AbsListView: onTouchUp() mTouchMode : 3
06-13 16:42:09.564 22832 22832 D AbsListView: onTouchUp() TOUCH_MODE_SCROLL initialVelocity : 6
06-13 16:42:09.564 22832 22832 D AbsListView: reportScrollStateChange() newState : 0
06-13 16:42:10.613 22832 22832 D ViewRootImpl@aa1c50d[LoginActivity]: ViewPostImeInputStage processPointer 0
06-13 16:42:10.702 22832 22832 D ViewRootImpl@aa1c50d[LoginActivity]: ViewPostImeInputStage processPointer 1
06-13 16:42:10.742 22832 22832 D ScrollView: initGoToTop
06-13 16:42:10.747 22832 22832 D ScrollView: initGoToTop
06-13 16:42:10.757 22832 22832 D ViewRootImpl@9f8a798[LoginActivity]: ThreadedRenderer.create() translucent=true
06-13 16:42:10.764 22832 22832 D InputTransport: Input channel constructed: fd=68
06-13 16:42:10.764 22832 22832 D ViewRootImpl@9f8a798[LoginActivity]: setView = DecorView@97fdbf1[LoginActivity] touchMode=true
06-13 16:42:10.766 22832 22832 D ViewRootImpl@9f8a798[LoginActivity]: dispatchAttachedToWindow
06-13 16:42:10.793 22832 22832 D ViewRootImpl@9f8a798[LoginActivity]: Relayout returned: oldFrame=[0,0][0,0] newFrame=[108,450][660,597] result=0x27 surface={isValid=true -1848862720} surfaceGenerationChanged=true
06-13 16:42:10.794 22832 22832 D ViewRootImpl@9f8a798[LoginActivity]: mHardwareRenderer.initialize() mSurface={isValid=true -1848862720} hwInitialized=true
06-13 16:42:10.796 22832 22832 D ScrollView: onsize change changed
06-13 16:42:10.797 22832 22832 D ScrollView: onsize change changed
06-13 16:42:10.819 22832 22832 D ViewRootImpl@9f8a798[LoginActivity]: MSG_WINDOW_FOCUS_CHANGED 1
06-13 16:42:10.819 22832 22832 D ViewRootImpl@9f8a798[LoginActivity]: mHardwareRenderer.initializeIfNeeded()#2 mSurface={isValid=true -1848862720}
06-13 16:42:10.843 22832 22832 D ViewRootImpl@9f8a798[LoginActivity]: MSG_RESIZED_REPORT: frame=Rect(108, 450 - 660, 597) ci=Rect(0, 0 - 0, 0) vi=Rect(0, 0 - 0, 0) or=1
06-13 16:42:10.861 22832 22832 D ViewRootImpl@aa1c50d[LoginActivity]: MSG_WINDOW_FOCUS_CHANGED 0
06-13 16:42:11.868 22832 22832 D ViewRootImpl@9f8a798[LoginActivity]: ViewPostImeInputStage processPointer 0
06-13 16:42:11.958 22832 22832 D ViewRootImpl@9f8a798[LoginActivity]: ViewPostImeInputStage processPointer 1
06-13 16:42:12.001 22832 22832 D ScrollView: initGoToTop
06-13 16:42:12.006 22832 22832 D ScrollView: initGoToTop
06-13 16:42:12.015 22832 22832 D ViewRootImpl@5cf3a55[LoginActivity]: ThreadedRenderer.create() translucent=true
06-13 16:42:12.021 22832 22832 D InputTransport: Input channel constructed: fd=78
06-13 16:42:12.021 22832 22832 D ViewRootImpl@5cf3a55[LoginActivity]: setView = DecorView@fbfec6a[LoginActivity] touchMode=true
06-13 16:42:12.023 22832 1548 D MYINTERCEPTOR: /GiengerService.svc/assign/A03_trasa_A03-01_ranni_13_06_2019
06-13 16:42:12.024 22832 1548 D OkHttp : --> POST https://testsaig1.gienger.cz/GiengerService.svc/assign/A03_trasa_A03-01_ranni_13_06_2019 http/1.1
06-13 16:42:12.024 22832 1548 D OkHttp : Content-Length: 0
06-13 16:42:12.024 22832 1548 D OkHttp : token: f0323d10b7111cce7f3c7f59236b87e2
06-13 16:42:12.024 22832 1548 D OkHttp : --> END POST
06-13 16:42:12.035 22832 22832 D ViewRootImpl@9f8a798[LoginActivity]: mHardwareRenderer.destroy()#4
06-13 16:42:12.035 22832 22832 D ViewRootImpl@9f8a798[LoginActivity]: dispatchDetachedFromWindow
06-13 16:42:12.049 22832 22832 D InputTransport: Input channel destroyed: fd=68
06-13 16:42:12.053 22832 22832 D ViewRootImpl@5cf3a55[LoginActivity]: dispatchAttachedToWindow
06-13 16:42:12.084 22832 22832 D ViewRootImpl@5cf3a55[LoginActivity]: Relayout returned: oldFrame=[0,0][0,0] newFrame=[108,466][660,582] result=0x27 surface={isValid=true -1848862720} surfaceGenerationChanged=true
06-13 16:42:12.085 22832 22832 D ViewRootImpl@5cf3a55[LoginActivity]: mHardwareRenderer.initialize() mSurface={isValid=true -1848862720} hwInitialized=true
06-13 16:42:12.092 22832 22832 D ViewRootImpl@5cf3a55[LoginActivity]: MSG_WINDOW_FOCUS_CHANGED 1
06-13 16:42:12.092 22832 22832 D ViewRootImpl@5cf3a55[LoginActivity]: mHardwareRenderer.initializeIfNeeded()#2 mSurface={isValid=true -1848862720}
06-13 16:42:12.106 22832 22832 D ViewRootImpl@5cf3a55[LoginActivity]: MSG_RESIZED_REPORT: frame=Rect(108, 466 - 660, 582) ci=Rect(0, 0 - 0, 0) vi=Rect(0, 0 - 0, 0) or=1
06-13 16:42:12.129 22832 1548 D OkHttp : <-- 200 https://testsaig1.gienger.cz/GiengerService.svc/assign/A03_trasa_A03-01_ranni_13_06_2019 (104ms)
06-13 16:42:12.129 22832 1548 D OkHttp : content-type: application/xml; charset=utf-8
06-13 16:42:12.129 22832 1548 D OkHttp : server: Microsoft-IIS/10.0
06-13 16:42:12.129 22832 1548 D OkHttp : x-powered-by: ASP.NET
06-13 16:42:12.129 22832 1548 D OkHttp : date: Thu, 13 Jun 2019 14:42:11 GMT
06-13 16:42:12.129 22832 1548 D OkHttp : content-length: 187
06-13 16:42:12.129 22832 1548 D OkHttp : <-- END HTTP
06-13 16:42:12.137 22832 22832 E ViewRootImpl: sendUserActionEvent() returned.
06-13 16:42:12.154 22832 22832 D ViewRootImpl@5cf3a55[LoginActivity]: mHardwareRenderer.destroy()#4
06-13 16:42:12.154 22832 22832 D ViewRootImpl@5cf3a55[LoginActivity]: dispatchDetachedFromWindow
06-13 16:42:12.164 22832 22832 D InputTransport: Input channel destroyed: fd=78
06-13 16:42:12.173 22832 22832 D ALARM_REUPLOAD: scheduling alarm
06-13 16:42:12.201 22832 22832 D ScrollView: initGoToTop
06-13 16:42:12.207 22832 22832 D ScrollView: initGoToTop
06-13 16:42:12.215 22832 22832 D ViewRootImpl@ba1419c[LoginActivity]: ThreadedRenderer.create() translucent=true
06-13 16:42:12.221 22832 22832 D InputTransport: Input channel constructed: fd=78
06-13 16:42:12.222 22832 22832 D ViewRootImpl@ba1419c[LoginActivity]: setView = DecorView@4ea7a5[LoginActivity] touchMode=true
06-13 16:42:12.224 22832 22832 D ViewRootImpl@ba1419c[LoginActivity]: dispatchAttachedToWindow
06-13 16:42:12.225 22832 1566 D MYINTERCEPTOR: /GiengerService.svc/metadata
06-13 16:42:12.226 22832 1566 D OkHttp : --> GET https://testsaig1.gienger.cz/GiengerService.svc/metadata http/1.1
06-13 16:42:12.226 22832 1566 D OkHttp : token: f0323d10b7111cce7f3c7f59236b87e2
06-13 16:42:12.226 22832 1566 D OkHttp : state: CZ
06-13 16:42:12.226 22832 1566 D OkHttp : --> END GET
06-13 16:42:12.261 22832 22832 D ViewRootImpl@ba1419c[LoginActivity]: Relayout returned: oldFrame=[0,0][0,0] newFrame=[108,466][660,582] result=0x27 surface={isValid=true -1862230016} surfaceGenerationChanged=true
06-13 16:42:12.261 22832 22832 D ViewRootImpl@ba1419c[LoginActivity]: mHardwareRenderer.initialize() mSurface={isValid=true -1862230016} hwInitialized=true
06-13 16:42:12.264 22832 22832 D ViewRootImpl@aa1c50d[LoginActivity]: MSG_WINDOW_FOCUS_CHANGED 1
06-13 16:42:12.264 22832 22832 D ViewRootImpl@aa1c50d[LoginActivity]: mHardwareRenderer.initializeIfNeeded()#2 mSurface={isValid=true -1848707072}
06-13 16:42:12.268 22832 22832 E ViewRootImpl: sendUserActionEvent() returned.
06-13 16:42:12.269 22832 22832 D ViewRootImpl@ba1419c[LoginActivity]: MSG_WINDOW_FOCUS_CHANGED 1
06-13 16:42:12.269 22832 22832 D ViewRootImpl@ba1419c[LoginActivity]: mHardwareRenderer.initializeIfNeeded()#2 mSurface={isValid=true -1862230016}
06-13 16:42:12.279 22832 22832 D ViewRootImpl@ba1419c[LoginActivity]: MSG_RESIZED_REPORT: frame=Rect(108, 466 - 660, 582) ci=Rect(0, 0 - 0, 0) vi=Rect(0, 0 - 0, 0) or=1
06-13 16:42:12.304 22832 22832 D ViewRootImpl@aa1c50d[LoginActivity]: MSG_WINDOW_FOCUS_CHANGED 0
06-13 16:42:15.152 22832 1566 D OkHttp : <-- 200 https://testsaig1.gienger.cz/GiengerService.svc/metadata (2925ms)
06-13 16:42:15.152 22832 1566 D OkHttp : content-type: application/xml; charset=utf-8
06-13 16:42:15.152 22832 1566 D OkHttp : server: Microsoft-IIS/10.0
06-13 16:42:15.152 22832 1566 D OkHttp : x-powered-by: ASP.NET
06-13 16:42:15.152 22832 1566 D OkHttp : date: Thu, 13 Jun 2019 14:42:14 GMT
06-13 16:42:15.152 22832 1566 D OkHttp : content-length: 550
06-13 16:42:15.152 22832 1566 D OkHttp : <-- END HTTP
06-13 16:42:39.915 22832 22832 D ViewRootImpl@ba1419c[LoginActivity]: mHardwareRenderer.destroy()#4
06-13 16:42:39.915 22832 22832 D ViewRootImpl@ba1419c[LoginActivity]: dispatchDetachedFromWindow
06-13 16:42:39.923 22832 22832 D InputTransport: Input channel destroyed: fd=78
06-13 16:42:39.931 22832 22832 D ViewRootImpl@aa1c50d[LoginActivity]: MSG_WINDOW_FOCUS_CHANGED 1
06-13 16:42:39.931 22832 22832 D ViewRootImpl@aa1c50d[LoginActivity]: mHardwareRenderer.initializeIfNeeded()#2 mSurface={isValid=true -1848707072}
06-13 16:42:39.933 22832 22832 E ViewRootImpl: sendUserActionEvent() returned.
06-13 16:42:40.273 22832 22832 D ViewRootImpl@5cc9a00[MainActivity]: Relayout returned: oldFrame=[0,0][768,1024] newFrame=[0,0][768,1024] result=0x7 surface={isValid=true -1878007808} surfaceGenerationChanged=true
06-13 16:42:40.273 22832 22832 D ViewRootImpl@5cc9a00[MainActivity]: mHardwareRenderer.initialize() mSurface={isValid=true -1878007808} hwInitialized=true
06-13 16:42:40.318 22832 22832 D AbsListView: in onLayout changed
06-13 16:42:40.340 22832 22832 D ViewRootImpl@5cc9a00[MainActivity]: MSG_WINDOW_FOCUS_CHANGED 1
06-13 16:42:40.341 22832 22832 D ViewRootImpl@5cc9a00[MainActivity]: mHardwareRenderer.initializeIfNeeded()#2 mSurface={isValid=true -1878007808}
06-13 16:42:40.342 22832 22832 V InputMethodManager: Starting input: tba=android.view.inputmethod.EditorInfo@ae6ddde nm : cz.gienger.mobile ic=null
06-13 16:42:40.342 22832 22832 I InputMethodManager: startInputInner - mService.startInputOrWindowGainedFocus
06-13 16:42:40.367 22832 22832 D InputTransport: Input channel constructed: fd=80
06-13 16:42:40.367 22832 22832 D InputTransport: Input channel destroyed: fd=76
06-13 16:42:40.371 22832 22832 D ViewRootImpl@aa1c50d[LoginActivity]: MSG_WINDOW_FOCUS_CHANGED 0
06-13 16:42:40.402 22832 22832 D ViewRootImpl@aa1c50d[LoginActivity]: mHardwareRenderer.destroy()#1
06-13 16:42:40.414 22832 22832 D ViewRootImpl@aa1c50d[LoginActivity]: Relayout returned: oldFrame=[0,0][768,1024] newFrame=[0,0][768,1024] result=0x5 surface={isValid=false 0} surfaceGenerationChanged=true
06-13 16:42:40.826 22832 22832 D ViewRootImpl@aa1c50d[LoginActivity]: mHardwareRenderer.destroy()#4
06-13 16:42:40.826 22832 22832 D ViewRootImpl@aa1c50d[LoginActivity]: dispatchDetachedFromWindow
06-13 16:42:40.834 22832 22832 D InputTransport: Input channel destroyed: fd=61
06-13 16:42:42.195 22832 22832 D ViewRootImpl@5cc9a00[MainActivity]: ViewPostImeInputStage processPointer 0
06-13 16:42:42.219 22832 22832 D AbsListView: reportScrollStateChange() newState : 1
06-13 16:42:43.192 22832 22832 D ViewRootImpl@5cc9a00[MainActivity]: ViewPostImeInputStage processPointer 1
06-13 16:42:43.192 22832 22832 D AbsListView: onTouchUp() mTouchMode : 3
06-13 16:42:43.192 22832 22832 D AbsListView: onTouchUp() TOUCH_MODE_SCROLL initialVelocity : 0
06-13 16:42:43.192 22832 22832 D AbsListView: reportScrollStateChange() newState : 0
06-13 16:42:47.174 22832 22832 D ViewRootImpl@5cc9a00[MainActivity]: ViewPostImeInputStage processPointer 0
06-13 16:42:47.246 22832 22832 D AbsListView: reportScrollStateChange() newState : 1
06-13 16:42:47.929 22832 22832 D ViewRootImpl@5cc9a00[MainActivity]: ViewPostImeInputStage processPointer 1
06-13 16:42:47.930 22832 22832 D AbsListView: onTouchUp() mTouchMode : 3
06-13 16:42:47.930 22832 22832 D AbsListView: onTouchUp() TOUCH_MODE_SCROLL initialVelocity : 27
06-13 16:42:47.930 22832 22832 D AbsListView: reportScrollStateChange() newState : 0
06-13 16:42:54.344 22832 22832 D ViewRootImpl@5cc9a00[MainActivity]: ViewPostImeInputStage processPointer 0
06-13 16:42:54.403 22832 22832 D ViewRootImpl@5cc9a00[MainActivity]: ViewPostImeInputStage processPointer 1
06-13 16:42:54.420 22832 22832 D item_click: viewId = 2131820757, position = 0
06-13 16:42:54.455 22832 22832 D ViewRootImpl@5cc9a00[MainActivity]: MSG_WINDOW_FOCUS_CHANGED 0
