06-13 16:42:54.526 22832 22832 D ViewRootImpl@369f5d8[ItemsViewActivity]: ThreadedRenderer.create() translucent=false
06-13 16:42:54.529 22832 22832 D InputTransport: Input channel constructed: fd=66
06-13 16:42:54.529 22832 22832 D ViewRootImpl@369f5d8[ItemsViewActivity]: setView = DecorView@a15ad31[ItemsViewActivity] touchMode=true
06-13 16:42:54.532 22832 22832 D ViewRootImpl@369f5d8[ItemsViewActivity]: dispatchAttachedToWindow
06-13 16:42:54.569 22832 22832 D ViewRootImpl@369f5d8[ItemsViewActivity]: Relayout returned: oldFrame=[0,0][0,0] newFrame=[0,0][768,1024] result=0x27 surface={isValid=true -1847191552} surfaceGenerationChanged=true
06-13 16:42:54.569 22832 22832 D ViewRootImpl@369f5d8[ItemsViewActivity]: mHardwareRenderer.initialize() mSurface={isValid=true -1847191552} hwInitialized=true
06-13 16:42:54.578 22832 22832 D AbsListView: in onLayout changed
06-13 16:42:54.609 22832 22832 D ViewRootImpl@369f5d8[ItemsViewActivity]: MSG_RESIZED_REPORT: frame=Rect(0, 0 - 768, 1024) ci=Rect(0, 24 - 0, 0) vi=Rect(0, 24 - 0, 0) or=1
06-13 16:42:54.610 22832 22832 D ViewRootImpl@369f5d8[ItemsViewActivity]: MSG_WINDOW_FOCUS_CHANGED 1
06-13 16:42:54.610 22832 22832 D ViewRootImpl@369f5d8[ItemsViewActivity]: mHardwareRenderer.initializeIfNeeded()#2 mSurface={isValid=true -1847191552}
06-13 16:42:54.612 22832 22832 V InputMethodManager: Starting input: tba=android.view.inputmethod.EditorInfo@10f1b25 nm : cz.gienger.mobile ic=null
06-13 16:42:54.612 22832 22832 I InputMethodManager: startInputInner - mService.startInputOrWindowGainedFocus
06-13 16:42:54.627 22832 22832 D InputTransport: Input channel constructed: fd=67
06-13 16:42:54.627 22832 22832 D InputTransport: Input channel destroyed: fd=80
06-13 16:42:54.674 22832 22878 D OpenGLRenderer: endAllActiveAnimators on 0x9398d480 (RippleDrawable) with handle 0x9106e750
06-13 16:42:54.675 22832 22832 D ViewRootImpl@5cc9a00[MainActivity]: mHardwareRenderer.destroy()#1
06-13 16:42:54.684 22832 22832 D ViewRootImpl@5cc9a00[MainActivity]: Relayout returned: oldFrame=[0,0][768,1024] newFrame=[0,0][768,1024] result=0x5 surface={isValid=false 0} surfaceGenerationChanged=true
06-13 16:42:55.071 22832 22832 D ViewRootImpl@5cc9a00[MainActivity]: Relayout returned: oldFrame=[0,0][768,1024] newFrame=[0,0][768,1024] result=0x5 surface={isValid=false 0} surfaceGenerationChanged=false
06-13 16:42:58.066 22832 22832 D ViewRootImpl@369f5d8[ItemsViewActivity]: ViewPostImeInputStage processPointer 0
06-13 16:42:58.081 22832 22832 D ViewRootImpl@369f5d8[ItemsViewActivity]: ViewPostImeInputStage processPointer 1
06-13 16:42:58.157 22832 22832 D ViewRootImpl@5cc9a00[MainActivity]: mHardwareRenderer.destroy()#1
06-13 16:42:58.164 22832 22832 D ViewRootImpl@5cc9a00[MainActivity]: Relayout returned: oldFrame=[0,0][768,1024] newFrame=[0,0][768,1024] result=0x1 surface={isValid=false 0} surfaceGenerationChanged=false
06-13 16:42:58.329 22832 22832 D ViewRootImpl@5cc9a00[MainActivity]: Relayout returned: oldFrame=[0,0][768,1024] newFrame=[0,0][768,1024] result=0x7 surface={isValid=true -1878007808} surfaceGenerationChanged=true
06-13 16:42:58.329 22832 22832 D ViewRootImpl@5cc9a00[MainActivity]: mHardwareRenderer.initialize() mSurface={isValid=true -1878007808} hwInitialized=true
06-13 16:42:58.374 22832 22832 D AbsListView: in onLayout changed
06-13 16:42:58.376 22832 22832 D ViewRootImpl@369f5d8[ItemsViewActivity]: MSG_WINDOW_FOCUS_CHANGED 0
06-13 16:42:58.406 22832 22832 D ViewRootImpl@5cc9a00[MainActivity]: MSG_WINDOW_FOCUS_CHANGED 1
06-13 16:42:58.407 22832 22832 D ViewRootImpl@5cc9a00[MainActivity]: mHardwareRenderer.initializeIfNeeded()#2 mSurface={isValid=true -1878007808}
06-13 16:42:58.408 22832 22832 V InputMethodManager: Starting input: tba=android.view.inputmethod.EditorInfo@e2d8f29 nm : cz.gienger.mobile ic=null
06-13 16:42:58.408 22832 22832 I InputMethodManager: startInputInner - mService.startInputOrWindowGainedFocus
06-13 16:42:58.419 22832 22832 D InputTransport: Input channel constructed: fd=80
06-13 16:42:58.420 22832 22832 D InputTransport: Input channel destroyed: fd=67
06-13 16:42:58.460 22832 22878 D OpenGLRenderer: endAllActiveAnimators on 0x93c31280 (RippleDrawable) with handle 0x9135d330
06-13 16:42:58.461 22832 22832 D ViewRootImpl@369f5d8[ItemsViewActivity]: mHardwareRenderer.destroy()#1
06-13 16:42:58.468 22832 22832 D ViewRootImpl@369f5d8[ItemsViewActivity]: Relayout returned: oldFrame=[0,0][768,1024] newFrame=[0,0][768,1024] result=0x5 surface={isValid=false 0} surfaceGenerationChanged=true
06-13 16:42:58.836 22832 22832 D ViewRootImpl@369f5d8[ItemsViewActivity]: mHardwareRenderer.destroy()#4
06-13 16:42:58.836 22832 22832 D ViewRootImpl@369f5d8[ItemsViewActivity]: dispatchDetachedFromWindow
06-13 16:42:58.847 22832 22832 D InputTransport: Input channel destroyed: fd=66
06-13 16:43:02.025 22832 22832 D ViewRootImpl@5cc9a00[MainActivity]: ViewPostImeInputStage processPointer 0
06-13 16:43:02.096 22832 22832 D ViewRootImpl@5cc9a00[MainActivity]: ViewPostImeInputStage processPointer 1
06-13 16:43:02.105 22832 22832 D item_click: viewId = 2131820758, position = 0
06-13 16:43:02.154 22832 22832 D ViewRootImpl@5cc9a00[MainActivity]: MSG_WINDOW_FOCUS_CHANGED 0
06-13 16:43:02.200 22832 22832 D ScrollView: initGoToTop
06-13 16:43:02.272 22832 22832 D ViewRootImpl@ea76592[CancelDeliveryActivity]: ThreadedRenderer.create() translucent=false
06-13 16:43:02.276 22832 22832 D InputTransport: Input channel constructed: fd=66
06-13 16:43:02.276 22832 22832 D ViewRootImpl@ea76592[CancelDeliveryActivity]: setView = DecorView@f24eb63[CancelDeliveryActivity] touchMode=true
06-13 16:43:02.278 22832 22832 D LOCATION_SERVICE: LocationListener gps
06-13 16:43:02.278 22832 22832 D LOCATION_SERVICE: LocationListener network
06-13 16:43:02.279 22832 22832 D LOCATION_SERVICE: onCreate
06-13 16:43:02.279 22832 22832 D LOCATION_SERVICE: initializeLocationManager
06-13 16:43:02.299 22832 22832 D LOCATION_SERVICE: onStartCommand
06-13 16:43:02.305 22832 22832 D ViewRootImpl@ea76592[CancelDeliveryActivity]: dispatchAttachedToWindow
06-13 16:43:02.338 22832 22832 D ViewRootImpl@ea76592[CancelDeliveryActivity]: Relayout returned: oldFrame=[0,0][0,0] newFrame=[0,0][768,1024] result=0x27 surface={isValid=true -1841385472} surfaceGenerationChanged=true
06-13 16:43:02.339 22832 22832 D ViewRootImpl@ea76592[CancelDeliveryActivity]: mHardwareRenderer.initialize() mSurface={isValid=true -1841385472} hwInitialized=true
06-13 16:43:02.344 22832 22832 D ScrollView: onsize change changed
06-13 16:43:02.383 22832 22832 D ViewRootImpl@ea76592[CancelDeliveryActivity]: MSG_RESIZED_REPORT: frame=Rect(0, 0 - 768, 1024) ci=Rect(0, 24 - 0, 0) vi=Rect(0, 24 - 0, 0) or=1
06-13 16:43:02.383 22832 22832 D ViewRootImpl@ea76592[CancelDeliveryActivity]: MSG_WINDOW_FOCUS_CHANGED 1
06-13 16:43:02.383 22832 22832 D ViewRootImpl@ea76592[CancelDeliveryActivity]: mHardwareRenderer.initializeIfNeeded()#2 mSurface={isValid=true -1841385472}
06-13 16:43:02.391 22832 22832 V InputMethodManager: Starting input: tba=android.view.inputmethod.EditorInfo@5ecfa24 nm : cz.gienger.mobile ic=null
06-13 16:43:02.391 22832 22832 I InputMethodManager: startInputInner - mService.startInputOrWindowGainedFocus
06-13 16:43:02.400 22832 22832 D InputTransport: Input channel constructed: fd=67
06-13 16:43:02.400 22832 22832 D InputTransport: Input channel destroyed: fd=80
06-13 16:43:02.443 22832 22878 D OpenGLRenderer: endAllActiveAnimators on 0x94578280 (RippleDrawable) with handle 0x9135d500
06-13 16:43:02.443 22832 22832 D ViewRootImpl@5cc9a00[MainActivity]: mHardwareRenderer.destroy()#1
06-13 16:43:02.454 22832 22832 D ViewRootImpl@5cc9a00[MainActivity]: Relayout returned: oldFrame=[0,0][768,1024] newFrame=[0,0][768,1024] result=0x5 surface={isValid=false 0} surfaceGenerationChanged=true
06-13 16:43:02.549 22832 22832 D LOCATION_SERVICE: onLocationChanged: Location[network 49,191231,17,534649 acc=21 et=+1d2h57m35s479ms alt=0.0 vel=0.0 bear=0.0 {Bundle[mParcelledData.dataSize=80]}]
06-13 16:43:02.837 22832 22832 D ViewRootImpl@5cc9a00[MainActivity]: Relayout returned: oldFrame=[0,0][768,1024] newFrame=[0,0][768,1024] result=0x5 surface={isValid=false 0} surfaceGenerationChanged=false
06-13 16:43:06.120 22832 22832 D ViewRootImpl@ea76592[CancelDeliveryActivity]: ViewPostImeInputStage processPointer 0
06-13 16:43:06.162 22832 22832 D ViewRootImpl@ea76592[CancelDeliveryActivity]: ViewPostImeInputStage processPointer 1
06-13 16:43:06.377 22832 22832 D ViewRootImpl@5cc9a00[MainActivity]: Relayout returned: oldFrame=[0,0][768,1024] newFrame=[0,0][768,1024] result=0x7 surface={isValid=true -1878007808} surfaceGenerationChanged=true
06-13 16:43:06.378 22832 22832 D ViewRootImpl@5cc9a00[MainActivity]: mHardwareRenderer.initialize() mSurface={isValid=true -1878007808} hwInitialized=true
06-13 16:43:06.426 22832 22832 D AbsListView: in onLayout changed
06-13 16:43:06.455 22832 22832 D ViewRootImpl@5cc9a00[MainActivity]: MSG_WINDOW_FOCUS_CHANGED 1
06-13 16:43:06.456 22832 22832 D ViewRootImpl@5cc9a00[MainActivity]: mHardwareRenderer.initializeIfNeeded()#2 mSurface={isValid=true -1878007808}
06-13 16:43:06.457 22832 22832 V InputMethodManager: Starting input: tba=android.view.inputmethod.EditorInfo@b385338 nm : cz.gienger.mobile ic=null
06-13 16:43:06.457 22832 22832 I InputMethodManager: startInputInner - mService.startInputOrWindowGainedFocus
06-13 16:43:06.471 22832 22832 D InputTransport: Input channel constructed: fd=80
06-13 16:43:06.472 22832 22832 D InputTransport: Input channel destroyed: fd=67
06-13 16:43:06.481 22832 22832 D ViewRootImpl@ea76592[CancelDeliveryActivity]: MSG_WINDOW_FOCUS_CHANGED 0
06-13 16:43:06.512 22832 22878 D OpenGLRenderer: endAllActiveAnimators on 0x94cf1180 (RippleDrawable) with handle 0x9180f940
06-13 16:43:06.512 22832 22832 D ViewRootImpl@ea76592[CancelDeliveryActivity]: mHardwareRenderer.destroy()#1
06-13 16:43:06.520 22832 22832 D ViewRootImpl@ea76592[CancelDeliveryActivity]: Relayout returned: oldFrame=[0,0][768,1024] newFrame=[0,0][768,1024] result=0x5 surface={isValid=false 0} surfaceGenerationChanged=true
06-13 16:43:06.911 22832 22832 D TextView: SYANI: Clipboard API is calling: clearFilter()
06-13 16:43:06.911 22832 22832 D TextView: SYANI: Clipboard API is calling: unregisterClipboardEventListener()
06-13 16:43:06.920 22832 22832 D ViewRootImpl@ea76592[CancelDeliveryActivity]: mHardwareRenderer.destroy()#4
06-13 16:43:06.920 22832 22832 D ViewRootImpl@ea76592[CancelDeliveryActivity]: dispatchDetachedFromWindow
06-13 16:43:06.931 22832 22832 D InputTransport: Input channel destroyed: fd=66
06-13 16:43:06.931 22832 22832 D LOCATION_SERVICE: onDestroy
06-13 16:43:12.932 22832 22832 D ViewRootImpl@5cc9a00[MainActivity]: ViewPostImeInputStage processPointer 0
06-13 16:43:12.990 22832 22832 D ViewRootImpl@5cc9a00[MainActivity]: ViewPostImeInputStage processPointer 1
06-13 16:43:13.011 22832 22832 D item_click: viewId = 2131820756, position = 0
06-13 16:43:13.056 22832 22832 D ViewRootImpl@5cc9a00[MainActivity]: MSG_WINDOW_FOCUS_CHANGED 0
06-13 16:43:13.185 22832 22832 D ViewRootImpl@9c89ba4[DeliverActivity]: ThreadedRenderer.create() translucent=false
06-13 16:43:13.188 22832 22832 D InputTransport: Input channel constructed: fd=66
06-13 16:43:13.189 22832 22832 D ViewRootImpl@9c89ba4[DeliverActivity]: setView = DecorView@eae6d0d[DeliverActivity] touchMode=true
06-13 16:43:13.190 22832 22832 D LOCATION_SERVICE: LocationListener gps
06-13 16:43:13.191 22832 22832 D LOCATION_SERVICE: LocationListener network
06-13 16:43:13.191 22832 22832 D LOCATION_SERVICE: onCreate
06-13 16:43:13.192 22832 22832 D LOCATION_SERVICE: initializeLocationManager
06-13 16:43:13.204 22832 22832 D LOCATION_SERVICE: onStartCommand
06-13 16:43:13.207 22832 22832 D ViewRootImpl@9c89ba4[DeliverActivity]: dispatchAttachedToWindow
06-13 16:43:13.248 22832 22832 D ViewRootImpl@9c89ba4[DeliverActivity]: Relayout returned: oldFrame=[0,0][0,0] newFrame=[0,0][768,1024] result=0x27 surface={isValid=true -1800808448} surfaceGenerationChanged=true
06-13 16:43:13.249 22832 22832 D ViewRootImpl@9c89ba4[DeliverActivity]: mHardwareRenderer.initialize() mSurface={isValid=true -1800808448} hwInitialized=true
06-13 16:43:13.276 22832 22832 D ViewRootImpl@9c89ba4[DeliverActivity]: MSG_RESIZED_REPORT: frame=Rect(0, 0 - 768, 1024) ci=Rect(0, 24 - 0, 0) vi=Rect(0, 24 - 0, 0) or=1
06-13 16:43:13.276 22832 22832 D ViewRootImpl@9c89ba4[DeliverActivity]: MSG_WINDOW_FOCUS_CHANGED 1
06-13 16:43:13.276 22832 22832 D ViewRootImpl@9c89ba4[DeliverActivity]: mHardwareRenderer.initializeIfNeeded()#2 mSurface={isValid=true -1800808448}
06-13 16:43:13.277 22832 22832 V InputMethodManager: Starting input: tba=android.view.inputmethod.EditorInfo@84bfa1a nm : cz.gienger.mobile ic=null
06-13 16:43:13.277 22832 22832 I InputMethodManager: startInputInner - mService.startInputOrWindowGainedFocus
06-13 16:43:13.290 22832 22832 D InputTransport: Input channel constructed: fd=67
06-13 16:43:13.290 22832 22832 D InputTransport: Input channel destroyed: fd=80
06-13 16:43:13.323 22832 1600 D FILE_MANAGER: Copying file /data/user/0/cz.gienger.mobile/files/delivery/130AT1190319527/130AT1190319527.pdf to /storage/emulated/0/130AT1190319527.pdf
06-13 16:43:13.339 22832 22878 D OpenGLRenderer: endAllActiveAnimators on 0x94fdda00 (RippleDrawable) with handle 0x91376a50
06-13 16:43:13.339 22832 22832 D ViewRootImpl@5cc9a00[MainActivity]: mHardwareRenderer.destroy()#1
06-13 16:43:13.349 22832 22832 D ViewRootImpl@5cc9a00[MainActivity]: Relayout returned: oldFrame=[0,0][768,1024] newFrame=[0,0][768,1024] result=0x5 surface={isValid=false 0} surfaceGenerationChanged=true
06-13 16:43:13.744 22832 22832 D ViewRootImpl@5cc9a00[MainActivity]: Relayout returned: oldFrame=[0,0][768,1024] newFrame=[0,0][768,1024] result=0x5 surface={isValid=false 0} surfaceGenerationChanged=false
06-13 16:43:13.787 22832 22832 D LOCATION_SERVICE: onLocationChanged: Location[network 49,191236,17,534645 acc=21 et=+1d2h57m46s718ms alt=0.0 vel=0.0 bear=0.0 {Bundle[mParcelledData.dataSize=80]}]
06-13 16:43:13.826 22832 1600 D FILE_MANAGER: copy ok
06-13 16:43:20.435 22832 22832 D ViewRootImpl@9c89ba4[DeliverActivity]: ViewPostImeInputStage processPointer 0
06-13 16:43:20.526 22832 22832 D ViewRootImpl@9c89ba4[DeliverActivity]: ViewPostImeInputStage processPointer 1
06-13 16:43:26.971 22832 22832 D ViewRootImpl@9c89ba4[DeliverActivity]: ViewPostImeInputStage processPointer 0
06-13 16:43:27.041 22832 22832 D ViewRootImpl@9c89ba4[DeliverActivity]: ViewPostImeInputStage processPointer 1
06-13 16:43:27.048 22832 22832 D ScrollView: initGoToTop
06-13 16:43:27.083 22832 22832 D ScrollView: onsize change changed
06-13 16:43:27.390 22832 22832 D TextView: SYANI: Clipboard API is calling: clearFilter()
06-13 16:43:27.390 22832 22832 D TextView: SYANI: Clipboard API is calling: unregisterClipboardEventListener()
06-13 16:43:27.393 22832 22832 D TextView: SYANI: Clipboard API is calling: clearFilter()
06-13 16:43:27.393 22832 22832 D TextView: SYANI: Clipboard API is calling: unregisterClipboardEventListener()
06-13 16:43:27.396 22832 22832 D TextView: SYANI: Clipboard API is calling: clearFilter()
06-13 16:43:27.396 22832 22832 D TextView: SYANI: Clipboard API is calling: unregisterClipboardEventListener()
06-13 16:43:28.200 22832 22832 D ViewRootImpl@9c89ba4[DeliverActivity]: ViewPostImeInputStage processPointer 0
06-13 16:43:28.281 22832 22832 D ViewRootImpl@9c89ba4[DeliverActivity]: ViewPostImeInputStage processPointer 1
06-13 16:43:29.242 22832 22832 D ViewRootImpl@9c89ba4[DeliverActivity]: ViewPostImeInputStage processPointer 0
06-13 16:43:29.291 22832 22832 D ViewRootImpl@9c89ba4[DeliverActivity]: ViewPostImeInputStage processPointer 1
06-13 16:43:29.301 22832 22832 V InputMethodManager: Starting input: tba=android.view.inputmethod.EditorInfo@c4dfae9 nm : cz.gienger.mobile ic=com.android.internal.widget.EditableInputConnection@8dd036e
06-13 16:43:29.301 22832 22832 I InputMethodManager: startInputInner - mService.startInputOrWindowGainedFocus
06-13 16:43:29.304 22832 22832 D InputTransport: Input channel constructed: fd=71
06-13 16:43:29.304 22832 22832 D InputTransport: Input channel destroyed: fd=67
06-13 16:43:29.305 22832 22832 D InputMethodManager: SSI - flag : 0 Pid : 22832 view : cz.gienger.mobile
06-13 16:43:29.629 22832 22832 D ViewRootImpl@9c89ba4[DeliverActivity]: MSG_RESIZED: frame=Rect(0, 0 - 768, 1024) ci=Rect(0, 24 - 0, 359) vi=Rect(0, 24 - 0, 359) or=1
06-13 16:43:29.652 22832 22832 D ViewRootImpl@9c89ba4[DeliverActivity]: Relayout returned: oldFrame=[0,0][768,1024] newFrame=[0,0][768,1024] result=0x1 surface={isValid=true -1800808448} surfaceGenerationChanged=false
06-13 16:43:29.655 22832 22832 D ScrollView: onsize change changed
06-13 16:43:31.840 22832 22832 D ViewRootImpl@9c89ba4[DeliverActivity]: ViewPostImeInputStage processPointer 0
06-13 16:43:31.914 22832 22832 D ViewRootImpl@9c89ba4[DeliverActivity]: ViewPostImeInputStage processPointer 1
06-13 16:43:31.927 22832 22832 V InputMethodManager: Starting input: tba=android.view.inputmethod.EditorInfo@b890cd2 nm : cz.gienger.mobile ic=com.android.internal.widget.EditableInputConnection@7aea1a3
06-13 16:43:31.927 22832 22832 I InputMethodManager: startInputInner - mService.startInputOrWindowGainedFocus
06-13 16:43:31.929 22832 22832 D InputTransport: Input channel constructed: fd=67
06-13 16:43:31.929 22832 22832 D InputTransport: Input channel destroyed: fd=71
06-13 16:43:31.929 22832 22832 D InputMethodManager: SSI - flag : 0 Pid : 22832 view : cz.gienger.mobile
06-13 16:43:31.934 22832 22832 W IInputConnectionWrapper: finishComposingText on inactive InputConnection
06-13 16:43:33.512 22832 22832 D ViewRootImpl@9c89ba4[DeliverActivity]: ViewPostImeInputStage processPointer 0
06-13 16:43:33.582 22832 22832 D ViewRootImpl@9c89ba4[DeliverActivity]: ViewPostImeInputStage processPointer 1
06-13 16:43:33.594 22832 22832 V InputMethodManager: Starting input: tba=android.view.inputmethod.EditorInfo@effb4ff nm : cz.gienger.mobile ic=com.android.internal.widget.EditableInputConnection@83ff2cc
06-13 16:43:33.594 22832 22832 I InputMethodManager: startInputInner - mService.startInputOrWindowGainedFocus
06-13 16:43:33.597 22832 22832 D InputTransport: Input channel constructed: fd=71
06-13 16:43:33.597 22832 22832 D InputTransport: Input channel destroyed: fd=67
06-13 16:43:33.597 22832 22832 D InputMethodManager: SSI - flag : 0 Pid : 22832 view : cz.gienger.mobile
06-13 16:43:33.602 22832 22832 W IInputConnectionWrapper: finishComposingText on inactive InputConnection
06-13 16:43:35.233 22832 22832 D ViewRootImpl@9c89ba4[DeliverActivity]: ViewPostImeInputStage processPointer 0
06-13 16:43:35.290 22832 22832 D ViewRootImpl@9c89ba4[DeliverActivity]: ViewPostImeInputStage processPointer 1
06-13 16:43:35.600 22832 22832 D ViewRootImpl@9c89ba4[DeliverActivity]: ViewPostImeInputStage processPointer 0
06-13 16:43:35.673 22832 22832 D ViewRootImpl@9c89ba4[DeliverActivity]: ViewPostImeInputStage processPointer 1
06-13 16:43:37.739 22832 22832 D ViewRootImpl@9c89ba4[DeliverActivity]: ViewPostImeInputStage processPointer 0
06-13 16:43:37.774 22832 22832 D ViewRootImpl@9c89ba4[DeliverActivity]: ViewPostImeInputStage processPointer 1
06-13 16:43:37.805 22832 22832 D ScrollView: initGoToTop
06-13 16:43:37.810 22832 22832 D ScrollView: initGoToTop
06-13 16:43:37.818 22832 22832 D ViewRootImpl@ef00fbd[DeliverActivity]: ThreadedRenderer.create() translucent=true
06-13 16:43:37.825 22832 22832 D InputTransport: Input channel constructed: fd=67
06-13 16:43:37.825 22832 22832 D ViewRootImpl@ef00fbd[DeliverActivity]: setView = DecorView@a3079b2[DeliverActivity] touchMode=true
06-13 16:43:37.831 22832 22832 D ViewRootImpl@ef00fbd[DeliverActivity]: dispatchAttachedToWindow
06-13 16:43:37.866 22832 22832 D ViewRootImpl@ef00fbd[DeliverActivity]: Relayout returned: oldFrame=[0,0][0,0] newFrame=[108,466][660,582] result=0x27 surface={isValid=true -1824606208} surfaceGenerationChanged=true
06-13 16:43:37.866 22832 22832 D ViewRootImpl@ef00fbd[DeliverActivity]: mHardwareRenderer.initialize() mSurface={isValid=true -1824606208} hwInitialized=true
06-13 16:43:37.882 22832 22855 W art : Clearing bad or obsolete profile data from file /data/misc/profiles/cur/0/cz.gienger.mobile/primary.prof: Profile EOF reached prematurely for ReadProfileHeader
06-13 16:43:37.891 22832 22832 D ViewRootImpl@ef00fbd[DeliverActivity]: MSG_WINDOW_FOCUS_CHANGED 1
06-13 16:43:37.892 22832 22832 D ViewRootImpl@ef00fbd[DeliverActivity]: mHardwareRenderer.initializeIfNeeded()#2 mSurface={isValid=true -1824606208}
06-13 16:43:37.907 22832 22832 D ViewRootImpl@ef00fbd[DeliverActivity]: MSG_RESIZED_REPORT: frame=Rect(108, 466 - 660, 582) ci=Rect(0, 0 - 0, 0) vi=Rect(0, 0 - 0, 0) or=1
06-13 16:43:37.939 22832 22832 D ViewRootImpl@9c89ba4[DeliverActivity]: MSG_WINDOW_FOCUS_CHANGED 0
06-13 16:43:37.995 22832 22845 I art : Background sticky concurrent mark sweep GC freed 174207(7MB) AllocSpace objects, 26(568KB) LOS objects, 6% free, 17MB/19MB, paused 1.438ms total 103.770ms
06-13 16:43:38.529 22832 22845 I art : Background partial concurrent mark sweep GC freed 252266(8MB) AllocSpace objects, 2(52KB) LOS objects, 49% free, 12MB/24MB, paused 1.072ms total 140.289ms
06-13 16:43:40.378 22832 22832 D ViewRootImpl@ef00fbd[DeliverActivity]: mHardwareRenderer.destroy()#4
06-13 16:43:40.378 22832 22832 D ViewRootImpl@ef00fbd[DeliverActivity]: dispatchDetachedFromWindow
06-13 16:43:40.393 22832 22832 D InputTransport: Input channel destroyed: fd=67
06-13 16:43:40.394 22832 22832 D SIGN_URI: file:///storage/emulated/0/130AT1190319527.pdf
06-13 16:43:40.449 22832 22832 D ViewRootImpl@9c89ba4[DeliverActivity]: MSG_WINDOW_FOCUS_CHANGED 1
06-13 16:43:40.450 22832 22832 D ViewRootImpl@9c89ba4[DeliverActivity]: mHardwareRenderer.initializeIfNeeded()#2 mSurface={isValid=true -1800808448}
06-13 16:43:40.488 22832 22832 E ViewRootImpl: sendUserActionEvent() returned.
06-13 16:43:40.525 22832 22832 D ViewRootImpl@9c89ba4[DeliverActivity]: MSG_WINDOW_FOCUS_CHANGED 0
06-13 16:43:40.605 22832 22832 D ViewRootImpl@9c89ba4[DeliverActivity]: mHardwareRenderer.destroy()#1
06-13 16:43:40.624 22832 22832 D ViewRootImpl@9c89ba4[DeliverActivity]: Relayout returned: oldFrame=[0,0][768,1024] newFrame=[0,0][768,1024] result=0x5 surface={isValid=false 0} surfaceGenerationChanged=true
06-13 16:43:42.470 22832 22832 D InputTransport: Input channel destroyed: fd=71
06-13 16:43:42.490 22832 22832 W IInputConnectionWrapper: finishComposingText on inactive InputConnection
06-13 16:43:42.521 22832 22832 W IInputConnectionWrapper: reportFullscreenMode on inexistent InputConnection
06-13 16:43:42.521 22832 22832 W IInputConnectionWrapper: finishComposingText on inactive InputConnection
06-13 16:44:11.591 22832 22832 D Graph : removeVertex() : insertDummyVertex, because there is no ancestor.
06-13 16:44:11.628 22832 22832 D ViewRootImpl@623bd18[PdfArchiveActivity]: ThreadedRenderer.create() translucent=true
06-13 16:44:11.631 22832 22832 D InputTransport: Input channel constructed: fd=61
06-13 16:44:11.631 22832 22832 D ViewRootImpl@623bd18[PdfArchiveActivity]: setView = DecorView@9650371[PdfArchiveActivity] touchMode=true
06-13 16:44:11.634 22832 22832 D ViewRootImpl@623bd18[PdfArchiveActivity]: dispatchAttachedToWindow
06-13 16:44:11.659 22832 22832 D ViewRootImpl@623bd18[PdfArchiveActivity]: Relayout returned: oldFrame=[0,0][0,0] newFrame=[241,456][527,568] result=0x27 surface={isValid=true -1818497024} surfaceGenerationChanged=true
06-13 16:44:11.659 22832 22832 D ViewRootImpl@623bd18[PdfArchiveActivity]: mHardwareRenderer.initialize() mSurface={isValid=true -1818497024} hwInitialized=true
06-13 16:44:11.662 22832 22832 D ViewRootImpl@623bd18[PdfArchiveActivity]: MSG_RESIZED_REPORT: frame=Rect(241, 456 - 527, 568) ci=Rect(0, 0 - 0, 0) vi=Rect(0, 0 - 0, 0) or=1
06-13 16:44:11.662 22832 22832 D ViewRootImpl@623bd18[PdfArchiveActivity]: MSG_WINDOW_FOCUS_CHANGED 1
06-13 16:44:11.662 22832 22832 D ViewRootImpl@623bd18[PdfArchiveActivity]: mHardwareRenderer.initializeIfNeeded()#2 mSurface={isValid=true -1818497024}
06-13 16:44:11.662 22832 22832 V InputMethodManager: Starting input: tba=android.view.inputmethod.EditorInfo@1751556 nm : cz.gienger.mobile ic=null
06-13 16:44:11.663 22832 22832 I InputMethodManager: startInputInner - mService.startInputOrWindowGainedFocus
06-13 16:44:11.664 22832 22832 D InputTransport: Input channel constructed: fd=67
06-13 16:44:12.769 22832 22832 D ViewRootImpl@623bd18[PdfArchiveActivity]: mHardwareRenderer.destroy()#1
06-13 16:44:12.780 22832 22832 D ViewRootImpl@623bd18[PdfArchiveActivity]: Relayout returned: oldFrame=[241,456][527,568] newFrame=[241,456][527,568] result=0x5 surface={isValid=false 0} surfaceGenerationChanged=true
06-13 16:44:12.780 22832 22832 D ViewRootImpl@623bd18[PdfArchiveActivity]: MSG_WINDOW_FOCUS_CHANGED 0
06-13 16:44:12.812 22832 22832 D SIGNOSIGN_SIGNED: signed
06-13 16:44:12.815 22832 22832 D ViewRootImpl@9c89ba4[DeliverActivity]: mHardwareRenderer.destroy()#1
06-13 16:44:12.824 22832 22832 D ViewRootImpl@9c89ba4[DeliverActivity]: Relayout returned: oldFrame=[0,0][768,1024] newFrame=[0,0][768,1024] result=0x1 surface={isValid=false 0} surfaceGenerationChanged=false
06-13 16:44:12.829 22832 22832 D InputTransport: Input channel destroyed: fd=67
06-13 16:44:12.849 22832 1743 D MESSAGE_SERVICE: ACTION_COMPRESS_AND_UPLOAD
06-13 16:44:13.059 22832 22832 D ViewRootImpl@5cc9a00[MainActivity]: Relayout returned: oldFrame=[0,0][768,1024] newFrame=[0,0][768,1024] result=0x7 surface={isValid=true -1818458112} surfaceGenerationChanged=true
06-13 16:44:13.060 22832 22832 D ViewRootImpl@5cc9a00[MainActivity]: mHardwareRenderer.initialize() mSurface={isValid=true -1818458112} hwInitialized=true
06-13 16:44:13.113 22832 22832 D AbsListView: in onLayout changed
06-13 16:44:13.133 22832 22832 D ViewRootImpl@5cc9a00[MainActivity]: MSG_WINDOW_FOCUS_CHANGED 1
06-13 16:44:13.133 22832 22832 D ViewRootImpl@5cc9a00[MainActivity]: mHardwareRenderer.initializeIfNeeded()#2 mSurface={isValid=true -1818458112}
06-13 16:44:13.135 22832 22832 V InputMethodManager: Starting input: tba=android.view.inputmethod.EditorInfo@d09474c nm : cz.gienger.mobile ic=null
06-13 16:44:13.135 22832 22832 I InputMethodManager: startInputInner - mService.startInputOrWindowGainedFocus
06-13 16:44:13.157 22832 22832 D InputTransport: Input channel constructed: fd=70
06-13 16:44:13.201 22832 22832 D ViewRootImpl@9c89ba4[DeliverActivity]: mHardwareRenderer.destroy()#1
06-13 16:44:13.209 22832 22832 D ViewRootImpl@9c89ba4[DeliverActivity]: Relayout returned: oldFrame=[0,0][768,1024] newFrame=[0,0][768,1024] result=0x1 surface={isValid=false 0} surfaceGenerationChanged=false
06-13 16:44:13.598 22832 1743 D FILE_MANAGER: Serializing delivery /data/user/0/cz.gienger.mobile/files/finished/130AT1190319527/130AT1190319527.xml
06-13 16:44:13.599 22832 1743 D FILE_MANAGER: Null files:
06-13 16:44:13.805 22832 1743 D MYINTERCEPTOR: /GiengerService.svc/sendorder
06-13 16:44:13.806 22832 1743 D OkHttp : --> POST https://testsaig1.gienger.cz/GiengerService.svc/sendorder http/1.1
06-13 16:44:13.806 22832 1743 D OkHttp : Content-Type: text/raw
06-13 16:44:13.806 22832 1743 D OkHttp : Content-Length: 233917
06-13 16:44:13.806 22832 1743 D OkHttp : filename: 130AT1190319527.xml
06-13 16:44:13.806 22832 1743 D OkHttp : Checksum: 91116581d317fce3355ae1bc124ceba8
06-13 16:44:13.806 22832 1743 D OkHttp : token: f0323d10b7111cce7f3c7f59236b87e2
06-13 16:44:13.806 22832 1743 D OkHttp : --> END POST
06-13 16:44:15.080 22832 1743 D OkHttp : <-- 200 https://testsaig1.gienger.cz/GiengerService.svc/sendorder (1273ms)
06-13 16:44:15.080 22832 1743 D OkHttp : content-type: application/xml; charset=utf-8
06-13 16:44:15.080 22832 1743 D OkHttp : server: Microsoft-IIS/10.0
06-13 16:44:15.080 22832 1743 D OkHttp : x-powered-by: ASP.NET
06-13 16:44:15.080 22832 1743 D OkHttp : date: Thu, 13 Jun 2019 14:44:14 GMT
06-13 16:44:15.080 22832 1743 D OkHttp : content-length: 175
06-13 16:44:15.080 22832 1743 D OkHttp : <-- END HTTP
06-13 16:44:15.083 22832 1743 D sendOrder_SUCCESS: 200
06-13 16:44:15.319 22832 22832 D AbsListView: in onLayout changed
06-13 16:44:15.351 22832 22832 D TextView: SYANI: Clipboard API is calling: clearFilter()
06-13 16:44:15.352 22832 22832 D TextView: SYANI: Clipboard API is calling: unregisterClipboardEventListener()
06-13 16:44:15.353 22832 22832 D TextView: SYANI: Clipboard API is calling: clearFilter()
06-13 16:44:15.353 22832 22832 D TextView: SYANI: Clipboard API is calling: unregisterClipboardEventListener()
06-13 16:44:15.354 22832 22832 D TextView: SYANI: Clipboard API is calling: clearFilter()
06-13 16:44:15.354 22832 22832 D TextView: SYANI: Clipboard API is calling: unregisterClipboardEventListener()
06-13 16:44:15.376 22832 22832 D ViewRootImpl@9c89ba4[DeliverActivity]: mHardwareRenderer.destroy()#4
06-13 16:44:15.376 22832 22832 D ViewRootImpl@9c89ba4[DeliverActivity]: dispatchDetachedFromWindow
06-13 16:44:15.389 22832 22832 D InputTransport: Input channel destroyed: fd=66
06-13 16:44:15.397 22832 22832 D ViewRootImpl@623bd18[PdfArchiveActivity]: mHardwareRenderer.destroy()#4
06-13 16:44:15.397 22832 22832 D ViewRootImpl@623bd18[PdfArchiveActivity]: dispatchDetachedFromWindow
06-13 16:44:15.413 22832 22832 D InputTransport: Input channel destroyed: fd=61
06-13 16:44:15.413 22832 22832 D LOCATION_SERVICE: onDestroy
06-13 16:44:22.771 22832 22832 D ViewRootImpl: updatePointerIcon pointerType = 20001, calling pid = 22832
06-13 16:44:22.771 22832 22832 D InputManager: setPointerIconType iconId = 20001, callingPid = 22832
06-13 16:44:22.773 22832 22832 D ViewRootImpl: updatePointerIcon pointerType = 20001, calling pid = 22832
06-13 16:44:22.773 22832 22832 D InputManager: setPointerIconType iconId = 20001, callingPid = 22832
06-13 16:44:22.931 22832 22832 D ViewRootImpl@5cc9a00[MainActivity]: ViewPostImeInputStage processPointer 0
06-13 16:44:22.932 22832 22832 D ViewRootImpl: updatePointerIcon pointerType = 20001, calling pid = 22832
06-13 16:44:22.933 22832 22832 D InputManager: setPointerIconType iconId = 20001, callingPid = 22832
06-13 16:44:22.974 22832 22832 D ViewRootImpl@5cc9a00[MainActivity]: ViewPostImeInputStage processPointer 1
06-13 16:44:22.981 22832 22832 D ViewRootImpl: updatePointerIcon pointerType = 20001, calling pid = 22832
06-13 16:44:22.981 22832 22832 D InputManager: setPointerIconType iconId = 20001, callingPid = 22832
06-13 16:44:22.982 22832 22832 D ViewRootImpl: updatePointerIcon pointerType = 20001, calling pid = 22832
06-13 16:44:22.982 22832 22832 D InputManager: setPointerIconType iconId = 20001, callingPid = 22832
06-13 16:44:23.029 22832 22832 D ViewRootImpl@5cc9a00[MainActivity]: MSG_WINDOW_FOCUS_CHANGED 0
06-13 16:44:23.105 22832 22832 D ViewRootImpl@1907d39[LogcatActivity]: ThreadedRenderer.create() translucent=true
06-13 16:44:23.109 22832 22832 D InputTransport: Input channel constructed: fd=67
06-13 16:44:23.109 22832 22832 D ViewRootImpl@1907d39[LogcatActivity]: setView = DecorView@385bcdf[LogcatActivity] touchMode=true
06-13 16:44:23.115 22832 22832 D ViewRootImpl@1907d39[LogcatActivity]: dispatchAttachedToWindow
06-13 16:44:23.153 22832 22832 D ViewRootImpl@1907d39[LogcatActivity]: Relayout returned: oldFrame=[0,0][0,0] newFrame=[237,468][531,580] result=0x27 surface={isValid=true -1873201152} surfaceGenerationChanged=true
06-13 16:44:23.153 22832 22832 D ViewRootImpl@1907d39[LogcatActivity]: mHardwareRenderer.initialize() mSurface={isValid=true -1873201152} hwInitialized=true --------- beginning of system
06-13 16:44:23.162 22832 22832 D ViewRootImpl@1907d39[LogcatActivity]: updatePointerIcon called with position out of bounds
06-13 16:44:23.168 22832 22832 D ViewRootImpl@1907d39[LogcatActivity]: updatePointerIcon called with position out of bounds
06-13 16:44:23.179 22832 22832 D ViewRootImpl@1907d39[LogcatActivity]: MSG_RESIZED_REPORT: frame=Rect(237, 468 - 531, 580) ci=Rect(0, 0 - 0, 0) vi=Rect(0, 0 - 0, 0) or=1
06-13 16:44:23.179 22832 22832 D ViewRootImpl@1907d39[LogcatActivity]: MSG_WINDOW_FOCUS_CHANGED 1
06-13 16:44:23.179 22832 22832 D ViewRootImpl@1907d39[LogcatActivity]: mHardwareRenderer.initializeIfNeeded()#2 mSurface={isValid=true -1873201152}
06-13 16:44:23.180 22832 22832 V InputMethodManager: Starting input: tba=android.view.inputmethod.EditorInfo@624242e nm : cz.gienger.mobile ic=null
06-13 16:44:23.180 22832 22832 I InputMethodManager: startInputInner - mService.startInputOrWindowGainedFocus
06-13 16:44:23.194 22832 22832 D InputTransport: Input channel constructed: fd=69
06-13 16:44:23.194 22832 22832 D InputTransport: Input channel destroyed: fd=70
06-13 16:44:23.194 22832 22832 D ViewRootImpl@1907d39[LogcatActivity]: updatePointerIcon called with position out of bounds