06-13 14:16:50.001 22832 22832 D LOCATION_SERVICE: LocationListener gps
06-13 14:16:50.002 22832 22832 D LOCATION_SERVICE: LocationListener network
06-13 14:16:50.003 22832 22832 D LOCATION_SERVICE: onCreate
06-13 14:16:50.004 22832 22832 D LOCATION_SERVICE: initializeLocationManager
06-13 14:16:50.016 22832 22832 D LOCATION_SERVICE: onStartCommand
06-13 14:16:50.080 22832 22832 D ViewRootImpl@aaba5d4[CancelDeliveryActivity]: MSG_RESIZED_REPORT: frame=Rect(0, 0 - 768, 1024) ci=Rect(0, 24 - 0, 0) vi=Rect(0, 24 - 0, 0) or=1
06-13 14:16:50.080 22832 22832 D ViewRootImpl@aaba5d4[CancelDeliveryActivity]: MSG_WINDOW_FOCUS_CHANGED 1
06-13 14:16:50.080 22832 22832 D ViewRootImpl@aaba5d4[CancelDeliveryActivity]: mHardwareRenderer.initializeIfNeeded()#2 mSurface={isValid=true -1824815104}
06-13 14:16:50.086 22832 22832 V InputMethodManager: Starting input: tba=android.view.inputmethod.EditorInfo@cdb4258 nm : cz.gienger.mobile ic=null
06-13 14:16:50.086 22832 22832 I InputMethodManager: startInputInner - mService.startInputOrWindowGainedFocus
06-13 14:16:50.096 22832 22832 D InputTransport: Input channel constructed: fd=73
06-13 14:16:50.096 22832 22832 D InputTransport: Input channel destroyed: fd=76
06-13 14:16:50.186 22832 22878 D OpenGLRenderer: endAllActiveAnimators on 0x93383700 (RippleDrawable) with handle 0x92fa2d00
06-13 14:16:50.186 22832 22832 D ViewRootImpl@9d06251[MainActivity]: mHardwareRenderer.destroy()#1
06-13 14:16:50.195 22832 22832 D ViewRootImpl@9d06251[MainActivity]: Relayout returned: oldFrame=[0,0][768,1024] newFrame=[0,0][768,1024] result=0x5 surface={isValid=false 0} surfaceGenerationChanged=true
06-13 14:16:50.543 22832 22832 D ViewRootImpl@9d06251[MainActivity]: Relayout returned: oldFrame=[0,0][768,1024] newFrame=[0,0][768,1024] result=0x5 surface={isValid=false 0} surfaceGenerationChanged=false
06-13 14:16:50.818 22832 22832 D ViewRootImpl@aaba5d4[CancelDeliveryActivity]: ViewPostImeInputStage processPointer 0
06-13 14:16:50.879 22832 22832 D ViewRootImpl@aaba5d4[CancelDeliveryActivity]: ViewPostImeInputStage processPointer 1
06-13 14:16:51.501 22832 22832 D ViewRootImpl@aaba5d4[CancelDeliveryActivity]: ViewPostImeInputStage processPointer 0
06-13 14:16:51.574 22832 22832 D ViewRootImpl@aaba5d4[CancelDeliveryActivity]: ViewPostImeInputStage processPointer 1
06-13 14:16:51.599 22832 22832 D UNDELIVERED: Reason ID = 9, Comment =
06-13 14:16:51.682 22832 22832 D ViewRootImpl@aaba5d4[CancelDeliveryActivity]: MSG_WINDOW_FOCUS_CHANGED 0
06-13 14:16:51.686 22832 26086 D MESSAGE_SERVICE: ACTION_COMPRESS_AND_UPLOAD
06-13 14:16:51.734 22832 22832 D ViewRootImpl@9d06251[MainActivity]: mHardwareRenderer.destroy()#4
06-13 14:16:51.734 22832 22832 D ViewRootImpl@9d06251[MainActivity]: dispatchDetachedFromWindow
06-13 14:16:51.743 22832 22832 D InputTransport: Input channel destroyed: fd=79
06-13 14:16:52.001 22832 22832 D ViewRootImpl@812ad24[MainActivity]: ThreadedRenderer.create() translucent=false
06-13 14:16:52.004 22832 22832 D InputTransport: Input channel constructed: fd=74
06-13 14:16:52.004 22832 22832 D ViewRootImpl@812ad24[MainActivity]: setView = DecorView@e8ce08d[MainActivity] touchMode=true
06-13 14:16:52.018 22832 22878 D OpenGLRenderer: endAllActiveAnimators on 0x93a96d00 (RippleDrawable) with handle 0x93a49ce0
06-13 14:16:52.018 22832 22832 D ViewRootImpl@aaba5d4[CancelDeliveryActivity]: mHardwareRenderer.destroy()#1
06-13 14:16:52.028 22832 22832 D ViewRootImpl@aaba5d4[CancelDeliveryActivity]: Relayout returned: oldFrame=[0,0][768,1024] newFrame=[0,0][768,1024] result=0x5 surface={isValid=false 0} surfaceGenerationChanged=true
06-13 14:16:52.029 22832 22832 D ViewRootImpl@812ad24[MainActivity]: dispatchAttachedToWindow
06-13 14:16:52.078 22832 22832 D ViewRootImpl@812ad24[MainActivity]: Relayout returned: oldFrame=[0,0][0,0] newFrame=[0,0][768,1024] result=0x7 surface={isValid=true -1853816832} surfaceGenerationChanged=true
06-13 14:16:52.078 22832 22832 D ViewRootImpl@812ad24[MainActivity]: mHardwareRenderer.initialize() mSurface={isValid=true -1853816832} hwInitialized=true
06-13 14:16:52.154 22832 22832 D AbsListView: in onLayout changed
06-13 14:16:52.211 22832 22832 D ViewRootImpl@812ad24[MainActivity]: MSG_RESIZED_REPORT: frame=Rect(0, 0 - 768, 1024) ci=Rect(0, 24 - 0, 0) vi=Rect(0, 24 - 0, 0) or=1
06-13 14:16:52.211 22832 22832 D ViewRootImpl@812ad24[MainActivity]: MSG_WINDOW_FOCUS_CHANGED 1
06-13 14:16:52.211 22832 22832 D ViewRootImpl@812ad24[MainActivity]: mHardwareRenderer.initializeIfNeeded()#2 mSurface={isValid=true -1853816832}
06-13 14:16:52.213 22832 22832 V InputMethodManager: Starting input: tba=android.view.inputmethod.EditorInfo@5db1ab0 nm : cz.gienger.mobile ic=null
06-13 14:16:52.213 22832 22832 I InputMethodManager: startInputInner - mService.startInputOrWindowGainedFocus
06-13 14:16:52.220 22832 22832 D InputTransport: Input channel constructed: fd=66
06-13 14:16:52.220 22832 22832 D InputTransport: Input channel destroyed: fd=73
06-13 14:16:52.415 22832 26086 D FILE_MANAGER: Serializing delivery /data/user/0/cz.gienger.mobile/files/finished/130AT1193507418/130AT1193507418.xml
06-13 14:16:52.415 22832 26086 D FILE_MANAGER: Null files:
06-13 14:16:52.487 22832 26086 D MYINTERCEPTOR: /GiengerService.svc/sendorder
06-13 14:16:52.488 22832 26086 D OkHttp : --> POST https://testsaig1.gienger.cz/GiengerService.svc/sendorder http/1.1
06-13 14:16:52.488 22832 26086 D OkHttp : Content-Type: text/raw
06-13 14:16:52.488 22832 26086 D OkHttp : Content-Length: 3006
06-13 14:16:52.489 22832 26086 D OkHttp : filename: 130AT1193507418.xml
06-13 14:16:52.489 22832 26086 D OkHttp : Checksum: b48a501d28bb50b07a35731f1d49ad30
06-13 14:16:52.489 22832 26086 D OkHttp : token: f4c643afb8a3b02eb9ae3a6a61fbdc24
06-13 14:16:52.489 22832 26086 D OkHttp : --> END POST
06-13 14:16:52.994 22832 26086 D OkHttp : <-- 200 https://testsaig1.gienger.cz/GiengerService.svc/sendorder (505ms)
06-13 14:16:52.994 22832 26086 D OkHttp : content-type: application/xml; charset=utf-8
06-13 14:16:52.994 22832 26086 D OkHttp : server: Microsoft-IIS/10.0
06-13 14:16:52.994 22832 26086 D OkHttp : x-powered-by: ASP.NET
06-13 14:16:52.994 22832 26086 D OkHttp : date: Thu, 13 Jun 2019 12:16:52 GMT
06-13 14:16:52.994 22832 26086 D OkHttp : content-length: 175
06-13 14:16:52.994 22832 26086 D OkHttp : <-- END HTTP
06-13 14:16:52.999 22832 26086 D sendOrder_SUCCESS: 200
06-13 14:16:53.052 22832 26086 D MESSAGE_SERVICE: ACTION_RESEND_ORDERS
06-13 14:16:53.386 22832 22832 D AbsListView: in onLayout changed
06-13 14:16:53.398 22832 22832 D ViewRootImpl@812ad24[MainActivity]: ViewPostImeInputStage processPointer 0
06-13 14:16:53.400 22832 22832 D ViewRootImpl@812ad24[MainActivity]: ViewPostImeInputStage processPointer 1
06-13 14:16:53.691 22832 22832 D AbsListView: in onLayout changed
06-13 14:16:53.755 22832 22832 D TextView: SYANI: Clipboard API is calling: clearFilter()
06-13 14:16:53.755 22832 22832 D TextView: SYANI: Clipboard API is calling: unregisterClipboardEventListener()
06-13 14:16:53.764 22832 22832 D ViewRootImpl@aaba5d4[CancelDeliveryActivity]: mHardwareRenderer.destroy()#4
06-13 14:16:53.764 22832 22832 D ViewRootImpl@aaba5d4[CancelDeliveryActivity]: dispatchDetachedFromWindow
06-13 14:16:53.771 22832 22832 D InputTransport: Input channel destroyed: fd=64
06-13 14:16:53.772 22832 22832 D LOCATION_SERVICE: onDestroy
06-13 14:16:54.337 22832 22832 D ViewRootImpl@812ad24[MainActivity]: ViewPostImeInputStage processPointer 0
06-13 14:16:54.382 22832 22832 D ViewRootImpl@812ad24[MainActivity]: ViewPostImeInputStage processPointer 1
06-13 14:16:54.401 22832 22832 D item_click: viewId = 2131820758, position = 12
06-13 14:16:54.448 22832 22832 D ViewRootImpl@812ad24[MainActivity]: MSG_WINDOW_FOCUS_CHANGED 0
06-13 14:16:54.500 22832 22832 D ScrollView: initGoToTop
06-13 14:16:54.567 22832 22832 D ViewRootImpl@78a32d1[CancelDeliveryActivity]: ThreadedRenderer.create() translucent=false
06-13 14:16:54.571 22832 22832 D InputTransport: Input channel constructed: fd=63
06-13 14:16:54.571 22832 22832 D ViewRootImpl@78a32d1[CancelDeliveryActivity]: setView = DecorView@ff98136[CancelDeliveryActivity] touchMode=true
06-13 14:16:54.573 22832 22832 D LOCATION_SERVICE: LocationListener gps
06-13 14:16:54.573 22832 22832 D LOCATION_SERVICE: LocationListener network
06-13 14:16:54.574 22832 22832 D LOCATION_SERVICE: onCreate
06-13 14:16:54.574 22832 22832 D LOCATION_SERVICE: initializeLocationManager
06-13 14:16:54.585 22832 22832 D LOCATION_SERVICE: onStartCommand
06-13 14:16:54.593 22832 22832 D ViewRootImpl@78a32d1[CancelDeliveryActivity]: dispatchAttachedToWindow
06-13 14:16:54.636 22832 22832 D ViewRootImpl@78a32d1[CancelDeliveryActivity]: Relayout returned: oldFrame=[0,0][0,0] newFrame=[0,0][768,1024] result=0x27 surface={isValid=true -1818472448} surfaceGenerationChanged=true
06-13 14:16:54.636 22832 22832 D ViewRootImpl@78a32d1[CancelDeliveryActivity]: mHardwareRenderer.initialize() mSurface={isValid=true -1818472448} hwInitialized=true
06-13 14:16:54.643 22832 22832 D ScrollView: onsize change changed
06-13 14:16:54.699 22832 22832 D ViewRootImpl@78a32d1[CancelDeliveryActivity]: MSG_RESIZED_REPORT: frame=Rect(0, 0 - 768, 1024) ci=Rect(0, 24 - 0, 0) vi=Rect(0, 24 - 0, 0) or=1
06-13 14:16:54.699 22832 22832 D ViewRootImpl@78a32d1[CancelDeliveryActivity]: MSG_WINDOW_FOCUS_CHANGED 1
06-13 14:16:54.699 22832 22832 D ViewRootImpl@78a32d1[CancelDeliveryActivity]: mHardwareRenderer.initializeIfNeeded()#2 mSurface={isValid=true -1818472448}
06-13 14:16:54.704 22832 22832 V InputMethodManager: Starting input: tba=android.view.inputmethod.EditorInfo@c4aaec5 nm : cz.gienger.mobile ic=null
06-13 14:16:54.704 22832 22832 I InputMethodManager: startInputInner - mService.startInputOrWindowGainedFocus
06-13 14:16:54.715 22832 22832 D InputTransport: Input channel constructed: fd=64
06-13 14:16:54.715 22832 22832 D InputTransport: Input channel destroyed: fd=66
06-13 14:16:54.774 22832 22878 D OpenGLRenderer: endAllActiveAnimators on 0x944e7300 (RippleDrawable) with handle 0x941e7300
06-13 14:16:54.774 22832 22832 D ViewRootImpl@812ad24[MainActivity]: mHardwareRenderer.destroy()#1
06-13 14:16:54.787 22832 22832 D ViewRootImpl@812ad24[MainActivity]: Relayout returned: oldFrame=[0,0][768,1024] newFrame=[0,0][768,1024] result=0x5 surface={isValid=false 0} surfaceGenerationChanged=true
06-13 14:16:55.160 22832 22832 D ViewRootImpl@812ad24[MainActivity]: Relayout returned: oldFrame=[0,0][768,1024] newFrame=[0,0][768,1024] result=0x5 surface={isValid=false 0} surfaceGenerationChanged=false
06-13 14:16:55.239 22832 22832 D LOCATION_SERVICE: onLocationChanged: Location[network 49,191239,17,534669 acc=21 et=+1d0h31m28s169ms alt=0.0 vel=0.0 bear=0.0 {Bundle[mParcelledData.dataSize=80]}]
06-13 14:16:55.365 22832 22832 D ViewRootImpl@78a32d1[CancelDeliveryActivity]: ViewPostImeInputStage processPointer 0
06-13 14:16:55.437 22832 22832 D ViewRootImpl@78a32d1[CancelDeliveryActivity]: ViewPostImeInputStage processPointer 1
06-13 14:16:56.015 22832 22832 D ViewRootImpl@78a32d1[CancelDeliveryActivity]: ViewPostImeInputStage processPointer 0
06-13 14:16:56.076 22832 22832 D ViewRootImpl@78a32d1[CancelDeliveryActivity]: ViewPostImeInputStage processPointer 1
06-13 14:16:56.095 22832 22832 D UNDELIVERED: Reason ID = 8, Comment =
06-13 14:16:56.223 22832 26093 D MESSAGE_SERVICE: ACTION_COMPRESS_AND_UPLOAD
06-13 14:16:56.223 22832 22832 D ViewRootImpl@78a32d1[CancelDeliveryActivity]: MSG_WINDOW_FOCUS_CHANGED 0
06-13 14:16:56.280 22832 22832 D ViewRootImpl@812ad24[MainActivity]: mHardwareRenderer.destroy()#4
06-13 14:16:56.280 22832 22832 D ViewRootImpl@812ad24[MainActivity]: dispatchDetachedFromWindow
06-13 14:16:56.289 22832 22832 D InputTransport: Input channel destroyed: fd=74
06-13 14:16:56.541 22832 22832 D ViewRootImpl@31c5ae1[MainActivity]: ThreadedRenderer.create() translucent=false
06-13 14:16:56.544 22832 22832 D InputTransport: Input channel constructed: fd=79
06-13 14:16:56.545 22832 22832 D ViewRootImpl@31c5ae1[MainActivity]: setView = DecorView@1c97006[MainActivity] touchMode=true
06-13 14:16:56.559 22832 22878 D OpenGLRenderer: endAllActiveAnimators on 0x949fa800 (RippleDrawable) with handle 0x944d35e0
06-13 14:16:56.559 22832 22832 D ViewRootImpl@78a32d1[CancelDeliveryActivity]: mHardwareRenderer.destroy()#1
06-13 14:16:56.570 22832 22832 D ViewRootImpl@78a32d1[CancelDeliveryActivity]: Relayout returned: oldFrame=[0,0][768,1024] newFrame=[0,0][768,1024] result=0x5 surface={isValid=false 0} surfaceGenerationChanged=true
06-13 14:16:56.571 22832 22832 D ViewRootImpl@31c5ae1[MainActivity]: dispatchAttachedToWindow
06-13 14:16:56.610 22832 22832 D ViewRootImpl@31c5ae1[MainActivity]: Relayout returned: oldFrame=[0,0][0,0] newFrame=[0,0][768,1024] result=0x7 surface={isValid=true -1818472448} surfaceGenerationChanged=true
06-13 14:16:56.611 22832 22832 D ViewRootImpl@31c5ae1[MainActivity]: mHardwareRenderer.initialize() mSurface={isValid=true -1818472448} hwInitialized=true
06-13 14:16:56.685 22832 22832 D AbsListView: in onLayout changed
06-13 14:16:56.757 22832 22832 D ViewRootImpl@31c5ae1[MainActivity]: MSG_RESIZED_REPORT: frame=Rect(0, 0 - 768, 1024) ci=Rect(0, 24 - 0, 0) vi=Rect(0, 24 - 0, 0) or=1
06-13 14:16:56.757 22832 22832 D ViewRootImpl@31c5ae1[MainActivity]: MSG_WINDOW_FOCUS_CHANGED 1
06-13 14:16:56.758 22832 22832 D ViewRootImpl@31c5ae1[MainActivity]: mHardwareRenderer.initializeIfNeeded()#2 mSurface={isValid=true -1818472448}
06-13 14:16:56.760 22832 22832 V InputMethodManager: Starting input: tba=android.view.inputmethod.EditorInfo@10a06bd nm : cz.gienger.mobile ic=null
06-13 14:16:56.760 22832 22832 I InputMethodManager: startInputInner - mService.startInputOrWindowGainedFocus
06-13 14:16:56.769 22832 22832 D InputTransport: Input channel constructed: fd=66
06-13 14:16:56.769 22832 22832 D InputTransport: Input channel destroyed: fd=64
06-13 14:16:56.950 22832 26093 D FILE_MANAGER: Serializing delivery /data/user/0/cz.gienger.mobile/files/finished/130AT1192505415/130AT1192505415.xml
06-13 14:16:56.950 22832 26093 D FILE_MANAGER: Null files:
06-13 14:16:56.996 22832 22855 W art : Clearing bad or obsolete profile data from file /data/misc/profiles/cur/0/cz.gienger.mobile/primary.prof: Profile EOF reached prematurely for ReadProfileHeader
06-13 14:16:57.015 22832 26093 D MYINTERCEPTOR: /GiengerService.svc/sendorder
06-13 14:16:57.016 22832 26093 D OkHttp : --> POST https://testsaig1.gienger.cz/GiengerService.svc/sendorder http/1.1
06-13 14:16:57.016 22832 26093 D OkHttp : Content-Type: text/raw
06-13 14:16:57.016 22832 26093 D OkHttp : Content-Length: 2893
06-13 14:16:57.016 22832 26093 D OkHttp : filename: 130AT1192505415.xml
06-13 14:16:57.016 22832 26093 D OkHttp : Checksum: 10b8f8c675dffde33a985afea2f075b3
06-13 14:16:57.016 22832 26093 D OkHttp : token: f4c643afb8a3b02eb9ae3a6a61fbdc24
06-13 14:16:57.016 22832 26093 D OkHttp : --> END POST
06-13 14:16:57.573 22832 26093 D OkHttp : <-- 200 https://testsaig1.gienger.cz/GiengerService.svc/sendorder (556ms)
06-13 14:16:57.573 22832 26093 D OkHttp : content-type: application/xml; charset=utf-8
06-13 14:16:57.573 22832 26093 D OkHttp : server: Microsoft-IIS/10.0
06-13 14:16:57.573 22832 26093 D OkHttp : x-powered-by: ASP.NET
06-13 14:16:57.573 22832 26093 D OkHttp : date: Thu, 13 Jun 2019 12:16:56 GMT
06-13 14:16:57.573 22832 26093 D OkHttp : content-length: 175
06-13 14:16:57.573 22832 26093 D OkHttp : <-- END HTTP
06-13 14:16:57.578 22832 26093 D sendOrder_SUCCESS: 200
06-13 14:16:57.621 22832 26093 D MESSAGE_SERVICE: ACTION_RESEND_ORDERS
06-13 14:16:57.942 22832 22832 D AbsListView: in onLayout changed
06-13 14:16:58.219 22832 22845 I art : Background partial concurrent mark sweep GC freed 280677(14MB) AllocSpace objects, 16(420KB) LOS objects, 50% free, 11MB/23MB, paused 2.019ms total 194.795ms
06-13 14:16:58.378 22832 22832 D AbsListView: in onLayout changed
06-13 14:16:58.430 22832 22832 D Graph : removeVertex() : insertDummyVertex, because there is no ancestor.
06-13 14:16:58.431 22832 22832 D Graph : removeVertex() : insertDummyVertex, because there is no ancestor.
06-13 14:16:58.431 22832 22832 D Graph : removeVertex() : insertDummyVertex, because there is no ancestor.
06-13 14:16:58.431 22832 22832 D Graph : removeVertex() : insertDummyVertex, because there is no ancestor.
06-13 14:16:58.441 22832 22832 D TextView: SYANI: Clipboard API is calling: clearFilter()
06-13 14:16:58.441 22832 22832 D TextView: SYANI: Clipboard API is calling: unregisterClipboardEventListener()
06-13 14:16:58.451 22832 22832 D ViewRootImpl@78a32d1[CancelDeliveryActivity]: mHardwareRenderer.destroy()#4
06-13 14:16:58.451 22832 22832 D ViewRootImpl@78a32d1[CancelDeliveryActivity]: dispatchDetachedFromWindow
06-13 14:16:58.461 22832 22832 D InputTransport: Input channel destroyed: fd=63
06-13 14:16:58.462 22832 22832 D LOCATION_SERVICE: onDestroy
06-13 14:16:59.021 22832 22832 D ViewRootImpl@31c5ae1[MainActivity]: ViewPostImeInputStage processPointer 0
06-13 14:16:59.054 22832 22832 D AbsListView: reportScrollStateChange() newState : 1
06-13 14:16:59.624 22832 22832 D ViewRootImpl@31c5ae1[MainActivity]: ViewPostImeInputStage processPointer 1
06-13 14:16:59.624 22832 22832 D AbsListView: onTouchUp() mTouchMode : 3
06-13 14:16:59.624 22832 22832 D AbsListView: onTouchUp() TOUCH_MODE_SCROLL initialVelocity : -8
06-13 14:16:59.624 22832 22832 D AbsListView: reportScrollStateChange() newState : 0
06-13 14:17:00.022 22832 22832 D ViewRootImpl@31c5ae1[MainActivity]: ViewPostImeInputStage processPointer 0
06-13 14:17:00.076 22832 22832 D ViewRootImpl@31c5ae1[MainActivity]: ViewPostImeInputStage processPointer 1
06-13 14:17:00.098 22832 22832 D item_click: viewId = 2131820758, position = 13
06-13 14:17:00.170 22832 22832 D ViewRootImpl@31c5ae1[MainActivity]: MSG_WINDOW_FOCUS_CHANGED 0
06-13 14:17:00.259 22832 22832 D ScrollView: initGoToTop
06-13 14:17:00.330 22832 22832 D ViewRootImpl@6945e15[CancelDeliveryActivity]: ThreadedRenderer.create() translucent=false
06-13 14:17:00.334 22832 22832 D InputTransport: Input channel constructed: fd=63
06-13 14:17:00.334 22832 22832 D ViewRootImpl@6945e15[CancelDeliveryActivity]: setView = DecorView@b14a52a[CancelDeliveryActivity] touchMode=true
06-13 14:17:00.340 22832 22832 D ViewRootImpl@6945e15[CancelDeliveryActivity]: dispatchAttachedToWindow
06-13 14:17:00.370 22832 22832 D ViewRootImpl@6945e15[CancelDeliveryActivity]: Relayout returned: oldFrame=[0,0][0,0] newFrame=[0,0][768,1024] result=0x27 surface={isValid=true -1795463168} surfaceGenerationChanged=true
06-13 14:17:00.371 22832 22832 D ViewRootImpl@6945e15[CancelDeliveryActivity]: mHardwareRenderer.initialize() mSurface={isValid=true -1795463168} hwInitialized=true
06-13 14:17:00.381 22832 22832 D ScrollView: onsize change changed
06-13 14:17:00.383 22832 22832 D LOCATION_SERVICE: LocationListener gps
06-13 14:17:00.384 22832 22832 D LOCATION_SERVICE: LocationListener network
06-13 14:17:00.385 22832 22832 D LOCATION_SERVICE: onCreate
06-13 14:17:00.386 22832 22832 D LOCATION_SERVICE: initializeLocationManager
06-13 14:17:00.401 22832 22832 D LOCATION_SERVICE: onStartCommand
06-13 14:17:00.551 22832 22832 D ViewRootImpl@6945e15[CancelDeliveryActivity]: MSG_RESIZED_REPORT: frame=Rect(0, 0 - 768, 1024) ci=Rect(0, 24 - 0, 0) vi=Rect(0, 24 - 0, 0) or=1
06-13 14:17:00.551 22832 22832 D ViewRootImpl@6945e15[CancelDeliveryActivity]: MSG_WINDOW_FOCUS_CHANGED 1
06-13 14:17:00.551 22832 22832 D ViewRootImpl@6945e15[CancelDeliveryActivity]: mHardwareRenderer.initializeIfNeeded()#2 mSurface={isValid=true -1795463168}
06-13 14:17:00.555 22832 22832 V InputMethodManager: Starting input: tba=android.view.inputmethod.EditorInfo@3e5b6c9 nm : cz.gienger.mobile ic=null
06-13 14:17:00.555 22832 22832 I InputMethodManager: startInputInner - mService.startInputOrWindowGainedFocus
06-13 14:17:00.577 22832 22832 D InputTransport: Input channel constructed: fd=78
06-13 14:17:00.577 22832 22832 D InputTransport: Input channel destroyed: fd=66
06-13 14:17:00.637 22832 22878 D OpenGLRenderer: endAllActiveAnimators on 0x91809900 (RippleDrawable) with handle 0x9090aba0
06-13 14:17:00.637 22832 22832 D ViewRootImpl@31c5ae1[MainActivity]: mHardwareRenderer.destroy()#1
06-13 14:17:00.650 22832 22832 D ViewRootImpl@31c5ae1[MainActivity]: Relayout returned: oldFrame=[0,0][768,1024] newFrame=[0,0][768,1024] result=0x5 surface={isValid=false 0} surfaceGenerationChanged=true
06-13 14:17:01.016 22832 22832 D ViewRootImpl@31c5ae1[MainActivity]: Relayout returned: oldFrame=[0,0][768,1024] newFrame=[0,0][768,1024] result=0x5 surface={isValid=false 0} surfaceGenerationChanged=false
06-13 14:17:02.271 22832 22832 D ViewRootImpl@6945e15[CancelDeliveryActivity]: ViewPostImeInputStage processPointer 0
06-13 14:17:02.328 22832 22832 D ViewRootImpl@6945e15[CancelDeliveryActivity]: ViewPostImeInputStage processPointer 1
06-13 14:17:03.050 22832 22832 D ViewRootImpl@6945e15[CancelDeliveryActivity]: ViewPostImeInputStage processPointer 0
06-13 14:17:03.117 22832 22832 D ViewRootImpl@6945e15[CancelDeliveryActivity]: ViewPostImeInputStage processPointer 1
06-13 14:17:03.140 22832 22832 D UNDELIVERED: Reason ID = 10, Comment =
06-13 14:17:03.239 22832 22832 D ViewRootImpl@6945e15[CancelDeliveryActivity]: MSG_WINDOW_FOCUS_CHANGED 0
06-13 14:17:03.242 22832 26105 D MESSAGE_SERVICE: ACTION_COMPRESS_AND_UPLOAD
06-13 14:17:03.290 22832 22832 D ViewRootImpl@31c5ae1[MainActivity]: mHardwareRenderer.destroy()#4
06-13 14:17:03.290 22832 22832 D ViewRootImpl@31c5ae1[MainActivity]: dispatchDetachedFromWindow
06-13 14:17:03.302 22832 22832 D InputTransport: Input channel destroyed: fd=79
06-13 14:17:03.564 22832 22832 D ViewRootImpl@bcb3525[MainActivity]: ThreadedRenderer.create() translucent=false
06-13 14:17:03.569 22832 22832 D InputTransport: Input channel constructed: fd=61
06-13 14:17:03.569 22832 22832 D ViewRootImpl@bcb3525[MainActivity]: setView = DecorView@f5516fa[MainActivity] touchMode=true
06-13 14:17:03.573 22832 22832 D ViewRootImpl@bcb3525[MainActivity]: dispatchAttachedToWindow
06-13 14:17:03.629 22832 22832 D ViewRootImpl@bcb3525[MainActivity]: Relayout returned: oldFrame=[0,0][0,0] newFrame=[0,0][768,1024] result=0x27 surface={isValid=true -1846945792} surfaceGenerationChanged=true
06-13 14:17:03.630 22832 22832 D ViewRootImpl@bcb3525[MainActivity]: mHardwareRenderer.initialize() mSurface={isValid=true -1846945792} hwInitialized=true
06-13 14:17:03.729 22832 22832 D AbsListView: in onLayout changed
06-13 14:17:03.744 22832 22878 D OpenGLRenderer: endAllActiveAnimators on 0x92feae80 (RippleDrawable) with handle 0x9132add0
06-13 14:17:03.744 22832 22832 D ViewRootImpl@6945e15[CancelDeliveryActivity]: mHardwareRenderer.destroy()#1
06-13 14:17:03.755 22832 22832 D ViewRootImpl@6945e15[CancelDeliveryActivity]: Relayout returned: oldFrame=[0,0][768,1024] newFrame=[0,0][768,1024] result=0x5 surface={isValid=false 0} surfaceGenerationChanged=true
06-13 14:17:03.813 22832 22832 D ViewRootImpl@bcb3525[MainActivity]: MSG_RESIZED_REPORT: frame=Rect(0, 0 - 768, 1024) ci=Rect(0, 24 - 0, 0) vi=Rect(0, 24 - 0, 0) or=1
06-13 14:17:03.814 22832 22832 D ViewRootImpl@bcb3525[MainActivity]: MSG_WINDOW_FOCUS_CHANGED 1
06-13 14:17:03.814 22832 22832 D ViewRootImpl@bcb3525[MainActivity]: mHardwareRenderer.initializeIfNeeded()#2 mSurface={isValid=true -1846945792}
06-13 14:17:03.815 22832 22832 V InputMethodManager: Starting input: tba=android.view.inputmethod.EditorInfo@775de28 nm : cz.gienger.mobile ic=null
06-13 14:17:03.815 22832 22832 I InputMethodManager: startInputInner - mService.startInputOrWindowGainedFocus
06-13 14:17:03.823 22832 22832 D InputTransport: Input channel constructed: fd=66
06-13 14:17:03.824 22832 22832 D InputTransport: Input channel destroyed: fd=78
06-13 14:17:03.963 22832 26105 D FILE_MANAGER: Serializing delivery /data/user/0/cz.gienger.mobile/files/finished/130AT1193507423/130AT1193507423.xml
06-13 14:17:03.964 22832 26105 D FILE_MANAGER: Null files:
06-13 14:17:04.030 22832 26105 D MYINTERCEPTOR: /GiengerService.svc/sendorder
06-13 14:17:04.031 22832 26105 D OkHttp : --> POST https://testsaig1.gienger.cz/GiengerService.svc/sendorder http/1.1
06-13 14:17:04.031 22832 26105 D OkHttp : Content-Type: text/raw
06-13 14:17:04.031 22832 26105 D OkHttp : Content-Length: 2957
06-13 14:17:04.031 22832 26105 D OkHttp : filename: 130AT1193507423.xml
06-13 14:17:04.031 22832 26105 D OkHttp : Checksum: a19c5ceebe0758c5550be03389abddc0
06-13 14:17:04.031 22832 26105 D OkHttp : token: f4c643afb8a3b02eb9ae3a6a61fbdc24
06-13 14:17:04.031 22832 26105 D OkHttp : --> END POST
06-13 14:17:04.553 22832 26105 D OkHttp : <-- 200 https://testsaig1.gienger.cz/GiengerService.svc/sendorder (521ms)
06-13 14:17:04.554 22832 26105 D OkHttp : content-type: application/xml; charset=utf-8
06-13 14:17:04.554 22832 26105 D OkHttp : server: Microsoft-IIS/10.0
06-13 14:17:04.554 22832 26105 D OkHttp : x-powered-by: ASP.NET
06-13 14:17:04.554 22832 26105 D OkHttp : date: Thu, 13 Jun 2019 12:17:03 GMT
06-13 14:17:04.554 22832 26105 D OkHttp : content-length: 175
06-13 14:17:04.554 22832 26105 D OkHttp : <-- END HTTP
06-13 14:17:04.558 22832 26105 D sendOrder_SUCCESS: 200
06-13 14:17:04.606 22832 26105 D MESSAGE_SERVICE: ACTION_RESEND_ORDERS
06-13 14:17:04.920 22832 22832 D AbsListView: in onLayout changed
06-13 14:17:05.215 22832 22832 D AbsListView: in onLayout changed
06-13 14:17:05.281 22832 22832 D TextView: SYANI: Clipboard API is calling: clearFilter()
06-13 14:17:05.281 22832 22832 D TextView: SYANI: Clipboard API is calling: unregisterClipboardEventListener()
06-13 14:17:05.289 22832 22832 D ViewRootImpl@6945e15[CancelDeliveryActivity]: mHardwareRenderer.destroy()#4
06-13 14:17:05.289 22832 22832 D ViewRootImpl@6945e15[CancelDeliveryActivity]: dispatchDetachedFromWindow
06-13 14:17:05.296 22832 22832 D InputTransport: Input channel destroyed: fd=63
06-13 14:17:05.297 22832 22832 D LOCATION_SERVICE: onDestroy
06-13 14:17:05.493 22832 22832 D ViewRootImpl@bcb3525[MainActivity]: ViewPostImeInputStage processPointer 0
06-13 14:17:05.542 22832 22832 D ViewRootImpl@bcb3525[MainActivity]: ViewPostImeInputStage processPointer 1
06-13 14:17:05.559 22832 22832 D item_click: viewId = 2131820758, position = 14
06-13 14:17:05.597 22832 22832 D ViewRootImpl@bcb3525[MainActivity]: MSG_WINDOW_FOCUS_CHANGED 0
06-13 14:17:05.766 22832 22832 D ViewRootImpl@b1312b6[BatchUploadActivity]: ThreadedRenderer.create() translucent=false
06-13 14:17:05.772 22832 22832 D InputTransport: Input channel constructed: fd=74
06-13 14:17:05.772 22832 22832 D ViewRootImpl@b1312b6[BatchUploadActivity]: setView = DecorView@5969bb7[BatchUploadActivity] touchMode=true
06-13 14:17:05.773 22832 22832 D LOCATION_SERVICE: LocationListener gps
06-13 14:17:05.774 22832 22832 D LOCATION_SERVICE: LocationListener network
06-13 14:17:05.775 22832 22832 D LOCATION_SERVICE: onCreate
06-13 14:17:05.775 22832 22832 D LOCATION_SERVICE: initializeLocationManager
06-13 14:17:05.788 22832 22832 D LOCATION_SERVICE: onStartCommand
06-13 14:17:05.790 22832 22832 D ViewRootImpl@b1312b6[BatchUploadActivity]: dispatchAttachedToWindow
06-13 14:17:05.835 22832 22832 D ViewRootImpl@b1312b6[BatchUploadActivity]: Relayout returned: oldFrame=[0,0][0,0] newFrame=[0,0][768,1024] result=0x27 surface={isValid=true -1838309376} surfaceGenerationChanged=true
06-13 14:17:05.835 22832 22832 D ViewRootImpl@b1312b6[BatchUploadActivity]: mHardwareRenderer.initialize() mSurface={isValid=true -1838309376} hwInitialized=true
06-13 14:17:05.930 22832 22832 D AbsListView: in onLayout changed
06-13 14:17:05.966 22832 22832 D ViewRootImpl@b1312b6[BatchUploadActivity]: MSG_RESIZED_REPORT: frame=Rect(0, 0 - 768, 1024) ci=Rect(0, 24 - 0, 0) vi=Rect(0, 24 - 0, 0) or=1
06-13 14:17:05.967 22832 22832 D ViewRootImpl@b1312b6[BatchUploadActivity]: MSG_WINDOW_FOCUS_CHANGED 1
06-13 14:17:05.967 22832 22832 D ViewRootImpl@b1312b6[BatchUploadActivity]: mHardwareRenderer.initializeIfNeeded()#2 mSurface={isValid=true -1838309376}
06-13 14:17:05.975 22832 22832 V InputMethodManager: Starting input: tba=android.view.inputmethod.EditorInfo@702e0be nm : cz.gienger.mobile ic=null
06-13 14:17:05.975 22832 22832 I InputMethodManager: startInputInner - mService.startInputOrWindowGainedFocus
06-13 14:17:05.985 22832 22832 D InputTransport: Input channel constructed: fd=76
06-13 14:17:05.985 22832 22832 D InputTransport: Input channel destroyed: fd=66
06-13 14:17:06.012 22832 22845 I art : Background sticky concurrent mark sweep GC freed 228911(9MB) AllocSpace objects, 11(220KB) LOS objects, 41% free, 13MB/23MB, paused 2.354ms total 131.416ms
06-13 14:17:06.028 22832 22878 D OpenGLRenderer: endAllActiveAnimators on 0xa7692100 (RippleDrawable) with handle 0x91ffcee0
06-13 14:17:06.028 22832 22832 D ViewRootImpl@bcb3525[MainActivity]: mHardwareRenderer.destroy()#1
06-13 14:17:06.034 22832 22832 D ViewRootImpl@bcb3525[MainActivity]: Relayout returned: oldFrame=[0,0][768,1024] newFrame=[0,0][768,1024] result=0x5 surface={isValid=false 0} surfaceGenerationChanged=true
06-13 14:17:06.463 22832 22832 D ViewRootImpl@bcb3525[MainActivity]: Relayout returned: oldFrame=[0,0][768,1024] newFrame=[0,0][768,1024] result=0x5 surface={isValid=false 0} surfaceGenerationChanged=false
06-13 14:17:07.041 22832 22832 D LOCATION_SERVICE: onLocationChanged: Location[network 49,191239,17,534669 acc=21 et=+1d0h31m39s971ms alt=0.0 vel=0.0 bear=0.0 {Bundle[mParcelledData.dataSize=80]}]
06-13 14:17:07.374 22832 22832 D ViewRootImpl@b1312b6[BatchUploadActivity]: ViewPostImeInputStage processPointer 0
06-13 14:17:07.421 22832 22832 D ViewRootImpl@b1312b6[BatchUploadActivity]: ViewPostImeInputStage processPointer 1
06-13 14:17:07.421 22832 22832 D AbsListView: onTouchUp() mTouchMode : 0
06-13 14:17:08.165 22832 22832 D ViewRootImpl@b1312b6[BatchUploadActivity]: ViewPostImeInputStage processPointer 0
06-13 14:17:08.236 22832 22832 D ViewRootImpl@b1312b6[BatchUploadActivity]: ViewPostImeInputStage processPointer 1
06-13 14:17:08.291 22832 22832 D ScrollView: initGoToTop
06-13 14:17:08.305 22832 22832 D ViewRootImpl@929b2a9[BatchUploadActivity]: ThreadedRenderer.create() translucent=true
06-13 14:17:08.312 22832 22832 D InputTransport: Input channel constructed: fd=88
06-13 14:17:08.312 22832 22832 D ViewRootImpl@929b2a9[BatchUploadActivity]: setView = DecorView@2e6c02e[BatchUploadActivity] touchMode=true
06-13 14:17:08.314 22832 22832 D ViewRootImpl@929b2a9[BatchUploadActivity]: dispatchAttachedToWindow
06-13 14:17:08.352 22832 22832 D ViewRootImpl@929b2a9[BatchUploadActivity]: Relayout returned: oldFrame=[0,0][0,0] newFrame=[94,423][674,624] result=0x27 surface={isValid=true -1842014208} surfaceGenerationChanged=true
06-13 14:17:08.352 22832 22832 D ViewRootImpl@929b2a9[BatchUploadActivity]: mHardwareRenderer.initialize() mSurface={isValid=true -1842014208} hwInitialized=true
06-13 14:17:08.362 22832 22832 D ScrollView: onsize change changed
06-13 14:17:08.380 22832 22832 D ViewRootImpl@929b2a9[BatchUploadActivity]: MSG_WINDOW_FOCUS_CHANGED 1
06-13 14:17:08.380 22832 22832 D ViewRootImpl@929b2a9[BatchUploadActivity]: mHardwareRenderer.initializeIfNeeded()#2 mSurface={isValid=true -1842014208}
06-13 14:17:08.402 22832 22832 D ViewRootImpl@929b2a9[BatchUploadActivity]: MSG_RESIZED_REPORT: frame=Rect(94, 423 - 674, 624) ci=Rect(0, 0 - 0, 0) vi=Rect(0, 0 - 0, 0) or=1
06-13 14:17:08.430 22832 22832 D ViewRootImpl@b1312b6[BatchUploadActivity]: MSG_WINDOW_FOCUS_CHANGED 0
06-13 14:17:09.371 22832 22832 D ViewRootImpl@929b2a9[BatchUploadActivity]: ViewPostImeInputStage processPointer 0
06-13 14:17:09.441 22832 22832 D ViewRootImpl@929b2a9[BatchUploadActivity]: ViewPostImeInputStage processPointer 1
06-13 14:17:09.507 22832 22832 D ViewRootImpl@929b2a9[BatchUploadActivity]: mHardwareRenderer.destroy()#4
06-13 14:17:09.507 22832 22832 D ViewRootImpl@929b2a9[BatchUploadActivity]: dispatchDetachedFromWindow
06-13 14:17:09.518 22832 22832 D InputTransport: Input channel destroyed: fd=88
06-13 14:17:09.520 22832 22832 D Graph : removeVertex() : insertDummyVertex, because there is no ancestor.
06-13 14:17:09.546 22832 22832 E ViewRootImpl: sendUserActionEvent() returned.
06-13 14:17:09.549 22832 26113 D MESSAGE_SERVICE: ACTION_BATCH_UPLOAD
06-13 14:17:09.825 22832 22832 D ViewRootImpl@bcb3525[MainActivity]: Relayout returned: oldFrame=[0,0][768,1024] newFrame=[0,0][768,1024] result=0x7 surface={isValid=true -1838307328} surfaceGenerationChanged=true
06-13 14:17:09.826 22832 22832 D ViewRootImpl@bcb3525[MainActivity]: mHardwareRenderer.initialize() mSurface={isValid=true -1838307328} hwInitialized=true
06-13 14:17:09.937 22832 22832 D AbsListView: in onLayout changed
06-13 14:17:09.966 22832 22832 D ViewRootImpl@bcb3525[MainActivity]: MSG_WINDOW_FOCUS_CHANGED 1
06-13 14:17:09.966 22832 22832 D ViewRootImpl@bcb3525[MainActivity]: mHardwareRenderer.initializeIfNeeded()#2 mSurface={isValid=true -1838307328}
06-13 14:17:09.968 22832 22832 V InputMethodManager: Starting input: tba=android.view.inputmethod.EditorInfo@e8269bd nm : cz.gienger.mobile ic=null
06-13 14:17:09.968 22832 22832 I InputMethodManager: startInputInner - mService.startInputOrWindowGainedFocus
06-13 14:17:09.983 22832 22832 D InputTransport: Input channel constructed: fd=95
06-13 14:17:09.983 22832 22832 D InputTransport: Input channel destroyed: fd=76
06-13 14:17:10.031 22832 22832 D ViewRootImpl@b1312b6[BatchUploadActivity]: mHardwareRenderer.destroy()#1
06-13 14:17:10.256 22832 22832 D ViewRootImpl@b1312b6[BatchUploadActivity]: Relayout returned: oldFrame=[0,0][768,1024] newFrame=[0,0][768,1024] result=0x5 surface={isValid=false 0} surfaceGenerationChanged=true
06-13 14:17:10.256 22832 22832 D ViewRootImpl@bcb3525[MainActivity]: ViewPostImeInputStage processPointer 0
06-13 14:17:10.268 22832 22832 D ViewRootImpl@bcb3525[MainActivity]: ViewPostImeInputStage processPointer 1
06-13 14:17:10.269 22832 22832 D AbsListView: onTouchUp() mTouchMode : 0
06-13 14:17:10.275 22832 26113 D FILE_MANAGER: Serializing delivery /data/user/0/cz.gienger.mobile/files/finished/130AT1193507450/130AT1193507450.xml
06-13 14:17:10.276 22832 26113 D FILE_MANAGER: Null files:
06-13 14:17:10.363 22832 26113 D MYINTERCEPTOR: /GiengerService.svc/sendorder
06-13 14:17:10.363 22832 26113 D OkHttp : --> POST https://testsaig1.gienger.cz/GiengerService.svc/sendorder http/1.1
06-13 14:17:10.364 22832 26113 D OkHttp : Content-Type: text/raw
06-13 14:17:10.364 22832 26113 D OkHttp : Content-Length: 3250
06-13 14:17:10.364 22832 26113 D OkHttp : filename: 130AT1193507450.xml
06-13 14:17:10.364 22832 26113 D OkHttp : Checksum: 6bbad5b6f21b9e528cd4c61cd96a3208
06-13 14:17:10.364 22832 26113 D OkHttp : token: f4c643afb8a3b02eb9ae3a6a61fbdc24
06-13 14:17:10.364 22832 26113 D OkHttp : --> END POST
06-13 14:17:10.373 22832 22832 D item_click: viewId = -1, position = 13
06-13 14:17:10.465 22832 22832 D ViewRootImpl@bcb3525[MainActivity]: MSG_WINDOW_FOCUS_CHANGED 0
06-13 14:17:10.515 22832 22832 D ViewRootImpl@1a24f46[ItemsViewActivity]: ThreadedRenderer.create() translucent=false
06-13 14:17:10.518 22832 22832 D InputTransport: Input channel constructed: fd=59
06-13 14:17:10.519 22832 22832 D ViewRootImpl@1a24f46[ItemsViewActivity]: setView = DecorView@c674507[ItemsViewActivity] touchMode=true
06-13 14:17:10.523 22832 22832 D ViewRootImpl@1a24f46[ItemsViewActivity]: dispatchAttachedToWindow
06-13 14:17:10.571 22832 22832 D ViewRootImpl@1a24f46[ItemsViewActivity]: Relayout returned: oldFrame=[0,0][0,0] newFrame=[0,0][768,1024] result=0x27 surface={isValid=true -1862227968} surfaceGenerationChanged=true
06-13 14:17:10.571 22832 22832 D ViewRootImpl@1a24f46[ItemsViewActivity]: mHardwareRenderer.initialize() mSurface={isValid=true -1862227968} hwInitialized=true
06-13 14:17:10.577 22832 22832 D AbsListView: in onLayout changed
06-13 14:17:10.606 22832 22832 D ViewRootImpl@1a24f46[ItemsViewActivity]: MSG_RESIZED_REPORT: frame=Rect(0, 0 - 768, 1024) ci=Rect(0, 24 - 0, 0) vi=Rect(0, 24 - 0, 0) or=1
06-13 14:17:10.606 22832 22832 D ViewRootImpl@1a24f46[ItemsViewActivity]: MSG_WINDOW_FOCUS_CHANGED 1
06-13 14:17:10.606 22832 22832 D ViewRootImpl@1a24f46[ItemsViewActivity]: mHardwareRenderer.initializeIfNeeded()#2 mSurface={isValid=true -1862227968}
06-13 14:17:10.608 22832 22832 V InputMethodManager: Starting input: tba=android.view.inputmethod.EditorInfo@53afa15 nm : cz.gienger.mobile ic=null
06-13 14:17:10.608 22832 22832 I InputMethodManager: startInputInner - mService.startInputOrWindowGainedFocus
06-13 14:17:10.617 22832 22832 D InputTransport: Input channel constructed: fd=113
06-13 14:17:10.617 22832 22832 D InputTransport: Input channel destroyed: fd=95
06-13 14:17:10.667 22832 22878 D OpenGLRenderer: endAllActiveAnimators on 0x919efb80 (ListView) with handle 0x9106e4c0
06-13 14:17:10.668 22832 22832 D ViewRootImpl@bcb3525[MainActivity]: mHardwareRenderer.destroy()#1
06-13 14:17:10.675 22832 22832 D ViewRootImpl@bcb3525[MainActivity]: Relayout returned: oldFrame=[0,0][768,1024] newFrame=[0,0][768,1024] result=0x5 surface={isValid=false 0} surfaceGenerationChanged=true
06-13 14:17:10.694 22832 26113 D OkHttp : <-- 200 https://testsaig1.gienger.cz/GiengerService.svc/sendorder (329ms)
06-13 14:17:10.694 22832 26113 D OkHttp : content-type: application/xml; charset=utf-8
06-13 14:17:10.694 22832 26113 D OkHttp : server: Microsoft-IIS/10.0
06-13 14:17:10.694 22832 26113 D OkHttp : x-powered-by: ASP.NET
06-13 14:17:10.694 22832 26113 D OkHttp : date: Thu, 13 Jun 2019 12:17:10 GMT
06-13 14:17:10.694 22832 26113 D OkHttp : content-length: 175
06-13 14:17:10.694 22832 26113 D OkHttp : <-- END HTTP
06-13 14:17:10.702 22832 26113 D sendOrder_SUCCESS: 200
06-13 14:17:11.061 22832 22832 D TextView: SYANI: Clipboard API is calling: clearFilter()
06-13 14:17:11.061 22832 22832 D TextView: SYANI: Clipboard API is calling: unregisterClipboardEventListener()
06-13 14:17:11.073 22832 22832 D ViewRootImpl@b1312b6[BatchUploadActivity]: mHardwareRenderer.destroy()#4
06-13 14:17:11.073 22832 22832 D ViewRootImpl@b1312b6[BatchUploadActivity]: dispatchDetachedFromWindow
06-13 14:17:11.081 22832 22832 D InputTransport: Input channel destroyed: fd=74
06-13 14:17:11.094 22832 22832 D ViewRootImpl@bcb3525[MainActivity]: Relayout returned: oldFrame=[0,0][768,1024] newFrame=[0,0][768,1024] result=0x5 surface={isValid=false 0} surfaceGenerationChanged=false
06-13 14:17:11.095 22832 22832 D LOCATION_SERVICE: onDestroy
06-13 14:17:12.789 22832 22832 D ViewRootImpl@1a24f46[ItemsViewActivity]: ViewPostImeInputStage processPointer 0
06-13 14:17:12.858 22832 22832 D ViewRootImpl@1a24f46[ItemsViewActivity]: ViewPostImeInputStage processPointer 1
06-13 14:17:13.173 22832 22832 D ViewRootImpl@bcb3525[MainActivity]: Relayout returned: oldFrame=[0,0][768,1024] newFrame=[0,0][768,1024] result=0x7 surface={isValid=true -1861824512} surfaceGenerationChanged=true
06-13 14:17:13.174 22832 22832 D ViewRootImpl@bcb3525[MainActivity]: mHardwareRenderer.initialize() mSurface={isValid=true -1861824512} hwInitialized=true
06-13 14:17:13.260 22832 22832 D AbsListView: in onLayout changed
06-13 14:17:13.290 22832 22832 D ViewRootImpl@bcb3525[MainActivity]: MSG_WINDOW_FOCUS_CHANGED 1
06-13 14:17:13.290 22832 22832 D ViewRootImpl@bcb3525[MainActivity]: mHardwareRenderer.initializeIfNeeded()#2 mSurface={isValid=true -1861824512}
06-13 14:17:13.292 22832 22832 V InputMethodManager: Starting input: tba=android.view.inputmethod.EditorInfo@e89a4ec nm : cz.gienger.mobile ic=null
06-13 14:17:13.292 22832 22832 I InputMethodManager: startInputInner - mService.startInputOrWindowGainedFocus
06-13 14:17:13.309 22832 22832 D InputTransport: Input channel constructed: fd=88
06-13 14:17:13.309 22832 22832 D InputTransport: Input channel destroyed: fd=113
06-13 14:17:13.315 22832 22832 D ViewRootImpl@1a24f46[ItemsViewActivity]: MSG_WINDOW_FOCUS_CHANGED 0
06-13 14:17:13.346 22832 22878 D OpenGLRenderer: endAllActiveAnimators on 0x926c9b00 (RippleDrawable) with handle 0x93acb900
06-13 14:17:13.346 22832 22832 D ViewRootImpl@1a24f46[ItemsViewActivity]: mHardwareRenderer.destroy()#1
06-13 14:17:13.356 22832 22832 D ViewRootImpl@1a24f46[ItemsViewActivity]: Relayout returned: oldFrame=[0,0][768,1024] newFrame=[0,0][768,1024] result=0x5 surface={isValid=false 0} surfaceGenerationChanged=true
06-13 14:17:13.737 22832 22832 D ViewRootImpl@1a24f46[ItemsViewActivity]: mHardwareRenderer.destroy()#4
06-13 14:17:13.737 22832 22832 D ViewRootImpl@1a24f46[ItemsViewActivity]: dispatchDetachedFromWindow
06-13 14:17:13.746 22832 22832 D InputTransport: Input channel destroyed: fd=59
06-13 14:17:14.441 22832 22832 D ViewRootImpl@bcb3525[MainActivity]: ViewPostImeInputStage processPointer 0
06-13 14:17:14.471 22832 22832 D AbsListView: reportScrollStateChange() newState : 1
06-13 14:17:14.836 22832 22832 D ViewRootImpl@bcb3525[MainActivity]: ViewPostImeInputStage processPointer 1
06-13 14:17:14.836 22832 22832 D AbsListView: onTouchUp() mTouchMode : 3
06-13 14:17:14.836 22832 22832 D AbsListView: onTouchUp() TOUCH_MODE_SCROLL initialVelocity : 3
06-13 14:17:14.836 22832 22832 D AbsListView: reportScrollStateChange() newState : 0
06-13 14:17:15.094 22832 22832 D ViewRootImpl@bcb3525[MainActivity]: ViewPostImeInputStage processPointer 0
06-13 14:17:15.153 22832 22832 D ViewRootImpl@bcb3525[MainActivity]: ViewPostImeInputStage processPointer 1
06-13 14:17:15.161 22832 22832 D item_click: viewId = 2131820758, position = 15
06-13 14:17:15.208 22832 22832 D ViewRootImpl@bcb3525[MainActivity]: MSG_WINDOW_FOCUS_CHANGED 0
06-13 14:17:15.262 22832 22832 D ScrollView: initGoToTop
06-13 14:17:15.325 22832 22832 D ViewRootImpl@83edf96[CancelDeliveryActivity]: ThreadedRenderer.create() translucent=false
06-13 14:17:15.328 22832 22832 D InputTransport: Input channel constructed: fd=74
06-13 14:17:15.328 22832 22832 D ViewRootImpl@83edf96[CancelDeliveryActivity]: setView = DecorView@ee91717[CancelDeliveryActivity] touchMode=true
06-13 14:17:15.335 22832 22832 D ViewRootImpl@83edf96[CancelDeliveryActivity]: dispatchAttachedToWindow
06-13 14:17:15.365 22832 22832 D ViewRootImpl@83edf96[CancelDeliveryActivity]: Relayout returned: oldFrame=[0,0][0,0] newFrame=[0,0][768,1024] result=0x27 surface={isValid=true -1853073408} surfaceGenerationChanged=true
06-13 14:17:15.365 22832 22832 D ViewRootImpl@83edf96[CancelDeliveryActivity]: mHardwareRenderer.initialize() mSurface={isValid=true -1853073408} hwInitialized=true
06-13 14:17:15.371 22832 22832 D ScrollView: onsize change changed
06-13 14:17:15.372 22832 22832 D LOCATION_SERVICE: LocationListener gps
06-13 14:17:15.372 22832 22832 D LOCATION_SERVICE: LocationListener network
06-13 14:17:15.373 22832 22832 D LOCATION_SERVICE: onCreate
06-13 14:17:15.374 22832 22832 D LOCATION_SERVICE: initializeLocationManager
06-13 14:17:15.382 22832 22832 D LOCATION_SERVICE: onStartCommand
06-13 14:17:15.460 22832 22832 D ViewRootImpl@83edf96[CancelDeliveryActivity]: MSG_RESIZED_REPORT: frame=Rect(0, 0 - 768, 1024) ci=Rect(0, 24 - 0, 0) vi=Rect(0, 24 - 0, 0) or=1
06-13 14:17:15.460 22832 22832 D ViewRootImpl@83edf96[CancelDeliveryActivity]: MSG_WINDOW_FOCUS_CHANGED 1
06-13 14:17:15.461 22832 22832 D ViewRootImpl@83edf96[CancelDeliveryActivity]: mHardwareRenderer.initializeIfNeeded()#2 mSurface={isValid=true -1853073408}
06-13 14:17:15.471 22832 22832 V InputMethodManager: Starting input: tba=android.view.inputmethod.EditorInfo@283b07a nm : cz.gienger.mobile ic=null
06-13 14:17:15.471 22832 22832 I InputMethodManager: startInputInner - mService.startInputOrWindowGainedFocus
06-13 14:17:15.478 22832 22832 D InputTransport: Input channel constructed: fd=106
06-13 14:17:15.478 22832 22832 D InputTransport: Input channel destroyed: fd=88
06-13 14:17:15.537 22832 22878 D OpenGLRenderer: endAllActiveAnimators on 0x93aac680 (RippleDrawable) with handle 0x93acbc40
06-13 14:17:15.537 22832 22832 D ViewRootImpl@bcb3525[MainActivity]: mHardwareRenderer.destroy()#1
06-13 14:17:15.549 22832 22832 D ViewRootImpl@bcb3525[MainActivity]: Relayout returned: oldFrame=[0,0][768,1024] newFrame=[0,0][768,1024] result=0x5 surface={isValid=false 0} surfaceGenerationChanged=true
06-13 14:17:15.932 22832 22832 D ViewRootImpl@bcb3525[MainActivity]: Relayout returned: oldFrame=[0,0][768,1024] newFrame=[0,0][768,1024] result=0x5 surface={isValid=false 0} surfaceGenerationChanged=false
06-13 14:17:15.958 22832 22832 D LOCATION_SERVICE: onLocationChanged: Location[network 49,191233,17,534685 acc=21 et=+1d0h31m48s888ms alt=0.0 vel=0.0 bear=0.0 {Bundle[mParcelledData.dataSize=80]}]
06-13 14:17:16.350 22832 22832 D ViewRootImpl@83edf96[CancelDeliveryActivity]: ViewPostImeInputStage processPointer 0
06-13 14:17:16.411 22832 22832 D ViewRootImpl@83edf96[CancelDeliveryActivity]: ViewPostImeInputStage processPointer 1
06-13 14:17:17.298 22832 22832 D ViewRootImpl@83edf96[CancelDeliveryActivity]: ViewPostImeInputStage processPointer 0
06-13 14:17:17.364 22832 22832 D ViewRootImpl@83edf96[CancelDeliveryActivity]: ViewPostImeInputStage processPointer 1
06-13 14:17:17.391 22832 22832 D UNDELIVERED: Reason ID = 10, Comment =
06-13 14:17:17.488 22832 22832 D ViewRootImpl@83edf96[CancelDeliveryActivity]: MSG_WINDOW_FOCUS_CHANGED 0
06-13 14:17:17.489 22832 26122 D MESSAGE_SERVICE: ACTION_COMPRESS_AND_UPLOAD
06-13 14:17:17.544 22832 22832 D ViewRootImpl@bcb3525[MainActivity]: mHardwareRenderer.destroy()#4
06-13 14:17:17.544 22832 22832 D ViewRootImpl@bcb3525[MainActivity]: dispatchDetachedFromWindow
06-13 14:17:17.553 22832 22832 D InputTransport: Input channel destroyed: fd=61
06-13 14:17:17.831 22832 22832 D ViewRootImpl@32b3666[MainActivity]: ThreadedRenderer.create() translucent=false
06-13 14:17:17.834 22832 22832 D InputTransport: Input channel constructed: fd=113
06-13 14:17:17.834 22832 22832 D ViewRootImpl@32b3666[MainActivity]: setView = DecorView@cdd6da7[MainActivity] touchMode=true
06-13 14:17:17.837 22832 22832 D ViewRootImpl@32b3666[MainActivity]: dispatchAttachedToWindow
06-13 14:17:17.890 22832 22832 D ViewRootImpl@32b3666[MainActivity]: Relayout returned: oldFrame=[0,0][0,0] newFrame=[0,0][768,1024] result=0x27 surface={isValid=true -1862230016} surfaceGenerationChanged=true
06-13 14:17:17.891 22832 22832 D ViewRootImpl@32b3666[MainActivity]: mHardwareRenderer.initialize() mSurface={isValid=true -1862230016} hwInitialized=true
06-13 14:17:18.000 22832 22832 D AbsListView: in onLayout changed
06-13 14:17:18.020 22832 22878 D OpenGLRenderer: endAllActiveAnimators on 0x941ec600 (RippleDrawable) with handle 0x945f46e0
06-13 14:17:18.020 22832 22832 D ViewRootImpl@83edf96[CancelDeliveryActivity]: mHardwareRenderer.destroy()#1
06-13 14:17:18.029 22832 22832 D ViewRootImpl@83edf96[CancelDeliveryActivity]: Relayout returned: oldFrame=[0,0][768,1024] newFrame=[0,0][768,1024] result=0x5 surface={isValid=false 0} surfaceGenerationChanged=true
06-13 14:17:18.095 22832 22832 D ViewRootImpl@32b3666[MainActivity]: MSG_RESIZED_REPORT: frame=Rect(0, 0 - 768, 1024) ci=Rect(0, 24 - 0, 0) vi=Rect(0, 24 - 0, 0) or=1
06-13 14:17:18.095 22832 22832 D ViewRootImpl@32b3666[MainActivity]: MSG_WINDOW_FOCUS_CHANGED 1
06-13 14:17:18.095 22832 22832 D ViewRootImpl@32b3666[MainActivity]: mHardwareRenderer.initializeIfNeeded()#2 mSurface={isValid=true -1862230016}
06-13 14:17:18.097 22832 22832 V InputMethodManager: Starting input: tba=android.view.inputmethod.EditorInfo@c72630d nm : cz.gienger.mobile ic=null
06-13 14:17:18.097 22832 22832 I InputMethodManager: startInputInner - mService.startInputOrWindowGainedFocus
06-13 14:17:18.109 22832 22832 D InputTransport: Input channel constructed: fd=61
06-13 14:17:18.109 22832 22832 D InputTransport: Input channel destroyed: fd=106
06-13 14:17:18.221 22832 26122 D FILE_MANAGER: Serializing delivery /data/user/0/cz.gienger.mobile/files/finished/130AT1190319551/130AT1190319551.xml
06-13 14:17:18.221 22832 26122 D FILE_MANAGER: Null files:
06-13 14:17:18.268 22832 22855 W art : Clearing bad or obsolete profile data from file /data/misc/profiles/cur/0/cz.gienger.mobile/primary.prof: Profile EOF reached prematurely for ReadProfileHeader
06-13 14:17:18.287 22832 26122 D MYINTERCEPTOR: /GiengerService.svc/sendorder
06-13 14:17:18.287 22832 26122 D OkHttp : --> POST https://testsaig1.gienger.cz/GiengerService.svc/sendorder http/1.1
06-13 14:17:18.287 22832 26122 D OkHttp : Content-Type: text/raw
06-13 14:17:18.288 22832 26122 D OkHttp : Content-Length: 2914
06-13 14:17:18.288 22832 26122 D OkHttp : filename: 130AT1190319551.xml
06-13 14:17:18.288 22832 26122 D OkHttp : Checksum: be2dbbd28b9a66472c3918af5176ba28
06-13 14:17:18.288 22832 26122 D OkHttp : token: f4c643afb8a3b02eb9ae3a6a61fbdc24
06-13 14:17:18.288 22832 26122 D OkHttp : --> END POST
06-13 14:17:18.481 22832 26122 D OkHttp : <-- 200 https://testsaig1.gienger.cz/GiengerService.svc/sendorder (193ms)
06-13 14:17:18.481 22832 26122 D OkHttp : content-type: application/xml; charset=utf-8
06-13 14:17:18.481 22832 26122 D OkHttp : server: Microsoft-IIS/10.0
06-13 14:17:18.481 22832 26122 D OkHttp : x-powered-by: ASP.NET
06-13 14:17:18.481 22832 26122 D OkHttp : date: Thu, 13 Jun 2019 12:17:17 GMT
06-13 14:17:18.482 22832 26122 D OkHttp : content-length: 175
06-13 14:17:18.482 22832 26122 D OkHttp : <-- END HTTP
06-13 14:17:18.485 22832 26122 D sendOrder_SUCCESS: 200
06-13 14:17:18.514 22832 26122 D MESSAGE_SERVICE: ACTION_RESEND_ORDERS
06-13 14:17:18.848 22832 22832 D AbsListView: in onLayout changed
06-13 14:17:19.071 22832 22832 D ViewRootImpl@32b3666[MainActivity]: ViewPostImeInputStage processPointer 0
06-13 14:17:19.073 22832 22832 D ViewRootImpl@32b3666[MainActivity]: ViewPostImeInputStage processPointer 1
06-13 14:17:19.177 22832 22832 D AbsListView: in onLayout changed
06-13 14:17:19.248 22832 22832 D TextView: SYANI: Clipboard API is calling: clearFilter()
06-13 14:17:19.248 22832 22832 D TextView: SYANI: Clipboard API is calling: unregisterClipboardEventListener()
06-13 14:17:19.256 22832 22832 D ViewRootImpl@83edf96[CancelDeliveryActivity]: mHardwareRenderer.destroy()#4
