06-13 14:16:16.625 22832 22832 D ViewRootImpl@a4cdbcc[MainActivity]: ViewPostImeInputStage processPointer 0
06-13 14:16:16.660 22832 22832 D AbsListView: reportScrollStateChange() newState : 1
06-13 14:16:16.691 22832 26042 D OkHttp : <-- 200 https://testsaig1.gienger.cz/GiengerService.svc/sendorder (533ms)
06-13 14:16:16.691 22832 26042 D OkHttp : content-type: application/xml; charset=utf-8
06-13 14:16:16.691 22832 26042 D OkHttp : server: Microsoft-IIS/10.0
06-13 14:16:16.691 22832 26042 D OkHttp : x-powered-by: ASP.NET
06-13 14:16:16.692 22832 26042 D OkHttp : date: Thu, 13 Jun 2019 12:16:16 GMT
06-13 14:16:16.692 22832 26042 D OkHttp : content-length: 175
06-13 14:16:16.692 22832 26042 D OkHttp : <-- END HTTP
06-13 14:16:16.696 22832 26042 D sendOrder_SUCCESS: 200
06-13 14:16:16.729 22832 26042 D MESSAGE_SERVICE: ACTION_RESEND_ORDERS
06-13 14:16:17.110 22832 22832 D AbsListView: in onLayout changed
06-13 14:16:17.133 22832 22832 D ViewRootImpl@a4cdbcc[MainActivity]: ViewPostImeInputStage processPointer 1
06-13 14:16:17.422 22832 22832 D AbsListView: in onLayout changed
06-13 14:16:17.493 22832 22832 D TextView: SYANI: Clipboard API is calling: clearFilter()
06-13 14:16:17.493 22832 22832 D TextView: SYANI: Clipboard API is calling: unregisterClipboardEventListener()
06-13 14:16:17.501 22832 22832 D ViewRootImpl@560fe7c[CancelDeliveryActivity]: mHardwareRenderer.destroy()#4
06-13 14:16:17.501 22832 22832 D ViewRootImpl@560fe7c[CancelDeliveryActivity]: dispatchDetachedFromWindow
06-13 14:16:17.508 22832 22832 D InputTransport: Input channel destroyed: fd=70
06-13 14:16:17.508 22832 22832 D LOCATION_SERVICE: onDestroy
06-13 14:16:18.025 22832 22832 D ViewRootImpl@a4cdbcc[MainActivity]: ViewPostImeInputStage processPointer 0
06-13 14:16:18.103 22832 22832 D ViewRootImpl@a4cdbcc[MainActivity]: ViewPostImeInputStage processPointer 1
06-13 14:16:18.120 22832 22832 D item_click: viewId = 2131820758, position = 5
06-13 14:16:18.168 22832 22832 D ViewRootImpl@a4cdbcc[MainActivity]: MSG_WINDOW_FOCUS_CHANGED 0
06-13 14:16:18.218 22832 22832 D ScrollView: initGoToTop
06-13 14:16:18.278 22832 22832 D ViewRootImpl@f49dbd6[CancelDeliveryActivity]: ThreadedRenderer.create() translucent=false
06-13 14:16:18.283 22832 22832 D InputTransport: Input channel constructed: fd=68
06-13 14:16:18.283 22832 22832 D ViewRootImpl@f49dbd6[CancelDeliveryActivity]: setView = DecorView@f1fe57[CancelDeliveryActivity] touchMode=true
06-13 14:16:18.284 22832 22832 D LOCATION_SERVICE: LocationListener gps
06-13 14:16:18.285 22832 22832 D LOCATION_SERVICE: LocationListener network
06-13 14:16:18.286 22832 22832 D LOCATION_SERVICE: onCreate
06-13 14:16:18.286 22832 22832 D LOCATION_SERVICE: initializeLocationManager
06-13 14:16:18.294 22832 22832 D LOCATION_SERVICE: onStartCommand
06-13 14:16:18.301 22832 22832 D ViewRootImpl@f49dbd6[CancelDeliveryActivity]: dispatchAttachedToWindow
06-13 14:16:18.337 22832 22832 D ViewRootImpl@f49dbd6[CancelDeliveryActivity]: Relayout returned: oldFrame=[0,0][0,0] newFrame=[0,0][768,1024] result=0x27 surface={isValid=true -1824966656} surfaceGenerationChanged=true
06-13 14:16:18.338 22832 22832 D ViewRootImpl@f49dbd6[CancelDeliveryActivity]: mHardwareRenderer.initialize() mSurface={isValid=true -1824966656} hwInitialized=true
06-13 14:16:18.345 22832 22832 D ScrollView: onsize change changed
06-13 14:16:18.400 22832 22832 D ViewRootImpl@f49dbd6[CancelDeliveryActivity]: MSG_RESIZED_REPORT: frame=Rect(0, 0 - 768, 1024) ci=Rect(0, 24 - 0, 0) vi=Rect(0, 24 - 0, 0) or=1
06-13 14:16:18.400 22832 22832 D ViewRootImpl@f49dbd6[CancelDeliveryActivity]: MSG_WINDOW_FOCUS_CHANGED 1
06-13 14:16:18.400 22832 22832 D ViewRootImpl@f49dbd6[CancelDeliveryActivity]: mHardwareRenderer.initializeIfNeeded()#2 mSurface={isValid=true -1824966656}
06-13 14:16:18.406 22832 22832 V InputMethodManager: Starting input: tba=android.view.inputmethod.EditorInfo@b03c36b nm : cz.gienger.mobile ic=null
06-13 14:16:18.406 22832 22832 I InputMethodManager: startInputInner - mService.startInputOrWindowGainedFocus
06-13 14:16:18.417 22832 22832 D InputTransport: Input channel constructed: fd=70
06-13 14:16:18.417 22832 22832 D InputTransport: Input channel destroyed: fd=64
06-13 14:16:18.477 22832 22878 D OpenGLRenderer: endAllActiveAnimators on 0x933a1780 (RippleDrawable) with handle 0x949d4d70
06-13 14:16:18.477 22832 22832 D ViewRootImpl@a4cdbcc[MainActivity]: mHardwareRenderer.destroy()#1
06-13 14:16:18.493 22832 22832 D ViewRootImpl@a4cdbcc[MainActivity]: Relayout returned: oldFrame=[0,0][768,1024] newFrame=[0,0][768,1024] result=0x5 surface={isValid=false 0} surfaceGenerationChanged=true
06-13 14:16:18.856 22832 22832 D ViewRootImpl@a4cdbcc[MainActivity]: Relayout returned: oldFrame=[0,0][768,1024] newFrame=[0,0][768,1024] result=0x5 surface={isValid=false 0} surfaceGenerationChanged=false
06-13 14:16:24.494 22832 22832 D ViewRootImpl@f49dbd6[CancelDeliveryActivity]: ViewPostImeInputStage processPointer 0
06-13 14:16:24.527 22832 22832 D ViewRootImpl@f49dbd6[CancelDeliveryActivity]: ViewPostImeInputStage processPointer 1
06-13 14:16:25.104 22832 22832 D ViewRootImpl@f49dbd6[CancelDeliveryActivity]: ViewPostImeInputStage processPointer 0
06-13 14:16:25.198 22832 22832 D ViewRootImpl@f49dbd6[CancelDeliveryActivity]: ViewPostImeInputStage processPointer 1
06-13 14:16:25.218 22832 22832 D UNDELIVERED: Reason ID = 0, Comment =
06-13 14:16:25.326 22832 22832 D ViewRootImpl@f49dbd6[CancelDeliveryActivity]: MSG_WINDOW_FOCUS_CHANGED 0
06-13 14:16:25.330 22832 26052 D MESSAGE_SERVICE: ACTION_COMPRESS_AND_UPLOAD
06-13 14:16:25.391 22832 22832 D ViewRootImpl@a4cdbcc[MainActivity]: mHardwareRenderer.destroy()#4
06-13 14:16:25.391 22832 22832 D ViewRootImpl@a4cdbcc[MainActivity]: dispatchDetachedFromWindow
06-13 14:16:25.399 22832 22832 D InputTransport: Input channel destroyed: fd=76
06-13 14:16:25.680 22832 22832 D ViewRootImpl@e552894[MainActivity]: ThreadedRenderer.create() translucent=false
06-13 14:16:25.684 22832 22832 D InputTransport: Input channel constructed: fd=78
06-13 14:16:25.684 22832 22832 D ViewRootImpl@e552894[MainActivity]: setView = DecorView@3178f3d[MainActivity] touchMode=true
06-13 14:16:25.688 22832 22832 D ViewRootImpl@e552894[MainActivity]: dispatchAttachedToWindow
06-13 14:16:25.742 22832 22832 D ViewRootImpl@e552894[MainActivity]: Relayout returned: oldFrame=[0,0][0,0] newFrame=[0,0][768,1024] result=0x27 surface={isValid=true -1800595456} surfaceGenerationChanged=true
06-13 14:16:25.742 22832 22832 D ViewRootImpl@e552894[MainActivity]: mHardwareRenderer.initialize() mSurface={isValid=true -1800595456} hwInitialized=true
06-13 14:16:25.849 22832 22832 D AbsListView: in onLayout changed
06-13 14:16:25.879 22832 22878 D OpenGLRenderer: endAllActiveAnimators on 0x94aa6b80 (RippleDrawable) with handle 0x94fcd0e0
06-13 14:16:25.879 22832 22832 D ViewRootImpl@f49dbd6[CancelDeliveryActivity]: mHardwareRenderer.destroy()#1
06-13 14:16:25.889 22832 22832 D ViewRootImpl@f49dbd6[CancelDeliveryActivity]: Relayout returned: oldFrame=[0,0][768,1024] newFrame=[0,0][768,1024] result=0x5 surface={isValid=false 0} surfaceGenerationChanged=true
06-13 14:16:25.967 22832 22832 D ViewRootImpl@e552894[MainActivity]: MSG_RESIZED_REPORT: frame=Rect(0, 0 - 768, 1024) ci=Rect(0, 24 - 0, 0) vi=Rect(0, 24 - 0, 0) or=1
06-13 14:16:25.967 22832 22832 D ViewRootImpl@e552894[MainActivity]: MSG_WINDOW_FOCUS_CHANGED 1
06-13 14:16:25.967 22832 22832 D ViewRootImpl@e552894[MainActivity]: mHardwareRenderer.initializeIfNeeded()#2 mSurface={isValid=true -1800595456}
06-13 14:16:25.969 22832 22832 V InputMethodManager: Starting input: tba=android.view.inputmethod.EditorInfo@d3d0413 nm : cz.gienger.mobile ic=null
06-13 14:16:25.969 22832 22832 I InputMethodManager: startInputInner - mService.startInputOrWindowGainedFocus
06-13 14:16:25.976 22832 22832 D InputTransport: Input channel constructed: fd=64
06-13 14:16:25.976 22832 22832 D InputTransport: Input channel destroyed: fd=70
06-13 14:16:26.062 22832 26052 D FILE_MANAGER: Serializing delivery /data/user/0/cz.gienger.mobile/files/finished/130AT1193507200/130AT1193507200.xml
06-13 14:16:26.062 22832 26052 D FILE_MANAGER: Null files:
06-13 14:16:26.141 22832 26052 D MYINTERCEPTOR: /GiengerService.svc/sendorder
06-13 14:16:26.142 22832 26052 D OkHttp : --> POST https://testsaig1.gienger.cz/GiengerService.svc/sendorder http/1.1
06-13 14:16:26.142 22832 26052 D OkHttp : Content-Type: text/raw
06-13 14:16:26.142 22832 26052 D OkHttp : Content-Length: 5067
06-13 14:16:26.142 22832 26052 D OkHttp : filename: 130AT1193507200.xml
06-13 14:16:26.142 22832 26052 D OkHttp : Checksum: 56713bded6aa487eb6b4205f294211aa
06-13 14:16:26.142 22832 26052 D OkHttp : token: f4c643afb8a3b02eb9ae3a6a61fbdc24
06-13 14:16:26.142 22832 26052 D OkHttp : --> END POST
06-13 14:16:26.711 22832 26052 D OkHttp : <-- 200 https://testsaig1.gienger.cz/GiengerService.svc/sendorder (569ms)
06-13 14:16:26.712 22832 26052 D OkHttp : content-type: application/xml; charset=utf-8
06-13 14:16:26.712 22832 26052 D OkHttp : server: Microsoft-IIS/10.0
06-13 14:16:26.712 22832 26052 D OkHttp : x-powered-by: ASP.NET
06-13 14:16:26.712 22832 26052 D OkHttp : date: Thu, 13 Jun 2019 12:16:26 GMT
06-13 14:16:26.712 22832 26052 D OkHttp : content-length: 175
06-13 14:16:26.712 22832 26052 D OkHttp : <-- END HTTP
06-13 14:16:26.719 22832 26052 D sendOrder_SUCCESS: 200
06-13 14:16:26.729 22832 22832 D ViewRootImpl@e552894[MainActivity]: ViewPostImeInputStage processPointer 0
06-13 14:16:26.753 22832 26052 D MESSAGE_SERVICE: ACTION_RESEND_ORDERS
06-13 14:16:26.770 22832 22832 D AbsListView: reportScrollStateChange() newState : 1
06-13 14:16:27.113 22832 22832 D AbsListView: in onLayout changed
06-13 14:16:27.338 22832 22832 D ViewRootImpl@e552894[MainActivity]: ViewPostImeInputStage processPointer 1
06-13 14:16:27.438 22832 22832 D AbsListView: in onLayout changed
06-13 14:16:27.497 22832 22832 D TextView: SYANI: Clipboard API is calling: clearFilter()
06-13 14:16:27.497 22832 22832 D TextView: SYANI: Clipboard API is calling: unregisterClipboardEventListener()
06-13 14:16:27.505 22832 22832 D ViewRootImpl@f49dbd6[CancelDeliveryActivity]: mHardwareRenderer.destroy()#4
06-13 14:16:27.505 22832 22832 D ViewRootImpl@f49dbd6[CancelDeliveryActivity]: dispatchDetachedFromWindow
06-13 14:16:27.511 22832 22832 D InputTransport: Input channel destroyed: fd=68
06-13 14:16:27.512 22832 22832 D LOCATION_SERVICE: onDestroy
06-13 14:16:27.848 22832 22832 D ViewRootImpl@e552894[MainActivity]: ViewPostImeInputStage processPointer 0
06-13 14:16:27.868 22832 22832 D AbsListView: reportScrollStateChange() newState : 1
06-13 14:16:29.163 22832 22832 D ViewRootImpl@e552894[MainActivity]: ViewPostImeInputStage processPointer 1
06-13 14:16:29.163 22832 22832 D AbsListView: onTouchUp() mTouchMode : 3
06-13 14:16:29.163 22832 22832 D AbsListView: onTouchUp() TOUCH_MODE_SCROLL initialVelocity : -939
06-13 14:16:29.163 22832 22832 D AbsListView: reportScrollStateChange() newState : 2
06-13 14:16:29.624 22832 22832 D ViewRootImpl@e552894[MainActivity]: ViewPostImeInputStage processPointer 0
06-13 14:16:29.709 22832 22832 D AbsListView: reportScrollStateChange() newState : 0
06-13 14:16:29.711 22832 22832 D AbsListView: reportScrollStateChange() newState : 1
06-13 14:16:30.163 22832 22832 D ViewRootImpl@e552894[MainActivity]: ViewPostImeInputStage processPointer 1
06-13 14:16:30.163 22832 22832 D AbsListView: onTouchUp() mTouchMode : 3
06-13 14:16:30.163 22832 22832 D AbsListView: onTouchUp() TOUCH_MODE_SCROLL initialVelocity : 4
06-13 14:16:30.163 22832 22832 D AbsListView: reportScrollStateChange() newState : 0
06-13 14:16:31.103 22832 22832 D ViewRootImpl@e552894[MainActivity]: ViewPostImeInputStage processPointer 0
06-13 14:16:31.171 22832 22832 D ViewRootImpl@e552894[MainActivity]: ViewPostImeInputStage processPointer 1
06-13 14:16:31.181 22832 22832 D item_click: viewId = 2131820758, position = 6
06-13 14:16:31.229 22832 22832 D ViewRootImpl@e552894[MainActivity]: MSG_WINDOW_FOCUS_CHANGED 0
06-13 14:16:31.283 22832 22832 D ScrollView: initGoToTop
06-13 14:16:31.344 22832 22832 D ViewRootImpl@fe6b422[CancelDeliveryActivity]: ThreadedRenderer.create() translucent=false
06-13 14:16:31.347 22832 22832 D InputTransport: Input channel constructed: fd=68
06-13 14:16:31.347 22832 22832 D ViewRootImpl@fe6b422[CancelDeliveryActivity]: setView = DecorView@4693eb3[CancelDeliveryActivity] touchMode=true
06-13 14:16:31.349 22832 22832 D LOCATION_SERVICE: LocationListener gps
06-13 14:16:31.350 22832 22832 D LOCATION_SERVICE: LocationListener network
06-13 14:16:31.351 22832 22832 D LOCATION_SERVICE: onCreate
06-13 14:16:31.351 22832 22832 D LOCATION_SERVICE: initializeLocationManager
06-13 14:16:31.358 22832 22832 D LOCATION_SERVICE: onStartCommand
06-13 14:16:31.364 22832 22832 D ViewRootImpl@fe6b422[CancelDeliveryActivity]: dispatchAttachedToWindow
06-13 14:16:31.408 22832 22832 D ViewRootImpl@fe6b422[CancelDeliveryActivity]: Relayout returned: oldFrame=[0,0][0,0] newFrame=[0,0][768,1024] result=0x27 surface={isValid=true -1852014592} surfaceGenerationChanged=true
06-13 14:16:31.414 22832 22832 D ViewRootImpl@fe6b422[CancelDeliveryActivity]: mHardwareRenderer.initialize() mSurface={isValid=true -1852014592} hwInitialized=true
06-13 14:16:31.420 22832 22832 D ScrollView: onsize change changed
06-13 14:16:31.467 22832 22832 D ViewRootImpl@fe6b422[CancelDeliveryActivity]: MSG_RESIZED_REPORT: frame=Rect(0, 0 - 768, 1024) ci=Rect(0, 24 - 0, 0) vi=Rect(0, 24 - 0, 0) or=1
06-13 14:16:31.467 22832 22832 D ViewRootImpl@fe6b422[CancelDeliveryActivity]: MSG_WINDOW_FOCUS_CHANGED 1
06-13 14:16:31.468 22832 22832 D ViewRootImpl@fe6b422[CancelDeliveryActivity]: mHardwareRenderer.initializeIfNeeded()#2 mSurface={isValid=true -1852014592}
06-13 14:16:31.474 22832 22832 V InputMethodManager: Starting input: tba=android.view.inputmethod.EditorInfo@9619f46 nm : cz.gienger.mobile ic=null
06-13 14:16:31.474 22832 22832 I InputMethodManager: startInputInner - mService.startInputOrWindowGainedFocus
06-13 14:16:31.486 22832 22832 D InputTransport: Input channel constructed: fd=73
06-13 14:16:31.486 22832 22832 D InputTransport: Input channel destroyed: fd=64
06-13 14:16:31.527 22832 22878 D OpenGLRenderer: endAllActiveAnimators on 0x94ade880 (RippleDrawable) with handle 0x92fd4390
06-13 14:16:31.528 22832 22832 D ViewRootImpl@e552894[MainActivity]: mHardwareRenderer.destroy()#1
06-13 14:16:31.535 22832 22832 D ViewRootImpl@e552894[MainActivity]: Relayout returned: oldFrame=[0,0][768,1024] newFrame=[0,0][768,1024] result=0x5 surface={isValid=false 0} surfaceGenerationChanged=true
06-13 14:16:31.917 22832 22832 D ViewRootImpl@e552894[MainActivity]: Relayout returned: oldFrame=[0,0][768,1024] newFrame=[0,0][768,1024] result=0x5 surface={isValid=false 0} surfaceGenerationChanged=false
06-13 14:16:32.049 22832 22832 D LOCATION_SERVICE: onLocationChanged: Location[network 49,191232,17,534682 acc=21 et=+1d0h31m4s979ms alt=0.0 vel=0.0 bear=0.0 {Bundle[mParcelledData.dataSize=80]}]
06-13 14:16:32.407 22832 22832 D ViewRootImpl@fe6b422[CancelDeliveryActivity]: ViewPostImeInputStage processPointer 0
06-13 14:16:32.467 22832 22832 D ViewRootImpl@fe6b422[CancelDeliveryActivity]: ViewPostImeInputStage processPointer 1
06-13 14:16:33.146 22832 22832 D ViewRootImpl@fe6b422[CancelDeliveryActivity]: ViewPostImeInputStage processPointer 0
06-13 14:16:33.216 22832 22832 D ViewRootImpl@fe6b422[CancelDeliveryActivity]: ViewPostImeInputStage processPointer 1
06-13 14:16:33.243 22832 22832 D UNDELIVERED: Reason ID = 8, Comment =
06-13 14:16:33.339 22832 22832 D ViewRootImpl@fe6b422[CancelDeliveryActivity]: MSG_WINDOW_FOCUS_CHANGED 0
06-13 14:16:33.349 22832 26060 D MESSAGE_SERVICE: ACTION_COMPRESS_AND_UPLOAD
06-13 14:16:33.383 22832 22832 D ViewRootImpl@e552894[MainActivity]: mHardwareRenderer.destroy()#4
06-13 14:16:33.383 22832 22832 D ViewRootImpl@e552894[MainActivity]: dispatchDetachedFromWindow
06-13 14:16:33.391 22832 22832 D InputTransport: Input channel destroyed: fd=78
06-13 14:16:33.638 22832 22832 D ViewRootImpl@d082e43[MainActivity]: ThreadedRenderer.create() translucent=false
06-13 14:16:33.642 22832 22832 D InputTransport: Input channel constructed: fd=79
06-13 14:16:33.642 22832 22832 D ViewRootImpl@d082e43[MainActivity]: setView = DecorView@5664cc0[MainActivity] touchMode=true
06-13 14:16:33.649 22832 22832 D ViewRootImpl@d082e43[MainActivity]: dispatchAttachedToWindow
06-13 14:16:33.709 22832 22832 D ViewRootImpl@d082e43[MainActivity]: Relayout returned: oldFrame=[0,0][0,0] newFrame=[0,0][768,1024] result=0x27 surface={isValid=true -1852012544} surfaceGenerationChanged=true
06-13 14:16:33.709 22832 22832 D ViewRootImpl@d082e43[MainActivity]: mHardwareRenderer.initialize() mSurface={isValid=true -1852012544} hwInitialized=true
06-13 14:16:33.797 22832 22832 D AbsListView: in onLayout changed
06-13 14:16:33.861 22832 22878 D OpenGLRenderer: endAllActiveAnimators on 0x905e1400 (RippleDrawable) with handle 0x9180fc50
06-13 14:16:33.861 22832 22832 D ViewRootImpl@fe6b422[CancelDeliveryActivity]: mHardwareRenderer.destroy()#1
06-13 14:16:33.875 22832 22832 D ViewRootImpl@fe6b422[CancelDeliveryActivity]: Relayout returned: oldFrame=[0,0][768,1024] newFrame=[0,0][768,1024] result=0x5 surface={isValid=false 0} surfaceGenerationChanged=true
06-13 14:16:33.884 22832 22832 D ViewRootImpl@d082e43[MainActivity]: MSG_RESIZED_REPORT: frame=Rect(0, 0 - 768, 1024) ci=Rect(0, 24 - 0, 0) vi=Rect(0, 24 - 0, 0) or=1
06-13 14:16:33.884 22832 22832 D ViewRootImpl@d082e43[MainActivity]: MSG_WINDOW_FOCUS_CHANGED 1
06-13 14:16:33.884 22832 22832 D ViewRootImpl@d082e43[MainActivity]: mHardwareRenderer.initializeIfNeeded()#2 mSurface={isValid=true -1852012544}
06-13 14:16:33.886 22832 22832 V InputMethodManager: Starting input: tba=android.view.inputmethod.EditorInfo@a851612 nm : cz.gienger.mobile ic=null
06-13 14:16:33.886 22832 22832 I InputMethodManager: startInputInner - mService.startInputOrWindowGainedFocus
06-13 14:16:33.889 22832 22832 D InputTransport: Input channel constructed: fd=64
06-13 14:16:33.889 22832 22832 D InputTransport: Input channel destroyed: fd=73
06-13 14:16:34.082 22832 26060 D FILE_MANAGER: Serializing delivery /data/user/0/cz.gienger.mobile/files/finished/130AT1193507459/130AT1193507459.xml
06-13 14:16:34.083 22832 26060 D FILE_MANAGER: Null files:
06-13 14:16:34.156 22832 26060 D MYINTERCEPTOR: /GiengerService.svc/sendorder
06-13 14:16:34.157 22832 26060 D OkHttp : --> POST https://testsaig1.gienger.cz/GiengerService.svc/sendorder http/1.1
06-13 14:16:34.157 22832 26060 D OkHttp : Content-Type: text/raw
06-13 14:16:34.157 22832 26060 D OkHttp : Content-Length: 6810
06-13 14:16:34.157 22832 26060 D OkHttp : filename: 130AT1193507459.xml
06-13 14:16:34.158 22832 26060 D OkHttp : Checksum: 01455e5bb5735f25677d66311f578b45
06-13 14:16:34.158 22832 26060 D OkHttp : token: f4c643afb8a3b02eb9ae3a6a61fbdc24
06-13 14:16:34.158 22832 26060 D OkHttp : --> END POST
06-13 14:16:34.750 22832 22832 D ViewRootImpl@d082e43[MainActivity]: ViewPostImeInputStage processPointer 0
06-13 14:16:34.798 22832 22832 D ViewRootImpl@d082e43[MainActivity]: ViewPostImeInputStage processPointer 1
06-13 14:16:34.819 22832 22832 D item_click: viewId = 2131820758, position = 7
06-13 14:16:34.827 22832 26060 D OkHttp : <-- 200 https://testsaig1.gienger.cz/GiengerService.svc/sendorder (668ms)
06-13 14:16:34.827 22832 26060 D OkHttp : content-type: application/xml; charset=utf-8
06-13 14:16:34.827 22832 26060 D OkHttp : server: Microsoft-IIS/10.0
06-13 14:16:34.828 22832 26060 D OkHttp : x-powered-by: ASP.NET
06-13 14:16:34.828 22832 26060 D OkHttp : date: Thu, 13 Jun 2019 12:16:34 GMT
06-13 14:16:34.828 22832 26060 D OkHttp : content-length: 175
06-13 14:16:34.828 22832 26060 D OkHttp : <-- END HTTP
06-13 14:16:34.831 22832 26060 D sendOrder_SUCCESS: 200
06-13 14:16:34.898 22832 22832 D ViewRootImpl@d082e43[MainActivity]: MSG_WINDOW_FOCUS_CHANGED 0
06-13 14:16:34.912 22832 26060 D MESSAGE_SERVICE: ACTION_RESEND_ORDERS
06-13 14:16:34.943 22832 22832 D ScrollView: initGoToTop
06-13 14:16:35.025 22832 22832 D ViewRootImpl@bb8315a[CancelDeliveryActivity]: ThreadedRenderer.create() translucent=false
06-13 14:16:35.030 22832 22832 D InputTransport: Input channel constructed: fd=96
06-13 14:16:35.030 22832 22832 D ViewRootImpl@bb8315a[CancelDeliveryActivity]: setView = DecorView@2129f8b[CancelDeliveryActivity] touchMode=true
06-13 14:16:35.040 22832 22832 D ViewRootImpl@bb8315a[CancelDeliveryActivity]: dispatchAttachedToWindow
06-13 14:16:35.075 22832 22832 D ViewRootImpl@bb8315a[CancelDeliveryActivity]: Relayout returned: oldFrame=[0,0][0,0] newFrame=[0,0][768,1024] result=0x27 surface={isValid=true -1832261632} surfaceGenerationChanged=true
06-13 14:16:35.075 22832 22832 D ViewRootImpl@bb8315a[CancelDeliveryActivity]: mHardwareRenderer.initialize() mSurface={isValid=true -1832261632} hwInitialized=true
06-13 14:16:35.080 22832 22832 D ScrollView: onsize change changed
06-13 14:16:35.095 22832 22832 D Graph : removeVertex() : insertDummyVertex, because there is no ancestor.
06-13 14:16:35.095 22832 22832 D Graph : removeVertex() : insertDummyVertex, because there is no ancestor.
06-13 14:16:35.095 22832 22832 D Graph : removeVertex() : insertDummyVertex, because there is no ancestor.
06-13 14:16:35.095 22832 22832 D Graph : removeVertex() : insertDummyVertex, because there is no ancestor.
06-13 14:16:35.095 22832 22832 D Graph : removeVertex() : insertDummyVertex, because there is no ancestor.
06-13 14:16:35.107 22832 22832 D TextView: SYANI: Clipboard API is calling: clearFilter()
06-13 14:16:35.107 22832 22832 D TextView: SYANI: Clipboard API is calling: unregisterClipboardEventListener()
06-13 14:16:35.157 22832 22832 D ViewRootImpl@fe6b422[CancelDeliveryActivity]: mHardwareRenderer.destroy()#4
06-13 14:16:35.157 22832 22832 D ViewRootImpl@fe6b422[CancelDeliveryActivity]: dispatchDetachedFromWindow
06-13 14:16:35.167 22832 22832 D InputTransport: Input channel destroyed: fd=68
06-13 14:16:35.169 22832 22832 D LOCATION_SERVICE: onStartCommand
06-13 14:16:35.189 22832 22845 I art : Background partial concurrent mark sweep GC freed 181233(9MB) AllocSpace objects, 19(524KB) LOS objects, 47% free, 13MB/25MB, paused 1.975ms total 200.023ms
06-13 14:16:35.491 22832 22832 D ViewRootImpl@bb8315a[CancelDeliveryActivity]: MSG_RESIZED_REPORT: frame=Rect(0, 0 - 768, 1024) ci=Rect(0, 24 - 0, 0) vi=Rect(0, 24 - 0, 0) or=1
06-13 14:16:35.492 22832 22832 D ViewRootImpl@bb8315a[CancelDeliveryActivity]: MSG_WINDOW_FOCUS_CHANGED 1
06-13 14:16:35.492 22832 22832 D ViewRootImpl@bb8315a[CancelDeliveryActivity]: mHardwareRenderer.initializeIfNeeded()#2 mSurface={isValid=true -1832261632}
06-13 14:16:35.496 22832 22832 V InputMethodManager: Starting input: tba=android.view.inputmethod.EditorInfo@a7d7503 nm : cz.gienger.mobile ic=null
06-13 14:16:35.496 22832 22832 I InputMethodManager: startInputInner - mService.startInputOrWindowGainedFocus
06-13 14:16:35.521 22832 22832 D InputTransport: Input channel constructed: fd=68
06-13 14:16:35.521 22832 22832 D InputTransport: Input channel destroyed: fd=64
06-13 14:16:35.521 22832 22832 D LOCATION_SERVICE: onDestroy
06-13 14:16:35.590 22832 22878 D OpenGLRenderer: endAllActiveAnimators on 0x90c2b680 (RippleDrawable) with handle 0x905e6f40
06-13 14:16:35.590 22832 22832 D ViewRootImpl@d082e43[MainActivity]: mHardwareRenderer.destroy()#1
06-13 14:16:35.611 22832 22832 D ViewRootImpl@d082e43[MainActivity]: Relayout returned: oldFrame=[0,0][768,1024] newFrame=[0,0][768,1024] result=0x5 surface={isValid=false 0} surfaceGenerationChanged=true
06-13 14:16:35.709 22832 22832 D ViewRootImpl@d082e43[MainActivity]: Relayout returned: oldFrame=[0,0][768,1024] newFrame=[0,0][768,1024] result=0x5 surface={isValid=false 0} surfaceGenerationChanged=false
06-13 14:16:35.978 22832 22832 D ViewRootImpl@bb8315a[CancelDeliveryActivity]: ViewPostImeInputStage processPointer 0
06-13 14:16:36.049 22832 22832 D ViewRootImpl@bb8315a[CancelDeliveryActivity]: ViewPostImeInputStage processPointer 1
06-13 14:16:36.581 22832 22832 D ViewRootImpl@bb8315a[CancelDeliveryActivity]: ViewPostImeInputStage processPointer 0
06-13 14:16:36.681 22832 22832 D ViewRootImpl@bb8315a[CancelDeliveryActivity]: ViewPostImeInputStage processPointer 1
06-13 14:16:36.701 22832 22832 D UNDELIVERED: Reason ID = 8, Comment =
06-13 14:16:36.723 22832 22855 W art : Clearing bad or obsolete profile data from file /data/misc/profiles/cur/0/cz.gienger.mobile/primary.prof: Profile EOF reached prematurely for ReadProfileHeader
06-13 14:16:36.817 22832 26067 D MESSAGE_SERVICE: ACTION_COMPRESS_AND_UPLOAD
06-13 14:16:36.817 22832 22832 D ViewRootImpl@bb8315a[CancelDeliveryActivity]: MSG_WINDOW_FOCUS_CHANGED 0
06-13 14:16:36.877 22832 22832 D ViewRootImpl@d082e43[MainActivity]: mHardwareRenderer.destroy()#4
06-13 14:16:36.877 22832 22832 D ViewRootImpl@d082e43[MainActivity]: dispatchDetachedFromWindow
06-13 14:16:36.884 22832 22832 D InputTransport: Input channel destroyed: fd=79
06-13 14:16:37.124 22832 22832 D ViewRootImpl@6af972a[MainActivity]: ThreadedRenderer.create() translucent=false
06-13 14:16:37.127 22832 22832 D InputTransport: Input channel constructed: fd=88
06-13 14:16:37.128 22832 22832 D ViewRootImpl@6af972a[MainActivity]: setView = DecorView@d4e591b[MainActivity] touchMode=true
06-13 14:16:37.147 22832 22878 D OpenGLRenderer: endAllActiveAnimators on 0x90929000 (RippleDrawable) with handle 0x905ac9c0
06-13 14:16:37.147 22832 22832 D ViewRootImpl@bb8315a[CancelDeliveryActivity]: mHardwareRenderer.destroy()#1
06-13 14:16:37.154 22832 22832 D ViewRootImpl@bb8315a[CancelDeliveryActivity]: Relayout returned: oldFrame=[0,0][768,1024] newFrame=[0,0][768,1024] result=0x5 surface={isValid=false 0} surfaceGenerationChanged=true
06-13 14:16:37.155 22832 22832 D ViewRootImpl@6af972a[MainActivity]: dispatchAttachedToWindow
06-13 14:16:37.198 22832 22832 D ViewRootImpl@6af972a[MainActivity]: Relayout returned: oldFrame=[0,0][0,0] newFrame=[0,0][768,1024] result=0x7 surface={isValid=true -1832261632} surfaceGenerationChanged=true
06-13 14:16:37.199 22832 22832 D ViewRootImpl@6af972a[MainActivity]: mHardwareRenderer.initialize() mSurface={isValid=true -1832261632} hwInitialized=true
06-13 14:16:37.271 22832 22832 D AbsListView: in onLayout changed
06-13 14:16:37.334 22832 22832 D ViewRootImpl@6af972a[MainActivity]: MSG_RESIZED_REPORT: frame=Rect(0, 0 - 768, 1024) ci=Rect(0, 24 - 0, 0) vi=Rect(0, 24 - 0, 0) or=1
06-13 14:16:37.334 22832 22832 D ViewRootImpl@6af972a[MainActivity]: MSG_WINDOW_FOCUS_CHANGED 1
06-13 14:16:37.334 22832 22832 D ViewRootImpl@6af972a[MainActivity]: mHardwareRenderer.initializeIfNeeded()#2 mSurface={isValid=true -1832261632}
06-13 14:16:37.337 22832 22832 V InputMethodManager: Starting input: tba=android.view.inputmethod.EditorInfo@362a016 nm : cz.gienger.mobile ic=null
06-13 14:16:37.337 22832 22832 I InputMethodManager: startInputInner - mService.startInputOrWindowGainedFocus
06-13 14:16:37.351 22832 22832 D InputTransport: Input channel constructed: fd=64
06-13 14:16:37.351 22832 22832 D InputTransport: Input channel destroyed: fd=68
06-13 14:16:37.547 22832 26067 D FILE_MANAGER: Serializing delivery /data/user/0/cz.gienger.mobile/files/finished/130AT1193507460/130AT1193507460_2.xml
06-13 14:16:37.547 22832 26067 D FILE_MANAGER: Null files:
06-13 14:16:37.611 22832 26067 D MYINTERCEPTOR: /GiengerService.svc/sendorder
06-13 14:16:37.612 22832 26067 D OkHttp : --> POST https://testsaig1.gienger.cz/GiengerService.svc/sendorder http/1.1
06-13 14:16:37.612 22832 26067 D OkHttp : Content-Type: text/raw
06-13 14:16:37.613 22832 26067 D OkHttp : Content-Length: 2964
06-13 14:16:37.613 22832 26067 D OkHttp : filename: 130AT1193507460_2.xml
06-13 14:16:37.613 22832 26067 D OkHttp : Checksum: dc44fb0d3a8563500f11c0098aa8546f
06-13 14:16:37.613 22832 26067 D OkHttp : token: f4c643afb8a3b02eb9ae3a6a61fbdc24
06-13 14:16:37.613 22832 26067 D OkHttp : --> END POST
06-13 14:16:37.741 22832 26067 D OkHttp : <-- 200 https://testsaig1.gienger.cz/GiengerService.svc/sendorder (128ms)
06-13 14:16:37.741 22832 26067 D OkHttp : content-type: application/xml; charset=utf-8
06-13 14:16:37.741 22832 26067 D OkHttp : server: Microsoft-IIS/10.0
06-13 14:16:37.741 22832 26067 D OkHttp : x-powered-by: ASP.NET
06-13 14:16:37.741 22832 26067 D OkHttp : date: Thu, 13 Jun 2019 12:16:37 GMT
06-13 14:16:37.741 22832 26067 D OkHttp : content-length: 175
06-13 14:16:37.741 22832 26067 D OkHttp : <-- END HTTP
06-13 14:16:37.745 22832 26067 D sendOrder_SUCCESS: 200
06-13 14:16:37.769 22832 26067 D MESSAGE_SERVICE: ACTION_RESEND_ORDERS
06-13 14:16:38.095 22832 22832 D AbsListView: in onLayout changed
06-13 14:16:38.109 22832 22832 D ViewRootImpl@6af972a[MainActivity]: ViewPostImeInputStage processPointer 0
06-13 14:16:38.393 22832 22832 D AbsListView: in onLayout changed
06-13 14:16:38.452 22832 22832 D TextView: SYANI: Clipboard API is calling: clearFilter()
06-13 14:16:38.452 22832 22832 D TextView: SYANI: Clipboard API is calling: unregisterClipboardEventListener()
06-13 14:16:38.459 22832 22832 D ViewRootImpl@bb8315a[CancelDeliveryActivity]: mHardwareRenderer.destroy()#4
06-13 14:16:38.459 22832 22832 D ViewRootImpl@bb8315a[CancelDeliveryActivity]: dispatchDetachedFromWindow
06-13 14:16:38.465 22832 22832 D InputTransport: Input channel destroyed: fd=96
06-13 14:16:38.467 22832 22832 D ViewRootImpl@6af972a[MainActivity]: ViewPostImeInputStage processPointer 1
06-13 14:16:38.913 22832 22832 D ViewRootImpl@6af972a[MainActivity]: ViewPostImeInputStage processPointer 0
06-13 14:16:39.003 22832 22832 D ViewRootImpl@6af972a[MainActivity]: ViewPostImeInputStage processPointer 1
06-13 14:16:39.016 22832 22832 D item_click: viewId = 2131820758, position = 8
06-13 14:16:39.064 22832 22832 D ViewRootImpl@6af972a[MainActivity]: MSG_WINDOW_FOCUS_CHANGED 0
06-13 14:16:39.121 22832 22832 D ScrollView: initGoToTop
06-13 14:16:39.187 22832 22832 D ViewRootImpl@474547[CancelDeliveryActivity]: ThreadedRenderer.create() translucent=false
06-13 14:16:39.193 22832 22832 D InputTransport: Input channel constructed: fd=68
06-13 14:16:39.193 22832 22832 D ViewRootImpl@474547[CancelDeliveryActivity]: setView = DecorView@15e5174[CancelDeliveryActivity] touchMode=true
06-13 14:16:39.194 22832 22832 D LOCATION_SERVICE: LocationListener gps
06-13 14:16:39.195 22832 22832 D LOCATION_SERVICE: LocationListener network
06-13 14:16:39.196 22832 22832 D LOCATION_SERVICE: onCreate
06-13 14:16:39.196 22832 22832 D LOCATION_SERVICE: initializeLocationManager
06-13 14:16:39.203 22832 22832 D LOCATION_SERVICE: onStartCommand
06-13 14:16:39.226 22832 22832 D ViewRootImpl@474547[CancelDeliveryActivity]: dispatchAttachedToWindow
06-13 14:16:39.267 22832 22832 D ViewRootImpl@474547[CancelDeliveryActivity]: Relayout returned: oldFrame=[0,0][0,0] newFrame=[0,0][768,1024] result=0x27 surface={isValid=true -1853073408} surfaceGenerationChanged=true
06-13 14:16:39.268 22832 22832 D ViewRootImpl@474547[CancelDeliveryActivity]: mHardwareRenderer.initialize() mSurface={isValid=true -1853073408} hwInitialized=true
06-13 14:16:39.276 22832 22832 D ScrollView: onsize change changed
06-13 14:16:39.336 22832 22832 D ViewRootImpl@474547[CancelDeliveryActivity]: MSG_RESIZED_REPORT: frame=Rect(0, 0 - 768, 1024) ci=Rect(0, 24 - 0, 0) vi=Rect(0, 24 - 0, 0) or=1
06-13 14:16:39.336 22832 22832 D ViewRootImpl@474547[CancelDeliveryActivity]: MSG_WINDOW_FOCUS_CHANGED 1
06-13 14:16:39.337 22832 22832 D ViewRootImpl@474547[CancelDeliveryActivity]: mHardwareRenderer.initializeIfNeeded()#2 mSurface={isValid=true -1853073408}
06-13 14:16:39.352 22832 22832 V InputMethodManager: Starting input: tba=android.view.inputmethod.EditorInfo@973575b nm : cz.gienger.mobile ic=null
06-13 14:16:39.352 22832 22832 I InputMethodManager: startInputInner - mService.startInputOrWindowGainedFocus
06-13 14:16:39.356 22832 22832 D InputTransport: Input channel constructed: fd=78
06-13 14:16:39.356 22832 22832 D InputTransport: Input channel destroyed: fd=64
06-13 14:16:39.403 22832 22878 D OpenGLRenderer: endAllActiveAnimators on 0x94496b00 (RippleDrawable) with handle 0x9185ccb0
06-13 14:16:39.403 22832 22832 D ViewRootImpl@6af972a[MainActivity]: mHardwareRenderer.destroy()#1
06-13 14:16:39.412 22832 22832 D ViewRootImpl@6af972a[MainActivity]: Relayout returned: oldFrame=[0,0][768,1024] newFrame=[0,0][768,1024] result=0x5 surface={isValid=false 0} surfaceGenerationChanged=true
06-13 14:16:39.802 22832 22832 D ViewRootImpl@6af972a[MainActivity]: Relayout returned: oldFrame=[0,0][768,1024] newFrame=[0,0][768,1024] result=0x5 surface={isValid=false 0} surfaceGenerationChanged=false
06-13 14:16:39.997 22832 22832 D ViewRootImpl@474547[CancelDeliveryActivity]: ViewPostImeInputStage processPointer 0
06-13 14:16:40.059 22832 22832 D ViewRootImpl@474547[CancelDeliveryActivity]: ViewPostImeInputStage processPointer 1
06-13 14:16:40.732 22832 22832 D ViewRootImpl@474547[CancelDeliveryActivity]: ViewPostImeInputStage processPointer 0
06-13 14:16:40.791 22832 22832 D ViewRootImpl@474547[CancelDeliveryActivity]: ViewPostImeInputStage processPointer 1
06-13 14:16:40.810 22832 22832 D UNDELIVERED: Reason ID = 8, Comment =
06-13 14:16:40.913 22832 22832 D ViewRootImpl@474547[CancelDeliveryActivity]: MSG_WINDOW_FOCUS_CHANGED 0
06-13 14:16:40.918 22832 26074 D MESSAGE_SERVICE: ACTION_COMPRESS_AND_UPLOAD
06-13 14:16:40.969 22832 22832 D ViewRootImpl@6af972a[MainActivity]: mHardwareRenderer.destroy()#4
06-13 14:16:40.969 22832 22832 D ViewRootImpl@6af972a[MainActivity]: dispatchDetachedFromWindow
06-13 14:16:40.976 22832 22832 D InputTransport: Input channel destroyed: fd=88
06-13 14:16:41.243 22832 22832 D ViewRootImpl@e0a0fd7[MainActivity]: ThreadedRenderer.create() translucent=false
06-13 14:16:41.247 22832 22832 D InputTransport: Input channel constructed: fd=76
06-13 14:16:41.247 22832 22832 D ViewRootImpl@e0a0fd7[MainActivity]: setView = DecorView@26670c4[MainActivity] touchMode=true
06-13 14:16:41.262 22832 22878 D OpenGLRenderer: endAllActiveAnimators on 0x945cb780 (RippleDrawable) with handle 0x918b02b0
06-13 14:16:41.262 22832 22832 D ViewRootImpl@474547[CancelDeliveryActivity]: mHardwareRenderer.destroy()#1
06-13 14:16:41.269 22832 22832 D ViewRootImpl@474547[CancelDeliveryActivity]: Relayout returned: oldFrame=[0,0][768,1024] newFrame=[0,0][768,1024] result=0x5 surface={isValid=false 0} surfaceGenerationChanged=true
06-13 14:16:41.270 22832 22832 D ViewRootImpl@e0a0fd7[MainActivity]: dispatchAttachedToWindow
06-13 14:16:41.277 22832 22845 I art : Background sticky concurrent mark sweep GC freed 241540(9MB) AllocSpace objects, 10(200KB) LOS objects, 39% free, 15MB/25MB, paused 2.092ms total 112.766ms
06-13 14:16:41.310 22832 22832 D ViewRootImpl@e0a0fd7[MainActivity]: Relayout returned: oldFrame=[0,0][0,0] newFrame=[0,0][768,1024] result=0x7 surface={isValid=true -1866381312} surfaceGenerationChanged=true
06-13 14:16:41.310 22832 22832 D ViewRootImpl@e0a0fd7[MainActivity]: mHardwareRenderer.initialize() mSurface={isValid=true -1866381312} hwInitialized=true
06-13 14:16:41.383 22832 22832 D AbsListView: in onLayout changed
06-13 14:16:41.437 22832 22832 D ViewRootImpl@e0a0fd7[MainActivity]: MSG_RESIZED_REPORT: frame=Rect(0, 0 - 768, 1024) ci=Rect(0, 24 - 0, 0) vi=Rect(0, 24 - 0, 0) or=1
06-13 14:16:41.437 22832 22832 D ViewRootImpl@e0a0fd7[MainActivity]: MSG_WINDOW_FOCUS_CHANGED 1
06-13 14:16:41.437 22832 22832 D ViewRootImpl@e0a0fd7[MainActivity]: mHardwareRenderer.initializeIfNeeded()#2 mSurface={isValid=true -1866381312}
06-13 14:16:41.439 22832 22832 V InputMethodManager: Starting input: tba=android.view.inputmethod.EditorInfo@bad6850 nm : cz.gienger.mobile ic=null
06-13 14:16:41.439 22832 22832 I InputMethodManager: startInputInner - mService.startInputOrWindowGainedFocus
06-13 14:16:41.446 22832 22832 D InputTransport: Input channel constructed: fd=73
06-13 14:16:41.446 22832 22832 D InputTransport: Input channel destroyed: fd=78
06-13 14:16:41.642 22832 26074 D FILE_MANAGER: Serializing delivery /data/user/0/cz.gienger.mobile/files/finished/130AT1193507462/130AT1193507462.xml
06-13 14:16:41.642 22832 26074 D FILE_MANAGER: Null files:
06-13 14:16:41.711 22832 26074 D MYINTERCEPTOR: /GiengerService.svc/sendorder
06-13 14:16:41.712 22832 26074 D OkHttp : --> POST https://testsaig1.gienger.cz/GiengerService.svc/sendorder http/1.1
06-13 14:16:41.712 22832 26074 D OkHttp : Content-Type: text/raw
06-13 14:16:41.712 22832 26074 D OkHttp : Content-Length: 4584
06-13 14:16:41.713 22832 26074 D OkHttp : filename: 130AT1193507462.xml
06-13 14:16:41.713 22832 26074 D OkHttp : Checksum: 863734109049b0022f12832e5c597071
06-13 14:16:41.713 22832 26074 D OkHttp : token: f4c643afb8a3b02eb9ae3a6a61fbdc24
06-13 14:16:41.713 22832 26074 D OkHttp : --> END POST
06-13 14:16:42.041 22832 26074 D OkHttp : <-- 200 https://testsaig1.gienger.cz/GiengerService.svc/sendorder (328ms)
06-13 14:16:42.041 22832 26074 D OkHttp : content-type: application/xml; charset=utf-8
06-13 14:16:42.041 22832 26074 D OkHttp : server: Microsoft-IIS/10.0
06-13 14:16:42.041 22832 26074 D OkHttp : x-powered-by: ASP.NET
06-13 14:16:42.041 22832 26074 D OkHttp : date: Thu, 13 Jun 2019 12:16:41 GMT
06-13 14:16:42.041 22832 26074 D OkHttp : content-length: 175
06-13 14:16:42.041 22832 26074 D OkHttp : <-- END HTTP
06-13 14:16:42.049 22832 26074 D sendOrder_SUCCESS: 200
06-13 14:16:42.099 22832 26074 D MESSAGE_SERVICE: ACTION_RESEND_ORDERS
06-13 14:16:42.327 22832 22832 D ViewRootImpl@e0a0fd7[MainActivity]: ViewPostImeInputStage processPointer 0
06-13 14:16:42.418 22832 22832 D AbsListView: in onLayout changed
06-13 14:16:42.712 22832 22832 D AbsListView: in onLayout changed
06-13 14:16:42.785 22832 22832 D TextView: SYANI: Clipboard API is calling: clearFilter()
06-13 14:16:42.785 22832 22832 D TextView: SYANI: Clipboard API is calling: unregisterClipboardEventListener()
06-13 14:16:42.793 22832 22832 D ViewRootImpl@474547[CancelDeliveryActivity]: mHardwareRenderer.destroy()#4
06-13 14:16:42.793 22832 22832 D ViewRootImpl@474547[CancelDeliveryActivity]: dispatchDetachedFromWindow
06-13 14:16:42.806 22832 22832 D InputTransport: Input channel destroyed: fd=68
06-13 14:16:42.811 22832 22832 D ViewRootImpl@e0a0fd7[MainActivity]: ViewPostImeInputStage processPointer 1
06-13 14:16:42.812 22832 22832 D LOCATION_SERVICE: onDestroy
06-13 14:16:43.218 22832 22832 D ViewRootImpl@e0a0fd7[MainActivity]: ViewPostImeInputStage processPointer 0
06-13 14:16:43.252 22832 22832 D AbsListView: reportScrollStateChange() newState : 1
06-13 14:16:44.267 22832 22832 D ViewRootImpl@e0a0fd7[MainActivity]: ViewPostImeInputStage processPointer 1
06-13 14:16:44.268 22832 22832 D AbsListView: onTouchUp() mTouchMode : 3
06-13 14:16:44.268 22832 22832 D AbsListView: onTouchUp() TOUCH_MODE_SCROLL initialVelocity : -6
06-13 14:16:44.268 22832 22832 D AbsListView: reportScrollStateChange() newState : 0
06-13 14:16:44.611 22832 22832 D ViewRootImpl@e0a0fd7[MainActivity]: ViewPostImeInputStage processPointer 0
06-13 14:16:44.668 22832 22832 D ViewRootImpl@e0a0fd7[MainActivity]: ViewPostImeInputStage processPointer 1
06-13 14:16:44.690 22832 22832 D item_click: viewId = 2131820758, position = 9
06-13 14:16:44.737 22832 22832 D ViewRootImpl@e0a0fd7[MainActivity]: MSG_WINDOW_FOCUS_CHANGED 0
06-13 14:16:44.801 22832 22832 D ScrollView: initGoToTop
06-13 14:16:44.864 22832 22832 D ViewRootImpl@3f877e6[CancelDeliveryActivity]: ThreadedRenderer.create() translucent=false
06-13 14:16:44.867 22832 22832 D InputTransport: Input channel constructed: fd=64
06-13 14:16:44.867 22832 22832 D ViewRootImpl@3f877e6[CancelDeliveryActivity]: setView = DecorView@7375127[CancelDeliveryActivity] touchMode=true
06-13 14:16:44.874 22832 22832 D ViewRootImpl@3f877e6[CancelDeliveryActivity]: dispatchAttachedToWindow
06-13 14:16:44.918 22832 22832 D ViewRootImpl@3f877e6[CancelDeliveryActivity]: Relayout returned: oldFrame=[0,0][0,0] newFrame=[0,0][768,1024] result=0x27 surface={isValid=true -1878007808} surfaceGenerationChanged=true
06-13 14:16:44.918 22832 22832 D ViewRootImpl@3f877e6[CancelDeliveryActivity]: mHardwareRenderer.initialize() mSurface={isValid=true -1878007808} hwInitialized=true
06-13 14:16:44.922 22832 22832 D ScrollView: onsize change changed
06-13 14:16:44.923 22832 22832 D LOCATION_SERVICE: LocationListener gps
06-13 14:16:44.924 22832 22832 D LOCATION_SERVICE: LocationListener network
06-13 14:16:44.925 22832 22832 D LOCATION_SERVICE: onCreate
06-13 14:16:44.925 22832 22832 D LOCATION_SERVICE: initializeLocationManager
06-13 14:16:44.934 22832 22832 D LOCATION_SERVICE: onStartCommand
06-13 14:16:44.984 22832 22832 D ViewRootImpl@3f877e6[CancelDeliveryActivity]: MSG_RESIZED_REPORT: frame=Rect(0, 0 - 768, 1024) ci=Rect(0, 24 - 0, 0) vi=Rect(0, 24 - 0, 0) or=1
06-13 14:16:44.984 22832 22832 D ViewRootImpl@3f877e6[CancelDeliveryActivity]: MSG_WINDOW_FOCUS_CHANGED 1
06-13 14:16:44.984 22832 22832 D ViewRootImpl@3f877e6[CancelDeliveryActivity]: mHardwareRenderer.initializeIfNeeded()#2 mSurface={isValid=true -1878007808}
06-13 14:16:44.993 22832 22832 V InputMethodManager: Starting input: tba=android.view.inputmethod.EditorInfo@588d7ca nm : cz.gienger.mobile ic=null
06-13 14:16:44.993 22832 22832 I InputMethodManager: startInputInner - mService.startInputOrWindowGainedFocus
06-13 14:16:44.999 22832 22832 D InputTransport: Input channel constructed: fd=68
06-13 14:16:44.999 22832 22832 D InputTransport: Input channel destroyed: fd=73
06-13 14:16:45.061 22832 22878 D OpenGLRenderer: endAllActiveAnimators on 0x941e1100 (RippleDrawable) with handle 0x918f5ef0
06-13 14:16:45.061 22832 22832 D ViewRootImpl@e0a0fd7[MainActivity]: mHardwareRenderer.destroy()#1
06-13 14:16:45.069 22832 22832 D ViewRootImpl@e0a0fd7[MainActivity]: Relayout returned: oldFrame=[0,0][768,1024] newFrame=[0,0][768,1024] result=0x5 surface={isValid=false 0} surfaceGenerationChanged=true
06-13 14:16:45.431 22832 22832 D ViewRootImpl@e0a0fd7[MainActivity]: Relayout returned: oldFrame=[0,0][768,1024] newFrame=[0,0][768,1024] result=0x5 surface={isValid=false 0} surfaceGenerationChanged=false
06-13 14:16:45.598 22832 22832 D LOCATION_SERVICE: onLocationChanged: Location[network 49,191239,17,534668 acc=21 et=+1d0h31m18s528ms alt=0.0 vel=0.0 bear=0.0 {Bundle[mParcelledData.dataSize=80]}]
06-13 14:16:45.794 22832 22832 D ViewRootImpl@3f877e6[CancelDeliveryActivity]: ViewPostImeInputStage processPointer 0
06-13 14:16:45.856 22832 22832 D ViewRootImpl@3f877e6[CancelDeliveryActivity]: ViewPostImeInputStage processPointer 1
06-13 14:16:46.528 22832 22832 D ViewRootImpl@3f877e6[CancelDeliveryActivity]: ViewPostImeInputStage processPointer 0
06-13 14:16:46.586 22832 22832 D ViewRootImpl@3f877e6[CancelDeliveryActivity]: ViewPostImeInputStage processPointer 1
06-13 14:16:46.603 22832 22832 D UNDELIVERED: Reason ID = 8, Comment =
06-13 14:16:46.708 22832 26080 D MESSAGE_SERVICE: ACTION_COMPRESS_AND_UPLOAD
06-13 14:16:46.708 22832 22832 D ViewRootImpl@3f877e6[CancelDeliveryActivity]: MSG_WINDOW_FOCUS_CHANGED 0
06-13 14:16:46.755 22832 22832 D ViewRootImpl@e0a0fd7[MainActivity]: mHardwareRenderer.destroy()#4
06-13 14:16:46.756 22832 22832 D ViewRootImpl@e0a0fd7[MainActivity]: dispatchDetachedFromWindow
06-13 14:16:46.764 22832 22832 D InputTransport: Input channel destroyed: fd=76
06-13 14:16:47.014 22832 22832 D ViewRootImpl@9d06251[MainActivity]: ThreadedRenderer.create() translucent=false
06-13 14:16:47.022 22832 22832 D InputTransport: Input channel constructed: fd=79
06-13 14:16:47.022 22832 22832 D ViewRootImpl@9d06251[MainActivity]: setView = DecorView@754bab6[MainActivity] touchMode=true
06-13 14:16:47.048 22832 22878 D OpenGLRenderer: endAllActiveAnimators on 0x94d24200 (RippleDrawable) with handle 0x91ffc190
06-13 14:16:47.049 22832 22832 D ViewRootImpl@3f877e6[CancelDeliveryActivity]: mHardwareRenderer.destroy()#1
06-13 14:16:47.065 22832 22832 D ViewRootImpl@3f877e6[CancelDeliveryActivity]: Relayout returned: oldFrame=[0,0][768,1024] newFrame=[0,0][768,1024] result=0x5 surface={isValid=false 0} surfaceGenerationChanged=true
06-13 14:16:47.066 22832 22832 D ViewRootImpl@9d06251[MainActivity]: dispatchAttachedToWindow
06-13 14:16:47.091 22832 22845 I art : Background sticky concurrent mark sweep GC freed 189529(7MB) AllocSpace objects, 9(180KB) LOS objects, 32% free, 17MB/25MB, paused 1.497ms total 104.267ms
06-13 14:16:47.113 22832 22832 D ViewRootImpl@9d06251[MainActivity]: Relayout returned: oldFrame=[0,0][0,0] newFrame=[0,0][768,1024] result=0x7 surface={isValid=true -1854408704} surfaceGenerationChanged=true
06-13 14:16:47.114 22832 22832 D ViewRootImpl@9d06251[MainActivity]: mHardwareRenderer.initialize() mSurface={isValid=true -1854408704} hwInitialized=true
06-13 14:16:47.183 22832 22832 D AbsListView: in onLayout changed
06-13 14:16:47.239 22832 22832 D ViewRootImpl@9d06251[MainActivity]: MSG_RESIZED_REPORT: frame=Rect(0, 0 - 768, 1024) ci=Rect(0, 24 - 0, 0) vi=Rect(0, 24 - 0, 0) or=1
06-13 14:16:47.239 22832 22832 D ViewRootImpl@9d06251[MainActivity]: MSG_WINDOW_FOCUS_CHANGED 1
06-13 14:16:47.240 22832 22832 D ViewRootImpl@9d06251[MainActivity]: mHardwareRenderer.initializeIfNeeded()#2 mSurface={isValid=true -1854408704}
06-13 14:16:47.241 22832 22832 V InputMethodManager: Starting input: tba=android.view.inputmethod.EditorInfo@354fff3 nm : cz.gienger.mobile ic=null
06-13 14:16:47.241 22832 22832 I InputMethodManager: startInputInner - mService.startInputOrWindowGainedFocus
06-13 14:16:47.249 22832 22832 D InputTransport: Input channel constructed: fd=76
06-13 14:16:47.249 22832 22832 D InputTransport: Input channel destroyed: fd=68
06-13 14:16:47.440 22832 26080 D FILE_MANAGER: Serializing delivery /data/user/0/cz.gienger.mobile/files/finished/130AT1193507471/130AT1193507471.xml
06-13 14:16:47.440 22832 26080 D FILE_MANAGER: Null files:
06-13 14:16:47.504 22832 26080 D MYINTERCEPTOR: /GiengerService.svc/sendorder
06-13 14:16:47.505 22832 26080 D OkHttp : --> POST https://testsaig1.gienger.cz/GiengerService.svc/sendorder http/1.1
06-13 14:16:47.505 22832 26080 D OkHttp : Content-Type: text/raw
06-13 14:16:47.505 22832 26080 D OkHttp : Content-Length: 3360
06-13 14:16:47.505 22832 26080 D OkHttp : filename: 130AT1193507471.xml
06-13 14:16:47.505 22832 26080 D OkHttp : Checksum: f29ec8acdc7164471436cef03b574a32
06-13 14:16:47.505 22832 26080 D OkHttp : token: f4c643afb8a3b02eb9ae3a6a61fbdc24
06-13 14:16:47.505 22832 26080 D OkHttp : --> END POST
06-13 14:16:48.002 22832 26080 D OkHttp : <-- 200 https://testsaig1.gienger.cz/GiengerService.svc/sendorder (496ms)
06-13 14:16:48.002 22832 26080 D OkHttp : content-type: application/xml; charset=utf-8
06-13 14:16:48.002 22832 26080 D OkHttp : server: Microsoft-IIS/10.0
06-13 14:16:48.003 22832 26080 D OkHttp : x-powered-by: ASP.NET
06-13 14:16:48.003 22832 26080 D OkHttp : date: Thu, 13 Jun 2019 12:16:47 GMT
06-13 14:16:48.003 22832 26080 D OkHttp : content-length: 175
06-13 14:16:48.003 22832 26080 D OkHttp : <-- END HTTP
06-13 14:16:48.008 22832 26080 D sendOrder_SUCCESS: 200
06-13 14:16:48.056 22832 26080 D MESSAGE_SERVICE: ACTION_RESEND_ORDERS
06-13 14:16:48.297 22832 22832 D ViewRootImpl@9d06251[MainActivity]: ViewPostImeInputStage processPointer 0
06-13 14:16:48.393 22832 22832 D AbsListView: in onLayout changed
06-13 14:16:48.593 22832 22832 D ViewRootImpl@9d06251[MainActivity]: ViewPostImeInputStage processPointer 1
06-13 14:16:48.675 22832 22832 D AbsListView: in onLayout changed
06-13 14:16:48.748 22832 22832 D TextView: SYANI: Clipboard API is calling: clearFilter()
06-13 14:16:48.749 22832 22832 D TextView: SYANI: Clipboard API is calling: unregisterClipboardEventListener()
06-13 14:16:48.758 22832 22832 D ViewRootImpl@3f877e6[CancelDeliveryActivity]: mHardwareRenderer.destroy()#4
06-13 14:16:48.758 22832 22832 D ViewRootImpl@3f877e6[CancelDeliveryActivity]: dispatchDetachedFromWindow
06-13 14:16:48.773 22832 22832 D InputTransport: Input channel destroyed: fd=64
06-13 14:16:48.773 22832 22832 D LOCATION_SERVICE: onDestroy
06-13 14:16:48.823 22832 22832 D ViewRootImpl@9d06251[MainActivity]: ViewPostImeInputStage processPointer 0
06-13 14:16:48.848 22832 22832 D AbsListView: reportScrollStateChange() newState : 1
06-13 14:16:49.417 22832 22832 D ViewRootImpl@9d06251[MainActivity]: ViewPostImeInputStage processPointer 1
06-13 14:16:49.418 22832 22832 D AbsListView: onTouchUp() mTouchMode : 3
06-13 14:16:49.418 22832 22832 D AbsListView: onTouchUp() TOUCH_MODE_SCROLL initialVelocity : -33
06-13 14:16:49.418 22832 22832 D AbsListView: reportScrollStateChange() newState : 0
06-13 14:16:49.723 22832 22832 D ViewRootImpl@9d06251[MainActivity]: ViewPostImeInputStage processPointer 0
06-13 14:16:49.766 22832 22832 D ViewRootImpl@9d06251[MainActivity]: ViewPostImeInputStage processPointer 1
06-13 14:16:49.776 22832 22832 D item_click: viewId = 2131820758, position = 11
06-13 14:16:49.827 22832 22832 D ViewRootImpl@9d06251[MainActivity]: MSG_WINDOW_FOCUS_CHANGED 0
06-13 14:16:49.886 22832 22832 D ScrollView: initGoToTop
06-13 14:16:49.949 22832 22832 D ViewRootImpl@aaba5d4[CancelDeliveryActivity]: ThreadedRenderer.create() translucent=false
06-13 14:16:49.952 22832 22832 D InputTransport: Input channel constructed: fd=64
06-13 14:16:49.952 22832 22832 D ViewRootImpl@aaba5d4[CancelDeliveryActivity]: setView = DecorView@d94637d[CancelDeliveryActivity] touchMode=true
06-13 14:16:49.964 22832 22832 D ViewRootImpl@aaba5d4[CancelDeliveryActivity]: dispatchAttachedToWindow
06-13 14:16:49.994 22832 22832 D ViewRootImpl@aaba5d4[CancelDeliveryActivity]: Relayout returned: oldFrame=[0,0][0,0] newFrame=[0,0][768,1024] result=0x27 surface={isValid=true -1824815104} surfaceGenerationChanged=true
06-13 14:16:49.995 22832 22832 D ViewRootImpl@aaba5d4[CancelDeliveryActivity]: mHardwareRenderer.initialize() mSurface={isValid=true -1824815104} hwInitialized=true
06-13 14:16:50.000 22832 22832 D ScrollView: onsize change changed
