06-13 14:17:19.256 22832 22832 D ViewRootImpl@83edf96[CancelDeliveryActivity]: dispatchDetachedFromWindow
06-13 14:17:19.266 22832 22832 D InputTransport: Input channel destroyed: fd=74
06-13 14:17:19.266 22832 22832 D LOCATION_SERVICE: onDestroy
06-13 14:17:19.636 22832 22832 D ViewRootImpl@32b3666[MainActivity]: ViewPostImeInputStage processPointer 0
06-13 14:17:19.706 22832 22832 D ViewRootImpl@32b3666[MainActivity]: ViewPostImeInputStage processPointer 1
06-13 14:17:19.724 22832 22832 D item_click: viewId = 2131820758, position = 16
06-13 14:17:19.773 22832 22832 D ViewRootImpl@32b3666[MainActivity]: MSG_WINDOW_FOCUS_CHANGED 0
06-13 14:17:19.826 22832 22832 D ScrollView: initGoToTop
06-13 14:17:19.912 22832 22832 D ViewRootImpl@8284659[CancelDeliveryActivity]: ThreadedRenderer.create() translucent=false
06-13 14:17:19.915 22832 22832 D InputTransport: Input channel constructed: fd=74
06-13 14:17:19.916 22832 22832 D ViewRootImpl@8284659[CancelDeliveryActivity]: setView = DecorView@6b421e[CancelDeliveryActivity] touchMode=true
06-13 14:17:19.922 22832 22832 D LOCATION_SERVICE: LocationListener gps
06-13 14:17:19.923 22832 22832 D LOCATION_SERVICE: LocationListener network
06-13 14:17:19.924 22832 22832 D LOCATION_SERVICE: onCreate
06-13 14:17:19.924 22832 22832 D LOCATION_SERVICE: initializeLocationManager
06-13 14:17:19.937 22832 22832 D LOCATION_SERVICE: onStartCommand
06-13 14:17:19.957 22832 22832 D ViewRootImpl@8284659[CancelDeliveryActivity]: dispatchAttachedToWindow
06-13 14:17:19.993 22832 22832 D ViewRootImpl@8284659[CancelDeliveryActivity]: Relayout returned: oldFrame=[0,0][0,0] newFrame=[0,0][768,1024] result=0x27 surface={isValid=true -1854408704} surfaceGenerationChanged=true
06-13 14:17:19.994 22832 22832 D ViewRootImpl@8284659[CancelDeliveryActivity]: mHardwareRenderer.initialize() mSurface={isValid=true -1854408704} hwInitialized=true
06-13 14:17:20.002 22832 22832 D ScrollView: onsize change changed
06-13 14:17:20.045 22832 22832 D ViewRootImpl@8284659[CancelDeliveryActivity]: MSG_RESIZED_REPORT: frame=Rect(0, 0 - 768, 1024) ci=Rect(0, 24 - 0, 0) vi=Rect(0, 24 - 0, 0) or=1
06-13 14:17:20.045 22832 22832 D ViewRootImpl@8284659[CancelDeliveryActivity]: MSG_WINDOW_FOCUS_CHANGED 1
06-13 14:17:20.045 22832 22832 D ViewRootImpl@8284659[CancelDeliveryActivity]: mHardwareRenderer.initializeIfNeeded()#2 mSurface={isValid=true -1854408704}
06-13 14:17:20.050 22832 22832 V InputMethodManager: Starting input: tba=android.view.inputmethod.EditorInfo@24debcd nm : cz.gienger.mobile ic=null
06-13 14:17:20.050 22832 22832 I InputMethodManager: startInputInner - mService.startInputOrWindowGainedFocus
06-13 14:17:20.066 22832 22832 D InputTransport: Input channel constructed: fd=95
06-13 14:17:20.066 22832 22832 D InputTransport: Input channel destroyed: fd=61
06-13 14:17:20.103 22832 22878 D OpenGLRenderer: endAllActiveAnimators on 0x93a96980 (RippleDrawable) with handle 0x94fb0a40
06-13 14:17:20.103 22832 22832 D ViewRootImpl@32b3666[MainActivity]: mHardwareRenderer.destroy()#1
06-13 14:17:20.110 22832 22832 D ViewRootImpl@32b3666[MainActivity]: Relayout returned: oldFrame=[0,0][768,1024] newFrame=[0,0][768,1024] result=0x5 surface={isValid=false 0} surfaceGenerationChanged=true
06-13 14:17:20.507 22832 22832 D ViewRootImpl@32b3666[MainActivity]: Relayout returned: oldFrame=[0,0][768,1024] newFrame=[0,0][768,1024] result=0x5 surface={isValid=false 0} surfaceGenerationChanged=false
06-13 14:17:20.758 22832 22832 D ViewRootImpl@8284659[CancelDeliveryActivity]: ViewPostImeInputStage processPointer 0
06-13 14:17:20.832 22832 22832 D ViewRootImpl@8284659[CancelDeliveryActivity]: ViewPostImeInputStage processPointer 1
06-13 14:17:21.520 22832 22832 D ViewRootImpl@8284659[CancelDeliveryActivity]: ViewPostImeInputStage processPointer 0
06-13 14:17:21.598 22832 22832 D ViewRootImpl@8284659[CancelDeliveryActivity]: ViewPostImeInputStage processPointer 1
06-13 14:17:21.616 22832 22832 D UNDELIVERED: Reason ID = 7, Comment =
06-13 14:17:21.719 22832 22832 D ViewRootImpl@8284659[CancelDeliveryActivity]: MSG_WINDOW_FOCUS_CHANGED 0
06-13 14:17:21.728 22832 26128 D MESSAGE_SERVICE: ACTION_COMPRESS_AND_UPLOAD
06-13 14:17:21.785 22832 22832 D ViewRootImpl@32b3666[MainActivity]: mHardwareRenderer.destroy()#4
06-13 14:17:21.785 22832 22832 D ViewRootImpl@32b3666[MainActivity]: dispatchDetachedFromWindow
06-13 14:17:21.794 22832 22832 D InputTransport: Input channel destroyed: fd=113
06-13 14:17:22.032 22832 22832 D ViewRootImpl@f1df6ee[MainActivity]: ThreadedRenderer.create() translucent=false
06-13 14:17:22.035 22832 22832 D InputTransport: Input channel constructed: fd=91
06-13 14:17:22.036 22832 22832 D ViewRootImpl@f1df6ee[MainActivity]: setView = DecorView@b12d78f[MainActivity] touchMode=true
06-13 14:17:22.050 22832 22878 D OpenGLRenderer: endAllActiveAnimators on 0x905ee000 (RippleDrawable) with handle 0x9545cf90
06-13 14:17:22.050 22832 22832 D ViewRootImpl@8284659[CancelDeliveryActivity]: mHardwareRenderer.destroy()#1
06-13 14:17:22.057 22832 22832 D ViewRootImpl@8284659[CancelDeliveryActivity]: Relayout returned: oldFrame=[0,0][768,1024] newFrame=[0,0][768,1024] result=0x5 surface={isValid=false 0} surfaceGenerationChanged=true
06-13 14:17:22.060 22832 22832 D ViewRootImpl@f1df6ee[MainActivity]: dispatchAttachedToWindow
06-13 14:17:22.112 22832 22832 D ViewRootImpl@f1df6ee[MainActivity]: Relayout returned: oldFrame=[0,0][0,0] newFrame=[0,0][768,1024] result=0x7 surface={isValid=true -1854408704} surfaceGenerationChanged=true
06-13 14:17:22.112 22832 22832 D ViewRootImpl@f1df6ee[MainActivity]: mHardwareRenderer.initialize() mSurface={isValid=true -1854408704} hwInitialized=true
06-13 14:17:22.207 22832 22832 D AbsListView: in onLayout changed
06-13 14:17:22.266 22832 22832 D ViewRootImpl@f1df6ee[MainActivity]: MSG_RESIZED_REPORT: frame=Rect(0, 0 - 768, 1024) ci=Rect(0, 24 - 0, 0) vi=Rect(0, 24 - 0, 0) or=1
06-13 14:17:22.266 22832 22832 D ViewRootImpl@f1df6ee[MainActivity]: MSG_WINDOW_FOCUS_CHANGED 1
06-13 14:17:22.266 22832 22832 D ViewRootImpl@f1df6ee[MainActivity]: mHardwareRenderer.initializeIfNeeded()#2 mSurface={isValid=true -1854408704}
06-13 14:17:22.268 22832 22832 V InputMethodManager: Starting input: tba=android.view.inputmethod.EditorInfo@14151ca nm : cz.gienger.mobile ic=null
06-13 14:17:22.268 22832 22832 I InputMethodManager: startInputInner - mService.startInputOrWindowGainedFocus
06-13 14:17:22.277 22832 22832 D InputTransport: Input channel constructed: fd=88
06-13 14:17:22.277 22832 22832 D InputTransport: Input channel destroyed: fd=95
06-13 14:17:22.457 22832 26128 D FILE_MANAGER: Serializing delivery /data/user/0/cz.gienger.mobile/files/finished/130AT1190316588/130AT1190316588.xml
06-13 14:17:22.457 22832 26128 D FILE_MANAGER: Null files:
06-13 14:17:22.529 22832 26128 D MYINTERCEPTOR: /GiengerService.svc/sendorder
06-13 14:17:22.530 22832 26128 D OkHttp : --> POST https://testsaig1.gienger.cz/GiengerService.svc/sendorder http/1.1
06-13 14:17:22.530 22832 26128 D OkHttp : Content-Type: text/raw
06-13 14:17:22.530 22832 26128 D OkHttp : Content-Length: 4051
06-13 14:17:22.530 22832 26128 D OkHttp : filename: 130AT1190316588.xml
06-13 14:17:22.530 22832 26128 D OkHttp : Checksum: 4e296c4824b5c30ac87729bf65411709
06-13 14:17:22.530 22832 26128 D OkHttp : token: f4c643afb8a3b02eb9ae3a6a61fbdc24
06-13 14:17:22.530 22832 26128 D OkHttp : --> END POST
06-13 14:17:22.682 22832 26128 D OkHttp : <-- 200 https://testsaig1.gienger.cz/GiengerService.svc/sendorder (151ms)
06-13 14:17:22.682 22832 26128 D OkHttp : content-type: application/xml; charset=utf-8
06-13 14:17:22.682 22832 26128 D OkHttp : server: Microsoft-IIS/10.0
06-13 14:17:22.682 22832 26128 D OkHttp : x-powered-by: ASP.NET
06-13 14:17:22.682 22832 26128 D OkHttp : date: Thu, 13 Jun 2019 12:17:22 GMT
06-13 14:17:22.682 22832 26128 D OkHttp : content-length: 175
06-13 14:17:22.682 22832 26128 D OkHttp : <-- END HTTP
06-13 14:17:22.685 22832 26128 D sendOrder_SUCCESS: 200
06-13 14:17:22.715 22832 26128 D MESSAGE_SERVICE: ACTION_RESEND_ORDERS
06-13 14:17:22.985 22832 22832 D ViewRootImpl@f1df6ee[MainActivity]: ViewPostImeInputStage processPointer 0
06-13 14:17:23.108 22832 22832 D AbsListView: in onLayout changed
06-13 14:17:23.315 22832 22832 D ViewRootImpl@f1df6ee[MainActivity]: ViewPostImeInputStage processPointer 1
06-13 14:17:23.421 22832 22832 D AbsListView: in onLayout changed
06-13 14:17:23.492 22832 22832 D TextView: SYANI: Clipboard API is calling: clearFilter()
06-13 14:17:23.492 22832 22832 D TextView: SYANI: Clipboard API is calling: unregisterClipboardEventListener()
06-13 14:17:23.502 22832 22832 D ViewRootImpl@8284659[CancelDeliveryActivity]: mHardwareRenderer.destroy()#4
06-13 14:17:23.502 22832 22832 D ViewRootImpl@8284659[CancelDeliveryActivity]: dispatchDetachedFromWindow
06-13 14:17:23.518 22832 22832 D InputTransport: Input channel destroyed: fd=74
06-13 14:17:23.519 22832 22832 D LOCATION_SERVICE: onDestroy
06-13 14:17:23.658 22832 22832 D ViewRootImpl@f1df6ee[MainActivity]: ViewPostImeInputStage processPointer 0
06-13 14:17:23.692 22832 22832 D AbsListView: reportScrollStateChange() newState : 1
06-13 14:17:24.146 22832 22832 D ViewRootImpl@f1df6ee[MainActivity]: ViewPostImeInputStage processPointer 1
06-13 14:17:24.146 22832 22832 D AbsListView: onTouchUp() mTouchMode : 3
06-13 14:17:24.146 22832 22832 D AbsListView: onTouchUp() TOUCH_MODE_SCROLL initialVelocity : 18
06-13 14:17:24.146 22832 22832 D AbsListView: reportScrollStateChange() newState : 0
06-13 14:17:24.474 22832 22832 D ViewRootImpl@f1df6ee[MainActivity]: ViewPostImeInputStage processPointer 0
06-13 14:17:24.532 22832 22832 D ViewRootImpl@f1df6ee[MainActivity]: ViewPostImeInputStage processPointer 1
06-13 14:17:24.564 22832 22832 D item_click: viewId = 2131820758, position = 17
06-13 14:17:24.613 22832 22832 D ViewRootImpl@f1df6ee[MainActivity]: MSG_WINDOW_FOCUS_CHANGED 0
06-13 14:17:24.674 22832 22832 D ScrollView: initGoToTop
06-13 14:17:24.739 22832 22832 D ViewRootImpl@ffdcbeb[CancelDeliveryActivity]: ThreadedRenderer.create() translucent=false
06-13 14:17:24.743 22832 22832 D InputTransport: Input channel constructed: fd=63
06-13 14:17:24.743 22832 22832 D ViewRootImpl@ffdcbeb[CancelDeliveryActivity]: setView = DecorView@5f39d48[CancelDeliveryActivity] touchMode=true
06-13 14:17:24.755 22832 22832 D ViewRootImpl@ffdcbeb[CancelDeliveryActivity]: dispatchAttachedToWindow
06-13 14:17:24.785 22832 22832 D ViewRootImpl@ffdcbeb[CancelDeliveryActivity]: Relayout returned: oldFrame=[0,0][0,0] newFrame=[0,0][768,1024] result=0x27 surface={isValid=true -1832261632} surfaceGenerationChanged=true
06-13 14:17:24.786 22832 22832 D ViewRootImpl@ffdcbeb[CancelDeliveryActivity]: mHardwareRenderer.initialize() mSurface={isValid=true -1832261632} hwInitialized=true
06-13 14:17:24.794 22832 22832 D ScrollView: onsize change changed
06-13 14:17:24.795 22832 22832 D LOCATION_SERVICE: LocationListener gps
06-13 14:17:24.796 22832 22832 D LOCATION_SERVICE: LocationListener network
06-13 14:17:24.797 22832 22832 D LOCATION_SERVICE: onCreate
06-13 14:17:24.797 22832 22832 D LOCATION_SERVICE: initializeLocationManager
06-13 14:17:24.810 22832 22832 D LOCATION_SERVICE: onStartCommand
06-13 14:17:24.891 22832 22832 D ViewRootImpl@ffdcbeb[CancelDeliveryActivity]: MSG_RESIZED_REPORT: frame=Rect(0, 0 - 768, 1024) ci=Rect(0, 24 - 0, 0) vi=Rect(0, 24 - 0, 0) or=1
06-13 14:17:24.891 22832 22832 D ViewRootImpl@ffdcbeb[CancelDeliveryActivity]: MSG_WINDOW_FOCUS_CHANGED 1
06-13 14:17:24.891 22832 22832 D ViewRootImpl@ffdcbeb[CancelDeliveryActivity]: mHardwareRenderer.initializeIfNeeded()#2 mSurface={isValid=true -1832261632}
06-13 14:17:24.897 22832 22832 V InputMethodManager: Starting input: tba=android.view.inputmethod.EditorInfo@74ddcbf nm : cz.gienger.mobile ic=null
06-13 14:17:24.897 22832 22832 I InputMethodManager: startInputInner - mService.startInputOrWindowGainedFocus
06-13 14:17:24.905 22832 22832 D InputTransport: Input channel constructed: fd=74
06-13 14:17:24.905 22832 22832 D InputTransport: Input channel destroyed: fd=88
06-13 14:17:24.965 22832 22878 D OpenGLRenderer: endAllActiveAnimators on 0x939a0100 (RippleDrawable) with handle 0x933d1a10
06-13 14:17:24.966 22832 22832 D ViewRootImpl@f1df6ee[MainActivity]: mHardwareRenderer.destroy()#1
06-13 14:17:24.974 22832 22832 D ViewRootImpl@f1df6ee[MainActivity]: Relayout returned: oldFrame=[0,0][768,1024] newFrame=[0,0][768,1024] result=0x5 surface={isValid=false 0} surfaceGenerationChanged=true
06-13 14:17:25.336 22832 22832 D ViewRootImpl@f1df6ee[MainActivity]: Relayout returned: oldFrame=[0,0][768,1024] newFrame=[0,0][768,1024] result=0x5 surface={isValid=false 0} surfaceGenerationChanged=false
06-13 14:17:25.461 22832 22832 D LOCATION_SERVICE: onLocationChanged: Location[network 49,191232,17,534685 acc=21 et=+1d0h31m58s390ms alt=0.0 vel=0.0 bear=0.0 {Bundle[mParcelledData.dataSize=80]}]
06-13 14:17:25.607 22832 22832 D ViewRootImpl@ffdcbeb[CancelDeliveryActivity]: ViewPostImeInputStage processPointer 0
06-13 14:17:25.679 22832 22832 D ViewRootImpl@ffdcbeb[CancelDeliveryActivity]: ViewPostImeInputStage processPointer 1
06-13 14:17:26.289 22832 22832 D ViewRootImpl@ffdcbeb[CancelDeliveryActivity]: ViewPostImeInputStage processPointer 0
06-13 14:17:26.371 22832 22832 D ViewRootImpl@ffdcbeb[CancelDeliveryActivity]: ViewPostImeInputStage processPointer 1
06-13 14:17:26.393 22832 22832 D UNDELIVERED: Reason ID = 9, Comment =
06-13 14:17:26.508 22832 22832 D ViewRootImpl@ffdcbeb[CancelDeliveryActivity]: MSG_WINDOW_FOCUS_CHANGED 0
06-13 14:17:26.510 22832 26135 D MESSAGE_SERVICE: ACTION_COMPRESS_AND_UPLOAD
06-13 14:17:26.551 22832 22832 D ViewRootImpl@f1df6ee[MainActivity]: mHardwareRenderer.destroy()#4
06-13 14:17:26.551 22832 22832 D ViewRootImpl@f1df6ee[MainActivity]: dispatchDetachedFromWindow
06-13 14:17:26.558 22832 22832 D InputTransport: Input channel destroyed: fd=91
06-13 14:17:26.827 22832 22832 D ViewRootImpl@5264798[MainActivity]: ThreadedRenderer.create() translucent=false
06-13 14:17:26.830 22832 22832 D InputTransport: Input channel constructed: fd=109
06-13 14:17:26.831 22832 22832 D ViewRootImpl@5264798[MainActivity]: setView = DecorView@2acfbf1[MainActivity] touchMode=true
06-13 14:17:26.845 22832 22878 D OpenGLRenderer: endAllActiveAnimators on 0x93a09c80 (RippleDrawable) with handle 0x939b5ed0
06-13 14:17:26.845 22832 22832 D ViewRootImpl@ffdcbeb[CancelDeliveryActivity]: mHardwareRenderer.destroy()#1
06-13 14:17:26.857 22832 22832 D ViewRootImpl@ffdcbeb[CancelDeliveryActivity]: Relayout returned: oldFrame=[0,0][768,1024] newFrame=[0,0][768,1024] result=0x5 surface={isValid=false 0} surfaceGenerationChanged=true
06-13 14:17:26.858 22832 22832 D ViewRootImpl@5264798[MainActivity]: dispatchAttachedToWindow
06-13 14:17:26.911 22832 22832 D ViewRootImpl@5264798[MainActivity]: Relayout returned: oldFrame=[0,0][0,0] newFrame=[0,0][768,1024] result=0x7 surface={isValid=true -1861892096} surfaceGenerationChanged=true
06-13 14:17:26.911 22832 22832 D ViewRootImpl@5264798[MainActivity]: mHardwareRenderer.initialize() mSurface={isValid=true -1861892096} hwInitialized=true
06-13 14:17:26.986 22832 22832 D AbsListView: in onLayout changed
06-13 14:17:27.045 22832 22832 D ViewRootImpl@5264798[MainActivity]: MSG_RESIZED_REPORT: frame=Rect(0, 0 - 768, 1024) ci=Rect(0, 24 - 0, 0) vi=Rect(0, 24 - 0, 0) or=1
06-13 14:17:27.045 22832 22832 D ViewRootImpl@5264798[MainActivity]: MSG_WINDOW_FOCUS_CHANGED 1
06-13 14:17:27.045 22832 22832 D ViewRootImpl@5264798[MainActivity]: mHardwareRenderer.initializeIfNeeded()#2 mSurface={isValid=true -1861892096}
06-13 14:17:27.047 22832 22832 V InputMethodManager: Starting input: tba=android.view.inputmethod.EditorInfo@9a9a664 nm : cz.gienger.mobile ic=null
06-13 14:17:27.047 22832 22832 I InputMethodManager: startInputInner - mService.startInputOrWindowGainedFocus
06-13 14:17:27.057 22832 22832 D InputTransport: Input channel constructed: fd=91
06-13 14:17:27.057 22832 22832 D InputTransport: Input channel destroyed: fd=74
06-13 14:17:27.240 22832 26135 D FILE_MANAGER: Serializing delivery /data/user/0/cz.gienger.mobile/files/finished/130AT1190319578/130AT1190319578.xml
06-13 14:17:27.240 22832 26135 D FILE_MANAGER: Null files:
06-13 14:17:27.307 22832 26135 D MYINTERCEPTOR: /GiengerService.svc/sendorder
06-13 14:17:27.308 22832 26135 D OkHttp : --> POST https://testsaig1.gienger.cz/GiengerService.svc/sendorder http/1.1
06-13 14:17:27.308 22832 26135 D OkHttp : Content-Type: text/raw
06-13 14:17:27.308 22832 26135 D OkHttp : Content-Length: 4062
06-13 14:17:27.308 22832 26135 D OkHttp : filename: 130AT1190319578.xml
06-13 14:17:27.308 22832 26135 D OkHttp : Checksum: 84d83772c1203b648db9147221c23fcd
06-13 14:17:27.308 22832 26135 D OkHttp : token: f4c643afb8a3b02eb9ae3a6a61fbdc24
06-13 14:17:27.308 22832 26135 D OkHttp : --> END POST
06-13 14:17:27.861 22832 26135 D OkHttp : <-- 200 https://testsaig1.gienger.cz/GiengerService.svc/sendorder (552ms)
06-13 14:17:27.861 22832 26135 D OkHttp : content-type: application/xml; charset=utf-8
06-13 14:17:27.861 22832 26135 D OkHttp : server: Microsoft-IIS/10.0
06-13 14:17:27.861 22832 26135 D OkHttp : x-powered-by: ASP.NET
06-13 14:17:27.861 22832 26135 D OkHttp : date: Thu, 13 Jun 2019 12:17:27 GMT
06-13 14:17:27.861 22832 26135 D OkHttp : content-length: 175
06-13 14:17:27.861 22832 26135 D OkHttp : <-- END HTTP
06-13 14:17:27.865 22832 26135 D sendOrder_SUCCESS: 200
06-13 14:17:27.918 22832 26135 D MESSAGE_SERVICE: ACTION_RESEND_ORDERS
06-13 14:17:28.241 22832 22845 I art : Background partial concurrent mark sweep GC freed 223731(10MB) AllocSpace objects, 26(588KB) LOS objects, 47% free, 13MB/25MB, paused 2.700ms total 181.232ms
06-13 14:17:28.382 22832 22832 D AbsListView: in onLayout changed
06-13 14:17:28.667 22832 22832 D AbsListView: in onLayout changed
06-13 14:17:28.725 22832 22832 D Graph : removeVertex() : insertDummyVertex, because there is no ancestor.
06-13 14:17:28.726 22832 22832 D Graph : removeVertex() : insertDummyVertex, because there is no ancestor.
06-13 14:17:28.726 22832 22832 D Graph : removeVertex() : insertDummyVertex, because there is no ancestor.
06-13 14:17:28.726 22832 22832 D Graph : removeVertex() : insertDummyVertex, because there is no ancestor.
06-13 14:17:28.733 22832 22832 D TextView: SYANI: Clipboard API is calling: clearFilter()
06-13 14:17:28.733 22832 22832 D TextView: SYANI: Clipboard API is calling: unregisterClipboardEventListener()
06-13 14:17:28.742 22832 22832 D ViewRootImpl@ffdcbeb[CancelDeliveryActivity]: mHardwareRenderer.destroy()#4
06-13 14:17:28.742 22832 22832 D ViewRootImpl@ffdcbeb[CancelDeliveryActivity]: dispatchDetachedFromWindow
06-13 14:17:28.750 22832 22832 D InputTransport: Input channel destroyed: fd=63
06-13 14:17:28.751 22832 22832 D ViewRootImpl@5264798[MainActivity]: ViewPostImeInputStage processPointer 0
06-13 14:17:28.751 22832 22832 D LOCATION_SERVICE: onDestroy
06-13 14:17:28.788 22832 22832 D ViewRootImpl@5264798[MainActivity]: ViewPostImeInputStage processPointer 1
06-13 14:17:28.798 22832 22832 D item_click: viewId = 2131820758, position = 18
06-13 14:17:28.866 22832 22832 D ViewRootImpl@5264798[MainActivity]: MSG_WINDOW_FOCUS_CHANGED 0
06-13 14:17:28.897 22832 22832 D ScrollView: initGoToTop
06-13 14:17:28.971 22832 22832 D ViewRootImpl@1790cb4[CancelDeliveryActivity]: ThreadedRenderer.create() translucent=false
06-13 14:17:28.975 22832 22832 D InputTransport: Input channel constructed: fd=63
06-13 14:17:28.975 22832 22832 D ViewRootImpl@1790cb4[CancelDeliveryActivity]: setView = DecorView@9a170dd[CancelDeliveryActivity] touchMode=true
06-13 14:17:28.976 22832 22832 D LOCATION_SERVICE: LocationListener gps
06-13 14:17:28.977 22832 22832 D LOCATION_SERVICE: LocationListener network
06-13 14:17:28.978 22832 22832 D LOCATION_SERVICE: onCreate
06-13 14:17:28.979 22832 22832 D LOCATION_SERVICE: initializeLocationManager
06-13 14:17:28.989 22832 22832 D LOCATION_SERVICE: onStartCommand
06-13 14:17:29.010 22832 22832 D ViewRootImpl@1790cb4[CancelDeliveryActivity]: dispatchAttachedToWindow
06-13 14:17:29.048 22832 22832 D ViewRootImpl@1790cb4[CancelDeliveryActivity]: Relayout returned: oldFrame=[0,0][0,0] newFrame=[0,0][768,1024] result=0x27 surface={isValid=true -1878102016} surfaceGenerationChanged=true
06-13 14:17:29.048 22832 22832 D ViewRootImpl@1790cb4[CancelDeliveryActivity]: mHardwareRenderer.initialize() mSurface={isValid=true -1878102016} hwInitialized=true
06-13 14:17:29.055 22832 22832 D ScrollView: onsize change changed
06-13 14:17:29.096 22832 22832 D ViewRootImpl@1790cb4[CancelDeliveryActivity]: MSG_RESIZED_REPORT: frame=Rect(0, 0 - 768, 1024) ci=Rect(0, 24 - 0, 0) vi=Rect(0, 24 - 0, 0) or=1
06-13 14:17:29.096 22832 22832 D ViewRootImpl@1790cb4[CancelDeliveryActivity]: MSG_WINDOW_FOCUS_CHANGED 1
06-13 14:17:29.097 22832 22832 D ViewRootImpl@1790cb4[CancelDeliveryActivity]: mHardwareRenderer.initializeIfNeeded()#2 mSurface={isValid=true -1878102016}
06-13 14:17:29.101 22832 22832 V InputMethodManager: Starting input: tba=android.view.inputmethod.EditorInfo@c15f338 nm : cz.gienger.mobile ic=null
06-13 14:17:29.101 22832 22832 I InputMethodManager: startInputInner - mService.startInputOrWindowGainedFocus
06-13 14:17:29.114 22832 22832 D InputTransport: Input channel constructed: fd=74
06-13 14:17:29.114 22832 22832 D InputTransport: Input channel destroyed: fd=91
06-13 14:17:29.164 22832 22878 D OpenGLRenderer: endAllActiveAnimators on 0x933f0680 (RippleDrawable) with handle 0x90c14920
06-13 14:17:29.164 22832 22832 D ViewRootImpl@5264798[MainActivity]: mHardwareRenderer.destroy()#1
06-13 14:17:29.185 22832 22832 D ViewRootImpl@5264798[MainActivity]: Relayout returned: oldFrame=[0,0][768,1024] newFrame=[0,0][768,1024] result=0x5 surface={isValid=false 0} surfaceGenerationChanged=true
06-13 14:17:29.545 22832 22832 D ViewRootImpl@5264798[MainActivity]: Relayout returned: oldFrame=[0,0][768,1024] newFrame=[0,0][768,1024] result=0x5 surface={isValid=false 0} surfaceGenerationChanged=false
06-13 14:17:29.872 22832 22832 D ViewRootImpl@1790cb4[CancelDeliveryActivity]: ViewPostImeInputStage processPointer 0
06-13 14:17:29.922 22832 22832 D ViewRootImpl@1790cb4[CancelDeliveryActivity]: ViewPostImeInputStage processPointer 1
06-13 14:17:30.483 22832 22832 D ViewRootImpl@1790cb4[CancelDeliveryActivity]: ViewPostImeInputStage processPointer 0
06-13 14:17:30.540 22832 22832 D ViewRootImpl@1790cb4[CancelDeliveryActivity]: ViewPostImeInputStage processPointer 1
06-13 14:17:30.578 22832 22832 D UNDELIVERED: Reason ID = 9, Comment =
06-13 14:17:30.670 22832 22832 D ViewRootImpl@1790cb4[CancelDeliveryActivity]: MSG_WINDOW_FOCUS_CHANGED 0
06-13 14:17:30.673 22832 26142 D MESSAGE_SERVICE: ACTION_COMPRESS_AND_UPLOAD
06-13 14:17:30.732 22832 22832 D ViewRootImpl@5264798[MainActivity]: mHardwareRenderer.destroy()#4
06-13 14:17:30.732 22832 22832 D ViewRootImpl@5264798[MainActivity]: dispatchDetachedFromWindow
06-13 14:17:30.739 22832 22832 D InputTransport: Input channel destroyed: fd=109
06-13 14:17:30.982 22832 22832 D ViewRootImpl@7ea5c04[MainActivity]: ThreadedRenderer.create() translucent=false
06-13 14:17:30.986 22832 22832 D InputTransport: Input channel constructed: fd=114
06-13 14:17:30.986 22832 22832 D ViewRootImpl@7ea5c04[MainActivity]: setView = DecorView@5ea95ed[MainActivity] touchMode=true
06-13 14:17:31.000 22832 22878 D OpenGLRenderer: endAllActiveAnimators on 0x93baec00 (RippleDrawable) with handle 0x9132ae60
06-13 14:17:31.000 22832 22832 D ViewRootImpl@1790cb4[CancelDeliveryActivity]: mHardwareRenderer.destroy()#1
06-13 14:17:31.007 22832 22832 D ViewRootImpl@1790cb4[CancelDeliveryActivity]: Relayout returned: oldFrame=[0,0][768,1024] newFrame=[0,0][768,1024] result=0x5 surface={isValid=false 0} surfaceGenerationChanged=true
06-13 14:17:31.009 22832 22832 D ViewRootImpl@7ea5c04[MainActivity]: dispatchAttachedToWindow
06-13 14:17:31.049 22832 22832 D ViewRootImpl@7ea5c04[MainActivity]: Relayout returned: oldFrame=[0,0][0,0] newFrame=[0,0][768,1024] result=0x7 surface={isValid=true -1878102016} surfaceGenerationChanged=true
06-13 14:17:31.049 22832 22832 D ViewRootImpl@7ea5c04[MainActivity]: mHardwareRenderer.initialize() mSurface={isValid=true -1878102016} hwInitialized=true
06-13 14:17:31.125 22832 22832 D AbsListView: in onLayout changed
06-13 14:17:31.181 22832 22832 D ViewRootImpl@7ea5c04[MainActivity]: MSG_RESIZED_REPORT: frame=Rect(0, 0 - 768, 1024) ci=Rect(0, 24 - 0, 0) vi=Rect(0, 24 - 0, 0) or=1
06-13 14:17:31.181 22832 22832 D ViewRootImpl@7ea5c04[MainActivity]: MSG_WINDOW_FOCUS_CHANGED 1
06-13 14:17:31.181 22832 22832 D ViewRootImpl@7ea5c04[MainActivity]: mHardwareRenderer.initializeIfNeeded()#2 mSurface={isValid=true -1878102016}
06-13 14:17:31.183 22832 22832 V InputMethodManager: Starting input: tba=android.view.inputmethod.EditorInfo@2f6a790 nm : cz.gienger.mobile ic=null
06-13 14:17:31.183 22832 22832 I InputMethodManager: startInputInner - mService.startInputOrWindowGainedFocus
06-13 14:17:31.190 22832 22832 D InputTransport: Input channel constructed: fd=88
06-13 14:17:31.191 22832 22832 D InputTransport: Input channel destroyed: fd=74
06-13 14:17:31.401 22832 26142 D FILE_MANAGER: Serializing delivery /data/user/0/cz.gienger.mobile/files/finished/130AT1190319580/130AT1190319580.xml
06-13 14:17:31.401 22832 26142 D FILE_MANAGER: Null files:
06-13 14:17:31.467 22832 26142 D MYINTERCEPTOR: /GiengerService.svc/sendorder
06-13 14:17:31.468 22832 26142 D OkHttp : --> POST https://testsaig1.gienger.cz/GiengerService.svc/sendorder http/1.1
06-13 14:17:31.468 22832 26142 D OkHttp : Content-Type: text/raw
06-13 14:17:31.468 22832 26142 D OkHttp : Content-Length: 3661
06-13 14:17:31.468 22832 26142 D OkHttp : filename: 130AT1190319580.xml
06-13 14:17:31.468 22832 26142 D OkHttp : Checksum: 35b69598d8471bcb4986237d209a899b
06-13 14:17:31.468 22832 26142 D OkHttp : token: f4c643afb8a3b02eb9ae3a6a61fbdc24
06-13 14:17:31.468 22832 26142 D OkHttp : --> END POST
06-13 14:17:31.932 22832 26142 D OkHttp : <-- 200 https://testsaig1.gienger.cz/GiengerService.svc/sendorder (463ms)
06-13 14:17:31.932 22832 26142 D OkHttp : content-type: application/xml; charset=utf-8
06-13 14:17:31.932 22832 26142 D OkHttp : server: Microsoft-IIS/10.0
06-13 14:17:31.932 22832 26142 D OkHttp : x-powered-by: ASP.NET
06-13 14:17:31.932 22832 26142 D OkHttp : date: Thu, 13 Jun 2019 12:17:31 GMT
06-13 14:17:31.932 22832 26142 D OkHttp : content-length: 175
06-13 14:17:31.932 22832 26142 D OkHttp : <-- END HTTP
06-13 14:17:31.937 22832 26142 D sendOrder_SUCCESS: 200
06-13 14:17:31.978 22832 26142 D MESSAGE_SERVICE: ACTION_RESEND_ORDERS
06-13 14:17:32.205 22832 22832 D ViewRootImpl@7ea5c04[MainActivity]: ViewPostImeInputStage processPointer 0
06-13 14:17:32.301 22832 22832 D AbsListView: in onLayout changed
06-13 14:17:32.508 22832 22832 D ViewRootImpl@7ea5c04[MainActivity]: ViewPostImeInputStage processPointer 1
06-13 14:17:32.599 22832 22845 I art : Background sticky concurrent mark sweep GC freed 237304(9MB) AllocSpace objects, 9(180KB) LOS objects, 38% free, 15MB/25MB, paused 2.393ms total 108.685ms
06-13 14:17:32.613 22832 22832 D AbsListView: in onLayout changed
06-13 14:17:32.677 22832 22832 D TextView: SYANI: Clipboard API is calling: clearFilter()
06-13 14:17:32.677 22832 22832 D TextView: SYANI: Clipboard API is calling: unregisterClipboardEventListener()
06-13 14:17:32.685 22832 22832 D ViewRootImpl@1790cb4[CancelDeliveryActivity]: mHardwareRenderer.destroy()#4
06-13 14:17:32.685 22832 22832 D ViewRootImpl@1790cb4[CancelDeliveryActivity]: dispatchDetachedFromWindow
06-13 14:17:32.692 22832 22832 D InputTransport: Input channel destroyed: fd=63
06-13 14:17:32.693 22832 22832 D LOCATION_SERVICE: onDestroy
06-13 14:17:32.824 22832 22832 D ViewRootImpl@7ea5c04[MainActivity]: ViewPostImeInputStage processPointer 0
06-13 14:17:32.879 22832 22832 D AbsListView: reportScrollStateChange() newState : 1
06-13 14:17:33.514 22832 22832 D ViewRootImpl@7ea5c04[MainActivity]: ViewPostImeInputStage processPointer 1
06-13 14:17:33.515 22832 22832 D AbsListView: onTouchUp() mTouchMode : 3
06-13 14:17:33.515 22832 22832 D AbsListView: onTouchUp() TOUCH_MODE_SCROLL initialVelocity : -91
06-13 14:17:33.515 22832 22832 D AbsListView: reportScrollStateChange() newState : 0
06-13 14:17:33.847 22832 22832 D ViewRootImpl@7ea5c04[MainActivity]: ViewPostImeInputStage processPointer 0
06-13 14:17:33.916 22832 22832 D ViewRootImpl@7ea5c04[MainActivity]: ViewPostImeInputStage processPointer 1
06-13 14:17:33.938 22832 22832 D item_click: viewId = 2131820758, position = 19
06-13 14:17:33.987 22832 22832 D ViewRootImpl@7ea5c04[MainActivity]: MSG_WINDOW_FOCUS_CHANGED 0
06-13 14:17:34.040 22832 22832 D ScrollView: initGoToTop
06-13 14:17:34.105 22832 22832 D ViewRootImpl@61990e4[CancelDeliveryActivity]: ThreadedRenderer.create() translucent=false
06-13 14:17:34.109 22832 22832 D InputTransport: Input channel constructed: fd=63
06-13 14:17:34.110 22832 22832 D ViewRootImpl@61990e4[CancelDeliveryActivity]: setView = DecorView@760594d[CancelDeliveryActivity] touchMode=true
06-13 14:17:34.112 22832 22832 D LOCATION_SERVICE: LocationListener gps
06-13 14:17:34.112 22832 22832 D LOCATION_SERVICE: LocationListener network
06-13 14:17:34.113 22832 22832 D LOCATION_SERVICE: onCreate
06-13 14:17:34.113 22832 22832 D LOCATION_SERVICE: initializeLocationManager
06-13 14:17:34.120 22832 22832 D LOCATION_SERVICE: onStartCommand
06-13 14:17:34.131 22832 22832 D ViewRootImpl@61990e4[CancelDeliveryActivity]: dispatchAttachedToWindow
06-13 14:17:34.157 22832 22832 D ViewRootImpl@61990e4[CancelDeliveryActivity]: Relayout returned: oldFrame=[0,0][0,0] newFrame=[0,0][768,1024] result=0x27 surface={isValid=true -1824768000} surfaceGenerationChanged=true
06-13 14:17:34.157 22832 22832 D ViewRootImpl@61990e4[CancelDeliveryActivity]: mHardwareRenderer.initialize() mSurface={isValid=true -1824768000} hwInitialized=true
06-13 14:17:34.166 22832 22832 D ScrollView: onsize change changed
06-13 14:17:34.223 22832 22832 D ViewRootImpl@61990e4[CancelDeliveryActivity]: MSG_RESIZED_REPORT: frame=Rect(0, 0 - 768, 1024) ci=Rect(0, 24 - 0, 0) vi=Rect(0, 24 - 0, 0) or=1
06-13 14:17:34.223 22832 22832 D ViewRootImpl@61990e4[CancelDeliveryActivity]: MSG_WINDOW_FOCUS_CHANGED 1
06-13 14:17:34.223 22832 22832 D ViewRootImpl@61990e4[CancelDeliveryActivity]: mHardwareRenderer.initializeIfNeeded()#2 mSurface={isValid=true -1824768000}
06-13 14:17:34.228 22832 22832 V InputMethodManager: Starting input: tba=android.view.inputmethod.EditorInfo@d284068 nm : cz.gienger.mobile ic=null
06-13 14:17:34.228 22832 22832 I InputMethodManager: startInputInner - mService.startInputOrWindowGainedFocus
06-13 14:17:34.243 22832 22832 D InputTransport: Input channel constructed: fd=113
06-13 14:17:34.244 22832 22832 D InputTransport: Input channel destroyed: fd=88
06-13 14:17:34.284 22832 22878 D OpenGLRenderer: endAllActiveAnimators on 0x9188c200 (RippleDrawable) with handle 0x9090a650
06-13 14:17:34.284 22832 22832 D ViewRootImpl@7ea5c04[MainActivity]: mHardwareRenderer.destroy()#1
06-13 14:17:34.304 22832 22832 D ViewRootImpl@7ea5c04[MainActivity]: Relayout returned: oldFrame=[0,0][768,1024] newFrame=[0,0][768,1024] result=0x5 surface={isValid=false 0} surfaceGenerationChanged=true
06-13 14:17:34.695 22832 22832 D ViewRootImpl@7ea5c04[MainActivity]: Relayout returned: oldFrame=[0,0][768,1024] newFrame=[0,0][768,1024] result=0x5 surface={isValid=false 0} surfaceGenerationChanged=false
06-13 14:17:34.712 22832 22832 D LOCATION_SERVICE: onLocationChanged: Location[network 49,191231,17,534687 acc=21 et=+1d0h32m7s643ms alt=0.0 vel=0.0 bear=0.0 {Bundle[mParcelledData.dataSize=80]}]
06-13 14:17:34.864 22832 22832 D ViewRootImpl@61990e4[CancelDeliveryActivity]: ViewPostImeInputStage processPointer 0
06-13 14:17:34.926 22832 22832 D ViewRootImpl@61990e4[CancelDeliveryActivity]: ViewPostImeInputStage processPointer 1
06-13 14:17:35.582 22832 22832 D ViewRootImpl@61990e4[CancelDeliveryActivity]: ViewPostImeInputStage processPointer 0
06-13 14:17:35.637 22832 22832 D ViewRootImpl@61990e4[CancelDeliveryActivity]: ViewPostImeInputStage processPointer 1
06-13 14:17:35.665 22832 22832 D UNDELIVERED: Reason ID = 7, Comment =
06-13 14:17:35.763 22832 26148 D MESSAGE_SERVICE: ACTION_COMPRESS_AND_UPLOAD
06-13 14:17:35.763 22832 22832 D ViewRootImpl@61990e4[CancelDeliveryActivity]: MSG_WINDOW_FOCUS_CHANGED 0
06-13 14:17:35.811 22832 22832 D ViewRootImpl@7ea5c04[MainActivity]: mHardwareRenderer.destroy()#4
06-13 14:17:35.811 22832 22832 D ViewRootImpl@7ea5c04[MainActivity]: dispatchDetachedFromWindow
06-13 14:17:35.820 22832 22832 D InputTransport: Input channel destroyed: fd=114
06-13 14:17:36.066 22832 22832 D ViewRootImpl@503d434[MainActivity]: ThreadedRenderer.create() translucent=false
06-13 14:17:36.071 22832 22832 D InputTransport: Input channel constructed: fd=109
06-13 14:17:36.071 22832 22832 D ViewRootImpl@503d434[MainActivity]: setView = DecorView@181625d[MainActivity] touchMode=true
06-13 14:17:36.099 22832 22878 D OpenGLRenderer: endAllActiveAnimators on 0x92fa9c80 (RippleDrawable) with handle 0x91913e40
06-13 14:17:36.099 22832 22832 D ViewRootImpl@61990e4[CancelDeliveryActivity]: mHardwareRenderer.destroy()#1
06-13 14:17:36.110 22832 22832 D ViewRootImpl@61990e4[CancelDeliveryActivity]: Relayout returned: oldFrame=[0,0][768,1024] newFrame=[0,0][768,1024] result=0x5 surface={isValid=false 0} surfaceGenerationChanged=true
06-13 14:17:36.111 22832 22832 D ViewRootImpl@503d434[MainActivity]: dispatchAttachedToWindow
06-13 14:17:36.150 22832 22832 D ViewRootImpl@503d434[MainActivity]: Relayout returned: oldFrame=[0,0][0,0] newFrame=[0,0][768,1024] result=0x7 surface={isValid=true -1824768000} surfaceGenerationChanged=true
06-13 14:17:36.150 22832 22832 D ViewRootImpl@503d434[MainActivity]: mHardwareRenderer.initialize() mSurface={isValid=true -1824768000} hwInitialized=true
06-13 14:17:36.205 22832 22832 D AbsListView: in onLayout changed
06-13 14:17:36.266 22832 22832 D ViewRootImpl@503d434[MainActivity]: MSG_RESIZED_REPORT: frame=Rect(0, 0 - 768, 1024) ci=Rect(0, 24 - 0, 0) vi=Rect(0, 24 - 0, 0) or=1
06-13 14:17:36.266 22832 22832 D ViewRootImpl@503d434[MainActivity]: MSG_WINDOW_FOCUS_CHANGED 1
06-13 14:17:36.266 22832 22832 D ViewRootImpl@503d434[MainActivity]: mHardwareRenderer.initializeIfNeeded()#2 mSurface={isValid=true -1824768000}
06-13 14:17:36.268 22832 22832 V InputMethodManager: Starting input: tba=android.view.inputmethod.EditorInfo@ccb5689 nm : cz.gienger.mobile ic=null
06-13 14:17:36.268 22832 22832 I InputMethodManager: startInputInner - mService.startInputOrWindowGainedFocus
06-13 14:17:36.277 22832 22832 D InputTransport: Input channel constructed: fd=91
06-13 14:17:36.277 22832 22832 D InputTransport: Input channel destroyed: fd=113
06-13 14:17:36.495 22832 26148 D FILE_MANAGER: Serializing delivery /data/user/0/cz.gienger.mobile/files/finished/130AT1190319679/130AT1190319679.xml
06-13 14:17:36.495 22832 26148 D FILE_MANAGER: Null files:
06-13 14:17:36.570 22832 26148 D MYINTERCEPTOR: /GiengerService.svc/sendorder
06-13 14:17:36.570 22832 26148 D OkHttp : --> POST https://testsaig1.gienger.cz/GiengerService.svc/sendorder http/1.1
06-13 14:17:36.570 22832 26148 D OkHttp : Content-Type: text/raw
06-13 14:17:36.571 22832 26148 D OkHttp : Content-Length: 8385
06-13 14:17:36.571 22832 26148 D OkHttp : filename: 130AT1190319679.xml
06-13 14:17:36.571 22832 26148 D OkHttp : Checksum: c37ab1c6dc506e106234c5f3edfed8e9
06-13 14:17:36.571 22832 26148 D OkHttp : token: f4c643afb8a3b02eb9ae3a6a61fbdc24
06-13 14:17:36.571 22832 26148 D OkHttp : --> END POST
06-13 14:17:37.061 22832 26148 D OkHttp : <-- 200 https://testsaig1.gienger.cz/GiengerService.svc/sendorder (489ms)
06-13 14:17:37.061 22832 26148 D OkHttp : content-type: application/xml; charset=utf-8
06-13 14:17:37.061 22832 26148 D OkHttp : server: Microsoft-IIS/10.0
06-13 14:17:37.061 22832 26148 D OkHttp : x-powered-by: ASP.NET
06-13 14:17:37.061 22832 26148 D OkHttp : date: Thu, 13 Jun 2019 12:17:36 GMT
06-13 14:17:37.061 22832 26148 D OkHttp : content-length: 175
06-13 14:17:37.061 22832 26148 D OkHttp : <-- END HTTP
06-13 14:17:37.066 22832 26148 D sendOrder_SUCCESS: 200
06-13 14:17:37.119 22832 26148 D MESSAGE_SERVICE: ACTION_RESEND_ORDERS
06-13 14:17:37.406 22832 22832 D AbsListView: in onLayout changed
06-13 14:17:37.678 22832 22832 D AbsListView: in onLayout changed
06-13 14:17:37.736 22832 22832 D TextView: SYANI: Clipboard API is calling: clearFilter()
06-13 14:17:37.736 22832 22832 D TextView: SYANI: Clipboard API is calling: unregisterClipboardEventListener()
06-13 14:17:37.743 22832 22832 D ViewRootImpl@61990e4[CancelDeliveryActivity]: mHardwareRenderer.destroy()#4
06-13 14:17:37.744 22832 22832 D ViewRootImpl@61990e4[CancelDeliveryActivity]: dispatchDetachedFromWindow
06-13 14:17:37.751 22832 22832 D InputTransport: Input channel destroyed: fd=63
06-13 14:17:37.751 22832 22832 D LOCATION_SERVICE: onDestroy
06-13 14:17:41.072 22832 22832 D ViewRootImpl@503d434[MainActivity]: ViewPostImeInputStage processPointer 0
06-13 14:17:41.131 22832 22832 D ViewRootImpl@503d434[MainActivity]: ViewPostImeInputStage processPointer 1
06-13 14:17:41.139 22832 22832 D item_click: viewId = 2131820758, position = 20
06-13 14:17:41.186 22832 22832 D ViewRootImpl@503d434[MainActivity]: MSG_WINDOW_FOCUS_CHANGED 0
06-13 14:17:41.236 22832 22832 D ScrollView: initGoToTop
06-13 14:17:41.299 22832 22832 D ViewRootImpl@e5099ae[CancelDeliveryActivity]: ThreadedRenderer.create() translucent=false
06-13 14:17:41.302 22832 22832 D InputTransport: Input channel constructed: fd=59
06-13 14:17:41.302 22832 22832 D ViewRootImpl@e5099ae[CancelDeliveryActivity]: setView = DecorView@1b8a34f[CancelDeliveryActivity] touchMode=true
06-13 14:17:41.303 22832 22832 D LOCATION_SERVICE: LocationListener gps
06-13 14:17:41.304 22832 22832 D LOCATION_SERVICE: LocationListener network
06-13 14:17:41.305 22832 22832 D LOCATION_SERVICE: onCreate
06-13 14:17:41.305 22832 22832 D LOCATION_SERVICE: initializeLocationManager
06-13 14:17:41.317 22832 22832 D LOCATION_SERVICE: onStartCommand
06-13 14:17:41.337 22832 22832 D ViewRootImpl@e5099ae[CancelDeliveryActivity]: dispatchAttachedToWindow
06-13 14:17:41.373 22832 22832 D ViewRootImpl@e5099ae[CancelDeliveryActivity]: Relayout returned: oldFrame=[0,0][0,0] newFrame=[0,0][768,1024] result=0x27 surface={isValid=true -1818497024} surfaceGenerationChanged=true
06-13 14:17:41.373 22832 22832 D ViewRootImpl@e5099ae[CancelDeliveryActivity]: mHardwareRenderer.initialize() mSurface={isValid=true -1818497024} hwInitialized=true
06-13 14:17:41.381 22832 22832 D ScrollView: onsize change changed
06-13 14:17:41.425 22832 22832 D ViewRootImpl@e5099ae[CancelDeliveryActivity]: MSG_RESIZED_REPORT: frame=Rect(0, 0 - 768, 1024) ci=Rect(0, 24 - 0, 0) vi=Rect(0, 24 - 0, 0) or=1
06-13 14:17:41.425 22832 22832 D ViewRootImpl@e5099ae[CancelDeliveryActivity]: MSG_WINDOW_FOCUS_CHANGED 1
06-13 14:17:41.426 22832 22832 D ViewRootImpl@e5099ae[CancelDeliveryActivity]: mHardwareRenderer.initializeIfNeeded()#2 mSurface={isValid=true -1818497024}
06-13 14:17:41.431 22832 22832 V InputMethodManager: Starting input: tba=android.view.inputmethod.EditorInfo@d5fd6e3 nm : cz.gienger.mobile ic=null
06-13 14:17:41.431 22832 22832 I InputMethodManager: startInputInner - mService.startInputOrWindowGainedFocus
06-13 14:17:41.444 22832 22832 D InputTransport: Input channel constructed: fd=88
06-13 14:17:41.444 22832 22832 D InputTransport: Input channel destroyed: fd=91
06-13 14:17:41.482 22832 22878 D OpenGLRenderer: endAllActiveAnimators on 0x93989200 (RippleDrawable) with handle 0x9090a710
06-13 14:17:41.482 22832 22832 D ViewRootImpl@503d434[MainActivity]: mHardwareRenderer.destroy()#1
06-13 14:17:41.491 22832 22832 D ViewRootImpl@503d434[MainActivity]: Relayout returned: oldFrame=[0,0][768,1024] newFrame=[0,0][768,1024] result=0x5 surface={isValid=false 0} surfaceGenerationChanged=true
06-13 14:17:41.873 22832 22832 D ViewRootImpl@503d434[MainActivity]: Relayout returned: oldFrame=[0,0][768,1024] newFrame=[0,0][768,1024] result=0x5 surface={isValid=false 0} surfaceGenerationChanged=false
06-13 14:17:42.100 22832 22832 D ViewRootImpl@e5099ae[CancelDeliveryActivity]: ViewPostImeInputStage processPointer 0
06-13 14:17:42.161 22832 22832 D ViewRootImpl@e5099ae[CancelDeliveryActivity]: ViewPostImeInputStage processPointer 1
06-13 14:17:42.763 22832 22832 D ViewRootImpl@e5099ae[CancelDeliveryActivity]: ViewPostImeInputStage processPointer 0
06-13 14:17:42.835 22832 22832 D ViewRootImpl@e5099ae[CancelDeliveryActivity]: ViewPostImeInputStage processPointer 1
06-13 14:17:42.849 22832 22832 D UNDELIVERED: Reason ID = 9, Comment =
06-13 14:17:42.931 22832 22855 W art : Clearing bad or obsolete profile data from file /data/misc/profiles/cur/0/cz.gienger.mobile/primary.prof: Profile EOF reached prematurely for ReadProfileHeader
06-13 14:17:42.950 22832 22832 D ViewRootImpl@e5099ae[CancelDeliveryActivity]: MSG_WINDOW_FOCUS_CHANGED 0
06-13 14:17:42.962 22832 26155 D MESSAGE_SERVICE: ACTION_COMPRESS_AND_UPLOAD
06-13 14:17:42.998 22832 22832 D ViewRootImpl@503d434[MainActivity]: mHardwareRenderer.destroy()#4
06-13 14:17:42.998 22832 22832 D ViewRootImpl@503d434[MainActivity]: dispatchDetachedFromWindow
06-13 14:17:43.007 22832 22832 D InputTransport: Input channel destroyed: fd=109
06-13 14:17:43.250 22832 22832 D ViewRootImpl@792ebdf[MainActivity]: ThreadedRenderer.create() translucent=false
06-13 14:17:43.253 22832 22832 D InputTransport: Input channel constructed: fd=111
06-13 14:17:43.254 22832 22832 D ViewRootImpl@792ebdf[MainActivity]: setView = DecorView@ae6902c[MainActivity] touchMode=true
06-13 14:17:43.277 22832 22878 D OpenGLRenderer: endAllActiveAnimators on 0x93aaf780 (RippleDrawable) with handle 0x936ddd70
06-13 14:17:43.277 22832 22832 D ViewRootImpl@e5099ae[CancelDeliveryActivity]: mHardwareRenderer.destroy()#1
06-13 14:17:43.288 22832 22832 D ViewRootImpl@e5099ae[CancelDeliveryActivity]: Relayout returned: oldFrame=[0,0][768,1024] newFrame=[0,0][768,1024] result=0x5 surface={isValid=false 0} surfaceGenerationChanged=true
06-13 14:17:43.290 22832 22832 D ViewRootImpl@792ebdf[MainActivity]: dispatchAttachedToWindow
06-13 14:17:43.330 22832 22832 D ViewRootImpl@792ebdf[MainActivity]: Relayout returned: oldFrame=[0,0][0,0] newFrame=[0,0][768,1024] result=0x7 surface={isValid=true -1818497024} surfaceGenerationChanged=true
06-13 14:17:43.333 22832 22832 D ViewRootImpl@792ebdf[MainActivity]: mHardwareRenderer.initialize() mSurface={isValid=true -1818497024} hwInitialized=true
06-13 14:17:43.408 22832 22832 D AbsListView: in onLayout changed
06-13 14:17:43.463 22832 22832 D ViewRootImpl@792ebdf[MainActivity]: MSG_RESIZED_REPORT: frame=Rect(0, 0 - 768, 1024) ci=Rect(0, 24 - 0, 0) vi=Rect(0, 24 - 0, 0) or=1
06-13 14:17:43.463 22832 22832 D ViewRootImpl@792ebdf[MainActivity]: MSG_WINDOW_FOCUS_CHANGED 1
06-13 14:17:43.464 22832 22832 D ViewRootImpl@792ebdf[MainActivity]: mHardwareRenderer.initializeIfNeeded()#2 mSurface={isValid=true -1818497024}
06-13 14:17:43.465 22832 22832 V InputMethodManager: Starting input: tba=android.view.inputmethod.EditorInfo@3595238 nm : cz.gienger.mobile ic=null
06-13 14:17:43.465 22832 22832 I InputMethodManager: startInputInner - mService.startInputOrWindowGainedFocus
06-13 14:17:43.475 22832 22832 D InputTransport: Input channel constructed: fd=109
06-13 14:17:43.475 22832 22832 D InputTransport: Input channel destroyed: fd=88
06-13 14:17:43.681 22832 26155 D FILE_MANAGER: Serializing delivery /data/user/0/cz.gienger.mobile/files/finished/130AT1190319664/130AT1190319664.xml
06-13 14:17:43.681 22832 26155 D FILE_MANAGER: Null files:
06-13 14:17:43.758 22832 26155 D MYINTERCEPTOR: /GiengerService.svc/sendorder
06-13 14:17:43.759 22832 26155 D OkHttp : --> POST https://testsaig1.gienger.cz/GiengerService.svc/sendorder http/1.1
06-13 14:17:43.759 22832 26155 D OkHttp : Content-Type: text/raw
06-13 14:17:43.759 22832 26155 D OkHttp : Content-Length: 10040
06-13 14:17:43.759 22832 26155 D OkHttp : filename: 130AT1190319664.xml
06-13 14:17:43.759 22832 26155 D OkHttp : Checksum: 49bf67a6c0242bac9122f3f06ad9e2fc
06-13 14:17:43.759 22832 26155 D OkHttp : token: f4c643afb8a3b02eb9ae3a6a61fbdc24
06-13 14:17:43.759 22832 26155 D OkHttp : --> END POST
06-13 14:17:44.244 22832 26155 D OkHttp : <-- 200 https://testsaig1.gienger.cz/GiengerService.svc/sendorder (484ms)
06-13 14:17:44.244 22832 26155 D OkHttp : content-type: application/xml; charset=utf-8
06-13 14:17:44.244 22832 26155 D OkHttp : server: Microsoft-IIS/10.0
06-13 14:17:44.244 22832 26155 D OkHttp : x-powered-by: ASP.NET
06-13 14:17:44.244 22832 26155 D OkHttp : date: Thu, 13 Jun 2019 12:17:43 GMT
06-13 14:17:44.244 22832 26155 D OkHttp : content-length: 175
06-13 14:17:44.244 22832 26155 D OkHttp : <-- END HTTP
06-13 14:17:44.249 22832 26155 D sendOrder_SUCCESS: 200
06-13 14:17:44.351 22832 26155 D MESSAGE_SERVICE: ACTION_RESEND_ORDERS
06-13 14:17:44.652 22832 22832 D AbsListView: in onLayout changed
06-13 14:17:44.892 22832 22832 D ViewRootImpl@792ebdf[MainActivity]: MSG_WINDOW_FOCUS_CHANGED 0
06-13 14:17:45.032 22832 22832 D AbsListView: in onLayout changed
06-13 14:17:45.110 22832 22832 D ScrollView: initGoToTop
06-13 14:17:45.116 22832 22832 D ScrollView: initGoToTop
06-13 14:17:45.124 22832 22832 D ViewRootImpl@e0412da[MainActivity]: ThreadedRenderer.create() translucent=true
06-13 14:17:45.130 22832 22832 D InputTransport: Input channel constructed: fd=91
06-13 14:17:45.130 22832 22832 D ViewRootImpl@e0412da[MainActivity]: setView = DecorView@416a30b[MainActivity] touchMode=true
06-13 14:17:45.297 22832 22832 D ViewRootImpl@5cc9a00[MainActivity]: ThreadedRenderer.create() translucent=false
06-13 14:17:45.300 22832 22832 D InputTransport: Input channel constructed: fd=133
06-13 14:17:45.300 22832 22832 D ViewRootImpl@5cc9a00[MainActivity]: setView = DecorView@b09c239[MainActivity] touchMode=true
06-13 14:17:45.317 22832 22832 D ViewRootImpl@792ebdf[MainActivity]: mHardwareRenderer.destroy()#1
06-13 14:17:45.332 22832 22832 D ViewRootImpl@792ebdf[MainActivity]: Relayout returned: oldFrame=[0,0][768,1024] newFrame=[0,0][768,1024] result=0x5 surface={isValid=false 0} surfaceGenerationChanged=true
06-13 14:17:45.333 22832 22832 D ViewRootImpl@e0412da[MainActivity]: dispatchAttachedToWindow
06-13 14:17:45.367 22832 22832 D ViewRootImpl@e0412da[MainActivity]: Relayout returned: oldFrame=[0,0][0,0] newFrame=[94,415][674,633] result=0x27 surface={isValid=true -1873065984} surfaceGenerationChanged=true
06-13 14:17:45.368 22832 22832 D ViewRootImpl@e0412da[MainActivity]: mHardwareRenderer.initialize() mSurface={isValid=true -1873065984} hwInitialized=true
06-13 14:17:45.370 22832 22832 D ScrollView: onsize change changed
06-13 14:17:45.371 22832 22832 D ViewRootImpl@5cc9a00[MainActivity]: dispatchAttachedToWindow
06-13 14:17:45.405 22832 22832 D ViewRootImpl@5cc9a00[MainActivity]: Relayout returned: oldFrame=[0,0][0,0] newFrame=[0,0][768,1024] result=0x7 surface={isValid=true -1818497024} surfaceGenerationChanged=true
06-13 14:17:45.406 22832 22832 D ViewRootImpl@5cc9a00[MainActivity]: mHardwareRenderer.initialize() mSurface={isValid=true -1818497024} hwInitialized=true
06-13 14:17:45.489 22832 22832 D AbsListView: in onLayout changed
06-13 14:17:45.490 22832 22832 D ViewRootImpl@e0412da[MainActivity]: MSG_WINDOW_FOCUS_CHANGED 1
06-13 14:17:45.490 22832 22832 D ViewRootImpl@e0412da[MainActivity]: mHardwareRenderer.initializeIfNeeded()#2 mSurface={isValid=true -1873065984}
06-13 14:17:45.558 22832 22832 D ViewRootImpl@e0412da[MainActivity]: MSG_RESIZED_REPORT: frame=Rect(94, 415 - 674, 633) ci=Rect(0, 0 - 0, 0) vi=Rect(0, 0 - 0, 0) or=1
06-13 14:17:45.565 22832 22832 D ViewRootImpl@5cc9a00[MainActivity]: MSG_RESIZED_REPORT: frame=Rect(0, 0 - 768, 1024) ci=Rect(0, 24 - 0, 0) vi=Rect(0, 24 - 0, 0) or=1
06-13 14:17:45.641 22832 22832 D ViewRootImpl@792ebdf[MainActivity]: mHardwareRenderer.destroy()#4
06-13 14:17:45.641 22832 22832 D ViewRootImpl@792ebdf[MainActivity]: dispatchDetachedFromWindow
06-13 14:17:45.650 22832 22832 D InputTransport: Input channel destroyed: fd=111
06-13 14:17:45.665 22832 22832 D TextView: SYANI: Clipboard API is calling: clearFilter()
06-13 14:17:45.665 22832 22832 D TextView: SYANI: Clipboard API is calling: unregisterClipboardEventListener()
06-13 14:17:45.672 22832 22832 D ViewRootImpl@e5099ae[CancelDeliveryActivity]: mHardwareRenderer.destroy()#4
06-13 14:17:45.672 22832 22832 D ViewRootImpl@e5099ae[CancelDeliveryActivity]: dispatchDetachedFromWindow
06-13 14:17:45.681 22832 22832 D InputTransport: Input channel destroyed: fd=59
06-13 14:17:45.681 22832 22832 D LOCATION_SERVICE: onDestroy
06-13 14:17:47.645 22832 22832 D ViewRootImpl@e0412da[MainActivity]: ViewPostImeInputStage processPointer 0
06-13 14:17:47.693 22832 22832 D ViewRootImpl@e0412da[MainActivity]: ViewPostImeInputStage processPointer 1
06-13 14:17:47.758 22832 22832 D ViewRootImpl@e0412da[MainActivity]: mHardwareRenderer.destroy()#4
06-13 14:17:47.758 22832 22832 D ViewRootImpl@e0412da[MainActivity]: dispatchDetachedFromWindow
06-13 14:17:47.766 22832 22832 D InputTransport: Input channel destroyed: fd=91
06-13 14:17:47.774 22832 22832 D InputTransport: Input channel constructed: fd=63
06-13 14:17:47.774 22832 22832 D ViewRootImpl@17abd08[Toast]: setView = android.widget.LinearLayout{30b1ca1 V.E...... ......I. 0,0-0,0} touchMode=true
06-13 14:17:47.774 22832 22832 V Toast : Text: Nani in android.widget.Toast$TN@3fa6ec6
06-13 14:17:47.774 22832 22832 E ViewRootImpl: sendUserActionEvent() returned.
06-13 14:17:47.796 22832 22832 D ViewRootImpl@17abd08[Toast]: dispatchAttachedToWindow
06-13 14:17:47.826 22832 22832 D ViewRootImpl@17abd08[Toast]: Relayout returned: oldFrame=[0,0][0,0] newFrame=[194,916][574,960] result=0x27 surface={isValid=true -1873065984} surfaceGenerationChanged=true
