--------- beginning of main
06-13 14:08:17.708 22832 22832 D LOCATION_SERVICE: onLocationChanged: Location[network 49,191339,17,534659 acc=22 et=+1d0h22m50s633ms alt=0.0 vel=0.0 bear=0.0 {Bundle[mParcelledData.dataSize=80]}]
06-13 14:14:43.832 22832 22832 D ViewRootImpl@4123cfe[PdfArchiveActivity]: ThreadedRenderer.create() translucent=true
06-13 14:14:43.836 22832 22832 D InputTransport: Input channel constructed: fd=64
06-13 14:14:43.836 22832 22832 D ViewRootImpl@4123cfe[PdfArchiveActivity]: setView = DecorView@4cd8c5f[PdfArchiveActivity] touchMode=true
06-13 14:14:43.839 22832 22832 D ViewRootImpl@4123cfe[PdfArchiveActivity]: dispatchAttachedToWindow
06-13 14:14:43.864 22832 22832 D ViewRootImpl@4123cfe[PdfArchiveActivity]: Relayout returned: oldFrame=[0,0][0,0] newFrame=[241,456][527,568] result=0x27 surface={isValid=true -1818128384} surfaceGenerationChanged=true
06-13 14:14:43.868 22832 22832 D ViewRootImpl@4123cfe[PdfArchiveActivity]: mHardwareRenderer.initialize() mSurface={isValid=true -1818128384} hwInitialized=true
06-13 14:14:43.874 22832 22832 D ViewRootImpl@4123cfe[PdfArchiveActivity]: MSG_RESIZED_REPORT: frame=Rect(241, 456 - 527, 568) ci=Rect(0, 0 - 0, 0) vi=Rect(0, 0 - 0, 0) or=1
06-13 14:14:43.874 22832 22832 D ViewRootImpl@4123cfe[PdfArchiveActivity]: MSG_WINDOW_FOCUS_CHANGED 1
06-13 14:14:43.874 22832 22832 D ViewRootImpl@4123cfe[PdfArchiveActivity]: mHardwareRenderer.initializeIfNeeded()#2 mSurface={isValid=true -1818128384}
06-13 14:14:43.876 22832 22832 V InputMethodManager: Starting input: tba=android.view.inputmethod.EditorInfo@cc3e6ac nm : cz.gienger.mobile ic=null
06-13 14:14:43.876 22832 22832 I InputMethodManager: startInputInner - mService.startInputOrWindowGainedFocus
06-13 14:14:43.882 22832 22832 D InputTransport: Input channel constructed: fd=70
06-13 14:14:44.940 22832 22832 D ViewRootImpl@4123cfe[PdfArchiveActivity]: mHardwareRenderer.destroy()#1
06-13 14:14:44.960 22832 22832 D ViewRootImpl@4123cfe[PdfArchiveActivity]: Relayout returned: oldFrame=[241,456][527,568] newFrame=[241,456][527,568] result=0x5 surface={isValid=false 0} surfaceGenerationChanged=true
06-13 14:14:44.960 22832 22832 D ViewRootImpl@4123cfe[PdfArchiveActivity]: MSG_WINDOW_FOCUS_CHANGED 0
06-13 14:14:44.974 22832 22832 D ViewRootImpl@efb738c[CartActivity]: mHardwareRenderer.destroy()#1
06-13 14:14:44.996 22832 22832 D ViewRootImpl@efb738c[CartActivity]: Relayout returned: oldFrame=[0,0][768,1024] newFrame=[0,0][768,1024] result=0x1 surface={isValid=false 0} surfaceGenerationChanged=false
06-13 14:14:45.290 22832 22832 D LOCATION_SERVICE: onLocationChanged: Location[network 49,191230,17,534674 acc=21 et=+1d0h29m18s86ms alt=0.0 vel=0.0 bear=0.0 {Bundle[mParcelledData.dataSize=80]}]
06-13 14:14:45.304 22832 25984 D MYINTERCEPTOR: /GiengerService.svc/uploadfinishedorder
06-13 14:14:45.305 22832 25984 D OkHttp : --> POST https://testsaig1.gienger.cz/GiengerService.svc/uploadfinishedorder http/1.1
06-13 14:14:45.305 22832 25984 D OkHttp : Content-Type: text/raw
06-13 14:14:45.306 22832 25984 D OkHttp : Content-Length: 126044
06-13 14:14:45.306 22832 25984 D OkHttp : filename: bcb70ac6-d0fd-4952-9dd7-1949983cf702.xml
06-13 14:14:45.306 22832 25984 D OkHttp : Checksum: 021494b6f4f837bbc7e3776a3625271d
06-13 14:14:45.306 22832 25984 D OkHttp : token: f4c643afb8a3b02eb9ae3a6a61fbdc24
06-13 14:14:45.306 22832 25984 D OkHttp : state: CZ
06-13 14:14:45.306 22832 25984 D OkHttp : --> END POST
06-13 14:14:45.333 22832 22832 D ViewRootImpl@be2ba8d[CategoryListActivity]: mHardwareRenderer.destroy()#4
06-13 14:14:45.333 22832 22832 D ViewRootImpl@be2ba8d[CategoryListActivity]: dispatchDetachedFromWindow
06-13 14:14:45.345 22832 22832 D InputTransport: Input channel destroyed: fd=68
06-13 14:14:45.377 22832 22832 D ViewRootImpl@34d438c[ArticleListActivity]: mHardwareRenderer.destroy()#4
06-13 14:14:45.377 22832 22832 D ViewRootImpl@34d438c[ArticleListActivity]: dispatchDetachedFromWindow
06-13 14:14:45.386 22832 22832 D InputTransport: Input channel destroyed: fd=63
06-13 14:14:45.395 22832 22832 D ViewRootImpl@30e928a[CategoryListActivity]: mHardwareRenderer.destroy()#4
06-13 14:14:45.395 22832 22832 D ViewRootImpl@30e928a[CategoryListActivity]: dispatchDetachedFromWindow
06-13 14:14:45.401 22832 22832 D InputTransport: Input channel destroyed: fd=66
06-13 14:14:45.414 22832 22832 D ViewRootImpl@71f867[ArticleListActivity]: mHardwareRenderer.destroy()#4
06-13 14:14:45.414 22832 22832 D ViewRootImpl@71f867[ArticleListActivity]: dispatchDetachedFromWindow
06-13 14:14:45.419 22832 22832 D InputTransport: Input channel destroyed: fd=71
06-13 14:14:45.428 22832 22832 D ViewRootImpl@b41ec1b[CategoryListActivity]: mHardwareRenderer.destroy()#4
06-13 14:14:45.428 22832 22832 D ViewRootImpl@b41ec1b[CategoryListActivity]: dispatchDetachedFromWindow
06-13 14:14:45.434 22832 22832 D InputTransport: Input channel destroyed: fd=67
06-13 14:14:45.464 22832 22832 D ViewRootImpl@4138008[ArticleListActivity]: mHardwareRenderer.destroy()#4
06-13 14:14:45.464 22832 22832 D ViewRootImpl@4138008[ArticleListActivity]: dispatchDetachedFromWindow
06-13 14:14:45.471 22832 22832 D InputTransport: Input channel destroyed: fd=79
06-13 14:14:45.517 22832 22832 D ViewRootImpl@efb738c[CartActivity]: Relayout returned: oldFrame=[0,0][768,1024] newFrame=[0,0][768,1024] result=0x7 surface={isValid=true -1806225408} surfaceGenerationChanged=true
06-13 14:14:45.518 22832 22832 D ViewRootImpl@efb738c[CartActivity]: mHardwareRenderer.initialize() mSurface={isValid=true -1806225408} hwInitialized=true
06-13 14:14:45.544 22832 22832 D AbsListView: in onLayout changed
06-13 14:14:45.547 22832 22832 D LOCATION_SERVICE: onDestroy
06-13 14:14:45.913 22832 22832 D ViewRootImpl@5a2acfb[MainActivity]: Relayout returned: oldFrame=[0,0][768,1024] newFrame=[0,0][768,1024] result=0x7 surface={isValid=true -1801568256} surfaceGenerationChanged=true
06-13 14:14:45.913 22832 22832 D ViewRootImpl@5a2acfb[MainActivity]: mHardwareRenderer.initialize() mSurface={isValid=true -1801568256} hwInitialized=true
06-13 14:14:46.024 22832 22832 D AbsListView: in onLayout changed
06-13 14:14:46.055 22832 22832 D ViewRootImpl@5a2acfb[MainActivity]: MSG_WINDOW_FOCUS_CHANGED 1
06-13 14:14:46.055 22832 22832 D ViewRootImpl@5a2acfb[MainActivity]: mHardwareRenderer.initializeIfNeeded()#2 mSurface={isValid=true -1801568256}
06-13 14:14:46.056 22832 22832 V InputMethodManager: Starting input: tba=android.view.inputmethod.EditorInfo@f1bbc39 nm : cz.gienger.mobile ic=null
06-13 14:14:46.056 22832 22832 I InputMethodManager: startInputInner - mService.startInputOrWindowGainedFocus
06-13 14:14:46.074 22832 22832 D InputTransport: Input channel constructed: fd=68
06-13 14:14:46.074 22832 22832 D InputTransport: Input channel destroyed: fd=70
06-13 14:14:46.110 22832 22832 D ViewRootImpl@efb738c[CartActivity]: mHardwareRenderer.destroy()#1
06-13 14:14:46.118 22832 22832 D ViewRootImpl@efb738c[CartActivity]: Relayout returned: oldFrame=[0,0][768,1024] newFrame=[0,0][768,1024] result=0x5 surface={isValid=false 0} surfaceGenerationChanged=true
06-13 14:14:46.123 22832 22832 D ViewRootImpl@4123cfe[PdfArchiveActivity]: mHardwareRenderer.destroy()#4
06-13 14:14:46.124 22832 22832 D ViewRootImpl@4123cfe[PdfArchiveActivity]: dispatchDetachedFromWindow
06-13 14:14:46.135 22832 22832 D InputTransport: Input channel destroyed: fd=64
06-13 14:14:46.502 22832 22832 D TextView: SYANI: Clipboard API is calling: clearFilter()
06-13 14:14:46.503 22832 22832 D TextView: SYANI: Clipboard API is calling: unregisterClipboardEventListener()
06-13 14:14:46.506 22832 22832 D TextView: SYANI: Clipboard API is calling: clearFilter()
06-13 14:14:46.506 22832 22832 D TextView: SYANI: Clipboard API is calling: unregisterClipboardEventListener()
06-13 14:14:46.509 22832 22832 D TextView: SYANI: Clipboard API is calling: clearFilter()
06-13 14:14:46.509 22832 22832 D TextView: SYANI: Clipboard API is calling: unregisterClipboardEventListener()
06-13 14:14:46.514 22832 22832 D TextView: SYANI: Clipboard API is calling: clearFilter()
06-13 14:14:46.514 22832 22832 D TextView: SYANI: Clipboard API is calling: unregisterClipboardEventListener()
06-13 14:14:46.516 22832 22832 D TextView: SYANI: Clipboard API is calling: clearFilter()
06-13 14:14:46.516 22832 22832 D TextView: SYANI: Clipboard API is calling: unregisterClipboardEventListener()
06-13 14:14:46.519 22832 22832 D TextView: SYANI: Clipboard API is calling: clearFilter()
06-13 14:14:46.519 22832 22832 D TextView: SYANI: Clipboard API is calling: unregisterClipboardEventListener()
06-13 14:14:46.522 22832 22832 D TextView: SYANI: Clipboard API is calling: clearFilter()
06-13 14:14:46.522 22832 22832 D TextView: SYANI: Clipboard API is calling: unregisterClipboardEventListener()
06-13 14:14:46.523 22832 22832 D TextView: SYANI: Clipboard API is calling: clearFilter()
06-13 14:14:46.523 22832 22832 D TextView: SYANI: Clipboard API is calling: unregisterClipboardEventListener()
06-13 14:14:46.525 22832 22832 D TextView: SYANI: Clipboard API is calling: clearFilter()
06-13 14:14:46.525 22832 22832 D TextView: SYANI: Clipboard API is calling: unregisterClipboardEventListener()
06-13 14:14:46.528 22832 22832 D TextView: SYANI: Clipboard API is calling: clearFilter()
06-13 14:14:46.528 22832 22832 D TextView: SYANI: Clipboard API is calling: unregisterClipboardEventListener()
06-13 14:14:46.531 22832 22832 D TextView: SYANI: Clipboard API is calling: clearFilter()
06-13 14:14:46.531 22832 22832 D TextView: SYANI: Clipboard API is calling: unregisterClipboardEventListener()
06-13 14:14:46.543 22832 22832 D ViewRootImpl@efb738c[CartActivity]: mHardwareRenderer.destroy()#4
06-13 14:14:46.543 22832 22832 D ViewRootImpl@efb738c[CartActivity]: dispatchDetachedFromWindow
06-13 14:14:46.552 22832 22832 D InputTransport: Input channel destroyed: fd=69
06-13 14:14:46.633 22832 25984 D OkHttp : <-- 200 https://testsaig1.gienger.cz/GiengerService.svc/uploadfinishedorder (1327ms)
06-13 14:14:46.634 22832 25984 D OkHttp : content-type: application/xml; charset=utf-8
06-13 14:14:46.634 22832 25984 D OkHttp : server: Microsoft-IIS/10.0
06-13 14:14:46.634 22832 25984 D OkHttp : x-powered-by: ASP.NET
06-13 14:14:46.634 22832 25984 D OkHttp : date: Thu, 13 Jun 2019 12:14:46 GMT
06-13 14:14:46.634 22832 25984 D OkHttp : content-length: 175
06-13 14:14:46.634 22832 25984 D OkHttp : <-- END HTTP
06-13 14:14:47.238 22832 22832 D ViewRootImpl: updatePointerIcon pointerType = 20001, calling pid = 22832
06-13 14:14:47.238 22832 22832 D InputManager: setPointerIconType iconId = 20001, callingPid = 22832
06-13 14:14:47.240 22832 22832 D ViewRootImpl: updatePointerIcon pointerType = 20001, calling pid = 22832
06-13 14:14:47.241 22832 22832 D InputManager: setPointerIconType iconId = 20001, callingPid = 22832
06-13 14:14:47.313 22832 22832 D ViewRootImpl@5a2acfb[MainActivity]: ViewPostImeInputStage processPointer 0
06-13 14:14:47.319 22832 22832 D ViewRootImpl: updatePointerIcon pointerType = 20001, calling pid = 22832
06-13 14:14:47.319 22832 22832 D InputManager: setPointerIconType iconId = 20001, callingPid = 22832
06-13 14:14:47.325 22832 22832 D AbsListView: reportScrollStateChange() newState : 1
06-13 14:14:47.433 22832 22832 D ViewRootImpl@5a2acfb[MainActivity]: ViewPostImeInputStage processPointer 1
06-13 14:14:47.437 22832 22832 D AbsListView: onTouchUp() mTouchMode : 3
06-13 14:14:47.437 22832 22832 D AbsListView: onTouchUp() TOUCH_MODE_SCROLL initialVelocity : 5321
06-13 14:14:47.437 22832 22832 D AbsListView: reportScrollStateChange() newState : 2
06-13 14:14:47.444 22832 22832 D ViewRootImpl: updatePointerIcon pointerType = 20001, calling pid = 22832
06-13 14:14:47.444 22832 22832 D InputManager: setPointerIconType iconId = 20001, callingPid = 22832
06-13 14:14:47.445 22832 22832 D ViewRootImpl: updatePointerIcon pointerType = 20001, calling pid = 22832
06-13 14:14:47.445 22832 22832 D InputManager: setPointerIconType iconId = 20001, callingPid = 22832
06-13 14:14:48.293 22832 22832 D ViewRootImpl@5a2acfb[MainActivity]: ViewPostImeInputStage processPointer 0
06-13 14:14:48.365 22832 22832 D ViewRootImpl@5a2acfb[MainActivity]: ViewPostImeInputStage processPointer 1
06-13 14:14:48.366 22832 22832 D AbsListView: onTouchUp() mTouchMode : 6
06-13 14:14:48.464 22832 22832 D AbsListView: reportScrollStateChange() newState : 0
06-13 14:15:06.806 22832 22832 D ViewRootImpl@5a2acfb[MainActivity]: ViewPostImeInputStage processPointer 0
06-13 14:15:06.856 22832 22832 D AbsListView: reportScrollStateChange() newState : 1
06-13 14:15:07.103 22832 22832 D ViewRootImpl@5a2acfb[MainActivity]: ViewPostImeInputStage processPointer 1
06-13 14:15:07.103 22832 22832 D AbsListView: onTouchUp() mTouchMode : 3
06-13 14:15:07.103 22832 22832 D AbsListView: onTouchUp() TOUCH_MODE_SCROLL initialVelocity : 91
06-13 14:15:07.103 22832 22832 D AbsListView: reportScrollStateChange() newState : 0
06-13 14:15:12.244 22832 22832 D ViewRootImpl@5a2acfb[MainActivity]: ViewPostImeInputStage processPointer 0
06-13 14:15:12.317 22832 22832 D AbsListView: reportScrollStateChange() newState : 1
06-13 14:15:12.694 22832 22832 D ViewRootImpl@5a2acfb[MainActivity]: ViewPostImeInputStage processPointer 1
06-13 14:15:12.694 22832 22832 D AbsListView: onTouchUp() mTouchMode : 3
06-13 14:15:12.694 22832 22832 D AbsListView: onTouchUp() TOUCH_MODE_SCROLL initialVelocity : -20
06-13 14:15:12.694 22832 22832 D AbsListView: reportScrollStateChange() newState : 0
06-13 14:15:13.147 22832 22832 D ViewRootImpl@5a2acfb[MainActivity]: ViewPostImeInputStage processPointer 0
06-13 14:15:13.203 22832 22832 D AbsListView: reportScrollStateChange() newState : 1
06-13 14:15:13.350 22832 22832 D ViewRootImpl@5a2acfb[MainActivity]: ViewPostImeInputStage processPointer 1
06-13 14:15:13.350 22832 22832 D AbsListView: onTouchUp() mTouchMode : 3
06-13 14:15:13.350 22832 22832 D AbsListView: onTouchUp() TOUCH_MODE_SCROLL initialVelocity : 1769
06-13 14:15:13.350 22832 22832 D AbsListView: reportScrollStateChange() newState : 0
06-13 14:15:37.195 22832 22832 D ViewRootImpl: updatePointerIcon pointerType = 20001, calling pid = 22832
06-13 14:15:37.197 22832 22832 D InputManager: setPointerIconType iconId = 20001, callingPid = 22832
06-13 14:15:37.198 22832 22832 D ViewRootImpl: updatePointerIcon pointerType = 20001, calling pid = 22832
06-13 14:15:37.199 22832 22832 D InputManager: setPointerIconType iconId = 20001, callingPid = 22832
06-13 14:15:37.767 22832 22832 D ViewRootImpl@5a2acfb[MainActivity]: ViewPostImeInputStage processPointer 0
06-13 14:15:37.825 22832 22832 D ViewRootImpl@5a2acfb[MainActivity]: ViewPostImeInputStage processPointer 1
06-13 14:15:37.843 22832 22832 D item_click: viewId = 2131820758, position = 1
06-13 14:15:37.891 22832 22832 D ViewRootImpl@5a2acfb[MainActivity]: MSG_WINDOW_FOCUS_CHANGED 0
06-13 14:15:37.978 22832 22832 D ScrollView: initGoToTop
06-13 14:15:38.053 22832 22832 D ViewRootImpl@9c113c8[CancelDeliveryActivity]: ThreadedRenderer.create() translucent=false
06-13 14:15:38.056 22832 22832 D InputTransport: Input channel constructed: fd=67
06-13 14:15:38.057 22832 22832 D ViewRootImpl@9c113c8[CancelDeliveryActivity]: setView = DecorView@fec8c61[CancelDeliveryActivity] touchMode=true
06-13 14:15:38.059 22832 22832 D LOCATION_SERVICE: LocationListener gps
06-13 14:15:38.060 22832 22832 D LOCATION_SERVICE: LocationListener network
06-13 14:15:38.061 22832 22832 D LOCATION_SERVICE: onCreate
06-13 14:15:38.061 22832 22832 D LOCATION_SERVICE: initializeLocationManager
06-13 14:15:38.076 22832 22832 D LOCATION_SERVICE: onStartCommand
06-13 14:15:38.140 22832 22832 D ViewRootImpl@9c113c8[CancelDeliveryActivity]: dispatchAttachedToWindow
06-13 14:15:38.182 22832 22832 D ViewRootImpl@9c113c8[CancelDeliveryActivity]: Relayout returned: oldFrame=[0,0][0,0] newFrame=[0,0][768,1024] result=0x27 surface={isValid=true -1872764928} surfaceGenerationChanged=true
06-13 14:15:38.183 22832 22832 D ViewRootImpl@9c113c8[CancelDeliveryActivity]: mHardwareRenderer.initialize() mSurface={isValid=true -1872764928} hwInitialized=true
06-13 14:15:38.187 22832 22832 D ScrollView: onsize change changed
06-13 14:15:38.234 22832 22832 D ViewRootImpl@9c113c8[CancelDeliveryActivity]: MSG_RESIZED_REPORT: frame=Rect(0, 0 - 768, 1024) ci=Rect(0, 24 - 0, 0) vi=Rect(0, 24 - 0, 0) or=1
06-13 14:15:38.234 22832 22832 D ViewRootImpl@9c113c8[CancelDeliveryActivity]: MSG_WINDOW_FOCUS_CHANGED 1
06-13 14:15:38.234 22832 22832 D ViewRootImpl@9c113c8[CancelDeliveryActivity]: mHardwareRenderer.initializeIfNeeded()#2 mSurface={isValid=true -1872764928}
06-13 14:15:38.240 22832 22832 V InputMethodManager: Starting input: tba=android.view.inputmethod.EditorInfo@d34116a nm : cz.gienger.mobile ic=null
06-13 14:15:38.240 22832 22832 I InputMethodManager: startInputInner - mService.startInputOrWindowGainedFocus
06-13 14:15:38.252 22832 22832 D InputTransport: Input channel constructed: fd=69
06-13 14:15:38.252 22832 22832 D InputTransport: Input channel destroyed: fd=68
06-13 14:15:38.297 22832 22878 D OpenGLRenderer: endAllActiveAnimators on 0x945ef980 (RippleDrawable) with handle 0x941e77d0
06-13 14:15:38.297 22832 22832 D ViewRootImpl@5a2acfb[MainActivity]: mHardwareRenderer.destroy()#1
06-13 14:15:38.305 22832 22832 D ViewRootImpl@5a2acfb[MainActivity]: Relayout returned: oldFrame=[0,0][768,1024] newFrame=[0,0][768,1024] result=0x5 surface={isValid=false 0} surfaceGenerationChanged=true
06-13 14:15:38.684 22832 22832 D ViewRootImpl@5a2acfb[MainActivity]: Relayout returned: oldFrame=[0,0][768,1024] newFrame=[0,0][768,1024] result=0x5 surface={isValid=false 0} surfaceGenerationChanged=false
06-13 14:15:38.733 22832 22832 D LOCATION_SERVICE: onLocationChanged: Location[network 49,191244,17,534665 acc=21 et=+1d0h30m11s664ms alt=0.0 vel=0.0 bear=0.0 {Bundle[mParcelledData.dataSize=80]}]
06-13 14:15:39.087 22832 22832 D ViewRootImpl@9c113c8[CancelDeliveryActivity]: ViewPostImeInputStage processPointer 0
06-13 14:15:39.115 22832 22832 D ViewRootImpl@9c113c8[CancelDeliveryActivity]: ViewPostImeInputStage processPointer 1
06-13 14:15:39.864 22832 22832 D ViewRootImpl@9c113c8[CancelDeliveryActivity]: ViewPostImeInputStage processPointer 0
06-13 14:15:39.922 22832 22832 D ViewRootImpl@9c113c8[CancelDeliveryActivity]: ViewPostImeInputStage processPointer 1
06-13 14:15:39.948 22832 22832 D UNDELIVERED: Reason ID = 10, Comment =
06-13 14:15:40.126 22832 22832 D ViewRootImpl@9c113c8[CancelDeliveryActivity]: MSG_WINDOW_FOCUS_CHANGED 0
06-13 14:15:40.133 22832 26018 D MESSAGE_SERVICE: ACTION_COMPRESS_AND_UPLOAD
06-13 14:15:40.188 22832 22832 D ViewRootImpl@5a2acfb[MainActivity]: mHardwareRenderer.destroy()#4
06-13 14:15:40.188 22832 22832 D ViewRootImpl@5a2acfb[MainActivity]: dispatchDetachedFromWindow
06-13 14:15:40.194 22832 22832 D InputTransport: Input channel destroyed: fd=61
06-13 14:15:40.439 22832 22832 D ViewRootImpl@368de56[MainActivity]: ThreadedRenderer.create() translucent=false
06-13 14:15:40.443 22832 22832 D InputTransport: Input channel constructed: fd=79
06-13 14:15:40.443 22832 22832 D ViewRootImpl@368de56[MainActivity]: setView = DecorView@3e90ed7[MainActivity] touchMode=true
06-13 14:15:40.445 22832 22832 D ViewRootImpl@368de56[MainActivity]: dispatchAttachedToWindow
06-13 14:15:40.509 22832 22832 D ViewRootImpl@368de56[MainActivity]: Relayout returned: oldFrame=[0,0][0,0] newFrame=[0,0][768,1024] result=0x27 surface={isValid=true -1335111680} surfaceGenerationChanged=true
06-13 14:15:40.509 22832 22832 D ViewRootImpl@368de56[MainActivity]: mHardwareRenderer.initialize() mSurface={isValid=true -1335111680} hwInitialized=true
06-13 14:15:40.579 22832 22832 D AbsListView: in onLayout changed
06-13 14:15:40.592 22832 22878 D OpenGLRenderer: endAllActiveAnimators on 0x91862e80 (RippleDrawable) with handle 0x945621b0
06-13 14:15:40.592 22832 22832 D ViewRootImpl@9c113c8[CancelDeliveryActivity]: mHardwareRenderer.destroy()#1
06-13 14:15:40.601 22832 22832 D ViewRootImpl@9c113c8[CancelDeliveryActivity]: Relayout returned: oldFrame=[0,0][768,1024] newFrame=[0,0][768,1024] result=0x5 surface={isValid=false 0} surfaceGenerationChanged=true
06-13 14:15:40.659 22832 22832 D ViewRootImpl@368de56[MainActivity]: MSG_RESIZED_REPORT: frame=Rect(0, 0 - 768, 1024) ci=Rect(0, 24 - 0, 0) vi=Rect(0, 24 - 0, 0) or=1
06-13 14:15:40.659 22832 22832 D ViewRootImpl@368de56[MainActivity]: MSG_WINDOW_FOCUS_CHANGED 1
06-13 14:15:40.659 22832 22832 D ViewRootImpl@368de56[MainActivity]: mHardwareRenderer.initializeIfNeeded()#2 mSurface={isValid=true -1335111680}
06-13 14:15:40.661 22832 22832 V InputMethodManager: Starting input: tba=android.view.inputmethod.EditorInfo@fb53523 nm : cz.gienger.mobile ic=null
06-13 14:15:40.661 22832 22832 I InputMethodManager: startInputInner - mService.startInputOrWindowGainedFocus
06-13 14:15:40.670 22832 22832 D InputTransport: Input channel constructed: fd=61
06-13 14:15:40.670 22832 22832 D InputTransport: Input channel destroyed: fd=69
06-13 14:15:40.888 22832 26018 D FILE_MANAGER: Serializing delivery /data/user/0/cz.gienger.mobile/files/finished/130CT1192003199/130CT1192003199.xml
06-13 14:15:40.888 22832 26018 D FILE_MANAGER: Null files:
06-13 14:15:40.963 22832 26018 D MYINTERCEPTOR: /GiengerService.svc/sendorder
06-13 14:15:40.964 22832 26018 D OkHttp : --> POST https://testsaig1.gienger.cz/GiengerService.svc/sendorder http/1.1
06-13 14:15:40.964 22832 26018 D OkHttp : Content-Type: text/raw
06-13 14:15:40.964 22832 26018 D OkHttp : Content-Length: 2948
06-13 14:15:40.964 22832 26018 D OkHttp : filename: 130CT1192003199.xml
06-13 14:15:40.964 22832 26018 D OkHttp : Checksum: 8792e6ffba12a4a5f3a31e6a113b540c
06-13 14:15:40.964 22832 26018 D OkHttp : token: f4c643afb8a3b02eb9ae3a6a61fbdc24
06-13 14:15:40.964 22832 26018 D OkHttp : --> END POST
06-13 14:15:41.039 22832 22845 I art : Background partial concurrent mark sweep GC freed 96924(4MB) AllocSpace objects, 7(140KB) LOS objects, 51% free, 11MB/23MB, paused 1.063ms total 142.238ms
06-13 14:15:41.364 22832 26018 D OkHttp : <-- 200 https://testsaig1.gienger.cz/GiengerService.svc/sendorder (399ms)
06-13 14:15:41.364 22832 26018 D OkHttp : content-type: application/xml; charset=utf-8
06-13 14:15:41.364 22832 26018 D OkHttp : server: Microsoft-IIS/10.0
06-13 14:15:41.364 22832 26018 D OkHttp : x-powered-by: ASP.NET
06-13 14:15:41.364 22832 26018 D OkHttp : date: Thu, 13 Jun 2019 12:15:40 GMT
06-13 14:15:41.364 22832 26018 D OkHttp : content-length: 175
06-13 14:15:41.364 22832 26018 D OkHttp : <-- END HTTP
06-13 14:15:41.372 22832 26018 D sendOrder_SUCCESS: 200
06-13 14:15:41.418 22832 26018 D MESSAGE_SERVICE: ACTION_RESEND_ORDERS
06-13 14:15:41.697 22832 22832 D AbsListView: in onLayout changed
06-13 14:15:41.968 22832 22832 D AbsListView: in onLayout changed
06-13 14:15:42.023 22832 22832 D Graph : removeVertex() : insertDummyVertex, because there is no ancestor.
06-13 14:15:42.032 22832 22832 D TextView: SYANI: Clipboard API is calling: clearFilter()
06-13 14:15:42.032 22832 22832 D TextView: SYANI: Clipboard API is calling: unregisterClipboardEventListener()
06-13 14:15:42.044 22832 22832 D ViewRootImpl@9c113c8[CancelDeliveryActivity]: mHardwareRenderer.destroy()#4
06-13 14:15:42.044 22832 22832 D ViewRootImpl@9c113c8[CancelDeliveryActivity]: dispatchDetachedFromWindow
06-13 14:15:42.052 22832 22832 D InputTransport: Input channel destroyed: fd=67
06-13 14:15:42.053 22832 22832 D LOCATION_SERVICE: onDestroy
06-13 14:15:44.993 22832 22832 D ViewRootImpl@368de56[MainActivity]: ViewPostImeInputStage processPointer 0
06-13 14:15:45.023 22832 22832 D AbsListView: reportScrollStateChange() newState : 1
06-13 14:15:45.509 22832 22832 D ViewRootImpl@368de56[MainActivity]: ViewPostImeInputStage processPointer 1
06-13 14:15:45.509 22832 22832 D AbsListView: onTouchUp() mTouchMode : 3
06-13 14:15:45.509 22832 22832 D AbsListView: onTouchUp() TOUCH_MODE_SCROLL initialVelocity : 6
06-13 14:15:45.509 22832 22832 D AbsListView: reportScrollStateChange() newState : 0
06-13 14:15:45.747 22832 22832 D ViewRootImpl@368de56[MainActivity]: ViewPostImeInputStage processPointer 0
06-13 14:15:45.793 22832 22832 D ViewRootImpl@368de56[MainActivity]: ViewPostImeInputStage processPointer 1
06-13 14:15:45.821 22832 22832 D item_click: viewId = 2131820758, position = 2
06-13 14:15:45.876 22832 22832 D ViewRootImpl@368de56[MainActivity]: MSG_WINDOW_FOCUS_CHANGED 0
06-13 14:15:45.929 22832 22832 D ScrollView: initGoToTop
06-13 14:15:45.994 22832 22832 D ViewRootImpl@ab4ea8b[CancelDeliveryActivity]: ThreadedRenderer.create() translucent=false
06-13 14:15:45.998 22832 22832 D InputTransport: Input channel constructed: fd=67
06-13 14:15:45.998 22832 22832 D ViewRootImpl@ab4ea8b[CancelDeliveryActivity]: setView = DecorView@1006768[CancelDeliveryActivity] touchMode=true
06-13 14:15:46.005 22832 22832 D ViewRootImpl@ab4ea8b[CancelDeliveryActivity]: dispatchAttachedToWindow
06-13 14:15:46.039 22832 22832 D ViewRootImpl@ab4ea8b[CancelDeliveryActivity]: Relayout returned: oldFrame=[0,0][0,0] newFrame=[0,0][768,1024] result=0x27 surface={isValid=true -1878102016} surfaceGenerationChanged=true
06-13 14:15:46.039 22832 22832 D ViewRootImpl@ab4ea8b[CancelDeliveryActivity]: mHardwareRenderer.initialize() mSurface={isValid=true -1878102016} hwInitialized=true
06-13 14:15:46.045 22832 22832 D ScrollView: onsize change changed
06-13 14:15:46.046 22832 22832 D LOCATION_SERVICE: LocationListener gps
06-13 14:15:46.047 22832 22832 D LOCATION_SERVICE: LocationListener network
06-13 14:15:46.048 22832 22832 D LOCATION_SERVICE: onCreate
06-13 14:15:46.048 22832 22832 D LOCATION_SERVICE: initializeLocationManager
06-13 14:15:46.062 22832 22832 D LOCATION_SERVICE: onStartCommand
06-13 14:15:46.154 22832 22832 D ViewRootImpl@ab4ea8b[CancelDeliveryActivity]: MSG_RESIZED_REPORT: frame=Rect(0, 0 - 768, 1024) ci=Rect(0, 24 - 0, 0) vi=Rect(0, 24 - 0, 0) or=1
06-13 14:15:46.154 22832 22832 D ViewRootImpl@ab4ea8b[CancelDeliveryActivity]: MSG_WINDOW_FOCUS_CHANGED 1
06-13 14:15:46.154 22832 22832 D ViewRootImpl@ab4ea8b[CancelDeliveryActivity]: mHardwareRenderer.initializeIfNeeded()#2 mSurface={isValid=true -1878102016}
06-13 14:15:46.161 22832 22832 V InputMethodManager: Starting input: tba=android.view.inputmethod.EditorInfo@7dc0fac nm : cz.gienger.mobile ic=null
06-13 14:15:46.162 22832 22832 I InputMethodManager: startInputInner - mService.startInputOrWindowGainedFocus
06-13 14:15:46.164 22832 22832 D InputTransport: Input channel constructed: fd=69
06-13 14:15:46.164 22832 22832 D InputTransport: Input channel destroyed: fd=61
06-13 14:15:46.217 22832 22878 D OpenGLRenderer: endAllActiveAnimators on 0x92fa6800 (RippleDrawable) with handle 0x918123b0
06-13 14:15:46.217 22832 22832 D ViewRootImpl@368de56[MainActivity]: mHardwareRenderer.destroy()#1
06-13 14:15:46.225 22832 22832 D ViewRootImpl@368de56[MainActivity]: Relayout returned: oldFrame=[0,0][768,1024] newFrame=[0,0][768,1024] result=0x5 surface={isValid=false 0} surfaceGenerationChanged=true
06-13 14:15:46.616 22832 22832 D ViewRootImpl@368de56[MainActivity]: Relayout returned: oldFrame=[0,0][768,1024] newFrame=[0,0][768,1024] result=0x5 surface={isValid=false 0} surfaceGenerationChanged=false
06-13 14:15:46.882 22832 22832 D ViewRootImpl@ab4ea8b[CancelDeliveryActivity]: ViewPostImeInputStage processPointer 0
06-13 14:15:46.944 22832 22832 D ViewRootImpl@ab4ea8b[CancelDeliveryActivity]: ViewPostImeInputStage processPointer 1
06-13 14:15:47.587 22832 22832 D ViewRootImpl@ab4ea8b[CancelDeliveryActivity]: ViewPostImeInputStage processPointer 0
06-13 14:15:47.647 22832 22832 D ViewRootImpl@ab4ea8b[CancelDeliveryActivity]: ViewPostImeInputStage processPointer 1
06-13 14:15:47.661 22832 22832 D UNDELIVERED: Reason ID = 1, Comment =
06-13 14:15:47.722 22832 26026 D MESSAGE_SERVICE: ACTION_COMPRESS_AND_UPLOAD
06-13 14:15:47.776 22832 22832 D ViewRootImpl@ab4ea8b[CancelDeliveryActivity]: MSG_WINDOW_FOCUS_CHANGED 0
06-13 14:15:47.826 22832 22832 D ViewRootImpl@368de56[MainActivity]: mHardwareRenderer.destroy()#4
06-13 14:15:47.826 22832 22832 D ViewRootImpl@368de56[MainActivity]: dispatchDetachedFromWindow
06-13 14:15:47.834 22832 22832 D InputTransport: Input channel destroyed: fd=79
06-13 14:15:48.081 22832 22832 D ViewRootImpl@5fde41b[MainActivity]: ThreadedRenderer.create() translucent=false
06-13 14:15:48.084 22832 22832 D InputTransport: Input channel constructed: fd=73
06-13 14:15:48.084 22832 22832 D ViewRootImpl@5fde41b[MainActivity]: setView = DecorView@7c89b8[MainActivity] touchMode=true
06-13 14:15:48.104 22832 22878 D OpenGLRenderer: endAllActiveAnimators on 0x941e0d80 (RippleDrawable) with handle 0x91883ab0
06-13 14:15:48.104 22832 22832 D ViewRootImpl@ab4ea8b[CancelDeliveryActivity]: mHardwareRenderer.destroy()#1
06-13 14:15:48.112 22832 22832 D ViewRootImpl@ab4ea8b[CancelDeliveryActivity]: Relayout returned: oldFrame=[0,0][768,1024] newFrame=[0,0][768,1024] result=0x5 surface={isValid=false 0} surfaceGenerationChanged=true
06-13 14:15:48.113 22832 22832 D ViewRootImpl@5fde41b[MainActivity]: dispatchAttachedToWindow
06-13 14:15:48.157 22832 22832 D ViewRootImpl@5fde41b[MainActivity]: Relayout returned: oldFrame=[0,0][0,0] newFrame=[0,0][768,1024] result=0x7 surface={isValid=true -1878102016} surfaceGenerationChanged=true
06-13 14:15:48.157 22832 22832 D ViewRootImpl@5fde41b[MainActivity]: mHardwareRenderer.initialize() mSurface={isValid=true -1878102016} hwInitialized=true
06-13 14:15:48.235 22832 22832 D AbsListView: in onLayout changed
06-13 14:15:48.297 22832 22832 D ViewRootImpl@5fde41b[MainActivity]: MSG_RESIZED_REPORT: frame=Rect(0, 0 - 768, 1024) ci=Rect(0, 24 - 0, 0) vi=Rect(0, 24 - 0, 0) or=1
06-13 14:15:48.298 22832 22832 D ViewRootImpl@5fde41b[MainActivity]: MSG_WINDOW_FOCUS_CHANGED 1
06-13 14:15:48.298 22832 22832 D ViewRootImpl@5fde41b[MainActivity]: mHardwareRenderer.initializeIfNeeded()#2 mSurface={isValid=true -1878102016}
06-13 14:15:48.300 22832 22832 V InputMethodManager: Starting input: tba=android.view.inputmethod.EditorInfo@6626716 nm : cz.gienger.mobile ic=null
06-13 14:15:48.300 22832 22832 I InputMethodManager: startInputInner - mService.startInputOrWindowGainedFocus
06-13 14:15:48.308 22832 22832 D InputTransport: Input channel constructed: fd=61
06-13 14:15:48.309 22832 22832 D InputTransport: Input channel destroyed: fd=69
06-13 14:15:48.452 22832 26026 D FILE_MANAGER: Serializing delivery /data/user/0/cz.gienger.mobile/files/finished/130CT1192003206/130CT1192003206.xml
06-13 14:15:48.453 22832 26026 D FILE_MANAGER: Null files:
06-13 14:15:48.568 22832 26026 D MYINTERCEPTOR: /GiengerService.svc/sendorder
06-13 14:15:48.569 22832 26026 D OkHttp : --> POST https://testsaig1.gienger.cz/GiengerService.svc/sendorder http/1.1
06-13 14:15:48.569 22832 26026 D OkHttp : Content-Type: text/raw
06-13 14:15:48.569 22832 26026 D OkHttp : Content-Length: 16622
06-13 14:15:48.569 22832 26026 D OkHttp : filename: 130CT1192003206.xml
06-13 14:15:48.569 22832 26026 D OkHttp : Checksum: 57a4d9dba23d4c63ad78c632dd754dba
06-13 14:15:48.570 22832 26026 D OkHttp : token: f4c643afb8a3b02eb9ae3a6a61fbdc24
06-13 14:15:48.570 22832 26026 D OkHttp : --> END POST
06-13 14:15:49.226 22832 26026 D OkHttp : <-- 200 https://testsaig1.gienger.cz/GiengerService.svc/sendorder (656ms)
06-13 14:15:49.226 22832 26026 D OkHttp : content-type: application/xml; charset=utf-8
06-13 14:15:49.226 22832 26026 D OkHttp : server: Microsoft-IIS/10.0
06-13 14:15:49.226 22832 26026 D OkHttp : x-powered-by: ASP.NET
06-13 14:15:49.227 22832 26026 D OkHttp : date: Thu, 13 Jun 2019 12:15:48 GMT
06-13 14:15:49.227 22832 26026 D OkHttp : content-length: 175
06-13 14:15:49.227 22832 26026 D OkHttp : <-- END HTTP
06-13 14:15:49.233 22832 26026 D sendOrder_SUCCESS: 200
06-13 14:15:49.287 22832 26026 D MESSAGE_SERVICE: ACTION_RESEND_ORDERS
06-13 14:15:49.567 22832 22845 I art : Background sticky concurrent mark sweep GC freed 246833(9MB) AllocSpace objects, 19(372KB) LOS objects, 43% free, 13MB/23MB, paused 1.529ms total 102.540ms
06-13 14:15:49.637 22832 22832 D AbsListView: in onLayout changed
06-13 14:15:49.912 22832 22832 D AbsListView: in onLayout changed
06-13 14:15:49.986 22832 22832 D TextView: SYANI: Clipboard API is calling: clearFilter()
06-13 14:15:49.986 22832 22832 D TextView: SYANI: Clipboard API is calling: unregisterClipboardEventListener()
06-13 14:15:49.995 22832 22832 D ViewRootImpl@ab4ea8b[CancelDeliveryActivity]: mHardwareRenderer.destroy()#4
06-13 14:15:49.995 22832 22832 D ViewRootImpl@ab4ea8b[CancelDeliveryActivity]: dispatchDetachedFromWindow
06-13 14:15:50.012 22832 22832 D InputTransport: Input channel destroyed: fd=67
06-13 14:15:50.012 22832 22832 D LOCATION_SERVICE: onDestroy
06-13 14:15:50.117 22832 22832 D ViewRootImpl@5fde41b[MainActivity]: ViewPostImeInputStage processPointer 0
06-13 14:15:50.151 22832 22832 D AbsListView: reportScrollStateChange() newState : 1
06-13 14:15:50.581 22832 22832 D ViewRootImpl@5fde41b[MainActivity]: ViewPostImeInputStage processPointer 1
06-13 14:15:50.581 22832 22832 D AbsListView: onTouchUp() mTouchMode : 3
06-13 14:15:50.581 22832 22832 D AbsListView: onTouchUp() TOUCH_MODE_SCROLL initialVelocity : -1013
06-13 14:15:50.581 22832 22832 D AbsListView: reportScrollStateChange() newState : 2
06-13 14:15:50.829 22832 22832 D ViewRootImpl@5fde41b[MainActivity]: ViewPostImeInputStage processPointer 0
06-13 14:15:50.874 22832 22832 D AbsListView: reportScrollStateChange() newState : 0
06-13 14:15:50.874 22832 22832 D AbsListView: reportScrollStateChange() newState : 1
06-13 14:15:51.238 22832 22832 D ViewRootImpl@5fde41b[MainActivity]: ViewPostImeInputStage processPointer 1
06-13 14:15:51.239 22832 22832 D AbsListView: onTouchUp() mTouchMode : 3
06-13 14:15:51.239 22832 22832 D AbsListView: onTouchUp() TOUCH_MODE_SCROLL initialVelocity : -29
06-13 14:15:51.239 22832 22832 D AbsListView: reportScrollStateChange() newState : 0
06-13 14:15:51.574 22832 22832 D ViewRootImpl@5fde41b[MainActivity]: ViewPostImeInputStage processPointer 0
06-13 14:15:51.634 22832 22832 D ViewRootImpl@5fde41b[MainActivity]: ViewPostImeInputStage processPointer 1
06-13 14:15:51.646 22832 22832 D item_click: viewId = 2131820758, position = 3
06-13 14:15:51.696 22832 22832 D ViewRootImpl@5fde41b[MainActivity]: MSG_WINDOW_FOCUS_CHANGED 0
06-13 14:15:51.751 22832 22832 D ScrollView: initGoToTop
06-13 14:15:51.812 22832 22832 D ViewRootImpl@238a78b[CancelDeliveryActivity]: ThreadedRenderer.create() translucent=false
06-13 14:15:51.816 22832 22832 D InputTransport: Input channel constructed: fd=70
06-13 14:15:51.816 22832 22832 D ViewRootImpl@238a78b[CancelDeliveryActivity]: setView = DecorView@5ade068[CancelDeliveryActivity] touchMode=true
06-13 14:15:51.824 22832 22832 D ViewRootImpl@238a78b[CancelDeliveryActivity]: dispatchAttachedToWindow
06-13 14:15:51.863 22832 22832 D ViewRootImpl@238a78b[CancelDeliveryActivity]: Relayout returned: oldFrame=[0,0][0,0] newFrame=[0,0][768,1024] result=0x27 surface={isValid=true -1816324096} surfaceGenerationChanged=true
06-13 14:15:51.864 22832 22832 D ViewRootImpl@238a78b[CancelDeliveryActivity]: mHardwareRenderer.initialize() mSurface={isValid=true -1816324096} hwInitialized=true
06-13 14:15:51.871 22832 22832 D ScrollView: onsize change changed
06-13 14:15:51.872 22832 22832 D LOCATION_SERVICE: LocationListener gps
06-13 14:15:51.872 22832 22832 D LOCATION_SERVICE: LocationListener network
06-13 14:15:51.873 22832 22832 D LOCATION_SERVICE: onCreate
06-13 14:15:51.874 22832 22832 D LOCATION_SERVICE: initializeLocationManager
06-13 14:15:51.888 22832 22832 D LOCATION_SERVICE: onStartCommand
06-13 14:15:51.955 22832 22832 D ViewRootImpl@238a78b[CancelDeliveryActivity]: MSG_RESIZED_REPORT: frame=Rect(0, 0 - 768, 1024) ci=Rect(0, 24 - 0, 0) vi=Rect(0, 24 - 0, 0) or=1
06-13 14:15:51.955 22832 22832 D ViewRootImpl@238a78b[CancelDeliveryActivity]: MSG_WINDOW_FOCUS_CHANGED 1
06-13 14:15:51.956 22832 22832 D ViewRootImpl@238a78b[CancelDeliveryActivity]: mHardwareRenderer.initializeIfNeeded()#2 mSurface={isValid=true -1816324096}
06-13 14:15:51.970 22832 22832 V InputMethodManager: Starting input: tba=android.view.inputmethod.EditorInfo@e9fe65f nm : cz.gienger.mobile ic=null
06-13 14:15:51.970 22832 22832 I InputMethodManager: startInputInner - mService.startInputOrWindowGainedFocus
06-13 14:15:51.973 22832 22832 D InputTransport: Input channel constructed: fd=71
06-13 14:15:51.973 22832 22832 D InputTransport: Input channel destroyed: fd=61
06-13 14:15:52.057 22832 22878 D OpenGLRenderer: endAllActiveAnimators on 0x95620680 (RippleDrawable) with handle 0x91fa1a80
06-13 14:15:52.058 22832 22832 D ViewRootImpl@5fde41b[MainActivity]: mHardwareRenderer.destroy()#1
06-13 14:15:52.066 22832 22832 D ViewRootImpl@5fde41b[MainActivity]: Relayout returned: oldFrame=[0,0][768,1024] newFrame=[0,0][768,1024] result=0x5 surface={isValid=false 0} surfaceGenerationChanged=true
06-13 14:15:52.413 22832 22832 D ViewRootImpl@5fde41b[MainActivity]: Relayout returned: oldFrame=[0,0][768,1024] newFrame=[0,0][768,1024] result=0x5 surface={isValid=false 0} surfaceGenerationChanged=false
06-13 14:15:52.489 22832 22832 D LOCATION_SERVICE: onLocationChanged: Location[network 49,191241,17,534656 acc=21 et=+1d0h30m25s419ms alt=0.0 vel=0.0 bear=0.0 {Bundle[mParcelledData.dataSize=80]}]
06-13 14:15:52.979 22832 22832 D ViewRootImpl@238a78b[CancelDeliveryActivity]: ViewPostImeInputStage processPointer 0
06-13 14:15:53.029 22832 22832 D ViewRootImpl@238a78b[CancelDeliveryActivity]: ViewPostImeInputStage processPointer 1
06-13 14:15:53.632 22832 22832 D ViewRootImpl@238a78b[CancelDeliveryActivity]: ViewPostImeInputStage processPointer 0
06-13 14:15:53.695 22832 22832 D ViewRootImpl@238a78b[CancelDeliveryActivity]: ViewPostImeInputStage processPointer 1
06-13 14:15:53.706 22832 22832 D UNDELIVERED: Reason ID = 9, Comment =
06-13 14:15:53.778 22832 26034 D MESSAGE_SERVICE: ACTION_COMPRESS_AND_UPLOAD
06-13 14:15:53.819 22832 22832 D ViewRootImpl@238a78b[CancelDeliveryActivity]: MSG_WINDOW_FOCUS_CHANGED 0
06-13 14:15:53.872 22832 22832 D ViewRootImpl@5fde41b[MainActivity]: mHardwareRenderer.destroy()#4
06-13 14:15:53.872 22832 22832 D ViewRootImpl@5fde41b[MainActivity]: dispatchDetachedFromWindow
06-13 14:15:53.882 22832 22832 D InputTransport: Input channel destroyed: fd=73
06-13 14:15:54.134 22832 22832 D ViewRootImpl@2f2611b[MainActivity]: ThreadedRenderer.create() translucent=false
06-13 14:15:54.138 22832 22832 D InputTransport: Input channel constructed: fd=73
06-13 14:15:54.138 22832 22832 D ViewRootImpl@2f2611b[MainActivity]: setView = DecorView@abc2b8[MainActivity] touchMode=true
06-13 14:15:54.141 22832 22832 D ViewRootImpl@2f2611b[MainActivity]: dispatchAttachedToWindow
06-13 14:15:54.207 22832 22832 D ViewRootImpl@2f2611b[MainActivity]: Relayout returned: oldFrame=[0,0][0,0] newFrame=[0,0][768,1024] result=0x27 surface={isValid=true -1805785088} surfaceGenerationChanged=true
06-13 14:15:54.208 22832 22832 D ViewRootImpl@2f2611b[MainActivity]: mHardwareRenderer.initialize() mSurface={isValid=true -1805785088} hwInitialized=true
06-13 14:15:54.293 22832 22832 D AbsListView: in onLayout changed
06-13 14:15:54.307 22832 22878 D OpenGLRenderer: endAllActiveAnimators on 0x92688780 (RippleDrawable) with handle 0x9237f230
06-13 14:15:54.307 22832 22832 D ViewRootImpl@238a78b[CancelDeliveryActivity]: mHardwareRenderer.destroy()#1
06-13 14:15:54.317 22832 22832 D ViewRootImpl@238a78b[CancelDeliveryActivity]: Relayout returned: oldFrame=[0,0][768,1024] newFrame=[0,0][768,1024] result=0x5 surface={isValid=false 0} surfaceGenerationChanged=true
06-13 14:15:54.380 22832 22832 D ViewRootImpl@2f2611b[MainActivity]: MSG_RESIZED_REPORT: frame=Rect(0, 0 - 768, 1024) ci=Rect(0, 24 - 0, 0) vi=Rect(0, 24 - 0, 0) or=1
06-13 14:15:54.380 22832 22832 D ViewRootImpl@2f2611b[MainActivity]: MSG_WINDOW_FOCUS_CHANGED 1
06-13 14:15:54.380 22832 22832 D ViewRootImpl@2f2611b[MainActivity]: mHardwareRenderer.initializeIfNeeded()#2 mSurface={isValid=true -1805785088}
06-13 14:15:54.382 22832 22832 V InputMethodManager: Starting input: tba=android.view.inputmethod.EditorInfo@6184816 nm : cz.gienger.mobile ic=null
06-13 14:15:54.382 22832 22832 I InputMethodManager: startInputInner - mService.startInputOrWindowGainedFocus
06-13 14:15:54.390 22832 22832 D InputTransport: Input channel constructed: fd=61
06-13 14:15:54.390 22832 22832 D InputTransport: Input channel destroyed: fd=71
06-13 14:15:54.504 22832 26034 D FILE_MANAGER: Serializing delivery /data/user/0/cz.gienger.mobile/files/finished/130CT1192003207/130CT1192003207.xml
06-13 14:15:54.504 22832 26034 D FILE_MANAGER: Null files:
06-13 14:15:54.575 22832 26034 D MYINTERCEPTOR: /GiengerService.svc/sendorder
06-13 14:15:54.576 22832 26034 D OkHttp : --> POST https://testsaig1.gienger.cz/GiengerService.svc/sendorder http/1.1
06-13 14:15:54.576 22832 26034 D OkHttp : Content-Type: text/raw
06-13 14:15:54.577 22832 26034 D OkHttp : Content-Length: 4174
06-13 14:15:54.577 22832 26034 D OkHttp : filename: 130CT1192003207.xml
06-13 14:15:54.577 22832 26034 D OkHttp : Checksum: 9be454cadd89456df870bf9d0db15108
06-13 14:15:54.577 22832 26034 D OkHttp : token: f4c643afb8a3b02eb9ae3a6a61fbdc24
06-13 14:15:54.577 22832 26034 D OkHttp : --> END POST
06-13 14:15:55.084 22832 26034 D OkHttp : <-- 200 https://testsaig1.gienger.cz/GiengerService.svc/sendorder (507ms)
06-13 14:15:55.085 22832 26034 D OkHttp : content-type: application/xml; charset=utf-8
06-13 14:15:55.085 22832 26034 D OkHttp : server: Microsoft-IIS/10.0
06-13 14:15:55.085 22832 26034 D OkHttp : x-powered-by: ASP.NET
06-13 14:15:55.085 22832 26034 D OkHttp : date: Thu, 13 Jun 2019 12:15:54 GMT
06-13 14:15:55.085 22832 26034 D OkHttp : content-length: 175
06-13 14:15:55.085 22832 26034 D OkHttp : <-- END HTTP
06-13 14:15:55.089 22832 26034 D sendOrder_SUCCESS: 200
06-13 14:15:55.126 22832 26034 D MESSAGE_SERVICE: ACTION_RESEND_ORDERS
06-13 14:15:55.473 22832 22832 D AbsListView: in onLayout changed
06-13 14:15:55.754 22832 22832 D AbsListView: in onLayout changed
06-13 14:15:55.810 22832 22832 D TextView: SYANI: Clipboard API is calling: clearFilter()
06-13 14:15:55.810 22832 22832 D TextView: SYANI: Clipboard API is calling: unregisterClipboardEventListener()
06-13 14:15:55.817 22832 22832 D ViewRootImpl@238a78b[CancelDeliveryActivity]: mHardwareRenderer.destroy()#4
06-13 14:15:55.817 22832 22832 D ViewRootImpl@238a78b[CancelDeliveryActivity]: dispatchDetachedFromWindow
06-13 14:15:55.824 22832 22832 D InputTransport: Input channel destroyed: fd=70
06-13 14:15:55.824 22832 22832 D LOCATION_SERVICE: onDestroy
06-13 14:16:13.344 22832 22832 D ViewRootImpl@2f2611b[MainActivity]: ViewPostImeInputStage processPointer 0
06-13 14:16:13.383 22832 22832 D ViewRootImpl@2f2611b[MainActivity]: ViewPostImeInputStage processPointer 1
06-13 14:16:13.391 22832 22832 D item_click: viewId = 2131820758, position = 4
06-13 14:16:13.442 22832 22832 D ViewRootImpl@2f2611b[MainActivity]: MSG_WINDOW_FOCUS_CHANGED 0
06-13 14:16:13.492 22832 22832 D ScrollView: initGoToTop
06-13 14:16:13.554 22832 22832 D ViewRootImpl@560fe7c[CancelDeliveryActivity]: ThreadedRenderer.create() translucent=false
06-13 14:16:13.557 22832 22832 D InputTransport: Input channel constructed: fd=70
06-13 14:16:13.557 22832 22832 D ViewRootImpl@560fe7c[CancelDeliveryActivity]: setView = DecorView@7be5305[CancelDeliveryActivity] touchMode=true
06-13 14:16:13.559 22832 22832 D LOCATION_SERVICE: LocationListener gps
06-13 14:16:13.560 22832 22832 D LOCATION_SERVICE: LocationListener network
06-13 14:16:13.561 22832 22832 D LOCATION_SERVICE: onCreate
06-13 14:16:13.561 22832 22832 D LOCATION_SERVICE: initializeLocationManager
06-13 14:16:13.572 22832 22832 D LOCATION_SERVICE: onStartCommand
06-13 14:16:13.591 22832 22832 D ViewRootImpl@560fe7c[CancelDeliveryActivity]: dispatchAttachedToWindow
06-13 14:16:13.631 22832 22832 D ViewRootImpl@560fe7c[CancelDeliveryActivity]: Relayout returned: oldFrame=[0,0][0,0] newFrame=[0,0][768,1024] result=0x27 surface={isValid=true -1852866560} surfaceGenerationChanged=true
06-13 14:16:13.632 22832 22832 D ViewRootImpl@560fe7c[CancelDeliveryActivity]: mHardwareRenderer.initialize() mSurface={isValid=true -1852866560} hwInitialized=true
06-13 14:16:13.637 22832 22832 D ScrollView: onsize change changed
06-13 14:16:13.691 22832 22832 D ViewRootImpl@560fe7c[CancelDeliveryActivity]: MSG_RESIZED_REPORT: frame=Rect(0, 0 - 768, 1024) ci=Rect(0, 24 - 0, 0) vi=Rect(0, 24 - 0, 0) or=1
06-13 14:16:13.691 22832 22832 D ViewRootImpl@560fe7c[CancelDeliveryActivity]: MSG_WINDOW_FOCUS_CHANGED 1
06-13 14:16:13.691 22832 22832 D ViewRootImpl@560fe7c[CancelDeliveryActivity]: mHardwareRenderer.initializeIfNeeded()#2 mSurface={isValid=true -1852866560}
06-13 14:16:13.696 22832 22832 V InputMethodManager: Starting input: tba=android.view.inputmethod.EditorInfo@3a8ba80 nm : cz.gienger.mobile ic=null
06-13 14:16:13.696 22832 22832 I InputMethodManager: startInputInner - mService.startInputOrWindowGainedFocus
06-13 14:16:13.706 22832 22832 D InputTransport: Input channel constructed: fd=75
06-13 14:16:13.707 22832 22832 D InputTransport: Input channel destroyed: fd=61
06-13 14:16:13.749 22832 22878 D OpenGLRenderer: endAllActiveAnimators on 0x945a0500 (RippleDrawable) with handle 0x944d2470
06-13 14:16:13.749 22832 22832 D ViewRootImpl@2f2611b[MainActivity]: mHardwareRenderer.destroy()#1
06-13 14:16:13.759 22832 22832 D ViewRootImpl@2f2611b[MainActivity]: Relayout returned: oldFrame=[0,0][768,1024] newFrame=[0,0][768,1024] result=0x5 surface={isValid=false 0} surfaceGenerationChanged=true
06-13 14:16:14.145 22832 22832 D ViewRootImpl@2f2611b[MainActivity]: Relayout returned: oldFrame=[0,0][768,1024] newFrame=[0,0][768,1024] result=0x5 surface={isValid=false 0} surfaceGenerationChanged=false
06-13 14:16:14.562 22832 22832 D ViewRootImpl@560fe7c[CancelDeliveryActivity]: ViewPostImeInputStage processPointer 0
06-13 14:16:14.603 22832 22832 D ViewRootImpl@560fe7c[CancelDeliveryActivity]: ViewPostImeInputStage processPointer 1
06-13 14:16:15.159 22832 22832 D ViewRootImpl@560fe7c[CancelDeliveryActivity]: ViewPostImeInputStage processPointer 0
06-13 14:16:15.220 22832 22832 D ViewRootImpl@560fe7c[CancelDeliveryActivity]: ViewPostImeInputStage processPointer 1
06-13 14:16:15.236 22832 22832 D UNDELIVERED: Reason ID = 0, Comment =
06-13 14:16:15.352 22832 26042 D MESSAGE_SERVICE: ACTION_COMPRESS_AND_UPLOAD
06-13 14:16:15.353 22832 22832 D ViewRootImpl@560fe7c[CancelDeliveryActivity]: MSG_WINDOW_FOCUS_CHANGED 0
06-13 14:16:15.405 22832 22832 D ViewRootImpl@2f2611b[MainActivity]: mHardwareRenderer.destroy()#4
06-13 14:16:15.405 22832 22832 D ViewRootImpl@2f2611b[MainActivity]: dispatchDetachedFromWindow
06-13 14:16:15.414 22832 22832 D InputTransport: Input channel destroyed: fd=73
06-13 14:16:15.656 22832 22832 D ViewRootImpl@a4cdbcc[MainActivity]: ThreadedRenderer.create() translucent=false
06-13 14:16:15.662 22832 22832 D InputTransport: Input channel constructed: fd=76
06-13 14:16:15.662 22832 22832 D ViewRootImpl@a4cdbcc[MainActivity]: setView = DecorView@979ee15[MainActivity] touchMode=true
06-13 14:16:15.683 22832 22878 D OpenGLRenderer: endAllActiveAnimators on 0x949f8f80 (RippleDrawable) with handle 0x945f37e0
06-13 14:16:15.683 22832 22832 D ViewRootImpl@560fe7c[CancelDeliveryActivity]: mHardwareRenderer.destroy()#1
06-13 14:16:15.696 22832 22832 D ViewRootImpl@560fe7c[CancelDeliveryActivity]: Relayout returned: oldFrame=[0,0][768,1024] newFrame=[0,0][768,1024] result=0x5 surface={isValid=false 0} surfaceGenerationChanged=true
06-13 14:16:15.697 22832 22832 D ViewRootImpl@a4cdbcc[MainActivity]: dispatchAttachedToWindow
06-13 14:16:15.741 22832 22832 D ViewRootImpl@a4cdbcc[MainActivity]: Relayout returned: oldFrame=[0,0][0,0] newFrame=[0,0][768,1024] result=0x7 surface={isValid=true -1852866560} surfaceGenerationChanged=true
06-13 14:16:15.741 22832 22832 D ViewRootImpl@a4cdbcc[MainActivity]: mHardwareRenderer.initialize() mSurface={isValid=true -1852866560} hwInitialized=true
06-13 14:16:15.835 22832 22832 D AbsListView: in onLayout changed
06-13 14:16:15.900 22832 22832 D ViewRootImpl@a4cdbcc[MainActivity]: MSG_RESIZED_REPORT: frame=Rect(0, 0 - 768, 1024) ci=Rect(0, 24 - 0, 0) vi=Rect(0, 24 - 0, 0) or=1
06-13 14:16:15.900 22832 22832 D ViewRootImpl@a4cdbcc[MainActivity]: MSG_WINDOW_FOCUS_CHANGED 1
06-13 14:16:15.901 22832 22832 D ViewRootImpl@a4cdbcc[MainActivity]: mHardwareRenderer.initializeIfNeeded()#2 mSurface={isValid=true -1852866560}
06-13 14:16:15.902 22832 22832 V InputMethodManager: Starting input: tba=android.view.inputmethod.EditorInfo@b5f66fa nm : cz.gienger.mobile ic=null
06-13 14:16:15.902 22832 22832 I InputMethodManager: startInputInner - mService.startInputOrWindowGainedFocus
06-13 14:16:15.911 22832 22832 D InputTransport: Input channel constructed: fd=64
06-13 14:16:15.911 22832 22832 D InputTransport: Input channel destroyed: fd=75
06-13 14:16:16.082 22832 26042 D FILE_MANAGER: Serializing delivery /data/user/0/cz.gienger.mobile/files/finished/130AT1190319608/130AT1190319608.xml
06-13 14:16:16.082 22832 26042 D FILE_MANAGER: Null files:
06-13 14:16:16.133 22832 22855 W art : Clearing bad or obsolete profile data from file /data/misc/profiles/cur/0/cz.gienger.mobile/primary.prof: Profile EOF reached prematurely for ReadProfileHeader
06-13 14:16:16.156 22832 26042 D MYINTERCEPTOR: /GiengerService.svc/sendorder
06-13 14:16:16.156 22832 26042 D OkHttp : --> POST https://testsaig1.gienger.cz/GiengerService.svc/sendorder http/1.1
06-13 14:16:16.157 22832 26042 D OkHttp : Content-Type: text/raw
06-13 14:16:16.157 22832 26042 D OkHttp : Content-Length: 3003
06-13 14:16:16.157 22832 26042 D OkHttp : filename: 130AT1190319608.xml
06-13 14:16:16.157 22832 26042 D OkHttp : Checksum: 06bc800c3ffdce7ce29a132d17fe219f
06-13 14:16:16.157 22832 26042 D OkHttp : token: f4c643afb8a3b02eb9ae3a6a61fbdc24
06-13 14:16:16.157 22832 26042 D OkHttp : --> END POST
