06-13 08:47:24.442 22832 22832 D ViewRootImpl@10410ef[MainActivity]: setView = DecorView@3be37fc[MainActivity] touchMode=true
06-13 08:47:24.445 22832 22832 D ViewRootImpl@10410ef[MainActivity]: dispatchAttachedToWindow
06-13 08:47:24.509 22832 22832 D ViewRootImpl@10410ef[MainActivity]: Relayout returned: oldFrame=[0,0][0,0] newFrame=[0,0][768,1024] result=0x27 surface={isValid=true -1831868416} surfaceGenerationChanged=true
06-13 08:47:24.509 22832 22832 D ViewRootImpl@10410ef[MainActivity]: mHardwareRenderer.initialize() mSurface={isValid=true -1831868416} hwInitialized=true
06-13 08:47:24.593 22832 22832 D AbsListView: in onLayout changed
06-13 08:47:24.614 22832 22878 D OpenGLRenderer: endAllActiveAnimators on 0x92c85e00 (RippleDrawable) with handle 0x92ca33f0
06-13 08:47:24.614 22832 22832 D ViewRootImpl@d460c5f[CancelDeliveryActivity]: mHardwareRenderer.destroy()#1
06-13 08:47:24.623 22832 22832 D ViewRootImpl@d460c5f[CancelDeliveryActivity]: Relayout returned: oldFrame=[0,0][768,1024] newFrame=[0,0][768,1024] result=0x5 surface={isValid=false 0} surfaceGenerationChanged=true
06-13 08:47:24.700 22832 22832 D ViewRootImpl@10410ef[MainActivity]: MSG_RESIZED_REPORT: frame=Rect(0, 0 - 768, 1024) ci=Rect(0, 24 - 0, 0) vi=Rect(0, 24 - 0, 0) or=1
06-13 08:47:24.700 22832 22832 D ViewRootImpl@10410ef[MainActivity]: MSG_WINDOW_FOCUS_CHANGED 1
06-13 08:47:24.700 22832 22832 D ViewRootImpl@10410ef[MainActivity]: mHardwareRenderer.initializeIfNeeded()#2 mSurface={isValid=true -1831868416}
06-13 08:47:24.701 22832 22832 V InputMethodManager: Starting input: tba=android.view.inputmethod.EditorInfo@b5dbcab nm : cz.gienger.mobile ic=null
06-13 08:47:24.701 22832 22832 I InputMethodManager: startInputInner - mService.startInputOrWindowGainedFocus
06-13 08:47:24.709 22832 22832 D InputTransport: Input channel constructed: fd=64
06-13 08:47:24.710 22832 22832 D InputTransport: Input channel destroyed: fd=75
06-13 08:47:24.821 22832 14594 D FILE_MANAGER: Serializing delivery /data/user/0/cz.gienger.mobile/files/finished/130AT1183508451/130AT1183508451.xml
06-13 08:47:24.821 22832 14594 D FILE_MANAGER: Null files:
06-13 08:47:24.930 22832 14594 D MYINTERCEPTOR: /GiengerService.svc/sendorder
06-13 08:47:24.931 22832 14594 D OkHttp : --> POST https://testsaig1.gienger.cz/GiengerService.svc/sendorder http/1.1
06-13 08:47:24.931 22832 14594 D OkHttp : Content-Type: text/raw
06-13 08:47:24.932 22832 14594 D OkHttp : Content-Length: 3518
06-13 08:47:24.932 22832 14594 D OkHttp : filename: 130AT1183508451.xml
06-13 08:47:24.932 22832 14594 D OkHttp : Checksum: 44ae6cb4646ec41c5af6f9761c5b96e4
06-13 08:47:24.932 22832 14594 D OkHttp : token: 129e4d327aefdfee26f71a370bd1fd66
06-13 08:47:24.932 22832 14594 D OkHttp : --> END POST
06-13 08:47:25.557 22832 14594 D OkHttp : <-- 200 https://testsaig1.gienger.cz/GiengerService.svc/sendorder (624ms)
06-13 08:47:25.557 22832 14594 D OkHttp : content-type: application/xml; charset=utf-8
06-13 08:47:25.557 22832 14594 D OkHttp : server: Microsoft-IIS/10.0
06-13 08:47:25.557 22832 14594 D OkHttp : x-powered-by: ASP.NET
06-13 08:47:25.557 22832 14594 D OkHttp : date: Thu, 13 Jun 2019 06:47:24 GMT
06-13 08:47:25.557 22832 14594 D OkHttp : content-length: 175
06-13 08:47:25.557 22832 14594 D OkHttp : <-- END HTTP
06-13 08:47:25.563 22832 14594 D sendOrder_SUCCESS: 200
06-13 08:47:25.629 22832 14594 D MESSAGE_SERVICE: ACTION_RESEND_ORDERS
06-13 08:47:25.954 22832 22832 D AbsListView: in onLayout changed
06-13 08:47:26.265 22832 22832 D AbsListView: in onLayout changed
06-13 08:47:26.336 22832 22832 D TextView: SYANI: Clipboard API is calling: clearFilter()
06-13 08:47:26.336 22832 22832 D TextView: SYANI: Clipboard API is calling: unregisterClipboardEventListener()
06-13 08:47:26.345 22832 22832 D ViewRootImpl@d460c5f[CancelDeliveryActivity]: mHardwareRenderer.destroy()#4
06-13 08:47:26.345 22832 22832 D ViewRootImpl@d460c5f[CancelDeliveryActivity]: dispatchDetachedFromWindow
06-13 08:47:26.355 22832 22832 D InputTransport: Input channel destroyed: fd=66
06-13 08:47:26.356 22832 22832 D LOCATION_SERVICE: onDestroy
06-13 08:47:26.481 22832 22832 D ViewRootImpl@10410ef[MainActivity]: ViewPostImeInputStage processPointer 0
06-13 08:47:26.561 22832 22832 D ViewRootImpl@10410ef[MainActivity]: ViewPostImeInputStage processPointer 1
06-13 08:47:26.575 22832 22832 D item_click: viewId = 2131820758, position = 9
06-13 08:47:26.622 22832 22832 D ViewRootImpl@10410ef[MainActivity]: MSG_WINDOW_FOCUS_CHANGED 0
06-13 08:47:26.677 22832 22832 D ScrollView: initGoToTop
06-13 08:47:26.745 22832 22832 D ViewRootImpl@94ff567[CancelDeliveryActivity]: ThreadedRenderer.create() translucent=false
06-13 08:47:26.749 22832 22832 D InputTransport: Input channel constructed: fd=74
06-13 08:47:26.750 22832 22832 D ViewRootImpl@94ff567[CancelDeliveryActivity]: setView = DecorView@87b0f14[CancelDeliveryActivity] touchMode=true
06-13 08:47:26.751 22832 22832 D LOCATION_SERVICE: LocationListener gps
06-13 08:47:26.752 22832 22832 D LOCATION_SERVICE: LocationListener network
06-13 08:47:26.753 22832 22832 D LOCATION_SERVICE: onCreate
06-13 08:47:26.753 22832 22832 D LOCATION_SERVICE: initializeLocationManager
06-13 08:47:26.760 22832 22832 D LOCATION_SERVICE: onStartCommand
06-13 08:47:26.769 22832 22832 D ViewRootImpl@94ff567[CancelDeliveryActivity]: dispatchAttachedToWindow
06-13 08:47:26.812 22832 22832 D ViewRootImpl@94ff567[CancelDeliveryActivity]: Relayout returned: oldFrame=[0,0][0,0] newFrame=[0,0][768,1024] result=0x27 surface={isValid=true -1853300736} surfaceGenerationChanged=true
06-13 08:47:26.813 22832 22832 D ViewRootImpl@94ff567[CancelDeliveryActivity]: mHardwareRenderer.initialize() mSurface={isValid=true -1853300736} hwInitialized=true
06-13 08:47:26.819 22832 22832 D ScrollView: onsize change changed
06-13 08:47:26.874 22832 22832 D ViewRootImpl@94ff567[CancelDeliveryActivity]: MSG_RESIZED_REPORT: frame=Rect(0, 0 - 768, 1024) ci=Rect(0, 24 - 0, 0) vi=Rect(0, 24 - 0, 0) or=1
06-13 08:47:26.875 22832 22832 D ViewRootImpl@94ff567[CancelDeliveryActivity]: MSG_WINDOW_FOCUS_CHANGED 1
06-13 08:47:26.875 22832 22832 D ViewRootImpl@94ff567[CancelDeliveryActivity]: mHardwareRenderer.initializeIfNeeded()#2 mSurface={isValid=true -1853300736}
06-13 08:47:26.879 22832 22832 V InputMethodManager: Starting input: tba=android.view.inputmethod.EditorInfo@b830d7b nm : cz.gienger.mobile ic=null
06-13 08:47:26.880 22832 22832 I InputMethodManager: startInputInner - mService.startInputOrWindowGainedFocus
06-13 08:47:26.891 22832 22832 D InputTransport: Input channel constructed: fd=75
06-13 08:47:26.891 22832 22832 D InputTransport: Input channel destroyed: fd=64
06-13 08:47:26.950 22832 22878 D OpenGLRenderer: endAllActiveAnimators on 0x918f8100 (RippleDrawable) with handle 0x91883960
06-13 08:47:26.950 22832 22832 D ViewRootImpl@10410ef[MainActivity]: mHardwareRenderer.destroy()#1
06-13 08:47:26.966 22832 22832 D ViewRootImpl@10410ef[MainActivity]: Relayout returned: oldFrame=[0,0][768,1024] newFrame=[0,0][768,1024] result=0x5 surface={isValid=false 0} surfaceGenerationChanged=true
06-13 08:47:27.329 22832 22832 D ViewRootImpl@10410ef[MainActivity]: Relayout returned: oldFrame=[0,0][768,1024] newFrame=[0,0][768,1024] result=0x5 surface={isValid=false 0} surfaceGenerationChanged=false
06-13 08:47:27.439 22832 22832 D LOCATION_SERVICE: onLocationChanged: Location[network 49,191231,17,534646 acc=21 et=+19h2m0s367ms alt=0.0 vel=0.0 bear=0.0 {Bundle[mParcelledData.dataSize=80]}]
06-13 08:47:27.581 22832 22832 D ViewRootImpl@94ff567[CancelDeliveryActivity]: ViewPostImeInputStage processPointer 0
06-13 08:47:27.653 22832 22832 D ViewRootImpl@94ff567[CancelDeliveryActivity]: ViewPostImeInputStage processPointer 1
06-13 08:47:28.285 22832 22832 D ViewRootImpl@94ff567[CancelDeliveryActivity]: ViewPostImeInputStage processPointer 0
06-13 08:47:28.345 22832 22832 D ViewRootImpl@94ff567[CancelDeliveryActivity]: ViewPostImeInputStage processPointer 1
06-13 08:47:28.376 22832 22832 D UNDELIVERED: Reason ID = 8, Comment =
06-13 08:47:28.469 22832 22832 D ViewRootImpl@94ff567[CancelDeliveryActivity]: MSG_WINDOW_FOCUS_CHANGED 0
06-13 08:47:28.478 22832 14600 D MESSAGE_SERVICE: ACTION_COMPRESS_AND_UPLOAD
06-13 08:47:28.531 22832 22832 D ViewRootImpl@10410ef[MainActivity]: mHardwareRenderer.destroy()#4
06-13 08:47:28.531 22832 22832 D ViewRootImpl@10410ef[MainActivity]: dispatchDetachedFromWindow
06-13 08:47:28.537 22832 22832 D InputTransport: Input channel destroyed: fd=78
06-13 08:47:28.805 22832 22832 D ViewRootImpl@fa2b7f7[MainActivity]: ThreadedRenderer.create() translucent=false
06-13 08:47:28.809 22832 22832 D InputTransport: Input channel constructed: fd=79
06-13 08:47:28.809 22832 22832 D ViewRootImpl@fa2b7f7[MainActivity]: setView = DecorView@c5fc664[MainActivity] touchMode=true
06-13 08:47:28.834 22832 22878 D OpenGLRenderer: endAllActiveAnimators on 0x939d9b00 (RippleDrawable) with handle 0x9188de50
06-13 08:47:28.834 22832 22832 D ViewRootImpl@94ff567[CancelDeliveryActivity]: mHardwareRenderer.destroy()#1
06-13 08:47:28.845 22832 22832 D ViewRootImpl@94ff567[CancelDeliveryActivity]: Relayout returned: oldFrame=[0,0][768,1024] newFrame=[0,0][768,1024] result=0x5 surface={isValid=false 0} surfaceGenerationChanged=true
06-13 08:47:28.846 22832 22832 D ViewRootImpl@fa2b7f7[MainActivity]: dispatchAttachedToWindow
06-13 08:47:28.887 22832 22832 D ViewRootImpl@fa2b7f7[MainActivity]: Relayout returned: oldFrame=[0,0][0,0] newFrame=[0,0][768,1024] result=0x7 surface={isValid=true -1853300736} surfaceGenerationChanged=true
06-13 08:47:28.887 22832 22832 D ViewRootImpl@fa2b7f7[MainActivity]: mHardwareRenderer.initialize() mSurface={isValid=true -1853300736} hwInitialized=true
06-13 08:47:28.971 22832 22832 D AbsListView: in onLayout changed
06-13 08:47:29.027 22832 22832 D ViewRootImpl@fa2b7f7[MainActivity]: MSG_RESIZED_REPORT: frame=Rect(0, 0 - 768, 1024) ci=Rect(0, 24 - 0, 0) vi=Rect(0, 24 - 0, 0) or=1
06-13 08:47:29.027 22832 22832 D ViewRootImpl@fa2b7f7[MainActivity]: MSG_WINDOW_FOCUS_CHANGED 1
06-13 08:47:29.027 22832 22832 D ViewRootImpl@fa2b7f7[MainActivity]: mHardwareRenderer.initializeIfNeeded()#2 mSurface={isValid=true -1853300736}
06-13 08:47:29.029 22832 22832 V InputMethodManager: Starting input: tba=android.view.inputmethod.EditorInfo@6bb131c nm : cz.gienger.mobile ic=null
06-13 08:47:29.029 22832 22832 I InputMethodManager: startInputInner - mService.startInputOrWindowGainedFocus
06-13 08:47:29.037 22832 22832 D InputTransport: Input channel constructed: fd=66
06-13 08:47:29.037 22832 22832 D InputTransport: Input channel destroyed: fd=75
06-13 08:47:29.199 22832 14600 D FILE_MANAGER: Serializing delivery /data/user/0/cz.gienger.mobile/files/finished/130AT1182506581/130AT1182506581.xml
06-13 08:47:29.199 22832 14600 D FILE_MANAGER: Null files:
06-13 08:47:29.319 22832 14600 D MYINTERCEPTOR: /GiengerService.svc/sendorder
06-13 08:47:29.320 22832 14600 D OkHttp : --> POST https://testsaig1.gienger.cz/GiengerService.svc/sendorder http/1.1
06-13 08:47:29.320 22832 14600 D OkHttp : Content-Type: text/raw
06-13 08:47:29.320 22832 14600 D OkHttp : Content-Length: 7837
06-13 08:47:29.320 22832 14600 D OkHttp : filename: 130AT1182506581.xml
06-13 08:47:29.320 22832 14600 D OkHttp : Checksum: 4cbb4b737d20895ba0937c7a287fb1b3
06-13 08:47:29.320 22832 14600 D OkHttp : token: 129e4d327aefdfee26f71a370bd1fd66
06-13 08:47:29.320 22832 14600 D OkHttp : --> END POST
06-13 08:47:29.803 22832 14600 D OkHttp : <-- 200 https://testsaig1.gienger.cz/GiengerService.svc/sendorder (482ms)
06-13 08:47:29.803 22832 14600 D OkHttp : content-type: application/xml; charset=utf-8
06-13 08:47:29.803 22832 14600 D OkHttp : server: Microsoft-IIS/10.0
06-13 08:47:29.803 22832 14600 D OkHttp : x-powered-by: ASP.NET
06-13 08:47:29.803 22832 14600 D OkHttp : date: Thu, 13 Jun 2019 06:47:29 GMT
06-13 08:47:29.803 22832 14600 D OkHttp : content-length: 175
06-13 08:47:29.803 22832 14600 D OkHttp : <-- END HTTP
06-13 08:47:29.814 22832 14600 D sendOrder_SUCCESS: 200
06-13 08:47:29.863 22832 14600 D MESSAGE_SERVICE: ACTION_RESEND_ORDERS
06-13 08:47:30.177 22832 22832 D AbsListView: in onLayout changed
06-13 08:47:30.498 22832 22832 D AbsListView: in onLayout changed
06-13 08:47:30.560 22832 22832 D TextView: SYANI: Clipboard API is calling: clearFilter()
06-13 08:47:30.560 22832 22832 D TextView: SYANI: Clipboard API is calling: unregisterClipboardEventListener()
06-13 08:47:30.568 22832 22832 D ViewRootImpl@94ff567[CancelDeliveryActivity]: mHardwareRenderer.destroy()#4
06-13 08:47:30.568 22832 22832 D ViewRootImpl@94ff567[CancelDeliveryActivity]: dispatchDetachedFromWindow
06-13 08:47:30.577 22832 22832 D InputTransport: Input channel destroyed: fd=74
06-13 08:47:30.578 22832 22832 D ViewRootImpl@fa2b7f7[MainActivity]: ViewPostImeInputStage processPointer 0
06-13 08:47:30.580 22832 22832 D LOCATION_SERVICE: onDestroy
06-13 08:47:30.597 22832 22832 D AbsListView: reportScrollStateChange() newState : 1
06-13 08:47:31.161 22832 22832 D ViewRootImpl@fa2b7f7[MainActivity]: ViewPostImeInputStage processPointer 1
06-13 08:47:31.161 22832 22832 D AbsListView: onTouchUp() mTouchMode : 3
06-13 08:47:31.161 22832 22832 D AbsListView: onTouchUp() TOUCH_MODE_SCROLL initialVelocity : -3
06-13 08:47:31.161 22832 22832 D AbsListView: reportScrollStateChange() newState : 0
06-13 08:47:31.425 22832 22832 D ViewRootImpl@fa2b7f7[MainActivity]: ViewPostImeInputStage processPointer 0
06-13 08:47:31.498 22832 22832 D ViewRootImpl@fa2b7f7[MainActivity]: ViewPostImeInputStage processPointer 1
06-13 08:47:31.507 22832 22832 D item_click: viewId = 2131820758, position = 10
06-13 08:47:31.558 22832 22832 D ViewRootImpl@fa2b7f7[MainActivity]: MSG_WINDOW_FOCUS_CHANGED 0
06-13 08:47:31.612 22832 22832 D ScrollView: initGoToTop
06-13 08:47:31.674 22832 22832 D ViewRootImpl@c0cee34[CancelDeliveryActivity]: ThreadedRenderer.create() translucent=false
06-13 08:47:31.678 22832 22832 D InputTransport: Input channel constructed: fd=74
06-13 08:47:31.679 22832 22832 D ViewRootImpl@c0cee34[CancelDeliveryActivity]: setView = DecorView@24d745d[CancelDeliveryActivity] touchMode=true
06-13 08:47:31.687 22832 22832 D ViewRootImpl@c0cee34[CancelDeliveryActivity]: dispatchAttachedToWindow
06-13 08:47:31.724 22832 22832 D ViewRootImpl@c0cee34[CancelDeliveryActivity]: Relayout returned: oldFrame=[0,0][0,0] newFrame=[0,0][768,1024] result=0x27 surface={isValid=true -1862227968} surfaceGenerationChanged=true
06-13 08:47:31.724 22832 22832 D ViewRootImpl@c0cee34[CancelDeliveryActivity]: mHardwareRenderer.initialize() mSurface={isValid=true -1862227968} hwInitialized=true
06-13 08:47:31.729 22832 22832 D ScrollView: onsize change changed
06-13 08:47:31.730 22832 22832 D LOCATION_SERVICE: LocationListener gps
06-13 08:47:31.731 22832 22832 D LOCATION_SERVICE: LocationListener network
06-13 08:47:31.732 22832 22832 D LOCATION_SERVICE: onCreate
06-13 08:47:31.732 22832 22832 D LOCATION_SERVICE: initializeLocationManager
06-13 08:47:31.741 22832 22832 D LOCATION_SERVICE: onStartCommand
06-13 08:47:31.812 22832 22832 D ViewRootImpl@c0cee34[CancelDeliveryActivity]: MSG_RESIZED_REPORT: frame=Rect(0, 0 - 768, 1024) ci=Rect(0, 24 - 0, 0) vi=Rect(0, 24 - 0, 0) or=1
06-13 08:47:31.812 22832 22832 D ViewRootImpl@c0cee34[CancelDeliveryActivity]: MSG_WINDOW_FOCUS_CHANGED 1
06-13 08:47:31.813 22832 22832 D ViewRootImpl@c0cee34[CancelDeliveryActivity]: mHardwareRenderer.initializeIfNeeded()#2 mSurface={isValid=true -1862227968}
06-13 08:47:31.818 22832 22832 V InputMethodManager: Starting input: tba=android.view.inputmethod.EditorInfo@92c1cb8 nm : cz.gienger.mobile ic=null
06-13 08:47:31.818 22832 22832 I InputMethodManager: startInputInner - mService.startInputOrWindowGainedFocus
06-13 08:47:31.821 22832 22832 D InputTransport: Input channel constructed: fd=76
06-13 08:47:31.822 22832 22832 D InputTransport: Input channel destroyed: fd=66
06-13 08:47:31.895 22832 22878 D OpenGLRenderer: endAllActiveAnimators on 0x905b6680 (RippleDrawable) with handle 0x9185c9c0
06-13 08:47:31.895 22832 22832 D ViewRootImpl@fa2b7f7[MainActivity]: mHardwareRenderer.destroy()#1
06-13 08:47:31.909 22832 22832 D ViewRootImpl@fa2b7f7[MainActivity]: Relayout returned: oldFrame=[0,0][768,1024] newFrame=[0,0][768,1024] result=0x5 surface={isValid=false 0} surfaceGenerationChanged=true
06-13 08:47:32.272 22832 22832 D ViewRootImpl@fa2b7f7[MainActivity]: Relayout returned: oldFrame=[0,0][768,1024] newFrame=[0,0][768,1024] result=0x5 surface={isValid=false 0} surfaceGenerationChanged=false
06-13 08:47:32.468 22832 22832 D ViewRootImpl@c0cee34[CancelDeliveryActivity]: ViewPostImeInputStage processPointer 0
06-13 08:47:32.519 22832 22832 D ViewRootImpl@c0cee34[CancelDeliveryActivity]: ViewPostImeInputStage processPointer 1
06-13 08:47:33.098 22832 22832 D ViewRootImpl@c0cee34[CancelDeliveryActivity]: ViewPostImeInputStage processPointer 0
06-13 08:47:33.159 22832 22832 D ViewRootImpl@c0cee34[CancelDeliveryActivity]: ViewPostImeInputStage processPointer 1
06-13 08:47:33.181 22832 22832 D UNDELIVERED: Reason ID = 8, Comment =
06-13 08:47:33.279 22832 22832 D ViewRootImpl@c0cee34[CancelDeliveryActivity]: MSG_WINDOW_FOCUS_CHANGED 0
06-13 08:47:33.291 22832 14606 D MESSAGE_SERVICE: ACTION_COMPRESS_AND_UPLOAD
06-13 08:47:33.327 22832 22832 D ViewRootImpl@fa2b7f7[MainActivity]: mHardwareRenderer.destroy()#4
06-13 08:47:33.328 22832 22832 D ViewRootImpl@fa2b7f7[MainActivity]: dispatchDetachedFromWindow
06-13 08:47:33.334 22832 22832 D InputTransport: Input channel destroyed: fd=79
06-13 08:47:33.610 22832 22832 D ViewRootImpl@825b96d[MainActivity]: ThreadedRenderer.create() translucent=false
06-13 08:47:33.613 22832 22832 D InputTransport: Input channel constructed: fd=85
06-13 08:47:33.614 22832 22832 D ViewRootImpl@825b96d[MainActivity]: setView = DecorView@ddd59a2[MainActivity] touchMode=true
06-13 08:47:33.617 22832 22832 D ViewRootImpl@825b96d[MainActivity]: dispatchAttachedToWindow
06-13 08:47:33.682 22832 22832 D ViewRootImpl@825b96d[MainActivity]: Relayout returned: oldFrame=[0,0][0,0] newFrame=[0,0][768,1024] result=0x27 surface={isValid=true -1878439936} surfaceGenerationChanged=true
06-13 08:47:33.683 22832 22832 D ViewRootImpl@825b96d[MainActivity]: mHardwareRenderer.initialize() mSurface={isValid=true -1878439936} hwInitialized=true
06-13 08:47:33.778 22832 22832 D AbsListView: in onLayout changed
06-13 08:47:33.801 22832 22878 D OpenGLRenderer: endAllActiveAnimators on 0x9102ac80 (RippleDrawable) with handle 0x905acf90
06-13 08:47:33.802 22832 22832 D ViewRootImpl@c0cee34[CancelDeliveryActivity]: mHardwareRenderer.destroy()#1
06-13 08:47:33.809 22832 22832 D ViewRootImpl@c0cee34[CancelDeliveryActivity]: Relayout returned: oldFrame=[0,0][768,1024] newFrame=[0,0][768,1024] result=0x5 surface={isValid=false 0} surfaceGenerationChanged=true
06-13 08:47:33.880 22832 22832 D ViewRootImpl@825b96d[MainActivity]: MSG_RESIZED_REPORT: frame=Rect(0, 0 - 768, 1024) ci=Rect(0, 24 - 0, 0) vi=Rect(0, 24 - 0, 0) or=1
06-13 08:47:33.880 22832 22832 D ViewRootImpl@825b96d[MainActivity]: MSG_WINDOW_FOCUS_CHANGED 1
06-13 08:47:33.880 22832 22832 D ViewRootImpl@825b96d[MainActivity]: mHardwareRenderer.initializeIfNeeded()#2 mSurface={isValid=true -1878439936}
06-13 08:47:33.882 22832 22832 V InputMethodManager: Starting input: tba=android.view.inputmethod.EditorInfo@4d88409 nm : cz.gienger.mobile ic=null
06-13 08:47:33.882 22832 22832 I InputMethodManager: startInputInner - mService.startInputOrWindowGainedFocus
06-13 08:47:33.889 22832 22832 D InputTransport: Input channel constructed: fd=66
06-13 08:47:33.889 22832 22832 D InputTransport: Input channel destroyed: fd=76
06-13 08:47:34.012 22832 14606 D FILE_MANAGER: Serializing delivery /data/user/0/cz.gienger.mobile/files/finished/130AT1182506582/130AT1182506582.xml
06-13 08:47:34.012 22832 14606 D FILE_MANAGER: Null files:
06-13 08:47:34.152 22832 14606 D MYINTERCEPTOR: /GiengerService.svc/sendorder
06-13 08:47:34.152 22832 14606 D OkHttp : --> POST https://testsaig1.gienger.cz/GiengerService.svc/sendorder http/1.1
06-13 08:47:34.152 22832 14606 D OkHttp : Content-Type: text/raw
06-13 08:47:34.153 22832 14606 D OkHttp : Content-Length: 7471
06-13 08:47:34.153 22832 14606 D OkHttp : filename: 130AT1182506582.xml
06-13 08:47:34.153 22832 14606 D OkHttp : Checksum: f5b05243513c46b7c33d26a9f739510a
06-13 08:47:34.153 22832 14606 D OkHttp : token: 129e4d327aefdfee26f71a370bd1fd66
06-13 08:47:34.153 22832 14606 D OkHttp : --> END POST
06-13 08:47:34.242 22832 22845 I art : Background partial concurrent mark sweep GC freed 171198(8MB) AllocSpace objects, 8(252KB) LOS objects, 48% free, 12MB/24MB, paused 1.764ms total 174.423ms
06-13 08:47:35.034 22832 14606 D OkHttp : <-- 200 https://testsaig1.gienger.cz/GiengerService.svc/sendorder (880ms)
06-13 08:47:35.034 22832 14606 D OkHttp : content-type: application/xml; charset=utf-8
06-13 08:47:35.034 22832 14606 D OkHttp : server: Microsoft-IIS/10.0
06-13 08:47:35.034 22832 14606 D OkHttp : x-powered-by: ASP.NET
06-13 08:47:35.034 22832 14606 D OkHttp : date: Thu, 13 Jun 2019 06:47:34 GMT
06-13 08:47:35.035 22832 14606 D OkHttp : content-length: 175
06-13 08:47:35.035 22832 14606 D OkHttp : <-- END HTTP
06-13 08:47:35.045 22832 14606 D sendOrder_SUCCESS: 200
06-13 08:47:35.085 22832 14606 D MESSAGE_SERVICE: ACTION_RESEND_ORDERS
06-13 08:47:35.405 22832 22832 D AbsListView: in onLayout changed
06-13 08:47:35.700 22832 22832 D AbsListView: in onLayout changed
06-13 08:47:35.764 22832 22832 D Graph : removeVertex() : insertDummyVertex, because there is no ancestor.
06-13 08:47:35.764 22832 22832 D Graph : removeVertex() : insertDummyVertex, because there is no ancestor.
06-13 08:47:35.765 22832 22832 D Graph : removeVertex() : insertDummyVertex, because there is no ancestor.
06-13 08:47:35.765 22832 22832 D Graph : removeVertex() : insertDummyVertex, because there is no ancestor.
06-13 08:47:35.765 22832 22832 D Graph : removeVertex() : insertDummyVertex, because there is no ancestor.
06-13 08:47:35.775 22832 22832 D TextView: SYANI: Clipboard API is calling: clearFilter()
06-13 08:47:35.775 22832 22832 D TextView: SYANI: Clipboard API is calling: unregisterClipboardEventListener()
06-13 08:47:35.785 22832 22832 D ViewRootImpl@c0cee34[CancelDeliveryActivity]: mHardwareRenderer.destroy()#4
06-13 08:47:35.785 22832 22832 D ViewRootImpl@c0cee34[CancelDeliveryActivity]: dispatchDetachedFromWindow
06-13 08:47:35.793 22832 22832 D InputTransport: Input channel destroyed: fd=74
06-13 08:47:35.793 22832 22832 D LOCATION_SERVICE: onDestroy
06-13 08:47:36.007 22832 22832 D ViewRootImpl@825b96d[MainActivity]: ViewPostImeInputStage processPointer 0
06-13 08:47:36.067 22832 22832 D ViewRootImpl@825b96d[MainActivity]: ViewPostImeInputStage processPointer 1
06-13 08:47:36.080 22832 22832 D item_click: viewId = 2131820758, position = 11
06-13 08:47:36.149 22832 22832 D ViewRootImpl@825b96d[MainActivity]: MSG_WINDOW_FOCUS_CHANGED 0
06-13 08:47:36.174 22832 22832 D ScrollView: initGoToTop
06-13 08:47:36.235 22832 22832 D ViewRootImpl@df34702[CancelDeliveryActivity]: ThreadedRenderer.create() translucent=false
06-13 08:47:36.237 22832 22832 D InputTransport: Input channel constructed: fd=74
06-13 08:47:36.238 22832 22832 D ViewRootImpl@df34702[CancelDeliveryActivity]: setView = DecorView@dc40813[CancelDeliveryActivity] touchMode=true
06-13 08:47:36.247 22832 22832 D ViewRootImpl@df34702[CancelDeliveryActivity]: dispatchAttachedToWindow
06-13 08:47:36.288 22832 22832 D ViewRootImpl@df34702[CancelDeliveryActivity]: Relayout returned: oldFrame=[0,0][0,0] newFrame=[0,0][768,1024] result=0x27 surface={isValid=true -1853802496} surfaceGenerationChanged=true
06-13 08:47:36.289 22832 22832 D ViewRootImpl@df34702[CancelDeliveryActivity]: mHardwareRenderer.initialize() mSurface={isValid=true -1853802496} hwInitialized=true
06-13 08:47:36.293 22832 22832 D ScrollView: onsize change changed
06-13 08:47:36.294 22832 22832 D LOCATION_SERVICE: LocationListener gps
06-13 08:47:36.295 22832 22832 D LOCATION_SERVICE: LocationListener network
06-13 08:47:36.296 22832 22832 D LOCATION_SERVICE: onCreate
06-13 08:47:36.296 22832 22832 D LOCATION_SERVICE: initializeLocationManager
06-13 08:47:36.305 22832 22832 D LOCATION_SERVICE: onStartCommand
06-13 08:47:36.361 22832 22832 D ViewRootImpl@df34702[CancelDeliveryActivity]: MSG_RESIZED_REPORT: frame=Rect(0, 0 - 768, 1024) ci=Rect(0, 24 - 0, 0) vi=Rect(0, 24 - 0, 0) or=1
06-13 08:47:36.361 22832 22832 D ViewRootImpl@df34702[CancelDeliveryActivity]: MSG_WINDOW_FOCUS_CHANGED 1
06-13 08:47:36.361 22832 22832 D ViewRootImpl@df34702[CancelDeliveryActivity]: mHardwareRenderer.initializeIfNeeded()#2 mSurface={isValid=true -1853802496}
06-13 08:47:36.370 22832 22832 V InputMethodManager: Starting input: tba=android.view.inputmethod.EditorInfo@7f3bc26 nm : cz.gienger.mobile ic=null
06-13 08:47:36.370 22832 22832 I InputMethodManager: startInputInner - mService.startInputOrWindowGainedFocus
06-13 08:47:36.385 22832 22832 D InputTransport: Input channel constructed: fd=78
06-13 08:47:36.385 22832 22832 D InputTransport: Input channel destroyed: fd=66
06-13 08:47:36.419 22832 22878 D OpenGLRenderer: endAllActiveAnimators on 0x944ad400 (RippleDrawable) with handle 0x91dfc7f0
06-13 08:47:36.419 22832 22832 D ViewRootImpl@825b96d[MainActivity]: mHardwareRenderer.destroy()#1
06-13 08:47:36.426 22832 22832 D ViewRootImpl@825b96d[MainActivity]: Relayout returned: oldFrame=[0,0][768,1024] newFrame=[0,0][768,1024] result=0x5 surface={isValid=false 0} surfaceGenerationChanged=true
06-13 08:47:36.817 22832 22832 D ViewRootImpl@825b96d[MainActivity]: Relayout returned: oldFrame=[0,0][768,1024] newFrame=[0,0][768,1024] result=0x5 surface={isValid=false 0} surfaceGenerationChanged=false
06-13 08:47:36.884 22832 22832 D LOCATION_SERVICE: onLocationChanged: Location[network 49,191241,17,534646 acc=21 et=+19h2m9s813ms alt=0.0 vel=0.0 bear=0.0 {Bundle[mParcelledData.dataSize=80]}]
06-13 08:47:37.149 22832 22832 D ViewRootImpl@df34702[CancelDeliveryActivity]: ViewPostImeInputStage processPointer 0
06-13 08:47:37.199 22832 22832 D ViewRootImpl@df34702[CancelDeliveryActivity]: ViewPostImeInputStage processPointer 1
06-13 08:47:37.812 22832 22832 D ViewRootImpl@df34702[CancelDeliveryActivity]: ViewPostImeInputStage processPointer 0
06-13 08:47:37.871 22832 22832 D ViewRootImpl@df34702[CancelDeliveryActivity]: ViewPostImeInputStage processPointer 1
06-13 08:47:37.889 22832 22832 D UNDELIVERED: Reason ID = 9, Comment =
06-13 08:47:37.989 22832 22832 D ViewRootImpl@df34702[CancelDeliveryActivity]: MSG_WINDOW_FOCUS_CHANGED 0
06-13 08:47:37.995 22832 14612 D MESSAGE_SERVICE: ACTION_COMPRESS_AND_UPLOAD
06-13 08:47:38.045 22832 22832 D ViewRootImpl@825b96d[MainActivity]: mHardwareRenderer.destroy()#4
06-13 08:47:38.045 22832 22832 D ViewRootImpl@825b96d[MainActivity]: dispatchDetachedFromWindow
06-13 08:47:38.053 22832 22832 D InputTransport: Input channel destroyed: fd=85
06-13 08:47:38.129 22832 22855 W art : Clearing bad or obsolete profile data from file /data/misc/profiles/cur/0/cz.gienger.mobile/primary.prof: Profile EOF reached prematurely for ReadProfileHeader
06-13 08:47:38.319 22832 22832 D ViewRootImpl@e8ac95d[MainActivity]: ThreadedRenderer.create() translucent=false
06-13 08:47:38.324 22832 22832 D InputTransport: Input channel constructed: fd=79
06-13 08:47:38.324 22832 22832 D ViewRootImpl@e8ac95d[MainActivity]: setView = DecorView@56042d2[MainActivity] touchMode=true
06-13 08:47:38.338 22832 22878 D OpenGLRenderer: endAllActiveAnimators on 0x945c7500 (RippleDrawable) with handle 0x91fa2f10
06-13 08:47:38.339 22832 22832 D ViewRootImpl@df34702[CancelDeliveryActivity]: mHardwareRenderer.destroy()#1
06-13 08:47:38.348 22832 22832 D ViewRootImpl@df34702[CancelDeliveryActivity]: Relayout returned: oldFrame=[0,0][768,1024] newFrame=[0,0][768,1024] result=0x5 surface={isValid=false 0} surfaceGenerationChanged=true
06-13 08:47:38.349 22832 22832 D ViewRootImpl@e8ac95d[MainActivity]: dispatchAttachedToWindow
06-13 08:47:38.403 22832 22832 D ViewRootImpl@e8ac95d[MainActivity]: Relayout returned: oldFrame=[0,0][0,0] newFrame=[0,0][768,1024] result=0x7 surface={isValid=true -1853802496} surfaceGenerationChanged=true
06-13 08:47:38.403 22832 22832 D ViewRootImpl@e8ac95d[MainActivity]: mHardwareRenderer.initialize() mSurface={isValid=true -1853802496} hwInitialized=true
06-13 08:47:38.475 22832 22832 D AbsListView: in onLayout changed
06-13 08:47:38.532 22832 22832 D ViewRootImpl@e8ac95d[MainActivity]: MSG_RESIZED_REPORT: frame=Rect(0, 0 - 768, 1024) ci=Rect(0, 24 - 0, 0) vi=Rect(0, 24 - 0, 0) or=1
06-13 08:47:38.532 22832 22832 D ViewRootImpl@e8ac95d[MainActivity]: MSG_WINDOW_FOCUS_CHANGED 1
06-13 08:47:38.533 22832 22832 D ViewRootImpl@e8ac95d[MainActivity]: mHardwareRenderer.initializeIfNeeded()#2 mSurface={isValid=true -1853802496}
06-13 08:47:38.534 22832 22832 V InputMethodManager: Starting input: tba=android.view.inputmethod.EditorInfo@8594af9 nm : cz.gienger.mobile ic=null
06-13 08:47:38.534 22832 22832 I InputMethodManager: startInputInner - mService.startInputOrWindowGainedFocus
06-13 08:47:38.542 22832 22832 D InputTransport: Input channel constructed: fd=70
06-13 08:47:38.542 22832 22832 D InputTransport: Input channel destroyed: fd=78
06-13 08:47:38.726 22832 14612 D FILE_MANAGER: Serializing delivery /data/user/0/cz.gienger.mobile/files/finished/130AT1183508465/130AT1183508465.xml
06-13 08:47:38.726 22832 14612 D FILE_MANAGER: Null files:
06-13 08:47:38.831 22832 14612 D MYINTERCEPTOR: /GiengerService.svc/sendorder
06-13 08:47:38.832 22832 14612 D OkHttp : --> POST https://testsaig1.gienger.cz/GiengerService.svc/sendorder http/1.1
06-13 08:47:38.832 22832 14612 D OkHttp : Content-Type: text/raw
06-13 08:47:38.832 22832 14612 D OkHttp : Content-Length: 5040
06-13 08:47:38.832 22832 14612 D OkHttp : filename: 130AT1183508465.xml
06-13 08:47:38.832 22832 14612 D OkHttp : Checksum: 0c7baff18180d1900b04b71bced2d047
06-13 08:47:38.832 22832 14612 D OkHttp : token: 129e4d327aefdfee26f71a370bd1fd66
06-13 08:47:38.832 22832 14612 D OkHttp : --> END POST
06-13 08:47:39.343 22832 14612 D OkHttp : <-- 200 https://testsaig1.gienger.cz/GiengerService.svc/sendorder (509ms)
06-13 08:47:39.343 22832 14612 D OkHttp : content-type: application/xml; charset=utf-8
06-13 08:47:39.343 22832 14612 D OkHttp : server: Microsoft-IIS/10.0
06-13 08:47:39.343 22832 14612 D OkHttp : x-powered-by: ASP.NET
06-13 08:47:39.343 22832 14612 D OkHttp : date: Thu, 13 Jun 2019 06:47:38 GMT
06-13 08:47:39.343 22832 14612 D OkHttp : content-length: 175
06-13 08:47:39.343 22832 14612 D OkHttp : <-- END HTTP
06-13 08:47:39.355 22832 14612 D sendOrder_SUCCESS: 200
06-13 08:47:39.394 22832 14612 D MESSAGE_SERVICE: ACTION_RESEND_ORDERS
06-13 08:47:39.633 22832 22845 I art : Background sticky concurrent mark sweep GC freed 246476(10MB) AllocSpace objects, 13(260KB) LOS objects, 38% free, 15MB/24MB, paused 1.927ms total 102.855ms
06-13 08:47:39.740 22832 22832 D AbsListView: in onLayout changed
06-13 08:47:40.033 22832 22832 D AbsListView: in onLayout changed
06-13 08:47:40.098 22832 22832 D TextView: SYANI: Clipboard API is calling: clearFilter()
06-13 08:47:40.098 22832 22832 D TextView: SYANI: Clipboard API is calling: unregisterClipboardEventListener()
06-13 08:47:40.105 22832 22832 D ViewRootImpl@df34702[CancelDeliveryActivity]: mHardwareRenderer.destroy()#4
06-13 08:47:40.105 22832 22832 D ViewRootImpl@df34702[CancelDeliveryActivity]: dispatchDetachedFromWindow
06-13 08:47:40.112 22832 22832 D InputTransport: Input channel destroyed: fd=74
06-13 08:47:40.113 22832 22832 D LOCATION_SERVICE: onDestroy
06-13 08:47:40.296 22832 22832 D ViewRootImpl@e8ac95d[MainActivity]: ViewPostImeInputStage processPointer 0
06-13 08:47:40.316 22832 22832 D AbsListView: reportScrollStateChange() newState : 1
06-13 08:47:40.779 22832 22832 D ViewRootImpl@e8ac95d[MainActivity]: ViewPostImeInputStage processPointer 1
06-13 08:47:40.779 22832 22832 D AbsListView: onTouchUp() mTouchMode : 3
06-13 08:47:40.779 22832 22832 D AbsListView: onTouchUp() TOUCH_MODE_SCROLL initialVelocity : -199
06-13 08:47:40.779 22832 22832 D AbsListView: reportScrollStateChange() newState : 2
06-13 08:47:40.968 22832 22832 D AbsListView: reportScrollStateChange() newState : 0
06-13 08:47:41.169 22832 22832 D ViewRootImpl@e8ac95d[MainActivity]: ViewPostImeInputStage processPointer 0
06-13 08:47:41.215 22832 22832 D ViewRootImpl@e8ac95d[MainActivity]: ViewPostImeInputStage processPointer 1
06-13 08:47:41.225 22832 22832 D item_click: viewId = 2131820758, position = 12
06-13 08:47:41.277 22832 22832 D ViewRootImpl@e8ac95d[MainActivity]: MSG_WINDOW_FOCUS_CHANGED 0
06-13 08:47:41.348 22832 22832 D ScrollView: initGoToTop
06-13 08:47:41.409 22832 22832 D ViewRootImpl@cb3c461[CancelDeliveryActivity]: ThreadedRenderer.create() translucent=false
06-13 08:47:41.413 22832 22832 D InputTransport: Input channel constructed: fd=66
06-13 08:47:41.413 22832 22832 D ViewRootImpl@cb3c461[CancelDeliveryActivity]: setView = DecorView@2665b86[CancelDeliveryActivity] touchMode=true
06-13 08:47:41.414 22832 22832 D LOCATION_SERVICE: LocationListener gps
06-13 08:47:41.415 22832 22832 D LOCATION_SERVICE: LocationListener network
06-13 08:47:41.416 22832 22832 D LOCATION_SERVICE: onCreate
06-13 08:47:41.416 22832 22832 D LOCATION_SERVICE: initializeLocationManager
06-13 08:47:41.425 22832 22832 D LOCATION_SERVICE: onStartCommand
06-13 08:47:41.450 22832 22832 D ViewRootImpl@cb3c461[CancelDeliveryActivity]: dispatchAttachedToWindow
06-13 08:47:41.480 22832 22832 D ViewRootImpl@cb3c461[CancelDeliveryActivity]: Relayout returned: oldFrame=[0,0][0,0] newFrame=[0,0][768,1024] result=0x27 surface={isValid=true -1800663040} surfaceGenerationChanged=true
06-13 08:47:41.481 22832 22832 D ViewRootImpl@cb3c461[CancelDeliveryActivity]: mHardwareRenderer.initialize() mSurface={isValid=true -1800663040} hwInitialized=true
06-13 08:47:41.487 22832 22832 D ScrollView: onsize change changed
06-13 08:47:41.545 22832 22832 D ViewRootImpl@cb3c461[CancelDeliveryActivity]: MSG_RESIZED_REPORT: frame=Rect(0, 0 - 768, 1024) ci=Rect(0, 24 - 0, 0) vi=Rect(0, 24 - 0, 0) or=1
06-13 08:47:41.545 22832 22832 D ViewRootImpl@cb3c461[CancelDeliveryActivity]: MSG_WINDOW_FOCUS_CHANGED 1
06-13 08:47:41.545 22832 22832 D ViewRootImpl@cb3c461[CancelDeliveryActivity]: mHardwareRenderer.initializeIfNeeded()#2 mSurface={isValid=true -1800663040}
06-13 08:47:41.549 22832 22832 V InputMethodManager: Starting input: tba=android.view.inputmethod.EditorInfo@43a8b55 nm : cz.gienger.mobile ic=null
06-13 08:47:41.549 22832 22832 I InputMethodManager: startInputInner - mService.startInputOrWindowGainedFocus
06-13 08:47:41.564 22832 22832 D InputTransport: Input channel constructed: fd=74
06-13 08:47:41.564 22832 22832 D InputTransport: Input channel destroyed: fd=70
06-13 08:47:41.593 22832 22878 D OpenGLRenderer: endAllActiveAnimators on 0x944ac600 (RippleDrawable) with handle 0x921c5490
06-13 08:47:41.593 22832 22832 D ViewRootImpl@e8ac95d[MainActivity]: mHardwareRenderer.destroy()#1
06-13 08:47:41.600 22832 22832 D ViewRootImpl@e8ac95d[MainActivity]: Relayout returned: oldFrame=[0,0][768,1024] newFrame=[0,0][768,1024] result=0x5 surface={isValid=false 0} surfaceGenerationChanged=true
06-13 08:47:41.994 22832 22832 D ViewRootImpl@e8ac95d[MainActivity]: Relayout returned: oldFrame=[0,0][768,1024] newFrame=[0,0][768,1024] result=0x5 surface={isValid=false 0} surfaceGenerationChanged=false
06-13 08:47:42.142 22832 22832 D ViewRootImpl@cb3c461[CancelDeliveryActivity]: ViewPostImeInputStage processPointer 0
06-13 08:47:42.193 22832 22832 D ViewRootImpl@cb3c461[CancelDeliveryActivity]: ViewPostImeInputStage processPointer 1
06-13 08:47:42.784 22832 22832 D ViewRootImpl@cb3c461[CancelDeliveryActivity]: ViewPostImeInputStage processPointer 0
06-13 08:47:42.865 22832 22832 D ViewRootImpl@cb3c461[CancelDeliveryActivity]: ViewPostImeInputStage processPointer 1
06-13 08:47:42.885 22832 22832 D UNDELIVERED: Reason ID = 10, Comment =
06-13 08:47:43.003 22832 22832 D ViewRootImpl@cb3c461[CancelDeliveryActivity]: MSG_WINDOW_FOCUS_CHANGED 0
06-13 08:47:43.006 22832 14619 D MESSAGE_SERVICE: ACTION_COMPRESS_AND_UPLOAD
06-13 08:47:43.051 22832 22832 D ViewRootImpl@e8ac95d[MainActivity]: mHardwareRenderer.destroy()#4
06-13 08:47:43.051 22832 22832 D ViewRootImpl@e8ac95d[MainActivity]: dispatchDetachedFromWindow
06-13 08:47:43.063 22832 22832 D InputTransport: Input channel destroyed: fd=79
06-13 08:47:43.325 22832 22832 D ViewRootImpl@d0f8871[MainActivity]: ThreadedRenderer.create() translucent=false
06-13 08:47:43.328 22832 22832 D InputTransport: Input channel constructed: fd=61
06-13 08:47:43.328 22832 22832 D ViewRootImpl@d0f8871[MainActivity]: setView = DecorView@395b656[MainActivity] touchMode=true
06-13 08:47:43.331 22832 22832 D ViewRootImpl@d0f8871[MainActivity]: dispatchAttachedToWindow
06-13 08:47:43.383 22832 22832 D ViewRootImpl@d0f8871[MainActivity]: Relayout returned: oldFrame=[0,0][0,0] newFrame=[0,0][768,1024] result=0x27 surface={isValid=true -1795186688} surfaceGenerationChanged=true
06-13 08:47:43.384 22832 22832 D ViewRootImpl@d0f8871[MainActivity]: mHardwareRenderer.initialize() mSurface={isValid=true -1795186688} hwInitialized=true
06-13 08:47:43.465 22832 22832 D AbsListView: in onLayout changed
06-13 08:47:43.485 22832 22878 D OpenGLRenderer: endAllActiveAnimators on 0x94550900 (RippleDrawable) with handle 0x92ca3db0
06-13 08:47:43.486 22832 22832 D ViewRootImpl@cb3c461[CancelDeliveryActivity]: mHardwareRenderer.destroy()#1
06-13 08:47:43.506 22832 22832 D ViewRootImpl@cb3c461[CancelDeliveryActivity]: Relayout returned: oldFrame=[0,0][768,1024] newFrame=[0,0][768,1024] result=0x5 surface={isValid=false 0} surfaceGenerationChanged=true
06-13 08:47:43.589 22832 22832 D ViewRootImpl@d0f8871[MainActivity]: MSG_RESIZED_REPORT: frame=Rect(0, 0 - 768, 1024) ci=Rect(0, 24 - 0, 0) vi=Rect(0, 24 - 0, 0) or=1
06-13 08:47:43.589 22832 22832 D ViewRootImpl@d0f8871[MainActivity]: MSG_WINDOW_FOCUS_CHANGED 1
06-13 08:47:43.589 22832 22832 D ViewRootImpl@d0f8871[MainActivity]: mHardwareRenderer.initializeIfNeeded()#2 mSurface={isValid=true -1795186688}
06-13 08:47:43.592 22832 22832 V InputMethodManager: Starting input: tba=android.view.inputmethod.EditorInfo@c2cbce4 nm : cz.gienger.mobile ic=null
06-13 08:47:43.592 22832 22832 I InputMethodManager: startInputInner - mService.startInputOrWindowGainedFocus
06-13 08:47:43.594 22832 22832 D InputTransport: Input channel constructed: fd=79
06-13 08:47:43.594 22832 22832 D InputTransport: Input channel destroyed: fd=74
06-13 08:47:43.731 22832 14619 D FILE_MANAGER: Serializing delivery /data/user/0/cz.gienger.mobile/files/finished/130AT1183508407/130AT1183508407.xml
06-13 08:47:43.731 22832 14619 D FILE_MANAGER: Null files:
06-13 08:47:43.827 22832 14619 D MYINTERCEPTOR: /GiengerService.svc/sendorder
06-13 08:47:43.828 22832 14619 D OkHttp : --> POST https://testsaig1.gienger.cz/GiengerService.svc/sendorder http/1.1
06-13 08:47:43.828 22832 14619 D OkHttp : Content-Type: text/raw
06-13 08:47:43.829 22832 14619 D OkHttp : Content-Length: 2925
06-13 08:47:43.829 22832 14619 D OkHttp : filename: 130AT1183508407.xml
06-13 08:47:43.829 22832 14619 D OkHttp : Checksum: 7f3618dc924d8fe68d9246ddacee574b
06-13 08:47:43.829 22832 14619 D OkHttp : token: 129e4d327aefdfee26f71a370bd1fd66
06-13 08:47:43.829 22832 14619 D OkHttp : --> END POST
06-13 08:47:44.303 22832 14619 D OkHttp : <-- 200 https://testsaig1.gienger.cz/GiengerService.svc/sendorder (474ms)
06-13 08:47:44.303 22832 14619 D OkHttp : content-type: application/xml; charset=utf-8
06-13 08:47:44.303 22832 14619 D OkHttp : server: Microsoft-IIS/10.0
06-13 08:47:44.304 22832 14619 D OkHttp : x-powered-by: ASP.NET
06-13 08:47:44.304 22832 14619 D OkHttp : date: Thu, 13 Jun 2019 06:47:43 GMT
06-13 08:47:44.304 22832 14619 D OkHttp : content-length: 175
06-13 08:47:44.304 22832 14619 D OkHttp : <-- END HTTP
06-13 08:47:44.311 22832 14619 D sendOrder_SUCCESS: 200
06-13 08:47:44.348 22832 14619 D MESSAGE_SERVICE: ACTION_RESEND_ORDERS
06-13 08:47:44.694 22832 22832 D AbsListView: in onLayout changed
06-13 08:47:44.973 22832 22832 D AbsListView: in onLayout changed
06-13 08:47:45.045 22832 22832 D TextView: SYANI: Clipboard API is calling: clearFilter()
06-13 08:47:45.045 22832 22832 D TextView: SYANI: Clipboard API is calling: unregisterClipboardEventListener()
06-13 08:47:45.057 22832 22832 D ViewRootImpl@cb3c461[CancelDeliveryActivity]: mHardwareRenderer.destroy()#4
06-13 08:47:45.057 22832 22832 D ViewRootImpl@cb3c461[CancelDeliveryActivity]: dispatchDetachedFromWindow
06-13 08:47:45.064 22832 22832 D InputTransport: Input channel destroyed: fd=66
06-13 08:47:45.065 22832 22832 D ViewRootImpl@d0f8871[MainActivity]: ViewPostImeInputStage processPointer 0
06-13 08:47:45.066 22832 22832 D LOCATION_SERVICE: onDestroy
06-13 08:47:45.077 22832 22832 D AbsListView: reportScrollStateChange() newState : 1
06-13 08:47:45.489 22832 22832 D ViewRootImpl@d0f8871[MainActivity]: ViewPostImeInputStage processPointer 1
06-13 08:47:45.489 22832 22832 D AbsListView: onTouchUp() mTouchMode : 3
06-13 08:47:45.489 22832 22832 D AbsListView: onTouchUp() TOUCH_MODE_SCROLL initialVelocity : 13
06-13 08:47:45.489 22832 22832 D AbsListView: reportScrollStateChange() newState : 0
06-13 08:47:45.748 22832 22832 D ViewRootImpl@d0f8871[MainActivity]: ViewPostImeInputStage processPointer 0
06-13 08:47:45.794 22832 22832 D ViewRootImpl@d0f8871[MainActivity]: ViewPostImeInputStage processPointer 1
06-13 08:47:45.802 22832 22832 D item_click: viewId = 2131820758, position = 13
06-13 08:47:45.853 22832 22832 D ViewRootImpl@d0f8871[MainActivity]: MSG_WINDOW_FOCUS_CHANGED 0
06-13 08:47:45.907 22832 22832 D ScrollView: initGoToTop
06-13 08:47:45.974 22832 22832 D ViewRootImpl@bb93db9[CancelDeliveryActivity]: ThreadedRenderer.create() translucent=false
06-13 08:47:45.978 22832 22832 D InputTransport: Input channel constructed: fd=70
06-13 08:47:45.979 22832 22832 D ViewRootImpl@bb93db9[CancelDeliveryActivity]: setView = DecorView@4c3d5fe[CancelDeliveryActivity] touchMode=true
06-13 08:47:45.989 22832 22832 D ViewRootImpl@bb93db9[CancelDeliveryActivity]: dispatchAttachedToWindow
06-13 08:47:46.025 22832 22832 D ViewRootImpl@bb93db9[CancelDeliveryActivity]: Relayout returned: oldFrame=[0,0][0,0] newFrame=[0,0][768,1024] result=0x27 surface={isValid=true -1806579712} surfaceGenerationChanged=true
06-13 08:47:46.025 22832 22832 D ViewRootImpl@bb93db9[CancelDeliveryActivity]: mHardwareRenderer.initialize() mSurface={isValid=true -1806579712} hwInitialized=true
06-13 08:47:46.029 22832 22832 D ScrollView: onsize change changed
06-13 08:47:46.030 22832 22832 D LOCATION_SERVICE: LocationListener gps
06-13 08:47:46.031 22832 22832 D LOCATION_SERVICE: LocationListener network
06-13 08:47:46.032 22832 22832 D LOCATION_SERVICE: onCreate
06-13 08:47:46.032 22832 22832 D LOCATION_SERVICE: initializeLocationManager
06-13 08:47:46.049 22832 22832 D LOCATION_SERVICE: onStartCommand
06-13 08:47:46.120 22832 22832 D ViewRootImpl@bb93db9[CancelDeliveryActivity]: MSG_RESIZED_REPORT: frame=Rect(0, 0 - 768, 1024) ci=Rect(0, 24 - 0, 0) vi=Rect(0, 24 - 0, 0) or=1
06-13 08:47:46.121 22832 22832 D ViewRootImpl@bb93db9[CancelDeliveryActivity]: MSG_WINDOW_FOCUS_CHANGED 1
06-13 08:47:46.121 22832 22832 D ViewRootImpl@bb93db9[CancelDeliveryActivity]: mHardwareRenderer.initializeIfNeeded()#2 mSurface={isValid=true -1806579712}
06-13 08:47:46.125 22832 22832 V InputMethodManager: Starting input: tba=android.view.inputmethod.EditorInfo@78f452d nm : cz.gienger.mobile ic=null
06-13 08:47:46.126 22832 22832 I InputMethodManager: startInputInner - mService.startInputOrWindowGainedFocus
06-13 08:47:46.129 22832 22832 D InputTransport: Input channel constructed: fd=88
06-13 08:47:46.129 22832 22832 D InputTransport: Input channel destroyed: fd=79
06-13 08:47:46.216 22832 22878 D OpenGLRenderer: endAllActiveAnimators on 0x94af0a00 (RippleDrawable) with handle 0x93acb6b0
06-13 08:47:46.216 22832 22832 D ViewRootImpl@d0f8871[MainActivity]: mHardwareRenderer.destroy()#1
06-13 08:47:46.223 22832 22832 D ViewRootImpl@d0f8871[MainActivity]: Relayout returned: oldFrame=[0,0][768,1024] newFrame=[0,0][768,1024] result=0x5 surface={isValid=false 0} surfaceGenerationChanged=true
06-13 08:47:46.572 22832 22832 D ViewRootImpl@d0f8871[MainActivity]: Relayout returned: oldFrame=[0,0][768,1024] newFrame=[0,0][768,1024] result=0x5 surface={isValid=false 0} surfaceGenerationChanged=false
06-13 08:47:46.598 22832 22832 D LOCATION_SERVICE: onLocationChanged: Location[network 49,191242,17,534646 acc=21 et=+19h2m19s528ms alt=0.0 vel=0.0 bear=0.0 {Bundle[mParcelledData.dataSize=80]}]
06-13 08:47:46.734 22832 22832 D ViewRootImpl@bb93db9[CancelDeliveryActivity]: ViewPostImeInputStage processPointer 0
06-13 08:47:46.797 22832 22832 D ViewRootImpl@bb93db9[CancelDeliveryActivity]: ViewPostImeInputStage processPointer 1
06-13 08:47:47.359 22832 22832 D ViewRootImpl@bb93db9[CancelDeliveryActivity]: ViewPostImeInputStage processPointer 0
06-13 08:47:47.411 22832 22832 D ViewRootImpl@bb93db9[CancelDeliveryActivity]: ViewPostImeInputStage processPointer 1
06-13 08:47:47.427 22832 22832 D UNDELIVERED: Reason ID = 9, Comment =
06-13 08:47:47.546 22832 22832 D ViewRootImpl@bb93db9[CancelDeliveryActivity]: MSG_WINDOW_FOCUS_CHANGED 0
06-13 08:47:47.548 22832 14625 D MESSAGE_SERVICE: ACTION_COMPRESS_AND_UPLOAD
06-13 08:47:47.602 22832 22832 D ViewRootImpl@d0f8871[MainActivity]: mHardwareRenderer.destroy()#4
06-13 08:47:47.602 22832 22832 D ViewRootImpl@d0f8871[MainActivity]: dispatchDetachedFromWindow
06-13 08:47:47.610 22832 22832 D InputTransport: Input channel destroyed: fd=61
06-13 08:47:47.874 22832 22832 D ViewRootImpl@79babc9[MainActivity]: ThreadedRenderer.create() translucent=false
06-13 08:47:47.878 22832 22832 D InputTransport: Input channel constructed: fd=95
06-13 08:47:47.878 22832 22832 D ViewRootImpl@79babc9[MainActivity]: setView = DecorView@21592ce[MainActivity] touchMode=true
06-13 08:47:47.882 22832 22832 D ViewRootImpl@79babc9[MainActivity]: dispatchAttachedToWindow
06-13 08:47:47.948 22832 22832 D ViewRootImpl@79babc9[MainActivity]: Relayout returned: oldFrame=[0,0][0,0] newFrame=[0,0][768,1024] result=0x27 surface={isValid=true -1853835264} surfaceGenerationChanged=true
06-13 08:47:47.948 22832 22832 D ViewRootImpl@79babc9[MainActivity]: mHardwareRenderer.initialize() mSurface={isValid=true -1853835264} hwInitialized=true
06-13 08:47:48.037 22832 22832 D AbsListView: in onLayout changed
06-13 08:47:48.058 22832 22878 D OpenGLRenderer: endAllActiveAnimators on 0x926c9400 (RippleDrawable) with handle 0x944d2c50
06-13 08:47:48.058 22832 22832 D ViewRootImpl@bb93db9[CancelDeliveryActivity]: mHardwareRenderer.destroy()#1
06-13 08:47:48.067 22832 22832 D ViewRootImpl@bb93db9[CancelDeliveryActivity]: Relayout returned: oldFrame=[0,0][768,1024] newFrame=[0,0][768,1024] result=0x5 surface={isValid=false 0} surfaceGenerationChanged=true
06-13 08:47:48.131 22832 22832 D ViewRootImpl@79babc9[MainActivity]: MSG_RESIZED_REPORT: frame=Rect(0, 0 - 768, 1024) ci=Rect(0, 24 - 0, 0) vi=Rect(0, 24 - 0, 0) or=1
06-13 08:47:48.131 22832 22832 D ViewRootImpl@79babc9[MainActivity]: MSG_WINDOW_FOCUS_CHANGED 1
06-13 08:47:48.131 22832 22832 D ViewRootImpl@79babc9[MainActivity]: mHardwareRenderer.initializeIfNeeded()#2 mSurface={isValid=true -1853835264}
06-13 08:47:48.133 22832 22832 V InputMethodManager: Starting input: tba=android.view.inputmethod.EditorInfo@d2d4e1c nm : cz.gienger.mobile ic=null
06-13 08:47:48.133 22832 22832 I InputMethodManager: startInputInner - mService.startInputOrWindowGainedFocus
06-13 08:47:48.141 22832 22832 D InputTransport: Input channel constructed: fd=64
06-13 08:47:48.141 22832 22832 D InputTransport: Input channel destroyed: fd=88
06-13 08:47:48.273 22832 14625 D FILE_MANAGER: Serializing delivery /data/user/0/cz.gienger.mobile/files/finished/130AT1183508461/130AT1183508461.xml
06-13 08:47:48.273 22832 14625 D FILE_MANAGER: Null files:
06-13 08:47:48.409 22832 14625 D MYINTERCEPTOR: /GiengerService.svc/sendorder
06-13 08:47:48.410 22832 14625 D OkHttp : --> POST https://testsaig1.gienger.cz/GiengerService.svc/sendorder http/1.1
06-13 08:47:48.410 22832 14625 D OkHttp : Content-Type: text/raw
06-13 08:47:48.410 22832 14625 D OkHttp : Content-Length: 7983
06-13 08:47:48.411 22832 14625 D OkHttp : filename: 130AT1183508461.xml
06-13 08:47:48.411 22832 14625 D OkHttp : Checksum: 82733976f2ceda5c01fabbe4f8ded97e
06-13 08:47:48.411 22832 14625 D OkHttp : token: 129e4d327aefdfee26f71a370bd1fd66
06-13 08:47:48.411 22832 14625 D OkHttp : --> END POST
06-13 08:47:48.892 22832 14625 D OkHttp : <-- 200 https://testsaig1.gienger.cz/GiengerService.svc/sendorder (480ms)
06-13 08:47:48.892 22832 14625 D OkHttp : content-type: application/xml; charset=utf-8
06-13 08:47:48.892 22832 14625 D OkHttp : server: Microsoft-IIS/10.0
06-13 08:47:48.892 22832 14625 D OkHttp : x-powered-by: ASP.NET
06-13 08:47:48.892 22832 14625 D OkHttp : date: Thu, 13 Jun 2019 06:47:48 GMT
06-13 08:47:48.892 22832 14625 D OkHttp : content-length: 175
06-13 08:47:48.892 22832 14625 D OkHttp : <-- END HTTP
06-13 08:47:48.896 22832 14625 D sendOrder_SUCCESS: 200
06-13 08:47:48.927 22832 14625 D MESSAGE_SERVICE: ACTION_RESEND_ORDERS
06-13 08:47:49.264 22832 22832 D AbsListView: in onLayout changed
06-13 08:47:49.551 22832 22832 D AbsListView: in onLayout changed
06-13 08:47:49.617 22832 22832 D TextView: SYANI: Clipboard API is calling: clearFilter()
06-13 08:47:49.617 22832 22832 D TextView: SYANI: Clipboard API is calling: unregisterClipboardEventListener()
06-13 08:47:49.625 22832 22832 D ViewRootImpl@bb93db9[CancelDeliveryActivity]: mHardwareRenderer.destroy()#4
06-13 08:47:49.625 22832 22832 D ViewRootImpl@bb93db9[CancelDeliveryActivity]: dispatchDetachedFromWindow
