06-13 08:44:42.050 22832 22832 D ViewRootImpl@6a80201[ArticleListActivity]: Relayout returned: oldFrame=[0,0][768,1024] newFrame=[0,0][768,1024] result=0x5 surface={isValid=false 0} surfaceGenerationChanged=true
06-13 08:44:42.460 22832 22832 D ViewRootImpl@6a80201[ArticleListActivity]: Relayout returned: oldFrame=[0,0][768,1024] newFrame=[0,0][768,1024] result=0x5 surface={isValid=false 0} surfaceGenerationChanged=false
06-13 08:44:45.997 22832 22832 D ViewRootImpl@baaac7e[CartActivity]: ViewPostImeInputStage processPointer 0
06-13 08:44:46.089 22832 22832 D ViewRootImpl@baaac7e[CartActivity]: ViewPostImeInputStage processPointer 1
06-13 08:44:46.100 22832 22832 V InputMethodManager: Starting input: tba=android.view.inputmethod.EditorInfo@598b88f nm : cz.gienger.mobile ic=com.android.internal.widget.EditableInputConnection@7dc571c
06-13 08:44:46.100 22832 22832 I InputMethodManager: startInputInner - mService.startInputOrWindowGainedFocus
06-13 08:44:46.103 22832 22832 D InputTransport: Input channel constructed: fd=78
06-13 08:44:46.103 22832 22832 D InputTransport: Input channel destroyed: fd=70
06-13 08:44:46.104 22832 22832 D InputMethodManager: SSI - flag : 0 Pid : 22832 view : cz.gienger.mobile
06-13 08:44:46.399 22832 22832 D ViewRootImpl@baaac7e[CartActivity]: MSG_RESIZED: frame=Rect(0, 0 - 768, 1024) ci=Rect(0, 24 - 0, 359) vi=Rect(0, 24 - 0, 359) or=1
06-13 08:44:46.425 22832 22832 D ViewRootImpl@baaac7e[CartActivity]: Relayout returned: oldFrame=[0,0][768,1024] newFrame=[0,0][768,1024] result=0x1 surface={isValid=true -1852702720} surfaceGenerationChanged=false
06-13 08:44:46.447 22832 22832 D AbsListView: in onLayout changed
06-13 08:44:48.054 22832 22832 D ViewRootImpl@baaac7e[CartActivity]: ViewPostImeInputStage processPointer 0
06-13 08:44:48.135 22832 22832 D AbsListView: reportScrollStateChange() newState : 1
06-13 08:44:48.998 22832 22832 D ViewRootImpl@baaac7e[CartActivity]: ViewPostImeInputStage processPointer 1
06-13 08:44:48.998 22832 22832 D AbsListView: onTouchUp() mTouchMode : 3
06-13 08:44:48.998 22832 22832 D AbsListView: onTouchUp() TOUCH_MODE_SCROLL initialVelocity : 253
06-13 08:44:48.998 22832 22832 D AbsListView: reportScrollStateChange() newState : 2
06-13 08:44:49.221 22832 22832 D AbsListView: reportScrollStateChange() newState : 0
06-13 08:44:53.299 22832 22832 D ViewRootImpl@baaac7e[CartActivity]: ViewPostImeInputStage processKey 0
06-13 08:44:53.377 22832 22832 D ViewRootImpl@baaac7e[CartActivity]: ViewPostImeInputStage processKey 1
06-13 08:44:55.325 22832 22832 D ViewRootImpl@baaac7e[CartActivity]: ViewPostImeInputStage processPointer 0
06-13 08:44:55.386 22832 22832 D ViewRootImpl@baaac7e[CartActivity]: ViewPostImeInputStage processPointer 1
06-13 08:44:55.408 22832 22832 V InputMethodManager: Starting input: tba=android.view.inputmethod.EditorInfo@33daa6f nm : cz.gienger.mobile ic=com.android.internal.widget.EditableInputConnection@c09937c
06-13 08:44:55.409 22832 22832 I InputMethodManager: startInputInner - mService.startInputOrWindowGainedFocus
06-13 08:44:55.412 22832 22832 D InputTransport: Input channel constructed: fd=70
06-13 08:44:55.412 22832 22832 D InputTransport: Input channel destroyed: fd=78
06-13 08:44:55.412 22832 22832 D InputMethodManager: SSI - flag : 0 Pid : 22832 view : cz.gienger.mobile
06-13 08:44:55.417 22832 22832 W IInputConnectionWrapper: finishComposingText on inactive InputConnection
06-13 08:44:56.811 22832 22832 D ViewRootImpl@baaac7e[CartActivity]: ViewPostImeInputStage processKey 0
06-13 08:44:56.889 22832 22832 D ViewRootImpl@baaac7e[CartActivity]: ViewPostImeInputStage processKey 1
06-13 08:45:02.476 22832 22832 D ViewRootImpl@baaac7e[CartActivity]: ViewPostImeInputStage processKey 0
06-13 08:45:02.578 22832 22832 D ViewRootImpl@baaac7e[CartActivity]: ViewPostImeInputStage processKey 1
06-13 08:45:09.352 22832 22832 D ViewRootImpl@baaac7e[CartActivity]: ViewPostImeInputStage processPointer 0
06-13 08:45:09.401 22832 22832 D ViewRootImpl@baaac7e[CartActivity]: ViewPostImeInputStage processPointer 1
06-13 08:45:09.423 22832 22832 V InputMethodManager: Starting input: tba=android.view.inputmethod.EditorInfo@48c3403 nm : cz.gienger.mobile ic=com.android.internal.widget.EditableInputConnection@4dd3f80
06-13 08:45:09.423 22832 22832 I InputMethodManager: startInputInner - mService.startInputOrWindowGainedFocus
06-13 08:45:09.426 22832 22832 D InputTransport: Input channel constructed: fd=78
06-13 08:45:09.426 22832 22832 D InputTransport: Input channel destroyed: fd=70
06-13 08:45:09.426 22832 22832 D InputMethodManager: SSI - flag : 0 Pid : 22832 view : cz.gienger.mobile
06-13 08:45:09.431 22832 22832 W IInputConnectionWrapper: finishComposingText on inactive InputConnection
06-13 08:45:13.330 22832 22832 D ViewRootImpl@baaac7e[CartActivity]: ViewPostImeInputStage processPointer 0
06-13 08:45:13.407 22832 22832 D AbsListView: reportScrollStateChange() newState : 1
06-13 08:45:13.631 22832 22832 D ViewRootImpl@baaac7e[CartActivity]: ViewPostImeInputStage processPointer 1
06-13 08:45:13.631 22832 22832 D AbsListView: onTouchUp() mTouchMode : 3
06-13 08:45:13.631 22832 22832 D AbsListView: onTouchUp() TOUCH_MODE_SCROLL initialVelocity : -36
06-13 08:45:13.631 22832 22832 D AbsListView: reportScrollStateChange() newState : 0
06-13 08:45:14.171 22832 22832 D ViewRootImpl@baaac7e[CartActivity]: ViewPostImeInputStage processPointer 0
06-13 08:45:14.264 22832 22832 D ViewRootImpl@baaac7e[CartActivity]: ViewPostImeInputStage processPointer 1
06-13 08:45:15.279 22832 22832 D ViewRootImpl@baaac7e[CartActivity]: ViewPostImeInputStage processPointer 0
06-13 08:45:15.349 22832 22832 D ViewRootImpl@baaac7e[CartActivity]: ViewPostImeInputStage processPointer 1
06-13 08:45:15.389 22832 22832 D ScrollView: initGoToTop
06-13 08:45:15.394 22832 22832 D ScrollView: initGoToTop
06-13 08:45:15.403 22832 22832 D ViewRootImpl@49c7288[CartActivity]: ThreadedRenderer.create() translucent=true
06-13 08:45:15.414 22832 22832 D InputTransport: Input channel constructed: fd=70
06-13 08:45:15.414 22832 22832 D ViewRootImpl@49c7288[CartActivity]: setView = DecorView@eb26421[CartActivity] touchMode=true
06-13 08:45:15.416 22832 22832 D ViewRootImpl@49c7288[CartActivity]: dispatchAttachedToWindow
06-13 08:45:15.472 22832 22832 D ViewRootImpl@49c7288[CartActivity]: Relayout returned: oldFrame=[0,0][0,0] newFrame=[94,24][674,1024] result=0x27 surface={isValid=true -1801637888} surfaceGenerationChanged=true
06-13 08:45:15.472 22832 22832 D ViewRootImpl@49c7288[CartActivity]: mHardwareRenderer.initialize() mSurface={isValid=true -1801637888} hwInitialized=true
06-13 08:45:15.534 22832 22855 W art : Clearing bad or obsolete profile data from file /data/misc/profiles/cur/0/cz.gienger.mobile/primary.prof: Profile EOF reached prematurely for ReadProfileHeader
06-13 08:45:15.556 22832 22832 D AbsListView: in onLayout changed
06-13 08:45:15.557 22832 22832 D ScrollView: onsize change changed
06-13 08:45:15.567 22832 22832 D ViewRootImpl@49c7288[CartActivity]: MSG_WINDOW_FOCUS_CHANGED 1
06-13 08:45:15.568 22832 22832 D ViewRootImpl@49c7288[CartActivity]: mHardwareRenderer.initializeIfNeeded()#2 mSurface={isValid=true -1801637888}
06-13 08:45:15.568 22832 22832 V InputMethodManager: Not IME target window, ignoring
06-13 08:45:15.614 22832 22832 D ViewRootImpl@49c7288[CartActivity]: MSG_RESIZED_REPORT: frame=Rect(94, 24 - 674, 1024) ci=Rect(0, 0 - 0, 0) vi=Rect(0, 0 - 0, 0) or=1
06-13 08:45:15.672 22832 22832 D ViewRootImpl@baaac7e[CartActivity]: MSG_WINDOW_FOCUS_CHANGED 0
06-13 08:45:16.594 22832 22832 D ViewRootImpl@49c7288[CartActivity]: ViewPostImeInputStage processPointer 0
06-13 08:45:16.663 22832 22832 D ViewRootImpl@49c7288[CartActivity]: ViewPostImeInputStage processPointer 1
06-13 08:45:17.715 22832 22832 D ViewRootImpl@49c7288[CartActivity]: ViewPostImeInputStage processPointer 0
06-13 08:45:17.806 22832 22832 D ViewRootImpl@49c7288[CartActivity]: ViewPostImeInputStage processPointer 1
06-13 08:45:17.875 22832 22832 D ViewRootImpl@49c7288[CartActivity]: mHardwareRenderer.destroy()#4
06-13 08:45:17.876 22832 22832 D ViewRootImpl@49c7288[CartActivity]: dispatchDetachedFromWindow
06-13 08:45:17.893 22832 22832 D InputTransport: Input channel destroyed: fd=70
06-13 08:45:17.909 22832 22832 D ViewRootImpl@baaac7e[CartActivity]: MSG_WINDOW_FOCUS_CHANGED 1
06-13 08:45:17.909 22832 22832 D ViewRootImpl@baaac7e[CartActivity]: mHardwareRenderer.initializeIfNeeded()#2 mSurface={isValid=true -1852702720}
06-13 08:45:17.926 22832 22832 E ViewRootImpl: sendUserActionEvent() returned.
06-13 08:45:18.921 22832 22832 D ViewRootImpl@baaac7e[CartActivity]: ViewPostImeInputStage processPointer 0
06-13 08:45:18.987 22832 22832 D AbsListView: reportScrollStateChange() newState : 1
06-13 08:45:19.353 22832 22832 D ViewRootImpl@baaac7e[CartActivity]: ViewPostImeInputStage processPointer 1
06-13 08:45:19.353 22832 22832 D AbsListView: onTouchUp() mTouchMode : 3
06-13 08:45:19.353 22832 22832 D AbsListView: onTouchUp() TOUCH_MODE_SCROLL initialVelocity : -106
06-13 08:45:19.353 22832 22832 D AbsListView: reportScrollStateChange() newState : 2
06-13 08:45:19.488 22832 22832 D AbsListView: reportScrollStateChange() newState : 0
06-13 08:45:19.707 22832 22832 D ViewRootImpl@baaac7e[CartActivity]: ViewPostImeInputStage processPointer 0
06-13 08:45:19.754 22832 22832 D ViewRootImpl@baaac7e[CartActivity]: ViewPostImeInputStage processPointer 1
06-13 08:45:19.794 22832 22832 D ScrollView: initGoToTop
06-13 08:45:19.798 22832 22832 D ScrollView: initGoToTop
06-13 08:45:19.807 22832 22832 D ViewRootImpl@d2e8887[CartActivity]: ThreadedRenderer.create() translucent=true
06-13 08:45:19.815 22832 22832 D InputTransport: Input channel constructed: fd=70
06-13 08:45:19.815 22832 22832 D ViewRootImpl@d2e8887[CartActivity]: setView = DecorView@9d373b4[CartActivity] touchMode=true
06-13 08:45:19.824 22832 22832 D ViewRootImpl@d2e8887[CartActivity]: dispatchAttachedToWindow
06-13 08:45:19.885 22832 22832 D ViewRootImpl@d2e8887[CartActivity]: Relayout returned: oldFrame=[0,0][0,0] newFrame=[194,258][574,790] result=0x27 surface={isValid=true -1816322048} surfaceGenerationChanged=true
06-13 08:45:19.885 22832 22832 D ViewRootImpl@d2e8887[CartActivity]: mHardwareRenderer.initialize() mSurface={isValid=true -1816322048} hwInitialized=true
06-13 08:45:19.894 22832 22832 D ScrollView: onsize change changed
06-13 08:45:19.895 22832 22832 D ViewRootImpl@d2e8887[CartActivity]: MSG_WINDOW_FOCUS_CHANGED 1
06-13 08:45:19.895 22832 22832 D ViewRootImpl@d2e8887[CartActivity]: mHardwareRenderer.initializeIfNeeded()#2 mSurface={isValid=true -1816322048}
06-13 08:45:19.928 22832 22832 D ViewRootImpl@d2e8887[CartActivity]: MSG_RESIZED_REPORT: frame=Rect(194, 258 - 574, 790) ci=Rect(0, 0 - 0, 0) vi=Rect(0, 0 - 0, 0) or=1
06-13 08:45:19.979 22832 22832 D ViewRootImpl@baaac7e[CartActivity]: MSG_WINDOW_FOCUS_CHANGED 0
06-13 08:45:20.924 22832 22832 D ViewRootImpl@d2e8887[CartActivity]: ViewPostImeInputStage processPointer 0
06-13 08:45:21.015 22832 22832 D ViewRootImpl@d2e8887[CartActivity]: ViewPostImeInputStage processPointer 1
06-13 08:45:21.705 22832 22832 D ViewRootImpl@d2e8887[CartActivity]: ViewPostImeInputStage processPointer 0
06-13 08:45:21.799 22832 22832 D ViewRootImpl@d2e8887[CartActivity]: ViewPostImeInputStage processPointer 1
06-13 08:45:22.980 22832 22832 D ViewRootImpl@d2e8887[CartActivity]: ViewPostImeInputStage processPointer 0
06-13 08:45:23.064 22832 22832 D ViewRootImpl@d2e8887[CartActivity]: ViewPostImeInputStage processPointer 1
06-13 08:45:24.016 22832 22832 D ViewRootImpl@d2e8887[CartActivity]: ViewPostImeInputStage processPointer 0
06-13 08:45:24.098 22832 22832 D ViewRootImpl@d2e8887[CartActivity]: ViewPostImeInputStage processPointer 1
06-13 08:45:24.130 22832 22832 D ViewRootImpl@d2e8887[CartActivity]: mHardwareRenderer.destroy()#4
06-13 08:45:24.130 22832 22832 D ViewRootImpl@d2e8887[CartActivity]: dispatchDetachedFromWindow
06-13 08:45:24.140 22832 22832 D InputTransport: Input channel destroyed: fd=70
06-13 08:45:24.145 22832 22832 D ViewRootImpl@baaac7e[CartActivity]: MSG_WINDOW_FOCUS_CHANGED 1
06-13 08:45:24.145 22832 22832 D ViewRootImpl@baaac7e[CartActivity]: mHardwareRenderer.initializeIfNeeded()#2 mSurface={isValid=true -1852702720}
06-13 08:45:24.161 22832 22832 E ViewRootImpl: sendUserActionEvent() returned.
06-13 08:45:24.827 22832 22832 D ViewRootImpl@baaac7e[CartActivity]: ViewPostImeInputStage processPointer 0
06-13 08:45:24.908 22832 22832 D ViewRootImpl@baaac7e[CartActivity]: ViewPostImeInputStage processPointer 1
06-13 08:45:24.929 22832 22832 V InputMethodManager: Starting input: tba=android.view.inputmethod.EditorInfo@db3aa38 nm : cz.gienger.mobile ic=com.android.internal.widget.EditableInputConnection@2acba11
06-13 08:45:24.929 22832 22832 I InputMethodManager: startInputInner - mService.startInputOrWindowGainedFocus
06-13 08:45:24.931 22832 22832 D InputTransport: Input channel constructed: fd=70
06-13 08:45:24.931 22832 22832 D InputTransport: Input channel destroyed: fd=78
06-13 08:45:24.931 22832 22832 D InputMethodManager: SSI - flag : 0 Pid : 22832 view : cz.gienger.mobile
06-13 08:45:24.936 22832 22832 W IInputConnectionWrapper: finishComposingText on inactive InputConnection
06-13 08:45:32.626 22832 22832 D ViewRootImpl@baaac7e[CartActivity]: ViewPostImeInputStage processKey 0
06-13 08:45:32.757 22832 22832 D ViewRootImpl@baaac7e[CartActivity]: ViewPostImeInputStage processKey 1
06-13 08:45:39.339 22832 22832 D ViewRootImpl@baaac7e[CartActivity]: ViewPostImeInputStage processKey 0
06-13 08:45:39.429 22832 22832 D ViewRootImpl@baaac7e[CartActivity]: ViewPostImeInputStage processKey 1
06-13 08:45:43.241 22832 22832 D ViewRootImpl@baaac7e[CartActivity]: ViewPostImeInputStage processPointer 0
06-13 08:45:43.320 22832 22832 D ViewRootImpl@baaac7e[CartActivity]: ViewPostImeInputStage processPointer 1
06-13 08:45:43.343 22832 22832 V InputMethodManager: Starting input: tba=android.view.inputmethod.EditorInfo@222d97c nm : cz.gienger.mobile ic=com.android.internal.widget.EditableInputConnection@9029205
06-13 08:45:43.344 22832 22832 I InputMethodManager: startInputInner - mService.startInputOrWindowGainedFocus
06-13 08:45:43.347 22832 22832 D InputTransport: Input channel constructed: fd=78
06-13 08:45:43.347 22832 22832 D InputTransport: Input channel destroyed: fd=70
06-13 08:45:43.347 22832 22832 D InputMethodManager: SSI - flag : 0 Pid : 22832 view : cz.gienger.mobile
06-13 08:45:43.353 22832 22832 W IInputConnectionWrapper: finishComposingText on inactive InputConnection
06-13 08:45:47.449 22832 22832 D ViewRootImpl@baaac7e[CartActivity]: ViewPostImeInputStage processPointer 0
06-13 08:45:47.501 22832 22832 D AbsListView: reportScrollStateChange() newState : 1
06-13 08:45:47.817 22832 22832 D ViewRootImpl@baaac7e[CartActivity]: ViewPostImeInputStage processPointer 1
06-13 08:45:47.818 22832 22832 D AbsListView: onTouchUp() mTouchMode : 3
06-13 08:45:47.818 22832 22832 D AbsListView: onTouchUp() TOUCH_MODE_SCROLL initialVelocity : -67
06-13 08:45:47.818 22832 22832 D AbsListView: reportScrollStateChange() newState : 0
06-13 08:45:48.106 22832 22832 D ViewRootImpl@baaac7e[CartActivity]: ViewPostImeInputStage processPointer 0
06-13 08:45:48.176 22832 22832 D ViewRootImpl@baaac7e[CartActivity]: ViewPostImeInputStage processPointer 1
06-13 08:45:48.196 22832 22832 V InputMethodManager: Starting input: tba=android.view.inputmethod.EditorInfo@31adc14 nm : cz.gienger.mobile ic=com.android.internal.widget.EditableInputConnection@cf5fcbd
06-13 08:45:48.197 22832 22832 I InputMethodManager: startInputInner - mService.startInputOrWindowGainedFocus
06-13 08:45:48.198 22832 22832 D InputTransport: Input channel constructed: fd=70
06-13 08:45:48.198 22832 22832 D InputTransport: Input channel destroyed: fd=78
06-13 08:45:48.199 22832 22832 D InputMethodManager: SSI - flag : 0 Pid : 22832 view : cz.gienger.mobile
06-13 08:45:48.203 22832 22832 W IInputConnectionWrapper: finishComposingText on inactive InputConnection
06-13 08:45:50.011 22832 22832 D ViewRootImpl@baaac7e[CartActivity]: ViewPostImeInputStage processPointer 0
06-13 08:45:50.094 22832 22832 D ViewRootImpl@baaac7e[CartActivity]: ViewPostImeInputStage processPointer 1
06-13 08:45:50.108 22832 22832 D View : requestFocusFromTouch
06-13 08:45:50.133 22832 22832 D ScrollView: initGoToTop
06-13 08:45:50.137 22832 22832 D ScrollView: initGoToTop
06-13 08:45:50.145 22832 22832 D ViewRootImpl@2848f2d[CartActivity]: ThreadedRenderer.create() translucent=true
06-13 08:45:50.153 22832 22832 D InputTransport: Input channel constructed: fd=78
06-13 08:45:50.154 22832 22832 D ViewRootImpl@2848f2d[CartActivity]: setView = DecorView@fdedc62[CartActivity] touchMode=false
06-13 08:45:50.155 22832 22832 V InputMethodManager: Starting input: tba=android.view.inputmethod.EditorInfo@ed5e1f3 nm : cz.gienger.mobile ic=null
06-13 08:45:50.155 22832 22832 I InputMethodManager: startInputInner - mService.startInputOrWindowGainedFocus
06-13 08:45:50.157 22832 22832 D InputTransport: Input channel constructed: fd=81
06-13 08:45:50.157 22832 22832 D InputTransport: Input channel destroyed: fd=70
06-13 08:45:50.160 22832 22832 D ViewRootImpl@2848f2d[CartActivity]: dispatchAttachedToWindow
06-13 08:45:50.198 22832 22832 D ViewRootImpl@2848f2d[CartActivity]: Relayout returned: oldFrame=[0,0][0,0] newFrame=[108,450][660,597] result=0x26 surface={isValid=true -1801707520} surfaceGenerationChanged=true
06-13 08:45:50.199 22832 22832 D ViewRootImpl@2848f2d[CartActivity]: mHardwareRenderer.initialize() mSurface={isValid=true -1801707520} hwInitialized=true
06-13 08:45:50.208 22832 22832 D ScrollView: onsize change changed
06-13 08:45:50.209 22832 22832 D ScrollView: onsize change changed
06-13 08:45:50.211 22832 22832 D ViewRootImpl@2848f2d[CartActivity]: MSG_WINDOW_FOCUS_CHANGED 1
06-13 08:45:50.212 22832 22832 D ViewRootImpl@2848f2d[CartActivity]: mHardwareRenderer.initializeIfNeeded()#2 mSurface={isValid=true -1801707520}
06-13 08:45:50.213 22832 22832 V InputMethodManager: Not IME target window, ignoring
06-13 08:45:50.213 22832 22832 W IInputConnectionWrapper: finishComposingText on inactive InputConnection
06-13 08:45:50.227 22832 22832 D ViewRootImpl@2848f2d[CartActivity]: MSG_RESIZED_REPORT: frame=Rect(108, 450 - 660, 597) ci=Rect(0, 0 - 0, 0) vi=Rect(0, 0 - 0, 0) or=1
06-13 08:45:50.276 22832 22832 D ViewRootImpl@baaac7e[CartActivity]: MSG_WINDOW_FOCUS_CHANGED 0
06-13 08:45:51.218 22832 22832 D ViewRootImpl@2848f2d[CartActivity]: ViewPostImeInputStage processPointer 0
06-13 08:45:51.281 22832 22832 D ViewRootImpl@2848f2d[CartActivity]: ViewPostImeInputStage processPointer 1
06-13 08:45:51.315 22832 22832 D ScrollView: initGoToTop
06-13 08:45:51.320 22832 22832 D ScrollView: initGoToTop
06-13 08:45:51.331 22832 22832 D ViewRootImpl@c162a4[CartActivity]: ThreadedRenderer.create() translucent=true
06-13 08:45:51.337 22832 22832 D InputTransport: Input channel constructed: fd=88
06-13 08:45:51.338 22832 22832 D ViewRootImpl@c162a4[CartActivity]: setView = DecorView@d3d280d[CartActivity] touchMode=true
06-13 08:45:51.353 22832 22878 D OpenGLRenderer: endAllActiveAnimators on 0x94a98f00 (RippleDrawable) with handle 0x944d3b20
06-13 08:45:51.353 22832 22832 D ViewRootImpl@2848f2d[CartActivity]: mHardwareRenderer.destroy()#4
06-13 08:45:51.353 22832 22832 D ViewRootImpl@2848f2d[CartActivity]: dispatchDetachedFromWindow
06-13 08:45:51.368 22832 22832 D InputTransport: Input channel destroyed: fd=78
06-13 08:45:51.369 22832 22832 D ViewRootImpl@c162a4[CartActivity]: dispatchAttachedToWindow
06-13 08:45:51.410 22832 22832 D ViewRootImpl@c162a4[CartActivity]: Relayout returned: oldFrame=[0,0][0,0] newFrame=[108,466][660,582] result=0x27 surface={isValid=true -1801707520} surfaceGenerationChanged=true
06-13 08:45:51.411 22832 22832 D ViewRootImpl@c162a4[CartActivity]: mHardwareRenderer.initialize() mSurface={isValid=true -1801707520} hwInitialized=true
06-13 08:45:51.418 22832 22832 D ViewRootImpl@c162a4[CartActivity]: MSG_WINDOW_FOCUS_CHANGED 1
06-13 08:45:51.418 22832 22832 D ViewRootImpl@c162a4[CartActivity]: mHardwareRenderer.initializeIfNeeded()#2 mSurface={isValid=true -1801707520}
06-13 08:45:51.433 22832 22832 D ViewRootImpl@c162a4[CartActivity]: MSG_RESIZED_REPORT: frame=Rect(108, 466 - 660, 582) ci=Rect(0, 0 - 0, 0) vi=Rect(0, 0 - 0, 0) or=1
06-13 08:45:51.459 22832 22832 E ViewRootImpl: sendUserActionEvent() returned.
06-13 08:45:51.898 22832 22845 I art : Background partial concurrent mark sweep GC freed 246458(8MB) AllocSpace objects, 19(1468KB) LOS objects, 50% free, 11MB/23MB, paused 1.285ms total 134.555ms
06-13 08:45:53.307 22832 22845 I art : Background partial concurrent mark sweep GC freed 250307(7MB) AllocSpace objects, 14(1824KB) LOS objects, 42% free, 16MB/28MB, paused 983us total 139.201ms
06-13 08:45:54.856 22832 22832 D ViewRootImpl@c162a4[CartActivity]: mHardwareRenderer.destroy()#4
06-13 08:45:54.856 22832 22832 D ViewRootImpl@c162a4[CartActivity]: dispatchDetachedFromWindow
06-13 08:45:54.867 22832 22832 D InputTransport: Input channel destroyed: fd=88
06-13 08:45:54.903 22832 22832 D ViewRootImpl@baaac7e[CartActivity]: MSG_WINDOW_FOCUS_CHANGED 1
06-13 08:45:54.904 22832 22832 V InputMethodManager: Not IME target window, ignoring
06-13 08:45:54.904 22832 22832 D ViewRootImpl@baaac7e[CartActivity]: mHardwareRenderer.initializeIfNeeded()#2 mSurface={isValid=true -1852702720}
06-13 08:45:54.915 22832 22832 V InputMethodManager: Starting input: tba=android.view.inputmethod.EditorInfo@dbd7cf6 nm : cz.gienger.mobile ic=null
06-13 08:45:54.915 22832 22832 I InputMethodManager: startInputInner - mService.startInputOrWindowGainedFocus
06-13 08:45:54.917 22832 22832 D InputTransport: Input channel constructed: fd=70
06-13 08:45:54.917 22832 22832 D InputTransport: Input channel destroyed: fd=81
06-13 08:45:54.917 22832 22832 E ViewRootImpl: sendUserActionEvent() returned.
06-13 08:45:54.917 22832 22832 D ViewRootImpl@baaac7e[CartActivity]: MSG_WINDOW_FOCUS_CHANGED 0
06-13 08:45:55.878 22832 22832 D ViewRootImpl@baaac7e[CartActivity]: mHardwareRenderer.destroy()#1
06-13 08:45:55.895 22832 22832 D ViewRootImpl@baaac7e[CartActivity]: Relayout returned: oldFrame=[0,0][768,1024] newFrame=[0,0][768,1024] result=0x5 surface={isValid=false 0} surfaceGenerationChanged=true
06-13 08:45:55.896 22832 22832 D InputTransport: Input channel destroyed: fd=70
06-13 08:45:56.295 22832 22832 D ViewRootImpl@baaac7e[CartActivity]: Relayout returned: oldFrame=[0,0][768,1024] newFrame=[0,0][768,1024] result=0x5 surface={isValid=false 0} surfaceGenerationChanged=false
06-13 08:46:26.440 22832 22832 D ViewRootImpl@c3d53c4[PdfArchiveActivity]: ThreadedRenderer.create() translucent=true
06-13 08:46:26.444 22832 22832 D InputTransport: Input channel constructed: fd=61
06-13 08:46:26.444 22832 22832 D ViewRootImpl@c3d53c4[PdfArchiveActivity]: setView = DecorView@33a92ad[PdfArchiveActivity] touchMode=true
06-13 08:46:26.452 22832 22832 D ViewRootImpl@c3d53c4[PdfArchiveActivity]: dispatchAttachedToWindow
06-13 08:46:26.479 22832 22832 D ViewRootImpl@c3d53c4[PdfArchiveActivity]: Relayout returned: oldFrame=[0,0][0,0] newFrame=[241,456][527,568] result=0x27 surface={isValid=true -1821409280} surfaceGenerationChanged=true
06-13 08:46:26.479 22832 22832 D ViewRootImpl@c3d53c4[PdfArchiveActivity]: mHardwareRenderer.initialize() mSurface={isValid=true -1821409280} hwInitialized=true
06-13 08:46:26.484 22832 22832 D ViewRootImpl@c3d53c4[PdfArchiveActivity]: MSG_RESIZED_REPORT: frame=Rect(241, 456 - 527, 568) ci=Rect(0, 0 - 0, 0) vi=Rect(0, 0 - 0, 0) or=1
06-13 08:46:26.484 22832 22832 D ViewRootImpl@c3d53c4[PdfArchiveActivity]: MSG_WINDOW_FOCUS_CHANGED 1
06-13 08:46:26.484 22832 22832 D ViewRootImpl@c3d53c4[PdfArchiveActivity]: mHardwareRenderer.initializeIfNeeded()#2 mSurface={isValid=true -1821409280}
06-13 08:46:26.485 22832 22832 V InputMethodManager: Starting input: tba=android.view.inputmethod.EditorInfo@76f59e2 nm : cz.gienger.mobile ic=null
06-13 08:46:26.487 22832 22832 I InputMethodManager: startInputInner - mService.startInputOrWindowGainedFocus
06-13 08:46:26.489 22832 22832 D InputTransport: Input channel constructed: fd=67
06-13 08:46:27.534 22832 22832 D ViewRootImpl@c3d53c4[PdfArchiveActivity]: mHardwareRenderer.destroy()#1
06-13 08:46:27.549 22832 22832 D ViewRootImpl@c3d53c4[PdfArchiveActivity]: Relayout returned: oldFrame=[241,456][527,568] newFrame=[241,456][527,568] result=0x5 surface={isValid=false 0} surfaceGenerationChanged=true
06-13 08:46:27.549 22832 22832 D ViewRootImpl@c3d53c4[PdfArchiveActivity]: MSG_WINDOW_FOCUS_CHANGED 0
06-13 08:46:27.565 22832 22832 D ViewRootImpl@baaac7e[CartActivity]: mHardwareRenderer.destroy()#1
06-13 08:46:27.579 22832 22832 D ViewRootImpl@baaac7e[CartActivity]: Relayout returned: oldFrame=[0,0][768,1024] newFrame=[0,0][768,1024] result=0x1 surface={isValid=false 0} surfaceGenerationChanged=false
06-13 08:46:27.694 22832 22832 D InputTransport: Input channel destroyed: fd=67
06-13 08:46:27.705 22832 22832 D ViewRootImpl@baaac7e[CartActivity]: Relayout returned: oldFrame=[0,0][768,1024] newFrame=[0,0][768,1024] result=0x7 surface={isValid=true -1821409280} surfaceGenerationChanged=true
06-13 08:46:27.706 22832 22832 D ViewRootImpl@baaac7e[CartActivity]: mHardwareRenderer.initialize() mSurface={isValid=true -1821409280} hwInitialized=true
06-13 08:46:27.725 22832 22832 D AbsListView: in onLayout changed
06-13 08:46:27.742 22832 14494 D MYINTERCEPTOR: /GiengerService.svc/uploadfinishedorder
06-13 08:46:27.743 22832 14494 D OkHttp : --> POST https://testsaig1.gienger.cz/GiengerService.svc/uploadfinishedorder http/1.1
06-13 08:46:27.743 22832 14494 D OkHttp : Content-Type: text/raw
06-13 08:46:27.743 22832 14494 D OkHttp : Content-Length: 106189
06-13 08:46:27.743 22832 14494 D OkHttp : filename: a28df5b2-4d4f-4627-808b-388e6ea0bf4b.xml
06-13 08:46:27.743 22832 14494 D OkHttp : Checksum: 79e88521aa37f135e01a768b91a28a8e
06-13 08:46:27.743 22832 14494 D OkHttp : token: 129e4d327aefdfee26f71a370bd1fd66
06-13 08:46:27.743 22832 14494 D OkHttp : state: CZ
06-13 08:46:27.743 22832 14494 D OkHttp : --> END POST
06-13 08:46:27.757 22832 22832 D ViewRootImpl@76c434d[CategoryListActivity]: mHardwareRenderer.destroy()#4
06-13 08:46:27.757 22832 22832 D ViewRootImpl@76c434d[CategoryListActivity]: dispatchDetachedFromWindow
06-13 08:46:27.766 22832 22832 D InputTransport: Input channel destroyed: fd=63
06-13 08:46:27.780 22832 22832 D ViewRootImpl@6a80201[ArticleListActivity]: mHardwareRenderer.destroy()#4
06-13 08:46:27.780 22832 22832 D ViewRootImpl@6a80201[ArticleListActivity]: dispatchDetachedFromWindow
06-13 08:46:27.786 22832 22832 D InputTransport: Input channel destroyed: fd=66
06-13 08:46:27.856 22832 22832 D LOCATION_SERVICE: onDestroy
06-13 08:46:27.896 22832 14494 D OkHttp : <-- 200 https://testsaig1.gienger.cz/GiengerService.svc/uploadfinishedorder (152ms)
06-13 08:46:27.896 22832 14494 D OkHttp : content-type: application/xml; charset=utf-8
06-13 08:46:27.896 22832 14494 D OkHttp : server: Microsoft-IIS/10.0
06-13 08:46:27.896 22832 14494 D OkHttp : x-powered-by: ASP.NET
06-13 08:46:27.896 22832 14494 D OkHttp : date: Thu, 13 Jun 2019 06:46:27 GMT
06-13 08:46:27.896 22832 14494 D OkHttp : content-length: 175
06-13 08:46:27.896 22832 14494 D OkHttp : <-- END HTTP
06-13 08:46:28.189 22832 22832 D ViewRootImpl@f02f109[MainActivity]: Relayout returned: oldFrame=[0,0][768,1024] newFrame=[0,0][768,1024] result=0x7 surface={isValid=true -1801672704} surfaceGenerationChanged=true
06-13 08:46:28.189 22832 22832 D ViewRootImpl@f02f109[MainActivity]: mHardwareRenderer.initialize() mSurface={isValid=true -1801672704} hwInitialized=true
06-13 08:46:28.271 22832 22832 D AbsListView: in onLayout changed
06-13 08:46:28.304 22832 22832 D ViewRootImpl@f02f109[MainActivity]: MSG_WINDOW_FOCUS_CHANGED 1
06-13 08:46:28.305 22832 22832 D ViewRootImpl@f02f109[MainActivity]: mHardwareRenderer.initializeIfNeeded()#2 mSurface={isValid=true -1801672704}
06-13 08:46:28.307 22832 22832 V InputMethodManager: Starting input: tba=android.view.inputmethod.EditorInfo@551c0f3 nm : cz.gienger.mobile ic=null
06-13 08:46:28.307 22832 22832 I InputMethodManager: startInputInner - mService.startInputOrWindowGainedFocus
06-13 08:46:28.331 22832 22832 D InputTransport: Input channel constructed: fd=66
06-13 08:46:28.367 22832 22832 D ViewRootImpl@baaac7e[CartActivity]: mHardwareRenderer.destroy()#1
06-13 08:46:28.379 22832 22832 D ViewRootImpl@baaac7e[CartActivity]: Relayout returned: oldFrame=[0,0][768,1024] newFrame=[0,0][768,1024] result=0x5 surface={isValid=false 0} surfaceGenerationChanged=true
06-13 08:46:28.387 22832 22832 D ViewRootImpl@c3d53c4[PdfArchiveActivity]: mHardwareRenderer.destroy()#4
06-13 08:46:28.387 22832 22832 D ViewRootImpl@c3d53c4[PdfArchiveActivity]: dispatchDetachedFromWindow
06-13 08:46:28.397 22832 22832 D InputTransport: Input channel destroyed: fd=61
06-13 08:46:28.741 22832 22832 D TextView: SYANI: Clipboard API is calling: clearFilter()
06-13 08:46:28.742 22832 22832 D TextView: SYANI: Clipboard API is calling: unregisterClipboardEventListener()
06-13 08:46:28.742 22832 22832 D TextView: SYANI: Clipboard API is calling: clearFilter()
06-13 08:46:28.742 22832 22832 D TextView: SYANI: Clipboard API is calling: unregisterClipboardEventListener()
06-13 08:46:28.744 22832 22832 D TextView: SYANI: Clipboard API is calling: clearFilter()
06-13 08:46:28.744 22832 22832 D TextView: SYANI: Clipboard API is calling: unregisterClipboardEventListener()
06-13 08:46:28.750 22832 22832 D TextView: SYANI: Clipboard API is calling: clearFilter()
06-13 08:46:28.750 22832 22832 D TextView: SYANI: Clipboard API is calling: unregisterClipboardEventListener()
06-13 08:46:28.753 22832 22832 D TextView: SYANI: Clipboard API is calling: clearFilter()
06-13 08:46:28.753 22832 22832 D TextView: SYANI: Clipboard API is calling: unregisterClipboardEventListener()
06-13 08:46:28.755 22832 22832 D TextView: SYANI: Clipboard API is calling: clearFilter()
06-13 08:46:28.755 22832 22832 D TextView: SYANI: Clipboard API is calling: unregisterClipboardEventListener()
06-13 08:46:28.758 22832 22832 D TextView: SYANI: Clipboard API is calling: clearFilter()
06-13 08:46:28.758 22832 22832 D TextView: SYANI: Clipboard API is calling: unregisterClipboardEventListener()
06-13 08:46:28.761 22832 22832 D TextView: SYANI: Clipboard API is calling: clearFilter()
06-13 08:46:28.761 22832 22832 D TextView: SYANI: Clipboard API is calling: unregisterClipboardEventListener()
06-13 08:46:28.761 22832 22832 D TextView: SYANI: Clipboard API is calling: clearFilter()
06-13 08:46:28.761 22832 22832 D TextView: SYANI: Clipboard API is calling: unregisterClipboardEventListener()
06-13 08:46:28.762 22832 22832 D TextView: SYANI: Clipboard API is calling: clearFilter()
06-13 08:46:28.762 22832 22832 D TextView: SYANI: Clipboard API is calling: unregisterClipboardEventListener()
06-13 08:46:28.763 22832 22832 D TextView: SYANI: Clipboard API is calling: clearFilter()
06-13 08:46:28.763 22832 22832 D TextView: SYANI: Clipboard API is calling: unregisterClipboardEventListener()
06-13 08:46:28.768 22832 22832 D ViewRootImpl@baaac7e[CartActivity]: mHardwareRenderer.destroy()#4
06-13 08:46:28.768 22832 22832 D ViewRootImpl@baaac7e[CartActivity]: dispatchDetachedFromWindow
06-13 08:46:28.778 22832 22832 D InputTransport: Input channel destroyed: fd=64
06-13 08:46:29.770 22832 22832 D ViewRootImpl@f02f109[MainActivity]: ViewPostImeInputStage processPointer 0
06-13 08:46:29.829 22832 22832 D AbsListView: reportScrollStateChange() newState : 1
06-13 08:46:30.323 22832 22832 D ViewRootImpl@f02f109[MainActivity]: ViewPostImeInputStage processPointer 1
06-13 08:46:30.324 22832 22832 D AbsListView: onTouchUp() mTouchMode : 3
06-13 08:46:30.324 22832 22832 D AbsListView: onTouchUp() TOUCH_MODE_SCROLL initialVelocity : 296
06-13 08:46:30.324 22832 22832 D AbsListView: reportScrollStateChange() newState : 2
06-13 08:46:30.581 22832 22832 D AbsListView: reportScrollStateChange() newState : 0
06-13 08:46:31.362 22832 22832 D ViewRootImpl@f02f109[MainActivity]: ViewPostImeInputStage processPointer 0
06-13 08:46:31.397 22832 22832 D ViewRootImpl@f02f109[MainActivity]: ViewPostImeInputStage processPointer 1
06-13 08:46:31.420 22832 22832 D item_click: viewId = 2131820756, position = 8
06-13 08:46:31.461 22832 22832 D ViewRootImpl@f02f109[MainActivity]: MSG_WINDOW_FOCUS_CHANGED 0
06-13 08:46:31.575 22832 22832 D ViewRootImpl@d87126e[DeliverActivity]: ThreadedRenderer.create() translucent=false
06-13 08:46:31.578 22832 22832 D InputTransport: Input channel constructed: fd=70
06-13 08:46:31.578 22832 22832 D ViewRootImpl@d87126e[DeliverActivity]: setView = DecorView@9348d0f[DeliverActivity] touchMode=true
06-13 08:46:31.580 22832 22832 D LOCATION_SERVICE: LocationListener gps
06-13 08:46:31.581 22832 22832 D LOCATION_SERVICE: LocationListener network
06-13 08:46:31.582 22832 22832 D LOCATION_SERVICE: onCreate
06-13 08:46:31.582 22832 22832 D LOCATION_SERVICE: initializeLocationManager
06-13 08:46:31.599 22832 22832 D LOCATION_SERVICE: onStartCommand
06-13 08:46:31.611 22832 22832 D ViewRootImpl@d87126e[DeliverActivity]: dispatchAttachedToWindow
06-13 08:46:31.658 22832 22832 D ViewRootImpl@d87126e[DeliverActivity]: Relayout returned: oldFrame=[0,0][0,0] newFrame=[0,0][768,1024] result=0x27 surface={isValid=true -1842016256} surfaceGenerationChanged=true
06-13 08:46:31.659 22832 22832 D ViewRootImpl@d87126e[DeliverActivity]: mHardwareRenderer.initialize() mSurface={isValid=true -1842016256} hwInitialized=true
06-13 08:46:31.702 22832 22832 D ViewRootImpl@d87126e[DeliverActivity]: MSG_RESIZED_REPORT: frame=Rect(0, 0 - 768, 1024) ci=Rect(0, 24 - 0, 0) vi=Rect(0, 24 - 0, 0) or=1
06-13 08:46:31.703 22832 22832 D ViewRootImpl@d87126e[DeliverActivity]: MSG_WINDOW_FOCUS_CHANGED 1
06-13 08:46:31.703 22832 22832 D ViewRootImpl@d87126e[DeliverActivity]: mHardwareRenderer.initializeIfNeeded()#2 mSurface={isValid=true -1842016256}
06-13 08:46:31.704 22832 22832 V InputMethodManager: Starting input: tba=android.view.inputmethod.EditorInfo@cefb834 nm : cz.gienger.mobile ic=null
06-13 08:46:31.704 22832 22832 I InputMethodManager: startInputInner - mService.startInputOrWindowGainedFocus
06-13 08:46:31.718 22832 22832 D InputTransport: Input channel constructed: fd=71
06-13 08:46:31.718 22832 22832 D InputTransport: Input channel destroyed: fd=66
06-13 08:46:31.727 22832 14491 D FILE_MANAGER: Copying file /data/user/0/cz.gienger.mobile/files/delivery/130AT1183508451/130AT1183508451.pdf to /storage/emulated/0/130AT1183508451.pdf
06-13 08:46:31.758 22832 22878 D OpenGLRenderer: endAllActiveAnimators on 0x945d0480 (RippleDrawable) with handle 0x921c5b10
06-13 08:46:31.759 22832 22832 D ViewRootImpl@f02f109[MainActivity]: mHardwareRenderer.destroy()#1
06-13 08:46:31.776 22832 22832 D ViewRootImpl@f02f109[MainActivity]: Relayout returned: oldFrame=[0,0][768,1024] newFrame=[0,0][768,1024] result=0x5 surface={isValid=false 0} surfaceGenerationChanged=true
06-13 08:46:32.172 22832 22832 D ViewRootImpl@f02f109[MainActivity]: Relayout returned: oldFrame=[0,0][768,1024] newFrame=[0,0][768,1024] result=0x5 surface={isValid=false 0} surfaceGenerationChanged=false
06-13 08:46:32.237 22832 14491 D FILE_MANAGER: copy ok
06-13 08:46:32.700 22832 22832 D LOCATION_SERVICE: onLocationChanged: Location[network 49,191230,17,534675 acc=21 et=+19h1m5s630ms alt=0.0 vel=0.0 bear=0.0 {Bundle[mParcelledData.dataSize=80]}]
06-13 08:46:33.153 22832 22832 D ViewRootImpl@d87126e[DeliverActivity]: ViewPostImeInputStage processKey 0
06-13 08:46:33.222 22832 22832 D ViewRootImpl@d87126e[DeliverActivity]: ViewPostImeInputStage processKey 1
06-13 08:46:33.517 22832 22832 D ViewRootImpl@f02f109[MainActivity]: Relayout returned: oldFrame=[0,0][768,1024] newFrame=[0,0][768,1024] result=0x7 surface={isValid=true -1841354752} surfaceGenerationChanged=true
06-13 08:46:33.517 22832 22832 D ViewRootImpl@f02f109[MainActivity]: mHardwareRenderer.initialize() mSurface={isValid=true -1841354752} hwInitialized=true
06-13 08:46:33.590 22832 22832 D AbsListView: in onLayout changed
06-13 08:46:33.616 22832 22832 D ViewRootImpl@f02f109[MainActivity]: MSG_WINDOW_FOCUS_CHANGED 1
06-13 08:46:33.616 22832 22832 D ViewRootImpl@f02f109[MainActivity]: mHardwareRenderer.initializeIfNeeded()#2 mSurface={isValid=true -1841354752}
06-13 08:46:33.618 22832 22832 V InputMethodManager: Starting input: tba=android.view.inputmethod.EditorInfo@a7fedde nm : cz.gienger.mobile ic=null
06-13 08:46:33.618 22832 22832 I InputMethodManager: startInputInner - mService.startInputOrWindowGainedFocus
06-13 08:46:33.636 22832 22832 D InputTransport: Input channel constructed: fd=64
06-13 08:46:33.636 22832 22832 D InputTransport: Input channel destroyed: fd=71
06-13 08:46:33.643 22832 22832 D ViewRootImpl@d87126e[DeliverActivity]: MSG_WINDOW_FOCUS_CHANGED 0
06-13 08:46:33.674 22832 22832 D ViewRootImpl@d87126e[DeliverActivity]: mHardwareRenderer.destroy()#1
06-13 08:46:33.687 22832 22832 D ViewRootImpl@d87126e[DeliverActivity]: Relayout returned: oldFrame=[0,0][768,1024] newFrame=[0,0][768,1024] result=0x5 surface={isValid=false 0} surfaceGenerationChanged=true
06-13 08:46:34.085 22832 22832 D ViewRootImpl@d87126e[DeliverActivity]: mHardwareRenderer.destroy()#4
06-13 08:46:34.085 22832 22832 D ViewRootImpl@d87126e[DeliverActivity]: dispatchDetachedFromWindow
06-13 08:46:34.096 22832 22832 D InputTransport: Input channel destroyed: fd=70
06-13 08:46:34.097 22832 22832 D LOCATION_SERVICE: onDestroy
06-13 08:46:34.173 22832 22832 D ViewRootImpl@f02f109[MainActivity]: ViewPostImeInputStage processPointer 0
06-13 08:46:34.203 22832 22832 D AbsListView: reportScrollStateChange() newState : 1
06-13 08:46:34.333 22832 22832 D ViewRootImpl@f02f109[MainActivity]: ViewPostImeInputStage processPointer 1
06-13 08:46:34.333 22832 22832 D AbsListView: onTouchUp() mTouchMode : 3
06-13 08:46:34.333 22832 22832 D AbsListView: onTouchUp() TOUCH_MODE_SCROLL initialVelocity : 2535
06-13 08:46:34.333 22832 22832 D AbsListView: reportScrollStateChange() newState : 2
06-13 08:46:34.700 22832 22832 D ViewRootImpl@f02f109[MainActivity]: ViewPostImeInputStage processPointer 0
06-13 08:46:34.763 22832 22832 D ViewRootImpl@f02f109[MainActivity]: ViewPostImeInputStage processPointer 1
06-13 08:46:34.764 22832 22832 D AbsListView: onTouchUp() mTouchMode : 3
06-13 08:46:34.764 22832 22832 D AbsListView: onTouchUp() TOUCH_MODE_SCROLL initialVelocity : 5799
06-13 08:46:35.071 22832 22832 D AbsListView: reportScrollStateChange() newState : 0
06-13 08:46:36.474 22832 22832 D ViewRootImpl@f02f109[MainActivity]: ViewPostImeInputStage processPointer 0
06-13 08:46:36.530 22832 22832 D ViewRootImpl@f02f109[MainActivity]: ViewPostImeInputStage processPointer 1
06-13 08:46:36.549 22832 22832 D item_click: viewId = 2131820756, position = 1
06-13 08:46:36.592 22832 22832 D ViewRootImpl@f02f109[MainActivity]: MSG_WINDOW_FOCUS_CHANGED 0
06-13 08:46:36.710 22832 22832 D ViewRootImpl@ffb754e[DeliverActivity]: ThreadedRenderer.create() translucent=false
06-13 08:46:36.713 22832 22832 D InputTransport: Input channel constructed: fd=70
06-13 08:46:36.713 22832 22832 D ViewRootImpl@ffb754e[DeliverActivity]: setView = DecorView@422e66f[DeliverActivity] touchMode=true
06-13 08:46:36.714 22832 22832 D LOCATION_SERVICE: LocationListener gps
06-13 08:46:36.715 22832 22832 D LOCATION_SERVICE: LocationListener network
06-13 08:46:36.717 22832 22832 D LOCATION_SERVICE: onCreate
06-13 08:46:36.717 22832 22832 D LOCATION_SERVICE: initializeLocationManager
06-13 08:46:36.732 22832 22832 D LOCATION_SERVICE: onStartCommand
06-13 08:46:36.741 22832 22832 D ViewRootImpl@ffb754e[DeliverActivity]: dispatchAttachedToWindow
06-13 08:46:36.776 22832 22832 D ViewRootImpl@ffb754e[DeliverActivity]: Relayout returned: oldFrame=[0,0][0,0] newFrame=[0,0][768,1024] result=0x27 surface={isValid=true -1806297088} surfaceGenerationChanged=true
06-13 08:46:36.776 22832 22832 D ViewRootImpl@ffb754e[DeliverActivity]: mHardwareRenderer.initialize() mSurface={isValid=true -1806297088} hwInitialized=true
06-13 08:46:36.821 22832 22832 D ViewRootImpl@ffb754e[DeliverActivity]: MSG_RESIZED_REPORT: frame=Rect(0, 0 - 768, 1024) ci=Rect(0, 24 - 0, 0) vi=Rect(0, 24 - 0, 0) or=1
06-13 08:46:36.821 22832 22832 D ViewRootImpl@ffb754e[DeliverActivity]: MSG_WINDOW_FOCUS_CHANGED 1
06-13 08:46:36.821 22832 22832 D ViewRootImpl@ffb754e[DeliverActivity]: mHardwareRenderer.initializeIfNeeded()#2 mSurface={isValid=true -1806297088}
06-13 08:46:36.822 22832 22832 V InputMethodManager: Starting input: tba=android.view.inputmethod.EditorInfo@a06e214 nm : cz.gienger.mobile ic=null
06-13 08:46:36.822 22832 22832 I InputMethodManager: startInputInner - mService.startInputOrWindowGainedFocus
06-13 08:46:36.839 22832 22832 D InputTransport: Input channel constructed: fd=71
06-13 08:46:36.839 22832 22832 D InputTransport: Input channel destroyed: fd=64
06-13 08:46:36.862 22832 14490 D FILE_MANAGER: Copying file /data/user/0/cz.gienger.mobile/files/delivery/130AT1180325844/130AT1180325844.pdf to /storage/emulated/0/130AT1180325844.pdf
06-13 08:46:36.885 22832 22878 D OpenGLRenderer: endAllActiveAnimators on 0x94532a80 (RippleDrawable) with handle 0x944d3c00
06-13 08:46:36.886 22832 22832 D ViewRootImpl@f02f109[MainActivity]: mHardwareRenderer.destroy()#1
06-13 08:46:36.892 22832 22832 D ViewRootImpl@f02f109[MainActivity]: Relayout returned: oldFrame=[0,0][768,1024] newFrame=[0,0][768,1024] result=0x5 surface={isValid=false 0} surfaceGenerationChanged=true
06-13 08:46:37.285 22832 22832 D ViewRootImpl@f02f109[MainActivity]: Relayout returned: oldFrame=[0,0][768,1024] newFrame=[0,0][768,1024] result=0x5 surface={isValid=false 0} surfaceGenerationChanged=false
06-13 08:46:37.366 22832 14490 D FILE_MANAGER: copy ok
06-13 08:46:38.024 22832 22832 D ViewRootImpl@ffb754e[DeliverActivity]: ViewPostImeInputStage processPointer 0
06-13 08:46:38.075 22832 22832 D ViewRootImpl@ffb754e[DeliverActivity]: ViewPostImeInputStage processPointer 1
06-13 08:46:39.830 22832 22832 D ViewRootImpl@ffb754e[DeliverActivity]: ViewPostImeInputStage processPointer 0
06-13 08:46:39.899 22832 22832 D ViewRootImpl@ffb754e[DeliverActivity]: ViewPostImeInputStage processPointer 1
06-13 08:46:39.916 22832 22832 D ScrollView: initGoToTop
06-13 08:46:39.963 22832 22832 D ScrollView: onsize change changed
06-13 08:46:40.270 22832 22832 D TextView: SYANI: Clipboard API is calling: clearFilter()
06-13 08:46:40.270 22832 22832 D TextView: SYANI: Clipboard API is calling: unregisterClipboardEventListener()
06-13 08:46:40.273 22832 22832 D TextView: SYANI: Clipboard API is calling: clearFilter()
06-13 08:46:40.273 22832 22832 D TextView: SYANI: Clipboard API is calling: unregisterClipboardEventListener()
06-13 08:46:40.276 22832 22832 D TextView: SYANI: Clipboard API is calling: clearFilter()
06-13 08:46:40.276 22832 22832 D TextView: SYANI: Clipboard API is calling: unregisterClipboardEventListener()
06-13 08:46:40.731 22832 22832 D ViewRootImpl@ffb754e[DeliverActivity]: ViewPostImeInputStage processPointer 0
06-13 08:46:40.789 22832 22832 D ViewRootImpl@ffb754e[DeliverActivity]: ViewPostImeInputStage processPointer 1
06-13 08:46:41.172 22832 22832 D ViewRootImpl@ffb754e[DeliverActivity]: ViewPostImeInputStage processPointer 0
06-13 08:46:41.261 22832 22832 D ViewRootImpl@ffb754e[DeliverActivity]: ViewPostImeInputStage processPointer 1
06-13 08:46:41.274 22832 22832 V InputMethodManager: Starting input: tba=android.view.inputmethod.EditorInfo@21e8959 nm : cz.gienger.mobile ic=com.android.internal.widget.EditableInputConnection@8afc91e
06-13 08:46:41.274 22832 22832 I InputMethodManager: startInputInner - mService.startInputOrWindowGainedFocus
06-13 08:46:41.276 22832 22832 D InputTransport: Input channel constructed: fd=66
06-13 08:46:41.276 22832 22832 D InputTransport: Input channel destroyed: fd=71
06-13 08:46:41.276 22832 22832 D InputMethodManager: SSI - flag : 0 Pid : 22832 view : cz.gienger.mobile
06-13 08:46:41.571 22832 22832 D ViewRootImpl@ffb754e[DeliverActivity]: MSG_RESIZED: frame=Rect(0, 0 - 768, 1024) ci=Rect(0, 24 - 0, 359) vi=Rect(0, 24 - 0, 359) or=1
06-13 08:46:41.598 22832 22832 D ViewRootImpl@ffb754e[DeliverActivity]: Relayout returned: oldFrame=[0,0][768,1024] newFrame=[0,0][768,1024] result=0x1 surface={isValid=true -1806297088} surfaceGenerationChanged=false
06-13 08:46:41.602 22832 22832 D ScrollView: onsize change changed
06-13 08:46:42.835 22832 22832 D ViewRootImpl@ffb754e[DeliverActivity]: ViewPostImeInputStage processPointer 0
06-13 08:46:42.882 22832 22832 D ViewRootImpl@ffb754e[DeliverActivity]: ViewPostImeInputStage processPointer 1
06-13 08:46:42.895 22832 22832 V InputMethodManager: Starting input: tba=android.view.inputmethod.EditorInfo@a01e382 nm : cz.gienger.mobile ic=com.android.internal.widget.EditableInputConnection@eabaa93
06-13 08:46:42.895 22832 22832 I InputMethodManager: startInputInner - mService.startInputOrWindowGainedFocus
06-13 08:46:42.897 22832 22832 D InputTransport: Input channel constructed: fd=64
06-13 08:46:42.897 22832 22832 D InputTransport: Input channel destroyed: fd=66
06-13 08:46:42.897 22832 22832 D InputMethodManager: SSI - flag : 0 Pid : 22832 view : cz.gienger.mobile
06-13 08:46:42.904 22832 22832 W IInputConnectionWrapper: finishComposingText on inactive InputConnection
06-13 08:46:43.691 22832 22832 D ViewRootImpl@ffb754e[DeliverActivity]: ViewPostImeInputStage processPointer 0
06-13 08:46:43.751 22832 22832 D ViewRootImpl@ffb754e[DeliverActivity]: ViewPostImeInputStage processPointer 1
06-13 08:46:43.763 22832 22832 V InputMethodManager: Starting input: tba=android.view.inputmethod.EditorInfo@2dc5cef nm : cz.gienger.mobile ic=com.android.internal.widget.EditableInputConnection@bfe93fc
06-13 08:46:43.764 22832 22832 I InputMethodManager: startInputInner - mService.startInputOrWindowGainedFocus
06-13 08:46:43.768 22832 22832 D InputTransport: Input channel constructed: fd=66
06-13 08:46:43.768 22832 22832 D InputTransport: Input channel destroyed: fd=64
06-13 08:46:43.769 22832 22832 D InputMethodManager: SSI - flag : 0 Pid : 22832 view : cz.gienger.mobile
06-13 08:46:43.773 22832 22832 W IInputConnectionWrapper: finishComposingText on inactive InputConnection
06-13 08:46:44.815 22832 22832 D ViewRootImpl@ffb754e[DeliverActivity]: ViewPostImeInputStage processPointer 0
06-13 08:46:44.878 22832 22832 D ViewRootImpl@ffb754e[DeliverActivity]: ViewPostImeInputStage processPointer 1
06-13 08:46:45.036 22832 22832 D ViewRootImpl@ffb754e[DeliverActivity]: ViewPostImeInputStage processPointer 0
06-13 08:46:45.109 22832 22832 D ViewRootImpl@ffb754e[DeliverActivity]: ViewPostImeInputStage processPointer 1
06-13 08:46:45.524 22832 22832 D ViewRootImpl@ffb754e[DeliverActivity]: ViewPostImeInputStage processPointer 0
06-13 08:46:45.585 22832 22832 D ViewRootImpl@ffb754e[DeliverActivity]: ViewPostImeInputStage processPointer 1
06-13 08:46:45.633 22832 22832 D ScrollView: initGoToTop
06-13 08:46:45.639 22832 22832 D ScrollView: initGoToTop
06-13 08:46:45.648 22832 22832 D ViewRootImpl@dcb5299[DeliverActivity]: ThreadedRenderer.create() translucent=true
06-13 08:46:45.664 22832 22832 D InputTransport: Input channel constructed: fd=64
06-13 08:46:45.664 22832 22832 D ViewRootImpl@dcb5299[DeliverActivity]: setView = DecorView@e12f95e[DeliverActivity] touchMode=true
06-13 08:46:45.666 22832 22832 D Graph : removeVertex() : insertDummyVertex, because there is no ancestor.
06-13 08:46:45.674 22832 22832 D ViewRootImpl@dcb5299[DeliverActivity]: dispatchAttachedToWindow
06-13 08:46:45.706 22832 22832 D ViewRootImpl@dcb5299[DeliverActivity]: Relayout returned: oldFrame=[0,0][0,0] newFrame=[108,466][660,582] result=0x27 surface={isValid=true -1790599168} surfaceGenerationChanged=true
06-13 08:46:45.706 22832 22832 D ViewRootImpl@dcb5299[DeliverActivity]: mHardwareRenderer.initialize() mSurface={isValid=true -1790599168} hwInitialized=true
06-13 08:46:45.712 22832 22832 D ViewRootImpl@dcb5299[DeliverActivity]: MSG_WINDOW_FOCUS_CHANGED 1
06-13 08:46:45.712 22832 22832 D ViewRootImpl@dcb5299[DeliverActivity]: mHardwareRenderer.initializeIfNeeded()#2 mSurface={isValid=true -1790599168}
06-13 08:46:45.727 22832 22832 D ViewRootImpl@dcb5299[DeliverActivity]: MSG_RESIZED_REPORT: frame=Rect(108, 466 - 660, 582) ci=Rect(0, 0 - 0, 0) vi=Rect(0, 0 - 0, 0) or=1
06-13 08:46:45.758 22832 22832 D ViewRootImpl@ffb754e[DeliverActivity]: MSG_WINDOW_FOCUS_CHANGED 0
06-13 08:46:45.912 22832 22845 I art : Background partial concurrent mark sweep GC freed 42496(1972KB) AllocSpace objects, 6(2036KB) LOS objects, 47% free, 13MB/25MB, paused 1.848ms total 109.288ms
06-13 08:46:46.862 22832 22845 I art : Background sticky concurrent mark sweep GC freed 415976(12MB) AllocSpace objects, 2(56KB) LOS objects, 43% free, 14MB/25MB, paused 1.160ms total 101.279ms
06-13 08:46:47.599 22832 22845 I art : Background partial concurrent mark sweep GC freed 323253(10MB) AllocSpace objects, 17(548KB) LOS objects, 42% free, 16MB/28MB, paused 1.091ms total 145.809ms
06-13 08:46:48.243 22832 22832 D ViewRootImpl@dcb5299[DeliverActivity]: mHardwareRenderer.destroy()#4
06-13 08:46:48.243 22832 22832 D ViewRootImpl@dcb5299[DeliverActivity]: dispatchDetachedFromWindow
06-13 08:46:48.263 22832 22832 D InputTransport: Input channel destroyed: fd=64
06-13 08:46:48.264 22832 22832 D SIGN_URI: file:///storage/emulated/0/130AT1180325844.pdf
06-13 08:46:48.301 22832 22832 D ViewRootImpl@ffb754e[DeliverActivity]: MSG_WINDOW_FOCUS_CHANGED 1
06-13 08:46:48.301 22832 22832 D ViewRootImpl@ffb754e[DeliverActivity]: mHardwareRenderer.initializeIfNeeded()#2 mSurface={isValid=true -1806297088}
06-13 08:46:48.313 22832 22832 E ViewRootImpl: sendUserActionEvent() returned.
06-13 08:46:48.313 22832 22832 D ViewRootImpl@ffb754e[DeliverActivity]: MSG_WINDOW_FOCUS_CHANGED 0
