--------- beginning of main
06-13 08:31:52.488 22832 22832 D ViewRootImpl@2695b53[CartActivity]: ViewPostImeInputStage processPointer 0
06-13 08:31:52.544 22832 22832 D AbsListView: reportScrollStateChange() newState : 1
06-13 08:31:53.901 22832 22832 D ViewRootImpl@2695b53[CartActivity]: ViewPostImeInputStage processPointer 1
06-13 08:31:53.901 22832 22832 D AbsListView: onTouchUp() mTouchMode : 3
06-13 08:31:53.901 22832 22832 D AbsListView: onTouchUp() TOUCH_MODE_SCROLL initialVelocity : -422
06-13 08:31:53.901 22832 22832 D AbsListView: reportScrollStateChange() newState : 2
06-13 08:31:54.215 22832 22832 D AbsListView: reportScrollStateChange() newState : 0
06-13 08:31:55.718 22832 22832 D ViewRootImpl@2695b53[CartActivity]: ViewPostImeInputStage processPointer 0
06-13 08:31:55.765 22832 22832 D AbsListView: reportScrollStateChange() newState : 1
06-13 08:31:56.105 22832 22832 D ViewRootImpl@2695b53[CartActivity]: ViewPostImeInputStage processPointer 1
06-13 08:31:56.106 22832 22832 D AbsListView: onTouchUp() mTouchMode : 3
06-13 08:31:56.106 22832 22832 D AbsListView: onTouchUp() TOUCH_MODE_SCROLL initialVelocity : 0
06-13 08:31:56.106 22832 22832 D AbsListView: reportScrollStateChange() newState : 0
06-13 08:31:56.579 22832 22832 D ViewRootImpl@2695b53[CartActivity]: ViewPostImeInputStage processPointer 0
06-13 08:31:56.660 22832 22832 D ViewRootImpl@2695b53[CartActivity]: ViewPostImeInputStage processPointer 1
06-13 08:31:56.673 22832 22832 D View : requestFocusFromTouch
06-13 08:31:56.696 22832 22832 D ScrollView: initGoToTop
06-13 08:31:56.700 22832 22832 D ScrollView: initGoToTop
06-13 08:31:56.708 22832 22832 D ViewRootImpl@6574f8b[CartActivity]: ThreadedRenderer.create() translucent=true
06-13 08:31:56.715 22832 22832 D InputTransport: Input channel constructed: fd=67
06-13 08:31:56.715 22832 22832 D ViewRootImpl@6574f8b[CartActivity]: setView = DecorView@deb6868[CartActivity] touchMode=false
06-13 08:31:56.717 22832 22832 V InputMethodManager: Starting input: tba=android.view.inputmethod.EditorInfo@f7b5481 nm : cz.gienger.mobile ic=null
06-13 08:31:56.717 22832 22832 I InputMethodManager: startInputInner - mService.startInputOrWindowGainedFocus
06-13 08:31:56.719 22832 22832 D InputTransport: Input channel constructed: fd=68
06-13 08:31:56.719 22832 22832 D InputTransport: Input channel destroyed: fd=66
06-13 08:31:56.722 22832 22832 D ViewRootImpl@6574f8b[CartActivity]: dispatchAttachedToWindow
06-13 08:31:56.763 22832 22832 D ViewRootImpl@6574f8b[CartActivity]: Relayout returned: oldFrame=[0,0][0,0] newFrame=[108,450][660,597] result=0x26 surface={isValid=true -1798692864} surfaceGenerationChanged=true
06-13 08:31:56.763 22832 22832 D ViewRootImpl@6574f8b[CartActivity]: mHardwareRenderer.initialize() mSurface={isValid=true -1798692864} hwInitialized=true
06-13 08:31:56.766 22832 22832 D ScrollView: onsize change changed
06-13 08:31:56.766 22832 22832 D ScrollView: onsize change changed
06-13 08:31:56.767 22832 22832 D ViewRootImpl@6574f8b[CartActivity]: MSG_WINDOW_FOCUS_CHANGED 1
06-13 08:31:56.767 22832 22832 D ViewRootImpl@6574f8b[CartActivity]: mHardwareRenderer.initializeIfNeeded()#2 mSurface={isValid=true -1798692864}
06-13 08:31:56.768 22832 22832 V InputMethodManager: Not IME target window, ignoring
06-13 08:31:56.784 22832 22832 W IInputConnectionWrapper: finishComposingText on inactive InputConnection
06-13 08:31:56.784 22832 22832 D ViewRootImpl@6574f8b[CartActivity]: MSG_RESIZED_REPORT: frame=Rect(108, 450 - 660, 597) ci=Rect(0, 0 - 0, 0) vi=Rect(0, 0 - 0, 0) or=1
06-13 08:31:56.817 22832 22832 D ViewRootImpl@2695b53[CartActivity]: MSG_WINDOW_FOCUS_CHANGED 0
06-13 08:31:57.529 22832 22832 D ViewRootImpl@6574f8b[CartActivity]: ViewPostImeInputStage processPointer 0
06-13 08:31:57.599 22832 22832 D ViewRootImpl@6574f8b[CartActivity]: ViewPostImeInputStage processPointer 1
06-13 08:31:57.628 22832 22832 D ScrollView: initGoToTop
06-13 08:31:57.632 22832 22832 D ScrollView: initGoToTop
06-13 08:31:57.640 22832 22832 D ViewRootImpl@a24d4ba[CartActivity]: ThreadedRenderer.create() translucent=true
06-13 08:31:57.647 22832 22832 D InputTransport: Input channel constructed: fd=88
06-13 08:31:57.647 22832 22832 D ViewRootImpl@a24d4ba[CartActivity]: setView = DecorView@c5b6f6b[CartActivity] touchMode=true
06-13 08:31:57.657 22832 22878 D OpenGLRenderer: endAllActiveAnimators on 0x919a2180 (RippleDrawable) with handle 0x91f66be0
06-13 08:31:57.657 22832 22832 D ViewRootImpl@6574f8b[CartActivity]: mHardwareRenderer.destroy()#4
06-13 08:31:57.657 22832 22832 D ViewRootImpl@6574f8b[CartActivity]: dispatchDetachedFromWindow
06-13 08:31:57.675 22832 22832 D InputTransport: Input channel destroyed: fd=67
06-13 08:31:57.677 22832 22832 D ViewRootImpl@a24d4ba[CartActivity]: dispatchAttachedToWindow
06-13 08:31:57.721 22832 22832 D ViewRootImpl@a24d4ba[CartActivity]: Relayout returned: oldFrame=[0,0][0,0] newFrame=[108,466][660,582] result=0x27 surface={isValid=true -1848735744} surfaceGenerationChanged=true
06-13 08:31:57.722 22832 22832 D ViewRootImpl@a24d4ba[CartActivity]: mHardwareRenderer.initialize() mSurface={isValid=true -1848735744} hwInitialized=true
06-13 08:31:57.729 22832 22832 D ViewRootImpl@a24d4ba[CartActivity]: MSG_WINDOW_FOCUS_CHANGED 1
06-13 08:31:57.729 22832 22832 D ViewRootImpl@a24d4ba[CartActivity]: mHardwareRenderer.initializeIfNeeded()#2 mSurface={isValid=true -1848735744}
06-13 08:31:57.746 22832 22832 D ViewRootImpl@a24d4ba[CartActivity]: MSG_RESIZED_REPORT: frame=Rect(108, 466 - 660, 582) ci=Rect(0, 0 - 0, 0) vi=Rect(0, 0 - 0, 0) or=1
06-13 08:31:57.772 22832 22832 E ViewRootImpl: sendUserActionEvent() returned.
06-13 08:31:58.765 22832 22845 I art : Background sticky concurrent mark sweep GC freed 408294(11MB) AllocSpace objects, 6(1056KB) LOS objects, 15% free, 19MB/23MB, paused 2.848ms total 106.207ms
06-13 08:31:59.489 22832 22845 I art : Background partial concurrent mark sweep GC freed 284054(8MB) AllocSpace objects, 3(108KB) LOS objects, 41% free, 16MB/28MB, paused 1.026ms total 141.029ms
06-13 08:32:01.004 22832 22832 D ViewRootImpl@a24d4ba[CartActivity]: mHardwareRenderer.destroy()#4
06-13 08:32:01.004 22832 22832 D ViewRootImpl@a24d4ba[CartActivity]: dispatchDetachedFromWindow
06-13 08:32:01.019 22832 22832 D InputTransport: Input channel destroyed: fd=88
06-13 08:32:01.059 22832 22832 D ViewRootImpl@2695b53[CartActivity]: MSG_WINDOW_FOCUS_CHANGED 1
06-13 08:32:01.060 22832 22832 V InputMethodManager: Not IME target window, ignoring
06-13 08:32:01.060 22832 22832 D ViewRootImpl@2695b53[CartActivity]: mHardwareRenderer.initializeIfNeeded()#2 mSurface={isValid=true -1842149376}
06-13 08:32:01.075 22832 22832 V InputMethodManager: Starting input: tba=android.view.inputmethod.EditorInfo@14e159c nm : cz.gienger.mobile ic=null
06-13 08:32:01.075 22832 22832 I InputMethodManager: startInputInner - mService.startInputOrWindowGainedFocus
06-13 08:32:01.076 22832 22832 D InputTransport: Input channel constructed: fd=66
06-13 08:32:01.076 22832 22832 D InputTransport: Input channel destroyed: fd=68
06-13 08:32:01.076 22832 22832 E ViewRootImpl: sendUserActionEvent() returned.
06-13 08:32:01.076 22832 22832 D ViewRootImpl@2695b53[CartActivity]: MSG_WINDOW_FOCUS_CHANGED 0
06-13 08:32:02.035 22832 22832 D ViewRootImpl@2695b53[CartActivity]: mHardwareRenderer.destroy()#1
06-13 08:32:02.065 22832 22832 D ViewRootImpl@2695b53[CartActivity]: Relayout returned: oldFrame=[0,0][768,1024] newFrame=[0,0][768,1024] result=0x5 surface={isValid=false 0} surfaceGenerationChanged=true
06-13 08:32:02.066 22832 22832 D InputTransport: Input channel destroyed: fd=66
06-13 08:32:02.456 22832 22832 D ViewRootImpl@2695b53[CartActivity]: Relayout returned: oldFrame=[0,0][768,1024] newFrame=[0,0][768,1024] result=0x5 surface={isValid=false 0} surfaceGenerationChanged=false
06-13 08:33:45.888 22832 22832 D Graph : removeVertex() : insertDummyVertex, because there is no ancestor.
06-13 08:33:45.929 22832 22832 D ViewRootImpl@1fd8eda[PdfArchiveActivity]: ThreadedRenderer.create() translucent=true
06-13 08:33:45.932 22832 22832 D InputTransport: Input channel constructed: fd=61
06-13 08:33:45.932 22832 22832 D ViewRootImpl@1fd8eda[PdfArchiveActivity]: setView = DecorView@1186f0b[PdfArchiveActivity] touchMode=true
06-13 08:33:45.944 22832 22832 D ViewRootImpl@1fd8eda[PdfArchiveActivity]: dispatchAttachedToWindow
06-13 08:33:45.969 22832 22832 D ViewRootImpl@1fd8eda[PdfArchiveActivity]: Relayout returned: oldFrame=[0,0][0,0] newFrame=[241,456][527,568] result=0x27 surface={isValid=true -1821523968} surfaceGenerationChanged=true
06-13 08:33:45.970 22832 22832 D ViewRootImpl@1fd8eda[PdfArchiveActivity]: mHardwareRenderer.initialize() mSurface={isValid=true -1821523968} hwInitialized=true
06-13 08:33:45.973 22832 22832 D ViewRootImpl@1fd8eda[PdfArchiveActivity]: MSG_RESIZED_REPORT: frame=Rect(241, 456 - 527, 568) ci=Rect(0, 0 - 0, 0) vi=Rect(0, 0 - 0, 0) or=1
06-13 08:33:45.973 22832 22832 D ViewRootImpl@1fd8eda[PdfArchiveActivity]: MSG_WINDOW_FOCUS_CHANGED 1
06-13 08:33:45.974 22832 22832 D ViewRootImpl@1fd8eda[PdfArchiveActivity]: mHardwareRenderer.initializeIfNeeded()#2 mSurface={isValid=true -1821523968}
06-13 08:33:45.974 22832 22832 V InputMethodManager: Starting input: tba=android.view.inputmethod.EditorInfo@6bed1e8 nm : cz.gienger.mobile ic=null
06-13 08:33:45.974 22832 22832 I InputMethodManager: startInputInner - mService.startInputOrWindowGainedFocus
06-13 08:33:45.976 22832 22832 D InputTransport: Input channel constructed: fd=66
06-13 08:33:47.027 22832 22832 D ViewRootImpl@1fd8eda[PdfArchiveActivity]: mHardwareRenderer.destroy()#1
06-13 08:33:47.043 22832 22832 D ViewRootImpl@1fd8eda[PdfArchiveActivity]: Relayout returned: oldFrame=[241,456][527,568] newFrame=[241,456][527,568] result=0x5 surface={isValid=false 0} surfaceGenerationChanged=true
06-13 08:33:47.044 22832 22832 D ViewRootImpl@1fd8eda[PdfArchiveActivity]: MSG_WINDOW_FOCUS_CHANGED 0
06-13 08:33:47.045 22832 22832 D ViewRootImpl@2695b53[CartActivity]: mHardwareRenderer.destroy()#1
06-13 08:33:47.061 22832 22832 D ViewRootImpl@2695b53[CartActivity]: Relayout returned: oldFrame=[0,0][768,1024] newFrame=[0,0][768,1024] result=0x1 surface={isValid=false 0} surfaceGenerationChanged=false
06-13 08:33:47.211 22832 22832 D ViewRootImpl@2695b53[CartActivity]: Relayout returned: oldFrame=[0,0][768,1024] newFrame=[0,0][768,1024] result=0x7 surface={isValid=true -1821523968} surfaceGenerationChanged=true
06-13 08:33:47.212 22832 22832 D ViewRootImpl@2695b53[CartActivity]: mHardwareRenderer.initialize() mSurface={isValid=true -1821523968} hwInitialized=true
06-13 08:33:47.222 22832 22832 D AbsListView: in onLayout changed
06-13 08:33:47.224 22832 22832 D InputTransport: Input channel destroyed: fd=66
06-13 08:33:47.241 22832 22832 D ViewRootImpl@eaf84a9[CategoryListActivity]: mHardwareRenderer.destroy()#4
06-13 08:33:47.241 22832 22832 D ViewRootImpl@eaf84a9[CategoryListActivity]: dispatchDetachedFromWindow
06-13 08:33:47.250 22832 22832 D InputTransport: Input channel destroyed: fd=63
06-13 08:33:47.251 22832 12796 D MYINTERCEPTOR: /GiengerService.svc/uploadfinishedorder
06-13 08:33:47.252 22832 12796 D OkHttp : --> POST https://testsaig1.gienger.cz/GiengerService.svc/uploadfinishedorder http/1.1
06-13 08:33:47.252 22832 12796 D OkHttp : Content-Type: text/raw
06-13 08:33:47.252 22832 12796 D OkHttp : Content-Length: 137059
06-13 08:33:47.252 22832 12796 D OkHttp : filename: e9e69a85-9cde-4a1a-b6d3-62f7b4eeb98e.xml
06-13 08:33:47.252 22832 12796 D OkHttp : Checksum: f65e1596404dfd394903600b17ccd85b
06-13 08:33:47.252 22832 12796 D OkHttp : token: 129e4d327aefdfee26f71a370bd1fd66
06-13 08:33:47.252 22832 12796 D OkHttp : state: CZ
06-13 08:33:47.252 22832 12796 D OkHttp : --> END POST
06-13 08:33:47.274 22832 22832 D ViewRootImpl@cf6ee2d[ArticleListActivity]: mHardwareRenderer.destroy()#4
06-13 08:33:47.274 22832 22832 D ViewRootImpl@cf6ee2d[ArticleListActivity]: dispatchDetachedFromWindow
06-13 08:33:47.284 22832 22832 D InputTransport: Input channel destroyed: fd=70
06-13 08:33:47.326 22832 22832 D LOCATION_SERVICE: onDestroy
06-13 08:33:47.615 22832 22832 D ViewRootImpl@f02f109[MainActivity]: Relayout returned: oldFrame=[0,0][768,1024] newFrame=[0,0][768,1024] result=0x7 surface={isValid=true -1801455616} surfaceGenerationChanged=true
06-13 08:33:47.615 22832 22832 D ViewRootImpl@f02f109[MainActivity]: mHardwareRenderer.initialize() mSurface={isValid=true -1801455616} hwInitialized=true
06-13 08:33:47.691 22832 22832 D AbsListView: in onLayout changed
06-13 08:33:47.715 22832 22832 D ViewRootImpl@f02f109[MainActivity]: MSG_WINDOW_FOCUS_CHANGED 1
06-13 08:33:47.715 22832 22832 D ViewRootImpl@f02f109[MainActivity]: mHardwareRenderer.initializeIfNeeded()#2 mSurface={isValid=true -1801455616}
06-13 08:33:47.717 22832 22832 V InputMethodManager: Starting input: tba=android.view.inputmethod.EditorInfo@9ec7c5a nm : cz.gienger.mobile ic=null
06-13 08:33:47.717 22832 22832 I InputMethodManager: startInputInner - mService.startInputOrWindowGainedFocus
06-13 08:33:47.737 22832 22832 D InputTransport: Input channel constructed: fd=73
06-13 08:33:47.768 22832 22832 D ViewRootImpl@2695b53[CartActivity]: mHardwareRenderer.destroy()#1
06-13 08:33:47.791 22832 22832 D ViewRootImpl@2695b53[CartActivity]: Relayout returned: oldFrame=[0,0][768,1024] newFrame=[0,0][768,1024] result=0x5 surface={isValid=false 0} surfaceGenerationChanged=true
06-13 08:33:47.811 22832 22832 D ViewRootImpl@1fd8eda[PdfArchiveActivity]: mHardwareRenderer.destroy()#4
06-13 08:33:47.811 22832 22832 D ViewRootImpl@1fd8eda[PdfArchiveActivity]: dispatchDetachedFromWindow
06-13 08:33:47.820 22832 22832 D InputTransport: Input channel destroyed: fd=61
06-13 08:33:47.899 22832 12796 D OkHttp : <-- 200 https://testsaig1.gienger.cz/GiengerService.svc/uploadfinishedorder (646ms)
06-13 08:33:47.899 22832 12796 D OkHttp : content-type: application/xml; charset=utf-8
06-13 08:33:47.900 22832 12796 D OkHttp : server: Microsoft-IIS/10.0
06-13 08:33:47.900 22832 12796 D OkHttp : x-powered-by: ASP.NET
06-13 08:33:47.900 22832 12796 D OkHttp : date: Thu, 13 Jun 2019 06:33:47 GMT
06-13 08:33:47.900 22832 12796 D OkHttp : content-length: 175
06-13 08:33:47.900 22832 12796 D OkHttp : <-- END HTTP
06-13 08:33:48.149 22832 22832 D TextView: SYANI: Clipboard API is calling: clearFilter()
06-13 08:33:48.149 22832 22832 D TextView: SYANI: Clipboard API is calling: unregisterClipboardEventListener()
06-13 08:33:48.150 22832 22832 D TextView: SYANI: Clipboard API is calling: clearFilter()
06-13 08:33:48.151 22832 22832 D TextView: SYANI: Clipboard API is calling: unregisterClipboardEventListener()
06-13 08:33:48.151 22832 22832 D TextView: SYANI: Clipboard API is calling: clearFilter()
06-13 08:33:48.151 22832 22832 D TextView: SYANI: Clipboard API is calling: unregisterClipboardEventListener()
06-13 08:33:48.156 22832 22832 D TextView: SYANI: Clipboard API is calling: clearFilter()
06-13 08:33:48.156 22832 22832 D TextView: SYANI: Clipboard API is calling: unregisterClipboardEventListener()
06-13 08:33:48.157 22832 22832 D TextView: SYANI: Clipboard API is calling: clearFilter()
06-13 08:33:48.157 22832 22832 D TextView: SYANI: Clipboard API is calling: unregisterClipboardEventListener()
06-13 08:33:48.158 22832 22832 D TextView: SYANI: Clipboard API is calling: clearFilter()
06-13 08:33:48.158 22832 22832 D TextView: SYANI: Clipboard API is calling: unregisterClipboardEventListener()
06-13 08:33:48.159 22832 22832 D TextView: SYANI: Clipboard API is calling: clearFilter()
06-13 08:33:48.159 22832 22832 D TextView: SYANI: Clipboard API is calling: unregisterClipboardEventListener()
06-13 08:33:48.161 22832 22832 D TextView: SYANI: Clipboard API is calling: clearFilter()
06-13 08:33:48.161 22832 22832 D TextView: SYANI: Clipboard API is calling: unregisterClipboardEventListener()
06-13 08:33:48.162 22832 22832 D TextView: SYANI: Clipboard API is calling: clearFilter()
06-13 08:33:48.162 22832 22832 D TextView: SYANI: Clipboard API is calling: unregisterClipboardEventListener()
06-13 08:33:48.163 22832 22832 D TextView: SYANI: Clipboard API is calling: clearFilter()
06-13 08:33:48.163 22832 22832 D TextView: SYANI: Clipboard API is calling: unregisterClipboardEventListener()
06-13 08:33:48.164 22832 22832 D TextView: SYANI: Clipboard API is calling: clearFilter()
06-13 08:33:48.164 22832 22832 D TextView: SYANI: Clipboard API is calling: unregisterClipboardEventListener()
06-13 08:33:48.169 22832 22832 D ViewRootImpl@2695b53[CartActivity]: mHardwareRenderer.destroy()#4
06-13 08:33:48.170 22832 22832 D ViewRootImpl@2695b53[CartActivity]: dispatchDetachedFromWindow
06-13 08:33:48.178 22832 22832 D InputTransport: Input channel destroyed: fd=64
06-13 08:33:49.912 22832 22832 D ViewRootImpl@f02f109[MainActivity]: ViewPostImeInputStage processPointer 0
06-13 08:33:49.957 22832 22832 D AbsListView: reportScrollStateChange() newState : 1
06-13 08:33:50.309 22832 22832 D ViewRootImpl@f02f109[MainActivity]: ViewPostImeInputStage processPointer 1
06-13 08:33:50.309 22832 22832 D AbsListView: onTouchUp() mTouchMode : 3
06-13 08:33:50.310 22832 22832 D AbsListView: onTouchUp() TOUCH_MODE_SCROLL initialVelocity : -102
06-13 08:33:50.310 22832 22832 D AbsListView: reportScrollStateChange() newState : 2
06-13 08:33:50.439 22832 22832 D AbsListView: reportScrollStateChange() newState : 0
06-13 08:33:51.890 22832 22832 D ViewRootImpl@f02f109[MainActivity]: ViewPostImeInputStage processPointer 0
06-13 08:33:51.942 22832 22832 D AbsListView: reportScrollStateChange() newState : 1
06-13 08:33:52.245 22832 22832 D ViewRootImpl@f02f109[MainActivity]: ViewPostImeInputStage processPointer 1
06-13 08:33:52.245 22832 22832 D AbsListView: onTouchUp() mTouchMode : 3
06-13 08:33:52.245 22832 22832 D AbsListView: onTouchUp() TOUCH_MODE_SCROLL initialVelocity : -859
06-13 08:33:52.245 22832 22832 D AbsListView: reportScrollStateChange() newState : 2
06-13 08:33:52.760 22832 22832 D AbsListView: reportScrollStateChange() newState : 0
06-13 08:33:52.829 22832 22832 D ViewRootImpl@f02f109[MainActivity]: ViewPostImeInputStage processPointer 0
06-13 08:33:52.861 22832 22832 D AbsListView: reportScrollStateChange() newState : 1
06-13 08:33:53.264 22832 22832 D ViewRootImpl@f02f109[MainActivity]: ViewPostImeInputStage processPointer 1
06-13 08:33:53.265 22832 22832 D AbsListView: onTouchUp() mTouchMode : 3
06-13 08:33:53.265 22832 22832 D AbsListView: onTouchUp() TOUCH_MODE_SCROLL initialVelocity : -9
06-13 08:33:53.265 22832 22832 D AbsListView: reportScrollStateChange() newState : 0
06-13 08:33:54.439 22832 22832 D ViewRootImpl@f02f109[MainActivity]: ViewPostImeInputStage processPointer 0
06-13 08:33:54.506 22832 22832 D ViewRootImpl@f02f109[MainActivity]: ViewPostImeInputStage processPointer 1
06-13 08:33:54.522 22832 22832 D item_click: viewId = 2131820756, position = 7
06-13 08:33:54.568 22832 22832 D ViewRootImpl@f02f109[MainActivity]: MSG_WINDOW_FOCUS_CHANGED 0
06-13 08:33:54.674 22832 22832 D ViewRootImpl@9de503b[DeliverActivity]: ThreadedRenderer.create() translucent=false
06-13 08:33:54.677 22832 22832 D InputTransport: Input channel constructed: fd=64
06-13 08:33:54.677 22832 22832 D ViewRootImpl@9de503b[DeliverActivity]: setView = DecorView@8bc5358[DeliverActivity] touchMode=true
06-13 08:33:54.680 22832 22832 D LOCATION_SERVICE: LocationListener gps
06-13 08:33:54.681 22832 22832 D LOCATION_SERVICE: LocationListener network
06-13 08:33:54.682 22832 22832 D LOCATION_SERVICE: onCreate
06-13 08:33:54.682 22832 22832 D LOCATION_SERVICE: initializeLocationManager
06-13 08:33:54.697 22832 22832 D LOCATION_SERVICE: onStartCommand
06-13 08:33:54.709 22832 22832 D ViewRootImpl@9de503b[DeliverActivity]: dispatchAttachedToWindow
06-13 08:33:54.746 22832 22832 D ViewRootImpl@9de503b[DeliverActivity]: Relayout returned: oldFrame=[0,0][0,0] newFrame=[0,0][768,1024] result=0x27 surface={isValid=true -1846095872} surfaceGenerationChanged=true
06-13 08:33:54.746 22832 22832 D ViewRootImpl@9de503b[DeliverActivity]: mHardwareRenderer.initialize() mSurface={isValid=true -1846095872} hwInitialized=true
06-13 08:33:54.777 22832 22832 D ViewRootImpl@9de503b[DeliverActivity]: MSG_RESIZED_REPORT: frame=Rect(0, 0 - 768, 1024) ci=Rect(0, 24 - 0, 0) vi=Rect(0, 24 - 0, 0) or=1
06-13 08:33:54.777 22832 22832 D ViewRootImpl@9de503b[DeliverActivity]: MSG_WINDOW_FOCUS_CHANGED 1
06-13 08:33:54.777 22832 22832 D ViewRootImpl@9de503b[DeliverActivity]: mHardwareRenderer.initializeIfNeeded()#2 mSurface={isValid=true -1846095872}
06-13 08:33:54.778 22832 22832 V InputMethodManager: Starting input: tba=android.view.inputmethod.EditorInfo@5bd10e9 nm : cz.gienger.mobile ic=null
06-13 08:33:54.779 22832 22832 I InputMethodManager: startInputInner - mService.startInputOrWindowGainedFocus
06-13 08:33:54.793 22832 22832 D InputTransport: Input channel constructed: fd=66
06-13 08:33:54.793 22832 22832 D InputTransport: Input channel destroyed: fd=73
06-13 08:33:54.827 22832 12793 D FILE_MANAGER: Copying file /data/user/0/cz.gienger.mobile/files/delivery/130AT1183508450/130AT1183508450.pdf to /storage/emulated/0/130AT1183508450.pdf
06-13 08:33:54.843 22832 22878 D OpenGLRenderer: endAllActiveAnimators on 0x919d4580 (RippleDrawable) with handle 0x922b8240
06-13 08:33:54.843 22832 22832 D ViewRootImpl@f02f109[MainActivity]: mHardwareRenderer.destroy()#1
06-13 08:33:54.855 22832 22832 D ViewRootImpl@f02f109[MainActivity]: Relayout returned: oldFrame=[0,0][768,1024] newFrame=[0,0][768,1024] result=0x5 surface={isValid=false 0} surfaceGenerationChanged=true
06-13 08:33:55.241 22832 22832 D ViewRootImpl@f02f109[MainActivity]: Relayout returned: oldFrame=[0,0][768,1024] newFrame=[0,0][768,1024] result=0x5 surface={isValid=false 0} surfaceGenerationChanged=false
06-13 08:33:55.330 22832 12793 D FILE_MANAGER: copy ok
06-13 08:33:55.451 22832 22832 D LOCATION_SERVICE: onLocationChanged: Location[network 49,191243,17,534641 acc=21 et=+18h48m28s380ms alt=0.0 vel=0.0 bear=0.0 {Bundle[mParcelledData.dataSize=80]}]
06-13 08:33:59.260 22832 22832 D ViewRootImpl@9de503b[DeliverActivity]: ViewPostImeInputStage processPointer 0
06-13 08:33:59.317 22832 22832 D ViewRootImpl@9de503b[DeliverActivity]: ViewPostImeInputStage processPointer 1
06-13 08:34:00.749 22832 22832 D ViewRootImpl@9de503b[DeliverActivity]: ViewPostImeInputStage processPointer 0
06-13 08:34:00.829 22832 22832 D ViewRootImpl@9de503b[DeliverActivity]: ViewPostImeInputStage processPointer 1
06-13 08:34:00.840 22832 22832 V InputMethodManager: Starting input: tba=android.view.inputmethod.EditorInfo@b642c5f nm : cz.gienger.mobile ic=com.android.internal.widget.EditableInputConnection@fa606ac
06-13 08:34:00.840 22832 22832 I InputMethodManager: startInputInner - mService.startInputOrWindowGainedFocus
06-13 08:34:00.842 22832 22832 D InputTransport: Input channel constructed: fd=71
06-13 08:34:00.842 22832 22832 D InputTransport: Input channel destroyed: fd=66
06-13 08:34:00.842 22832 22832 D InputMethodManager: SSI - flag : 0 Pid : 22832 view : cz.gienger.mobile
06-13 08:34:01.148 22832 22832 D ViewRootImpl@9de503b[DeliverActivity]: MSG_RESIZED: frame=Rect(0, 0 - 768, 1024) ci=Rect(0, 24 - 0, 359) vi=Rect(0, 24 - 0, 359) or=1
06-13 08:34:01.172 22832 22832 D ViewRootImpl@9de503b[DeliverActivity]: Relayout returned: oldFrame=[0,0][768,1024] newFrame=[0,0][768,1024] result=0x1 surface={isValid=true -1846095872} surfaceGenerationChanged=false
06-13 08:34:03.325 22832 22832 D ViewRootImpl@9de503b[DeliverActivity]: ViewPostImeInputStage processPointer 0
06-13 08:34:03.384 22832 22832 D ViewRootImpl@9de503b[DeliverActivity]: ViewPostImeInputStage processPointer 1
06-13 08:34:03.405 22832 22832 D ScrollView: initGoToTop
06-13 08:34:03.443 22832 22832 D ScrollView: onsize change changed
06-13 08:34:03.756 22832 22832 D TextView: SYANI: Clipboard API is calling: clearFilter()
06-13 08:34:03.756 22832 22832 D TextView: SYANI: Clipboard API is calling: unregisterClipboardEventListener()
06-13 08:34:03.758 22832 22832 D TextView: SYANI: Clipboard API is calling: clearFilter()
06-13 08:34:03.758 22832 22832 D TextView: SYANI: Clipboard API is calling: unregisterClipboardEventListener()
06-13 08:34:03.759 22832 22832 D TextView: SYANI: Clipboard API is calling: clearFilter()
06-13 08:34:03.759 22832 22832 D TextView: SYANI: Clipboard API is calling: unregisterClipboardEventListener()
06-13 08:34:05.674 22832 22832 D ViewRootImpl@9de503b[DeliverActivity]: ViewPostImeInputStage processPointer 0
06-13 08:34:05.743 22832 22832 D ViewRootImpl@9de503b[DeliverActivity]: ViewPostImeInputStage processPointer 1
06-13 08:34:06.489 22832 22832 D ViewRootImpl@9de503b[DeliverActivity]: ViewPostImeInputStage processPointer 0
06-13 08:34:06.547 22832 22832 D ViewRootImpl@9de503b[DeliverActivity]: ViewPostImeInputStage processPointer 1
06-13 08:34:06.558 22832 22832 V InputMethodManager: Starting input: tba=android.view.inputmethod.EditorInfo@aa75a43 nm : cz.gienger.mobile ic=com.android.internal.widget.EditableInputConnection@99408c0
06-13 08:34:06.558 22832 22832 I InputMethodManager: startInputInner - mService.startInputOrWindowGainedFocus
06-13 08:34:06.559 22832 22832 D InputTransport: Input channel constructed: fd=66
06-13 08:34:06.559 22832 22832 D InputTransport: Input channel destroyed: fd=71
06-13 08:34:06.560 22832 22832 D InputMethodManager: SSI - flag : 0 Pid : 22832 view : cz.gienger.mobile
06-13 08:34:06.566 22832 22832 W IInputConnectionWrapper: finishComposingText on inactive InputConnection
06-13 08:34:13.386 22832 22832 D ViewRootImpl@9de503b[DeliverActivity]: ViewPostImeInputStage processPointer 0
06-13 08:34:13.468 22832 22832 D ViewRootImpl@9de503b[DeliverActivity]: ViewPostImeInputStage processPointer 1
06-13 08:34:13.480 22832 22832 V InputMethodManager: Starting input: tba=android.view.inputmethod.EditorInfo@714df4a nm : cz.gienger.mobile ic=com.android.internal.widget.EditableInputConnection@d27cebb
06-13 08:34:13.480 22832 22832 I InputMethodManager: startInputInner - mService.startInputOrWindowGainedFocus
06-13 08:34:13.483 22832 22832 D InputTransport: Input channel constructed: fd=71
06-13 08:34:13.484 22832 22832 D InputTransport: Input channel destroyed: fd=66
06-13 08:34:13.484 22832 22832 D InputMethodManager: SSI - flag : 0 Pid : 22832 view : cz.gienger.mobile
06-13 08:34:13.488 22832 22832 W IInputConnectionWrapper: finishComposingText on inactive InputConnection
06-13 08:34:43.127 22832 22832 D ViewRootImpl@9de503b[DeliverActivity]: ViewPostImeInputStage processPointer 0
06-13 08:34:43.222 22832 22832 D ViewRootImpl@9de503b[DeliverActivity]: ViewPostImeInputStage processPointer 1
06-13 08:34:43.235 22832 22832 V InputMethodManager: Starting input: tba=android.view.inputmethod.EditorInfo@7fa9b97 nm : cz.gienger.mobile ic=com.android.internal.widget.EditableInputConnection@ee67184
06-13 08:34:43.235 22832 22832 I InputMethodManager: startInputInner - mService.startInputOrWindowGainedFocus
06-13 08:34:43.237 22832 22832 D InputTransport: Input channel constructed: fd=66
06-13 08:34:43.237 22832 22832 D InputTransport: Input channel destroyed: fd=71
06-13 08:34:43.237 22832 22832 D InputMethodManager: SSI - flag : 0 Pid : 22832 view : cz.gienger.mobile
06-13 08:34:43.241 22832 22832 W IInputConnectionWrapper: finishComposingText on inactive InputConnection
06-13 08:34:50.779 22832 22832 D ViewRootImpl@9de503b[DeliverActivity]: ViewPostImeInputStage processPointer 0
06-13 08:34:51.319 22832 22832 D ViewRootImpl@9de503b[DeliverActivity]: ViewPostImeInputStage processPointer 1
06-13 08:34:54.743 22832 22832 D ViewRootImpl@9de503b[DeliverActivity]: ViewPostImeInputStage processPointer 0
06-13 08:34:54.824 22832 22832 D ViewRootImpl@9de503b[DeliverActivity]: ViewPostImeInputStage processPointer 1
06-13 08:34:55.139 22832 22832 D ViewRootImpl@9de503b[DeliverActivity]: ViewPostImeInputStage processPointer 0
06-13 08:34:55.222 22832 22832 D ViewRootImpl@9de503b[DeliverActivity]: ViewPostImeInputStage processPointer 1
06-13 08:34:55.708 22832 22832 D ViewRootImpl@9de503b[DeliverActivity]: ViewPostImeInputStage processPointer 0
06-13 08:34:55.769 22832 22832 D ViewRootImpl@9de503b[DeliverActivity]: ViewPostImeInputStage processPointer 1
06-13 08:34:55.793 22832 22855 W art : Clearing bad or obsolete profile data from file /data/misc/profiles/cur/0/cz.gienger.mobile/primary.prof: Profile EOF reached prematurely for ReadProfileHeader
06-13 08:34:55.817 22832 22832 D ScrollView: initGoToTop
06-13 08:34:55.822 22832 22832 D ScrollView: initGoToTop
06-13 08:34:55.830 22832 22832 D ViewRootImpl@13d2d94[DeliverActivity]: ThreadedRenderer.create() translucent=true
06-13 08:34:55.837 22832 22832 D InputTransport: Input channel constructed: fd=71
06-13 08:34:55.838 22832 22832 D ViewRootImpl@13d2d94[DeliverActivity]: setView = DecorView@f67b03d[DeliverActivity] touchMode=true
06-13 08:34:55.846 22832 22832 D ViewRootImpl@13d2d94[DeliverActivity]: dispatchAttachedToWindow
06-13 08:34:55.876 22832 22832 D ViewRootImpl@13d2d94[DeliverActivity]: Relayout returned: oldFrame=[0,0][0,0] newFrame=[108,466][660,582] result=0x27 surface={isValid=true -1821409280} surfaceGenerationChanged=true
06-13 08:34:55.876 22832 22832 D ViewRootImpl@13d2d94[DeliverActivity]: mHardwareRenderer.initialize() mSurface={isValid=true -1821409280} hwInitialized=true
06-13 08:34:55.881 22832 22832 D ViewRootImpl@13d2d94[DeliverActivity]: MSG_WINDOW_FOCUS_CHANGED 1
06-13 08:34:55.881 22832 22832 D ViewRootImpl@13d2d94[DeliverActivity]: mHardwareRenderer.initializeIfNeeded()#2 mSurface={isValid=true -1821409280}
06-13 08:34:55.897 22832 22832 D ViewRootImpl@13d2d94[DeliverActivity]: MSG_RESIZED_REPORT: frame=Rect(108, 466 - 660, 582) ci=Rect(0, 0 - 0, 0) vi=Rect(0, 0 - 0, 0) or=1
06-13 08:34:55.926 22832 22832 D ViewRootImpl@9de503b[DeliverActivity]: MSG_WINDOW_FOCUS_CHANGED 0
06-13 08:34:56.089 22832 22845 I art : Background partial concurrent mark sweep GC freed 43972(1810KB) AllocSpace objects, 11(2MB) LOS objects, 46% free, 13MB/25MB, paused 1.991ms total 101.276ms
06-13 08:34:57.114 22832 22845 I art : Background sticky concurrent mark sweep GC freed 408781(11MB) AllocSpace objects, 2(56KB) LOS objects, 43% free, 14MB/25MB, paused 838us total 104.106ms
06-13 08:34:57.826 22832 22845 I art : Background partial concurrent mark sweep GC freed 308776(9MB) AllocSpace objects, 20(1616KB) LOS objects, 42% free, 16MB/28MB, paused 960us total 137.840ms
06-13 08:34:58.489 22832 22832 D ViewRootImpl@13d2d94[DeliverActivity]: mHardwareRenderer.destroy()#4
06-13 08:34:58.489 22832 22832 D ViewRootImpl@13d2d94[DeliverActivity]: dispatchDetachedFromWindow
06-13 08:34:58.503 22832 22832 D InputTransport: Input channel destroyed: fd=71
06-13 08:34:58.504 22832 22832 D SIGN_URI: file:///storage/emulated/0/130AT1183508450.pdf
06-13 08:34:58.546 22832 22832 D ViewRootImpl@9de503b[DeliverActivity]: MSG_WINDOW_FOCUS_CHANGED 1
06-13 08:34:58.546 22832 22832 D ViewRootImpl@9de503b[DeliverActivity]: mHardwareRenderer.initializeIfNeeded()#2 mSurface={isValid=true -1846095872}
06-13 08:34:58.558 22832 22832 E ViewRootImpl: sendUserActionEvent() returned.
06-13 08:34:58.559 22832 22832 D ViewRootImpl@9de503b[DeliverActivity]: MSG_WINDOW_FOCUS_CHANGED 0
06-13 08:35:00.247 22832 22832 D ViewRootImpl@9de503b[DeliverActivity]: mHardwareRenderer.destroy()#1
06-13 08:35:00.258 22832 22832 D ViewRootImpl@9de503b[DeliverActivity]: Relayout returned: oldFrame=[0,0][768,1024] newFrame=[0,0][768,1024] result=0x5 surface={isValid=false 0} surfaceGenerationChanged=true
06-13 08:35:00.265 22832 22832 D InputTransport: Input channel destroyed: fd=66
06-13 08:35:00.279 22832 22832 W IInputConnectionWrapper: finishComposingText on inactive InputConnection
06-13 08:35:00.279 22832 22832 W IInputConnectionWrapper: reportFullscreenMode on inexistent InputConnection
06-13 08:35:00.279 22832 22832 W IInputConnectionWrapper: finishComposingText on inactive InputConnection
06-13 08:35:17.530 22832 22832 D Graph : removeVertex() : insertDummyVertex, because there is no ancestor.
06-13 08:35:17.567 22832 22832 D ViewRootImpl@8380798[PdfArchiveActivity]: ThreadedRenderer.create() translucent=true
06-13 08:35:17.570 22832 22832 D InputTransport: Input channel constructed: fd=61
06-13 08:35:17.570 22832 22832 D ViewRootImpl@8380798[PdfArchiveActivity]: setView = DecorView@9bbbbf1[PdfArchiveActivity] touchMode=true
06-13 08:35:17.581 22832 22832 D ViewRootImpl@8380798[PdfArchiveActivity]: dispatchAttachedToWindow
06-13 08:35:17.607 22832 22832 D ViewRootImpl@8380798[PdfArchiveActivity]: Relayout returned: oldFrame=[0,0][0,0] newFrame=[241,456][527,568] result=0x27 surface={isValid=true -1798690816} surfaceGenerationChanged=true
06-13 08:35:17.607 22832 22832 D ViewRootImpl@8380798[PdfArchiveActivity]: mHardwareRenderer.initialize() mSurface={isValid=true -1798690816} hwInitialized=true
06-13 08:35:17.610 22832 22832 D ViewRootImpl@8380798[PdfArchiveActivity]: MSG_RESIZED_REPORT: frame=Rect(241, 456 - 527, 568) ci=Rect(0, 0 - 0, 0) vi=Rect(0, 0 - 0, 0) or=1
06-13 08:35:17.610 22832 22832 D ViewRootImpl@8380798[PdfArchiveActivity]: MSG_WINDOW_FOCUS_CHANGED 1
06-13 08:35:17.610 22832 22832 D ViewRootImpl@8380798[PdfArchiveActivity]: mHardwareRenderer.initializeIfNeeded()#2 mSurface={isValid=true -1798690816}
06-13 08:35:17.611 22832 22832 V InputMethodManager: Starting input: tba=android.view.inputmethod.EditorInfo@598a3d6 nm : cz.gienger.mobile ic=null
06-13 08:35:17.611 22832 22832 I InputMethodManager: startInputInner - mService.startInputOrWindowGainedFocus
06-13 08:35:17.613 22832 22832 D InputTransport: Input channel constructed: fd=66
06-13 08:35:18.633 22832 22855 W art : Clearing bad or obsolete profile data from file /data/misc/profiles/cur/0/cz.gienger.mobile/primary.prof: Profile EOF reached prematurely for ReadProfileHeader
06-13 08:35:18.702 22832 22832 D ViewRootImpl@8380798[PdfArchiveActivity]: mHardwareRenderer.destroy()#1
06-13 08:35:18.714 22832 22832 D ViewRootImpl@8380798[PdfArchiveActivity]: Relayout returned: oldFrame=[241,456][527,568] newFrame=[241,456][527,568] result=0x5 surface={isValid=false 0} surfaceGenerationChanged=true
06-13 08:35:18.715 22832 22832 D ViewRootImpl@8380798[PdfArchiveActivity]: MSG_WINDOW_FOCUS_CHANGED 0
06-13 08:35:18.717 22832 22832 D ViewRootImpl@9de503b[DeliverActivity]: mHardwareRenderer.destroy()#1
06-13 08:35:18.731 22832 22832 D ViewRootImpl@9de503b[DeliverActivity]: Relayout returned: oldFrame=[0,0][768,1024] newFrame=[0,0][768,1024] result=0x1 surface={isValid=false 0} surfaceGenerationChanged=false
06-13 08:35:18.768 22832 22832 D SIGNOSIGN_SIGNED: signed
06-13 08:35:18.777 22832 22832 D InputTransport: Input channel destroyed: fd=66
06-13 08:35:18.808 22832 13008 D MESSAGE_SERVICE: ACTION_COMPRESS_AND_UPLOAD
06-13 08:35:19.079 22832 22832 D ViewRootImpl@f02f109[MainActivity]: Relayout returned: oldFrame=[0,0][768,1024] newFrame=[0,0][768,1024] result=0x7 surface={isValid=true -1795168256} surfaceGenerationChanged=true
06-13 08:35:19.079 22832 22832 D ViewRootImpl@f02f109[MainActivity]: mHardwareRenderer.initialize() mSurface={isValid=true -1795168256} hwInitialized=true
06-13 08:35:19.154 22832 22832 D AbsListView: in onLayout changed
06-13 08:35:19.179 22832 22832 D ViewRootImpl@f02f109[MainActivity]: MSG_WINDOW_FOCUS_CHANGED 1
06-13 08:35:19.179 22832 22832 D ViewRootImpl@f02f109[MainActivity]: mHardwareRenderer.initializeIfNeeded()#2 mSurface={isValid=true -1795168256}
06-13 08:35:19.180 22832 22832 V InputMethodManager: Starting input: tba=android.view.inputmethod.EditorInfo@428ceef nm : cz.gienger.mobile ic=null
06-13 08:35:19.180 22832 22832 I InputMethodManager: startInputInner - mService.startInputOrWindowGainedFocus
06-13 08:35:19.206 22832 22832 D InputTransport: Input channel constructed: fd=70
06-13 08:35:19.250 22832 22832 D ViewRootImpl@9de503b[DeliverActivity]: mHardwareRenderer.destroy()#1
06-13 08:35:19.258 22832 22832 D ViewRootImpl@9de503b[DeliverActivity]: Relayout returned: oldFrame=[0,0][768,1024] newFrame=[0,0][768,1024] result=0x1 surface={isValid=false 0} surfaceGenerationChanged=false
06-13 08:35:19.572 22832 13008 D FILE_MANAGER: Serializing delivery /data/user/0/cz.gienger.mobile/files/finished/130AT1183508450/130AT1183508450.xml
06-13 08:35:19.572 22832 13008 D FILE_MANAGER: Null files:
06-13 08:35:19.907 22832 13008 D MYINTERCEPTOR: /GiengerService.svc/sendorder
06-13 08:35:19.908 22832 13008 D OkHttp : --> POST https://testsaig1.gienger.cz/GiengerService.svc/sendorder http/1.1
06-13 08:35:19.908 22832 13008 D OkHttp : Content-Type: text/raw
06-13 08:35:19.908 22832 13008 D OkHttp : Content-Length: 266084
06-13 08:35:19.908 22832 13008 D OkHttp : filename: 130AT1183508450.xml
06-13 08:35:19.909 22832 13008 D OkHttp : Checksum: cae68b7b3b5bd7417a2ebffaf3372520
06-13 08:35:19.909 22832 13008 D OkHttp : token: 129e4d327aefdfee26f71a370bd1fd66
06-13 08:35:19.909 22832 13008 D OkHttp : --> END POST
06-13 08:35:20.410 22832 13008 D OkHttp : <-- 200 https://testsaig1.gienger.cz/GiengerService.svc/sendorder (501ms)
06-13 08:35:20.411 22832 13008 D OkHttp : content-type: application/xml; charset=utf-8
06-13 08:35:20.411 22832 13008 D OkHttp : server: Microsoft-IIS/10.0
06-13 08:35:20.411 22832 13008 D OkHttp : x-powered-by: ASP.NET
06-13 08:35:20.411 22832 13008 D OkHttp : date: Thu, 13 Jun 2019 06:35:19 GMT
06-13 08:35:20.411 22832 13008 D OkHttp : content-length: 175
06-13 08:35:20.411 22832 13008 D OkHttp : <-- END HTTP
06-13 08:35:20.417 22832 13008 D sendOrder_SUCCESS: 200
06-13 08:35:20.762 22832 22832 D AbsListView: in onLayout changed
06-13 08:35:20.796 22832 22832 D TextView: SYANI: Clipboard API is calling: clearFilter()
06-13 08:35:20.796 22832 22832 D TextView: SYANI: Clipboard API is calling: unregisterClipboardEventListener()
06-13 08:35:20.797 22832 22832 D TextView: SYANI: Clipboard API is calling: clearFilter()
06-13 08:35:20.797 22832 22832 D TextView: SYANI: Clipboard API is calling: unregisterClipboardEventListener()
06-13 08:35:20.797 22832 22832 D TextView: SYANI: Clipboard API is calling: clearFilter()
06-13 08:35:20.797 22832 22832 D TextView: SYANI: Clipboard API is calling: unregisterClipboardEventListener()
06-13 08:35:20.815 22832 22832 D ViewRootImpl@9de503b[DeliverActivity]: mHardwareRenderer.destroy()#4
06-13 08:35:20.815 22832 22832 D ViewRootImpl@9de503b[DeliverActivity]: dispatchDetachedFromWindow
06-13 08:35:20.828 22832 22832 D InputTransport: Input channel destroyed: fd=64
06-13 08:35:20.832 22832 22832 D ViewRootImpl@8380798[PdfArchiveActivity]: mHardwareRenderer.destroy()#4
06-13 08:35:20.832 22832 22832 D ViewRootImpl@8380798[PdfArchiveActivity]: dispatchDetachedFromWindow
06-13 08:35:20.840 22832 22832 D InputTransport: Input channel destroyed: fd=61
06-13 08:35:20.840 22832 22832 D LOCATION_SERVICE: onDestroy
06-13 08:35:21.854 22832 22832 D ViewRootImpl@f02f109[MainActivity]: ViewPostImeInputStage processPointer 0
06-13 08:35:21.912 22832 22832 D ViewRootImpl@f02f109[MainActivity]: ViewPostImeInputStage processPointer 1
06-13 08:35:21.932 22832 22832 D item_click: viewId = 2131820760, position = 7
06-13 08:35:21.989 22832 22832 D ViewRootImpl@f02f109[MainActivity]: MSG_WINDOW_FOCUS_CHANGED 0
06-13 08:35:22.076 22832 22832 D ViewRootImpl@975b609[CategoryListActivity]: ThreadedRenderer.create() translucent=false
06-13 08:35:22.079 22832 22832 D InputTransport: Input channel constructed: fd=64
06-13 08:35:22.079 22832 22832 D ViewRootImpl@975b609[CategoryListActivity]: setView = DecorView@88b700e[CategoryListActivity] touchMode=true
06-13 08:35:22.081 22832 22832 D LOCATION_SERVICE: LocationListener gps
06-13 08:35:22.082 22832 22832 D LOCATION_SERVICE: LocationListener network
06-13 08:35:22.083 22832 22832 D LOCATION_SERVICE: onCreate
06-13 08:35:22.083 22832 22832 D LOCATION_SERVICE: initializeLocationManager
06-13 08:35:22.090 22832 22832 D LOCATION_SERVICE: onStartCommand
06-13 08:35:22.109 22832 22832 D ViewRootImpl@975b609[CategoryListActivity]: dispatchAttachedToWindow
06-13 08:35:22.156 22832 22832 D ViewRootImpl@975b609[CategoryListActivity]: Relayout returned: oldFrame=[0,0][0,0] newFrame=[0,0][768,1024] result=0x27 surface={isValid=true -1846095872} surfaceGenerationChanged=true
06-13 08:35:22.157 22832 22832 D ViewRootImpl@975b609[CategoryListActivity]: mHardwareRenderer.initialize() mSurface={isValid=true -1846095872} hwInitialized=true
06-13 08:35:22.288 22832 22832 D ViewRootImpl@975b609[CategoryListActivity]: MSG_RESIZED_REPORT: frame=Rect(0, 0 - 768, 1024) ci=Rect(0, 24 - 0, 0) vi=Rect(0, 24 - 0, 0) or=1
06-13 08:35:22.288 22832 22832 D ViewRootImpl@975b609[CategoryListActivity]: MSG_WINDOW_FOCUS_CHANGED 1
06-13 08:35:22.288 22832 22832 D ViewRootImpl@975b609[CategoryListActivity]: mHardwareRenderer.initializeIfNeeded()#2 mSurface={isValid=true -1846095872}
06-13 08:35:22.289 22832 22832 V InputMethodManager: Starting input: tba=android.view.inputmethod.EditorInfo@b9830ad nm : cz.gienger.mobile ic=null
06-13 08:35:22.290 22832 22832 I InputMethodManager: startInputInner - mService.startInputOrWindowGainedFocus
06-13 08:35:22.291 22832 22832 D InputTransport: Input channel constructed: fd=69
06-13 08:35:22.291 22832 22832 D InputTransport: Input channel destroyed: fd=70
06-13 08:35:22.375 22832 22878 D OpenGLRenderer: endAllActiveAnimators on 0x94fe0b00 (RippleDrawable) with handle 0x936dd170
06-13 08:35:22.375 22832 22832 D ViewRootImpl@f02f109[MainActivity]: mHardwareRenderer.destroy()#1
06-13 08:35:22.384 22832 22832 D ViewRootImpl@f02f109[MainActivity]: Relayout returned: oldFrame=[0,0][768,1024] newFrame=[0,0][768,1024] result=0x5 surface={isValid=false 0} surfaceGenerationChanged=true
06-13 08:35:22.767 22832 22832 D ViewRootImpl@f02f109[MainActivity]: Relayout returned: oldFrame=[0,0][768,1024] newFrame=[0,0][768,1024] result=0x5 surface={isValid=false 0} surfaceGenerationChanged=false
06-13 08:35:23.367 22832 22832 D ViewRootImpl@975b609[CategoryListActivity]: ViewPostImeInputStage processPointer 0
06-13 08:35:24.300 22832 22832 D ViewRootImpl@975b609[CategoryListActivity]: ViewPostImeInputStage processPointer 1
06-13 08:35:24.655 22832 22832 D ViewRootImpl@975b609[CategoryListActivity]: ViewPostImeInputStage processPointer 0
06-13 08:35:25.107 22832 22832 D ViewRootImpl@975b609[CategoryListActivity]: ViewPostImeInputStage processPointer 1
06-13 08:35:25.515 22832 22832 D ViewRootImpl@975b609[CategoryListActivity]: ViewPostImeInputStage processPointer 0
06-13 08:35:25.589 22832 22832 D ViewRootImpl@975b609[CategoryListActivity]: ViewPostImeInputStage processPointer 1
06-13 08:35:26.653 22832 22832 D ViewRootImpl@975b609[CategoryListActivity]: ViewPostImeInputStage processPointer 0
06-13 08:35:26.723 22832 22832 D ViewRootImpl@975b609[CategoryListActivity]: ViewPostImeInputStage processPointer 1
06-13 08:35:27.653 22832 22832 D ViewRootImpl@975b609[CategoryListActivity]: ViewPostImeInputStage processPointer 0
06-13 08:35:27.735 22832 22832 D ViewRootImpl@975b609[CategoryListActivity]: ViewPostImeInputStage processPointer 1
06-13 08:35:27.764 22832 22832 D ViewRootImpl@975b609[CategoryListActivity]: MSG_WINDOW_FOCUS_CHANGED 0
06-13 08:35:27.867 22832 22832 D ViewRootImpl@1132431[ArticleListActivity]: ThreadedRenderer.create() translucent=false
06-13 08:35:27.870 22832 22832 D InputTransport: Input channel constructed: fd=73
06-13 08:35:27.871 22832 22832 D ViewRootImpl@1132431[ArticleListActivity]: setView = DecorView@9138716[ArticleListActivity] touchMode=true
06-13 08:35:27.873 22832 22832 D ViewRootImpl@1132431[ArticleListActivity]: dispatchAttachedToWindow
06-13 08:35:27.898 22832 22832 D ViewRootImpl@1132431[ArticleListActivity]: Relayout returned: oldFrame=[0,0][0,0] newFrame=[0,0][768,1024] result=0x27 surface={isValid=true -1838430208} surfaceGenerationChanged=true
06-13 08:35:27.898 22832 22832 D ViewRootImpl@1132431[ArticleListActivity]: mHardwareRenderer.initialize() mSurface={isValid=true -1838430208} hwInitialized=true
06-13 08:35:28.352 22832 22845 I art : Background sticky concurrent mark sweep GC freed 31704(1466KB) AllocSpace objects, 1(20KB) LOS objects, 13% free, 10MB/12MB, paused 6.559ms total 39.675ms
06-13 08:35:28.365 22832 22832 D ViewRootImpl@1132431[ArticleListActivity]: MSG_RESIZED_REPORT: frame=Rect(0, 0 - 768, 1024) ci=Rect(0, 24 - 0, 0) vi=Rect(0, 24 - 0, 0) or=1
06-13 08:35:28.365 22832 22832 D ViewRootImpl@1132431[ArticleListActivity]: MSG_WINDOW_FOCUS_CHANGED 1
06-13 08:35:28.365 22832 22832 D ViewRootImpl@1132431[ArticleListActivity]: mHardwareRenderer.initializeIfNeeded()#2 mSurface={isValid=true -1838430208}
06-13 08:35:28.366 22832 22832 V InputMethodManager: Starting input: tba=android.view.inputmethod.EditorInfo@11be96b nm : cz.gienger.mobile ic=null
06-13 08:35:28.366 22832 22832 I InputMethodManager: startInputInner - mService.startInputOrWindowGainedFocus
06-13 08:35:28.368 22832 22832 D InputTransport: Input channel constructed: fd=78
06-13 08:35:28.368 22832 22832 D InputTransport: Input channel destroyed: fd=69
06-13 08:35:28.426 22832 22832 D ViewRootImpl@975b609[CategoryListActivity]: mHardwareRenderer.destroy()#1
06-13 08:35:28.433 22832 22832 D ViewRootImpl@975b609[CategoryListActivity]: Relayout returned: oldFrame=[0,0][768,1024] newFrame=[0,0][768,1024] result=0x5 surface={isValid=false 0} surfaceGenerationChanged=true
06-13 08:35:28.847 22832 22832 D ViewRootImpl@975b609[CategoryListActivity]: Relayout returned: oldFrame=[0,0][768,1024] newFrame=[0,0][768,1024] result=0x5 surface={isValid=false 0} surfaceGenerationChanged=false
06-13 08:35:29.884 22832 22832 D ViewRootImpl@1132431[ArticleListActivity]: ViewPostImeInputStage processPointer 0
06-13 08:35:31.252 22832 22832 D ViewRootImpl@1132431[ArticleListActivity]: ViewPostImeInputStage processPointer 1
06-13 08:35:31.830 22832 22832 D ViewRootImpl@1132431[ArticleListActivity]: ViewPostImeInputStage processPointer 0
06-13 08:35:32.522 22832 22832 D ViewRootImpl@1132431[ArticleListActivity]: ViewPostImeInputStage processPointer 1
06-13 08:35:33.079 22832 22832 D ViewRootImpl@1132431[ArticleListActivity]: ViewPostImeInputStage processPointer 0
06-13 08:35:34.066 22832 22832 D ViewRootImpl@1132431[ArticleListActivity]: ViewPostImeInputStage processPointer 1
06-13 08:35:34.650 22832 22832 D ViewRootImpl@1132431[ArticleListActivity]: ViewPostImeInputStage processPointer 0
06-13 08:35:35.319 22832 22832 D ViewRootImpl@1132431[ArticleListActivity]: ViewPostImeInputStage processPointer 1
06-13 08:35:36.243 22832 22832 D ViewRootImpl@1132431[ArticleListActivity]: ViewPostImeInputStage processPointer 0
06-13 08:35:37.276 22832 22832 D ViewRootImpl@1132431[ArticleListActivity]: ViewPostImeInputStage processPointer 1
06-13 08:35:37.706 22832 22832 D ViewRootImpl@1132431[ArticleListActivity]: ViewPostImeInputStage processPointer 0
06-13 08:35:37.787 22832 22832 D ViewRootImpl@1132431[ArticleListActivity]: ViewPostImeInputStage processPointer 1
06-13 08:35:38.047 22832 22832 D LOCATION_SERVICE: onLocationChanged: Location[network 49,191239,17,534657 acc=21 et=+18h50m10s977ms alt=0.0 vel=0.0 bear=0.0 {Bundle[mParcelledData.dataSize=80]}]
06-13 08:35:39.822 22832 22832 D ViewRootImpl@1132431[ArticleListActivity]: ViewPostImeInputStage processPointer 0
06-13 08:35:39.901 22832 22832 D ViewRootImpl@1132431[ArticleListActivity]: ViewPostImeInputStage processPointer 1
06-13 08:35:39.951 22832 22832 D ViewRootImpl@1132431[ArticleListActivity]: MSG_WINDOW_FOCUS_CHANGED 0
06-13 08:35:40.006 22832 22855 W art : Clearing bad or obsolete profile data from file /data/misc/profiles/cur/0/cz.gienger.mobile/primary.prof: Profile EOF reached prematurely for ReadProfileHeader
06-13 08:35:40.055 22832 22832 D ViewRootImpl@e7c3839[AddArticleToCartActivity]: ThreadedRenderer.create() translucent=false
06-13 08:35:40.059 22832 22832 D InputTransport: Input channel constructed: fd=69
06-13 08:35:40.059 22832 22832 D ViewRootImpl@e7c3839[AddArticleToCartActivity]: setView = DecorView@91b7e7e[AddArticleToCartActivity] touchMode=true
06-13 08:35:40.067 22832 22832 D ViewRootImpl@e7c3839[AddArticleToCartActivity]: dispatchAttachedToWindow
06-13 08:35:40.106 22832 22832 D ViewRootImpl@e7c3839[AddArticleToCartActivity]: Relayout returned: oldFrame=[0,0][0,0] newFrame=[0,0][768,1024] result=0x27 surface={isValid=true -1817653248} surfaceGenerationChanged=true
06-13 08:35:40.106 22832 22832 D ViewRootImpl@e7c3839[AddArticleToCartActivity]: mHardwareRenderer.initialize() mSurface={isValid=true -1817653248} hwInitialized=true
06-13 08:35:40.146 22832 22832 D ViewRootImpl@e7c3839[AddArticleToCartActivity]: MSG_RESIZED_REPORT: frame=Rect(0, 0 - 768, 1024) ci=Rect(0, 24 - 0, 0) vi=Rect(0, 24 - 0, 0) or=1
06-13 08:35:40.146 22832 22832 D ViewRootImpl@e7c3839[AddArticleToCartActivity]: MSG_WINDOW_FOCUS_CHANGED 1
06-13 08:35:40.146 22832 22832 D ViewRootImpl@e7c3839[AddArticleToCartActivity]: mHardwareRenderer.initializeIfNeeded()#2 mSurface={isValid=true -1817653248}
06-13 08:35:40.156 22832 22832 V InputMethodManager: Starting input: tba=android.view.inputmethod.EditorInfo@e62832e nm : cz.gienger.mobile ic=com.android.internal.widget.EditableInputConnection@77e0ecf
06-13 08:35:40.156 22832 22832 I InputMethodManager: startInputInner - mService.startInputOrWindowGainedFocus
06-13 08:35:40.175 22832 22832 D InputTransport: Input channel constructed: fd=70
06-13 08:35:40.175 22832 22832 D InputTransport: Input channel destroyed: fd=78
06-13 08:35:40.213 22832 22878 D OpenGLRenderer: endAllActiveAnimators on 0x95431080 (RippleDrawable) with handle 0x94fb0b80
06-13 08:35:40.213 22832 22832 D ViewRootImpl@1132431[ArticleListActivity]: mHardwareRenderer.destroy()#1
06-13 08:35:40.224 22832 22832 D ViewRootImpl@1132431[ArticleListActivity]: Relayout returned: oldFrame=[0,0][768,1024] newFrame=[0,0][768,1024] result=0x5 surface={isValid=false 0} surfaceGenerationChanged=true
