06-13 08:48:19.716 22832 22832 D ViewRootImpl@f461d7f[MainActivity]: mHardwareRenderer.destroy()#4
06-13 08:48:19.716 22832 22832 D ViewRootImpl@f461d7f[MainActivity]: dispatchDetachedFromWindow
06-13 08:48:19.728 22832 22832 D InputTransport: Input channel destroyed: fd=106
06-13 08:48:20.029 22832 22832 D ViewRootImpl@35227a1[MainActivity]: ThreadedRenderer.create() translucent=false
06-13 08:48:20.032 22832 22832 D InputTransport: Input channel constructed: fd=112
06-13 08:48:20.033 22832 22832 D ViewRootImpl@35227a1[MainActivity]: setView = DecorView@9941dc6[MainActivity] touchMode=true
06-13 08:48:20.035 22832 22832 D ViewRootImpl@35227a1[MainActivity]: dispatchAttachedToWindow
06-13 08:48:20.082 22832 22832 D ViewRootImpl@35227a1[MainActivity]: Relayout returned: oldFrame=[0,0][0,0] newFrame=[0,0][768,1024] result=0x7 surface={isValid=true -1824598016} surfaceGenerationChanged=true
06-13 08:48:20.083 22832 22832 D ViewRootImpl@35227a1[MainActivity]: mHardwareRenderer.initialize() mSurface={isValid=true -1824598016} hwInitialized=true
06-13 08:48:20.191 22832 22832 D AbsListView: in onLayout changed
06-13 08:48:20.213 22832 22878 D OpenGLRenderer: endAllActiveAnimators on 0x933d8e00 (RippleDrawable) with handle 0x91038820
06-13 08:48:20.214 22832 22832 D ViewRootImpl@9b4501b[CancelDeliveryActivity]: mHardwareRenderer.destroy()#1
06-13 08:48:20.223 22832 22832 D ViewRootImpl@9b4501b[CancelDeliveryActivity]: Relayout returned: oldFrame=[0,0][768,1024] newFrame=[0,0][768,1024] result=0x5 surface={isValid=false 0} surfaceGenerationChanged=true
06-13 08:48:20.297 22832 22832 D ViewRootImpl@35227a1[MainActivity]: MSG_RESIZED_REPORT: frame=Rect(0, 0 - 768, 1024) ci=Rect(0, 24 - 0, 0) vi=Rect(0, 24 - 0, 0) or=1
06-13 08:48:20.298 22832 22832 D ViewRootImpl@35227a1[MainActivity]: MSG_WINDOW_FOCUS_CHANGED 1
06-13 08:48:20.298 22832 22832 D ViewRootImpl@35227a1[MainActivity]: mHardwareRenderer.initializeIfNeeded()#2 mSurface={isValid=true -1824598016}
06-13 08:48:20.299 22832 22832 V InputMethodManager: Starting input: tba=android.view.inputmethod.EditorInfo@146c1ed nm : cz.gienger.mobile ic=null
06-13 08:48:20.299 22832 22832 I InputMethodManager: startInputInner - mService.startInputOrWindowGainedFocus
06-13 08:48:20.308 22832 22832 D InputTransport: Input channel constructed: fd=95
06-13 08:48:20.308 22832 22832 D InputTransport: Input channel destroyed: fd=121
06-13 08:48:20.377 22832 14662 D FILE_MANAGER: Serializing delivery /data/user/0/cz.gienger.mobile/files/finished/130AT1183508242/130AT1183508242.xml
06-13 08:48:20.377 22832 14662 D FILE_MANAGER: Null files:
06-13 08:48:20.454 22832 14662 D MYINTERCEPTOR: /GiengerService.svc/sendorder
06-13 08:48:20.454 22832 14662 D OkHttp : --> POST https://testsaig1.gienger.cz/GiengerService.svc/sendorder http/1.1
06-13 08:48:20.454 22832 14662 D OkHttp : Content-Type: text/raw
06-13 08:48:20.454 22832 14662 D OkHttp : Content-Length: 3212
06-13 08:48:20.455 22832 14662 D OkHttp : filename: 130AT1183508242.xml
06-13 08:48:20.455 22832 14662 D OkHttp : Checksum: c1c88023baaab6b7abaafd27d8001bd3
06-13 08:48:20.455 22832 14662 D OkHttp : token: 129e4d327aefdfee26f71a370bd1fd66
06-13 08:48:20.455 22832 14662 D OkHttp : --> END POST
06-13 08:48:20.932 22832 14662 D OkHttp : <-- 200 https://testsaig1.gienger.cz/GiengerService.svc/sendorder (476ms)
06-13 08:48:20.932 22832 14662 D OkHttp : content-type: application/xml; charset=utf-8
06-13 08:48:20.932 22832 14662 D OkHttp : server: Microsoft-IIS/10.0
06-13 08:48:20.932 22832 14662 D OkHttp : x-powered-by: ASP.NET
06-13 08:48:20.932 22832 14662 D OkHttp : date: Thu, 13 Jun 2019 06:48:20 GMT
06-13 08:48:20.932 22832 14662 D OkHttp : content-length: 175
06-13 08:48:20.932 22832 14662 D OkHttp : <-- END HTTP
06-13 08:48:20.936 22832 14662 D sendOrder_SUCCESS: 200
06-13 08:48:20.969 22832 14662 D MESSAGE_SERVICE: ACTION_RESEND_ORDERS
06-13 08:48:21.326 22832 22832 D AbsListView: in onLayout changed
06-13 08:48:21.605 22832 22845 I art : Background partial concurrent mark sweep GC freed 286653(13MB) AllocSpace objects, 25(544KB) LOS objects, 49% free, 12MB/24MB, paused 2.224ms total 175.994ms
06-13 08:48:21.791 22832 22832 D AbsListView: in onLayout changed
06-13 08:48:21.804 22832 22832 D ViewRootImpl@35227a1[MainActivity]: ViewPostImeInputStage processPointer 0
06-13 08:48:21.809 22832 22832 D AbsListView: reportScrollStateChange() newState : 1
06-13 08:48:21.854 22832 22832 D Graph : removeVertex() : insertDummyVertex, because there is no ancestor.
06-13 08:48:21.854 22832 22832 D Graph : removeVertex() : insertDummyVertex, because there is no ancestor.
06-13 08:48:21.855 22832 22832 D Graph : removeVertex() : insertDummyVertex, because there is no ancestor.
06-13 08:48:21.855 22832 22832 D Graph : removeVertex() : insertDummyVertex, because there is no ancestor.
06-13 08:48:21.865 22832 22832 D TextView: SYANI: Clipboard API is calling: clearFilter()
06-13 08:48:21.865 22832 22832 D TextView: SYANI: Clipboard API is calling: unregisterClipboardEventListener()
06-13 08:48:21.874 22832 22832 D ViewRootImpl@9b4501b[CancelDeliveryActivity]: mHardwareRenderer.destroy()#4
06-13 08:48:21.874 22832 22832 D ViewRootImpl@9b4501b[CancelDeliveryActivity]: dispatchDetachedFromWindow
06-13 08:48:21.881 22832 22832 D InputTransport: Input channel destroyed: fd=103
06-13 08:48:21.883 22832 22832 D LOCATION_SERVICE: onDestroy
06-13 08:48:22.264 22832 22832 D ViewRootImpl@35227a1[MainActivity]: ViewPostImeInputStage processPointer 1
06-13 08:48:22.265 22832 22832 D AbsListView: onTouchUp() mTouchMode : 3
06-13 08:48:22.265 22832 22832 D AbsListView: onTouchUp() TOUCH_MODE_SCROLL initialVelocity : -97
06-13 08:48:22.265 22832 22832 D AbsListView: reportScrollStateChange() newState : 2
06-13 08:48:22.393 22832 22832 D AbsListView: reportScrollStateChange() newState : 0
06-13 08:48:22.740 22832 22832 D ViewRootImpl@35227a1[MainActivity]: ViewPostImeInputStage processPointer 0
06-13 08:48:22.819 22832 22832 D ViewRootImpl@35227a1[MainActivity]: ViewPostImeInputStage processPointer 1
06-13 08:48:22.849 22832 22832 D item_click: viewId = 2131820758, position = 19
06-13 08:48:22.896 22832 22832 D ViewRootImpl@35227a1[MainActivity]: MSG_WINDOW_FOCUS_CHANGED 0
06-13 08:48:22.960 22832 22832 D ScrollView: initGoToTop
06-13 08:48:23.021 22832 22832 D ViewRootImpl@ec53cf0[CancelDeliveryActivity]: ThreadedRenderer.create() translucent=false
06-13 08:48:23.025 22832 22832 D InputTransport: Input channel constructed: fd=109
06-13 08:48:23.025 22832 22832 D ViewRootImpl@ec53cf0[CancelDeliveryActivity]: setView = DecorView@42c4269[CancelDeliveryActivity] touchMode=true
06-13 08:48:23.033 22832 22832 D ViewRootImpl@ec53cf0[CancelDeliveryActivity]: dispatchAttachedToWindow
06-13 08:48:23.081 22832 22832 D ViewRootImpl@ec53cf0[CancelDeliveryActivity]: Relayout returned: oldFrame=[0,0][0,0] newFrame=[0,0][768,1024] result=0x27 surface={isValid=true -1873201152} surfaceGenerationChanged=true
06-13 08:48:23.081 22832 22832 D ViewRootImpl@ec53cf0[CancelDeliveryActivity]: mHardwareRenderer.initialize() mSurface={isValid=true -1873201152} hwInitialized=true
06-13 08:48:23.087 22832 22832 D ScrollView: onsize change changed
06-13 08:48:23.089 22832 22832 D LOCATION_SERVICE: LocationListener gps
06-13 08:48:23.090 22832 22832 D LOCATION_SERVICE: LocationListener network
06-13 08:48:23.091 22832 22832 D LOCATION_SERVICE: onCreate
06-13 08:48:23.092 22832 22832 D LOCATION_SERVICE: initializeLocationManager
06-13 08:48:23.107 22832 22832 D LOCATION_SERVICE: onStartCommand
06-13 08:48:23.175 22832 22832 D ViewRootImpl@ec53cf0[CancelDeliveryActivity]: MSG_RESIZED_REPORT: frame=Rect(0, 0 - 768, 1024) ci=Rect(0, 24 - 0, 0) vi=Rect(0, 24 - 0, 0) or=1
06-13 08:48:23.175 22832 22832 D ViewRootImpl@ec53cf0[CancelDeliveryActivity]: MSG_WINDOW_FOCUS_CHANGED 1
06-13 08:48:23.175 22832 22832 D ViewRootImpl@ec53cf0[CancelDeliveryActivity]: mHardwareRenderer.initializeIfNeeded()#2 mSurface={isValid=true -1873201152}
06-13 08:48:23.197 22832 22832 V InputMethodManager: Starting input: tba=android.view.inputmethod.EditorInfo@caa6eb4 nm : cz.gienger.mobile ic=null
06-13 08:48:23.197 22832 22832 I InputMethodManager: startInputInner - mService.startInputOrWindowGainedFocus
06-13 08:48:23.200 22832 22832 D InputTransport: Input channel constructed: fd=103
06-13 08:48:23.200 22832 22832 D InputTransport: Input channel destroyed: fd=95
06-13 08:48:23.263 22832 22878 D OpenGLRenderer: endAllActiveAnimators on 0x93a0b880 (RippleDrawable) with handle 0x905ac790
06-13 08:48:23.263 22832 22832 D ViewRootImpl@35227a1[MainActivity]: mHardwareRenderer.destroy()#1
06-13 08:48:23.270 22832 22832 D ViewRootImpl@35227a1[MainActivity]: Relayout returned: oldFrame=[0,0][768,1024] newFrame=[0,0][768,1024] result=0x5 surface={isValid=false 0} surfaceGenerationChanged=true
06-13 08:48:23.636 22832 22832 D ViewRootImpl@35227a1[MainActivity]: Relayout returned: oldFrame=[0,0][768,1024] newFrame=[0,0][768,1024] result=0x5 surface={isValid=false 0} surfaceGenerationChanged=false
06-13 08:48:23.824 22832 22832 D ViewRootImpl@ec53cf0[CancelDeliveryActivity]: ViewPostImeInputStage processPointer 0
06-13 08:48:23.897 22832 22832 D ViewRootImpl@ec53cf0[CancelDeliveryActivity]: ViewPostImeInputStage processPointer 1
06-13 08:48:24.317 22832 22832 D LOCATION_SERVICE: onLocationChanged: Location[network 49,191230,17,534647 acc=21 et=+19h2m57s235ms alt=0.0 vel=0.0 bear=0.0 {Bundle[mParcelledData.dataSize=80]}]
06-13 08:48:24.510 22832 22832 D ViewRootImpl@ec53cf0[CancelDeliveryActivity]: ViewPostImeInputStage processPointer 0
06-13 08:48:24.550 22832 22832 D ViewRootImpl@ec53cf0[CancelDeliveryActivity]: ViewPostImeInputStage processPointer 1
06-13 08:48:24.569 22832 22832 D UNDELIVERED: Reason ID = 8, Comment =
06-13 08:48:24.709 22832 22832 D ViewRootImpl@ec53cf0[CancelDeliveryActivity]: MSG_WINDOW_FOCUS_CHANGED 0
06-13 08:48:24.718 22832 14668 D MESSAGE_SERVICE: ACTION_COMPRESS_AND_UPLOAD
06-13 08:48:24.760 22832 22832 D ViewRootImpl@35227a1[MainActivity]: mHardwareRenderer.destroy()#4
06-13 08:48:24.760 22832 22832 D ViewRootImpl@35227a1[MainActivity]: dispatchDetachedFromWindow
06-13 08:48:24.771 22832 22832 D InputTransport: Input channel destroyed: fd=112
06-13 08:48:25.042 22832 22832 D ViewRootImpl@f8afd40[MainActivity]: ThreadedRenderer.create() translucent=false
06-13 08:48:25.045 22832 22832 D InputTransport: Input channel constructed: fd=100
06-13 08:48:25.045 22832 22832 D ViewRootImpl@f8afd40[MainActivity]: setView = DecorView@6d78479[MainActivity] touchMode=true
06-13 08:48:25.059 22832 22878 D OpenGLRenderer: endAllActiveAnimators on 0x94491380 (RippleDrawable) with handle 0x91812490
06-13 08:48:25.059 22832 22832 D ViewRootImpl@ec53cf0[CancelDeliveryActivity]: mHardwareRenderer.destroy()#1
06-13 08:48:25.069 22832 22832 D ViewRootImpl@ec53cf0[CancelDeliveryActivity]: Relayout returned: oldFrame=[0,0][768,1024] newFrame=[0,0][768,1024] result=0x5 surface={isValid=false 0} surfaceGenerationChanged=true
06-13 08:48:25.070 22832 22832 D ViewRootImpl@f8afd40[MainActivity]: dispatchAttachedToWindow
06-13 08:48:25.106 22832 22832 D ViewRootImpl@f8afd40[MainActivity]: Relayout returned: oldFrame=[0,0][0,0] newFrame=[0,0][768,1024] result=0x7 surface={isValid=true -1873201152} surfaceGenerationChanged=true
06-13 08:48:25.107 22832 22832 D ViewRootImpl@f8afd40[MainActivity]: mHardwareRenderer.initialize() mSurface={isValid=true -1873201152} hwInitialized=true
06-13 08:48:25.193 22832 22832 D AbsListView: in onLayout changed
06-13 08:48:25.253 22832 22832 D ViewRootImpl@f8afd40[MainActivity]: MSG_RESIZED_REPORT: frame=Rect(0, 0 - 768, 1024) ci=Rect(0, 24 - 0, 0) vi=Rect(0, 24 - 0, 0) or=1
06-13 08:48:25.253 22832 22832 D ViewRootImpl@f8afd40[MainActivity]: MSG_WINDOW_FOCUS_CHANGED 1
06-13 08:48:25.253 22832 22832 D ViewRootImpl@f8afd40[MainActivity]: mHardwareRenderer.initializeIfNeeded()#2 mSurface={isValid=true -1873201152}
06-13 08:48:25.254 22832 22832 V InputMethodManager: Starting input: tba=android.view.inputmethod.EditorInfo@de8428e nm : cz.gienger.mobile ic=null
06-13 08:48:25.255 22832 22832 I InputMethodManager: startInputInner - mService.startInputOrWindowGainedFocus
06-13 08:48:25.262 22832 22832 D InputTransport: Input channel constructed: fd=95
06-13 08:48:25.262 22832 22832 D InputTransport: Input channel destroyed: fd=103
06-13 08:48:25.447 22832 14668 D FILE_MANAGER: Serializing delivery /data/user/0/cz.gienger.mobile/files/finished/130AT1183508469/130AT1183508469.xml
06-13 08:48:25.447 22832 14668 D FILE_MANAGER: Null files:
06-13 08:48:25.531 22832 14668 D MYINTERCEPTOR: /GiengerService.svc/sendorder
06-13 08:48:25.532 22832 14668 D OkHttp : --> POST https://testsaig1.gienger.cz/GiengerService.svc/sendorder http/1.1
06-13 08:48:25.533 22832 14668 D OkHttp : Content-Type: text/raw
06-13 08:48:25.533 22832 14668 D OkHttp : Content-Length: 3485
06-13 08:48:25.533 22832 14668 D OkHttp : filename: 130AT1183508469.xml
06-13 08:48:25.533 22832 14668 D OkHttp : Checksum: 24da4e9014948c35d32da022d538b968
06-13 08:48:25.533 22832 14668 D OkHttp : token: 129e4d327aefdfee26f71a370bd1fd66
06-13 08:48:25.533 22832 14668 D OkHttp : --> END POST
06-13 08:48:25.917 22832 14668 D OkHttp : <-- 200 https://testsaig1.gienger.cz/GiengerService.svc/sendorder (383ms)
06-13 08:48:25.918 22832 14668 D OkHttp : content-type: application/xml; charset=utf-8
06-13 08:48:25.918 22832 14668 D OkHttp : server: Microsoft-IIS/10.0
06-13 08:48:25.918 22832 14668 D OkHttp : x-powered-by: ASP.NET
06-13 08:48:25.918 22832 14668 D OkHttp : date: Thu, 13 Jun 2019 06:48:25 GMT
06-13 08:48:25.919 22832 14668 D OkHttp : content-length: 175
06-13 08:48:25.919 22832 14668 D OkHttp : <-- END HTTP
06-13 08:48:25.926 22832 14668 D sendOrder_SUCCESS: 200
06-13 08:48:25.970 22832 14668 D MESSAGE_SERVICE: ACTION_RESEND_ORDERS
06-13 08:48:26.329 22832 22832 D AbsListView: in onLayout changed
06-13 08:48:26.661 22832 22832 D AbsListView: in onLayout changed
06-13 08:48:26.734 22832 22832 D TextView: SYANI: Clipboard API is calling: clearFilter()
06-13 08:48:26.734 22832 22832 D TextView: SYANI: Clipboard API is calling: unregisterClipboardEventListener()
06-13 08:48:26.742 22832 22832 D ViewRootImpl@ec53cf0[CancelDeliveryActivity]: mHardwareRenderer.destroy()#4
06-13 08:48:26.742 22832 22832 D ViewRootImpl@ec53cf0[CancelDeliveryActivity]: dispatchDetachedFromWindow
06-13 08:48:26.751 22832 22832 D InputTransport: Input channel destroyed: fd=109
06-13 08:48:26.751 22832 22832 D LOCATION_SERVICE: onDestroy
06-13 08:48:27.055 22832 22832 D ViewRootImpl@f8afd40[MainActivity]: ViewPostImeInputStage processPointer 0
06-13 08:48:27.101 22832 22832 D ViewRootImpl@f8afd40[MainActivity]: ViewPostImeInputStage processPointer 1
06-13 08:48:27.112 22832 22832 D item_click: viewId = 2131820758, position = 20
06-13 08:48:27.162 22832 22832 D ViewRootImpl@f8afd40[MainActivity]: MSG_WINDOW_FOCUS_CHANGED 0
06-13 08:48:27.222 22832 22832 D ScrollView: initGoToTop
06-13 08:48:27.293 22832 22832 D ViewRootImpl@9c9067f[CancelDeliveryActivity]: ThreadedRenderer.create() translucent=false
06-13 08:48:27.299 22832 22832 D InputTransport: Input channel constructed: fd=109
06-13 08:48:27.299 22832 22832 D ViewRootImpl@9c9067f[CancelDeliveryActivity]: setView = DecorView@fcca64c[CancelDeliveryActivity] touchMode=true
06-13 08:48:27.301 22832 22832 D LOCATION_SERVICE: LocationListener gps
06-13 08:48:27.302 22832 22832 D LOCATION_SERVICE: LocationListener network
06-13 08:48:27.303 22832 22832 D Graph : removeVertex() : insertDummyVertex, because there is no ancestor.
06-13 08:48:27.303 22832 22832 D LOCATION_SERVICE: onCreate
06-13 08:48:27.303 22832 22832 D LOCATION_SERVICE: initializeLocationManager
06-13 08:48:27.323 22832 22832 D LOCATION_SERVICE: onStartCommand
06-13 08:48:27.336 22832 22832 D ViewRootImpl@9c9067f[CancelDeliveryActivity]: dispatchAttachedToWindow
06-13 08:48:27.345 22832 22845 I art : Background sticky concurrent mark sweep GC freed 232689(9MB) AllocSpace objects, 10(200KB) LOS objects, 40% free, 14MB/24MB, paused 1.993ms total 123.649ms
06-13 08:48:27.378 22832 22832 D ViewRootImpl@9c9067f[CancelDeliveryActivity]: Relayout returned: oldFrame=[0,0][0,0] newFrame=[0,0][768,1024] result=0x27 surface={isValid=true -1873203200} surfaceGenerationChanged=true
06-13 08:48:27.379 22832 22832 D ViewRootImpl@9c9067f[CancelDeliveryActivity]: mHardwareRenderer.initialize() mSurface={isValid=true -1873203200} hwInitialized=true
06-13 08:48:27.384 22832 22832 D ScrollView: onsize change changed
06-13 08:48:27.432 22832 22832 D ViewRootImpl@9c9067f[CancelDeliveryActivity]: MSG_RESIZED_REPORT: frame=Rect(0, 0 - 768, 1024) ci=Rect(0, 24 - 0, 0) vi=Rect(0, 24 - 0, 0) or=1
06-13 08:48:27.432 22832 22832 D ViewRootImpl@9c9067f[CancelDeliveryActivity]: MSG_WINDOW_FOCUS_CHANGED 1
06-13 08:48:27.433 22832 22832 D ViewRootImpl@9c9067f[CancelDeliveryActivity]: mHardwareRenderer.initializeIfNeeded()#2 mSurface={isValid=true -1873203200}
06-13 08:48:27.437 22832 22832 V InputMethodManager: Starting input: tba=android.view.inputmethod.EditorInfo@dabd313 nm : cz.gienger.mobile ic=null
06-13 08:48:27.437 22832 22832 I InputMethodManager: startInputInner - mService.startInputOrWindowGainedFocus
06-13 08:48:27.450 22832 22832 D InputTransport: Input channel constructed: fd=118
06-13 08:48:27.450 22832 22832 D InputTransport: Input channel destroyed: fd=95
06-13 08:48:27.488 22832 22878 D OpenGLRenderer: endAllActiveAnimators on 0x944e5380 (RippleDrawable) with handle 0x918dc2c0
06-13 08:48:27.488 22832 22832 D ViewRootImpl@f8afd40[MainActivity]: mHardwareRenderer.destroy()#1
06-13 08:48:27.497 22832 22832 D ViewRootImpl@f8afd40[MainActivity]: Relayout returned: oldFrame=[0,0][768,1024] newFrame=[0,0][768,1024] result=0x5 surface={isValid=false 0} surfaceGenerationChanged=true
06-13 08:48:27.878 22832 22832 D ViewRootImpl@f8afd40[MainActivity]: Relayout returned: oldFrame=[0,0][768,1024] newFrame=[0,0][768,1024] result=0x5 surface={isValid=false 0} surfaceGenerationChanged=false
06-13 08:48:28.088 22832 22832 D ViewRootImpl@9c9067f[CancelDeliveryActivity]: ViewPostImeInputStage processPointer 0
06-13 08:48:28.139 22832 22832 D ViewRootImpl@9c9067f[CancelDeliveryActivity]: ViewPostImeInputStage processPointer 1
06-13 08:48:29.039 22832 22832 D ViewRootImpl@9c9067f[CancelDeliveryActivity]: ViewPostImeInputStage processPointer 0
06-13 08:48:29.089 22832 22832 D ViewRootImpl@9c9067f[CancelDeliveryActivity]: ViewPostImeInputStage processPointer 1
06-13 08:48:29.107 22832 22832 D UNDELIVERED: Reason ID = 7, Comment =
06-13 08:48:29.214 22832 22832 D ViewRootImpl@9c9067f[CancelDeliveryActivity]: MSG_WINDOW_FOCUS_CHANGED 0
06-13 08:48:29.219 22832 14674 D MESSAGE_SERVICE: ACTION_COMPRESS_AND_UPLOAD
06-13 08:48:29.278 22832 22832 D ViewRootImpl@f8afd40[MainActivity]: mHardwareRenderer.destroy()#4
06-13 08:48:29.278 22832 22832 D ViewRootImpl@f8afd40[MainActivity]: dispatchDetachedFromWindow
06-13 08:48:29.285 22832 22832 D InputTransport: Input channel destroyed: fd=100
06-13 08:48:29.558 22832 22832 D ViewRootImpl@e4adda5[MainActivity]: ThreadedRenderer.create() translucent=false
06-13 08:48:29.564 22832 22832 D InputTransport: Input channel constructed: fd=112
06-13 08:48:29.564 22832 22832 D ViewRootImpl@e4adda5[MainActivity]: setView = DecorView@806d57a[MainActivity] touchMode=true
06-13 08:48:29.585 22832 22878 D OpenGLRenderer: endAllActiveAnimators on 0x93b83380 (RippleDrawable) with handle 0x9090ac60
06-13 08:48:29.585 22832 22832 D ViewRootImpl@9c9067f[CancelDeliveryActivity]: mHardwareRenderer.destroy()#1
06-13 08:48:29.596 22832 22832 D ViewRootImpl@9c9067f[CancelDeliveryActivity]: Relayout returned: oldFrame=[0,0][768,1024] newFrame=[0,0][768,1024] result=0x5 surface={isValid=false 0} surfaceGenerationChanged=true
06-13 08:48:29.600 22832 22832 D ViewRootImpl@e4adda5[MainActivity]: dispatchAttachedToWindow
06-13 08:48:29.648 22832 22832 D ViewRootImpl@e4adda5[MainActivity]: Relayout returned: oldFrame=[0,0][0,0] newFrame=[0,0][768,1024] result=0x7 surface={isValid=true -1873203200} surfaceGenerationChanged=true
06-13 08:48:29.651 22832 22832 D ViewRootImpl@e4adda5[MainActivity]: mHardwareRenderer.initialize() mSurface={isValid=true -1873203200} hwInitialized=true
06-13 08:48:29.744 22832 22832 D AbsListView: in onLayout changed
06-13 08:48:29.802 22832 22832 D ViewRootImpl@e4adda5[MainActivity]: MSG_RESIZED_REPORT: frame=Rect(0, 0 - 768, 1024) ci=Rect(0, 24 - 0, 0) vi=Rect(0, 24 - 0, 0) or=1
06-13 08:48:29.803 22832 22832 D ViewRootImpl@e4adda5[MainActivity]: MSG_WINDOW_FOCUS_CHANGED 1
06-13 08:48:29.803 22832 22832 D ViewRootImpl@e4adda5[MainActivity]: mHardwareRenderer.initializeIfNeeded()#2 mSurface={isValid=true -1873203200}
06-13 08:48:29.804 22832 22832 V InputMethodManager: Starting input: tba=android.view.inputmethod.EditorInfo@979c331 nm : cz.gienger.mobile ic=null
06-13 08:48:29.804 22832 22832 I InputMethodManager: startInputInner - mService.startInputOrWindowGainedFocus
06-13 08:48:29.813 22832 22832 D InputTransport: Input channel constructed: fd=100
06-13 08:48:29.813 22832 22832 D InputTransport: Input channel destroyed: fd=118
06-13 08:48:29.943 22832 14674 D FILE_MANAGER: Serializing delivery /data/user/0/cz.gienger.mobile/files/finished/130AT1180325791/130AT1180325791.xml
06-13 08:48:29.943 22832 14674 D FILE_MANAGER: Null files:
06-13 08:48:30.023 22832 14674 D MYINTERCEPTOR: /GiengerService.svc/sendorder
06-13 08:48:30.023 22832 14674 D OkHttp : --> POST https://testsaig1.gienger.cz/GiengerService.svc/sendorder http/1.1
06-13 08:48:30.023 22832 14674 D OkHttp : Content-Type: text/raw
06-13 08:48:30.024 22832 14674 D OkHttp : Content-Length: 3314
06-13 08:48:30.024 22832 14674 D OkHttp : filename: 130AT1180325791.xml
06-13 08:48:30.024 22832 14674 D OkHttp : Checksum: 956404bf732e69729b9a8d233c3a91f2
06-13 08:48:30.024 22832 14674 D OkHttp : token: 129e4d327aefdfee26f71a370bd1fd66
06-13 08:48:30.024 22832 14674 D OkHttp : --> END POST
06-13 08:48:30.126 22832 14674 D OkHttp : <-- 200 https://testsaig1.gienger.cz/GiengerService.svc/sendorder (102ms)
06-13 08:48:30.126 22832 14674 D OkHttp : content-type: application/xml; charset=utf-8
06-13 08:48:30.126 22832 14674 D OkHttp : server: Microsoft-IIS/10.0
06-13 08:48:30.127 22832 14674 D OkHttp : x-powered-by: ASP.NET
06-13 08:48:30.127 22832 14674 D OkHttp : date: Thu, 13 Jun 2019 06:48:29 GMT
06-13 08:48:30.127 22832 14674 D OkHttp : content-length: 175
06-13 08:48:30.127 22832 14674 D OkHttp : <-- END HTTP
06-13 08:48:30.131 22832 14674 D sendOrder_SUCCESS: 200
06-13 08:48:30.158 22832 14674 D MESSAGE_SERVICE: ACTION_RESEND_ORDERS
06-13 08:48:30.499 22832 22832 D AbsListView: in onLayout changed
06-13 08:48:30.835 22832 22832 D AbsListView: in onLayout changed
06-13 08:48:30.914 22832 22832 D TextView: SYANI: Clipboard API is calling: clearFilter()
06-13 08:48:30.914 22832 22832 D TextView: SYANI: Clipboard API is calling: unregisterClipboardEventListener()
06-13 08:48:30.924 22832 22832 D ViewRootImpl@9c9067f[CancelDeliveryActivity]: mHardwareRenderer.destroy()#4
06-13 08:48:30.924 22832 22832 D ViewRootImpl@9c9067f[CancelDeliveryActivity]: dispatchDetachedFromWindow
06-13 08:48:30.937 22832 22832 D InputTransport: Input channel destroyed: fd=109
06-13 08:48:30.938 22832 22832 D LOCATION_SERVICE: onDestroy
06-13 08:48:30.967 22832 22832 D ViewRootImpl@e4adda5[MainActivity]: ViewPostImeInputStage processPointer 0
06-13 08:48:31.012 22832 22832 D AbsListView: reportScrollStateChange() newState : 1
06-13 08:48:31.391 22832 22832 D ViewRootImpl@e4adda5[MainActivity]: ViewPostImeInputStage processPointer 1
06-13 08:48:31.391 22832 22832 D AbsListView: onTouchUp() mTouchMode : 3
06-13 08:48:31.391 22832 22832 D AbsListView: onTouchUp() TOUCH_MODE_SCROLL initialVelocity : -374
06-13 08:48:31.391 22832 22832 D AbsListView: reportScrollStateChange() newState : 2
06-13 08:48:31.681 22832 22832 D AbsListView: reportScrollStateChange() newState : 0
06-13 08:48:31.832 22832 22832 D ViewRootImpl@e4adda5[MainActivity]: ViewPostImeInputStage processPointer 0
06-13 08:48:31.891 22832 22832 D ViewRootImpl@e4adda5[MainActivity]: ViewPostImeInputStage processPointer 1
06-13 08:48:31.904 22832 22832 D item_click: viewId = 2131820758, position = 21
06-13 08:48:31.955 22832 22832 D ViewRootImpl@e4adda5[MainActivity]: MSG_WINDOW_FOCUS_CHANGED 0
06-13 08:48:32.010 22832 22832 D ScrollView: initGoToTop
06-13 08:48:32.076 22832 22832 D ViewRootImpl@69c721f[CancelDeliveryActivity]: ThreadedRenderer.create() translucent=false
06-13 08:48:32.083 22832 22832 D InputTransport: Input channel constructed: fd=106
06-13 08:48:32.083 22832 22832 D ViewRootImpl@69c721f[CancelDeliveryActivity]: setView = DecorView@e5c396c[CancelDeliveryActivity] touchMode=true
06-13 08:48:32.085 22832 22832 D LOCATION_SERVICE: LocationListener gps
06-13 08:48:32.086 22832 22832 D LOCATION_SERVICE: LocationListener network
06-13 08:48:32.086 22832 22832 D LOCATION_SERVICE: onCreate
06-13 08:48:32.087 22832 22832 D LOCATION_SERVICE: initializeLocationManager
06-13 08:48:32.094 22832 22832 D LOCATION_SERVICE: onStartCommand
06-13 08:48:32.100 22832 22832 D ViewRootImpl@69c721f[CancelDeliveryActivity]: dispatchAttachedToWindow
06-13 08:48:32.143 22832 22832 D ViewRootImpl@69c721f[CancelDeliveryActivity]: Relayout returned: oldFrame=[0,0][0,0] newFrame=[0,0][768,1024] result=0x27 surface={isValid=true -1878097920} surfaceGenerationChanged=true
06-13 08:48:32.143 22832 22832 D ViewRootImpl@69c721f[CancelDeliveryActivity]: mHardwareRenderer.initialize() mSurface={isValid=true -1878097920} hwInitialized=true
06-13 08:48:32.149 22832 22832 D ScrollView: onsize change changed
06-13 08:48:32.195 22832 22832 D ViewRootImpl@69c721f[CancelDeliveryActivity]: MSG_RESIZED_REPORT: frame=Rect(0, 0 - 768, 1024) ci=Rect(0, 24 - 0, 0) vi=Rect(0, 24 - 0, 0) or=1
06-13 08:48:32.195 22832 22832 D ViewRootImpl@69c721f[CancelDeliveryActivity]: MSG_WINDOW_FOCUS_CHANGED 1
06-13 08:48:32.196 22832 22832 D ViewRootImpl@69c721f[CancelDeliveryActivity]: mHardwareRenderer.initializeIfNeeded()#2 mSurface={isValid=true -1878097920}
06-13 08:48:32.201 22832 22832 V InputMethodManager: Starting input: tba=android.view.inputmethod.EditorInfo@7316cb3 nm : cz.gienger.mobile ic=null
06-13 08:48:32.201 22832 22832 I InputMethodManager: startInputInner - mService.startInputOrWindowGainedFocus
06-13 08:48:32.209 22832 22832 D InputTransport: Input channel constructed: fd=109
06-13 08:48:32.209 22832 22832 D InputTransport: Input channel destroyed: fd=100
06-13 08:48:32.251 22832 22878 D OpenGLRenderer: endAllActiveAnimators on 0x9398db80 (RippleDrawable) with handle 0x9188d170
06-13 08:48:32.251 22832 22832 D ViewRootImpl@e4adda5[MainActivity]: mHardwareRenderer.destroy()#1
06-13 08:48:32.259 22832 22832 D ViewRootImpl@e4adda5[MainActivity]: Relayout returned: oldFrame=[0,0][768,1024] newFrame=[0,0][768,1024] result=0x5 surface={isValid=false 0} surfaceGenerationChanged=true
06-13 08:48:32.640 22832 22832 D ViewRootImpl@e4adda5[MainActivity]: Relayout returned: oldFrame=[0,0][768,1024] newFrame=[0,0][768,1024] result=0x5 surface={isValid=false 0} surfaceGenerationChanged=false
06-13 08:48:32.753 22832 22832 D ViewRootImpl@69c721f[CancelDeliveryActivity]: ViewPostImeInputStage processPointer 0
06-13 08:48:32.815 22832 22832 D ViewRootImpl@69c721f[CancelDeliveryActivity]: ViewPostImeInputStage processPointer 1
06-13 08:48:33.436 22832 22832 D ViewRootImpl@69c721f[CancelDeliveryActivity]: ViewPostImeInputStage processPointer 0
06-13 08:48:33.497 22832 22832 D ViewRootImpl@69c721f[CancelDeliveryActivity]: ViewPostImeInputStage processPointer 1
06-13 08:48:33.516 22832 22832 D UNDELIVERED: Reason ID = 8, Comment =
06-13 08:48:33.630 22832 22832 D ViewRootImpl@69c721f[CancelDeliveryActivity]: MSG_WINDOW_FOCUS_CHANGED 0
06-13 08:48:33.632 22832 14680 D MESSAGE_SERVICE: ACTION_COMPRESS_AND_UPLOAD
06-13 08:48:33.670 22832 22832 D ViewRootImpl@e4adda5[MainActivity]: mHardwareRenderer.destroy()#4
06-13 08:48:33.670 22832 22832 D ViewRootImpl@e4adda5[MainActivity]: dispatchDetachedFromWindow
06-13 08:48:33.677 22832 22832 D InputTransport: Input channel destroyed: fd=112
06-13 08:48:33.940 22832 22832 D ViewRootImpl@a8906af[MainActivity]: ThreadedRenderer.create() translucent=false
06-13 08:48:33.949 22832 22832 D InputTransport: Input channel constructed: fd=68
06-13 08:48:33.949 22832 22832 D ViewRootImpl@a8906af[MainActivity]: setView = DecorView@6bb5abc[MainActivity] touchMode=true
06-13 08:48:33.951 22832 22832 D ViewRootImpl@a8906af[MainActivity]: dispatchAttachedToWindow
06-13 08:48:34.017 22832 22832 D ViewRootImpl@a8906af[MainActivity]: Relayout returned: oldFrame=[0,0][0,0] newFrame=[0,0][768,1024] result=0x27 surface={isValid=true -1806753792} surfaceGenerationChanged=true
06-13 08:48:34.018 22832 22832 D ViewRootImpl@a8906af[MainActivity]: mHardwareRenderer.initialize() mSurface={isValid=true -1806753792} hwInitialized=true
06-13 08:48:34.120 22832 22832 D AbsListView: in onLayout changed
06-13 08:48:34.135 22832 22878 D OpenGLRenderer: endAllActiveAnimators on 0x91070f80 (RippleDrawable) with handle 0x92fa2ef0
06-13 08:48:34.135 22832 22832 D ViewRootImpl@69c721f[CancelDeliveryActivity]: mHardwareRenderer.destroy()#1
06-13 08:48:34.144 22832 22832 D ViewRootImpl@69c721f[CancelDeliveryActivity]: Relayout returned: oldFrame=[0,0][768,1024] newFrame=[0,0][768,1024] result=0x5 surface={isValid=false 0} surfaceGenerationChanged=true
06-13 08:48:34.209 22832 22832 D ViewRootImpl@a8906af[MainActivity]: MSG_RESIZED_REPORT: frame=Rect(0, 0 - 768, 1024) ci=Rect(0, 24 - 0, 0) vi=Rect(0, 24 - 0, 0) or=1
06-13 08:48:34.209 22832 22832 D ViewRootImpl@a8906af[MainActivity]: MSG_WINDOW_FOCUS_CHANGED 1
06-13 08:48:34.210 22832 22832 D ViewRootImpl@a8906af[MainActivity]: mHardwareRenderer.initializeIfNeeded()#2 mSurface={isValid=true -1806753792}
06-13 08:48:34.211 22832 22832 V InputMethodManager: Starting input: tba=android.view.inputmethod.EditorInfo@16fee6b nm : cz.gienger.mobile ic=null
06-13 08:48:34.211 22832 22832 I InputMethodManager: startInputInner - mService.startInputOrWindowGainedFocus
06-13 08:48:34.219 22832 22832 D InputTransport: Input channel constructed: fd=66
06-13 08:48:34.219 22832 22832 D InputTransport: Input channel destroyed: fd=109
06-13 08:48:34.362 22832 14680 D FILE_MANAGER: Serializing delivery /data/user/0/cz.gienger.mobile/files/finished/130AT1180325798/130AT1180325798.xml
06-13 08:48:34.362 22832 14680 D FILE_MANAGER: Null files:
06-13 08:48:34.436 22832 14680 D MYINTERCEPTOR: /GiengerService.svc/sendorder
06-13 08:48:34.437 22832 14680 D OkHttp : --> POST https://testsaig1.gienger.cz/GiengerService.svc/sendorder http/1.1
06-13 08:48:34.437 22832 14680 D OkHttp : Content-Type: text/raw
06-13 08:48:34.438 22832 14680 D OkHttp : Content-Length: 2983
06-13 08:48:34.438 22832 14680 D OkHttp : filename: 130AT1180325798.xml
06-13 08:48:34.438 22832 14680 D OkHttp : Checksum: 6a1f6bc9134072ada0b87b42857a7a0e
06-13 08:48:34.438 22832 14680 D OkHttp : token: 129e4d327aefdfee26f71a370bd1fd66
06-13 08:48:34.438 22832 14680 D OkHttp : --> END POST
06-13 08:48:34.530 22832 14680 D OkHttp : <-- 200 https://testsaig1.gienger.cz/GiengerService.svc/sendorder (91ms)
06-13 08:48:34.530 22832 14680 D OkHttp : content-type: application/xml; charset=utf-8
06-13 08:48:34.530 22832 14680 D OkHttp : server: Microsoft-IIS/10.0
06-13 08:48:34.530 22832 14680 D OkHttp : x-powered-by: ASP.NET
06-13 08:48:34.530 22832 14680 D OkHttp : date: Thu, 13 Jun 2019 06:48:33 GMT
06-13 08:48:34.530 22832 14680 D OkHttp : content-length: 175
06-13 08:48:34.530 22832 14680 D OkHttp : <-- END HTTP
06-13 08:48:34.535 22832 14680 D sendOrder_SUCCESS: 200
06-13 08:48:34.569 22832 14680 D MESSAGE_SERVICE: ACTION_RESEND_ORDERS
06-13 08:48:34.893 22832 22832 D AbsListView: in onLayout changed
06-13 08:48:35.201 22832 22832 D AbsListView: in onLayout changed
06-13 08:48:35.268 22832 22832 D TextView: SYANI: Clipboard API is calling: clearFilter()
06-13 08:48:35.268 22832 22832 D TextView: SYANI: Clipboard API is calling: unregisterClipboardEventListener()
06-13 08:48:35.276 22832 22832 D ViewRootImpl@69c721f[CancelDeliveryActivity]: mHardwareRenderer.destroy()#4
06-13 08:48:35.276 22832 22832 D ViewRootImpl@69c721f[CancelDeliveryActivity]: dispatchDetachedFromWindow
06-13 08:48:35.283 22832 22832 D InputTransport: Input channel destroyed: fd=106
06-13 08:48:35.283 22832 22832 D LOCATION_SERVICE: onDestroy
06-13 08:48:35.728 22832 22832 D ViewRootImpl@a8906af[MainActivity]: ViewPostImeInputStage processPointer 0
06-13 08:48:35.789 22832 22832 D AbsListView: reportScrollStateChange() newState : 1
06-13 08:48:36.136 22832 22832 D ViewRootImpl@a8906af[MainActivity]: ViewPostImeInputStage processPointer 1
06-13 08:48:36.137 22832 22832 D AbsListView: onTouchUp() mTouchMode : 3
06-13 08:48:36.137 22832 22832 D AbsListView: onTouchUp() TOUCH_MODE_SCROLL initialVelocity : 57
06-13 08:48:36.137 22832 22832 D AbsListView: reportScrollStateChange() newState : 2
06-13 08:48:36.224 22832 22832 D AbsListView: reportScrollStateChange() newState : 0
06-13 08:48:36.461 22832 22832 D ViewRootImpl@a8906af[MainActivity]: ViewPostImeInputStage processPointer 0
06-13 08:48:36.542 22832 22832 D ViewRootImpl@a8906af[MainActivity]: ViewPostImeInputStage processPointer 1
06-13 08:48:36.551 22832 22832 D item_click: viewId = 2131820758, position = 22
06-13 08:48:36.603 22832 22832 D ViewRootImpl@a8906af[MainActivity]: MSG_WINDOW_FOCUS_CHANGED 0
06-13 08:48:36.669 22832 22832 D ScrollView: initGoToTop
06-13 08:48:36.732 22832 22832 D ViewRootImpl@8f7f10d[CancelDeliveryActivity]: ThreadedRenderer.create() translucent=false
06-13 08:48:36.736 22832 22832 D InputTransport: Input channel constructed: fd=106
06-13 08:48:36.736 22832 22832 D ViewRootImpl@8f7f10d[CancelDeliveryActivity]: setView = DecorView@a11c8c2[CancelDeliveryActivity] touchMode=true
06-13 08:48:36.737 22832 22832 D LOCATION_SERVICE: LocationListener gps
06-13 08:48:36.738 22832 22832 D LOCATION_SERVICE: LocationListener network
06-13 08:48:36.739 22832 22832 D LOCATION_SERVICE: onCreate
06-13 08:48:36.739 22832 22832 D LOCATION_SERVICE: initializeLocationManager
06-13 08:48:36.753 22832 22832 D LOCATION_SERVICE: onStartCommand
06-13 08:48:36.759 22832 22832 D ViewRootImpl@8f7f10d[CancelDeliveryActivity]: dispatchAttachedToWindow
06-13 08:48:36.804 22832 22832 D ViewRootImpl@8f7f10d[CancelDeliveryActivity]: Relayout returned: oldFrame=[0,0][0,0] newFrame=[0,0][768,1024] result=0x27 surface={isValid=true -1852856320} surfaceGenerationChanged=true
06-13 08:48:36.805 22832 22832 D ViewRootImpl@8f7f10d[CancelDeliveryActivity]: mHardwareRenderer.initialize() mSurface={isValid=true -1852856320} hwInitialized=true
06-13 08:48:36.810 22832 22832 D ScrollView: onsize change changed
06-13 08:48:36.869 22832 22832 D ViewRootImpl@8f7f10d[CancelDeliveryActivity]: MSG_RESIZED_REPORT: frame=Rect(0, 0 - 768, 1024) ci=Rect(0, 24 - 0, 0) vi=Rect(0, 24 - 0, 0) or=1
06-13 08:48:36.869 22832 22832 D ViewRootImpl@8f7f10d[CancelDeliveryActivity]: MSG_WINDOW_FOCUS_CHANGED 1
06-13 08:48:36.869 22832 22832 D ViewRootImpl@8f7f10d[CancelDeliveryActivity]: mHardwareRenderer.initializeIfNeeded()#2 mSurface={isValid=true -1852856320}
06-13 08:48:36.874 22832 22832 V InputMethodManager: Starting input: tba=android.view.inputmethod.EditorInfo@beb5841 nm : cz.gienger.mobile ic=null
06-13 08:48:36.874 22832 22832 I InputMethodManager: startInputInner - mService.startInputOrWindowGainedFocus
06-13 08:48:36.881 22832 22832 D InputTransport: Input channel constructed: fd=109
06-13 08:48:36.881 22832 22832 D InputTransport: Input channel destroyed: fd=66
06-13 08:48:36.926 22832 22878 D OpenGLRenderer: endAllActiveAnimators on 0x939e3800 (RippleDrawable) with handle 0x944d20d0
06-13 08:48:36.926 22832 22832 D ViewRootImpl@a8906af[MainActivity]: mHardwareRenderer.destroy()#1
06-13 08:48:36.934 22832 22832 D ViewRootImpl@a8906af[MainActivity]: Relayout returned: oldFrame=[0,0][768,1024] newFrame=[0,0][768,1024] result=0x5 surface={isValid=false 0} surfaceGenerationChanged=true
06-13 08:48:37.335 22832 22832 D ViewRootImpl@a8906af[MainActivity]: Relayout returned: oldFrame=[0,0][768,1024] newFrame=[0,0][768,1024] result=0x5 surface={isValid=false 0} surfaceGenerationChanged=false
06-13 08:48:37.336 22832 22832 D LOCATION_SERVICE: onLocationChanged: Location[network 49,191226,17,534652 acc=21 et=+19h3m10s258ms alt=0.0 vel=0.0 bear=0.0 {Bundle[mParcelledData.dataSize=80]}]
06-13 08:48:37.480 22832 22832 D ViewRootImpl@8f7f10d[CancelDeliveryActivity]: ViewPostImeInputStage processPointer 0
06-13 08:48:37.554 22832 22832 D ViewRootImpl@8f7f10d[CancelDeliveryActivity]: ViewPostImeInputStage processPointer 1
06-13 08:48:38.295 22832 22832 D ViewRootImpl@8f7f10d[CancelDeliveryActivity]: ViewPostImeInputStage processPointer 0
06-13 08:48:38.345 22832 22832 D ViewRootImpl@8f7f10d[CancelDeliveryActivity]: ViewPostImeInputStage processPointer 1
06-13 08:48:39.008 22832 22832 D ViewRootImpl@8f7f10d[CancelDeliveryActivity]: ViewPostImeInputStage processPointer 0
06-13 08:48:39.059 22832 22832 D ViewRootImpl@8f7f10d[CancelDeliveryActivity]: ViewPostImeInputStage processPointer 1
06-13 08:48:39.076 22832 22832 D UNDELIVERED: Reason ID = 10, Comment =
06-13 08:48:39.198 22832 22832 D ViewRootImpl@8f7f10d[CancelDeliveryActivity]: MSG_WINDOW_FOCUS_CHANGED 0
06-13 08:48:39.201 22832 14686 D MESSAGE_SERVICE: ACTION_COMPRESS_AND_UPLOAD
06-13 08:48:39.250 22832 22832 D ViewRootImpl@a8906af[MainActivity]: mHardwareRenderer.destroy()#4
06-13 08:48:39.250 22832 22832 D ViewRootImpl@a8906af[MainActivity]: dispatchDetachedFromWindow
06-13 08:48:39.257 22832 22832 D InputTransport: Input channel destroyed: fd=68
06-13 08:48:39.286 22832 22855 W art : Clearing bad or obsolete profile data from file /data/misc/profiles/cur/0/cz.gienger.mobile/primary.prof: Profile EOF reached prematurely for ReadProfileHeader
06-13 08:48:39.532 22832 22832 D ViewRootImpl@9095d5e[MainActivity]: ThreadedRenderer.create() translucent=false
06-13 08:48:39.536 22832 22832 D InputTransport: Input channel constructed: fd=112
06-13 08:48:39.536 22832 22832 D ViewRootImpl@9095d5e[MainActivity]: setView = DecorView@823953f[MainActivity] touchMode=true
06-13 08:48:39.538 22832 22832 D ViewRootImpl@9095d5e[MainActivity]: dispatchAttachedToWindow
06-13 08:48:39.595 22832 22832 D ViewRootImpl@9095d5e[MainActivity]: Relayout returned: oldFrame=[0,0][0,0] newFrame=[0,0][768,1024] result=0x27 surface={isValid=true -1809901568} surfaceGenerationChanged=true
06-13 08:48:39.596 22832 22832 D ViewRootImpl@9095d5e[MainActivity]: mHardwareRenderer.initialize() mSurface={isValid=true -1809901568} hwInitialized=true
06-13 08:48:39.654 22832 22832 D AbsListView: in onLayout changed
06-13 08:48:39.672 22832 22878 D OpenGLRenderer: endAllActiveAnimators on 0x926da200 (RippleDrawable) with handle 0x94562790
06-13 08:48:39.672 22832 22832 D ViewRootImpl@8f7f10d[CancelDeliveryActivity]: mHardwareRenderer.destroy()#1
06-13 08:48:39.685 22832 22832 D ViewRootImpl@8f7f10d[CancelDeliveryActivity]: Relayout returned: oldFrame=[0,0][768,1024] newFrame=[0,0][768,1024] result=0x5 surface={isValid=false 0} surfaceGenerationChanged=true
06-13 08:48:39.744 22832 22832 D ViewRootImpl@9095d5e[MainActivity]: MSG_RESIZED_REPORT: frame=Rect(0, 0 - 768, 1024) ci=Rect(0, 24 - 0, 0) vi=Rect(0, 24 - 0, 0) or=1
06-13 08:48:39.744 22832 22832 D ViewRootImpl@9095d5e[MainActivity]: MSG_WINDOW_FOCUS_CHANGED 1
06-13 08:48:39.744 22832 22832 D ViewRootImpl@9095d5e[MainActivity]: mHardwareRenderer.initializeIfNeeded()#2 mSurface={isValid=true -1809901568}
06-13 08:48:39.746 22832 22832 V InputMethodManager: Starting input: tba=android.view.inputmethod.EditorInfo@d11ec0b nm : cz.gienger.mobile ic=null
06-13 08:48:39.746 22832 22832 I InputMethodManager: startInputInner - mService.startInputOrWindowGainedFocus
06-13 08:48:39.754 22832 22832 D InputTransport: Input channel constructed: fd=68
06-13 08:48:39.754 22832 22832 D InputTransport: Input channel destroyed: fd=109
06-13 08:48:39.922 22832 14686 D FILE_MANAGER: Serializing delivery /data/user/0/cz.gienger.mobile/files/finished/130AT1180325857/130AT1180325857.xml
06-13 08:48:39.922 22832 14686 D FILE_MANAGER: Null files:
06-13 08:48:40.011 22832 14686 D MYINTERCEPTOR: /GiengerService.svc/sendorder
06-13 08:48:40.012 22832 14686 D OkHttp : --> POST https://testsaig1.gienger.cz/GiengerService.svc/sendorder http/1.1
06-13 08:48:40.012 22832 14686 D OkHttp : Content-Type: text/raw
06-13 08:48:40.012 22832 14686 D OkHttp : Content-Length: 2610
06-13 08:48:40.012 22832 14686 D OkHttp : filename: 130AT1180325857.xml
06-13 08:48:40.013 22832 14686 D OkHttp : Checksum: 47b37ee2bd655edbae8454042e504780
06-13 08:48:40.013 22832 14686 D OkHttp : token: 129e4d327aefdfee26f71a370bd1fd66
06-13 08:48:40.013 22832 14686 D OkHttp : --> END POST
06-13 08:48:40.102 22832 14686 D OkHttp : <-- 200 https://testsaig1.gienger.cz/GiengerService.svc/sendorder (89ms)
06-13 08:48:40.103 22832 14686 D OkHttp : content-type: application/xml; charset=utf-8
06-13 08:48:40.103 22832 14686 D OkHttp : server: Microsoft-IIS/10.0
06-13 08:48:40.103 22832 14686 D OkHttp : x-powered-by: ASP.NET
06-13 08:48:40.103 22832 14686 D OkHttp : date: Thu, 13 Jun 2019 06:48:39 GMT
06-13 08:48:40.103 22832 14686 D OkHttp : content-length: 175
06-13 08:48:40.103 22832 14686 D OkHttp : <-- END HTTP
06-13 08:48:40.107 22832 14686 D sendOrder_SUCCESS: 200
06-13 08:48:40.135 22832 14686 D MESSAGE_SERVICE: ACTION_RESEND_ORDERS
06-13 08:48:40.433 22832 22832 D AbsListView: in onLayout changed
06-13 08:48:40.713 22832 22832 D AbsListView: in onLayout changed
06-13 08:48:40.775 22832 22832 D TextView: SYANI: Clipboard API is calling: clearFilter()
06-13 08:48:40.776 22832 22832 D TextView: SYANI: Clipboard API is calling: unregisterClipboardEventListener()
06-13 08:48:40.785 22832 22832 D ViewRootImpl@8f7f10d[CancelDeliveryActivity]: mHardwareRenderer.destroy()#4
06-13 08:48:40.785 22832 22832 D ViewRootImpl@8f7f10d[CancelDeliveryActivity]: dispatchDetachedFromWindow
06-13 08:48:40.792 22832 22832 D InputTransport: Input channel destroyed: fd=106
06-13 08:48:40.793 22832 22832 D LOCATION_SERVICE: onDestroy
06-13 08:48:40.876 22832 22832 D ViewRootImpl@9095d5e[MainActivity]: ViewPostImeInputStage processPointer 0
06-13 08:48:40.885 22832 22845 I art : Background partial concurrent mark sweep GC freed 228456(10MB) AllocSpace objects, 25(568KB) LOS objects, 48% free, 12MB/24MB, paused 2.249ms total 190.219ms
06-13 08:48:40.948 22832 22832 D ViewRootImpl@9095d5e[MainActivity]: ViewPostImeInputStage processPointer 1
06-13 08:48:40.959 22832 22832 D item_click: viewId = 2131820758, position = 23
06-13 08:48:41.007 22832 22832 D ViewRootImpl@9095d5e[MainActivity]: MSG_WINDOW_FOCUS_CHANGED 0
06-13 08:48:41.036 22832 22832 D Graph : removeVertex() : insertDummyVertex, because there is no ancestor.
06-13 08:48:41.036 22832 22832 D Graph : removeVertex() : insertDummyVertex, because there is no ancestor.
06-13 08:48:41.036 22832 22832 D Graph : removeVertex() : insertDummyVertex, because there is no ancestor.
06-13 08:48:41.066 22832 22832 D ScrollView: initGoToTop
06-13 08:48:41.128 22832 22832 D ViewRootImpl@debeab6[CancelDeliveryActivity]: ThreadedRenderer.create() translucent=false
06-13 08:48:41.132 22832 22832 D InputTransport: Input channel constructed: fd=100
06-13 08:48:41.132 22832 22832 D ViewRootImpl@debeab6[CancelDeliveryActivity]: setView = DecorView@dba93b7[CancelDeliveryActivity] touchMode=true
06-13 08:48:41.137 22832 22832 D LOCATION_SERVICE: LocationListener gps
06-13 08:48:41.138 22832 22832 D LOCATION_SERVICE: LocationListener network
06-13 08:48:41.139 22832 22832 D LOCATION_SERVICE: onCreate
06-13 08:48:41.139 22832 22832 D LOCATION_SERVICE: initializeLocationManager
06-13 08:48:41.150 22832 22832 D LOCATION_SERVICE: onStartCommand
06-13 08:48:41.169 22832 22832 D ViewRootImpl@debeab6[CancelDeliveryActivity]: dispatchAttachedToWindow
06-13 08:48:41.214 22832 22832 D ViewRootImpl@debeab6[CancelDeliveryActivity]: Relayout returned: oldFrame=[0,0][0,0] newFrame=[0,0][768,1024] result=0x27 surface={isValid=true -1878378496} surfaceGenerationChanged=true
06-13 08:48:41.215 22832 22832 D ViewRootImpl@debeab6[CancelDeliveryActivity]: mHardwareRenderer.initialize() mSurface={isValid=true -1878378496} hwInitialized=true
06-13 08:48:41.221 22832 22832 D ScrollView: onsize change changed
06-13 08:48:41.263 22832 22832 D ViewRootImpl@debeab6[CancelDeliveryActivity]: MSG_RESIZED_REPORT: frame=Rect(0, 0 - 768, 1024) ci=Rect(0, 24 - 0, 0) vi=Rect(0, 24 - 0, 0) or=1
06-13 08:48:41.264 22832 22832 D ViewRootImpl@debeab6[CancelDeliveryActivity]: MSG_WINDOW_FOCUS_CHANGED 1
06-13 08:48:41.264 22832 22832 D ViewRootImpl@debeab6[CancelDeliveryActivity]: mHardwareRenderer.initializeIfNeeded()#2 mSurface={isValid=true -1878378496}
06-13 08:48:41.272 22832 22832 V InputMethodManager: Starting input: tba=android.view.inputmethod.EditorInfo@218d19a nm : cz.gienger.mobile ic=null
06-13 08:48:41.272 22832 22832 I InputMethodManager: startInputInner - mService.startInputOrWindowGainedFocus
06-13 08:48:41.280 22832 22832 D InputTransport: Input channel constructed: fd=139
06-13 08:48:41.280 22832 22832 D InputTransport: Input channel destroyed: fd=68
06-13 08:48:41.365 22832 22878 D OpenGLRenderer: endAllActiveAnimators on 0x92feb500 (RippleDrawable) with handle 0x900a40f0
06-13 08:48:41.365 22832 22832 D ViewRootImpl@9095d5e[MainActivity]: mHardwareRenderer.destroy()#1
06-13 08:48:41.399 22832 22832 D ViewRootImpl@9095d5e[MainActivity]: Relayout returned: oldFrame=[0,0][768,1024] newFrame=[0,0][768,1024] result=0x5 surface={isValid=false 0} surfaceGenerationChanged=true
06-13 08:48:41.744 22832 22832 D ViewRootImpl@9095d5e[MainActivity]: Relayout returned: oldFrame=[0,0][768,1024] newFrame=[0,0][768,1024] result=0x5 surface={isValid=false 0} surfaceGenerationChanged=false
06-13 08:48:41.898 22832 22832 D ViewRootImpl@debeab6[CancelDeliveryActivity]: ViewPostImeInputStage processPointer 0
06-13 08:48:41.981 22832 22832 D ViewRootImpl@debeab6[CancelDeliveryActivity]: ViewPostImeInputStage processPointer 1
06-13 08:48:42.637 22832 22832 D ViewRootImpl@debeab6[CancelDeliveryActivity]: ViewPostImeInputStage processPointer 0
06-13 08:48:42.695 22832 22832 D ViewRootImpl@debeab6[CancelDeliveryActivity]: ViewPostImeInputStage processPointer 1
06-13 08:48:43.080 22832 22832 D ViewRootImpl@debeab6[CancelDeliveryActivity]: ViewPostImeInputStage processPointer 0
06-13 08:48:43.129 22832 22832 D ViewRootImpl@debeab6[CancelDeliveryActivity]: ViewPostImeInputStage processPointer 1
06-13 08:48:43.152 22832 22832 D UNDELIVERED: Reason ID = 8, Comment =
06-13 08:48:43.251 22832 22832 D ViewRootImpl@debeab6[CancelDeliveryActivity]: MSG_WINDOW_FOCUS_CHANGED 0
06-13 08:48:43.252 22832 14693 D MESSAGE_SERVICE: ACTION_COMPRESS_AND_UPLOAD
06-13 08:48:43.297 22832 22832 D ViewRootImpl@9095d5e[MainActivity]: mHardwareRenderer.destroy()#4
06-13 08:48:43.297 22832 22832 D ViewRootImpl@9095d5e[MainActivity]: dispatchDetachedFromWindow
06-13 08:48:43.303 22832 22832 D InputTransport: Input channel destroyed: fd=112
06-13 08:48:43.582 22832 22832 D ViewRootImpl@ef17986[MainActivity]: ThreadedRenderer.create() translucent=false
06-13 08:48:43.586 22832 22832 D InputTransport: Input channel constructed: fd=119
06-13 08:48:43.586 22832 22832 D ViewRootImpl@ef17986[MainActivity]: setView = DecorView@37bc247[MainActivity] touchMode=true
06-13 08:48:43.588 22832 22832 D ViewRootImpl@ef17986[MainActivity]: dispatchAttachedToWindow
06-13 08:48:43.652 22832 22832 D ViewRootImpl@ef17986[MainActivity]: Relayout returned: oldFrame=[0,0][0,0] newFrame=[0,0][768,1024] result=0x27 surface={isValid=true -1844561920} surfaceGenerationChanged=true
06-13 08:48:43.652 22832 22832 D ViewRootImpl@ef17986[MainActivity]: mHardwareRenderer.initialize() mSurface={isValid=true -1844561920} hwInitialized=true
06-13 08:48:43.736 22832 22832 D AbsListView: in onLayout changed
06-13 08:48:43.752 22832 22878 D OpenGLRenderer: endAllActiveAnimators on 0x9194ce80 (RippleDrawable) with handle 0x905acc70
06-13 08:48:43.752 22832 22832 D ViewRootImpl@debeab6[CancelDeliveryActivity]: mHardwareRenderer.destroy()#1
06-13 08:48:43.761 22832 22832 D ViewRootImpl@debeab6[CancelDeliveryActivity]: Relayout returned: oldFrame=[0,0][768,1024] newFrame=[0,0][768,1024] result=0x5 surface={isValid=false 0} surfaceGenerationChanged=true
06-13 08:48:43.820 22832 22832 D ViewRootImpl@ef17986[MainActivity]: MSG_RESIZED_REPORT: frame=Rect(0, 0 - 768, 1024) ci=Rect(0, 24 - 0, 0) vi=Rect(0, 24 - 0, 0) or=1
06-13 08:48:43.820 22832 22832 D ViewRootImpl@ef17986[MainActivity]: MSG_WINDOW_FOCUS_CHANGED 1
06-13 08:48:43.820 22832 22832 D ViewRootImpl@ef17986[MainActivity]: mHardwareRenderer.initializeIfNeeded()#2 mSurface={isValid=true -1844561920}
06-13 08:48:43.821 22832 22832 V InputMethodManager: Starting input: tba=android.view.inputmethod.EditorInfo@bba298a nm : cz.gienger.mobile ic=null
06-13 08:48:43.822 22832 22832 I InputMethodManager: startInputInner - mService.startInputOrWindowGainedFocus
06-13 08:48:43.830 22832 22832 D InputTransport: Input channel constructed: fd=68
06-13 08:48:43.830 22832 22832 D InputTransport: Input channel destroyed: fd=139
06-13 08:48:43.974 22832 14693 D FILE_MANAGER: Serializing delivery /data/user/0/cz.gienger.mobile/files/finished/130AT1183508344/130AT1183508344.xml
06-13 08:48:43.974 22832 14693 D FILE_MANAGER: Null files:
06-13 08:48:44.053 22832 14693 D MYINTERCEPTOR: /GiengerService.svc/sendorder
06-13 08:48:44.053 22832 14693 D OkHttp : --> POST https://testsaig1.gienger.cz/GiengerService.svc/sendorder http/1.1
06-13 08:48:44.054 22832 14693 D OkHttp : Content-Type: text/raw
06-13 08:48:44.054 22832 14693 D OkHttp : Content-Length: 2894
06-13 08:48:44.054 22832 14693 D OkHttp : filename: 130AT1183508344.xml
