06-13 08:47:49.632 22832 22832 D InputTransport: Input channel destroyed: fd=70
06-13 08:47:49.632 22832 22832 D LOCATION_SERVICE: onDestroy
06-13 08:47:49.728 22832 22832 D ViewRootImpl@79babc9[MainActivity]: ViewPostImeInputStage processPointer 0
06-13 08:47:49.754 22832 22832 D AbsListView: reportScrollStateChange() newState : 1
06-13 08:47:50.139 22832 22832 D ViewRootImpl@79babc9[MainActivity]: ViewPostImeInputStage processPointer 1
06-13 08:47:50.139 22832 22832 D AbsListView: onTouchUp() mTouchMode : 3
06-13 08:47:50.139 22832 22832 D AbsListView: onTouchUp() TOUCH_MODE_SCROLL initialVelocity : -1109
06-13 08:47:50.140 22832 22832 D AbsListView: reportScrollStateChange() newState : 2
06-13 08:47:50.536 22832 22832 D ViewRootImpl@79babc9[MainActivity]: ViewPostImeInputStage processPointer 0
06-13 08:47:50.665 22832 22832 D ViewRootImpl@79babc9[MainActivity]: ViewPostImeInputStage processPointer 1
06-13 08:47:50.665 22832 22832 D AbsListView: onTouchUp() mTouchMode : 3
06-13 08:47:50.665 22832 22832 D AbsListView: onTouchUp() TOUCH_MODE_SCROLL initialVelocity : -7837
06-13 08:47:51.007 22832 22832 D AbsListView: reportScrollStateChange() newState : 0
06-13 08:47:52.285 22832 22832 D ViewRootImpl@79babc9[MainActivity]: ViewPostImeInputStage processPointer 0
06-13 08:47:52.310 22832 22832 D AbsListView: reportScrollStateChange() newState : 1
06-13 08:47:52.399 22832 22832 D ViewRootImpl@79babc9[MainActivity]: ViewPostImeInputStage processPointer 1
06-13 08:47:52.399 22832 22832 D AbsListView: onTouchUp() mTouchMode : 3
06-13 08:47:52.399 22832 22832 D AbsListView: onTouchUp() TOUCH_MODE_SCROLL initialVelocity : 3550
06-13 08:47:52.399 22832 22832 D AbsListView: reportScrollStateChange() newState : 2
06-13 08:47:52.767 22832 22832 D ViewRootImpl@79babc9[MainActivity]: ViewPostImeInputStage processPointer 0
06-13 08:47:52.810 22832 22832 D AbsListView: reportScrollStateChange() newState : 0
06-13 08:47:52.811 22832 22832 D AbsListView: reportScrollStateChange() newState : 1
06-13 08:47:53.097 22832 22832 D ViewRootImpl@79babc9[MainActivity]: ViewPostImeInputStage processPointer 1
06-13 08:47:53.097 22832 22832 D AbsListView: onTouchUp() mTouchMode : 3
06-13 08:47:53.097 22832 22832 D AbsListView: onTouchUp() TOUCH_MODE_SCROLL initialVelocity : 1457
06-13 08:47:53.097 22832 22832 D AbsListView: reportScrollStateChange() newState : 2
06-13 08:47:53.753 22832 22832 D ViewRootImpl@79babc9[MainActivity]: ViewPostImeInputStage processPointer 0
06-13 08:47:53.876 22832 22832 D AbsListView: reportScrollStateChange() newState : 0
06-13 08:47:53.877 22832 22832 D AbsListView: reportScrollStateChange() newState : 1
06-13 08:47:53.934 22832 22832 D ViewRootImpl@79babc9[MainActivity]: ViewPostImeInputStage processPointer 1
06-13 08:47:53.934 22832 22832 D AbsListView: onTouchUp() mTouchMode : 3
06-13 08:47:53.934 22832 22832 D AbsListView: onTouchUp() TOUCH_MODE_SCROLL initialVelocity : 1690
06-13 08:47:53.934 22832 22832 D AbsListView: reportScrollStateChange() newState : 2
06-13 08:47:54.603 22832 22832 D ViewRootImpl@79babc9[MainActivity]: ViewPostImeInputStage processPointer 0
06-13 08:47:54.645 22832 22832 D AbsListView: reportScrollStateChange() newState : 0
06-13 08:47:54.647 22832 22832 D AbsListView: reportScrollStateChange() newState : 1
06-13 08:47:54.826 22832 22832 D ViewRootImpl@79babc9[MainActivity]: ViewPostImeInputStage processPointer 1
06-13 08:47:54.826 22832 22832 D AbsListView: onTouchUp() mTouchMode : 3
06-13 08:47:54.826 22832 22832 D AbsListView: onTouchUp() TOUCH_MODE_SCROLL initialVelocity : -26
06-13 08:47:54.826 22832 22832 D AbsListView: reportScrollStateChange() newState : 0
06-13 08:47:55.148 22832 22832 D ViewRootImpl@79babc9[MainActivity]: ViewPostImeInputStage processPointer 0
06-13 08:47:55.229 22832 22832 D ViewRootImpl@79babc9[MainActivity]: ViewPostImeInputStage processPointer 1
06-13 08:47:55.254 22832 22832 D item_click: viewId = 2131820758, position = 14
06-13 08:47:55.303 22832 22832 D ViewRootImpl@79babc9[MainActivity]: MSG_WINDOW_FOCUS_CHANGED 0
06-13 08:47:55.368 22832 22832 D ScrollView: initGoToTop
06-13 08:47:55.457 22832 22832 D ViewRootImpl@2eaa4d2[CancelDeliveryActivity]: ThreadedRenderer.create() translucent=false
06-13 08:47:55.461 22832 22832 D InputTransport: Input channel constructed: fd=70
06-13 08:47:55.461 22832 22832 D ViewRootImpl@2eaa4d2[CancelDeliveryActivity]: setView = DecorView@88c59a3[CancelDeliveryActivity] touchMode=true
06-13 08:47:55.469 22832 22832 D ViewRootImpl@2eaa4d2[CancelDeliveryActivity]: dispatchAttachedToWindow
06-13 08:47:55.513 22832 22832 D ViewRootImpl@2eaa4d2[CancelDeliveryActivity]: Relayout returned: oldFrame=[0,0][0,0] newFrame=[0,0][768,1024] result=0x27 surface={isValid=true -1807187968} surfaceGenerationChanged=true
06-13 08:47:55.514 22832 22832 D ViewRootImpl@2eaa4d2[CancelDeliveryActivity]: mHardwareRenderer.initialize() mSurface={isValid=true -1807187968} hwInitialized=true
06-13 08:47:55.518 22832 22832 D ScrollView: onsize change changed
06-13 08:47:55.520 22832 22832 D LOCATION_SERVICE: LocationListener gps
06-13 08:47:55.521 22832 22832 D LOCATION_SERVICE: LocationListener network
06-13 08:47:55.522 22832 22832 D LOCATION_SERVICE: onCreate
06-13 08:47:55.522 22832 22832 D LOCATION_SERVICE: initializeLocationManager
06-13 08:47:55.532 22832 22832 D LOCATION_SERVICE: onStartCommand
06-13 08:47:55.597 22832 22832 D ViewRootImpl@2eaa4d2[CancelDeliveryActivity]: MSG_RESIZED_REPORT: frame=Rect(0, 0 - 768, 1024) ci=Rect(0, 24 - 0, 0) vi=Rect(0, 24 - 0, 0) or=1
06-13 08:47:55.597 22832 22832 D ViewRootImpl@2eaa4d2[CancelDeliveryActivity]: MSG_WINDOW_FOCUS_CHANGED 1
06-13 08:47:55.597 22832 22832 D ViewRootImpl@2eaa4d2[CancelDeliveryActivity]: mHardwareRenderer.initializeIfNeeded()#2 mSurface={isValid=true -1807187968}
06-13 08:47:55.602 22832 22832 V InputMethodManager: Starting input: tba=android.view.inputmethod.EditorInfo@d53b0f6 nm : cz.gienger.mobile ic=null
06-13 08:47:55.602 22832 22832 I InputMethodManager: startInputInner - mService.startInputOrWindowGainedFocus
06-13 08:47:55.611 22832 22832 D InputTransport: Input channel constructed: fd=94
06-13 08:47:55.611 22832 22832 D InputTransport: Input channel destroyed: fd=64
06-13 08:47:55.671 22832 22878 D OpenGLRenderer: endAllActiveAnimators on 0x949cc700 (RippleDrawable) with handle 0x945f3840
06-13 08:47:55.671 22832 22832 D ViewRootImpl@79babc9[MainActivity]: mHardwareRenderer.destroy()#1
06-13 08:47:55.678 22832 22832 D ViewRootImpl@79babc9[MainActivity]: Relayout returned: oldFrame=[0,0][768,1024] newFrame=[0,0][768,1024] result=0x5 surface={isValid=false 0} surfaceGenerationChanged=true
06-13 08:47:56.042 22832 22832 D ViewRootImpl@79babc9[MainActivity]: Relayout returned: oldFrame=[0,0][768,1024] newFrame=[0,0][768,1024] result=0x5 surface={isValid=false 0} surfaceGenerationChanged=false
06-13 08:47:56.257 22832 22832 D LOCATION_SERVICE: onLocationChanged: Location[network 49,191241,17,534653 acc=21 et=+19h2m29s188ms alt=0.0 vel=0.0 bear=0.0 {Bundle[mParcelledData.dataSize=80]}]
06-13 08:47:56.264 22832 22832 D ViewRootImpl@2eaa4d2[CancelDeliveryActivity]: ViewPostImeInputStage processPointer 0
06-13 08:47:56.303 22832 22832 D ViewRootImpl@2eaa4d2[CancelDeliveryActivity]: ViewPostImeInputStage processPointer 1
06-13 08:47:56.846 22832 22832 D ViewRootImpl@2eaa4d2[CancelDeliveryActivity]: ViewPostImeInputStage processPointer 0
06-13 08:47:56.906 22832 22832 D ViewRootImpl@2eaa4d2[CancelDeliveryActivity]: ViewPostImeInputStage processPointer 1
06-13 08:47:56.930 22832 22832 D UNDELIVERED: Reason ID = 9, Comment =
06-13 08:47:57.036 22832 22832 D ViewRootImpl@2eaa4d2[CancelDeliveryActivity]: MSG_WINDOW_FOCUS_CHANGED 0
06-13 08:47:57.049 22832 14633 D MESSAGE_SERVICE: ACTION_COMPRESS_AND_UPLOAD
06-13 08:47:57.099 22832 22832 D ViewRootImpl@79babc9[MainActivity]: mHardwareRenderer.destroy()#4
06-13 08:47:57.100 22832 22832 D ViewRootImpl@79babc9[MainActivity]: dispatchDetachedFromWindow
06-13 08:47:57.109 22832 22832 D InputTransport: Input channel destroyed: fd=95
06-13 08:47:57.372 22832 22832 D ViewRootImpl@ea68d33[MainActivity]: ThreadedRenderer.create() translucent=false
06-13 08:47:57.376 22832 22832 D InputTransport: Input channel constructed: fd=85
06-13 08:47:57.376 22832 22832 D ViewRootImpl@ea68d33[MainActivity]: setView = DecorView@461d8f0[MainActivity] touchMode=true
06-13 08:47:57.379 22832 22832 D ViewRootImpl@ea68d33[MainActivity]: dispatchAttachedToWindow
06-13 08:47:57.447 22832 22832 D ViewRootImpl@ea68d33[MainActivity]: Relayout returned: oldFrame=[0,0][0,0] newFrame=[0,0][768,1024] result=0x27 surface={isValid=true -1818550272} surfaceGenerationChanged=true
06-13 08:47:57.447 22832 22832 D ViewRootImpl@ea68d33[MainActivity]: mHardwareRenderer.initialize() mSurface={isValid=true -1818550272} hwInitialized=true
06-13 08:47:57.530 22832 22832 D AbsListView: in onLayout changed
06-13 08:47:57.552 22832 22878 D OpenGLRenderer: endAllActiveAnimators on 0x926f2c00 (RippleDrawable) with handle 0x93a8e640
06-13 08:47:57.552 22832 22832 D ViewRootImpl@2eaa4d2[CancelDeliveryActivity]: mHardwareRenderer.destroy()#1
06-13 08:47:57.565 22832 22832 D ViewRootImpl@2eaa4d2[CancelDeliveryActivity]: Relayout returned: oldFrame=[0,0][768,1024] newFrame=[0,0][768,1024] result=0x5 surface={isValid=false 0} surfaceGenerationChanged=true
06-13 08:47:57.632 22832 22832 D ViewRootImpl@ea68d33[MainActivity]: MSG_RESIZED_REPORT: frame=Rect(0, 0 - 768, 1024) ci=Rect(0, 24 - 0, 0) vi=Rect(0, 24 - 0, 0) or=1
06-13 08:47:57.632 22832 22832 D ViewRootImpl@ea68d33[MainActivity]: MSG_WINDOW_FOCUS_CHANGED 1
06-13 08:47:57.632 22832 22832 D ViewRootImpl@ea68d33[MainActivity]: mHardwareRenderer.initializeIfNeeded()#2 mSurface={isValid=true -1818550272}
06-13 08:47:57.633 22832 22832 V InputMethodManager: Starting input: tba=android.view.inputmethod.EditorInfo@cebd93c nm : cz.gienger.mobile ic=null
06-13 08:47:57.633 22832 22832 I InputMethodManager: startInputInner - mService.startInputOrWindowGainedFocus
06-13 08:47:57.641 22832 22832 D InputTransport: Input channel constructed: fd=79
06-13 08:47:57.641 22832 22832 D InputTransport: Input channel destroyed: fd=94
06-13 08:47:57.776 22832 14633 D FILE_MANAGER: Serializing delivery /data/user/0/cz.gienger.mobile/files/finished/130AT1183508462/130AT1183508462.xml
06-13 08:47:57.776 22832 14633 D FILE_MANAGER: Null files:
06-13 08:47:57.859 22832 14633 D MYINTERCEPTOR: /GiengerService.svc/sendorder
06-13 08:47:57.860 22832 14633 D OkHttp : --> POST https://testsaig1.gienger.cz/GiengerService.svc/sendorder http/1.1
06-13 08:47:57.860 22832 14633 D OkHttp : Content-Type: text/raw
06-13 08:47:57.860 22832 14633 D OkHttp : Content-Length: 2950
06-13 08:47:57.860 22832 14633 D OkHttp : filename: 130AT1183508462.xml
06-13 08:47:57.860 22832 14633 D OkHttp : Checksum: 0bb3482ca83a776936ca5997f3d245b8
06-13 08:47:57.860 22832 14633 D OkHttp : token: 129e4d327aefdfee26f71a370bd1fd66
06-13 08:47:57.860 22832 14633 D OkHttp : --> END POST
06-13 08:47:58.137 22832 22855 W art : Clearing bad or obsolete profile data from file /data/misc/profiles/cur/0/cz.gienger.mobile/primary.prof: Profile EOF reached prematurely for ReadProfileHeader
06-13 08:47:58.484 22832 14633 D OkHttp : <-- 200 https://testsaig1.gienger.cz/GiengerService.svc/sendorder (623ms)
06-13 08:47:58.485 22832 14633 D OkHttp : content-type: application/xml; charset=utf-8
06-13 08:47:58.485 22832 14633 D OkHttp : server: Microsoft-IIS/10.0
06-13 08:47:58.485 22832 14633 D OkHttp : x-powered-by: ASP.NET
06-13 08:47:58.486 22832 14633 D OkHttp : date: Thu, 13 Jun 2019 06:47:57 GMT
06-13 08:47:58.486 22832 14633 D OkHttp : content-length: 175
06-13 08:47:58.486 22832 14633 D OkHttp : <-- END HTTP
06-13 08:47:58.491 22832 14633 D sendOrder_SUCCESS: 200
06-13 08:47:58.538 22832 14633 D MESSAGE_SERVICE: ACTION_RESEND_ORDERS
06-13 08:47:58.873 22832 22832 D AbsListView: in onLayout changed
06-13 08:47:59.108 22832 22832 D ViewRootImpl@ea68d33[MainActivity]: ViewPostImeInputStage processPointer 0
06-13 08:47:59.206 22832 22832 D AbsListView: in onLayout changed
06-13 08:47:59.272 22832 22832 D TextView: SYANI: Clipboard API is calling: clearFilter()
06-13 08:47:59.272 22832 22832 D TextView: SYANI: Clipboard API is calling: unregisterClipboardEventListener()
06-13 08:47:59.283 22832 22832 D ViewRootImpl@2eaa4d2[CancelDeliveryActivity]: mHardwareRenderer.destroy()#4
06-13 08:47:59.283 22832 22832 D ViewRootImpl@2eaa4d2[CancelDeliveryActivity]: dispatchDetachedFromWindow
06-13 08:47:59.291 22832 22832 D InputTransport: Input channel destroyed: fd=70
06-13 08:47:59.293 22832 22832 D LOCATION_SERVICE: onDestroy
06-13 08:47:59.472 22832 22832 D ViewRootImpl@ea68d33[MainActivity]: ViewPostImeInputStage processPointer 1
06-13 08:47:59.798 22832 22832 D ViewRootImpl@ea68d33[MainActivity]: ViewPostImeInputStage processPointer 0
06-13 08:47:59.827 22832 22832 D AbsListView: reportScrollStateChange() newState : 1
06-13 08:48:00.139 22832 22832 D ViewRootImpl@ea68d33[MainActivity]: ViewPostImeInputStage processPointer 1
06-13 08:48:00.139 22832 22832 D AbsListView: onTouchUp() mTouchMode : 3
06-13 08:48:00.139 22832 22832 D AbsListView: onTouchUp() TOUCH_MODE_SCROLL initialVelocity : -45
06-13 08:48:00.139 22832 22832 D AbsListView: reportScrollStateChange() newState : 0
06-13 08:48:00.479 22832 22832 D ViewRootImpl@ea68d33[MainActivity]: ViewPostImeInputStage processPointer 0
06-13 08:48:00.524 22832 22832 D ViewRootImpl@ea68d33[MainActivity]: ViewPostImeInputStage processPointer 1
06-13 08:48:00.535 22832 22832 D item_click: viewId = 2131820758, position = 15
06-13 08:48:00.605 22832 22832 D ViewRootImpl@ea68d33[MainActivity]: MSG_WINDOW_FOCUS_CHANGED 0
06-13 08:48:00.662 22832 22832 D ScrollView: initGoToTop
06-13 08:48:00.726 22832 22832 D ViewRootImpl@e1a8f34[CancelDeliveryActivity]: ThreadedRenderer.create() translucent=false
06-13 08:48:00.729 22832 22832 D InputTransport: Input channel constructed: fd=66
06-13 08:48:00.730 22832 22832 D ViewRootImpl@e1a8f34[CancelDeliveryActivity]: setView = DecorView@f29015d[CancelDeliveryActivity] touchMode=true
06-13 08:48:00.740 22832 22832 D ViewRootImpl@e1a8f34[CancelDeliveryActivity]: dispatchAttachedToWindow
06-13 08:48:00.776 22832 22832 D ViewRootImpl@e1a8f34[CancelDeliveryActivity]: Relayout returned: oldFrame=[0,0][0,0] newFrame=[0,0][768,1024] result=0x27 surface={isValid=true -1853171712} surfaceGenerationChanged=true
06-13 08:48:00.776 22832 22832 D ViewRootImpl@e1a8f34[CancelDeliveryActivity]: mHardwareRenderer.initialize() mSurface={isValid=true -1853171712} hwInitialized=true
06-13 08:48:00.781 22832 22832 D ScrollView: onsize change changed
06-13 08:48:00.782 22832 22832 D LOCATION_SERVICE: LocationListener gps
06-13 08:48:00.783 22832 22832 D LOCATION_SERVICE: LocationListener network
06-13 08:48:00.783 22832 22832 D LOCATION_SERVICE: onCreate
06-13 08:48:00.784 22832 22832 D LOCATION_SERVICE: initializeLocationManager
06-13 08:48:00.798 22832 22832 D LOCATION_SERVICE: onStartCommand
06-13 08:48:00.871 22832 22832 D ViewRootImpl@e1a8f34[CancelDeliveryActivity]: MSG_RESIZED_REPORT: frame=Rect(0, 0 - 768, 1024) ci=Rect(0, 24 - 0, 0) vi=Rect(0, 24 - 0, 0) or=1
06-13 08:48:00.871 22832 22832 D ViewRootImpl@e1a8f34[CancelDeliveryActivity]: MSG_WINDOW_FOCUS_CHANGED 1
06-13 08:48:00.871 22832 22832 D ViewRootImpl@e1a8f34[CancelDeliveryActivity]: mHardwareRenderer.initializeIfNeeded()#2 mSurface={isValid=true -1853171712}
06-13 08:48:00.877 22832 22832 V InputMethodManager: Starting input: tba=android.view.inputmethod.EditorInfo@ef7edb8 nm : cz.gienger.mobile ic=null
06-13 08:48:00.877 22832 22832 I InputMethodManager: startInputInner - mService.startInputOrWindowGainedFocus
06-13 08:48:00.883 22832 22832 D InputTransport: Input channel constructed: fd=70
06-13 08:48:00.883 22832 22832 D InputTransport: Input channel destroyed: fd=79
06-13 08:48:00.933 22832 22878 D OpenGLRenderer: endAllActiveAnimators on 0x92cc3080 (RippleDrawable) with handle 0x918b0a80
06-13 08:48:00.933 22832 22832 D ViewRootImpl@ea68d33[MainActivity]: mHardwareRenderer.destroy()#1
06-13 08:48:00.952 22832 22832 D ViewRootImpl@ea68d33[MainActivity]: Relayout returned: oldFrame=[0,0][768,1024] newFrame=[0,0][768,1024] result=0x5 surface={isValid=false 0} surfaceGenerationChanged=true
06-13 08:48:01.319 22832 22832 D ViewRootImpl@ea68d33[MainActivity]: Relayout returned: oldFrame=[0,0][768,1024] newFrame=[0,0][768,1024] result=0x5 surface={isValid=false 0} surfaceGenerationChanged=false
06-13 08:48:01.440 22832 22832 D ViewRootImpl@e1a8f34[CancelDeliveryActivity]: ViewPostImeInputStage processPointer 0
06-13 08:48:01.500 22832 22832 D ViewRootImpl@e1a8f34[CancelDeliveryActivity]: ViewPostImeInputStage processPointer 1
06-13 08:48:02.081 22832 22832 D ViewRootImpl@e1a8f34[CancelDeliveryActivity]: ViewPostImeInputStage processPointer 0
06-13 08:48:02.149 22832 22832 D ViewRootImpl@e1a8f34[CancelDeliveryActivity]: ViewPostImeInputStage processPointer 1
06-13 08:48:02.161 22832 22832 D UNDELIVERED: Reason ID = 9, Comment =
06-13 08:48:02.269 22832 22832 D ViewRootImpl@e1a8f34[CancelDeliveryActivity]: MSG_WINDOW_FOCUS_CHANGED 0
06-13 08:48:02.277 22832 14640 D MESSAGE_SERVICE: ACTION_COMPRESS_AND_UPLOAD
06-13 08:48:02.320 22832 22832 D ViewRootImpl@ea68d33[MainActivity]: mHardwareRenderer.destroy()#4
06-13 08:48:02.320 22832 22832 D ViewRootImpl@ea68d33[MainActivity]: dispatchDetachedFromWindow
06-13 08:48:02.327 22832 22832 D InputTransport: Input channel destroyed: fd=85
06-13 08:48:02.592 22832 22832 D ViewRootImpl@adb3e84[MainActivity]: ThreadedRenderer.create() translucent=false
06-13 08:48:02.596 22832 22832 D InputTransport: Input channel constructed: fd=95
06-13 08:48:02.596 22832 22832 D ViewRootImpl@adb3e84[MainActivity]: setView = DecorView@a7e066d[MainActivity] touchMode=true
06-13 08:48:02.598 22832 22832 D ViewRootImpl@adb3e84[MainActivity]: dispatchAttachedToWindow
06-13 08:48:02.668 22832 22832 D ViewRootImpl@adb3e84[MainActivity]: Relayout returned: oldFrame=[0,0][0,0] newFrame=[0,0][768,1024] result=0x27 surface={isValid=true -1828775936} surfaceGenerationChanged=true
06-13 08:48:02.669 22832 22832 D ViewRootImpl@adb3e84[MainActivity]: mHardwareRenderer.initialize() mSurface={isValid=true -1828775936} hwInitialized=true
06-13 08:48:02.783 22832 22832 D AbsListView: in onLayout changed
06-13 08:48:02.802 22832 22878 D OpenGLRenderer: endAllActiveAnimators on 0x92fb3680 (RippleDrawable) with handle 0x92faad50
06-13 08:48:02.802 22832 22832 D ViewRootImpl@e1a8f34[CancelDeliveryActivity]: mHardwareRenderer.destroy()#1
06-13 08:48:02.812 22832 22832 D ViewRootImpl@e1a8f34[CancelDeliveryActivity]: Relayout returned: oldFrame=[0,0][768,1024] newFrame=[0,0][768,1024] result=0x5 surface={isValid=false 0} surfaceGenerationChanged=true
06-13 08:48:02.885 22832 22832 D ViewRootImpl@adb3e84[MainActivity]: MSG_RESIZED_REPORT: frame=Rect(0, 0 - 768, 1024) ci=Rect(0, 24 - 0, 0) vi=Rect(0, 24 - 0, 0) or=1
06-13 08:48:02.885 22832 22832 D ViewRootImpl@adb3e84[MainActivity]: MSG_WINDOW_FOCUS_CHANGED 1
06-13 08:48:02.885 22832 22832 D ViewRootImpl@adb3e84[MainActivity]: mHardwareRenderer.initializeIfNeeded()#2 mSurface={isValid=true -1828775936}
06-13 08:48:02.887 22832 22832 V InputMethodManager: Starting input: tba=android.view.inputmethod.EditorInfo@bf4ff40 nm : cz.gienger.mobile ic=null
06-13 08:48:02.887 22832 22832 I InputMethodManager: startInputInner - mService.startInputOrWindowGainedFocus
06-13 08:48:02.896 22832 22832 D InputTransport: Input channel constructed: fd=85
06-13 08:48:02.896 22832 22832 D InputTransport: Input channel destroyed: fd=70
06-13 08:48:03.001 22832 14640 D FILE_MANAGER: Serializing delivery /data/user/0/cz.gienger.mobile/files/finished/130AT1183507781/130AT1183507781.xml
06-13 08:48:03.001 22832 14640 D FILE_MANAGER: Null files:
06-13 08:48:03.123 22832 14640 D MYINTERCEPTOR: /GiengerService.svc/sendorder
06-13 08:48:03.124 22832 14640 D OkHttp : --> POST https://testsaig1.gienger.cz/GiengerService.svc/sendorder http/1.1
06-13 08:48:03.124 22832 14640 D OkHttp : Content-Type: text/raw
06-13 08:48:03.124 22832 14640 D OkHttp : Content-Length: 10340
06-13 08:48:03.124 22832 14640 D OkHttp : filename: 130AT1183507781.xml
06-13 08:48:03.124 22832 14640 D OkHttp : Checksum: c34546a5d996cbbdc3e33c89ad1cba7b
06-13 08:48:03.124 22832 14640 D OkHttp : token: 129e4d327aefdfee26f71a370bd1fd66
06-13 08:48:03.124 22832 14640 D OkHttp : --> END POST
06-13 08:48:03.612 22832 14640 D OkHttp : <-- 200 https://testsaig1.gienger.cz/GiengerService.svc/sendorder (487ms)
06-13 08:48:03.612 22832 14640 D OkHttp : content-type: application/xml; charset=utf-8
06-13 08:48:03.612 22832 14640 D OkHttp : server: Microsoft-IIS/10.0
06-13 08:48:03.612 22832 14640 D OkHttp : x-powered-by: ASP.NET
06-13 08:48:03.613 22832 14640 D OkHttp : date: Thu, 13 Jun 2019 06:48:02 GMT
06-13 08:48:03.613 22832 14640 D OkHttp : content-length: 175
06-13 08:48:03.613 22832 14640 D OkHttp : <-- END HTTP
06-13 08:48:03.622 22832 14640 D sendOrder_SUCCESS: 200
06-13 08:48:03.666 22832 14640 D MESSAGE_SERVICE: ACTION_RESEND_ORDERS
06-13 08:48:03.993 22832 22845 I art : Background partial concurrent mark sweep GC freed 238472(11MB) AllocSpace objects, 23(516KB) LOS objects, 47% free, 13MB/25MB, paused 2.645ms total 186.267ms
06-13 08:48:04.181 22832 22832 D AbsListView: in onLayout changed
06-13 08:48:04.500 22832 22832 D AbsListView: in onLayout changed
06-13 08:48:04.561 22832 22832 D Graph : removeVertex() : insertDummyVertex, because there is no ancestor.
06-13 08:48:04.561 22832 22832 D Graph : removeVertex() : insertDummyVertex, because there is no ancestor.
06-13 08:48:04.561 22832 22832 D Graph : removeVertex() : insertDummyVertex, because there is no ancestor.
06-13 08:48:04.561 22832 22832 D Graph : removeVertex() : insertDummyVertex, because there is no ancestor.
06-13 08:48:04.561 22832 22832 D Graph : removeVertex() : insertDummyVertex, because there is no ancestor.
06-13 08:48:04.570 22832 22832 D TextView: SYANI: Clipboard API is calling: clearFilter()
06-13 08:48:04.571 22832 22832 D TextView: SYANI: Clipboard API is calling: unregisterClipboardEventListener()
06-13 08:48:04.582 22832 22832 D ViewRootImpl@e1a8f34[CancelDeliveryActivity]: mHardwareRenderer.destroy()#4
06-13 08:48:04.582 22832 22832 D ViewRootImpl@e1a8f34[CancelDeliveryActivity]: dispatchDetachedFromWindow
06-13 08:48:04.588 22832 22832 D InputTransport: Input channel destroyed: fd=66
06-13 08:48:04.589 22832 22832 D ViewRootImpl@adb3e84[MainActivity]: ViewPostImeInputStage processPointer 0
06-13 08:48:04.590 22832 22832 D LOCATION_SERVICE: onDestroy
06-13 08:48:04.642 22832 22832 D ViewRootImpl@adb3e84[MainActivity]: ViewPostImeInputStage processPointer 1
06-13 08:48:04.660 22832 22832 D item_click: viewId = 2131820758, position = 16
06-13 08:48:04.706 22832 22832 D ViewRootImpl@adb3e84[MainActivity]: MSG_WINDOW_FOCUS_CHANGED 0
06-13 08:48:04.773 22832 22832 D ScrollView: initGoToTop
06-13 08:48:04.845 22832 22832 D ViewRootImpl@a1391b1[CancelDeliveryActivity]: ThreadedRenderer.create() translucent=false
06-13 08:48:04.849 22832 22832 D InputTransport: Input channel constructed: fd=66
06-13 08:48:04.849 22832 22832 D ViewRootImpl@a1391b1[CancelDeliveryActivity]: setView = DecorView@9f2696[CancelDeliveryActivity] touchMode=true
06-13 08:48:04.850 22832 22832 D LOCATION_SERVICE: LocationListener gps
06-13 08:48:04.851 22832 22832 D LOCATION_SERVICE: LocationListener network
06-13 08:48:04.852 22832 22832 D LOCATION_SERVICE: onCreate
06-13 08:48:04.853 22832 22832 D LOCATION_SERVICE: initializeLocationManager
06-13 08:48:04.861 22832 22832 D LOCATION_SERVICE: onStartCommand
06-13 08:48:04.869 22832 22832 D ViewRootImpl@a1391b1[CancelDeliveryActivity]: dispatchAttachedToWindow
06-13 08:48:04.917 22832 22832 D ViewRootImpl@a1391b1[CancelDeliveryActivity]: Relayout returned: oldFrame=[0,0][0,0] newFrame=[0,0][768,1024] result=0x27 surface={isValid=true -1873147904} surfaceGenerationChanged=true
06-13 08:48:04.917 22832 22832 D ViewRootImpl@a1391b1[CancelDeliveryActivity]: mHardwareRenderer.initialize() mSurface={isValid=true -1873147904} hwInitialized=true
06-13 08:48:04.924 22832 22832 D ScrollView: onsize change changed
06-13 08:48:04.974 22832 22832 D ViewRootImpl@a1391b1[CancelDeliveryActivity]: MSG_RESIZED_REPORT: frame=Rect(0, 0 - 768, 1024) ci=Rect(0, 24 - 0, 0) vi=Rect(0, 24 - 0, 0) or=1
06-13 08:48:04.974 22832 22832 D ViewRootImpl@a1391b1[CancelDeliveryActivity]: MSG_WINDOW_FOCUS_CHANGED 1
06-13 08:48:04.975 22832 22832 D ViewRootImpl@a1391b1[CancelDeliveryActivity]: mHardwareRenderer.initializeIfNeeded()#2 mSurface={isValid=true -1873147904}
06-13 08:48:04.980 22832 22832 V InputMethodManager: Starting input: tba=android.view.inputmethod.EditorInfo@ffd7a5 nm : cz.gienger.mobile ic=null
06-13 08:48:04.980 22832 22832 I InputMethodManager: startInputInner - mService.startInputOrWindowGainedFocus
06-13 08:48:04.993 22832 22832 D InputTransport: Input channel constructed: fd=79
06-13 08:48:04.993 22832 22832 D InputTransport: Input channel destroyed: fd=85
06-13 08:48:05.037 22832 22878 D OpenGLRenderer: endAllActiveAnimators on 0x94578280 (RippleDrawable) with handle 0x91812cd0
06-13 08:48:05.037 22832 22832 D ViewRootImpl@adb3e84[MainActivity]: mHardwareRenderer.destroy()#1
06-13 08:48:05.046 22832 22832 D ViewRootImpl@adb3e84[MainActivity]: Relayout returned: oldFrame=[0,0][768,1024] newFrame=[0,0][768,1024] result=0x5 surface={isValid=false 0} surfaceGenerationChanged=true
06-13 08:48:05.446 22832 22832 D ViewRootImpl@adb3e84[MainActivity]: Relayout returned: oldFrame=[0,0][768,1024] newFrame=[0,0][768,1024] result=0x5 surface={isValid=false 0} surfaceGenerationChanged=false
06-13 08:48:05.496 22832 22832 D LOCATION_SERVICE: onLocationChanged: Location[network 49,191237,17,534665 acc=21 et=+19h2m38s427ms alt=0.0 vel=0.0 bear=0.0 {Bundle[mParcelledData.dataSize=80]}]
06-13 08:48:05.605 22832 22832 D ViewRootImpl@a1391b1[CancelDeliveryActivity]: ViewPostImeInputStage processPointer 0
06-13 08:48:05.667 22832 22832 D ViewRootImpl@a1391b1[CancelDeliveryActivity]: ViewPostImeInputStage processPointer 1
06-13 08:48:06.214 22832 22832 D ViewRootImpl@a1391b1[CancelDeliveryActivity]: ViewPostImeInputStage processPointer 0
06-13 08:48:06.274 22832 22832 D ViewRootImpl@a1391b1[CancelDeliveryActivity]: ViewPostImeInputStage processPointer 1
06-13 08:48:06.285 22832 22832 D UNDELIVERED: Reason ID = 8, Comment =
06-13 08:48:06.396 22832 14646 D MESSAGE_SERVICE: ACTION_COMPRESS_AND_UPLOAD
06-13 08:48:06.397 22832 22832 D ViewRootImpl@a1391b1[CancelDeliveryActivity]: MSG_WINDOW_FOCUS_CHANGED 0
06-13 08:48:06.456 22832 22832 D ViewRootImpl@adb3e84[MainActivity]: mHardwareRenderer.destroy()#4
06-13 08:48:06.456 22832 22832 D ViewRootImpl@adb3e84[MainActivity]: dispatchDetachedFromWindow
06-13 08:48:06.717 22832 22832 D InputTransport: Input channel destroyed: fd=95
06-13 08:48:06.999 22832 22832 D ViewRootImpl@b201c1[MainActivity]: ThreadedRenderer.create() translucent=false
06-13 08:48:07.003 22832 22832 D InputTransport: Input channel constructed: fd=106
06-13 08:48:07.003 22832 22832 D ViewRootImpl@b201c1[MainActivity]: setView = DecorView@499bd66[MainActivity] touchMode=true
06-13 08:48:07.005 22832 22832 D ViewRootImpl@b201c1[MainActivity]: dispatchAttachedToWindow
06-13 08:48:07.074 22832 22832 D ViewRootImpl@b201c1[MainActivity]: Relayout returned: oldFrame=[0,0][0,0] newFrame=[0,0][768,1024] result=0x27 surface={isValid=true -1832335360} surfaceGenerationChanged=true
06-13 08:48:07.074 22832 22832 D ViewRootImpl@b201c1[MainActivity]: mHardwareRenderer.initialize() mSurface={isValid=true -1832335360} hwInitialized=true
06-13 08:48:07.127 22832 14646 D FILE_MANAGER: Serializing delivery /data/user/0/cz.gienger.mobile/files/finished/130AT1183507783/130AT1183507783.xml
06-13 08:48:07.127 22832 14646 D FILE_MANAGER: Null files:
06-13 08:48:07.190 22832 22832 D AbsListView: in onLayout changed
06-13 08:48:07.206 22832 22878 D OpenGLRenderer: endAllActiveAnimators on 0x94cf0000 (RippleDrawable) with handle 0x918833c0
06-13 08:48:07.206 22832 22832 D ViewRootImpl@a1391b1[CancelDeliveryActivity]: mHardwareRenderer.destroy()#1
06-13 08:48:07.219 22832 22832 D ViewRootImpl@a1391b1[CancelDeliveryActivity]: Relayout returned: oldFrame=[0,0][768,1024] newFrame=[0,0][768,1024] result=0x5 surface={isValid=false 0} surfaceGenerationChanged=true
06-13 08:48:07.225 22832 14646 D MYINTERCEPTOR: /GiengerService.svc/sendorder
06-13 08:48:07.226 22832 14646 D OkHttp : --> POST https://testsaig1.gienger.cz/GiengerService.svc/sendorder http/1.1
06-13 08:48:07.226 22832 14646 D OkHttp : Content-Type: text/raw
06-13 08:48:07.226 22832 14646 D OkHttp : Content-Length: 3615
06-13 08:48:07.226 22832 14646 D OkHttp : filename: 130AT1183507783.xml
06-13 08:48:07.226 22832 14646 D OkHttp : Checksum: 9f08d3013c00f6ab52f1f651b36871bf
06-13 08:48:07.226 22832 14646 D OkHttp : token: 129e4d327aefdfee26f71a370bd1fd66
06-13 08:48:07.226 22832 14646 D OkHttp : --> END POST
06-13 08:48:07.316 22832 22832 D ViewRootImpl@b201c1[MainActivity]: MSG_RESIZED_REPORT: frame=Rect(0, 0 - 768, 1024) ci=Rect(0, 24 - 0, 0) vi=Rect(0, 24 - 0, 0) or=1
06-13 08:48:07.316 22832 22832 D ViewRootImpl@b201c1[MainActivity]: MSG_WINDOW_FOCUS_CHANGED 1
06-13 08:48:07.316 22832 22832 D ViewRootImpl@b201c1[MainActivity]: mHardwareRenderer.initializeIfNeeded()#2 mSurface={isValid=true -1832335360}
06-13 08:48:07.318 22832 22832 V InputMethodManager: Starting input: tba=android.view.inputmethod.EditorInfo@58aabe7 nm : cz.gienger.mobile ic=null
06-13 08:48:07.318 22832 22832 I InputMethodManager: startInputInner - mService.startInputOrWindowGainedFocus
06-13 08:48:07.325 22832 22832 D InputTransport: Input channel constructed: fd=95
06-13 08:48:07.325 22832 22832 D InputTransport: Input channel destroyed: fd=79
06-13 08:48:07.711 22832 14646 D OkHttp : <-- 200 https://testsaig1.gienger.cz/GiengerService.svc/sendorder (484ms)
06-13 08:48:07.712 22832 14646 D OkHttp : content-type: application/xml; charset=utf-8
06-13 08:48:07.712 22832 14646 D OkHttp : server: Microsoft-IIS/10.0
06-13 08:48:07.712 22832 14646 D OkHttp : x-powered-by: ASP.NET
06-13 08:48:07.712 22832 14646 D OkHttp : date: Thu, 13 Jun 2019 06:48:06 GMT
06-13 08:48:07.712 22832 14646 D OkHttp : content-length: 175
06-13 08:48:07.712 22832 14646 D OkHttp : <-- END HTTP
06-13 08:48:07.716 22832 14646 D sendOrder_SUCCESS: 200
06-13 08:48:07.744 22832 14646 D MESSAGE_SERVICE: ACTION_RESEND_ORDERS
06-13 08:48:08.095 22832 22832 D AbsListView: in onLayout changed
06-13 08:48:08.335 22832 22845 I art : Background sticky concurrent mark sweep GC freed 245351(9MB) AllocSpace objects, 9(180KB) LOS objects, 36% free, 15MB/25MB, paused 2.230ms total 116.580ms
06-13 08:48:08.454 22832 22832 D AbsListView: in onLayout changed
06-13 08:48:08.511 22832 22832 D TextView: SYANI: Clipboard API is calling: clearFilter()
06-13 08:48:08.512 22832 22832 D TextView: SYANI: Clipboard API is calling: unregisterClipboardEventListener()
06-13 08:48:08.519 22832 22832 D ViewRootImpl@a1391b1[CancelDeliveryActivity]: mHardwareRenderer.destroy()#4
06-13 08:48:08.519 22832 22832 D ViewRootImpl@a1391b1[CancelDeliveryActivity]: dispatchDetachedFromWindow
06-13 08:48:08.527 22832 22832 D InputTransport: Input channel destroyed: fd=66
06-13 08:48:08.528 22832 22832 D LOCATION_SERVICE: onDestroy
06-13 08:48:08.605 22832 22832 D ViewRootImpl@b201c1[MainActivity]: ViewPostImeInputStage processPointer 0
06-13 08:48:08.663 22832 22832 D AbsListView: reportScrollStateChange() newState : 1
06-13 08:48:09.178 22832 22832 D ViewRootImpl@b201c1[MainActivity]: ViewPostImeInputStage processPointer 1
06-13 08:48:09.178 22832 22832 D AbsListView: onTouchUp() mTouchMode : 3
06-13 08:48:09.178 22832 22832 D AbsListView: onTouchUp() TOUCH_MODE_SCROLL initialVelocity : 20
06-13 08:48:09.178 22832 22832 D AbsListView: reportScrollStateChange() newState : 0
06-13 08:48:09.500 22832 22832 D ViewRootImpl@b201c1[MainActivity]: ViewPostImeInputStage processPointer 0
06-13 08:48:09.602 22832 22832 D ViewRootImpl@b201c1[MainActivity]: ViewPostImeInputStage processPointer 1
06-13 08:48:09.635 22832 22832 D item_click: viewId = 2131820758, position = 17
06-13 08:48:09.715 22832 22832 D ViewRootImpl@b201c1[MainActivity]: MSG_WINDOW_FOCUS_CHANGED 0
06-13 08:48:09.744 22832 22832 D ScrollView: initGoToTop
06-13 08:48:09.807 22832 22832 D ViewRootImpl@6463cef[CancelDeliveryActivity]: ThreadedRenderer.create() translucent=false
06-13 08:48:09.811 22832 22832 D InputTransport: Input channel constructed: fd=103
06-13 08:48:09.811 22832 22832 D ViewRootImpl@6463cef[CancelDeliveryActivity]: setView = DecorView@252f3fc[CancelDeliveryActivity] touchMode=true
06-13 08:48:09.817 22832 22832 D ViewRootImpl@6463cef[CancelDeliveryActivity]: dispatchAttachedToWindow
06-13 08:48:09.858 22832 22832 D ViewRootImpl@6463cef[CancelDeliveryActivity]: Relayout returned: oldFrame=[0,0][0,0] newFrame=[0,0][768,1024] result=0x27 surface={isValid=true -1818232832} surfaceGenerationChanged=true
06-13 08:48:09.859 22832 22832 D ViewRootImpl@6463cef[CancelDeliveryActivity]: mHardwareRenderer.initialize() mSurface={isValid=true -1818232832} hwInitialized=true
06-13 08:48:09.864 22832 22832 D ScrollView: onsize change changed
06-13 08:48:09.866 22832 22832 D LOCATION_SERVICE: LocationListener gps
06-13 08:48:09.868 22832 22832 D LOCATION_SERVICE: LocationListener network
06-13 08:48:09.871 22832 22832 D LOCATION_SERVICE: onCreate
06-13 08:48:09.872 22832 22832 D LOCATION_SERVICE: initializeLocationManager
06-13 08:48:09.891 22832 22832 D LOCATION_SERVICE: onStartCommand
06-13 08:48:09.950 22832 22832 D ViewRootImpl@6463cef[CancelDeliveryActivity]: MSG_RESIZED_REPORT: frame=Rect(0, 0 - 768, 1024) ci=Rect(0, 24 - 0, 0) vi=Rect(0, 24 - 0, 0) or=1
06-13 08:48:09.950 22832 22832 D ViewRootImpl@6463cef[CancelDeliveryActivity]: MSG_WINDOW_FOCUS_CHANGED 1
06-13 08:48:09.951 22832 22832 D ViewRootImpl@6463cef[CancelDeliveryActivity]: mHardwareRenderer.initializeIfNeeded()#2 mSurface={isValid=true -1818232832}
06-13 08:48:09.956 22832 22832 V InputMethodManager: Starting input: tba=android.view.inputmethod.EditorInfo@4283e83 nm : cz.gienger.mobile ic=null
06-13 08:48:09.956 22832 22832 I InputMethodManager: startInputInner - mService.startInputOrWindowGainedFocus
06-13 08:48:09.960 22832 22832 D InputTransport: Input channel constructed: fd=120
06-13 08:48:09.960 22832 22832 D InputTransport: Input channel destroyed: fd=95
06-13 08:48:10.022 22832 22878 D OpenGLRenderer: endAllActiveAnimators on 0x94577100 (RippleDrawable) with handle 0x91812ac0
06-13 08:48:10.023 22832 22832 D ViewRootImpl@b201c1[MainActivity]: mHardwareRenderer.destroy()#1
06-13 08:48:10.029 22832 22832 D ViewRootImpl@b201c1[MainActivity]: Relayout returned: oldFrame=[0,0][768,1024] newFrame=[0,0][768,1024] result=0x5 surface={isValid=false 0} surfaceGenerationChanged=true
06-13 08:48:10.391 22832 22832 D ViewRootImpl@b201c1[MainActivity]: Relayout returned: oldFrame=[0,0][768,1024] newFrame=[0,0][768,1024] result=0x5 surface={isValid=false 0} surfaceGenerationChanged=false
06-13 08:48:10.557 22832 22832 D ViewRootImpl@6463cef[CancelDeliveryActivity]: ViewPostImeInputStage processPointer 0
06-13 08:48:10.629 22832 22832 D ViewRootImpl@6463cef[CancelDeliveryActivity]: ViewPostImeInputStage processPointer 1
06-13 08:48:11.232 22832 22832 D ViewRootImpl@6463cef[CancelDeliveryActivity]: ViewPostImeInputStage processPointer 0
06-13 08:48:11.293 22832 22832 D ViewRootImpl@6463cef[CancelDeliveryActivity]: ViewPostImeInputStage processPointer 1
06-13 08:48:11.313 22832 22832 D UNDELIVERED: Reason ID = 8, Comment =
06-13 08:48:11.445 22832 22832 D ViewRootImpl@6463cef[CancelDeliveryActivity]: MSG_WINDOW_FOCUS_CHANGED 0
06-13 08:48:11.455 22832 14652 D MESSAGE_SERVICE: ACTION_COMPRESS_AND_UPLOAD
06-13 08:48:11.499 22832 22832 D ViewRootImpl@b201c1[MainActivity]: mHardwareRenderer.destroy()#4
06-13 08:48:11.499 22832 22832 D ViewRootImpl@b201c1[MainActivity]: dispatchDetachedFromWindow
06-13 08:48:11.508 22832 22832 D InputTransport: Input channel destroyed: fd=106
06-13 08:48:11.767 22832 22832 D ViewRootImpl@f461d7f[MainActivity]: ThreadedRenderer.create() translucent=false
06-13 08:48:11.770 22832 22832 D InputTransport: Input channel constructed: fd=106
06-13 08:48:11.770 22832 22832 D ViewRootImpl@f461d7f[MainActivity]: setView = DecorView@d11714c[MainActivity] touchMode=true
06-13 08:48:11.795 22832 22878 D OpenGLRenderer: endAllActiveAnimators on 0x94524500 (RippleDrawable) with handle 0x926ffbc0
06-13 08:48:11.795 22832 22832 D ViewRootImpl@6463cef[CancelDeliveryActivity]: mHardwareRenderer.destroy()#1
06-13 08:48:11.808 22832 22832 D ViewRootImpl@6463cef[CancelDeliveryActivity]: Relayout returned: oldFrame=[0,0][768,1024] newFrame=[0,0][768,1024] result=0x5 surface={isValid=false 0} surfaceGenerationChanged=true
06-13 08:48:11.809 22832 22832 D ViewRootImpl@f461d7f[MainActivity]: dispatchAttachedToWindow
06-13 08:48:11.863 22832 22832 D ViewRootImpl@f461d7f[MainActivity]: Relayout returned: oldFrame=[0,0][0,0] newFrame=[0,0][768,1024] result=0x7 surface={isValid=true -1818232832} surfaceGenerationChanged=true
06-13 08:48:11.863 22832 22832 D ViewRootImpl@f461d7f[MainActivity]: mHardwareRenderer.initialize() mSurface={isValid=true -1818232832} hwInitialized=true
06-13 08:48:11.953 22832 22832 D AbsListView: in onLayout changed
06-13 08:48:12.019 22832 22832 D ViewRootImpl@f461d7f[MainActivity]: MSG_RESIZED_REPORT: frame=Rect(0, 0 - 768, 1024) ci=Rect(0, 24 - 0, 0) vi=Rect(0, 24 - 0, 0) or=1
06-13 08:48:12.019 22832 22832 D ViewRootImpl@f461d7f[MainActivity]: MSG_WINDOW_FOCUS_CHANGED 1
06-13 08:48:12.020 22832 22832 D ViewRootImpl@f461d7f[MainActivity]: mHardwareRenderer.initializeIfNeeded()#2 mSurface={isValid=true -1818232832}
06-13 08:48:12.021 22832 22832 V InputMethodManager: Starting input: tba=android.view.inputmethod.EditorInfo@f738ca5 nm : cz.gienger.mobile ic=null
06-13 08:48:12.021 22832 22832 I InputMethodManager: startInputInner - mService.startInputOrWindowGainedFocus
06-13 08:48:12.032 22832 22832 D InputTransport: Input channel constructed: fd=100
06-13 08:48:12.032 22832 22832 D InputTransport: Input channel destroyed: fd=120
06-13 08:48:12.176 22832 14652 D FILE_MANAGER: Serializing delivery /data/user/0/cz.gienger.mobile/files/finished/130AT1183508240/130AT1183508240.xml
06-13 08:48:12.176 22832 14652 D FILE_MANAGER: Null files:
06-13 08:48:12.260 22832 14652 D MYINTERCEPTOR: /GiengerService.svc/sendorder
06-13 08:48:12.261 22832 14652 D OkHttp : --> POST https://testsaig1.gienger.cz/GiengerService.svc/sendorder http/1.1
06-13 08:48:12.261 22832 14652 D OkHttp : Content-Type: text/raw
06-13 08:48:12.261 22832 14652 D OkHttp : Content-Length: 3884
06-13 08:48:12.261 22832 14652 D OkHttp : filename: 130AT1183508240.xml
06-13 08:48:12.261 22832 14652 D OkHttp : Checksum: 997db91a69a9c167ffa157180826c80f
06-13 08:48:12.261 22832 14652 D OkHttp : token: 129e4d327aefdfee26f71a370bd1fd66
06-13 08:48:12.261 22832 14652 D OkHttp : --> END POST
06-13 08:48:12.723 22832 14652 D OkHttp : <-- 200 https://testsaig1.gienger.cz/GiengerService.svc/sendorder (461ms)
06-13 08:48:12.723 22832 14652 D OkHttp : content-type: application/xml; charset=utf-8
06-13 08:48:12.724 22832 14652 D OkHttp : server: Microsoft-IIS/10.0
06-13 08:48:12.724 22832 14652 D OkHttp : x-powered-by: ASP.NET
06-13 08:48:12.724 22832 14652 D OkHttp : date: Thu, 13 Jun 2019 06:48:11 GMT
06-13 08:48:12.724 22832 14652 D OkHttp : content-length: 175
06-13 08:48:12.724 22832 14652 D OkHttp : <-- END HTTP
06-13 08:48:12.731 22832 14652 D sendOrder_SUCCESS: 200
06-13 08:48:12.783 22832 14652 D MESSAGE_SERVICE: ACTION_RESEND_ORDERS
06-13 08:48:13.123 22832 22832 D AbsListView: in onLayout changed
06-13 08:48:13.468 22832 22832 D AbsListView: in onLayout changed
06-13 08:48:13.538 22832 22832 D TextView: SYANI: Clipboard API is calling: clearFilter()
06-13 08:48:13.539 22832 22832 D TextView: SYANI: Clipboard API is calling: unregisterClipboardEventListener()
06-13 08:48:13.547 22832 22832 D ViewRootImpl@6463cef[CancelDeliveryActivity]: mHardwareRenderer.destroy()#4
06-13 08:48:13.547 22832 22832 D ViewRootImpl@6463cef[CancelDeliveryActivity]: dispatchDetachedFromWindow
06-13 08:48:13.555 22832 22832 D InputTransport: Input channel destroyed: fd=103
06-13 08:48:13.556 22832 22832 D LOCATION_SERVICE: onDestroy
06-13 08:48:13.717 22832 22832 D ViewRootImpl@f461d7f[MainActivity]: ViewPostImeInputStage processPointer 0
06-13 08:48:13.786 22832 22832 D ViewRootImpl@f461d7f[MainActivity]: ViewPostImeInputStage processPointer 1
06-13 08:48:13.797 22832 22832 D item_click: viewId = 2131820760, position = 18
06-13 08:48:13.854 22832 22832 D ViewRootImpl@f461d7f[MainActivity]: MSG_WINDOW_FOCUS_CHANGED 0
06-13 08:48:13.937 22832 22832 D ViewRootImpl@b690264[CategoryListActivity]: ThreadedRenderer.create() translucent=false
06-13 08:48:13.941 22832 22832 D InputTransport: Input channel constructed: fd=95
06-13 08:48:13.941 22832 22832 D ViewRootImpl@b690264[CategoryListActivity]: setView = DecorView@7c8accd[CategoryListActivity] touchMode=true
06-13 08:48:13.942 22832 22832 D LOCATION_SERVICE: LocationListener gps
06-13 08:48:13.943 22832 22832 D LOCATION_SERVICE: LocationListener network
06-13 08:48:13.944 22832 22832 D LOCATION_SERVICE: onCreate
06-13 08:48:13.944 22832 22832 D LOCATION_SERVICE: initializeLocationManager
06-13 08:48:13.953 22832 22832 D LOCATION_SERVICE: onStartCommand
06-13 08:48:13.955 22832 22832 D ViewRootImpl@b690264[CategoryListActivity]: dispatchAttachedToWindow
06-13 08:48:13.984 22832 22832 D ViewRootImpl@b690264[CategoryListActivity]: Relayout returned: oldFrame=[0,0][0,0] newFrame=[0,0][768,1024] result=0x27 surface={isValid=true -1816326144} surfaceGenerationChanged=true
06-13 08:48:13.985 22832 22832 D ViewRootImpl@b690264[CategoryListActivity]: mHardwareRenderer.initialize() mSurface={isValid=true -1816326144} hwInitialized=true
06-13 08:48:14.140 22832 22832 D ViewRootImpl@b690264[CategoryListActivity]: MSG_RESIZED_REPORT: frame=Rect(0, 0 - 768, 1024) ci=Rect(0, 24 - 0, 0) vi=Rect(0, 24 - 0, 0) or=1
06-13 08:48:14.140 22832 22832 D ViewRootImpl@b690264[CategoryListActivity]: MSG_WINDOW_FOCUS_CHANGED 1
06-13 08:48:14.140 22832 22832 D ViewRootImpl@b690264[CategoryListActivity]: mHardwareRenderer.initializeIfNeeded()#2 mSurface={isValid=true -1816326144}
06-13 08:48:14.142 22832 22832 V InputMethodManager: Starting input: tba=android.view.inputmethod.EditorInfo@bb331d8 nm : cz.gienger.mobile ic=null
06-13 08:48:14.142 22832 22832 I InputMethodManager: startInputInner - mService.startInputOrWindowGainedFocus
06-13 08:48:14.144 22832 22832 D InputTransport: Input channel constructed: fd=103
06-13 08:48:14.144 22832 22832 D InputTransport: Input channel destroyed: fd=100
06-13 08:48:14.227 22832 22878 D OpenGLRenderer: endAllActiveAnimators on 0x95606f00 (RippleDrawable) with handle 0x944d2070
06-13 08:48:14.227 22832 22832 D ViewRootImpl@f461d7f[MainActivity]: mHardwareRenderer.destroy()#1
06-13 08:48:14.234 22832 22832 D ViewRootImpl@f461d7f[MainActivity]: Relayout returned: oldFrame=[0,0][768,1024] newFrame=[0,0][768,1024] result=0x5 surface={isValid=false 0} surfaceGenerationChanged=true
06-13 08:48:14.641 22832 22832 D ViewRootImpl@f461d7f[MainActivity]: Relayout returned: oldFrame=[0,0][768,1024] newFrame=[0,0][768,1024] result=0x5 surface={isValid=false 0} surfaceGenerationChanged=false
06-13 08:48:14.672 22832 22832 D LOCATION_SERVICE: onLocationChanged: Location[network 49,191223,17,534657 acc=21 et=+19h2m47s603ms alt=0.0 vel=0.0 bear=0.0 {Bundle[mParcelledData.dataSize=80]}]
06-13 08:48:16.179 22832 22832 D ViewRootImpl@b690264[CategoryListActivity]: ViewPostImeInputStage processKey 0
06-13 08:48:16.245 22832 22832 D ViewRootImpl@b690264[CategoryListActivity]: ViewPostImeInputStage processKey 1
06-13 08:48:16.549 22832 22832 D ViewRootImpl@f461d7f[MainActivity]: Relayout returned: oldFrame=[0,0][768,1024] newFrame=[0,0][768,1024] result=0x7 surface={isValid=true -1818232832} surfaceGenerationChanged=true
06-13 08:48:16.551 22832 22832 D ViewRootImpl@f461d7f[MainActivity]: mHardwareRenderer.initialize() mSurface={isValid=true -1818232832} hwInitialized=true
06-13 08:48:16.650 22832 22832 D AbsListView: in onLayout changed
06-13 08:48:16.673 22832 22832 D ViewRootImpl@f461d7f[MainActivity]: MSG_WINDOW_FOCUS_CHANGED 1
06-13 08:48:16.674 22832 22832 D ViewRootImpl@f461d7f[MainActivity]: mHardwareRenderer.initializeIfNeeded()#2 mSurface={isValid=true -1818232832}
06-13 08:48:16.675 22832 22832 V InputMethodManager: Starting input: tba=android.view.inputmethod.EditorInfo@c7ae412 nm : cz.gienger.mobile ic=null
06-13 08:48:16.675 22832 22832 I InputMethodManager: startInputInner - mService.startInputOrWindowGainedFocus
06-13 08:48:16.692 22832 22832 D InputTransport: Input channel constructed: fd=66
06-13 08:48:16.693 22832 22832 D InputTransport: Input channel destroyed: fd=103
06-13 08:48:16.704 22832 22832 D ViewRootImpl@b690264[CategoryListActivity]: MSG_WINDOW_FOCUS_CHANGED 0
06-13 08:48:16.736 22832 22832 D ViewRootImpl@b690264[CategoryListActivity]: mHardwareRenderer.destroy()#1
06-13 08:48:16.756 22832 22832 D ViewRootImpl@b690264[CategoryListActivity]: Relayout returned: oldFrame=[0,0][768,1024] newFrame=[0,0][768,1024] result=0x5 surface={isValid=false 0} surfaceGenerationChanged=true
06-13 08:48:17.177 22832 22832 D ViewRootImpl@b690264[CategoryListActivity]: mHardwareRenderer.destroy()#4
06-13 08:48:17.178 22832 22832 D ViewRootImpl@b690264[CategoryListActivity]: dispatchDetachedFromWindow
06-13 08:48:17.190 22832 22832 D InputTransport: Input channel destroyed: fd=95
06-13 08:48:17.191 22832 22832 D LOCATION_SERVICE: onDestroy
06-13 08:48:17.769 22832 22832 D ViewRootImpl@f461d7f[MainActivity]: ViewPostImeInputStage processPointer 0
06-13 08:48:17.830 22832 22832 D ViewRootImpl@f461d7f[MainActivity]: ViewPostImeInputStage processPointer 1
06-13 08:48:17.840 22832 22832 D item_click: viewId = 2131820758, position = 18
06-13 08:48:17.891 22832 22832 D ViewRootImpl@f461d7f[MainActivity]: MSG_WINDOW_FOCUS_CHANGED 0
06-13 08:48:17.956 22832 22832 D ScrollView: initGoToTop
06-13 08:48:18.018 22832 22832 D ViewRootImpl@9b4501b[CancelDeliveryActivity]: ThreadedRenderer.create() translucent=false
06-13 08:48:18.023 22832 22832 D InputTransport: Input channel constructed: fd=103
06-13 08:48:18.023 22832 22832 D ViewRootImpl@9b4501b[CancelDeliveryActivity]: setView = DecorView@21085b8[CancelDeliveryActivity] touchMode=true
06-13 08:48:18.025 22832 22832 D LOCATION_SERVICE: LocationListener gps
06-13 08:48:18.026 22832 22832 D LOCATION_SERVICE: LocationListener network
06-13 08:48:18.027 22832 22832 D LOCATION_SERVICE: onCreate
06-13 08:48:18.027 22832 22832 D LOCATION_SERVICE: initializeLocationManager
06-13 08:48:18.047 22832 22832 D LOCATION_SERVICE: onStartCommand
06-13 08:48:18.064 22832 22832 D ViewRootImpl@9b4501b[CancelDeliveryActivity]: dispatchAttachedToWindow
06-13 08:48:18.113 22832 22832 D ViewRootImpl@9b4501b[CancelDeliveryActivity]: Relayout returned: oldFrame=[0,0][0,0] newFrame=[0,0][768,1024] result=0x27 surface={isValid=true -1853749248} surfaceGenerationChanged=true
06-13 08:48:18.114 22832 22832 D ViewRootImpl@9b4501b[CancelDeliveryActivity]: mHardwareRenderer.initialize() mSurface={isValid=true -1853749248} hwInitialized=true
06-13 08:48:18.120 22832 22832 D ScrollView: onsize change changed
06-13 08:48:18.144 22832 22855 W art : Clearing bad or obsolete profile data from file /data/misc/profiles/cur/0/cz.gienger.mobile/primary.prof: Profile EOF reached prematurely for ReadProfileHeader
06-13 08:48:18.161 22832 22832 D ViewRootImpl@9b4501b[CancelDeliveryActivity]: MSG_RESIZED_REPORT: frame=Rect(0, 0 - 768, 1024) ci=Rect(0, 24 - 0, 0) vi=Rect(0, 24 - 0, 0) or=1
06-13 08:48:18.161 22832 22832 D ViewRootImpl@9b4501b[CancelDeliveryActivity]: MSG_WINDOW_FOCUS_CHANGED 1
06-13 08:48:18.161 22832 22832 D ViewRootImpl@9b4501b[CancelDeliveryActivity]: mHardwareRenderer.initializeIfNeeded()#2 mSurface={isValid=true -1853749248}
06-13 08:48:18.166 22832 22832 V InputMethodManager: Starting input: tba=android.view.inputmethod.EditorInfo@b90dcfc nm : cz.gienger.mobile ic=null
06-13 08:48:18.166 22832 22832 I InputMethodManager: startInputInner - mService.startInputOrWindowGainedFocus
06-13 08:48:18.181 22832 22832 D InputTransport: Input channel constructed: fd=121
06-13 08:48:18.181 22832 22832 D InputTransport: Input channel destroyed: fd=66
06-13 08:48:18.228 22832 22878 D OpenGLRenderer: endAllActiveAnimators on 0x91808b00 (RippleDrawable) with handle 0x945e0c90
06-13 08:48:18.229 22832 22832 D ViewRootImpl@f461d7f[MainActivity]: mHardwareRenderer.destroy()#1
06-13 08:48:18.235 22832 22832 D ViewRootImpl@f461d7f[MainActivity]: Relayout returned: oldFrame=[0,0][768,1024] newFrame=[0,0][768,1024] result=0x5 surface={isValid=false 0} surfaceGenerationChanged=true
06-13 08:48:18.626 22832 22832 D ViewRootImpl@f461d7f[MainActivity]: Relayout returned: oldFrame=[0,0][768,1024] newFrame=[0,0][768,1024] result=0x5 surface={isValid=false 0} surfaceGenerationChanged=false
06-13 08:48:18.815 22832 22832 D ViewRootImpl@9b4501b[CancelDeliveryActivity]: ViewPostImeInputStage processPointer 0
06-13 08:48:18.888 22832 22832 D ViewRootImpl@9b4501b[CancelDeliveryActivity]: ViewPostImeInputStage processPointer 1
06-13 08:48:19.473 22832 22832 D ViewRootImpl@9b4501b[CancelDeliveryActivity]: ViewPostImeInputStage processPointer 0
06-13 08:48:19.535 22832 22832 D ViewRootImpl@9b4501b[CancelDeliveryActivity]: ViewPostImeInputStage processPointer 1
06-13 08:48:19.547 22832 22832 D UNDELIVERED: Reason ID = 9, Comment =
06-13 08:48:19.652 22832 22832 D ViewRootImpl@9b4501b[CancelDeliveryActivity]: MSG_WINDOW_FOCUS_CHANGED 0
06-13 08:48:19.656 22832 14662 D MESSAGE_SERVICE: ACTION_COMPRESS_AND_UPLOAD
