06-13 08:41:14.031 22832 22832 D ViewRootImpl@b0c720e[CategoryListActivity]: mHardwareRenderer.initializeIfNeeded()#2 mSurface={isValid=true -1845501952}
06-13 08:41:14.033 22832 22832 V InputMethodManager: Starting input: tba=android.view.inputmethod.EditorInfo@f6ed618 nm : cz.gienger.mobile ic=null
06-13 08:41:14.033 22832 22832 I InputMethodManager: startInputInner - mService.startInputOrWindowGainedFocus
06-13 08:41:14.036 22832 22832 D InputTransport: Input channel constructed: fd=66
06-13 08:41:14.036 22832 22832 D InputTransport: Input channel destroyed: fd=61
06-13 08:41:14.109 22832 22878 D OpenGLRenderer: endAllActiveAnimators on 0x94565600 (RippleDrawable) with handle 0x91ffc480
06-13 08:41:14.109 22832 22832 D ViewRootImpl@f02f109[MainActivity]: mHardwareRenderer.destroy()#1
06-13 08:41:14.123 22832 22832 D ViewRootImpl@f02f109[MainActivity]: Relayout returned: oldFrame=[0,0][768,1024] newFrame=[0,0][768,1024] result=0x5 surface={isValid=false 0} surfaceGenerationChanged=true
06-13 08:41:14.471 22832 22832 D ViewRootImpl@f02f109[MainActivity]: Relayout returned: oldFrame=[0,0][768,1024] newFrame=[0,0][768,1024] result=0x5 surface={isValid=false 0} surfaceGenerationChanged=false
06-13 08:41:14.490 22832 22832 D LOCATION_SERVICE: onLocationChanged: Location[network 49,191240,17,534681 acc=21 et=+18h55m47s420ms alt=0.0 vel=0.0 bear=0.0 {Bundle[mParcelledData.dataSize=80]}]
06-13 08:41:15.317 22832 22832 D ViewRootImpl@b0c720e[CategoryListActivity]: ViewPostImeInputStage processPointer 0
06-13 08:41:15.386 22832 22832 D ViewRootImpl@b0c720e[CategoryListActivity]: ViewPostImeInputStage processPointer 1
06-13 08:41:15.440 22832 22832 D ViewRootImpl@b0c720e[CategoryListActivity]: MSG_WINDOW_FOCUS_CHANGED 0
06-13 08:41:15.617 22832 22832 D ViewRootImpl@efba034[CartActivity]: ThreadedRenderer.create() translucent=false
06-13 08:41:15.621 22832 22832 D InputTransport: Input channel constructed: fd=63
06-13 08:41:15.621 22832 22832 D ViewRootImpl@efba034[CartActivity]: setView = DecorView@82b3e5d[CartActivity] touchMode=true
06-13 08:41:15.624 22832 22832 D ViewRootImpl@efba034[CartActivity]: dispatchAttachedToWindow
06-13 08:41:15.658 22832 22832 D ViewRootImpl@efba034[CartActivity]: Relayout returned: oldFrame=[0,0][0,0] newFrame=[0,0][768,1024] result=0x27 surface={isValid=true -1790597120} surfaceGenerationChanged=true
06-13 08:41:15.659 22832 22832 D ViewRootImpl@efba034[CartActivity]: mHardwareRenderer.initialize() mSurface={isValid=true -1790597120} hwInitialized=true
06-13 08:41:15.802 22832 22832 D AbsListView: in onLayout changed
06-13 08:41:15.869 22832 22832 D ViewRootImpl@efba034[CartActivity]: MSG_RESIZED_REPORT: frame=Rect(0, 0 - 768, 1024) ci=Rect(0, 24 - 0, 0) vi=Rect(0, 24 - 0, 0) or=1
06-13 08:41:15.869 22832 22832 D ViewRootImpl@efba034[CartActivity]: MSG_WINDOW_FOCUS_CHANGED 1
06-13 08:41:15.869 22832 22832 D ViewRootImpl@efba034[CartActivity]: mHardwareRenderer.initializeIfNeeded()#2 mSurface={isValid=true -1790597120}
06-13 08:41:15.898 22832 22832 V InputMethodManager: Starting input: tba=android.view.inputmethod.EditorInfo@dc0328e nm : cz.gienger.mobile ic=null
06-13 08:41:15.898 22832 22832 I InputMethodManager: startInputInner - mService.startInputOrWindowGainedFocus
06-13 08:41:15.904 22832 22832 D InputTransport: Input channel constructed: fd=64
06-13 08:41:15.904 22832 22832 D InputTransport: Input channel destroyed: fd=66
06-13 08:41:15.969 22832 22878 D OpenGLRenderer: endAllActiveAnimators on 0x92685680 (RippleDrawable) with handle 0x9237f220
06-13 08:41:15.969 22832 22832 D ViewRootImpl@b0c720e[CategoryListActivity]: mHardwareRenderer.destroy()#1
06-13 08:41:15.996 22832 22832 D ViewRootImpl@b0c720e[CategoryListActivity]: Relayout returned: oldFrame=[0,0][768,1024] newFrame=[0,0][768,1024] result=0x5 surface={isValid=false 0} surfaceGenerationChanged=true
06-13 08:41:16.389 22832 22832 D ViewRootImpl@b0c720e[CategoryListActivity]: Relayout returned: oldFrame=[0,0][768,1024] newFrame=[0,0][768,1024] result=0x5 surface={isValid=false 0} surfaceGenerationChanged=false
06-13 08:41:17.629 22832 22832 D ViewRootImpl@efba034[CartActivity]: ViewPostImeInputStage processPointer 0
06-13 08:41:17.687 22832 22832 D AbsListView: reportScrollStateChange() newState : 1
06-13 08:41:18.189 22832 22832 D ViewRootImpl@efba034[CartActivity]: ViewPostImeInputStage processPointer 1
06-13 08:41:18.189 22832 22832 D AbsListView: onTouchUp() mTouchMode : 3
06-13 08:41:18.189 22832 22832 D AbsListView: onTouchUp() TOUCH_MODE_SCROLL initialVelocity : -21
06-13 08:41:18.189 22832 22832 D AbsListView: reportScrollStateChange() newState : 0
06-13 08:41:18.617 22832 22832 D ViewRootImpl@efba034[CartActivity]: ViewPostImeInputStage processPointer 0
06-13 08:41:18.660 22832 22832 D AbsListView: reportScrollStateChange() newState : 1
06-13 08:41:18.988 22832 22832 D ViewRootImpl@efba034[CartActivity]: ViewPostImeInputStage processPointer 1
06-13 08:41:18.988 22832 22832 D AbsListView: onTouchUp() mTouchMode : 3
06-13 08:41:18.988 22832 22832 D AbsListView: onTouchUp() TOUCH_MODE_SCROLL initialVelocity : -417
06-13 08:41:18.988 22832 22832 D AbsListView: reportScrollStateChange() newState : 0
06-13 08:41:19.483 22832 22832 D ViewRootImpl@efba034[CartActivity]: ViewPostImeInputStage processPointer 0
06-13 08:41:19.576 22832 22832 D ViewRootImpl@efba034[CartActivity]: ViewPostImeInputStage processPointer 1
06-13 08:41:19.597 22832 22832 D View : requestFocusFromTouch
06-13 08:41:19.613 22832 22832 D ScrollView: initGoToTop
06-13 08:41:19.618 22832 22832 D ScrollView: initGoToTop
06-13 08:41:19.627 22832 22832 D ViewRootImpl@8089ff0[CartActivity]: ThreadedRenderer.create() translucent=true
06-13 08:41:19.634 22832 22832 D InputTransport: Input channel constructed: fd=74
06-13 08:41:19.634 22832 22832 D ViewRootImpl@8089ff0[CartActivity]: setView = DecorView@76969[CartActivity] touchMode=false
06-13 08:41:19.639 22832 22832 D ViewRootImpl@8089ff0[CartActivity]: dispatchAttachedToWindow
06-13 08:41:19.667 22832 22832 D ViewRootImpl@8089ff0[CartActivity]: Relayout returned: oldFrame=[0,0][0,0] newFrame=[108,450][660,597] result=0x26 surface={isValid=true -1846947840} surfaceGenerationChanged=true
06-13 08:41:19.668 22832 22832 D ViewRootImpl@8089ff0[CartActivity]: mHardwareRenderer.initialize() mSurface={isValid=true -1846947840} hwInitialized=true
06-13 08:41:19.672 22832 22832 D ScrollView: onsize change changed
06-13 08:41:19.672 22832 22832 D ScrollView: onsize change changed
06-13 08:41:19.673 22832 22832 V InputMethodManager: Starting input: tba=android.view.inputmethod.EditorInfo@57c0fee nm : cz.gienger.mobile ic=null
06-13 08:41:19.673 22832 22832 I InputMethodManager: startInputInner - mService.startInputOrWindowGainedFocus
06-13 08:41:19.675 22832 22832 D InputTransport: Input channel constructed: fd=75
06-13 08:41:19.675 22832 22832 D InputTransport: Input channel destroyed: fd=64
06-13 08:41:19.676 22832 22832 D ViewRootImpl@8089ff0[CartActivity]: MSG_WINDOW_FOCUS_CHANGED 1
06-13 08:41:19.676 22832 22832 D ViewRootImpl@8089ff0[CartActivity]: mHardwareRenderer.initializeIfNeeded()#2 mSurface={isValid=true -1846947840}
06-13 08:41:19.676 22832 22832 V InputMethodManager: Not IME target window, ignoring
06-13 08:41:19.695 22832 22832 D ViewRootImpl@8089ff0[CartActivity]: MSG_RESIZED_REPORT: frame=Rect(108, 450 - 660, 597) ci=Rect(0, 0 - 0, 0) vi=Rect(0, 0 - 0, 0) or=1
06-13 08:41:19.734 22832 22832 D ViewRootImpl@efba034[CartActivity]: MSG_WINDOW_FOCUS_CHANGED 0
06-13 08:41:22.128 22832 22832 D ViewRootImpl@8089ff0[CartActivity]: ViewPostImeInputStage processPointer 0
06-13 08:41:22.184 22832 22832 D ViewRootImpl@8089ff0[CartActivity]: ViewPostImeInputStage processPointer 1
06-13 08:41:22.221 22832 22832 D ScrollView: initGoToTop
06-13 08:41:22.225 22832 22832 D ScrollView: initGoToTop
06-13 08:41:22.237 22832 22832 D ViewRootImpl@6c1a413[CartActivity]: ThreadedRenderer.create() translucent=true
06-13 08:41:22.243 22832 22832 D InputTransport: Input channel constructed: fd=84
06-13 08:41:22.243 22832 22832 D ViewRootImpl@6c1a413[CartActivity]: setView = DecorView@a22d650[CartActivity] touchMode=true
06-13 08:41:22.263 22832 22878 D OpenGLRenderer: endAllActiveAnimators on 0x945f8600 (RippleDrawable) with handle 0x94d5d530
06-13 08:41:22.263 22832 22832 D ViewRootImpl@8089ff0[CartActivity]: mHardwareRenderer.destroy()#4
06-13 08:41:22.263 22832 22832 D ViewRootImpl@8089ff0[CartActivity]: dispatchDetachedFromWindow
06-13 08:41:22.277 22832 22832 D InputTransport: Input channel destroyed: fd=74
06-13 08:41:22.278 22832 22832 D ViewRootImpl@6c1a413[CartActivity]: dispatchAttachedToWindow
06-13 08:41:22.314 22832 22832 D ViewRootImpl@6c1a413[CartActivity]: Relayout returned: oldFrame=[0,0][0,0] newFrame=[108,466][660,582] result=0x27 surface={isValid=true -1846947840} surfaceGenerationChanged=true
06-13 08:41:22.315 22832 22832 D ViewRootImpl@6c1a413[CartActivity]: mHardwareRenderer.initialize() mSurface={isValid=true -1846947840} hwInitialized=true
06-13 08:41:22.324 22832 22832 D ViewRootImpl@6c1a413[CartActivity]: MSG_WINDOW_FOCUS_CHANGED 1
06-13 08:41:22.324 22832 22832 D ViewRootImpl@6c1a413[CartActivity]: mHardwareRenderer.initializeIfNeeded()#2 mSurface={isValid=true -1846947840}
06-13 08:41:22.339 22832 22832 D ViewRootImpl@6c1a413[CartActivity]: MSG_RESIZED_REPORT: frame=Rect(108, 466 - 660, 582) ci=Rect(0, 0 - 0, 0) vi=Rect(0, 0 - 0, 0) or=1
06-13 08:41:22.365 22832 22832 E ViewRootImpl: sendUserActionEvent() returned.
06-13 08:41:22.430 22832 22845 I art : Background partial concurrent mark sweep GC freed 43638(1780KB) AllocSpace objects, 12(2MB) LOS objects, 46% free, 13MB/25MB, paused 1.470ms total 121.936ms
06-13 08:41:24.083 22832 22845 I art : Background partial concurrent mark sweep GC freed 312134(10MB) AllocSpace objects, 16(1384KB) LOS objects, 42% free, 16MB/28MB, paused 1.011ms total 160.435ms
06-13 08:41:25.395 22832 22837 I art : Do partial code cache collection, code=421KB, data=486KB
06-13 08:41:25.396 22832 22837 I art : After code cache collection, code=420KB, data=486KB
06-13 08:41:25.396 22832 22837 I art : Increasing code cache capacity to 2MB
06-13 08:41:25.639 22832 22832 D ViewRootImpl@6c1a413[CartActivity]: mHardwareRenderer.destroy()#4
06-13 08:41:25.639 22832 22832 D ViewRootImpl@6c1a413[CartActivity]: dispatchDetachedFromWindow
06-13 08:41:25.654 22832 22832 D InputTransport: Input channel destroyed: fd=84
06-13 08:41:25.697 22832 22832 D ViewRootImpl@efba034[CartActivity]: MSG_WINDOW_FOCUS_CHANGED 1
06-13 08:41:25.698 22832 22832 V InputMethodManager: Not IME target window, ignoring
06-13 08:41:25.699 22832 22832 D ViewRootImpl@efba034[CartActivity]: mHardwareRenderer.initializeIfNeeded()#2 mSurface={isValid=true -1790597120}
06-13 08:41:25.715 22832 22832 V InputMethodManager: Starting input: tba=android.view.inputmethod.EditorInfo@349fe0d nm : cz.gienger.mobile ic=null
06-13 08:41:25.715 22832 22832 I InputMethodManager: startInputInner - mService.startInputOrWindowGainedFocus
06-13 08:41:25.716 22832 22832 D InputTransport: Input channel constructed: fd=64
06-13 08:41:25.716 22832 22832 D InputTransport: Input channel destroyed: fd=75
06-13 08:41:25.717 22832 22832 E ViewRootImpl: sendUserActionEvent() returned.
06-13 08:41:25.744 22832 22832 D ViewRootImpl@efba034[CartActivity]: MSG_WINDOW_FOCUS_CHANGED 0
06-13 08:41:26.769 22832 22832 D ViewRootImpl@efba034[CartActivity]: mHardwareRenderer.destroy()#1
06-13 08:41:26.792 22832 22832 D ViewRootImpl@efba034[CartActivity]: Relayout returned: oldFrame=[0,0][768,1024] newFrame=[0,0][768,1024] result=0x5 surface={isValid=false 0} surfaceGenerationChanged=true
06-13 08:41:26.793 22832 22832 D InputTransport: Input channel destroyed: fd=64
06-13 08:41:27.182 22832 22832 D ViewRootImpl@efba034[CartActivity]: Relayout returned: oldFrame=[0,0][768,1024] newFrame=[0,0][768,1024] result=0x5 surface={isValid=false 0} surfaceGenerationChanged=false
06-13 08:42:37.559 22832 22832 D Graph : removeVertex() : insertDummyVertex, because there is no ancestor.
06-13 08:42:37.565 22832 14026 D MESSAGE_SERVICE: ACTION_RESEND_ORDERS
06-13 08:42:37.569 22832 22855 W art : Clearing bad or obsolete profile data from file /data/misc/profiles/cur/0/cz.gienger.mobile/primary.prof: Profile EOF reached prematurely for ReadProfileHeader
06-13 08:43:57.174 22832 22832 D ViewRootImpl@1aedc9c[PdfArchiveActivity]: ThreadedRenderer.create() translucent=true
06-13 08:43:57.178 22832 22832 D InputTransport: Input channel constructed: fd=61
06-13 08:43:57.178 22832 22832 D ViewRootImpl@1aedc9c[PdfArchiveActivity]: setView = DecorView@b53a6a5[PdfArchiveActivity] touchMode=true
06-13 08:43:57.188 22832 22832 D ViewRootImpl@1aedc9c[PdfArchiveActivity]: dispatchAttachedToWindow
06-13 08:43:57.215 22832 22832 D ViewRootImpl@1aedc9c[PdfArchiveActivity]: Relayout returned: oldFrame=[0,0][0,0] newFrame=[241,456][527,568] result=0x27 surface={isValid=true -1806102528} surfaceGenerationChanged=true
06-13 08:43:57.215 22832 22832 D ViewRootImpl@1aedc9c[PdfArchiveActivity]: mHardwareRenderer.initialize() mSurface={isValid=true -1806102528} hwInitialized=true
06-13 08:43:57.218 22832 22832 D ViewRootImpl@1aedc9c[PdfArchiveActivity]: MSG_RESIZED_REPORT: frame=Rect(241, 456 - 527, 568) ci=Rect(0, 0 - 0, 0) vi=Rect(0, 0 - 0, 0) or=1
06-13 08:43:57.218 22832 22832 D ViewRootImpl@1aedc9c[PdfArchiveActivity]: MSG_WINDOW_FOCUS_CHANGED 1
06-13 08:43:57.218 22832 22832 D ViewRootImpl@1aedc9c[PdfArchiveActivity]: mHardwareRenderer.initializeIfNeeded()#2 mSurface={isValid=true -1806102528}
06-13 08:43:57.219 22832 22832 V InputMethodManager: Starting input: tba=android.view.inputmethod.EditorInfo@8026a7a nm : cz.gienger.mobile ic=null
06-13 08:43:57.219 22832 22832 I InputMethodManager: startInputInner - mService.startInputOrWindowGainedFocus
06-13 08:43:57.221 22832 22832 D InputTransport: Input channel constructed: fd=64
06-13 08:43:58.288 22832 22832 D ViewRootImpl@1aedc9c[PdfArchiveActivity]: mHardwareRenderer.destroy()#1
06-13 08:43:58.300 22832 22832 D ViewRootImpl@1aedc9c[PdfArchiveActivity]: Relayout returned: oldFrame=[241,456][527,568] newFrame=[241,456][527,568] result=0x5 surface={isValid=false 0} surfaceGenerationChanged=true
06-13 08:43:58.300 22832 22832 D ViewRootImpl@1aedc9c[PdfArchiveActivity]: MSG_WINDOW_FOCUS_CHANGED 0
06-13 08:43:58.303 22832 22832 D ViewRootImpl@efba034[CartActivity]: mHardwareRenderer.destroy()#1
06-13 08:43:58.342 22832 22832 D ViewRootImpl@efba034[CartActivity]: Relayout returned: oldFrame=[0,0][768,1024] newFrame=[0,0][768,1024] result=0x1 surface={isValid=false 0} surfaceGenerationChanged=false
06-13 08:43:58.584 22832 14066 D MYINTERCEPTOR: /GiengerService.svc/uploadfinishedorder
06-13 08:43:58.585 22832 14066 D OkHttp : --> POST https://testsaig1.gienger.cz/GiengerService.svc/uploadfinishedorder http/1.1
06-13 08:43:58.585 22832 14066 D OkHttp : Content-Type: text/raw
06-13 08:43:58.585 22832 14066 D OkHttp : Content-Length: 140103
06-13 08:43:58.585 22832 14066 D OkHttp : filename: 1a90140f-7da1-4f19-a7f0-e7379abeb49c.xml
06-13 08:43:58.585 22832 14066 D OkHttp : Checksum: a549ce3f1d384e7ccb97265c2264818c
06-13 08:43:58.585 22832 14066 D OkHttp : token: 129e4d327aefdfee26f71a370bd1fd66
06-13 08:43:58.585 22832 14066 D OkHttp : state: CZ
06-13 08:43:58.585 22832 14066 D OkHttp : --> END POST
06-13 08:43:58.608 22832 22832 D ViewRootImpl@b0c720e[CategoryListActivity]: mHardwareRenderer.destroy()#4
06-13 08:43:58.608 22832 22832 D ViewRootImpl@b0c720e[CategoryListActivity]: dispatchDetachedFromWindow
06-13 08:43:58.623 22832 22832 D InputTransport: Input channel destroyed: fd=71
06-13 08:43:58.690 22832 22832 D ViewRootImpl@efba034[CartActivity]: Relayout returned: oldFrame=[0,0][768,1024] newFrame=[0,0][768,1024] result=0x7 surface={isValid=true -1806102528} surfaceGenerationChanged=true
06-13 08:43:58.691 22832 22832 D ViewRootImpl@efba034[CartActivity]: mHardwareRenderer.initialize() mSurface={isValid=true -1806102528} hwInitialized=true
06-13 08:43:58.713 22832 22832 D AbsListView: in onLayout changed
06-13 08:43:58.715 22832 22832 D LOCATION_SERVICE: onDestroy
06-13 08:43:59.035 22832 22832 D ViewRootImpl@f02f109[MainActivity]: Relayout returned: oldFrame=[0,0][768,1024] newFrame=[0,0][768,1024] result=0x7 surface={isValid=true -1795168256} surfaceGenerationChanged=true
06-13 08:43:59.035 22832 22832 D ViewRootImpl@f02f109[MainActivity]: mHardwareRenderer.initialize() mSurface={isValid=true -1795168256} hwInitialized=true
06-13 08:43:59.120 22832 22832 D AbsListView: in onLayout changed
06-13 08:43:59.152 22832 22832 D ViewRootImpl@f02f109[MainActivity]: MSG_WINDOW_FOCUS_CHANGED 1
06-13 08:43:59.152 22832 22832 D ViewRootImpl@f02f109[MainActivity]: mHardwareRenderer.initializeIfNeeded()#2 mSurface={isValid=true -1795168256}
06-13 08:43:59.154 22832 22832 V InputMethodManager: Starting input: tba=android.view.inputmethod.EditorInfo@8fdc31 nm : cz.gienger.mobile ic=null
06-13 08:43:59.154 22832 22832 I InputMethodManager: startInputInner - mService.startInputOrWindowGainedFocus
06-13 08:43:59.179 22832 22832 D InputTransport: Input channel constructed: fd=71
06-13 08:43:59.179 22832 22832 D InputTransport: Input channel destroyed: fd=64
06-13 08:43:59.205 22832 14066 D OkHttp : <-- 200 https://testsaig1.gienger.cz/GiengerService.svc/uploadfinishedorder (619ms)
06-13 08:43:59.205 22832 14066 D OkHttp : content-type: application/xml; charset=utf-8
06-13 08:43:59.205 22832 14066 D OkHttp : server: Microsoft-IIS/10.0
06-13 08:43:59.205 22832 14066 D OkHttp : x-powered-by: ASP.NET
06-13 08:43:59.206 22832 14066 D OkHttp : date: Thu, 13 Jun 2019 06:43:58 GMT
06-13 08:43:59.206 22832 14066 D OkHttp : content-length: 175
06-13 08:43:59.206 22832 14066 D OkHttp : <-- END HTTP
06-13 08:43:59.212 22832 22832 D ViewRootImpl@efba034[CartActivity]: mHardwareRenderer.destroy()#1
06-13 08:43:59.223 22832 22832 D ViewRootImpl@efba034[CartActivity]: Relayout returned: oldFrame=[0,0][768,1024] newFrame=[0,0][768,1024] result=0x5 surface={isValid=false 0} surfaceGenerationChanged=true
06-13 08:43:59.230 22832 22832 D ViewRootImpl@1aedc9c[PdfArchiveActivity]: mHardwareRenderer.destroy()#4
06-13 08:43:59.231 22832 22832 D ViewRootImpl@1aedc9c[PdfArchiveActivity]: dispatchDetachedFromWindow
06-13 08:43:59.242 22832 22832 D InputTransport: Input channel destroyed: fd=61
06-13 08:43:59.623 22832 22832 D TextView: SYANI: Clipboard API is calling: clearFilter()
06-13 08:43:59.623 22832 22832 D TextView: SYANI: Clipboard API is calling: unregisterClipboardEventListener()
06-13 08:43:59.625 22832 22832 D TextView: SYANI: Clipboard API is calling: clearFilter()
06-13 08:43:59.626 22832 22832 D TextView: SYANI: Clipboard API is calling: unregisterClipboardEventListener()
06-13 08:43:59.628 22832 22832 D TextView: SYANI: Clipboard API is calling: clearFilter()
06-13 08:43:59.628 22832 22832 D TextView: SYANI: Clipboard API is calling: unregisterClipboardEventListener()
06-13 08:43:59.634 22832 22832 D TextView: SYANI: Clipboard API is calling: clearFilter()
06-13 08:43:59.634 22832 22832 D TextView: SYANI: Clipboard API is calling: unregisterClipboardEventListener()
06-13 08:43:59.641 22832 22832 D TextView: SYANI: Clipboard API is calling: clearFilter()
06-13 08:43:59.641 22832 22832 D TextView: SYANI: Clipboard API is calling: unregisterClipboardEventListener()
06-13 08:43:59.643 22832 22832 D TextView: SYANI: Clipboard API is calling: clearFilter()
06-13 08:43:59.644 22832 22832 D TextView: SYANI: Clipboard API is calling: unregisterClipboardEventListener()
06-13 08:43:59.648 22832 22832 D TextView: SYANI: Clipboard API is calling: clearFilter()
06-13 08:43:59.648 22832 22832 D TextView: SYANI: Clipboard API is calling: unregisterClipboardEventListener()
06-13 08:43:59.650 22832 22832 D TextView: SYANI: Clipboard API is calling: clearFilter()
06-13 08:43:59.651 22832 22832 D TextView: SYANI: Clipboard API is calling: unregisterClipboardEventListener()
06-13 08:43:59.651 22832 22832 D TextView: SYANI: Clipboard API is calling: clearFilter()
06-13 08:43:59.651 22832 22832 D TextView: SYANI: Clipboard API is calling: unregisterClipboardEventListener()
06-13 08:43:59.653 22832 22832 D TextView: SYANI: Clipboard API is calling: clearFilter()
06-13 08:43:59.653 22832 22832 D TextView: SYANI: Clipboard API is calling: unregisterClipboardEventListener()
06-13 08:43:59.655 22832 22832 D TextView: SYANI: Clipboard API is calling: clearFilter()
06-13 08:43:59.655 22832 22832 D TextView: SYANI: Clipboard API is calling: unregisterClipboardEventListener()
06-13 08:43:59.669 22832 22832 D ViewRootImpl@efba034[CartActivity]: mHardwareRenderer.destroy()#4
06-13 08:43:59.669 22832 22832 D ViewRootImpl@efba034[CartActivity]: dispatchDetachedFromWindow
06-13 08:43:59.676 22832 22832 D InputTransport: Input channel destroyed: fd=63
06-13 08:43:59.995 22832 22832 D ViewRootImpl: updatePointerIcon pointerType = 20001, calling pid = 22832
06-13 08:43:59.995 22832 22832 D InputManager: setPointerIconType iconId = 20001, callingPid = 22832
06-13 08:43:59.998 22832 22832 D ViewRootImpl: updatePointerIcon pointerType = 20001, calling pid = 22832
06-13 08:43:59.999 22832 22832 D InputManager: setPointerIconType iconId = 20001, callingPid = 22832
06-13 08:44:00.191 22832 22832 D ViewRootImpl@f02f109[MainActivity]: ViewPostImeInputStage processPointer 0
06-13 08:44:00.193 22832 22832 D ViewRootImpl: updatePointerIcon pointerType = 20001, calling pid = 22832
06-13 08:44:00.194 22832 22832 D InputManager: setPointerIconType iconId = 20001, callingPid = 22832
06-13 08:44:00.229 22832 22832 D AbsListView: reportScrollStateChange() newState : 1
06-13 08:44:01.576 22832 22832 D ViewRootImpl@f02f109[MainActivity]: ViewPostImeInputStage processPointer 1
06-13 08:44:01.577 22832 22832 D AbsListView: onTouchUp() mTouchMode : 3
06-13 08:44:01.577 22832 22832 D AbsListView: onTouchUp() TOUCH_MODE_SCROLL initialVelocity : -385
06-13 08:44:01.577 22832 22832 D AbsListView: reportScrollStateChange() newState : 2
06-13 08:44:01.585 22832 22832 D ViewRootImpl: updatePointerIcon pointerType = 20001, calling pid = 22832
06-13 08:44:01.586 22832 22832 D InputManager: setPointerIconType iconId = 20001, callingPid = 22832
06-13 08:44:01.587 22832 22832 D ViewRootImpl: updatePointerIcon pointerType = 20001, calling pid = 22832
06-13 08:44:01.587 22832 22832 D InputManager: setPointerIconType iconId = 20001, callingPid = 22832
06-13 08:44:01.885 22832 22832 D AbsListView: reportScrollStateChange() newState : 0
06-13 08:44:05.451 22832 22832 D ViewRootImpl: updatePointerIcon pointerType = 20001, calling pid = 22832
06-13 08:44:05.451 22832 22832 D InputManager: setPointerIconType iconId = 20001, callingPid = 22832
06-13 08:44:05.710 22832 22832 D ViewRootImpl@f02f109[MainActivity]: ViewPostImeInputStage processPointer 0
06-13 08:44:05.712 22832 22832 D ViewRootImpl: updatePointerIcon pointerType = 20001, calling pid = 22832
06-13 08:44:05.712 22832 22832 D InputManager: setPointerIconType iconId = 20001, callingPid = 22832
06-13 08:44:05.768 22832 22832 D ViewRootImpl@f02f109[MainActivity]: ViewPostImeInputStage processPointer 1
06-13 08:44:05.774 22832 22832 D ViewRootImpl: updatePointerIcon pointerType = 20001, calling pid = 22832
06-13 08:44:05.774 22832 22832 D InputManager: setPointerIconType iconId = 20001, callingPid = 22832
06-13 08:44:05.775 22832 22832 D ViewRootImpl: updatePointerIcon pointerType = 20001, calling pid = 22832
06-13 08:44:05.775 22832 22832 D InputManager: setPointerIconType iconId = 20001, callingPid = 22832
06-13 08:44:05.787 22832 22832 D item_click: viewId = 2131820760, position = 9
06-13 08:44:05.847 22832 22832 D ViewRootImpl@f02f109[MainActivity]: MSG_WINDOW_FOCUS_CHANGED 0
06-13 08:44:05.933 22832 22832 D ViewRootImpl@76c434d[CategoryListActivity]: ThreadedRenderer.create() translucent=false
06-13 08:44:05.936 22832 22832 D InputTransport: Input channel constructed: fd=63
06-13 08:44:05.937 22832 22832 D ViewRootImpl@76c434d[CategoryListActivity]: setView = DecorView@284e02[CategoryListActivity] touchMode=true
06-13 08:44:05.938 22832 22832 D LOCATION_SERVICE: LocationListener gps
06-13 08:44:05.939 22832 22832 D LOCATION_SERVICE: LocationListener network
06-13 08:44:05.940 22832 22832 D LOCATION_SERVICE: onCreate
06-13 08:44:05.940 22832 22832 D LOCATION_SERVICE: initializeLocationManager
06-13 08:44:05.955 22832 22832 D LOCATION_SERVICE: onStartCommand
06-13 08:44:05.970 22832 22832 D ViewRootImpl@76c434d[CategoryListActivity]: dispatchAttachedToWindow
06-13 08:44:06.010 22832 22832 D ViewRootImpl@76c434d[CategoryListActivity]: Relayout returned: oldFrame=[0,0][0,0] newFrame=[0,0][768,1024] result=0x27 surface={isValid=true -1847191552} surfaceGenerationChanged=true
06-13 08:44:06.010 22832 22832 D ViewRootImpl@76c434d[CategoryListActivity]: mHardwareRenderer.initialize() mSurface={isValid=true -1847191552} hwInitialized=true
06-13 08:44:06.141 22832 22832 D ViewRootImpl@76c434d[CategoryListActivity]: MSG_RESIZED_REPORT: frame=Rect(0, 0 - 768, 1024) ci=Rect(0, 24 - 0, 0) vi=Rect(0, 24 - 0, 0) or=1
06-13 08:44:06.141 22832 22832 D ViewRootImpl@76c434d[CategoryListActivity]: MSG_WINDOW_FOCUS_CHANGED 1
06-13 08:44:06.141 22832 22832 D ViewRootImpl@76c434d[CategoryListActivity]: mHardwareRenderer.initializeIfNeeded()#2 mSurface={isValid=true -1847191552}
06-13 08:44:06.143 22832 22832 V InputMethodManager: Starting input: tba=android.view.inputmethod.EditorInfo@235841f nm : cz.gienger.mobile ic=null
06-13 08:44:06.143 22832 22832 I InputMethodManager: startInputInner - mService.startInputOrWindowGainedFocus
06-13 08:44:06.145 22832 22832 D InputTransport: Input channel constructed: fd=64
06-13 08:44:06.145 22832 22832 D InputTransport: Input channel destroyed: fd=71
06-13 08:44:06.217 22832 22878 D OpenGLRenderer: endAllActiveAnimators on 0x93aaf780 (RippleDrawable) with handle 0x922b8100
06-13 08:44:06.217 22832 22832 D ViewRootImpl@f02f109[MainActivity]: mHardwareRenderer.destroy()#1
06-13 08:44:06.223 22832 22832 D ViewRootImpl@f02f109[MainActivity]: Relayout returned: oldFrame=[0,0][768,1024] newFrame=[0,0][768,1024] result=0x5 surface={isValid=false 0} surfaceGenerationChanged=true
06-13 08:44:06.633 22832 22832 D ViewRootImpl@f02f109[MainActivity]: Relayout returned: oldFrame=[0,0][768,1024] newFrame=[0,0][768,1024] result=0x5 surface={isValid=false 0} surfaceGenerationChanged=false
06-13 08:44:07.204 22832 22832 D ViewRootImpl: updatePointerIcon pointerType = 20001, calling pid = 22832
06-13 08:44:07.204 22832 22832 D InputManager: setPointerIconType iconId = 20001, callingPid = 22832
06-13 08:44:07.206 22832 22832 D ViewRootImpl: updatePointerIcon pointerType = 20001, calling pid = 22832
06-13 08:44:07.207 22832 22832 D InputManager: setPointerIconType iconId = 20001, callingPid = 22832
06-13 08:44:09.312 22832 22832 D ViewRootImpl: updatePointerIcon pointerType = 20001, calling pid = 22832
06-13 08:44:09.313 22832 22832 D InputManager: setPointerIconType iconId = 20001, callingPid = 22832
06-13 08:44:09.965 22832 22832 D ViewRootImpl@76c434d[CategoryListActivity]: ViewPostImeInputStage processPointer 0
06-13 08:44:10.024 22832 22832 D ViewRootImpl@76c434d[CategoryListActivity]: ViewPostImeInputStage processPointer 1
06-13 08:44:11.179 22832 22832 D ViewRootImpl@76c434d[CategoryListActivity]: ViewPostImeInputStage processPointer 0
06-13 08:44:11.270 22832 22832 D ViewRootImpl@76c434d[CategoryListActivity]: ViewPostImeInputStage processPointer 1
06-13 08:44:12.289 22832 22832 D ViewRootImpl@76c434d[CategoryListActivity]: ViewPostImeInputStage processPointer 0
06-13 08:44:12.371 22832 22832 D ViewRootImpl@76c434d[CategoryListActivity]: ViewPostImeInputStage processPointer 1
06-13 08:44:12.405 22832 22832 D ViewRootImpl@76c434d[CategoryListActivity]: MSG_WINDOW_FOCUS_CHANGED 0
06-13 08:44:12.498 22832 22832 D ViewRootImpl@6a80201[ArticleListActivity]: ThreadedRenderer.create() translucent=false
06-13 08:44:12.501 22832 22832 D InputTransport: Input channel constructed: fd=66
06-13 08:44:12.501 22832 22832 D ViewRootImpl@6a80201[ArticleListActivity]: setView = DecorView@3eb58a6[ArticleListActivity] touchMode=true
06-13 08:44:12.508 22832 22832 D ViewRootImpl@6a80201[ArticleListActivity]: dispatchAttachedToWindow
06-13 08:44:12.534 22832 22832 D ViewRootImpl@6a80201[ArticleListActivity]: Relayout returned: oldFrame=[0,0][0,0] newFrame=[0,0][768,1024] result=0x27 surface={isValid=true -1841356800} surfaceGenerationChanged=true
06-13 08:44:12.535 22832 22832 D ViewRootImpl@6a80201[ArticleListActivity]: mHardwareRenderer.initialize() mSurface={isValid=true -1841356800} hwInitialized=true
06-13 08:44:12.968 22832 22832 D ViewRootImpl@6a80201[ArticleListActivity]: MSG_RESIZED_REPORT: frame=Rect(0, 0 - 768, 1024) ci=Rect(0, 24 - 0, 0) vi=Rect(0, 24 - 0, 0) or=1
06-13 08:44:12.968 22832 22832 D ViewRootImpl@6a80201[ArticleListActivity]: MSG_WINDOW_FOCUS_CHANGED 1
06-13 08:44:12.968 22832 22832 D ViewRootImpl@6a80201[ArticleListActivity]: mHardwareRenderer.initializeIfNeeded()#2 mSurface={isValid=true -1841356800}
06-13 08:44:12.969 22832 22832 V InputMethodManager: Starting input: tba=android.view.inputmethod.EditorInfo@50594ec nm : cz.gienger.mobile ic=null
06-13 08:44:12.969 22832 22832 I InputMethodManager: startInputInner - mService.startInputOrWindowGainedFocus
06-13 08:44:12.971 22832 22832 D InputTransport: Input channel constructed: fd=78
06-13 08:44:12.971 22832 22832 D InputTransport: Input channel destroyed: fd=64
06-13 08:44:13.037 22832 22832 D ViewRootImpl@76c434d[CategoryListActivity]: mHardwareRenderer.destroy()#1
06-13 08:44:13.046 22832 22832 D ViewRootImpl@76c434d[CategoryListActivity]: Relayout returned: oldFrame=[0,0][768,1024] newFrame=[0,0][768,1024] result=0x5 surface={isValid=false 0} surfaceGenerationChanged=true
06-13 08:44:13.450 22832 22832 D ViewRootImpl@76c434d[CategoryListActivity]: Relayout returned: oldFrame=[0,0][768,1024] newFrame=[0,0][768,1024] result=0x5 surface={isValid=false 0} surfaceGenerationChanged=false
06-13 08:44:14.611 22832 22832 D ViewRootImpl@6a80201[ArticleListActivity]: ViewPostImeInputStage processPointer 0
06-13 08:44:15.247 22832 22832 D ViewRootImpl@6a80201[ArticleListActivity]: ViewPostImeInputStage processPointer 1
06-13 08:44:15.926 22832 22832 D ViewRootImpl@6a80201[ArticleListActivity]: ViewPostImeInputStage processPointer 0
06-13 08:44:16.302 22832 22832 D ViewRootImpl@6a80201[ArticleListActivity]: ViewPostImeInputStage processPointer 1
06-13 08:44:16.913 22832 22832 D ViewRootImpl@6a80201[ArticleListActivity]: ViewPostImeInputStage processPointer 0
06-13 08:44:17.290 22832 22832 D ViewRootImpl@6a80201[ArticleListActivity]: ViewPostImeInputStage processPointer 1
06-13 08:44:17.857 22832 22832 D ViewRootImpl@6a80201[ArticleListActivity]: ViewPostImeInputStage processPointer 0
06-13 08:44:18.179 22832 22832 D ViewRootImpl@6a80201[ArticleListActivity]: ViewPostImeInputStage processPointer 1
06-13 08:44:18.669 22832 22832 D ViewRootImpl@6a80201[ArticleListActivity]: ViewPostImeInputStage processPointer 0
06-13 08:44:19.205 22832 22832 D ViewRootImpl@6a80201[ArticleListActivity]: ViewPostImeInputStage processPointer 1
06-13 08:44:19.434 22832 22832 D ViewRootImpl@6a80201[ArticleListActivity]: ViewPostImeInputStage processPointer 0
06-13 08:44:19.656 22832 22832 D ViewRootImpl@6a80201[ArticleListActivity]: ViewPostImeInputStage processPointer 1
06-13 08:44:20.180 22832 22832 D ViewRootImpl@6a80201[ArticleListActivity]: ViewPostImeInputStage processPointer 0
06-13 08:44:20.320 22832 22832 D ViewRootImpl@6a80201[ArticleListActivity]: ViewPostImeInputStage processPointer 1
06-13 08:44:20.815 22832 22832 D ViewRootImpl@6a80201[ArticleListActivity]: ViewPostImeInputStage processPointer 0
06-13 08:44:21.387 22832 22832 D ViewRootImpl@6a80201[ArticleListActivity]: ViewPostImeInputStage processPointer 1
06-13 08:44:21.852 22832 22832 D ViewRootImpl@6a80201[ArticleListActivity]: ViewPostImeInputStage processPointer 0
06-13 08:44:22.697 22832 22832 D ViewRootImpl@6a80201[ArticleListActivity]: ViewPostImeInputStage processPointer 1
06-13 08:44:22.698 22832 22832 D LOCATION_SERVICE: onLocationChanged: Location[network 49,191226,17,534685 acc=21 et=+18h58m55s614ms alt=0.0 vel=0.0 bear=0.0 {Bundle[mParcelledData.dataSize=80]}]
06-13 08:44:23.649 22832 22832 D ViewRootImpl@6a80201[ArticleListActivity]: ViewPostImeInputStage processPointer 0
06-13 08:44:24.554 22832 22832 D ViewRootImpl@6a80201[ArticleListActivity]: ViewPostImeInputStage processPointer 1
06-13 08:44:25.081 22832 22832 D ViewRootImpl@6a80201[ArticleListActivity]: ViewPostImeInputStage processPointer 0
06-13 08:44:26.367 22832 22832 D ViewRootImpl@6a80201[ArticleListActivity]: ViewPostImeInputStage processPointer 1
06-13 08:44:27.024 22832 22832 D ViewRootImpl@6a80201[ArticleListActivity]: ViewPostImeInputStage processPointer 0
06-13 08:44:28.775 22832 22832 D ViewRootImpl@6a80201[ArticleListActivity]: ViewPostImeInputStage processPointer 1
06-13 08:44:28.787 22832 22855 W art : Clearing bad or obsolete profile data from file /data/misc/profiles/cur/0/cz.gienger.mobile/primary.prof: Profile EOF reached prematurely for ReadProfileHeader
06-13 08:44:31.444 22832 22832 D ViewRootImpl@6a80201[ArticleListActivity]: ViewPostImeInputStage processPointer 0
06-13 08:44:31.524 22832 22832 D ViewRootImpl@6a80201[ArticleListActivity]: ViewPostImeInputStage processPointer 1
06-13 08:44:31.567 22832 22832 D ViewRootImpl@6a80201[ArticleListActivity]: MSG_WINDOW_FOCUS_CHANGED 0
06-13 08:44:31.595 22832 22832 D Graph : removeVertex() : insertDummyVertex, because there is no ancestor.
06-13 08:44:31.673 22832 22832 D ViewRootImpl@a52beb1[AddArticleToCartActivity]: ThreadedRenderer.create() translucent=false
06-13 08:44:31.676 22832 22832 D InputTransport: Input channel constructed: fd=64
06-13 08:44:31.677 22832 22832 D ViewRootImpl@a52beb1[AddArticleToCartActivity]: setView = DecorView@93b4f96[AddArticleToCartActivity] touchMode=true
06-13 08:44:31.684 22832 22832 D ViewRootImpl@a52beb1[AddArticleToCartActivity]: dispatchAttachedToWindow
06-13 08:44:31.724 22832 22832 D ViewRootImpl@a52beb1[AddArticleToCartActivity]: Relayout returned: oldFrame=[0,0][0,0] newFrame=[0,0][768,1024] result=0x27 surface={isValid=true -1841606656} surfaceGenerationChanged=true
06-13 08:44:31.725 22832 22832 D ViewRootImpl@a52beb1[AddArticleToCartActivity]: mHardwareRenderer.initialize() mSurface={isValid=true -1841606656} hwInitialized=true
06-13 08:44:31.773 22832 22832 D ViewRootImpl@a52beb1[AddArticleToCartActivity]: MSG_RESIZED_REPORT: frame=Rect(0, 0 - 768, 1024) ci=Rect(0, 24 - 0, 0) vi=Rect(0, 24 - 0, 0) or=1
06-13 08:44:31.773 22832 22832 D ViewRootImpl@a52beb1[AddArticleToCartActivity]: MSG_WINDOW_FOCUS_CHANGED 1
06-13 08:44:31.773 22832 22832 D ViewRootImpl@a52beb1[AddArticleToCartActivity]: mHardwareRenderer.initializeIfNeeded()#2 mSurface={isValid=true -1841606656}
06-13 08:44:31.784 22832 22832 V InputMethodManager: Starting input: tba=android.view.inputmethod.EditorInfo@6a0935d nm : cz.gienger.mobile ic=com.android.internal.widget.EditableInputConnection@63344d2
06-13 08:44:31.784 22832 22832 I InputMethodManager: startInputInner - mService.startInputOrWindowGainedFocus
06-13 08:44:31.795 22832 22832 D InputTransport: Input channel constructed: fd=70
06-13 08:44:31.795 22832 22832 D InputTransport: Input channel destroyed: fd=78
06-13 08:44:31.841 22832 22878 D OpenGLRenderer: endAllActiveAnimators on 0x94fc9980 (RippleDrawable) with handle 0x91fa1100
06-13 08:44:31.842 22832 22832 D ViewRootImpl@6a80201[ArticleListActivity]: mHardwareRenderer.destroy()#1
06-13 08:44:31.850 22832 22832 D ViewRootImpl@6a80201[ArticleListActivity]: Relayout returned: oldFrame=[0,0][768,1024] newFrame=[0,0][768,1024] result=0x5 surface={isValid=false 0} surfaceGenerationChanged=true
06-13 08:44:32.138 22832 22832 D ViewRootImpl@a52beb1[AddArticleToCartActivity]: MSG_RESIZED: frame=Rect(0, 0 - 768, 1024) ci=Rect(0, 24 - 0, 0) vi=Rect(0, 24 - 0, 320) or=1
06-13 08:44:32.224 22832 22832 D ViewRootImpl@6a80201[ArticleListActivity]: Relayout returned: oldFrame=[0,0][768,1024] newFrame=[0,0][768,1024] result=0x5 surface={isValid=false 0} surfaceGenerationChanged=false
06-13 08:44:33.522 22832 22832 D ViewRootImpl@a52beb1[AddArticleToCartActivity]: ViewPostImeInputStage processPointer 0
06-13 08:44:33.604 22832 22832 D ViewRootImpl@a52beb1[AddArticleToCartActivity]: ViewPostImeInputStage processPointer 1
06-13 08:44:33.612 22832 22832 V InputMethodManager: Starting input: tba=android.view.inputmethod.EditorInfo@14f0cff nm : cz.gienger.mobile ic=com.android.internal.widget.EditableInputConnection@d86acc
06-13 08:44:33.612 22832 22832 I InputMethodManager: startInputInner - mService.startInputOrWindowGainedFocus
06-13 08:44:33.615 22832 22832 D InputTransport: Input channel constructed: fd=80
06-13 08:44:33.615 22832 22832 D InputTransport: Input channel destroyed: fd=70
06-13 08:44:33.680 22832 22832 D ViewRootImpl@6a80201[ArticleListActivity]: mHardwareRenderer.destroy()#1
06-13 08:44:33.695 22832 22832 D ViewRootImpl@6a80201[ArticleListActivity]: Relayout returned: oldFrame=[0,0][768,1024] newFrame=[0,0][768,1024] result=0x1 surface={isValid=false 0} surfaceGenerationChanged=false
06-13 08:44:33.730 22832 22832 D ViewRootImpl@6a80201[ArticleListActivity]: Relayout returned: oldFrame=[0,0][768,1024] newFrame=[0,0][768,1024] result=0x7 surface={isValid=true -1841356800} surfaceGenerationChanged=true
06-13 08:44:33.731 22832 22832 D ViewRootImpl@6a80201[ArticleListActivity]: mHardwareRenderer.initialize() mSurface={isValid=true -1841356800} hwInitialized=true
06-13 08:44:33.867 22832 22832 D ViewRootImpl@a52beb1[AddArticleToCartActivity]: MSG_WINDOW_FOCUS_CHANGED 0
06-13 08:44:33.916 22832 22832 D ViewRootImpl@6a80201[ArticleListActivity]: MSG_RESIZED_REPORT: frame=Rect(0, 0 - 768, 1024) ci=Rect(0, 24 - 0, 320) vi=Rect(0, 24 - 0, 320) or=1
06-13 08:44:33.916 22832 22832 D ViewRootImpl@6a80201[ArticleListActivity]: MSG_WINDOW_FOCUS_CHANGED 1
06-13 08:44:33.916 22832 22832 D ViewRootImpl@6a80201[ArticleListActivity]: mHardwareRenderer.initializeIfNeeded()#2 mSurface={isValid=true -1841356800}
06-13 08:44:33.918 22832 22832 V InputMethodManager: Starting input: tba=android.view.inputmethod.EditorInfo@d916991 nm : cz.gienger.mobile ic=null
06-13 08:44:33.919 22832 22832 I InputMethodManager: startInputInner - mService.startInputOrWindowGainedFocus
06-13 08:44:33.941 22832 22832 D InputTransport: Input channel constructed: fd=81
06-13 08:44:33.941 22832 22832 D InputTransport: Input channel destroyed: fd=80
06-13 08:44:33.959 22832 22832 W IInputConnectionWrapper: getCursorCapsMode on inactive InputConnection
06-13 08:44:34.032 22832 22878 D OpenGLRenderer: endAllActiveAnimators on 0x919a3680 (RippleDrawable) with handle 0x91ffcce0
06-13 08:44:34.032 22832 22832 D ViewRootImpl@a52beb1[AddArticleToCartActivity]: mHardwareRenderer.destroy()#1
06-13 08:44:34.176 22832 22832 D ViewRootImpl@a52beb1[AddArticleToCartActivity]: Relayout returned: oldFrame=[0,0][768,1024] newFrame=[0,0][768,1024] result=0x5 surface={isValid=false 0} surfaceGenerationChanged=true
06-13 08:44:34.190 22832 22832 W IInputConnectionWrapper: finishComposingText on inactive InputConnection
06-13 08:44:34.190 22832 22832 W IInputConnectionWrapper: performPrivateCommand on inactive InputConnection
06-13 08:44:34.190 22832 22832 W IInputConnectionWrapper: finishComposingText on inactive InputConnection
06-13 08:44:34.191 22832 22832 D ViewRootImpl@6a80201[ArticleListActivity]: MSG_RESIZED: frame=Rect(0, 0 - 768, 1024) ci=Rect(0, 24 - 0, 0) vi=Rect(0, 24 - 0, 0) or=1
06-13 08:44:34.214 22832 22832 D ViewRootImpl@6a80201[ArticleListActivity]: Relayout returned: oldFrame=[0,0][768,1024] newFrame=[0,0][768,1024] result=0x1 surface={isValid=true -1841356800} surfaceGenerationChanged=false
06-13 08:44:34.373 22832 22832 D TextView: SYANI: Clipboard API is calling: clearFilter()
06-13 08:44:34.373 22832 22832 D TextView: SYANI: Clipboard API is calling: unregisterClipboardEventListener()
06-13 08:44:34.379 22832 22832 D TextView: SYANI: Clipboard API is calling: clearFilter()
06-13 08:44:34.379 22832 22832 D TextView: SYANI: Clipboard API is calling: unregisterClipboardEventListener()
06-13 08:44:34.387 22832 22832 D ViewRootImpl@a52beb1[AddArticleToCartActivity]: mHardwareRenderer.destroy()#4
06-13 08:44:34.387 22832 22832 D ViewRootImpl@a52beb1[AddArticleToCartActivity]: dispatchDetachedFromWindow
06-13 08:44:34.398 22832 22832 D InputTransport: Input channel destroyed: fd=64
06-13 08:44:34.952 22832 22832 D ViewRootImpl@6a80201[ArticleListActivity]: ViewPostImeInputStage processPointer 0
06-13 08:44:35.428 22832 22832 D ViewRootImpl@6a80201[ArticleListActivity]: ViewPostImeInputStage processPointer 1
06-13 08:44:36.493 22832 22832 D ViewRootImpl@6a80201[ArticleListActivity]: ViewPostImeInputStage processPointer 0
06-13 08:44:36.606 22832 22832 D ViewRootImpl@6a80201[ArticleListActivity]: ViewPostImeInputStage processPointer 1
06-13 08:44:36.647 22832 22832 D ViewRootImpl@6a80201[ArticleListActivity]: MSG_WINDOW_FOCUS_CHANGED 0
06-13 08:44:36.733 22832 22832 D ViewRootImpl@108ebe1[AddArticleToCartActivity]: ThreadedRenderer.create() translucent=false
06-13 08:44:36.737 22832 22832 D InputTransport: Input channel constructed: fd=64
06-13 08:44:36.737 22832 22832 D ViewRootImpl@108ebe1[AddArticleToCartActivity]: setView = DecorView@9b12d06[AddArticleToCartActivity] touchMode=true
06-13 08:44:36.742 22832 22832 D ViewRootImpl@108ebe1[AddArticleToCartActivity]: dispatchAttachedToWindow
06-13 08:44:36.771 22832 22832 D ViewRootImpl@108ebe1[AddArticleToCartActivity]: Relayout returned: oldFrame=[0,0][0,0] newFrame=[0,0][768,1024] result=0x27 surface={isValid=true -1847599104} surfaceGenerationChanged=true
06-13 08:44:36.773 22832 22832 D ViewRootImpl@108ebe1[AddArticleToCartActivity]: mHardwareRenderer.initialize() mSurface={isValid=true -1847599104} hwInitialized=true
06-13 08:44:36.824 22832 22832 D ViewRootImpl@108ebe1[AddArticleToCartActivity]: MSG_RESIZED_REPORT: frame=Rect(0, 0 - 768, 1024) ci=Rect(0, 24 - 0, 0) vi=Rect(0, 24 - 0, 0) or=1
06-13 08:44:36.824 22832 22832 D ViewRootImpl@108ebe1[AddArticleToCartActivity]: MSG_WINDOW_FOCUS_CHANGED 1
06-13 08:44:36.824 22832 22832 D ViewRootImpl@108ebe1[AddArticleToCartActivity]: mHardwareRenderer.initializeIfNeeded()#2 mSurface={isValid=true -1847599104}
06-13 08:44:36.834 22832 22832 V InputMethodManager: Starting input: tba=android.view.inputmethod.EditorInfo@1138f51 nm : cz.gienger.mobile ic=com.android.internal.widget.EditableInputConnection@4a4e3b6
06-13 08:44:36.834 22832 22832 I InputMethodManager: startInputInner - mService.startInputOrWindowGainedFocus
06-13 08:44:36.850 22832 22832 D InputTransport: Input channel constructed: fd=70
06-13 08:44:36.850 22832 22832 D InputTransport: Input channel destroyed: fd=81
06-13 08:44:36.888 22832 22878 D OpenGLRenderer: endAllActiveAnimators on 0x94fca080 (RippleDrawable) with handle 0x91ffcf30
06-13 08:44:36.888 22832 22832 D ViewRootImpl@6a80201[ArticleListActivity]: mHardwareRenderer.destroy()#1
06-13 08:44:36.896 22832 22832 D ViewRootImpl@6a80201[ArticleListActivity]: Relayout returned: oldFrame=[0,0][768,1024] newFrame=[0,0][768,1024] result=0x5 surface={isValid=false 0} surfaceGenerationChanged=true
06-13 08:44:37.172 22832 22832 D ViewRootImpl@108ebe1[AddArticleToCartActivity]: MSG_RESIZED: frame=Rect(0, 0 - 768, 1024) ci=Rect(0, 24 - 0, 0) vi=Rect(0, 24 - 0, 320) or=1
06-13 08:44:37.302 22832 22832 D ViewRootImpl@6a80201[ArticleListActivity]: Relayout returned: oldFrame=[0,0][768,1024] newFrame=[0,0][768,1024] result=0x5 surface={isValid=false 0} surfaceGenerationChanged=false
06-13 08:44:39.283 22832 22832 D ViewRootImpl@108ebe1[AddArticleToCartActivity]: ViewPostImeInputStage processPointer 0
06-13 08:44:39.379 22832 22832 D ViewRootImpl@108ebe1[AddArticleToCartActivity]: ViewPostImeInputStage processPointer 1
06-13 08:44:39.384 22832 22832 V InputMethodManager: Starting input: tba=android.view.inputmethod.EditorInfo@760953 nm : cz.gienger.mobile ic=com.android.internal.widget.EditableInputConnection@24b7290
06-13 08:44:39.384 22832 22832 I InputMethodManager: startInputInner - mService.startInputOrWindowGainedFocus
06-13 08:44:39.387 22832 22832 D InputTransport: Input channel constructed: fd=78
06-13 08:44:39.387 22832 22832 D InputTransport: Input channel destroyed: fd=70
06-13 08:44:39.479 22832 22832 D ViewRootImpl@6a80201[ArticleListActivity]: Relayout returned: oldFrame=[0,0][768,1024] newFrame=[0,0][768,1024] result=0x7 surface={isValid=true -1841356800} surfaceGenerationChanged=true
06-13 08:44:39.480 22832 22832 D ViewRootImpl@6a80201[ArticleListActivity]: mHardwareRenderer.initialize() mSurface={isValid=true -1841356800} hwInitialized=true
06-13 08:44:39.643 22832 22832 D ViewRootImpl@6a80201[ArticleListActivity]: MSG_RESIZED_REPORT: frame=Rect(0, 0 - 768, 1024) ci=Rect(0, 24 - 0, 320) vi=Rect(0, 24 - 0, 320) or=1
06-13 08:44:39.643 22832 22832 D ViewRootImpl@6a80201[ArticleListActivity]: MSG_WINDOW_FOCUS_CHANGED 1
06-13 08:44:39.644 22832 22832 D ViewRootImpl@6a80201[ArticleListActivity]: mHardwareRenderer.initializeIfNeeded()#2 mSurface={isValid=true -1841356800}
06-13 08:44:39.646 22832 22832 V InputMethodManager: Starting input: tba=android.view.inputmethod.EditorInfo@e6d6345 nm : cz.gienger.mobile ic=null
06-13 08:44:39.646 22832 22832 I InputMethodManager: startInputInner - mService.startInputOrWindowGainedFocus
06-13 08:44:39.665 22832 22832 D InputTransport: Input channel constructed: fd=81
06-13 08:44:39.665 22832 22832 D InputTransport: Input channel destroyed: fd=78
06-13 08:44:39.686 22832 22832 D ViewRootImpl@108ebe1[AddArticleToCartActivity]: MSG_WINDOW_FOCUS_CHANGED 0
06-13 08:44:39.740 22832 22878 D OpenGLRenderer: endAllActiveAnimators on 0x93a0db80 (RippleDrawable) with handle 0x921c5a00
06-13 08:44:39.740 22832 22832 D ViewRootImpl@108ebe1[AddArticleToCartActivity]: mHardwareRenderer.destroy()#1
06-13 08:44:39.775 22832 22832 D ViewRootImpl@108ebe1[AddArticleToCartActivity]: Relayout returned: oldFrame=[0,0][768,1024] newFrame=[0,0][768,1024] result=0x5 surface={isValid=false 0} surfaceGenerationChanged=true
06-13 08:44:39.789 22832 22832 W IInputConnectionWrapper: finishComposingText on inactive InputConnection
06-13 08:44:39.790 22832 22832 W IInputConnectionWrapper: performPrivateCommand on inactive InputConnection
06-13 08:44:39.790 22832 22832 W IInputConnectionWrapper: finishComposingText on inactive InputConnection
06-13 08:44:39.854 22832 22832 D ViewRootImpl@6a80201[ArticleListActivity]: MSG_RESIZED: frame=Rect(0, 0 - 768, 1024) ci=Rect(0, 24 - 0, 0) vi=Rect(0, 24 - 0, 0) or=1
06-13 08:44:39.876 22832 22832 D ViewRootImpl@6a80201[ArticleListActivity]: Relayout returned: oldFrame=[0,0][768,1024] newFrame=[0,0][768,1024] result=0x1 surface={isValid=true -1841356800} surfaceGenerationChanged=false
06-13 08:44:40.122 22832 22832 D TextView: SYANI: Clipboard API is calling: clearFilter()
06-13 08:44:40.122 22832 22832 D TextView: SYANI: Clipboard API is calling: unregisterClipboardEventListener()
06-13 08:44:40.126 22832 22832 D TextView: SYANI: Clipboard API is calling: clearFilter()
06-13 08:44:40.126 22832 22832 D TextView: SYANI: Clipboard API is calling: unregisterClipboardEventListener()
06-13 08:44:40.134 22832 22832 D ViewRootImpl@108ebe1[AddArticleToCartActivity]: mHardwareRenderer.destroy()#4
06-13 08:44:40.134 22832 22832 D ViewRootImpl@108ebe1[AddArticleToCartActivity]: dispatchDetachedFromWindow
06-13 08:44:40.144 22832 22832 D InputTransport: Input channel destroyed: fd=64
06-13 08:44:41.513 22832 22832 D ViewRootImpl@6a80201[ArticleListActivity]: ViewPostImeInputStage processPointer 0
06-13 08:44:41.583 22832 22832 D ViewRootImpl@6a80201[ArticleListActivity]: ViewPostImeInputStage processPointer 1
06-13 08:44:41.628 22832 22832 D ViewRootImpl@6a80201[ArticleListActivity]: MSG_WINDOW_FOCUS_CHANGED 0
06-13 08:44:41.788 22832 22832 D ViewRootImpl@baaac7e[CartActivity]: ThreadedRenderer.create() translucent=false
06-13 08:44:41.791 22832 22832 D InputTransport: Input channel constructed: fd=64
06-13 08:44:41.792 22832 22832 D ViewRootImpl@baaac7e[CartActivity]: setView = DecorView@fae05df[CartActivity] touchMode=true
06-13 08:44:41.804 22832 22832 D ViewRootImpl@baaac7e[CartActivity]: dispatchAttachedToWindow
06-13 08:44:41.836 22832 22832 D ViewRootImpl@baaac7e[CartActivity]: Relayout returned: oldFrame=[0,0][0,0] newFrame=[0,0][768,1024] result=0x27 surface={isValid=true -1852702720} surfaceGenerationChanged=true
06-13 08:44:41.836 22832 22832 D ViewRootImpl@baaac7e[CartActivity]: mHardwareRenderer.initialize() mSurface={isValid=true -1852702720} hwInitialized=true
06-13 08:44:41.941 22832 22832 D AbsListView: in onLayout changed
06-13 08:44:41.980 22832 22832 D ViewRootImpl@baaac7e[CartActivity]: MSG_RESIZED_REPORT: frame=Rect(0, 0 - 768, 1024) ci=Rect(0, 24 - 0, 0) vi=Rect(0, 24 - 0, 0) or=1
06-13 08:44:41.980 22832 22832 D ViewRootImpl@baaac7e[CartActivity]: MSG_WINDOW_FOCUS_CHANGED 1
06-13 08:44:41.981 22832 22832 D ViewRootImpl@baaac7e[CartActivity]: mHardwareRenderer.initializeIfNeeded()#2 mSurface={isValid=true -1852702720}
06-13 08:44:41.998 22832 22832 V InputMethodManager: Starting input: tba=android.view.inputmethod.EditorInfo@8046bf0 nm : cz.gienger.mobile ic=null
06-13 08:44:41.998 22832 22832 I InputMethodManager: startInputInner - mService.startInputOrWindowGainedFocus
06-13 08:44:42.000 22832 22832 D InputTransport: Input channel constructed: fd=70
06-13 08:44:42.001 22832 22832 D InputTransport: Input channel destroyed: fd=81
06-13 08:44:42.043 22832 22878 D OpenGLRenderer: endAllActiveAnimators on 0x94fcbc80 (RippleDrawable) with handle 0x921c59c0
06-13 08:44:42.043 22832 22832 D ViewRootImpl@6a80201[ArticleListActivity]: mHardwareRenderer.destroy()#1
