06-13 08:46:49.319 22832 22832 D LOCATION_SERVICE: onLocationChanged: Location[network 49,191239,17,534666 acc=21 et=+19h1m22s248ms alt=0.0 vel=0.0 bear=0.0 {Bundle[mParcelledData.dataSize=80]}]
06-13 08:46:49.985 22832 22832 D ViewRootImpl@ffb754e[DeliverActivity]: mHardwareRenderer.destroy()#1
06-13 08:46:50.004 22832 22832 D ViewRootImpl@ffb754e[DeliverActivity]: Relayout returned: oldFrame=[0,0][768,1024] newFrame=[0,0][768,1024] result=0x5 surface={isValid=false 0} surfaceGenerationChanged=true
06-13 08:46:50.007 22832 22832 D InputTransport: Input channel destroyed: fd=66
06-13 08:46:50.007 22832 22832 W IInputConnectionWrapper: finishComposingText on inactive InputConnection
06-13 08:46:50.008 22832 22832 W IInputConnectionWrapper: reportFullscreenMode on inexistent InputConnection
06-13 08:46:50.008 22832 22832 W IInputConnectionWrapper: finishComposingText on inactive InputConnection
06-13 08:46:57.367 22832 22832 D Graph : removeVertex() : insertDummyVertex, because there is no ancestor.
06-13 08:46:57.390 22832 22855 W art : Clearing bad or obsolete profile data from file /data/misc/profiles/cur/0/cz.gienger.mobile/primary.prof: Profile EOF reached prematurely for ReadProfileHeader
06-13 08:46:57.407 22832 22832 D ViewRootImpl@2d610b7[PdfArchiveActivity]: ThreadedRenderer.create() translucent=true
06-13 08:46:57.410 22832 22832 D InputTransport: Input channel constructed: fd=61
06-13 08:46:57.411 22832 22832 D ViewRootImpl@2d610b7[PdfArchiveActivity]: setView = DecorView@2c71024[PdfArchiveActivity] touchMode=true
06-13 08:46:57.421 22832 22832 D ViewRootImpl@2d610b7[PdfArchiveActivity]: dispatchAttachedToWindow
06-13 08:46:57.447 22832 22832 D ViewRootImpl@2d610b7[PdfArchiveActivity]: Relayout returned: oldFrame=[0,0][0,0] newFrame=[241,456][527,568] result=0x27 surface={isValid=true -1848893440} surfaceGenerationChanged=true
06-13 08:46:57.447 22832 22832 D ViewRootImpl@2d610b7[PdfArchiveActivity]: mHardwareRenderer.initialize() mSurface={isValid=true -1848893440} hwInitialized=true
06-13 08:46:57.450 22832 22832 D ViewRootImpl@2d610b7[PdfArchiveActivity]: MSG_RESIZED_REPORT: frame=Rect(241, 456 - 527, 568) ci=Rect(0, 0 - 0, 0) vi=Rect(0, 0 - 0, 0) or=1
06-13 08:46:57.450 22832 22832 D ViewRootImpl@2d610b7[PdfArchiveActivity]: MSG_WINDOW_FOCUS_CHANGED 1
06-13 08:46:57.450 22832 22832 D ViewRootImpl@2d610b7[PdfArchiveActivity]: mHardwareRenderer.initializeIfNeeded()#2 mSurface={isValid=true -1848893440}
06-13 08:46:57.451 22832 22832 V InputMethodManager: Starting input: tba=android.view.inputmethod.EditorInfo@585078d nm : cz.gienger.mobile ic=null
06-13 08:46:57.451 22832 22832 I InputMethodManager: startInputInner - mService.startInputOrWindowGainedFocus
06-13 08:46:57.453 22832 22832 D InputTransport: Input channel constructed: fd=64
06-13 08:46:58.522 22832 22832 D ViewRootImpl@2d610b7[PdfArchiveActivity]: mHardwareRenderer.destroy()#1
06-13 08:46:58.536 22832 22832 D ViewRootImpl@2d610b7[PdfArchiveActivity]: Relayout returned: oldFrame=[241,456][527,568] newFrame=[241,456][527,568] result=0x5 surface={isValid=false 0} surfaceGenerationChanged=true
06-13 08:46:58.536 22832 22832 D ViewRootImpl@2d610b7[PdfArchiveActivity]: MSG_WINDOW_FOCUS_CHANGED 0
06-13 08:46:58.551 22832 22832 D ViewRootImpl@ffb754e[DeliverActivity]: mHardwareRenderer.destroy()#1
06-13 08:46:58.566 22832 22832 D ViewRootImpl@ffb754e[DeliverActivity]: Relayout returned: oldFrame=[0,0][768,1024] newFrame=[0,0][768,1024] result=0x1 surface={isValid=false 0} surfaceGenerationChanged=false
06-13 08:46:58.599 22832 22832 D SIGNOSIGN_SIGNED: signed
06-13 08:46:58.601 22832 22832 D InputTransport: Input channel destroyed: fd=64
06-13 08:46:58.635 22832 14560 D MESSAGE_SERVICE: ACTION_COMPRESS_AND_UPLOAD
06-13 08:46:58.919 22832 22832 D ViewRootImpl@f02f109[MainActivity]: Relayout returned: oldFrame=[0,0][768,1024] newFrame=[0,0][768,1024] result=0x7 surface={isValid=true -1848891392} surfaceGenerationChanged=true
06-13 08:46:58.919 22832 22832 D ViewRootImpl@f02f109[MainActivity]: mHardwareRenderer.initialize() mSurface={isValid=true -1848891392} hwInitialized=true
06-13 08:46:58.964 22832 22832 D AbsListView: in onLayout changed
06-13 08:46:58.987 22832 22832 D ViewRootImpl@f02f109[MainActivity]: MSG_WINDOW_FOCUS_CHANGED 1
06-13 08:46:58.987 22832 22832 D ViewRootImpl@f02f109[MainActivity]: mHardwareRenderer.initializeIfNeeded()#2 mSurface={isValid=true -1848891392}
06-13 08:46:58.989 22832 22832 V InputMethodManager: Starting input: tba=android.view.inputmethod.EditorInfo@bbac362 nm : cz.gienger.mobile ic=null
06-13 08:46:58.989 22832 22832 I InputMethodManager: startInputInner - mService.startInputOrWindowGainedFocus
06-13 08:46:59.008 22832 22832 D InputTransport: Input channel constructed: fd=67
06-13 08:46:59.056 22832 22832 D ViewRootImpl@ffb754e[DeliverActivity]: mHardwareRenderer.destroy()#1
06-13 08:46:59.068 22832 22832 D ViewRootImpl@ffb754e[DeliverActivity]: Relayout returned: oldFrame=[0,0][768,1024] newFrame=[0,0][768,1024] result=0x1 surface={isValid=false 0} surfaceGenerationChanged=false
06-13 08:46:59.390 22832 14560 D FILE_MANAGER: Serializing delivery /data/user/0/cz.gienger.mobile/files/finished/130AT1180325844/130AT1180325844.xml
06-13 08:46:59.390 22832 14560 D FILE_MANAGER: Null files:
06-13 08:46:59.722 22832 14560 D MYINTERCEPTOR: /GiengerService.svc/sendorder
06-13 08:46:59.723 22832 14560 D OkHttp : --> POST https://testsaig1.gienger.cz/GiengerService.svc/sendorder http/1.1
06-13 08:46:59.723 22832 14560 D OkHttp : Content-Type: text/raw
06-13 08:46:59.723 22832 14560 D OkHttp : Content-Length: 232769
06-13 08:46:59.723 22832 14560 D OkHttp : filename: 130AT1180325844.xml
06-13 08:46:59.723 22832 14560 D OkHttp : Checksum: 75407cf876c571afe44ec028cad9ca4a
06-13 08:46:59.723 22832 14560 D OkHttp : token: 129e4d327aefdfee26f71a370bd1fd66
06-13 08:46:59.723 22832 14560 D OkHttp : --> END POST
06-13 08:46:59.952 22832 14560 D OkHttp : <-- 200 https://testsaig1.gienger.cz/GiengerService.svc/sendorder (228ms)
06-13 08:46:59.954 22832 14560 D OkHttp : content-type: application/xml; charset=utf-8
06-13 08:46:59.954 22832 14560 D OkHttp : server: Microsoft-IIS/10.0
06-13 08:46:59.954 22832 14560 D OkHttp : x-powered-by: ASP.NET
06-13 08:46:59.954 22832 14560 D OkHttp : date: Thu, 13 Jun 2019 06:46:59 GMT
06-13 08:46:59.954 22832 14560 D OkHttp : content-length: 175
06-13 08:46:59.954 22832 14560 D OkHttp : <-- END HTTP
06-13 08:46:59.965 22832 14560 D sendOrder_SUCCESS: 200
06-13 08:47:00.307 22832 22832 D AbsListView: in onLayout changed
06-13 08:47:00.339 22832 22832 D TextView: SYANI: Clipboard API is calling: clearFilter()
06-13 08:47:00.339 22832 22832 D TextView: SYANI: Clipboard API is calling: unregisterClipboardEventListener()
06-13 08:47:00.339 22832 22832 D TextView: SYANI: Clipboard API is calling: clearFilter()
06-13 08:47:00.340 22832 22832 D TextView: SYANI: Clipboard API is calling: unregisterClipboardEventListener()
06-13 08:47:00.340 22832 22832 D TextView: SYANI: Clipboard API is calling: clearFilter()
06-13 08:47:00.340 22832 22832 D TextView: SYANI: Clipboard API is calling: unregisterClipboardEventListener()
06-13 08:47:00.365 22832 22832 D ViewRootImpl@ffb754e[DeliverActivity]: mHardwareRenderer.destroy()#4
06-13 08:47:00.365 22832 22832 D ViewRootImpl@ffb754e[DeliverActivity]: dispatchDetachedFromWindow
06-13 08:47:00.372 22832 22832 D InputTransport: Input channel destroyed: fd=70
06-13 08:47:00.376 22832 22832 D ViewRootImpl@2d610b7[PdfArchiveActivity]: mHardwareRenderer.destroy()#4
06-13 08:47:00.376 22832 22832 D ViewRootImpl@2d610b7[PdfArchiveActivity]: dispatchDetachedFromWindow
06-13 08:47:00.384 22832 22832 D InputTransport: Input channel destroyed: fd=61
06-13 08:47:00.385 22832 22832 D LOCATION_SERVICE: onDestroy
06-13 08:47:01.164 22832 22832 D ViewRootImpl@f02f109[MainActivity]: ViewPostImeInputStage processPointer 0
06-13 08:47:01.196 22832 22832 D AbsListView: reportScrollStateChange() newState : 1
06-13 08:47:01.591 22832 22832 D ViewRootImpl@f02f109[MainActivity]: ViewPostImeInputStage processPointer 1
06-13 08:47:01.591 22832 22832 D AbsListView: onTouchUp() mTouchMode : 3
06-13 08:47:01.592 22832 22832 D AbsListView: onTouchUp() TOUCH_MODE_SCROLL initialVelocity : -384
06-13 08:47:01.592 22832 22832 D AbsListView: reportScrollStateChange() newState : 2
06-13 08:47:01.881 22832 22832 D AbsListView: reportScrollStateChange() newState : 0
06-13 08:47:03.301 22832 22832 D ViewRootImpl@f02f109[MainActivity]: ViewPostImeInputStage processPointer 0
06-13 08:47:03.358 22832 22832 D ViewRootImpl@f02f109[MainActivity]: ViewPostImeInputStage processPointer 1
06-13 08:47:03.377 22832 22832 D item_click: viewId = 2131820758, position = 2
06-13 08:47:03.431 22832 22832 D ViewRootImpl@f02f109[MainActivity]: MSG_WINDOW_FOCUS_CHANGED 0
06-13 08:47:03.489 22832 22832 D ScrollView: initGoToTop
06-13 08:47:03.575 22832 22832 D ViewRootImpl@15c3d96[CancelDeliveryActivity]: ThreadedRenderer.create() translucent=false
06-13 08:47:03.578 22832 22832 D InputTransport: Input channel constructed: fd=64
06-13 08:47:03.579 22832 22832 D ViewRootImpl@15c3d96[CancelDeliveryActivity]: setView = DecorView@70e1d17[CancelDeliveryActivity] touchMode=true
06-13 08:47:03.581 22832 22832 D LOCATION_SERVICE: LocationListener gps
06-13 08:47:03.582 22832 22832 D LOCATION_SERVICE: LocationListener network
06-13 08:47:03.583 22832 22832 D LOCATION_SERVICE: onCreate
06-13 08:47:03.583 22832 22832 D LOCATION_SERVICE: initializeLocationManager
06-13 08:47:03.598 22832 22832 D LOCATION_SERVICE: onStartCommand
06-13 08:47:03.632 22832 22832 D ViewRootImpl@15c3d96[CancelDeliveryActivity]: dispatchAttachedToWindow
06-13 08:47:03.694 22832 22832 D ViewRootImpl@15c3d96[CancelDeliveryActivity]: Relayout returned: oldFrame=[0,0][0,0] newFrame=[0,0][768,1024] result=0x27 surface={isValid=true -1846945792} surfaceGenerationChanged=true
06-13 08:47:03.694 22832 22832 D ViewRootImpl@15c3d96[CancelDeliveryActivity]: mHardwareRenderer.initialize() mSurface={isValid=true -1846945792} hwInitialized=true
06-13 08:47:03.703 22832 22832 D ScrollView: onsize change changed
06-13 08:47:03.744 22832 22832 D ViewRootImpl@15c3d96[CancelDeliveryActivity]: MSG_RESIZED_REPORT: frame=Rect(0, 0 - 768, 1024) ci=Rect(0, 24 - 0, 0) vi=Rect(0, 24 - 0, 0) or=1
06-13 08:47:03.745 22832 22832 D ViewRootImpl@15c3d96[CancelDeliveryActivity]: MSG_WINDOW_FOCUS_CHANGED 1
06-13 08:47:03.745 22832 22832 D ViewRootImpl@15c3d96[CancelDeliveryActivity]: mHardwareRenderer.initializeIfNeeded()#2 mSurface={isValid=true -1846945792}
06-13 08:47:03.750 22832 22832 V InputMethodManager: Starting input: tba=android.view.inputmethod.EditorInfo@cc2ae7a nm : cz.gienger.mobile ic=null
06-13 08:47:03.750 22832 22832 I InputMethodManager: startInputInner - mService.startInputOrWindowGainedFocus
06-13 08:47:03.760 22832 22832 D InputTransport: Input channel constructed: fd=66
06-13 08:47:03.760 22832 22832 D InputTransport: Input channel destroyed: fd=67
06-13 08:47:03.801 22832 22878 D OpenGLRenderer: endAllActiveAnimators on 0x93b87980 (RippleDrawable) with handle 0x922e0850
06-13 08:47:03.801 22832 22832 D ViewRootImpl@f02f109[MainActivity]: mHardwareRenderer.destroy()#1
06-13 08:47:03.811 22832 22832 D ViewRootImpl@f02f109[MainActivity]: Relayout returned: oldFrame=[0,0][768,1024] newFrame=[0,0][768,1024] result=0x5 surface={isValid=false 0} surfaceGenerationChanged=true
06-13 08:47:04.193 22832 22832 D ViewRootImpl@f02f109[MainActivity]: Relayout returned: oldFrame=[0,0][768,1024] newFrame=[0,0][768,1024] result=0x5 surface={isValid=false 0} surfaceGenerationChanged=false
06-13 08:47:04.422 22832 22832 D ViewRootImpl@15c3d96[CancelDeliveryActivity]: ViewPostImeInputStage processPointer 0
06-13 08:47:04.493 22832 22832 D ViewRootImpl@15c3d96[CancelDeliveryActivity]: ViewPostImeInputStage processPointer 1
06-13 08:47:04.750 22832 22832 D LOCATION_SERVICE: onLocationChanged: Location[network 49,191237,17,534663 acc=21 et=+19h1m37s663ms alt=0.0 vel=0.0 bear=0.0 {Bundle[mParcelledData.dataSize=80]}]
06-13 08:47:05.161 22832 22832 D ViewRootImpl@15c3d96[CancelDeliveryActivity]: ViewPostImeInputStage processPointer 0
06-13 08:47:05.217 22832 22832 D ViewRootImpl@15c3d96[CancelDeliveryActivity]: ViewPostImeInputStage processPointer 1
06-13 08:47:05.247 22832 22832 D UNDELIVERED: Reason ID = 1, Comment =
06-13 08:47:05.352 22832 22832 D ViewRootImpl@15c3d96[CancelDeliveryActivity]: MSG_WINDOW_FOCUS_CHANGED 0
06-13 08:47:05.355 22832 14567 D MESSAGE_SERVICE: ACTION_COMPRESS_AND_UPLOAD
06-13 08:47:05.427 22832 22832 D ViewRootImpl@f02f109[MainActivity]: mHardwareRenderer.destroy()#4
06-13 08:47:05.427 22832 22832 D ViewRootImpl@f02f109[MainActivity]: dispatchDetachedFromWindow
06-13 08:47:05.549 22832 22832 D InputTransport: Input channel destroyed: fd=76
06-13 08:47:05.808 22832 22832 D ViewRootImpl@f00f3a7[MainActivity]: ThreadedRenderer.create() translucent=false
06-13 08:47:05.812 22832 22832 D InputTransport: Input channel constructed: fd=59
06-13 08:47:05.812 22832 22832 D ViewRootImpl@f00f3a7[MainActivity]: setView = DecorView@7ced054[MainActivity] touchMode=true
06-13 08:47:05.837 22832 22878 D OpenGLRenderer: endAllActiveAnimators on 0x945c7c00 (RippleDrawable) with handle 0x93a29a70
06-13 08:47:05.838 22832 22832 D ViewRootImpl@15c3d96[CancelDeliveryActivity]: mHardwareRenderer.destroy()#1
06-13 08:47:05.854 22832 22832 D ViewRootImpl@15c3d96[CancelDeliveryActivity]: Relayout returned: oldFrame=[0,0][768,1024] newFrame=[0,0][768,1024] result=0x5 surface={isValid=false 0} surfaceGenerationChanged=true
06-13 08:47:05.855 22832 22832 D ViewRootImpl@f00f3a7[MainActivity]: dispatchAttachedToWindow
06-13 08:47:05.898 22832 22832 D ViewRootImpl@f00f3a7[MainActivity]: Relayout returned: oldFrame=[0,0][0,0] newFrame=[0,0][768,1024] result=0x7 surface={isValid=true -1846945792} surfaceGenerationChanged=true
06-13 08:47:05.898 22832 22832 D ViewRootImpl@f00f3a7[MainActivity]: mHardwareRenderer.initialize() mSurface={isValid=true -1846945792} hwInitialized=true
06-13 08:47:05.968 22832 22832 D AbsListView: in onLayout changed
06-13 08:47:06.020 22832 22832 D ViewRootImpl@f00f3a7[MainActivity]: MSG_RESIZED_REPORT: frame=Rect(0, 0 - 768, 1024) ci=Rect(0, 24 - 0, 0) vi=Rect(0, 24 - 0, 0) or=1
06-13 08:47:06.020 22832 22832 D ViewRootImpl@f00f3a7[MainActivity]: MSG_WINDOW_FOCUS_CHANGED 1
06-13 08:47:06.020 22832 22832 D ViewRootImpl@f00f3a7[MainActivity]: mHardwareRenderer.initializeIfNeeded()#2 mSurface={isValid=true -1846945792}
06-13 08:47:06.022 22832 22832 V InputMethodManager: Starting input: tba=android.view.inputmethod.EditorInfo@5ec8e0 nm : cz.gienger.mobile ic=null
06-13 08:47:06.022 22832 22832 I InputMethodManager: startInputInner - mService.startInputOrWindowGainedFocus
06-13 08:47:06.030 22832 22832 D InputTransport: Input channel constructed: fd=70
06-13 08:47:06.030 22832 22832 D InputTransport: Input channel destroyed: fd=66
06-13 08:47:06.083 22832 14567 D FILE_MANAGER: Serializing delivery /data/user/0/cz.gienger.mobile/files/finished/130AT1180325878/130AT1180325878.xml
06-13 08:47:06.083 22832 14567 D FILE_MANAGER: Null files:
06-13 08:47:06.276 22832 14567 D MYINTERCEPTOR: /GiengerService.svc/sendorder
06-13 08:47:06.278 22832 14567 D OkHttp : --> POST https://testsaig1.gienger.cz/GiengerService.svc/sendorder http/1.1
06-13 08:47:06.278 22832 14567 D OkHttp : Content-Type: text/raw
06-13 08:47:06.278 22832 14567 D OkHttp : Content-Length: 6567
06-13 08:47:06.279 22832 14567 D OkHttp : filename: 130AT1180325878.xml
06-13 08:47:06.279 22832 14567 D OkHttp : Checksum: 285c870170bb4846e89142482cf8d408
06-13 08:47:06.279 22832 14567 D OkHttp : token: 129e4d327aefdfee26f71a370bd1fd66
06-13 08:47:06.279 22832 14567 D OkHttp : --> END POST
06-13 08:47:06.395 22832 14567 D OkHttp : <-- 200 https://testsaig1.gienger.cz/GiengerService.svc/sendorder (115ms)
06-13 08:47:06.395 22832 14567 D OkHttp : content-type: application/xml; charset=utf-8
06-13 08:47:06.395 22832 14567 D OkHttp : server: Microsoft-IIS/10.0
06-13 08:47:06.395 22832 14567 D OkHttp : x-powered-by: ASP.NET
06-13 08:47:06.395 22832 14567 D OkHttp : date: Thu, 13 Jun 2019 06:47:05 GMT
06-13 08:47:06.395 22832 14567 D OkHttp : content-length: 175
06-13 08:47:06.395 22832 14567 D OkHttp : <-- END HTTP
06-13 08:47:06.400 22832 14567 D sendOrder_SUCCESS: 200
06-13 08:47:06.427 22832 14567 D MESSAGE_SERVICE: ACTION_RESEND_ORDERS
06-13 08:47:06.746 22832 22832 D AbsListView: in onLayout changed
06-13 08:47:07.031 22832 22832 D AbsListView: in onLayout changed
06-13 08:47:07.094 22832 22832 D TextView: SYANI: Clipboard API is calling: clearFilter()
06-13 08:47:07.094 22832 22832 D TextView: SYANI: Clipboard API is calling: unregisterClipboardEventListener()
06-13 08:47:07.101 22832 22832 D ViewRootImpl@15c3d96[CancelDeliveryActivity]: mHardwareRenderer.destroy()#4
06-13 08:47:07.101 22832 22832 D ViewRootImpl@15c3d96[CancelDeliveryActivity]: dispatchDetachedFromWindow
06-13 08:47:07.107 22832 22832 D InputTransport: Input channel destroyed: fd=64
06-13 08:47:07.107 22832 22832 D LOCATION_SERVICE: onDestroy
06-13 08:47:07.117 22832 22832 D ViewRootImpl@f00f3a7[MainActivity]: ViewPostImeInputStage processPointer 0
06-13 08:47:07.212 22832 22832 D ViewRootImpl@f00f3a7[MainActivity]: ViewPostImeInputStage processPointer 1
06-13 08:47:07.239 22832 22832 D item_click: viewId = 2131820758, position = 3
06-13 08:47:07.286 22832 22832 D ViewRootImpl@f00f3a7[MainActivity]: MSG_WINDOW_FOCUS_CHANGED 0
06-13 08:47:07.346 22832 22832 D ScrollView: initGoToTop
06-13 08:47:07.424 22832 22832 D ViewRootImpl@8bd7594[CancelDeliveryActivity]: ThreadedRenderer.create() translucent=false
06-13 08:47:07.427 22832 22832 D InputTransport: Input channel constructed: fd=66
06-13 08:47:07.428 22832 22832 D ViewRootImpl@8bd7594[CancelDeliveryActivity]: setView = DecorView@6f6583d[CancelDeliveryActivity] touchMode=true
06-13 08:47:07.429 22832 22832 D LOCATION_SERVICE: LocationListener gps
06-13 08:47:07.430 22832 22832 D LOCATION_SERVICE: LocationListener network
06-13 08:47:07.431 22832 22832 D LOCATION_SERVICE: onCreate
06-13 08:47:07.431 22832 22832 D LOCATION_SERVICE: initializeLocationManager
06-13 08:47:07.440 22832 22832 D LOCATION_SERVICE: onStartCommand
06-13 08:47:07.459 22832 22832 D ViewRootImpl@8bd7594[CancelDeliveryActivity]: dispatchAttachedToWindow
06-13 08:47:07.508 22832 22832 D ViewRootImpl@8bd7594[CancelDeliveryActivity]: Relayout returned: oldFrame=[0,0][0,0] newFrame=[0,0][768,1024] result=0x27 surface={isValid=true -1847894016} surfaceGenerationChanged=true
06-13 08:47:07.508 22832 22832 D ViewRootImpl@8bd7594[CancelDeliveryActivity]: mHardwareRenderer.initialize() mSurface={isValid=true -1847894016} hwInitialized=true
06-13 08:47:07.513 22832 22832 D ScrollView: onsize change changed
06-13 08:47:07.563 22832 22832 D ViewRootImpl@8bd7594[CancelDeliveryActivity]: MSG_RESIZED_REPORT: frame=Rect(0, 0 - 768, 1024) ci=Rect(0, 24 - 0, 0) vi=Rect(0, 24 - 0, 0) or=1
06-13 08:47:07.563 22832 22832 D ViewRootImpl@8bd7594[CancelDeliveryActivity]: MSG_WINDOW_FOCUS_CHANGED 1
06-13 08:47:07.563 22832 22832 D ViewRootImpl@8bd7594[CancelDeliveryActivity]: mHardwareRenderer.initializeIfNeeded()#2 mSurface={isValid=true -1847894016}
06-13 08:47:07.569 22832 22832 V InputMethodManager: Starting input: tba=android.view.inputmethod.EditorInfo@8780618 nm : cz.gienger.mobile ic=null
06-13 08:47:07.569 22832 22832 I InputMethodManager: startInputInner - mService.startInputOrWindowGainedFocus
06-13 08:47:07.580 22832 22832 D InputTransport: Input channel constructed: fd=73
06-13 08:47:07.580 22832 22832 D InputTransport: Input channel destroyed: fd=70
06-13 08:47:07.641 22832 22878 D OpenGLRenderer: endAllActiveAnimators on 0x94989200 (RippleDrawable) with handle 0xb06fdf30
06-13 08:47:07.641 22832 22832 D ViewRootImpl@f00f3a7[MainActivity]: mHardwareRenderer.destroy()#1
06-13 08:47:07.658 22832 22832 D ViewRootImpl@f00f3a7[MainActivity]: Relayout returned: oldFrame=[0,0][768,1024] newFrame=[0,0][768,1024] result=0x5 surface={isValid=false 0} surfaceGenerationChanged=true
06-13 08:47:08.019 22832 22832 D ViewRootImpl@f00f3a7[MainActivity]: Relayout returned: oldFrame=[0,0][768,1024] newFrame=[0,0][768,1024] result=0x5 surface={isValid=false 0} surfaceGenerationChanged=false
06-13 08:47:08.353 22832 22832 D ViewRootImpl@8bd7594[CancelDeliveryActivity]: ViewPostImeInputStage processPointer 0
06-13 08:47:08.425 22832 22832 D ViewRootImpl@8bd7594[CancelDeliveryActivity]: ViewPostImeInputStage processPointer 1
06-13 08:47:08.968 22832 22832 D ViewRootImpl@8bd7594[CancelDeliveryActivity]: ViewPostImeInputStage processPointer 0
06-13 08:47:09.038 22832 22832 D ViewRootImpl@8bd7594[CancelDeliveryActivity]: ViewPostImeInputStage processPointer 1
06-13 08:47:09.055 22832 22832 D UNDELIVERED: Reason ID = 0, Comment =
06-13 08:47:09.161 22832 22832 D ViewRootImpl@8bd7594[CancelDeliveryActivity]: MSG_WINDOW_FOCUS_CHANGED 0
06-13 08:47:09.164 22832 14574 D MESSAGE_SERVICE: ACTION_COMPRESS_AND_UPLOAD
06-13 08:47:09.213 22832 22832 D ViewRootImpl@f00f3a7[MainActivity]: mHardwareRenderer.destroy()#4
06-13 08:47:09.213 22832 22832 D ViewRootImpl@f00f3a7[MainActivity]: dispatchDetachedFromWindow
06-13 08:47:09.224 22832 22832 D InputTransport: Input channel destroyed: fd=59
06-13 08:47:09.596 22832 22832 D ViewRootImpl@6170802[MainActivity]: ThreadedRenderer.create() translucent=false
06-13 08:47:09.601 22832 22832 D InputTransport: Input channel constructed: fd=75
06-13 08:47:09.601 22832 22832 D ViewRootImpl@6170802[MainActivity]: setView = DecorView@fcb3513[MainActivity] touchMode=true
06-13 08:47:09.625 22832 22878 D OpenGLRenderer: endAllActiveAnimators on 0x93bf1480 (RippleDrawable) with handle 0x9499bd60
06-13 08:47:09.626 22832 22832 D ViewRootImpl@8bd7594[CancelDeliveryActivity]: mHardwareRenderer.destroy()#1
06-13 08:47:09.644 22832 22832 D ViewRootImpl@8bd7594[CancelDeliveryActivity]: Relayout returned: oldFrame=[0,0][768,1024] newFrame=[0,0][768,1024] result=0x5 surface={isValid=false 0} surfaceGenerationChanged=true
06-13 08:47:09.646 22832 22832 D ViewRootImpl@6170802[MainActivity]: dispatchAttachedToWindow
06-13 08:47:09.686 22832 22832 D ViewRootImpl@6170802[MainActivity]: Relayout returned: oldFrame=[0,0][0,0] newFrame=[0,0][768,1024] result=0x7 surface={isValid=true -1848864768} surfaceGenerationChanged=true
06-13 08:47:09.686 22832 22832 D ViewRootImpl@6170802[MainActivity]: mHardwareRenderer.initialize() mSurface={isValid=true -1848864768} hwInitialized=true
06-13 08:47:09.755 22832 22832 D AbsListView: in onLayout changed
06-13 08:47:09.809 22832 22832 D ViewRootImpl@6170802[MainActivity]: MSG_RESIZED_REPORT: frame=Rect(0, 0 - 768, 1024) ci=Rect(0, 24 - 0, 0) vi=Rect(0, 24 - 0, 0) or=1
06-13 08:47:09.809 22832 22832 D ViewRootImpl@6170802[MainActivity]: MSG_WINDOW_FOCUS_CHANGED 1
06-13 08:47:09.810 22832 22832 D ViewRootImpl@6170802[MainActivity]: mHardwareRenderer.initializeIfNeeded()#2 mSurface={isValid=true -1848864768}
06-13 08:47:09.811 22832 22832 V InputMethodManager: Starting input: tba=android.view.inputmethod.EditorInfo@86b5946 nm : cz.gienger.mobile ic=null
06-13 08:47:09.811 22832 22832 I InputMethodManager: startInputInner - mService.startInputOrWindowGainedFocus
06-13 08:47:09.822 22832 22832 D InputTransport: Input channel constructed: fd=61
06-13 08:47:09.822 22832 22832 D InputTransport: Input channel destroyed: fd=73
06-13 08:47:09.887 22832 14574 D FILE_MANAGER: Serializing delivery /data/user/0/cz.gienger.mobile/files/finished/130AT1180325879/130AT1180325879.xml
06-13 08:47:09.887 22832 14574 D FILE_MANAGER: Null files:
06-13 08:47:10.024 22832 14574 D MYINTERCEPTOR: /GiengerService.svc/sendorder
06-13 08:47:10.025 22832 14574 D OkHttp : --> POST https://testsaig1.gienger.cz/GiengerService.svc/sendorder http/1.1
06-13 08:47:10.026 22832 14574 D OkHttp : Content-Type: text/raw
06-13 08:47:10.026 22832 14574 D OkHttp : Content-Length: 3662
06-13 08:47:10.026 22832 14574 D OkHttp : filename: 130AT1180325879.xml
06-13 08:47:10.026 22832 14574 D OkHttp : Checksum: f8cffd467c2bc66b66d8822213513f2f
06-13 08:47:10.026 22832 14574 D OkHttp : token: 129e4d327aefdfee26f71a370bd1fd66
06-13 08:47:10.026 22832 14574 D OkHttp : --> END POST
06-13 08:47:10.125 22832 14574 D OkHttp : <-- 200 https://testsaig1.gienger.cz/GiengerService.svc/sendorder (99ms)
06-13 08:47:10.126 22832 14574 D OkHttp : content-type: application/xml; charset=utf-8
06-13 08:47:10.126 22832 14574 D OkHttp : server: Microsoft-IIS/10.0
06-13 08:47:10.126 22832 14574 D OkHttp : x-powered-by: ASP.NET
06-13 08:47:10.126 22832 14574 D OkHttp : date: Thu, 13 Jun 2019 06:47:09 GMT
06-13 08:47:10.126 22832 14574 D OkHttp : content-length: 175
06-13 08:47:10.126 22832 14574 D OkHttp : <-- END HTTP
06-13 08:47:10.133 22832 14574 D sendOrder_SUCCESS: 200
06-13 08:47:10.159 22832 14574 D MESSAGE_SERVICE: ACTION_RESEND_ORDERS
06-13 08:47:10.463 22832 22832 D AbsListView: in onLayout changed
06-13 08:47:10.755 22832 22832 D AbsListView: in onLayout changed
06-13 08:47:10.809 22832 22832 D Graph : removeVertex() : insertDummyVertex, because there is no ancestor.
06-13 08:47:10.809 22832 22832 D Graph : removeVertex() : insertDummyVertex, because there is no ancestor.
06-13 08:47:10.816 22832 22832 D TextView: SYANI: Clipboard API is calling: clearFilter()
06-13 08:47:10.816 22832 22832 D TextView: SYANI: Clipboard API is calling: unregisterClipboardEventListener()
06-13 08:47:10.824 22832 22832 D ViewRootImpl@8bd7594[CancelDeliveryActivity]: mHardwareRenderer.destroy()#4
06-13 08:47:10.824 22832 22832 D ViewRootImpl@8bd7594[CancelDeliveryActivity]: dispatchDetachedFromWindow
06-13 08:47:10.831 22832 22832 D InputTransport: Input channel destroyed: fd=66
06-13 08:47:10.832 22832 22832 D ViewRootImpl@6170802[MainActivity]: ViewPostImeInputStage processPointer 0
06-13 08:47:10.832 22832 22832 D LOCATION_SERVICE: onDestroy
06-13 08:47:10.853 22832 22832 D AbsListView: reportScrollStateChange() newState : 1
06-13 08:47:11.162 22832 22832 D ViewRootImpl@6170802[MainActivity]: ViewPostImeInputStage processPointer 1
06-13 08:47:11.162 22832 22832 D AbsListView: onTouchUp() mTouchMode : 3
06-13 08:47:11.162 22832 22832 D AbsListView: onTouchUp() TOUCH_MODE_SCROLL initialVelocity : -1126
06-13 08:47:11.162 22832 22832 D AbsListView: reportScrollStateChange() newState : 2
06-13 08:47:11.787 22832 22832 D AbsListView: reportScrollStateChange() newState : 0
06-13 08:47:12.007 22832 22832 D ViewRootImpl@6170802[MainActivity]: ViewPostImeInputStage processPointer 0
06-13 08:47:12.055 22832 22832 D ViewRootImpl@6170802[MainActivity]: ViewPostImeInputStage processPointer 1
06-13 08:47:12.062 22832 22832 D item_click: viewId = 2131820758, position = 5
06-13 08:47:12.111 22832 22832 D ViewRootImpl@6170802[MainActivity]: MSG_WINDOW_FOCUS_CHANGED 0
06-13 08:47:12.171 22832 22832 D ScrollView: initGoToTop
06-13 08:47:12.242 22832 22832 D ViewRootImpl@4aa3b8f[CancelDeliveryActivity]: ThreadedRenderer.create() translucent=false
06-13 08:47:12.249 22832 22832 D InputTransport: Input channel constructed: fd=66
06-13 08:47:12.250 22832 22832 D ViewRootImpl@4aa3b8f[CancelDeliveryActivity]: setView = DecorView@a3b1e1c[CancelDeliveryActivity] touchMode=true
06-13 08:47:12.252 22832 22832 D LOCATION_SERVICE: LocationListener gps
06-13 08:47:12.253 22832 22832 D LOCATION_SERVICE: LocationListener network
06-13 08:47:12.254 22832 22832 D LOCATION_SERVICE: onCreate
06-13 08:47:12.254 22832 22832 D LOCATION_SERVICE: initializeLocationManager
06-13 08:47:12.262 22832 22832 D LOCATION_SERVICE: onStartCommand
06-13 08:47:12.273 22832 22832 D ViewRootImpl@4aa3b8f[CancelDeliveryActivity]: dispatchAttachedToWindow
06-13 08:47:12.318 22832 22832 D ViewRootImpl@4aa3b8f[CancelDeliveryActivity]: Relayout returned: oldFrame=[0,0][0,0] newFrame=[0,0][768,1024] result=0x27 surface={isValid=true -1847891968} surfaceGenerationChanged=true
06-13 08:47:12.318 22832 22832 D ViewRootImpl@4aa3b8f[CancelDeliveryActivity]: mHardwareRenderer.initialize() mSurface={isValid=true -1847891968} hwInitialized=true
06-13 08:47:12.327 22832 22832 D ScrollView: onsize change changed
06-13 08:47:12.387 22832 22832 D ViewRootImpl@4aa3b8f[CancelDeliveryActivity]: MSG_RESIZED_REPORT: frame=Rect(0, 0 - 768, 1024) ci=Rect(0, 24 - 0, 0) vi=Rect(0, 24 - 0, 0) or=1
06-13 08:47:12.388 22832 22832 D ViewRootImpl@4aa3b8f[CancelDeliveryActivity]: MSG_WINDOW_FOCUS_CHANGED 1
06-13 08:47:12.388 22832 22832 D ViewRootImpl@4aa3b8f[CancelDeliveryActivity]: mHardwareRenderer.initializeIfNeeded()#2 mSurface={isValid=true -1847891968}
06-13 08:47:12.393 22832 22832 V InputMethodManager: Starting input: tba=android.view.inputmethod.EditorInfo@ee9fb23 nm : cz.gienger.mobile ic=null
06-13 08:47:12.393 22832 22832 I InputMethodManager: startInputInner - mService.startInputOrWindowGainedFocus
06-13 08:47:12.395 22832 22832 D InputTransport: Input channel constructed: fd=74
06-13 08:47:12.395 22832 22832 D InputTransport: Input channel destroyed: fd=61
06-13 08:47:12.447 22832 22878 D OpenGLRenderer: endAllActiveAnimators on 0x94d53880 (RippleDrawable) with handle 0x93c7ce10
06-13 08:47:12.447 22832 22832 D ViewRootImpl@6170802[MainActivity]: mHardwareRenderer.destroy()#1
06-13 08:47:12.454 22832 22832 D ViewRootImpl@6170802[MainActivity]: Relayout returned: oldFrame=[0,0][768,1024] newFrame=[0,0][768,1024] result=0x5 surface={isValid=false 0} surfaceGenerationChanged=true
06-13 08:47:12.830 22832 22832 D ViewRootImpl@6170802[MainActivity]: Relayout returned: oldFrame=[0,0][768,1024] newFrame=[0,0][768,1024] result=0x5 surface={isValid=false 0} surfaceGenerationChanged=false
06-13 08:47:13.037 22832 22832 D ViewRootImpl@4aa3b8f[CancelDeliveryActivity]: ViewPostImeInputStage processPointer 0
06-13 08:47:13.075 22832 22832 D ViewRootImpl@4aa3b8f[CancelDeliveryActivity]: ViewPostImeInputStage processPointer 1
06-13 08:47:13.650 22832 22832 D ViewRootImpl@4aa3b8f[CancelDeliveryActivity]: ViewPostImeInputStage processPointer 0
06-13 08:47:13.693 22832 22832 D ViewRootImpl@4aa3b8f[CancelDeliveryActivity]: ViewPostImeInputStage processPointer 1
06-13 08:47:13.712 22832 22832 D UNDELIVERED: Reason ID = 9, Comment =
06-13 08:47:13.803 22832 22832 D ViewRootImpl@4aa3b8f[CancelDeliveryActivity]: MSG_WINDOW_FOCUS_CHANGED 0
06-13 08:47:13.807 22832 14581 D MESSAGE_SERVICE: ACTION_COMPRESS_AND_UPLOAD
06-13 08:47:13.852 22832 22832 D ViewRootImpl@6170802[MainActivity]: mHardwareRenderer.destroy()#4
06-13 08:47:13.852 22832 22832 D ViewRootImpl@6170802[MainActivity]: dispatchDetachedFromWindow
06-13 08:47:13.861 22832 22832 D InputTransport: Input channel destroyed: fd=75
06-13 08:47:14.134 22832 22832 D ViewRootImpl@cd2ebbe[MainActivity]: ThreadedRenderer.create() translucent=false
06-13 08:47:14.138 22832 22832 D InputTransport: Input channel constructed: fd=76
06-13 08:47:14.138 22832 22832 D ViewRootImpl@cd2ebbe[MainActivity]: setView = DecorView@c96741f[MainActivity] touchMode=true
06-13 08:47:14.140 22832 22832 D ViewRootImpl@cd2ebbe[MainActivity]: dispatchAttachedToWindow
06-13 08:47:14.208 22832 22832 D ViewRootImpl@cd2ebbe[MainActivity]: Relayout returned: oldFrame=[0,0][0,0] newFrame=[0,0][768,1024] result=0x27 surface={isValid=true -1816242176} surfaceGenerationChanged=true
06-13 08:47:14.209 22832 22832 D ViewRootImpl@cd2ebbe[MainActivity]: mHardwareRenderer.initialize() mSurface={isValid=true -1816242176} hwInitialized=true
06-13 08:47:14.292 22832 22832 D AbsListView: in onLayout changed
06-13 08:47:14.309 22832 22878 D OpenGLRenderer: endAllActiveAnimators on 0x95430d00 (RippleDrawable) with handle 0x944d3940
06-13 08:47:14.309 22832 22832 D ViewRootImpl@4aa3b8f[CancelDeliveryActivity]: mHardwareRenderer.destroy()#1
06-13 08:47:14.326 22832 22832 D ViewRootImpl@4aa3b8f[CancelDeliveryActivity]: Relayout returned: oldFrame=[0,0][768,1024] newFrame=[0,0][768,1024] result=0x5 surface={isValid=false 0} surfaceGenerationChanged=true
06-13 08:47:14.389 22832 22832 D ViewRootImpl@cd2ebbe[MainActivity]: MSG_RESIZED_REPORT: frame=Rect(0, 0 - 768, 1024) ci=Rect(0, 24 - 0, 0) vi=Rect(0, 24 - 0, 0) or=1
06-13 08:47:14.389 22832 22832 D ViewRootImpl@cd2ebbe[MainActivity]: MSG_WINDOW_FOCUS_CHANGED 1
06-13 08:47:14.390 22832 22832 D ViewRootImpl@cd2ebbe[MainActivity]: mHardwareRenderer.initializeIfNeeded()#2 mSurface={isValid=true -1816242176}
06-13 08:47:14.391 22832 22832 V InputMethodManager: Starting input: tba=android.view.inputmethod.EditorInfo@f1c17ea nm : cz.gienger.mobile ic=null
06-13 08:47:14.391 22832 22832 I InputMethodManager: startInputInner - mService.startInputOrWindowGainedFocus
06-13 08:47:14.400 22832 22832 D InputTransport: Input channel constructed: fd=64
06-13 08:47:14.400 22832 22832 D InputTransport: Input channel destroyed: fd=74
06-13 08:47:14.535 22832 14581 D FILE_MANAGER: Serializing delivery /data/user/0/cz.gienger.mobile/files/finished/130AT1180325882/130AT1180325882.xml
06-13 08:47:14.535 22832 14581 D FILE_MANAGER: Null files:
06-13 08:47:14.681 22832 14581 D MYINTERCEPTOR: /GiengerService.svc/sendorder
06-13 08:47:14.682 22832 14581 D OkHttp : --> POST https://testsaig1.gienger.cz/GiengerService.svc/sendorder http/1.1
06-13 08:47:14.682 22832 14581 D OkHttp : Content-Type: text/raw
06-13 08:47:14.682 22832 14581 D OkHttp : Content-Length: 4693
06-13 08:47:14.682 22832 14581 D OkHttp : filename: 130AT1180325882.xml
06-13 08:47:14.682 22832 14581 D OkHttp : Checksum: 44a02874a2e17002ce3f7c46a688a1e4
06-13 08:47:14.682 22832 14581 D OkHttp : token: 129e4d327aefdfee26f71a370bd1fd66
06-13 08:47:14.683 22832 14581 D OkHttp : --> END POST
06-13 08:47:14.753 22832 22845 I art : Background sticky concurrent mark sweep GC freed 232716(9MB) AllocSpace objects, 9(180KB) LOS objects, 45% free, 11MB/20MB, paused 1.162ms total 113.114ms
06-13 08:47:14.799 22832 14581 D OkHttp : <-- 200 https://testsaig1.gienger.cz/GiengerService.svc/sendorder (116ms)
06-13 08:47:14.799 22832 14581 D OkHttp : content-type: application/xml; charset=utf-8
06-13 08:47:14.799 22832 14581 D OkHttp : server: Microsoft-IIS/10.0
06-13 08:47:14.799 22832 14581 D OkHttp : x-powered-by: ASP.NET
06-13 08:47:14.800 22832 14581 D OkHttp : date: Thu, 13 Jun 2019 06:47:14 GMT
06-13 08:47:14.800 22832 14581 D OkHttp : content-length: 175
06-13 08:47:14.800 22832 14581 D OkHttp : <-- END HTTP
06-13 08:47:14.805 22832 14581 D sendOrder_SUCCESS: 200
06-13 08:47:14.836 22832 14581 D MESSAGE_SERVICE: ACTION_RESEND_ORDERS
06-13 08:47:15.147 22832 22832 D AbsListView: in onLayout changed
06-13 08:47:15.433 22832 22832 D AbsListView: in onLayout changed
06-13 08:47:15.492 22832 22832 D TextView: SYANI: Clipboard API is calling: clearFilter()
06-13 08:47:15.492 22832 22832 D TextView: SYANI: Clipboard API is calling: unregisterClipboardEventListener()
06-13 08:47:15.504 22832 22832 D ViewRootImpl@4aa3b8f[CancelDeliveryActivity]: mHardwareRenderer.destroy()#4
06-13 08:47:15.504 22832 22832 D ViewRootImpl@4aa3b8f[CancelDeliveryActivity]: dispatchDetachedFromWindow
06-13 08:47:15.514 22832 22832 D InputTransport: Input channel destroyed: fd=66
06-13 08:47:15.515 22832 22832 D LOCATION_SERVICE: onDestroy
06-13 08:47:15.591 22832 22832 D ViewRootImpl@cd2ebbe[MainActivity]: ViewPostImeInputStage processPointer 0
06-13 08:47:15.629 22832 22832 D AbsListView: reportScrollStateChange() newState : 1
06-13 08:47:16.000 22832 22832 D ViewRootImpl@cd2ebbe[MainActivity]: ViewPostImeInputStage processPointer 1
06-13 08:47:16.000 22832 22832 D AbsListView: onTouchUp() mTouchMode : 3
06-13 08:47:16.000 22832 22832 D AbsListView: onTouchUp() TOUCH_MODE_SCROLL initialVelocity : -17
06-13 08:47:16.000 22832 22832 D AbsListView: reportScrollStateChange() newState : 0
06-13 08:47:16.255 22832 22832 D ViewRootImpl@cd2ebbe[MainActivity]: ViewPostImeInputStage processPointer 0
06-13 08:47:16.325 22832 22832 D ViewRootImpl@cd2ebbe[MainActivity]: ViewPostImeInputStage processPointer 1
06-13 08:47:16.336 22832 22832 D item_click: viewId = 2131820758, position = 6
06-13 08:47:16.385 22832 22832 D ViewRootImpl@cd2ebbe[MainActivity]: MSG_WINDOW_FOCUS_CHANGED 0
06-13 08:47:16.435 22832 22832 D ScrollView: initGoToTop
06-13 08:47:16.500 22832 22832 D ViewRootImpl@cfd015a[CancelDeliveryActivity]: ThreadedRenderer.create() translucent=false
06-13 08:47:16.508 22832 22832 D InputTransport: Input channel constructed: fd=66
06-13 08:47:16.508 22832 22832 D ViewRootImpl@cfd015a[CancelDeliveryActivity]: setView = DecorView@3bf2f8b[CancelDeliveryActivity] touchMode=true
06-13 08:47:16.514 22832 22832 D ViewRootImpl@cfd015a[CancelDeliveryActivity]: dispatchAttachedToWindow
06-13 08:47:16.543 22832 22832 D ViewRootImpl@cfd015a[CancelDeliveryActivity]: Relayout returned: oldFrame=[0,0][0,0] newFrame=[0,0][768,1024] result=0x27 surface={isValid=true -1846468608} surfaceGenerationChanged=true
06-13 08:47:16.544 22832 22832 D ViewRootImpl@cfd015a[CancelDeliveryActivity]: mHardwareRenderer.initialize() mSurface={isValid=true -1846468608} hwInitialized=true
06-13 08:47:16.548 22832 22832 D ScrollView: onsize change changed
06-13 08:47:16.549 22832 22832 D LOCATION_SERVICE: LocationListener gps
06-13 08:47:16.550 22832 22832 D LOCATION_SERVICE: LocationListener network
06-13 08:47:16.551 22832 22832 D LOCATION_SERVICE: onCreate
06-13 08:47:16.551 22832 22832 D LOCATION_SERVICE: initializeLocationManager
06-13 08:47:16.566 22832 22832 D LOCATION_SERVICE: onStartCommand
06-13 08:47:16.626 22832 22832 D ViewRootImpl@cfd015a[CancelDeliveryActivity]: MSG_RESIZED_REPORT: frame=Rect(0, 0 - 768, 1024) ci=Rect(0, 24 - 0, 0) vi=Rect(0, 24 - 0, 0) or=1
06-13 08:47:16.626 22832 22832 D ViewRootImpl@cfd015a[CancelDeliveryActivity]: MSG_WINDOW_FOCUS_CHANGED 1
06-13 08:47:16.626 22832 22832 D ViewRootImpl@cfd015a[CancelDeliveryActivity]: mHardwareRenderer.initializeIfNeeded()#2 mSurface={isValid=true -1846468608}
06-13 08:47:16.637 22832 22832 V InputMethodManager: Starting input: tba=android.view.inputmethod.EditorInfo@b48e6fe nm : cz.gienger.mobile ic=null
06-13 08:47:16.637 22832 22832 I InputMethodManager: startInputInner - mService.startInputOrWindowGainedFocus
06-13 08:47:16.642 22832 22832 D InputTransport: Input channel constructed: fd=71
06-13 08:47:16.644 22832 22832 D InputTransport: Input channel destroyed: fd=64
06-13 08:47:16.733 22832 22878 D OpenGLRenderer: endAllActiveAnimators on 0x94cf1c00 (RippleDrawable) with handle 0x944d2320
06-13 08:47:16.733 22832 22832 D ViewRootImpl@cd2ebbe[MainActivity]: mHardwareRenderer.destroy()#1
06-13 08:47:16.743 22832 22832 D ViewRootImpl@cd2ebbe[MainActivity]: Relayout returned: oldFrame=[0,0][768,1024] newFrame=[0,0][768,1024] result=0x5 surface={isValid=false 0} surfaceGenerationChanged=true
06-13 08:47:17.090 22832 22832 D ViewRootImpl@cd2ebbe[MainActivity]: Relayout returned: oldFrame=[0,0][768,1024] newFrame=[0,0][768,1024] result=0x5 surface={isValid=false 0} surfaceGenerationChanged=false
06-13 08:47:17.175 22832 22832 D LOCATION_SERVICE: onLocationChanged: Location[network 49,191233,17,534648 acc=21 et=+19h1m50s105ms alt=0.0 vel=0.0 bear=0.0 {Bundle[mParcelledData.dataSize=80]}]
06-13 08:47:17.321 22832 22832 D ViewRootImpl@cfd015a[CancelDeliveryActivity]: ViewPostImeInputStage processPointer 0
06-13 08:47:17.393 22832 22832 D ViewRootImpl@cfd015a[CancelDeliveryActivity]: ViewPostImeInputStage processPointer 1
06-13 08:47:18.013 22832 22832 D ViewRootImpl@cfd015a[CancelDeliveryActivity]: ViewPostImeInputStage processPointer 0
06-13 08:47:18.085 22832 22832 D ViewRootImpl@cfd015a[CancelDeliveryActivity]: ViewPostImeInputStage processPointer 1
06-13 08:47:18.106 22832 22832 D UNDELIVERED: Reason ID = 10, Comment =
06-13 08:47:18.120 22832 22855 W art : Clearing bad or obsolete profile data from file /data/misc/profiles/cur/0/cz.gienger.mobile/primary.prof: Profile EOF reached prematurely for ReadProfileHeader
06-13 08:47:18.219 22832 14588 D MESSAGE_SERVICE: ACTION_COMPRESS_AND_UPLOAD
06-13 08:47:18.220 22832 22832 D ViewRootImpl@cfd015a[CancelDeliveryActivity]: MSG_WINDOW_FOCUS_CHANGED 0
06-13 08:47:18.270 22832 22832 D ViewRootImpl@cd2ebbe[MainActivity]: mHardwareRenderer.destroy()#4
06-13 08:47:18.270 22832 22832 D ViewRootImpl@cd2ebbe[MainActivity]: dispatchDetachedFromWindow
06-13 08:47:18.277 22832 22832 D InputTransport: Input channel destroyed: fd=76
06-13 08:47:18.548 22832 22832 D ViewRootImpl@c6de815[MainActivity]: ThreadedRenderer.create() translucent=false
06-13 08:47:18.551 22832 22832 D InputTransport: Input channel constructed: fd=78
06-13 08:47:18.552 22832 22832 D ViewRootImpl@c6de815[MainActivity]: setView = DecorView@cc0672a[MainActivity] touchMode=true
06-13 08:47:18.565 22832 22878 D OpenGLRenderer: endAllActiveAnimators on 0x945a4080 (RippleDrawable) with handle 0x945e02b0
06-13 08:47:18.565 22832 22832 D ViewRootImpl@cfd015a[CancelDeliveryActivity]: mHardwareRenderer.destroy()#1
06-13 08:47:18.578 22832 22832 D ViewRootImpl@cfd015a[CancelDeliveryActivity]: Relayout returned: oldFrame=[0,0][768,1024] newFrame=[0,0][768,1024] result=0x5 surface={isValid=false 0} surfaceGenerationChanged=true
06-13 08:47:18.579 22832 22832 D ViewRootImpl@c6de815[MainActivity]: dispatchAttachedToWindow
06-13 08:47:18.635 22832 22832 D ViewRootImpl@c6de815[MainActivity]: Relayout returned: oldFrame=[0,0][0,0] newFrame=[0,0][768,1024] result=0x7 surface={isValid=true -1846468608} surfaceGenerationChanged=true
06-13 08:47:18.636 22832 22832 D ViewRootImpl@c6de815[MainActivity]: mHardwareRenderer.initialize() mSurface={isValid=true -1846468608} hwInitialized=true
06-13 08:47:18.701 22832 22832 D AbsListView: in onLayout changed
06-13 08:47:18.767 22832 22832 D ViewRootImpl@c6de815[MainActivity]: MSG_RESIZED_REPORT: frame=Rect(0, 0 - 768, 1024) ci=Rect(0, 24 - 0, 0) vi=Rect(0, 24 - 0, 0) or=1
06-13 08:47:18.767 22832 22832 D ViewRootImpl@c6de815[MainActivity]: MSG_WINDOW_FOCUS_CHANGED 1
06-13 08:47:18.768 22832 22832 D ViewRootImpl@c6de815[MainActivity]: mHardwareRenderer.initializeIfNeeded()#2 mSurface={isValid=true -1846468608}
06-13 08:47:18.770 22832 22832 V InputMethodManager: Starting input: tba=android.view.inputmethod.EditorInfo@a361131 nm : cz.gienger.mobile ic=null
06-13 08:47:18.770 22832 22832 I InputMethodManager: startInputInner - mService.startInputOrWindowGainedFocus
06-13 08:47:18.779 22832 22832 D InputTransport: Input channel constructed: fd=64
06-13 08:47:18.779 22832 22832 D InputTransport: Input channel destroyed: fd=71
06-13 08:47:18.944 22832 14588 D FILE_MANAGER: Serializing delivery /data/user/0/cz.gienger.mobile/files/finished/130AT1180325883/130AT1180325883.xml
06-13 08:47:18.944 22832 14588 D FILE_MANAGER: Null files:
06-13 08:47:19.063 22832 14588 D MYINTERCEPTOR: /GiengerService.svc/sendorder
06-13 08:47:19.064 22832 14588 D OkHttp : --> POST https://testsaig1.gienger.cz/GiengerService.svc/sendorder http/1.1
06-13 08:47:19.064 22832 14588 D OkHttp : Content-Type: text/raw
06-13 08:47:19.064 22832 14588 D OkHttp : Content-Length: 3614
06-13 08:47:19.064 22832 14588 D OkHttp : filename: 130AT1180325883.xml
06-13 08:47:19.064 22832 14588 D OkHttp : Checksum: 02707abfc71bf1446b694261990ce9c3
06-13 08:47:19.064 22832 14588 D OkHttp : token: 129e4d327aefdfee26f71a370bd1fd66
06-13 08:47:19.064 22832 14588 D OkHttp : --> END POST
06-13 08:47:19.275 22832 14588 D OkHttp : <-- 200 https://testsaig1.gienger.cz/GiengerService.svc/sendorder (210ms)
06-13 08:47:19.275 22832 14588 D OkHttp : content-type: application/xml; charset=utf-8
06-13 08:47:19.275 22832 14588 D OkHttp : server: Microsoft-IIS/10.0
06-13 08:47:19.276 22832 14588 D OkHttp : x-powered-by: ASP.NET
06-13 08:47:19.276 22832 14588 D OkHttp : date: Thu, 13 Jun 2019 06:47:18 GMT
06-13 08:47:19.276 22832 14588 D OkHttp : content-length: 175
06-13 08:47:19.276 22832 14588 D OkHttp : <-- END HTTP
06-13 08:47:19.280 22832 14588 D sendOrder_SUCCESS: 200
06-13 08:47:19.307 22832 14588 D MESSAGE_SERVICE: ACTION_RESEND_ORDERS
06-13 08:47:19.626 22832 22832 D AbsListView: in onLayout changed
06-13 08:47:19.930 22832 22832 D AbsListView: in onLayout changed
06-13 08:47:19.987 22832 22832 D TextView: SYANI: Clipboard API is calling: clearFilter()
06-13 08:47:19.987 22832 22832 D TextView: SYANI: Clipboard API is calling: unregisterClipboardEventListener()
06-13 08:47:19.995 22832 22832 D ViewRootImpl@cfd015a[CancelDeliveryActivity]: mHardwareRenderer.destroy()#4
06-13 08:47:19.995 22832 22832 D ViewRootImpl@cfd015a[CancelDeliveryActivity]: dispatchDetachedFromWindow
06-13 08:47:20.003 22832 22832 D InputTransport: Input channel destroyed: fd=66
06-13 08:47:20.004 22832 22832 D LOCATION_SERVICE: onDestroy
06-13 08:47:20.096 22832 22832 D ViewRootImpl@c6de815[MainActivity]: ViewPostImeInputStage processPointer 0
06-13 08:47:20.122 22832 22832 D AbsListView: reportScrollStateChange() newState : 1
06-13 08:47:20.529 22832 22832 D ViewRootImpl@c6de815[MainActivity]: ViewPostImeInputStage processPointer 1
06-13 08:47:20.529 22832 22832 D AbsListView: onTouchUp() mTouchMode : 3
06-13 08:47:20.529 22832 22832 D AbsListView: onTouchUp() TOUCH_MODE_SCROLL initialVelocity : -376
06-13 08:47:20.529 22832 22832 D AbsListView: reportScrollStateChange() newState : 2
06-13 08:47:20.823 22832 22832 D AbsListView: reportScrollStateChange() newState : 0
06-13 08:47:21.004 22832 22832 D ViewRootImpl@c6de815[MainActivity]: ViewPostImeInputStage processPointer 0
06-13 08:47:21.063 22832 22832 D ViewRootImpl@c6de815[MainActivity]: ViewPostImeInputStage processPointer 1
06-13 08:47:21.081 22832 22832 D item_click: viewId = 2131820758, position = 8
06-13 08:47:21.127 22832 22832 D ViewRootImpl@c6de815[MainActivity]: MSG_WINDOW_FOCUS_CHANGED 0
06-13 08:47:21.179 22832 22832 D ScrollView: initGoToTop
06-13 08:47:21.240 22832 22832 D ViewRootImpl@d460c5f[CancelDeliveryActivity]: ThreadedRenderer.create() translucent=false
06-13 08:47:21.244 22832 22832 D InputTransport: Input channel constructed: fd=66
06-13 08:47:21.244 22832 22832 D ViewRootImpl@d460c5f[CancelDeliveryActivity]: setView = DecorView@f1266ac[CancelDeliveryActivity] touchMode=true
06-13 08:47:21.247 22832 22832 D LOCATION_SERVICE: LocationListener gps
06-13 08:47:21.248 22832 22832 D LOCATION_SERVICE: LocationListener network
06-13 08:47:21.249 22832 22832 D LOCATION_SERVICE: onCreate
06-13 08:47:21.249 22832 22832 D LOCATION_SERVICE: initializeLocationManager
06-13 08:47:21.260 22832 22832 D LOCATION_SERVICE: onStartCommand
06-13 08:47:21.275 22832 22832 D ViewRootImpl@d460c5f[CancelDeliveryActivity]: dispatchAttachedToWindow
06-13 08:47:21.319 22832 22832 D ViewRootImpl@d460c5f[CancelDeliveryActivity]: Relayout returned: oldFrame=[0,0][0,0] newFrame=[0,0][768,1024] result=0x27 surface={isValid=true -1817716736} surfaceGenerationChanged=true
06-13 08:47:21.320 22832 22832 D ViewRootImpl@d460c5f[CancelDeliveryActivity]: mHardwareRenderer.initialize() mSurface={isValid=true -1817716736} hwInitialized=true
06-13 08:47:21.331 22832 22832 D ScrollView: onsize change changed
06-13 08:47:21.384 22832 22832 D ViewRootImpl@d460c5f[CancelDeliveryActivity]: MSG_RESIZED_REPORT: frame=Rect(0, 0 - 768, 1024) ci=Rect(0, 24 - 0, 0) vi=Rect(0, 24 - 0, 0) or=1
06-13 08:47:21.384 22832 22832 D ViewRootImpl@d460c5f[CancelDeliveryActivity]: MSG_WINDOW_FOCUS_CHANGED 1
06-13 08:47:21.384 22832 22832 D ViewRootImpl@d460c5f[CancelDeliveryActivity]: mHardwareRenderer.initializeIfNeeded()#2 mSurface={isValid=true -1817716736}
06-13 08:47:21.389 22832 22832 V InputMethodManager: Starting input: tba=android.view.inputmethod.EditorInfo@553f2f3 nm : cz.gienger.mobile ic=null
06-13 08:47:21.389 22832 22832 I InputMethodManager: startInputInner - mService.startInputOrWindowGainedFocus
06-13 08:47:21.399 22832 22832 D InputTransport: Input channel constructed: fd=75
06-13 08:47:21.399 22832 22832 D InputTransport: Input channel destroyed: fd=64
06-13 08:47:21.442 22832 22878 D OpenGLRenderer: endAllActiveAnimators on 0x93a73400 (RippleDrawable) with handle 0x926ffea0
06-13 08:47:21.443 22832 22832 D ViewRootImpl@c6de815[MainActivity]: mHardwareRenderer.destroy()#1
06-13 08:47:21.451 22832 22832 D ViewRootImpl@c6de815[MainActivity]: Relayout returned: oldFrame=[0,0][768,1024] newFrame=[0,0][768,1024] result=0x5 surface={isValid=false 0} surfaceGenerationChanged=true
06-13 08:47:21.850 22832 22832 D ViewRootImpl@c6de815[MainActivity]: Relayout returned: oldFrame=[0,0][768,1024] newFrame=[0,0][768,1024] result=0x5 surface={isValid=false 0} surfaceGenerationChanged=false
06-13 08:47:22.251 22832 22832 D ViewRootImpl@d460c5f[CancelDeliveryActivity]: ViewPostImeInputStage processPointer 0
06-13 08:47:22.312 22832 22832 D ViewRootImpl@d460c5f[CancelDeliveryActivity]: ViewPostImeInputStage processPointer 1
06-13 08:47:23.220 22832 22832 D ViewRootImpl@d460c5f[CancelDeliveryActivity]: ViewPostImeInputStage processPointer 0
06-13 08:47:23.288 22832 22832 D ViewRootImpl@d460c5f[CancelDeliveryActivity]: ViewPostImeInputStage processPointer 1
06-13 08:47:23.888 22832 22832 D ViewRootImpl@d460c5f[CancelDeliveryActivity]: ViewPostImeInputStage processPointer 0
06-13 08:47:23.983 22832 22832 D ViewRootImpl@d460c5f[CancelDeliveryActivity]: ViewPostImeInputStage processPointer 1
06-13 08:47:24.002 22832 22832 D UNDELIVERED: Reason ID = 8, Comment =
06-13 08:47:24.093 22832 22832 D ViewRootImpl@d460c5f[CancelDeliveryActivity]: MSG_WINDOW_FOCUS_CHANGED 0
06-13 08:47:24.100 22832 14594 D MESSAGE_SERVICE: ACTION_COMPRESS_AND_UPLOAD
06-13 08:47:24.147 22832 22832 D ViewRootImpl@c6de815[MainActivity]: mHardwareRenderer.destroy()#4
06-13 08:47:24.148 22832 22832 D ViewRootImpl@c6de815[MainActivity]: dispatchDetachedFromWindow
06-13 08:47:24.156 22832 22832 D InputTransport: Input channel destroyed: fd=78
06-13 08:47:24.439 22832 22832 D ViewRootImpl@10410ef[MainActivity]: ThreadedRenderer.create() translucent=false
06-13 08:47:24.442 22832 22832 D InputTransport: Input channel constructed: fd=78
