--------- beginning of main
04-26 15:44:12.231 17457 19566 D MYINTERCEPTOR: /GiengerService.svc/sendlog
04-26 15:44:12.233 17457 19566 D OkHttp : --> POST https://testsaig1.gienger.cz/GiengerService.svc/sendlog http/1.1
04-26 15:44:12.233 17457 19566 D OkHttp : Content-Type: text/raw
04-26 15:44:12.233 17457 19566 D OkHttp : Content-Length: 122589
04-26 15:44:12.233 17457 19566 D OkHttp : filename: logcat_7be540931fcaf9f3_2019_04_26_154412.txt
04-26 15:44:12.233 17457 19566 D OkHttp : Checksum: 635daa9bb5d8a131e19a2e097f898dfd
04-26 15:44:12.233 17457 19566 D OkHttp : token: 93f8f4938b855fa5f11e4a467ea31643
04-26 15:44:12.233 17457 19566 D OkHttp : --> END POST
04-26 15:44:12.262 17457 17457 D ViewRootImpl@9ed5fa4[LogcatActivity]: Relayout returned: oldFrame=[237,468][531,580] newFrame=[267,468][500,580] result=0x21 surface={isValid=true -1946015744} surfaceGenerationChanged=false
04-26 15:44:12.263 17457 17457 D ViewRootImpl@9ed5fa4[LogcatActivity]: mHardwareRenderer.updateSurface() mSurface={isValid=true -1946015744}
04-26 15:44:13.303 17457 19566 D OkHttp : <-- 200 https://testsaig1.gienger.cz/GiengerService.svc/sendlog (1069ms)
04-26 15:44:13.303 17457 19566 D OkHttp : content-type: application/xml; charset=utf-8
04-26 15:44:13.303 17457 19566 D OkHttp : server: Microsoft-IIS/10.0
04-26 15:44:13.303 17457 19566 D OkHttp : x-powered-by: ASP.NET
04-26 15:44:13.303 17457 19566 D OkHttp : date: Fri, 26 Apr 2019 13:44:12 GMT
04-26 15:44:13.305 17457 19566 D OkHttp : content-length: 175
04-26 15:44:13.305 17457 19566 D OkHttp : <-- END HTTP
04-26 15:44:13.406 17457 17457 D ViewRootImpl@9ed5fa4[LogcatActivity]: mHardwareRenderer.destroy()#1
04-26 15:44:13.412 17457 17457 D ViewRootImpl@9ed5fa4[LogcatActivity]: Relayout returned: oldFrame=[267,468][500,580] newFrame=[267,468][500,580] result=0x5 surface={isValid=false 0} surfaceGenerationChanged=true
04-26 15:44:13.415 17457 17457 D ViewRootImpl@c8d4aa0[MainActivity]: MSG_WINDOW_FOCUS_CHANGED 1
04-26 15:44:13.415 17457 17457 D ViewRootImpl@c8d4aa0[MainActivity]: mHardwareRenderer.initializeIfNeeded()#2 mSurface={isValid=true -1969752064}
04-26 15:44:13.416 17457 17457 V InputMethodManager: Starting input: tba=android.view.inputmethod.EditorInfo@3b3001f nm : cz.gienger.mobile ic=null
04-26 15:44:13.416 17457 17457 I InputMethodManager: startInputInner - mService.startInputOrWindowGainedFocus
04-26 15:44:13.418 17457 17457 D InputTransport: Input channel constructed: fd=74
04-26 15:44:13.418 17457 17457 D InputTransport: Input channel destroyed: fd=75
04-26 15:44:13.418 17457 17457 D ViewRootImpl@9ed5fa4[LogcatActivity]: MSG_WINDOW_FOCUS_CHANGED 0
04-26 15:44:13.449 17457 17457 D ScrollView: initGoToTop
04-26 15:44:13.460 17457 17457 D ViewRootImpl@fb0588[MainActivity]: ThreadedRenderer.create() translucent=true
04-26 15:44:13.466 17457 17457 D InputTransport: Input channel constructed: fd=75
04-26 15:44:13.466 17457 17457 D ViewRootImpl@fb0588[MainActivity]: setView = DecorView@5c0fb21[MainActivity] touchMode=true
04-26 15:44:13.469 17457 17457 D ViewRootImpl@fb0588[MainActivity]: dispatchAttachedToWindow
04-26 15:44:13.517 17457 17457 D ViewRootImpl@fb0588[MainActivity]: Relayout returned: oldFrame=[0,0][0,0] newFrame=[108,423][660,624] result=0x27 surface={isValid=true -1944449024} surfaceGenerationChanged=true
04-26 15:44:13.517 17457 17457 D ViewRootImpl@fb0588[MainActivity]: mHardwareRenderer.initialize() mSurface={isValid=true -1944449024} hwInitialized=true
04-26 15:44:13.526 17457 17457 D ScrollView: onsize change changed
04-26 15:44:13.527 17457 17457 D ViewRootImpl@fb0588[MainActivity]: MSG_WINDOW_FOCUS_CHANGED 1
04-26 15:44:13.528 17457 17457 D ViewRootImpl@fb0588[MainActivity]: mHardwareRenderer.initializeIfNeeded()#2 mSurface={isValid=true -1944449024}
04-26 15:44:13.543 17457 17457 D ViewRootImpl@fb0588[MainActivity]: MSG_RESIZED_REPORT: frame=Rect(108, 423 - 660, 624) ci=Rect(0, 0 - 0, 0) vi=Rect(0, 0 - 0, 0) or=1
04-26 15:44:13.584 17457 17457 D ViewRootImpl@9ed5fa4[LogcatActivity]: mHardwareRenderer.destroy()#4
04-26 15:44:13.584 17457 17457 D ViewRootImpl@9ed5fa4[LogcatActivity]: dispatchDetachedFromWindow
04-26 15:44:13.596 17457 17457 D InputTransport: Input channel destroyed: fd=82
04-26 15:44:13.597 17457 17457 D ViewRootImpl@c8d4aa0[MainActivity]: MSG_WINDOW_FOCUS_CHANGED 0
04-26 15:44:14.524 17457 17457 D ViewRootImpl@fb0588[MainActivity]: ViewPostImeInputStage processPointer 0
04-26 15:44:14.613 17457 17457 D ViewRootImpl@fb0588[MainActivity]: ViewPostImeInputStage processPointer 1
04-26 15:44:14.644 17457 17457 D ViewRootImpl@fb0588[MainActivity]: mHardwareRenderer.destroy()#4
04-26 15:44:14.644 17457 17457 D ViewRootImpl@fb0588[MainActivity]: dispatchDetachedFromWindow
04-26 15:44:14.653 17457 17457 D InputTransport: Input channel destroyed: fd=75
04-26 15:44:14.654 17457 17457 D ViewRootImpl@c8d4aa0[MainActivity]: MSG_WINDOW_FOCUS_CHANGED 1
04-26 15:44:14.654 17457 17457 D ViewRootImpl@c8d4aa0[MainActivity]: mHardwareRenderer.initializeIfNeeded()#2 mSurface={isValid=true -1969752064}
04-26 15:44:14.656 17457 17457 E ViewRootImpl: sendUserActionEvent() returned.
04-26 15:44:17.155 17457 17457 D ViewRootImpl@c8d4aa0[MainActivity]: ViewPostImeInputStage processPointer 0
04-26 15:44:17.182 17457 17457 D ViewRootImpl@c8d4aa0[MainActivity]: ViewPostImeInputStage processPointer 1
04-26 15:44:17.189 17457 17457 D item_click: viewId = 2131820758, position = 0
04-26 15:44:17.237 17457 17457 D ViewRootImpl@c8d4aa0[MainActivity]: MSG_WINDOW_FOCUS_CHANGED 0
04-26 15:44:17.291 17457 17457 D ScrollView: initGoToTop
04-26 15:44:17.359 17457 17457 D ViewRootImpl@23b417f[CancelDeliveryActivity]: ThreadedRenderer.create() translucent=false
04-26 15:44:17.362 17457 17457 D InputTransport: Input channel constructed: fd=75
04-26 15:44:17.362 17457 17457 D ViewRootImpl@23b417f[CancelDeliveryActivity]: setView = DecorView@869c54c[CancelDeliveryActivity] touchMode=true
04-26 15:44:17.364 17457 17457 D LOCATION_SERVICE: LocationListener gps
04-26 15:44:17.365 17457 17457 D LOCATION_SERVICE: LocationListener network
04-26 15:44:17.366 17457 17457 D LOCATION_SERVICE: onCreate
04-26 15:44:17.366 17457 17457 D LOCATION_SERVICE: initializeLocationManager
04-26 15:44:17.375 17457 17457 D LOCATION_SERVICE: onStartCommand
04-26 15:44:17.395 17457 17457 D ViewRootImpl@23b417f[CancelDeliveryActivity]: dispatchAttachedToWindow
04-26 15:44:17.441 17457 17457 D ViewRootImpl@23b417f[CancelDeliveryActivity]: Relayout returned: oldFrame=[0,0][0,0] newFrame=[0,0][768,1024] result=0x27 surface={isValid=true -1920153600} surfaceGenerationChanged=true
04-26 15:44:17.441 17457 17457 D ViewRootImpl@23b417f[CancelDeliveryActivity]: mHardwareRenderer.initialize() mSurface={isValid=true -1920153600} hwInitialized=true
04-26 15:44:17.449 17457 17457 D ScrollView: onsize change changed
04-26 15:44:17.515 17457 17457 D ViewRootImpl@23b417f[CancelDeliveryActivity]: MSG_RESIZED_REPORT: frame=Rect(0, 0 - 768, 1024) ci=Rect(0, 24 - 0, 0) vi=Rect(0, 24 - 0, 0) or=1
04-26 15:44:17.515 17457 17457 D ViewRootImpl@23b417f[CancelDeliveryActivity]: MSG_WINDOW_FOCUS_CHANGED 1
04-26 15:44:17.515 17457 17457 D ViewRootImpl@23b417f[CancelDeliveryActivity]: mHardwareRenderer.initializeIfNeeded()#2 mSurface={isValid=true -1920153600}
04-26 15:44:17.520 17457 17457 V InputMethodManager: Starting input: tba=android.view.inputmethod.EditorInfo@7991e13 nm : cz.gienger.mobile ic=null
04-26 15:44:17.521 17457 17457 I InputMethodManager: startInputInner - mService.startInputOrWindowGainedFocus
04-26 15:44:17.530 17457 17457 D InputTransport: Input channel constructed: fd=76
04-26 15:44:17.530 17457 17457 D InputTransport: Input channel destroyed: fd=74
04-26 15:44:17.578 17457 17498 D OpenGLRenderer: endAllActiveAnimators on 0x8d3a6400 (RippleDrawable) with handle 0x8b142b00
04-26 15:44:17.578 17457 17457 D ViewRootImpl@c8d4aa0[MainActivity]: mHardwareRenderer.destroy()#1
04-26 15:44:17.589 17457 17457 D ViewRootImpl@c8d4aa0[MainActivity]: Relayout returned: oldFrame=[0,0][768,1024] newFrame=[0,0][768,1024] result=0x5 surface={isValid=false 0} surfaceGenerationChanged=true
04-26 15:44:17.956 17457 17457 D ViewRootImpl@c8d4aa0[MainActivity]: Relayout returned: oldFrame=[0,0][768,1024] newFrame=[0,0][768,1024] result=0x5 surface={isValid=false 0} surfaceGenerationChanged=false
04-26 15:44:18.579 17457 17457 D LOCATION_SERVICE: onLocationChanged: Location[network 49,191140,17,534558 acc=22 et=+54m38s761ms alt=0.0 vel=0.0 bear=0.0 {Bundle[mParcelledData.dataSize=80]}]
04-26 15:44:18.642 17457 17457 D ViewRootImpl@23b417f[CancelDeliveryActivity]: ViewPostImeInputStage processPointer 0
04-26 15:44:18.700 17457 17457 D ViewRootImpl@23b417f[CancelDeliveryActivity]: ViewPostImeInputStage processPointer 1
04-26 15:44:19.369 17457 17457 D ViewRootImpl@23b417f[CancelDeliveryActivity]: ViewPostImeInputStage processPointer 0
04-26 15:44:19.419 17457 17457 D ViewRootImpl@23b417f[CancelDeliveryActivity]: ViewPostImeInputStage processPointer 1
04-26 15:44:19.459 17457 17457 D UNDELIVERED: Reason ID = 8, Comment =
04-26 15:44:19.547 17457 17457 D ViewRootImpl@23b417f[CancelDeliveryActivity]: MSG_WINDOW_FOCUS_CHANGED 0
04-26 15:44:19.549 17457 19577 D MESSAGE_SERVICE: ACTION_COMPRESS_AND_UPLOAD
04-26 15:44:19.604 17457 17457 D ViewRootImpl@c8d4aa0[MainActivity]: mHardwareRenderer.destroy()#4
04-26 15:44:19.605 17457 17457 D ViewRootImpl@c8d4aa0[MainActivity]: dispatchDetachedFromWindow
04-26 15:44:19.611 17457 17457 D InputTransport: Input channel destroyed: fd=61
04-26 15:44:19.754 17457 17457 D ViewRootImpl@c7fe0f[MainActivity]: ThreadedRenderer.create() translucent=false
04-26 15:44:19.757 17457 17457 D InputTransport: Input channel constructed: fd=70
04-26 15:44:19.757 17457 17457 D ViewRootImpl@c7fe0f[MainActivity]: setView = DecorView@329ee9c[MainActivity] touchMode=true
04-26 15:44:19.760 17457 17457 D ViewRootImpl@c7fe0f[MainActivity]: dispatchAttachedToWindow
04-26 15:44:19.811 17457 17457 D ViewRootImpl@c7fe0f[MainActivity]: Relayout returned: oldFrame=[0,0][0,0] newFrame=[0,0][768,1024] result=0x27 surface={isValid=true -1957931008} surfaceGenerationChanged=true
04-26 15:44:19.811 17457 17457 D ViewRootImpl@c7fe0f[MainActivity]: mHardwareRenderer.initialize() mSurface={isValid=true -1957931008} hwInitialized=true
04-26 15:44:19.898 17457 17457 D AbsListView: in onLayout changed
04-26 15:44:19.912 17457 17498 D OpenGLRenderer: endAllActiveAnimators on 0x8c4cb300 (RippleDrawable) with handle 0x8b35cfa0
04-26 15:44:19.912 17457 17457 D ViewRootImpl@23b417f[CancelDeliveryActivity]: mHardwareRenderer.destroy()#1
04-26 15:44:19.918 17457 17457 D ViewRootImpl@23b417f[CancelDeliveryActivity]: Relayout returned: oldFrame=[0,0][768,1024] newFrame=[0,0][768,1024] result=0x5 surface={isValid=false 0} surfaceGenerationChanged=true
04-26 15:44:19.983 17457 17457 D ViewRootImpl@c7fe0f[MainActivity]: MSG_RESIZED_REPORT: frame=Rect(0, 0 - 768, 1024) ci=Rect(0, 24 - 0, 0) vi=Rect(0, 24 - 0, 0) or=1
04-26 15:44:19.983 17457 17457 D ViewRootImpl@c7fe0f[MainActivity]: MSG_WINDOW_FOCUS_CHANGED 1
04-26 15:44:19.984 17457 17457 D ViewRootImpl@c7fe0f[MainActivity]: mHardwareRenderer.initializeIfNeeded()#2 mSurface={isValid=true -1957931008}
04-26 15:44:19.985 17457 17457 V InputMethodManager: Starting input: tba=android.view.inputmethod.EditorInfo@3881266 nm : cz.gienger.mobile ic=null
04-26 15:44:19.985 17457 17457 I InputMethodManager: startInputInner - mService.startInputOrWindowGainedFocus
04-26 15:44:19.993 17457 17457 D InputTransport: Input channel constructed: fd=61
04-26 15:44:19.993 17457 17457 D InputTransport: Input channel destroyed: fd=76
04-26 15:44:20.288 17457 19577 D FILE_MANAGER: Serializing delivery /data/user/0/cz.gienger.mobile/files/finished/130AT1180325869/130AT1180325869.xml
04-26 15:44:20.288 17457 19577 D FILE_MANAGER: Null files:
04-26 15:44:20.458 17457 19577 D MYINTERCEPTOR: /GiengerService.svc/sendorder
04-26 15:44:20.459 17457 19577 D OkHttp : --> POST https://testsaig1.gienger.cz/GiengerService.svc/sendorder http/1.1
04-26 15:44:20.459 17457 19577 D OkHttp : Content-Type: text/raw
04-26 15:44:20.459 17457 19577 D OkHttp : Content-Length: 5396
04-26 15:44:20.459 17457 19577 D OkHttp : filename: 130AT1180325869.xml
04-26 15:44:20.459 17457 19577 D OkHttp : Checksum: 9b1c984b694e67ed597327ca10907833
04-26 15:44:20.459 17457 19577 D OkHttp : token: 93f8f4938b855fa5f11e4a467ea31643
04-26 15:44:20.459 17457 19577 D OkHttp : --> END POST
04-26 15:44:20.545 17457 17468 I art : Background partial concurrent mark sweep GC freed 82005(3MB) AllocSpace objects, 6(120KB) LOS objects, 59% free, 8MB/20MB, paused 1.014ms total 101.005ms
04-26 15:44:21.847 17457 19577 D OkHttp : <-- 200 https://testsaig1.gienger.cz/GiengerService.svc/sendorder (1386ms)
04-26 15:44:21.847 17457 19577 D OkHttp : content-type: application/xml; charset=utf-8
04-26 15:44:21.847 17457 19577 D OkHttp : server: Microsoft-IIS/10.0
04-26 15:44:21.847 17457 19577 D OkHttp : x-powered-by: ASP.NET
04-26 15:44:21.847 17457 19577 D OkHttp : date: Fri, 26 Apr 2019 13:44:20 GMT
04-26 15:44:21.847 17457 19577 D OkHttp : content-length: 175
04-26 15:44:21.847 17457 19577 D OkHttp : <-- END HTTP
04-26 15:44:21.856 17457 19577 D sendOrder_SUCCESS: 200
04-26 15:44:21.899 17457 19577 D MESSAGE_SERVICE: ACTION_RESEND_ORDERS
04-26 15:44:22.121 17457 17457 D AbsListView: in onLayout changed
04-26 15:44:22.317 17457 17457 D AbsListView: in onLayout changed
04-26 15:44:22.365 17457 17457 D Graph : removeVertex() : insertDummyVertex, because there is no ancestor.
04-26 15:44:22.373 17457 17457 D TextView: SYANI: Clipboard API is calling: clearFilter()
04-26 15:44:22.373 17457 17457 D TextView: SYANI: Clipboard API is calling: unregisterClipboardEventListener()
04-26 15:44:22.382 17457 17457 D ViewRootImpl@23b417f[CancelDeliveryActivity]: mHardwareRenderer.destroy()#4
04-26 15:44:22.382 17457 17457 D ViewRootImpl@23b417f[CancelDeliveryActivity]: dispatchDetachedFromWindow
04-26 15:44:22.387 17457 17457 D InputTransport: Input channel destroyed: fd=75
04-26 15:44:22.388 17457 17457 D LOCATION_SERVICE: onDestroy
04-26 15:44:22.507 17457 17457 D ViewRootImpl@c7fe0f[MainActivity]: ViewPostImeInputStage processPointer 0
04-26 15:44:22.526 17457 17457 D AbsListView: reportScrollStateChange() newState : 1
04-26 15:44:22.849 17457 17457 D ViewRootImpl@c7fe0f[MainActivity]: ViewPostImeInputStage processPointer 1
04-26 15:44:22.849 17457 17457 D AbsListView: onTouchUp() mTouchMode : 3
04-26 15:44:22.849 17457 17457 D AbsListView: onTouchUp() TOUCH_MODE_SCROLL initialVelocity : -146
04-26 15:44:22.850 17457 17457 D AbsListView: reportScrollStateChange() newState : 2
04-26 15:44:23.011 17457 17457 D AbsListView: reportScrollStateChange() newState : 0
04-26 15:44:23.314 17457 17457 D ViewRootImpl@c7fe0f[MainActivity]: ViewPostImeInputStage processPointer 0
04-26 15:44:23.372 17457 17457 D ViewRootImpl@c7fe0f[MainActivity]: ViewPostImeInputStage processPointer 1
04-26 15:44:23.386 17457 17457 D item_click: viewId = 2131820758, position = 2
04-26 15:44:23.426 17457 17457 D ViewRootImpl@c7fe0f[MainActivity]: MSG_WINDOW_FOCUS_CHANGED 0
04-26 15:44:23.585 17457 17457 D ViewRootImpl@a86837e[BatchUploadActivity]: ThreadedRenderer.create() translucent=false
04-26 15:44:23.589 17457 17457 D InputTransport: Input channel constructed: fd=69
04-26 15:44:23.589 17457 17457 D ViewRootImpl@a86837e[BatchUploadActivity]: setView = DecorView@8ca90df[BatchUploadActivity] touchMode=true
04-26 15:44:23.592 17457 17457 D ViewRootImpl@a86837e[BatchUploadActivity]: dispatchAttachedToWindow
04-26 15:44:23.624 17457 17457 D ViewRootImpl@a86837e[BatchUploadActivity]: Relayout returned: oldFrame=[0,0][0,0] newFrame=[0,0][768,1024] result=0x27 surface={isValid=true -1973338112} surfaceGenerationChanged=true
04-26 15:44:23.624 17457 17457 D ViewRootImpl@a86837e[BatchUploadActivity]: mHardwareRenderer.initialize() mSurface={isValid=true -1973338112} hwInitialized=true
04-26 15:44:23.668 17457 17457 D AbsListView: in onLayout changed
04-26 15:44:23.670 17457 17457 D LOCATION_SERVICE: LocationListener gps
04-26 15:44:23.671 17457 17457 D LOCATION_SERVICE: LocationListener network
04-26 15:44:23.672 17457 17457 D LOCATION_SERVICE: onCreate
04-26 15:44:23.672 17457 17457 D LOCATION_SERVICE: initializeLocationManager
04-26 15:44:23.679 17457 17457 D LOCATION_SERVICE: onStartCommand
04-26 15:44:23.740 17457 17457 D ViewRootImpl@a86837e[BatchUploadActivity]: MSG_RESIZED_REPORT: frame=Rect(0, 0 - 768, 1024) ci=Rect(0, 24 - 0, 0) vi=Rect(0, 24 - 0, 0) or=1
04-26 15:44:23.740 17457 17457 D ViewRootImpl@a86837e[BatchUploadActivity]: MSG_WINDOW_FOCUS_CHANGED 1
04-26 15:44:23.740 17457 17457 D ViewRootImpl@a86837e[BatchUploadActivity]: mHardwareRenderer.initializeIfNeeded()#2 mSurface={isValid=true -1973338112}
04-26 15:44:23.745 17457 17457 V InputMethodManager: Starting input: tba=android.view.inputmethod.EditorInfo@8a4b486 nm : cz.gienger.mobile ic=null
04-26 15:44:23.745 17457 17457 I InputMethodManager: startInputInner - mService.startInputOrWindowGainedFocus
04-26 15:44:23.761 17457 17457 D InputTransport: Input channel constructed: fd=75
04-26 15:44:23.761 17457 17457 D InputTransport: Input channel destroyed: fd=61
04-26 15:44:23.804 17457 17498 D OpenGLRenderer: endAllActiveAnimators on 0x8d3d9a80 (RippleDrawable) with handle 0x8c1a2470
04-26 15:44:23.805 17457 17457 D ViewRootImpl@c7fe0f[MainActivity]: mHardwareRenderer.destroy()#1
04-26 15:44:23.811 17457 17457 D ViewRootImpl@c7fe0f[MainActivity]: Relayout returned: oldFrame=[0,0][768,1024] newFrame=[0,0][768,1024] result=0x5 surface={isValid=false 0} surfaceGenerationChanged=true
04-26 15:44:24.242 17457 17457 D ViewRootImpl@c7fe0f[MainActivity]: Relayout returned: oldFrame=[0,0][768,1024] newFrame=[0,0][768,1024] result=0x5 surface={isValid=false 0} surfaceGenerationChanged=false
04-26 15:44:26.776 17457 17457 D ViewRootImpl@a86837e[BatchUploadActivity]: ViewPostImeInputStage processPointer 0
04-26 15:44:26.837 17457 17457 D ViewRootImpl@a86837e[BatchUploadActivity]: ViewPostImeInputStage processPointer 1
04-26 15:44:26.837 17457 17457 D AbsListView: onTouchUp() mTouchMode : 0
04-26 15:44:29.448 17457 17457 D ViewRootImpl@a86837e[BatchUploadActivity]: ViewPostImeInputStage processPointer 0
04-26 15:44:29.507 17457 17457 D ViewRootImpl@a86837e[BatchUploadActivity]: ViewPostImeInputStage processPointer 1
04-26 15:44:30.106 17457 17457 D ViewRootImpl@a86837e[BatchUploadActivity]: ViewPostImeInputStage processPointer 0
04-26 15:44:30.167 17457 17457 D ViewRootImpl@a86837e[BatchUploadActivity]: ViewPostImeInputStage processPointer 1
04-26 15:44:30.203 17457 17457 D ScrollView: initGoToTop
04-26 15:44:30.212 17457 17457 D ViewRootImpl@5e8e102[BatchUploadActivity]: ThreadedRenderer.create() translucent=true
04-26 15:44:30.218 17457 17457 D InputTransport: Input channel constructed: fd=64
04-26 15:44:30.218 17457 17457 D ViewRootImpl@5e8e102[BatchUploadActivity]: setView = DecorView@2429a13[BatchUploadActivity] touchMode=true
04-26 15:44:30.219 17457 17457 D ViewRootImpl@5e8e102[BatchUploadActivity]: dispatchAttachedToWindow
04-26 15:44:30.254 17457 17457 D ViewRootImpl@5e8e102[BatchUploadActivity]: Relayout returned: oldFrame=[0,0][0,0] newFrame=[94,423][674,624] result=0x27 surface={isValid=true -1961889792} surfaceGenerationChanged=true
04-26 15:44:30.254 17457 17457 D ViewRootImpl@5e8e102[BatchUploadActivity]: mHardwareRenderer.initialize() mSurface={isValid=true -1961889792} hwInitialized=true
04-26 15:44:30.263 17457 17457 D ScrollView: onsize change changed
04-26 15:44:30.279 17457 17457 D ViewRootImpl@5e8e102[BatchUploadActivity]: MSG_WINDOW_FOCUS_CHANGED 1
04-26 15:44:30.280 17457 17457 D ViewRootImpl@5e8e102[BatchUploadActivity]: mHardwareRenderer.initializeIfNeeded()#2 mSurface={isValid=true -1961889792}
04-26 15:44:30.307 17457 17457 D ViewRootImpl@5e8e102[BatchUploadActivity]: MSG_RESIZED_REPORT: frame=Rect(94, 423 - 674, 624) ci=Rect(0, 0 - 0, 0) vi=Rect(0, 0 - 0, 0) or=1
04-26 15:44:30.325 17457 17457 D ViewRootImpl@a86837e[BatchUploadActivity]: MSG_WINDOW_FOCUS_CHANGED 0
04-26 15:44:30.982 17457 17457 D ViewRootImpl@5e8e102[BatchUploadActivity]: ViewPostImeInputStage processPointer 0
04-26 15:44:31.063 17457 17457 D ViewRootImpl@5e8e102[BatchUploadActivity]: ViewPostImeInputStage processPointer 1
04-26 15:44:31.132 17457 17457 D ViewRootImpl@5e8e102[BatchUploadActivity]: mHardwareRenderer.destroy()#4
04-26 15:44:31.133 17457 17457 D ViewRootImpl@5e8e102[BatchUploadActivity]: dispatchDetachedFromWindow
04-26 15:44:31.141 17457 17457 D InputTransport: Input channel destroyed: fd=64
04-26 15:44:31.170 17457 17457 E ViewRootImpl: sendUserActionEvent() returned.
04-26 15:44:31.173 17457 19586 D MESSAGE_SERVICE: ACTION_BATCH_UPLOAD
04-26 15:44:31.356 17457 17457 D ViewRootImpl@c7fe0f[MainActivity]: Relayout returned: oldFrame=[0,0][768,1024] newFrame=[0,0][768,1024] result=0x7 surface={isValid=true -1961887744} surfaceGenerationChanged=true
04-26 15:44:31.357 17457 17457 D ViewRootImpl@c7fe0f[MainActivity]: mHardwareRenderer.initialize() mSurface={isValid=true -1961887744} hwInitialized=true
04-26 15:44:31.443 17457 17457 D AbsListView: in onLayout changed
04-26 15:44:31.473 17457 17457 D ViewRootImpl@c7fe0f[MainActivity]: MSG_WINDOW_FOCUS_CHANGED 1
04-26 15:44:31.474 17457 17457 D ViewRootImpl@c7fe0f[MainActivity]: mHardwareRenderer.initializeIfNeeded()#2 mSurface={isValid=true -1961887744}
04-26 15:44:31.476 17457 17457 V InputMethodManager: Starting input: tba=android.view.inputmethod.EditorInfo@db5ae21 nm : cz.gienger.mobile ic=null
04-26 15:44:31.476 17457 17457 I InputMethodManager: startInputInner - mService.startInputOrWindowGainedFocus
04-26 15:44:31.499 17457 17457 D InputTransport: Input channel constructed: fd=68
04-26 15:44:31.499 17457 17457 D InputTransport: Input channel destroyed: fd=75
04-26 15:44:31.581 17457 17457 D ViewRootImpl@a86837e[BatchUploadActivity]: mHardwareRenderer.destroy()#1
04-26 15:44:31.593 17457 17457 D ViewRootImpl@a86837e[BatchUploadActivity]: Relayout returned: oldFrame=[0,0][768,1024] newFrame=[0,0][768,1024] result=0x5 surface={isValid=false 0} surfaceGenerationChanged=true
04-26 15:44:31.904 17457 19586 D FILE_MANAGER: Serializing delivery /data/user/0/cz.gienger.mobile/files/finished/130AT1181903324/130AT1181903324.xml
04-26 15:44:31.904 17457 19586 D FILE_MANAGER: Null files:
04-26 15:44:32.088 17457 19586 D MYINTERCEPTOR: /GiengerService.svc/sendorder
04-26 15:44:32.089 17457 19586 D OkHttp : --> POST https://testsaig1.gienger.cz/GiengerService.svc/sendorder http/1.1
04-26 15:44:32.089 17457 19586 D OkHttp : Content-Type: text/raw
04-26 15:44:32.090 17457 19586 D OkHttp : Content-Length: 3096
04-26 15:44:32.090 17457 19586 D OkHttp : filename: 130AT1181903324.xml
04-26 15:44:32.090 17457 19586 D OkHttp : Checksum: 43d9764cea0af31c04630b938b5f357e
04-26 15:44:32.090 17457 19586 D OkHttp : token: 93f8f4938b855fa5f11e4a467ea31643
04-26 15:44:32.090 17457 19586 D OkHttp : --> END POST
04-26 15:44:32.607 17457 19586 D OkHttp : <-- 200 https://testsaig1.gienger.cz/GiengerService.svc/sendorder (517ms)
04-26 15:44:32.607 17457 19586 D OkHttp : content-type: application/xml; charset=utf-8
04-26 15:44:32.608 17457 19586 D OkHttp : server: Microsoft-IIS/10.0
04-26 15:44:32.608 17457 19586 D OkHttp : x-powered-by: ASP.NET
04-26 15:44:32.608 17457 19586 D OkHttp : date: Fri, 26 Apr 2019 13:44:31 GMT
04-26 15:44:32.608 17457 19586 D OkHttp : content-length: 175
04-26 15:44:32.608 17457 19586 D OkHttp : <-- END HTTP
04-26 15:44:32.616 17457 19586 D sendOrder_SUCCESS: 200
04-26 15:44:32.881 17457 17457 D AbsListView: in onLayout changed
04-26 15:44:32.939 17457 17457 D TextView: SYANI: Clipboard API is calling: clearFilter()
04-26 15:44:32.939 17457 17457 D TextView: SYANI: Clipboard API is calling: unregisterClipboardEventListener()
04-26 15:44:32.949 17457 17457 D ViewRootImpl@a86837e[BatchUploadActivity]: mHardwareRenderer.destroy()#4
04-26 15:44:32.949 17457 17457 D ViewRootImpl@a86837e[BatchUploadActivity]: dispatchDetachedFromWindow
04-26 15:44:32.956 17457 17457 D InputTransport: Input channel destroyed: fd=69
04-26 15:44:32.957 17457 17457 D LOCATION_SERVICE: onDestroy
04-26 15:44:33.387 17457 17457 D ViewRootImpl@c7fe0f[MainActivity]: ViewPostImeInputStage processPointer 0
04-26 15:44:33.434 17457 17457 D AbsListView: reportScrollStateChange() newState : 1
04-26 15:44:33.718 17457 17457 D ViewRootImpl@c7fe0f[MainActivity]: ViewPostImeInputStage processPointer 1
04-26 15:44:33.718 17457 17457 D AbsListView: onTouchUp() mTouchMode : 3
04-26 15:44:33.718 17457 17457 D AbsListView: onTouchUp() TOUCH_MODE_SCROLL initialVelocity : 66
04-26 15:44:33.718 17457 17457 D AbsListView: reportScrollStateChange() newState : 2
04-26 15:44:33.818 17457 17457 D AbsListView: reportScrollStateChange() newState : 0
04-26 15:44:34.080 17457 17457 D ViewRootImpl@c7fe0f[MainActivity]: ViewPostImeInputStage processPointer 0
04-26 15:44:34.125 17457 17457 D ViewRootImpl@c7fe0f[MainActivity]: ViewPostImeInputStage processPointer 1
04-26 15:44:34.143 17457 17457 D item_click: viewId = 2131820758, position = 3
04-26 15:44:34.183 17457 17457 D ViewRootImpl@c7fe0f[MainActivity]: MSG_WINDOW_FOCUS_CHANGED 0
04-26 15:44:34.319 17457 17457 D ViewRootImpl@69639d5[BatchUploadActivity]: ThreadedRenderer.create() translucent=false
04-26 15:44:34.323 17457 17457 D InputTransport: Input channel constructed: fd=64
04-26 15:44:34.324 17457 17457 D ViewRootImpl@69639d5[BatchUploadActivity]: setView = DecorView@353b5ea[BatchUploadActivity] touchMode=true
04-26 15:44:34.325 17457 17457 D LOCATION_SERVICE: LocationListener gps
04-26 15:44:34.326 17457 17457 D LOCATION_SERVICE: LocationListener network
04-26 15:44:34.327 17457 17457 D LOCATION_SERVICE: onCreate
04-26 15:44:34.328 17457 17457 D LOCATION_SERVICE: initializeLocationManager
04-26 15:44:34.341 17457 17457 D LOCATION_SERVICE: onStartCommand
04-26 15:44:34.343 17457 17457 D ViewRootImpl@69639d5[BatchUploadActivity]: dispatchAttachedToWindow
04-26 15:44:34.384 17457 17457 D ViewRootImpl@69639d5[BatchUploadActivity]: Relayout returned: oldFrame=[0,0][0,0] newFrame=[0,0][768,1024] result=0x27 surface={isValid=true -1936035840} surfaceGenerationChanged=true
04-26 15:44:34.385 17457 17457 D ViewRootImpl@69639d5[BatchUploadActivity]: mHardwareRenderer.initialize() mSurface={isValid=true -1936035840} hwInitialized=true
04-26 15:44:34.410 17457 17457 D AbsListView: in onLayout changed
04-26 15:44:34.448 17457 17457 D ViewRootImpl@69639d5[BatchUploadActivity]: MSG_RESIZED_REPORT: frame=Rect(0, 0 - 768, 1024) ci=Rect(0, 24 - 0, 0) vi=Rect(0, 24 - 0, 0) or=1
04-26 15:44:34.448 17457 17457 D ViewRootImpl@69639d5[BatchUploadActivity]: MSG_WINDOW_FOCUS_CHANGED 1
04-26 15:44:34.448 17457 17457 D ViewRootImpl@69639d5[BatchUploadActivity]: mHardwareRenderer.initializeIfNeeded()#2 mSurface={isValid=true -1936035840}
04-26 15:44:34.452 17457 17457 V InputMethodManager: Starting input: tba=android.view.inputmethod.EditorInfo@6f49931 nm : cz.gienger.mobile ic=null
04-26 15:44:34.452 17457 17457 I InputMethodManager: startInputInner - mService.startInputOrWindowGainedFocus
04-26 15:44:34.466 17457 17457 D InputTransport: Input channel constructed: fd=69
04-26 15:44:34.466 17457 17457 D InputTransport: Input channel destroyed: fd=68
04-26 15:44:34.502 17457 17498 D OpenGLRenderer: endAllActiveAnimators on 0x8d1fdc80 (RippleDrawable) with handle 0x8b3cf9d0
04-26 15:44:34.502 17457 17457 D ViewRootImpl@c7fe0f[MainActivity]: mHardwareRenderer.destroy()#1
04-26 15:44:34.512 17457 17457 D ViewRootImpl@c7fe0f[MainActivity]: Relayout returned: oldFrame=[0,0][768,1024] newFrame=[0,0][768,1024] result=0x5 surface={isValid=false 0} surfaceGenerationChanged=true
04-26 15:44:34.912 17457 17457 D ViewRootImpl@c7fe0f[MainActivity]: Relayout returned: oldFrame=[0,0][768,1024] newFrame=[0,0][768,1024] result=0x5 surface={isValid=false 0} surfaceGenerationChanged=false
04-26 15:44:35.056 17457 17457 D LOCATION_SERVICE: onLocationChanged: Location[network 49,191153,17,534543 acc=22 et=+54m55s237ms alt=0.0 vel=0.0 bear=0.0 {Bundle[mParcelledData.dataSize=80]}]
04-26 15:44:35.584 17457 17457 D ViewRootImpl@69639d5[BatchUploadActivity]: ViewPostImeInputStage processPointer 0
04-26 15:44:35.609 17457 17457 D ViewRootImpl@69639d5[BatchUploadActivity]: ViewPostImeInputStage processPointer 1
04-26 15:44:35.609 17457 17457 D AbsListView: onTouchUp() mTouchMode : 0
04-26 15:44:39.106 17457 17457 D ViewRootImpl@69639d5[BatchUploadActivity]: ViewPostImeInputStage processPointer 0
04-26 15:44:39.152 17457 17457 D ViewRootImpl@69639d5[BatchUploadActivity]: ViewPostImeInputStage processPointer 1
04-26 15:44:39.659 17457 17457 D ViewRootImpl@69639d5[BatchUploadActivity]: ViewPostImeInputStage processPointer 0
04-26 15:44:39.731 17457 17457 D ViewRootImpl@69639d5[BatchUploadActivity]: ViewPostImeInputStage processPointer 1
04-26 15:44:39.756 17457 17457 D ScrollView: initGoToTop
04-26 15:44:39.766 17457 17457 D ViewRootImpl@6f6bf48[BatchUploadActivity]: ThreadedRenderer.create() translucent=true
04-26 15:44:39.772 17457 17457 D InputTransport: Input channel constructed: fd=74
04-26 15:44:39.772 17457 17457 D ViewRootImpl@6f6bf48[BatchUploadActivity]: setView = DecorView@f0791e1[BatchUploadActivity] touchMode=true
04-26 15:44:39.774 17457 17457 D ViewRootImpl@6f6bf48[BatchUploadActivity]: dispatchAttachedToWindow
04-26 15:44:39.791 17457 17457 D ViewRootImpl@6f6bf48[BatchUploadActivity]: Relayout returned: oldFrame=[0,0][0,0] newFrame=[94,423][674,624] result=0x27 surface={isValid=true -1927290880} surfaceGenerationChanged=true
04-26 15:44:39.792 17457 17457 D ViewRootImpl@6f6bf48[BatchUploadActivity]: mHardwareRenderer.initialize() mSurface={isValid=true -1927290880} hwInitialized=true
04-26 15:44:39.796 17457 17457 D ScrollView: onsize change changed
04-26 15:44:39.810 17457 17457 D ViewRootImpl@6f6bf48[BatchUploadActivity]: MSG_WINDOW_FOCUS_CHANGED 1
04-26 15:44:39.810 17457 17457 D ViewRootImpl@6f6bf48[BatchUploadActivity]: mHardwareRenderer.initializeIfNeeded()#2 mSurface={isValid=true -1927290880}
04-26 15:44:39.834 17457 17457 D ViewRootImpl@6f6bf48[BatchUploadActivity]: MSG_RESIZED_REPORT: frame=Rect(94, 423 - 674, 624) ci=Rect(0, 0 - 0, 0) vi=Rect(0, 0 - 0, 0) or=1
04-26 15:44:39.855 17457 17457 D ViewRootImpl@69639d5[BatchUploadActivity]: MSG_WINDOW_FOCUS_CHANGED 0
04-26 15:44:40.511 17457 17457 D ViewRootImpl@6f6bf48[BatchUploadActivity]: ViewPostImeInputStage processPointer 0
04-26 15:44:40.570 17457 17457 D ViewRootImpl@6f6bf48[BatchUploadActivity]: ViewPostImeInputStage processPointer 1
04-26 15:44:40.656 17457 17457 D ViewRootImpl@6f6bf48[BatchUploadActivity]: mHardwareRenderer.destroy()#4
04-26 15:44:40.656 17457 17457 D ViewRootImpl@6f6bf48[BatchUploadActivity]: dispatchDetachedFromWindow
04-26 15:44:40.665 17457 17457 D InputTransport: Input channel destroyed: fd=74
04-26 15:44:40.699 17457 17457 E ViewRootImpl: sendUserActionEvent() returned.
04-26 15:44:40.706 17457 19594 D MESSAGE_SERVICE: ACTION_BATCH_UPLOAD
04-26 15:44:40.910 17457 17457 D ViewRootImpl@c7fe0f[MainActivity]: Relayout returned: oldFrame=[0,0][768,1024] newFrame=[0,0][768,1024] result=0x7 surface={isValid=true -1928333312} surfaceGenerationChanged=true
04-26 15:44:40.910 17457 17457 D ViewRootImpl@c7fe0f[MainActivity]: mHardwareRenderer.initialize() mSurface={isValid=true -1928333312} hwInitialized=true
04-26 15:44:41.036 17457 17468 I art : Background sticky concurrent mark sweep GC freed 194501(8MB) AllocSpace objects, 16(320KB) LOS objects, 42% free, 11MB/20MB, paused 1.783ms total 106.356ms
04-26 15:44:41.043 17457 17457 D AbsListView: in onLayout changed
04-26 15:44:41.080 17457 17457 D ViewRootImpl@c7fe0f[MainActivity]: MSG_WINDOW_FOCUS_CHANGED 1
04-26 15:44:41.080 17457 17457 D ViewRootImpl@c7fe0f[MainActivity]: mHardwareRenderer.initializeIfNeeded()#2 mSurface={isValid=true -1928333312}
04-26 15:44:41.081 17457 17457 V InputMethodManager: Starting input: tba=android.view.inputmethod.EditorInfo@bb852ba nm : cz.gienger.mobile ic=null
04-26 15:44:41.082 17457 17457 I InputMethodManager: startInputInner - mService.startInputOrWindowGainedFocus
04-26 15:44:41.103 17457 17457 D InputTransport: Input channel constructed: fd=78
04-26 15:44:41.103 17457 17457 D InputTransport: Input channel destroyed: fd=69
04-26 15:44:41.157 17457 17457 D ViewRootImpl@69639d5[BatchUploadActivity]: mHardwareRenderer.destroy()#1
04-26 15:44:41.172 17457 17457 D ViewRootImpl@69639d5[BatchUploadActivity]: Relayout returned: oldFrame=[0,0][768,1024] newFrame=[0,0][768,1024] result=0x5 surface={isValid=false 0} surfaceGenerationChanged=true
04-26 15:44:41.446 17457 19594 D FILE_MANAGER: Serializing delivery /data/user/0/cz.gienger.mobile/files/finished/130AT1181903314/130AT1181903314_1.xml
04-26 15:44:41.446 17457 19594 D FILE_MANAGER: Null files:
04-26 15:44:41.566 17457 17463 I art : Do partial code cache collection, code=198KB, data=251KB
04-26 15:44:41.568 17457 17463 I art : After code cache collection, code=198KB, data=251KB
04-26 15:44:41.568 17457 17463 I art : Increasing code cache capacity to 1024KB
04-26 15:44:41.656 17457 19594 D MYINTERCEPTOR: /GiengerService.svc/sendorder
04-26 15:44:41.657 17457 19594 D OkHttp : --> POST https://testsaig1.gienger.cz/GiengerService.svc/sendorder http/1.1
04-26 15:44:41.657 17457 19594 D OkHttp : Content-Type: text/raw
04-26 15:44:41.657 17457 19594 D OkHttp : Content-Length: 3014
04-26 15:44:41.658 17457 19594 D OkHttp : filename: 130AT1181903314_1.xml
04-26 15:44:41.658 17457 19594 D OkHttp : Checksum: efa4be90a9570431d8e08028380660bd
04-26 15:44:41.658 17457 19594 D OkHttp : token: 93f8f4938b855fa5f11e4a467ea31643
04-26 15:44:41.658 17457 19594 D OkHttp : --> END POST
04-26 15:44:41.970 17457 17457 D ViewRootImpl@c7fe0f[MainActivity]: ViewPostImeInputStage processPointer 0
04-26 15:44:42.003 17457 17457 D AbsListView: reportScrollStateChange() newState : 1
04-26 15:44:42.231 17457 17457 D ViewRootImpl@c7fe0f[MainActivity]: ViewPostImeInputStage processPointer 1
04-26 15:44:42.232 17457 17457 D AbsListView: onTouchUp() mTouchMode : 3
04-26 15:44:42.232 17457 17457 D AbsListView: onTouchUp() TOUCH_MODE_SCROLL initialVelocity : -112
04-26 15:44:42.232 17457 17457 D AbsListView: reportScrollStateChange() newState : 2
04-26 15:44:42.354 17457 17457 D AbsListView: reportScrollStateChange() newState : 0
04-26 15:44:42.478 17457 19594 D OkHttp : <-- 200 https://testsaig1.gienger.cz/GiengerService.svc/sendorder (819ms)
04-26 15:44:42.478 17457 19594 D OkHttp : content-type: application/xml; charset=utf-8
04-26 15:44:42.478 17457 19594 D OkHttp : server: Microsoft-IIS/10.0
04-26 15:44:42.478 17457 19594 D OkHttp : x-powered-by: ASP.NET
04-26 15:44:42.478 17457 19594 D OkHttp : date: Fri, 26 Apr 2019 13:44:40 GMT
04-26 15:44:42.478 17457 19594 D OkHttp : content-length: 175
04-26 15:44:42.478 17457 19594 D OkHttp : <-- END HTTP
04-26 15:44:42.485 17457 19594 D sendOrder_SUCCESS: 200
04-26 15:44:42.771 17457 17457 D AbsListView: in onLayout changed
04-26 15:44:42.829 17457 17457 D TextView: SYANI: Clipboard API is calling: clearFilter()
04-26 15:44:42.829 17457 17457 D TextView: SYANI: Clipboard API is calling: unregisterClipboardEventListener()
04-26 15:44:42.838 17457 17457 D Graph : removeVertex() : insertDummyVertex, because there is no ancestor.
04-26 15:44:42.842 17457 17457 D ViewRootImpl@69639d5[BatchUploadActivity]: mHardwareRenderer.destroy()#4
04-26 15:44:42.842 17457 17457 D ViewRootImpl@69639d5[BatchUploadActivity]: dispatchDetachedFromWindow
04-26 15:44:42.850 17457 17457 D InputTransport: Input channel destroyed: fd=64
04-26 15:44:42.851 17457 17457 D LOCATION_SERVICE: onDestroy
04-26 15:44:42.939 17457 17457 D ViewRootImpl@c7fe0f[MainActivity]: ViewPostImeInputStage processPointer 0
04-26 15:44:42.972 17457 17457 D AbsListView: reportScrollStateChange() newState : 1
04-26 15:44:43.313 17457 17457 D ViewRootImpl@c7fe0f[MainActivity]: ViewPostImeInputStage processPointer 1
04-26 15:44:43.313 17457 17457 D AbsListView: onTouchUp() mTouchMode : 3
04-26 15:44:43.313 17457 17457 D AbsListView: onTouchUp() TOUCH_MODE_SCROLL initialVelocity : -322
04-26 15:44:43.313 17457 17457 D AbsListView: reportScrollStateChange() newState : 2
04-26 15:44:43.573 17457 17457 D AbsListView: reportScrollStateChange() newState : 0
04-26 15:44:43.936 17457 17457 D ViewRootImpl@c7fe0f[MainActivity]: ViewPostImeInputStage processPointer 0
04-26 15:44:43.995 17457 17457 D ViewRootImpl@c7fe0f[MainActivity]: ViewPostImeInputStage processPointer 1
04-26 15:44:44.025 17457 17457 D item_click: viewId = 2131820758, position = 4
04-26 15:44:44.067 17457 17457 D ViewRootImpl@c7fe0f[MainActivity]: MSG_WINDOW_FOCUS_CHANGED 0
04-26 15:44:44.215 17457 17457 D ViewRootImpl@750c593[BatchUploadActivity]: ThreadedRenderer.create() translucent=false
04-26 15:44:44.218 17457 17457 D InputTransport: Input channel constructed: fd=64
04-26 15:44:44.219 17457 17457 D ViewRootImpl@750c593[BatchUploadActivity]: setView = DecorView@c4919d0[BatchUploadActivity] touchMode=true
04-26 15:44:44.221 17457 17457 D ViewRootImpl@750c593[BatchUploadActivity]: dispatchAttachedToWindow
04-26 15:44:44.253 17457 17457 D ViewRootImpl@750c593[BatchUploadActivity]: Relayout returned: oldFrame=[0,0][0,0] newFrame=[0,0][768,1024] result=0x27 surface={isValid=true -1975066624} surfaceGenerationChanged=true
04-26 15:44:44.254 17457 17457 D ViewRootImpl@750c593[BatchUploadActivity]: mHardwareRenderer.initialize() mSurface={isValid=true -1975066624} hwInitialized=true
04-26 15:44:44.279 17457 17457 D AbsListView: in onLayout changed
04-26 15:44:44.281 17457 17457 D LOCATION_SERVICE: LocationListener gps
04-26 15:44:44.283 17457 17457 D LOCATION_SERVICE: LocationListener network
04-26 15:44:44.284 17457 17457 D LOCATION_SERVICE: onCreate
04-26 15:44:44.284 17457 17457 D LOCATION_SERVICE: initializeLocationManager
04-26 15:44:44.295 17457 17457 D LOCATION_SERVICE: onStartCommand
04-26 15:44:44.356 17457 17457 D ViewRootImpl@750c593[BatchUploadActivity]: MSG_RESIZED_REPORT: frame=Rect(0, 0 - 768, 1024) ci=Rect(0, 24 - 0, 0) vi=Rect(0, 24 - 0, 0) or=1
04-26 15:44:44.356 17457 17457 D ViewRootImpl@750c593[BatchUploadActivity]: MSG_WINDOW_FOCUS_CHANGED 1
04-26 15:44:44.357 17457 17457 D ViewRootImpl@750c593[BatchUploadActivity]: mHardwareRenderer.initializeIfNeeded()#2 mSurface={isValid=true -1975066624}
04-26 15:44:44.363 17457 17457 V InputMethodManager: Starting input: tba=android.view.inputmethod.EditorInfo@4e6133 nm : cz.gienger.mobile ic=null
04-26 15:44:44.364 17457 17457 I InputMethodManager: startInputInner - mService.startInputOrWindowGainedFocus
04-26 15:44:44.377 17457 17457 D InputTransport: Input channel constructed: fd=68
04-26 15:44:44.377 17457 17457 D InputTransport: Input channel destroyed: fd=78
04-26 15:44:44.429 17457 17498 D OpenGLRenderer: endAllActiveAnimators on 0x8c9fdb00 (RippleDrawable) with handle 0x8b2fdb90
04-26 15:44:44.430 17457 17457 D ViewRootImpl@c7fe0f[MainActivity]: mHardwareRenderer.destroy()#1
04-26 15:44:44.437 17457 17457 D ViewRootImpl@c7fe0f[MainActivity]: Relayout returned: oldFrame=[0,0][768,1024] newFrame=[0,0][768,1024] result=0x5 surface={isValid=false 0} surfaceGenerationChanged=true
04-26 15:44:44.817 17457 17457 D ViewRootImpl@c7fe0f[MainActivity]: Relayout returned: oldFrame=[0,0][768,1024] newFrame=[0,0][768,1024] result=0x5 surface={isValid=false 0} surfaceGenerationChanged=false
04-26 15:44:44.938 17457 17457 D LOCATION_SERVICE: onLocationChanged: Location[network 49,191137,17,534571 acc=22 et=+55m5s120ms alt=0.0 vel=0.0 bear=0.0 {Bundle[mParcelledData.dataSize=80]}]
04-26 15:44:45.795 17457 17457 D ViewRootImpl@750c593[BatchUploadActivity]: ViewPostImeInputStage processPointer 0
04-26 15:44:45.862 17457 17457 D ViewRootImpl@750c593[BatchUploadActivity]: ViewPostImeInputStage processPointer 1
04-26 15:44:45.863 17457 17457 D AbsListView: onTouchUp() mTouchMode : 0
04-26 15:44:46.063 17457 17457 D ViewRootImpl@750c593[BatchUploadActivity]: ViewPostImeInputStage processPointer 0
04-26 15:44:46.124 17457 17457 D ViewRootImpl@750c593[BatchUploadActivity]: ViewPostImeInputStage processPointer 1
04-26 15:44:46.124 17457 17457 D AbsListView: onTouchUp() mTouchMode : 0
04-26 15:44:47.070 17457 17457 D ViewRootImpl@750c593[BatchUploadActivity]: ViewPostImeInputStage processPointer 0
04-26 15:44:47.131 17457 17457 D ViewRootImpl@750c593[BatchUploadActivity]: ViewPostImeInputStage processPointer 1
04-26 15:44:47.573 17457 17457 D ViewRootImpl@750c593[BatchUploadActivity]: ViewPostImeInputStage processPointer 0
04-26 15:44:47.645 17457 17457 D ViewRootImpl@750c593[BatchUploadActivity]: ViewPostImeInputStage processPointer 1
04-26 15:44:47.673 17457 17457 D ScrollView: initGoToTop
04-26 15:44:47.683 17457 17457 D ViewRootImpl@67d1ec6[BatchUploadActivity]: ThreadedRenderer.create() translucent=true
04-26 15:44:47.689 17457 17457 D InputTransport: Input channel constructed: fd=78
04-26 15:44:47.690 17457 17457 D ViewRootImpl@67d1ec6[BatchUploadActivity]: setView = DecorView@5ca9e87[BatchUploadActivity] touchMode=true
04-26 15:44:47.696 17457 17457 D ViewRootImpl@67d1ec6[BatchUploadActivity]: dispatchAttachedToWindow
04-26 15:44:47.724 17457 17457 D ViewRootImpl@67d1ec6[BatchUploadActivity]: Relayout returned: oldFrame=[0,0][0,0] newFrame=[94,423][674,624] result=0x27 surface={isValid=true -1936035840} surfaceGenerationChanged=true
04-26 15:44:47.724 17457 17457 D ViewRootImpl@67d1ec6[BatchUploadActivity]: mHardwareRenderer.initialize() mSurface={isValid=true -1936035840} hwInitialized=true
04-26 15:44:47.728 17457 17457 D ScrollView: onsize change changed
04-26 15:44:47.729 17457 17457 D ViewRootImpl@67d1ec6[BatchUploadActivity]: MSG_WINDOW_FOCUS_CHANGED 1
04-26 15:44:47.729 17457 17457 D ViewRootImpl@67d1ec6[BatchUploadActivity]: mHardwareRenderer.initializeIfNeeded()#2 mSurface={isValid=true -1936035840}
04-26 15:44:47.746 17457 17457 D ViewRootImpl@67d1ec6[BatchUploadActivity]: MSG_RESIZED_REPORT: frame=Rect(94, 423 - 674, 624) ci=Rect(0, 0 - 0, 0) vi=Rect(0, 0 - 0, 0) or=1
04-26 15:44:47.774 17457 17457 D ViewRootImpl@750c593[BatchUploadActivity]: MSG_WINDOW_FOCUS_CHANGED 0
04-26 15:44:48.341 17457 17457 D ViewRootImpl@67d1ec6[BatchUploadActivity]: ViewPostImeInputStage processPointer 0
04-26 15:44:48.411 17457 17457 D ViewRootImpl@67d1ec6[BatchUploadActivity]: ViewPostImeInputStage processPointer 1
04-26 15:44:48.505 17457 17457 D ViewRootImpl@67d1ec6[BatchUploadActivity]: mHardwareRenderer.destroy()#4
04-26 15:44:48.505 17457 17457 D ViewRootImpl@67d1ec6[BatchUploadActivity]: dispatchDetachedFromWindow
04-26 15:44:48.514 17457 17457 D InputTransport: Input channel destroyed: fd=78
04-26 15:44:48.546 17457 19602 D MESSAGE_SERVICE: ACTION_BATCH_UPLOAD
04-26 15:44:48.546 17457 17457 E ViewRootImpl: sendUserActionEvent() returned.
04-26 15:44:48.716 17457 17457 D ViewRootImpl@c7fe0f[MainActivity]: Relayout returned: oldFrame=[0,0][768,1024] newFrame=[0,0][768,1024] result=0x7 surface={isValid=true -1936033792} surfaceGenerationChanged=true
04-26 15:44:48.716 17457 17457 D ViewRootImpl@c7fe0f[MainActivity]: mHardwareRenderer.initialize() mSurface={isValid=true -1936033792} hwInitialized=true
04-26 15:44:48.785 17457 17457 D AbsListView: in onLayout changed
04-26 15:44:48.812 17457 17457 D ViewRootImpl@c7fe0f[MainActivity]: MSG_WINDOW_FOCUS_CHANGED 1
04-26 15:44:48.813 17457 17457 D ViewRootImpl@c7fe0f[MainActivity]: mHardwareRenderer.initializeIfNeeded()#2 mSurface={isValid=true -1936033792}
04-26 15:44:48.815 17457 17457 V InputMethodManager: Starting input: tba=android.view.inputmethod.EditorInfo@12d7635 nm : cz.gienger.mobile ic=null
04-26 15:44:48.815 17457 17457 I InputMethodManager: startInputInner - mService.startInputOrWindowGainedFocus
04-26 15:44:48.832 17457 17457 D InputTransport: Input channel constructed: fd=88
04-26 15:44:48.832 17457 17457 D InputTransport: Input channel destroyed: fd=68
04-26 15:44:48.878 17457 17457 D ViewRootImpl@750c593[BatchUploadActivity]: mHardwareRenderer.destroy()#1
04-26 15:44:48.893 17457 17457 D ViewRootImpl@750c593[BatchUploadActivity]: Relayout returned: oldFrame=[0,0][768,1024] newFrame=[0,0][768,1024] result=0x5 surface={isValid=false 0} surfaceGenerationChanged=true
04-26 15:44:49.274 17457 19602 D FILE_MANAGER: Serializing delivery /data/user/0/cz.gienger.mobile/files/finished/130AT1180609469/130AT1180609469.xml
04-26 15:44:49.274 17457 19602 D FILE_MANAGER: Null files:
04-26 15:44:50.157 17457 19602 D FILE_MANAGER: Serializing delivery /data/user/0/cz.gienger.mobile/files/finished/130AT1180609517/130AT1180609517.xml
04-26 15:44:50.157 17457 19602 D FILE_MANAGER: Null files:
04-26 15:44:50.346 17457 19602 D MYINTERCEPTOR: /GiengerService.svc/sendorder
04-26 15:44:50.347 17457 19602 D OkHttp : --> POST https://testsaig1.gienger.cz/GiengerService.svc/sendorder http/1.1
04-26 15:44:50.347 17457 19602 D OkHttp : Content-Type: text/raw
04-26 15:44:50.348 17457 19602 D OkHttp : Content-Length: 3077
04-26 15:44:50.348 17457 19602 D OkHttp : filename: 130AT1180609469.xml
04-26 15:44:50.348 17457 19602 D OkHttp : Checksum: 2807144a05c02328660350768f739a4f
04-26 15:44:50.348 17457 19602 D OkHttp : token: 93f8f4938b855fa5f11e4a467ea31643
04-26 15:44:50.348 17457 19602 D OkHttp : --> END POST
04-26 15:44:50.829 17457 19602 D OkHttp : <-- 200 https://testsaig1.gienger.cz/GiengerService.svc/sendorder (480ms)
04-26 15:44:50.829 17457 19602 D OkHttp : content-type: application/xml; charset=utf-8
04-26 15:44:50.829 17457 19602 D OkHttp : server: Microsoft-IIS/10.0
04-26 15:44:50.829 17457 19602 D OkHttp : x-powered-by: ASP.NET
04-26 15:44:50.829 17457 19602 D OkHttp : date: Fri, 26 Apr 2019 13:44:49 GMT
04-26 15:44:50.829 17457 19602 D OkHttp : content-length: 175
04-26 15:44:50.829 17457 19602 D OkHttp : <-- END HTTP
04-26 15:44:50.836 17457 19602 D sendOrder_SUCCESS: 200
04-26 15:44:50.866 17457 19602 D MYINTERCEPTOR: /GiengerService.svc/sendorder
04-26 15:44:50.867 17457 19602 D OkHttp : --> POST https://testsaig1.gienger.cz/GiengerService.svc/sendorder http/1.1
04-26 15:44:50.867 17457 19602 D OkHttp : Content-Type: text/raw
04-26 15:44:50.867 17457 19602 D OkHttp : Content-Length: 3083
04-26 15:44:50.867 17457 19602 D OkHttp : filename: 130AT1180609517.xml
04-26 15:44:50.867 17457 19602 D OkHttp : Checksum: 784463f0ada25fa918c1cf497e33ec3e
04-26 15:44:50.868 17457 19602 D OkHttp : token: 93f8f4938b855fa5f11e4a467ea31643
04-26 15:44:50.868 17457 19602 D OkHttp : --> END POST
04-26 15:44:51.110 17457 19602 D OkHttp : <-- 200 https://testsaig1.gienger.cz/GiengerService.svc/sendorder (242ms)
04-26 15:44:51.110 17457 19602 D OkHttp : content-type: application/xml; charset=utf-8
04-26 15:44:51.110 17457 19602 D OkHttp : server: Microsoft-IIS/10.0
04-26 15:44:51.110 17457 19602 D OkHttp : x-powered-by: ASP.NET
04-26 15:44:51.111 17457 19602 D OkHttp : date: Fri, 26 Apr 2019 13:44:49 GMT
04-26 15:44:51.111 17457 19602 D OkHttp : content-length: 175
04-26 15:44:51.111 17457 19602 D OkHttp : <-- END HTTP
04-26 15:44:51.115 17457 19602 D sendOrder_SUCCESS: 200
04-26 15:44:51.245 17457 17468 I art : Background sticky concurrent mark sweep GC freed 158575(6MB) AllocSpace objects, 21(420KB) LOS objects, 33% free, 13MB/20MB, paused 1.465ms total 121.084ms
04-26 15:44:51.374 17457 17457 D AbsListView: in onLayout changed
04-26 15:44:51.432 17457 17457 D TextView: SYANI: Clipboard API is calling: clearFilter()
04-26 15:44:51.432 17457 17457 D TextView: SYANI: Clipboard API is calling: unregisterClipboardEventListener()
04-26 15:44:51.443 17457 17457 D ViewRootImpl@750c593[BatchUploadActivity]: mHardwareRenderer.destroy()#4
04-26 15:44:51.443 17457 17457 D ViewRootImpl@750c593[BatchUploadActivity]: dispatchDetachedFromWindow
04-26 15:44:51.451 17457 17457 D InputTransport: Input channel destroyed: fd=64
04-26 15:44:51.452 17457 17457 D LOCATION_SERVICE: onDestroy
04-26 15:44:51.893 17457 17457 D ViewRootImpl@c7fe0f[MainActivity]: ViewPostImeInputStage processPointer 0
04-26 15:44:51.925 17457 17457 D AbsListView: reportScrollStateChange() newState : 1
04-26 15:44:52.304 17457 17457 D ViewRootImpl@c7fe0f[MainActivity]: ViewPostImeInputStage processPointer 1
04-26 15:44:52.304 17457 17457 D AbsListView: onTouchUp() mTouchMode : 3
04-26 15:44:52.304 17457 17457 D AbsListView: onTouchUp() TOUCH_MODE_SCROLL initialVelocity : -409
04-26 15:44:52.304 17457 17457 D AbsListView: reportScrollStateChange() newState : 0
04-26 15:44:52.769 17457 17457 D ViewRootImpl@c7fe0f[MainActivity]: ViewPostImeInputStage processPointer 0
04-26 15:44:52.816 17457 17457 D ViewRootImpl@c7fe0f[MainActivity]: ViewPostImeInputStage processPointer 1
04-26 15:44:52.832 17457 17457 D item_click: viewId = 2131820758, position = 6
04-26 15:44:52.875 17457 17457 D ViewRootImpl@c7fe0f[MainActivity]: MSG_WINDOW_FOCUS_CHANGED 0
04-26 15:44:52.930 17457 17457 D ScrollView: initGoToTop
04-26 15:44:52.991 17457 17457 D ViewRootImpl@96d1634[CancelDeliveryActivity]: ThreadedRenderer.create() translucent=false
04-26 15:44:52.994 17457 17457 D InputTransport: Input channel constructed: fd=64
04-26 15:44:52.994 17457 17457 D ViewRootImpl@96d1634[CancelDeliveryActivity]: setView = DecorView@6e7c5d[CancelDeliveryActivity] touchMode=true
04-26 15:44:52.996 17457 17457 D LOCATION_SERVICE: LocationListener gps
04-26 15:44:52.997 17457 17457 D LOCATION_SERVICE: LocationListener network
04-26 15:44:52.998 17457 17457 D LOCATION_SERVICE: onCreate
04-26 15:44:52.998 17457 17457 D LOCATION_SERVICE: initializeLocationManager
04-26 15:44:53.008 17457 17457 D LOCATION_SERVICE: onStartCommand
04-26 15:44:53.030 17457 17457 D ViewRootImpl@96d1634[CancelDeliveryActivity]: dispatchAttachedToWindow
04-26 15:44:53.069 17457 17457 D ViewRootImpl@96d1634[CancelDeliveryActivity]: Relayout returned: oldFrame=[0,0][0,0] newFrame=[0,0][768,1024] result=0x27 surface={isValid=true -1975066624} surfaceGenerationChanged=true
