--------- beginning of main
04-26 15:13:06.383 17457 17457 D ViewRootImpl@8953a36[CartActivity]: ViewPostImeInputStage processPointer 0
04-26 15:13:06.454 17457 17457 D ViewRootImpl@8953a36[CartActivity]: ViewPostImeInputStage processPointer 1
04-26 15:13:06.473 17457 17457 D View : requestFocusFromTouch
04-26 15:13:06.494 17457 17457 D ScrollView: initGoToTop
04-26 15:13:06.501 17457 17457 D ScrollView: initGoToTop
04-26 15:13:06.514 17457 17457 D ViewRootImpl@85a5425[CartActivity]: ThreadedRenderer.create() translucent=true
04-26 15:13:06.524 17457 17457 D InputTransport: Input channel constructed: fd=64
04-26 15:13:06.525 17457 17457 D ViewRootImpl@85a5425[CartActivity]: setView = DecorView@db749fa[CartActivity] touchMode=false
04-26 15:13:06.536 17457 17457 D ViewRootImpl@85a5425[CartActivity]: dispatchAttachedToWindow
04-26 15:13:06.579 17457 17457 D ViewRootImpl@85a5425[CartActivity]: Relayout returned: oldFrame=[0,0][0,0] newFrame=[108,450][660,597] result=0x26 surface={isValid=true -1926279168} surfaceGenerationChanged=true
04-26 15:13:06.579 17457 17457 D ViewRootImpl@85a5425[CartActivity]: mHardwareRenderer.initialize() mSurface={isValid=true -1926279168} hwInitialized=true
04-26 15:13:06.584 17457 17457 D ScrollView: onsize change changed
04-26 15:13:06.584 17457 17457 D ScrollView: onsize change changed
04-26 15:13:06.585 17457 17457 V InputMethodManager: Starting input: tba=android.view.inputmethod.EditorInfo@f0dbab nm : cz.gienger.mobile ic=null
04-26 15:13:06.585 17457 17457 I InputMethodManager: startInputInner - mService.startInputOrWindowGainedFocus
04-26 15:13:06.587 17457 17457 D InputTransport: Input channel constructed: fd=66
04-26 15:13:06.587 17457 17457 D InputTransport: Input channel destroyed: fd=68
04-26 15:13:06.595 17457 17457 D ViewRootImpl@85a5425[CartActivity]: MSG_WINDOW_FOCUS_CHANGED 1
04-26 15:13:06.595 17457 17457 D ViewRootImpl@85a5425[CartActivity]: mHardwareRenderer.initializeIfNeeded()#2 mSurface={isValid=true -1926279168}
04-26 15:13:06.596 17457 17457 V InputMethodManager: Not IME target window, ignoring
04-26 15:13:06.615 17457 17457 D ViewRootImpl@85a5425[CartActivity]: MSG_RESIZED_REPORT: frame=Rect(108, 450 - 660, 597) ci=Rect(0, 0 - 0, 0) vi=Rect(0, 0 - 0, 0) or=1
04-26 15:13:06.645 17457 17457 D ViewRootImpl@8953a36[CartActivity]: MSG_WINDOW_FOCUS_CHANGED 0
04-26 15:13:07.854 17457 17457 D ViewRootImpl@85a5425[CartActivity]: ViewPostImeInputStage processPointer 0
04-26 15:13:07.924 17457 17457 D ViewRootImpl@85a5425[CartActivity]: ViewPostImeInputStage processPointer 1
04-26 15:13:07.966 17457 17457 D ScrollView: initGoToTop
04-26 15:13:07.973 17457 17457 D ScrollView: initGoToTop
04-26 15:13:07.986 17457 17457 D ViewRootImpl@4738c7c[CartActivity]: ThreadedRenderer.create() translucent=true
04-26 15:13:07.995 17457 17457 D InputTransport: Input channel constructed: fd=84
04-26 15:13:07.995 17457 17457 D ViewRootImpl@4738c7c[CartActivity]: setView = DecorView@de8c905[CartActivity] touchMode=true
04-26 15:13:08.012 17457 17498 D OpenGLRenderer: endAllActiveAnimators on 0x8cbe8500 (RippleDrawable) with handle 0x8dd7ada0
04-26 15:13:08.012 17457 17457 D ViewRootImpl@85a5425[CartActivity]: mHardwareRenderer.destroy()#4
04-26 15:13:08.012 17457 17457 D ViewRootImpl@85a5425[CartActivity]: dispatchDetachedFromWindow
04-26 15:13:08.034 17457 17457 D InputTransport: Input channel destroyed: fd=64
04-26 15:13:08.036 17457 17457 D ViewRootImpl@4738c7c[CartActivity]: dispatchAttachedToWindow
04-26 15:13:08.063 17457 17457 D ViewRootImpl@4738c7c[CartActivity]: Relayout returned: oldFrame=[0,0][0,0] newFrame=[108,466][660,582] result=0x27 surface={isValid=true -1927858176} surfaceGenerationChanged=true
04-26 15:13:08.064 17457 17457 D ViewRootImpl@4738c7c[CartActivity]: mHardwareRenderer.initialize() mSurface={isValid=true -1927858176} hwInitialized=true
04-26 15:13:08.071 17457 17457 D ViewRootImpl@4738c7c[CartActivity]: MSG_WINDOW_FOCUS_CHANGED 1
04-26 15:13:08.071 17457 17457 D ViewRootImpl@4738c7c[CartActivity]: mHardwareRenderer.initializeIfNeeded()#2 mSurface={isValid=true -1927858176}
04-26 15:13:08.089 17457 17457 D ViewRootImpl@4738c7c[CartActivity]: MSG_RESIZED_REPORT: frame=Rect(108, 466 - 660, 582) ci=Rect(0, 0 - 0, 0) vi=Rect(0, 0 - 0, 0) or=1
04-26 15:13:08.114 17457 17457 E ViewRootImpl: sendUserActionEvent() returned.
04-26 15:13:08.247 17457 17468 I art : Background partial concurrent mark sweep GC freed 37615(1673KB) AllocSpace objects, 4(972KB) LOS objects, 48% free, 12MB/24MB, paused 1.678ms total 154.689ms
04-26 15:13:09.452 17457 17468 I art : Background sticky concurrent mark sweep GC freed 408205(11MB) AllocSpace objects, 2(56KB) LOS objects, 44% free, 13MB/24MB, paused 964us total 109.916ms
04-26 15:13:10.344 17457 17468 I art : Background partial concurrent mark sweep GC freed 319196(10MB) AllocSpace objects, 21(660KB) LOS objects, 43% free, 15MB/27MB, paused 1.044ms total 163.213ms
04-26 15:13:12.329 17457 17457 D ViewRootImpl@4738c7c[CartActivity]: mHardwareRenderer.destroy()#4
04-26 15:13:12.329 17457 17457 D ViewRootImpl@4738c7c[CartActivity]: dispatchDetachedFromWindow
04-26 15:13:12.339 17457 17457 D InputTransport: Input channel destroyed: fd=84
04-26 15:13:12.379 17457 17457 D ViewRootImpl@8953a36[CartActivity]: MSG_WINDOW_FOCUS_CHANGED 1
04-26 15:13:12.380 17457 17457 V InputMethodManager: Not IME target window, ignoring
04-26 15:13:12.380 17457 17457 D ViewRootImpl@8953a36[CartActivity]: mHardwareRenderer.initializeIfNeeded()#2 mSurface={isValid=true -1933885440}
04-26 15:13:12.399 17457 17457 V InputMethodManager: Starting input: tba=android.view.inputmethod.EditorInfo@cf7850e nm : cz.gienger.mobile ic=null
04-26 15:13:12.399 17457 17457 I InputMethodManager: startInputInner - mService.startInputOrWindowGainedFocus
04-26 15:13:12.406 17457 17457 D InputTransport: Input channel constructed: fd=64
04-26 15:13:12.406 17457 17457 D InputTransport: Input channel destroyed: fd=66
04-26 15:13:12.406 17457 17457 E ViewRootImpl: sendUserActionEvent() returned.
04-26 15:13:12.440 17457 17457 D ViewRootImpl@8953a36[CartActivity]: MSG_WINDOW_FOCUS_CHANGED 0
04-26 15:13:12.555 17457 17498 D OpenGLRenderer: endAllActiveAnimators on 0x8b0d3c00 (RippleDrawable) with handle 0x8a7ffa20
04-26 15:13:12.555 17457 17457 D ViewRootImpl@8953a36[CartActivity]: mHardwareRenderer.destroy()#1
04-26 15:13:12.580 17457 17457 D ViewRootImpl@8953a36[CartActivity]: Relayout returned: oldFrame=[0,0][768,1024] newFrame=[0,0][768,1024] result=0x5 surface={isValid=false 0} surfaceGenerationChanged=true
04-26 15:13:13.880 17457 17457 D InputTransport: Input channel destroyed: fd=64
04-26 15:13:13.927 17457 17457 D ViewRootImpl@8953a36[CartActivity]: Relayout returned: oldFrame=[0,0][768,1024] newFrame=[0,0][768,1024] result=0x5 surface={isValid=false 0} surfaceGenerationChanged=false
04-26 15:16:44.661 17457 17457 D Graph : removeVertex() : insertDummyVertex, because there is no ancestor.
04-26 15:16:44.745 17457 17457 D ViewRootImpl@11bc7a5[PdfArchiveActivity]: ThreadedRenderer.create() translucent=true
04-26 15:16:44.749 17457 17457 D InputTransport: Input channel constructed: fd=61
04-26 15:16:44.749 17457 17457 D ViewRootImpl@11bc7a5[PdfArchiveActivity]: setView = DecorView@e46777a[PdfArchiveActivity] touchMode=true
04-26 15:16:44.754 17457 17457 D ViewRootImpl@11bc7a5[PdfArchiveActivity]: dispatchAttachedToWindow
04-26 15:16:44.779 17457 17457 D ViewRootImpl@11bc7a5[PdfArchiveActivity]: Relayout returned: oldFrame=[0,0][0,0] newFrame=[241,456][527,568] result=0x27 surface={isValid=true -1975066624} surfaceGenerationChanged=true
04-26 15:16:44.779 17457 17457 D ViewRootImpl@11bc7a5[PdfArchiveActivity]: mHardwareRenderer.initialize() mSurface={isValid=true -1975066624} hwInitialized=true
04-26 15:16:44.784 17457 17457 D ViewRootImpl@11bc7a5[PdfArchiveActivity]: MSG_RESIZED_REPORT: frame=Rect(241, 456 - 527, 568) ci=Rect(0, 0 - 0, 0) vi=Rect(0, 0 - 0, 0) or=1
04-26 15:16:44.784 17457 17457 D ViewRootImpl@11bc7a5[PdfArchiveActivity]: MSG_WINDOW_FOCUS_CHANGED 1
04-26 15:16:44.784 17457 17457 D ViewRootImpl@11bc7a5[PdfArchiveActivity]: mHardwareRenderer.initializeIfNeeded()#2 mSurface={isValid=true -1975066624}
04-26 15:16:44.785 17457 17457 V InputMethodManager: Starting input: tba=android.view.inputmethod.EditorInfo@ec43b2b nm : cz.gienger.mobile ic=null
04-26 15:16:44.785 17457 17457 I InputMethodManager: startInputInner - mService.startInputOrWindowGainedFocus
04-26 15:16:44.787 17457 17457 D InputTransport: Input channel constructed: fd=64
04-26 15:16:45.860 17457 17457 D ViewRootImpl@11bc7a5[PdfArchiveActivity]: mHardwareRenderer.destroy()#1
04-26 15:16:45.876 17457 17457 D ViewRootImpl@11bc7a5[PdfArchiveActivity]: Relayout returned: oldFrame=[241,456][527,568] newFrame=[241,456][527,568] result=0x5 surface={isValid=false 0} surfaceGenerationChanged=true
04-26 15:16:45.877 17457 17457 D ViewRootImpl@11bc7a5[PdfArchiveActivity]: MSG_WINDOW_FOCUS_CHANGED 0
04-26 15:16:45.913 17457 17457 D ViewRootImpl@8953a36[CartActivity]: mHardwareRenderer.destroy()#1
04-26 15:16:45.927 17457 17457 D ViewRootImpl@8953a36[CartActivity]: Relayout returned: oldFrame=[0,0][768,1024] newFrame=[0,0][768,1024] result=0x1 surface={isValid=false 0} surfaceGenerationChanged=false
04-26 15:16:46.205 17457 11612 D MYINTERCEPTOR: /GiengerService.svc/uploadfinishedorder
04-26 15:16:46.206 17457 11612 D OkHttp : --> POST https://testsaig1.gienger.cz/GiengerService.svc/uploadfinishedorder http/1.1
04-26 15:16:46.206 17457 11612 D OkHttp : Content-Type: text/raw
04-26 15:16:46.206 17457 11612 D OkHttp : Content-Length: 103429
04-26 15:16:46.206 17457 11612 D OkHttp : filename: ba31738d-884e-4458-adbb-f85136a0fdf3.xml
04-26 15:16:46.206 17457 11612 D OkHttp : Checksum: 7f11a9d855c184098397bb08966d6f64
04-26 15:16:46.206 17457 11612 D OkHttp : token: 93f8f4938b855fa5f11e4a467ea31643
04-26 15:16:46.207 17457 11612 D OkHttp : state: CZ
04-26 15:16:46.207 17457 11612 D OkHttp : --> END POST
04-26 15:16:46.231 17457 17457 D ViewRootImpl@5c8623d[CategoryListActivity]: mHardwareRenderer.destroy()#4
04-26 15:16:46.231 17457 17457 D ViewRootImpl@5c8623d[CategoryListActivity]: dispatchDetachedFromWindow
04-26 15:16:46.238 17457 17457 D InputTransport: Input channel destroyed: fd=72
04-26 15:16:46.288 17457 17457 D ViewRootImpl@8953a36[CartActivity]: Relayout returned: oldFrame=[0,0][768,1024] newFrame=[0,0][768,1024] result=0x7 surface={isValid=true -1960867840} surfaceGenerationChanged=true
04-26 15:16:46.291 17457 17457 D ViewRootImpl@8953a36[CartActivity]: mHardwareRenderer.initialize() mSurface={isValid=true -1960867840} hwInitialized=true
04-26 15:16:46.303 17457 17457 D AbsListView: in onLayout changed
04-26 15:16:46.305 17457 17457 D LOCATION_SERVICE: onDestroy
04-26 15:16:46.540 17457 17457 D ViewRootImpl@bae2a3d[MainActivity]: Relayout returned: oldFrame=[0,0][768,1024] newFrame=[0,0][768,1024] result=0x7 surface={isValid=true -1975066624} surfaceGenerationChanged=true
04-26 15:16:46.541 17457 17457 D ViewRootImpl@bae2a3d[MainActivity]: mHardwareRenderer.initialize() mSurface={isValid=true -1975066624} hwInitialized=true
04-26 15:16:46.664 17457 17457 D AbsListView: in onLayout changed
04-26 15:16:46.698 17457 17457 D ViewRootImpl@bae2a3d[MainActivity]: MSG_WINDOW_FOCUS_CHANGED 1
04-26 15:16:46.698 17457 17457 D ViewRootImpl@bae2a3d[MainActivity]: mHardwareRenderer.initializeIfNeeded()#2 mSurface={isValid=true -1975066624}
04-26 15:16:46.701 17457 17457 V InputMethodManager: Starting input: tba=android.view.inputmethod.EditorInfo@86e9aab nm : cz.gienger.mobile ic=null
04-26 15:16:46.701 17457 17457 I InputMethodManager: startInputInner - mService.startInputOrWindowGainedFocus
04-26 15:16:46.729 17457 17457 D InputTransport: Input channel constructed: fd=72
04-26 15:16:46.730 17457 17457 D InputTransport: Input channel destroyed: fd=64
04-26 15:16:46.769 17457 17457 D ViewRootImpl@8953a36[CartActivity]: mHardwareRenderer.destroy()#1
04-26 15:16:46.790 17457 17457 D ViewRootImpl@8953a36[CartActivity]: Relayout returned: oldFrame=[0,0][768,1024] newFrame=[0,0][768,1024] result=0x5 surface={isValid=false 0} surfaceGenerationChanged=true
04-26 15:16:46.803 17457 17457 D ViewRootImpl@11bc7a5[PdfArchiveActivity]: mHardwareRenderer.destroy()#4
04-26 15:16:46.803 17457 17457 D ViewRootImpl@11bc7a5[PdfArchiveActivity]: dispatchDetachedFromWindow
04-26 15:16:46.821 17457 11612 D OkHttp : <-- 200 https://testsaig1.gienger.cz/GiengerService.svc/uploadfinishedorder (614ms)
04-26 15:16:46.821 17457 17457 D InputTransport: Input channel destroyed: fd=61
04-26 15:16:46.821 17457 11612 D OkHttp : content-type: application/xml; charset=utf-8
04-26 15:16:46.821 17457 11612 D OkHttp : server: Microsoft-IIS/10.0
04-26 15:16:46.821 17457 11612 D OkHttp : x-powered-by: ASP.NET
04-26 15:16:46.821 17457 11612 D OkHttp : date: Fri, 26 Apr 2019 13:16:45 GMT
04-26 15:16:46.821 17457 11612 D OkHttp : content-length: 175
04-26 15:16:46.821 17457 11612 D OkHttp : <-- END HTTP
04-26 15:16:47.141 17457 17457 D TextView: SYANI: Clipboard API is calling: clearFilter()
04-26 15:16:47.141 17457 17457 D TextView: SYANI: Clipboard API is calling: unregisterClipboardEventListener()
04-26 15:16:47.145 17457 17457 D TextView: SYANI: Clipboard API is calling: clearFilter()
04-26 15:16:47.146 17457 17457 D TextView: SYANI: Clipboard API is calling: unregisterClipboardEventListener()
04-26 15:16:47.148 17457 17457 D TextView: SYANI: Clipboard API is calling: clearFilter()
04-26 15:16:47.148 17457 17457 D TextView: SYANI: Clipboard API is calling: unregisterClipboardEventListener()
04-26 15:16:47.154 17457 17457 D TextView: SYANI: Clipboard API is calling: clearFilter()
04-26 15:16:47.154 17457 17457 D TextView: SYANI: Clipboard API is calling: unregisterClipboardEventListener()
04-26 15:16:47.156 17457 17457 D TextView: SYANI: Clipboard API is calling: clearFilter()
04-26 15:16:47.156 17457 17457 D TextView: SYANI: Clipboard API is calling: unregisterClipboardEventListener()
04-26 15:16:47.161 17457 17457 D TextView: SYANI: Clipboard API is calling: clearFilter()
04-26 15:16:47.161 17457 17457 D TextView: SYANI: Clipboard API is calling: unregisterClipboardEventListener()
04-26 15:16:47.165 17457 17457 D TextView: SYANI: Clipboard API is calling: clearFilter()
04-26 15:16:47.165 17457 17457 D TextView: SYANI: Clipboard API is calling: unregisterClipboardEventListener()
04-26 15:16:47.167 17457 17457 D TextView: SYANI: Clipboard API is calling: clearFilter()
04-26 15:16:47.167 17457 17457 D TextView: SYANI: Clipboard API is calling: unregisterClipboardEventListener()
04-26 15:16:47.169 17457 17457 D TextView: SYANI: Clipboard API is calling: clearFilter()
04-26 15:16:47.169 17457 17457 D TextView: SYANI: Clipboard API is calling: unregisterClipboardEventListener()
04-26 15:16:47.170 17457 17457 D TextView: SYANI: Clipboard API is calling: clearFilter()
04-26 15:16:47.170 17457 17457 D TextView: SYANI: Clipboard API is calling: unregisterClipboardEventListener()
04-26 15:16:47.172 17457 17457 D TextView: SYANI: Clipboard API is calling: clearFilter()
04-26 15:16:47.172 17457 17457 D TextView: SYANI: Clipboard API is calling: unregisterClipboardEventListener()
04-26 15:16:47.188 17457 17457 D ViewRootImpl@8953a36[CartActivity]: mHardwareRenderer.destroy()#4
04-26 15:16:47.188 17457 17457 D ViewRootImpl@8953a36[CartActivity]: dispatchDetachedFromWindow
04-26 15:16:47.197 17457 17457 D InputTransport: Input channel destroyed: fd=67
04-26 15:16:47.833 17457 17457 D ViewRootImpl: updatePointerIcon pointerType = 20001, calling pid = 17457
04-26 15:16:47.835 17457 17457 D InputManager: setPointerIconType iconId = 20001, callingPid = 17457
04-26 15:16:47.840 17457 17457 D ViewRootImpl: updatePointerIcon pointerType = 20001, calling pid = 17457
04-26 15:16:47.840 17457 17457 D InputManager: setPointerIconType iconId = 20001, callingPid = 17457
04-26 15:16:47.953 17457 17457 D ViewRootImpl@bae2a3d[MainActivity]: ViewPostImeInputStage processPointer 0
04-26 15:16:47.954 17457 17457 D ViewRootImpl: updatePointerIcon pointerType = 20001, calling pid = 17457
04-26 15:16:47.956 17457 17457 D InputManager: setPointerIconType iconId = 20001, callingPid = 17457
04-26 15:16:47.991 17457 17457 D ViewRootImpl@bae2a3d[MainActivity]: ViewPostImeInputStage processPointer 1
04-26 15:16:48.008 17457 17457 D ViewRootImpl: updatePointerIcon pointerType = 20001, calling pid = 17457
04-26 15:16:48.008 17457 17457 D InputManager: setPointerIconType iconId = 20001, callingPid = 17457
04-26 15:16:48.009 17457 17457 D ViewRootImpl: updatePointerIcon pointerType = 20001, calling pid = 17457
04-26 15:16:48.009 17457 17457 D InputManager: setPointerIconType iconId = 20001, callingPid = 17457
04-26 15:16:48.020 17457 17457 D item_click: viewId = 2131820760, position = 1
04-26 15:16:48.104 17457 17457 D ViewRootImpl@bae2a3d[MainActivity]: MSG_WINDOW_FOCUS_CHANGED 0
04-26 15:16:48.191 17457 17457 D ViewRootImpl@48fec13[CategoryListActivity]: ThreadedRenderer.create() translucent=false
04-26 15:16:48.198 17457 17457 D InputTransport: Input channel constructed: fd=64
04-26 15:16:48.198 17457 17457 D ViewRootImpl@48fec13[CategoryListActivity]: setView = DecorView@4e77e50[CategoryListActivity] touchMode=true
04-26 15:16:48.204 17457 17457 D ViewRootImpl@48fec13[CategoryListActivity]: dispatchAttachedToWindow
04-26 15:16:48.236 17457 17457 D ViewRootImpl@48fec13[CategoryListActivity]: Relayout returned: oldFrame=[0,0][0,0] newFrame=[0,0][768,1024] result=0x27 surface={isValid=true -1971783680} surfaceGenerationChanged=true
04-26 15:16:48.237 17457 17457 D ViewRootImpl@48fec13[CategoryListActivity]: mHardwareRenderer.initialize() mSurface={isValid=true -1971783680} hwInitialized=true
04-26 15:16:48.366 17457 17457 D LOCATION_SERVICE: LocationListener gps
04-26 15:16:48.367 17457 17457 D LOCATION_SERVICE: LocationListener network
04-26 15:16:48.368 17457 17457 D LOCATION_SERVICE: onCreate
04-26 15:16:48.369 17457 17457 D LOCATION_SERVICE: initializeLocationManager
04-26 15:16:48.394 17457 17457 D LOCATION_SERVICE: onStartCommand
04-26 15:16:48.500 17457 17457 D ViewRootImpl@48fec13[CategoryListActivity]: MSG_RESIZED_REPORT: frame=Rect(0, 0 - 768, 1024) ci=Rect(0, 24 - 0, 0) vi=Rect(0, 24 - 0, 0) or=1
04-26 15:16:48.500 17457 17457 D ViewRootImpl@48fec13[CategoryListActivity]: MSG_WINDOW_FOCUS_CHANGED 1
04-26 15:16:48.501 17457 17457 D ViewRootImpl@48fec13[CategoryListActivity]: mHardwareRenderer.initializeIfNeeded()#2 mSurface={isValid=true -1971783680}
04-26 15:16:48.506 17457 17457 V InputMethodManager: Starting input: tba=android.view.inputmethod.EditorInfo@419ce35 nm : cz.gienger.mobile ic=null
04-26 15:16:48.506 17457 17457 I InputMethodManager: startInputInner - mService.startInputOrWindowGainedFocus
04-26 15:16:48.512 17457 17457 D InputTransport: Input channel constructed: fd=74
04-26 15:16:48.512 17457 17457 D InputTransport: Input channel destroyed: fd=72
04-26 15:16:48.617 17457 17498 D OpenGLRenderer: endAllActiveAnimators on 0x8c04c400 (RippleDrawable) with handle 0x8b208e00
04-26 15:16:48.617 17457 17457 D ViewRootImpl@bae2a3d[MainActivity]: mHardwareRenderer.destroy()#1
04-26 15:16:48.639 17457 17457 D ViewRootImpl@bae2a3d[MainActivity]: Relayout returned: oldFrame=[0,0][768,1024] newFrame=[0,0][768,1024] result=0x5 surface={isValid=false 0} surfaceGenerationChanged=true
04-26 15:16:48.939 17457 17457 D ViewRootImpl@bae2a3d[MainActivity]: Relayout returned: oldFrame=[0,0][768,1024] newFrame=[0,0][768,1024] result=0x5 surface={isValid=false 0} surfaceGenerationChanged=false
04-26 15:16:49.637 17457 17457 D LOCATION_SERVICE: onLocationChanged: Location[network 49,191136,17,534578 acc=20 et=+27m9s818ms alt=0.0 vel=0.0 bear=0.0 {Bundle[mParcelledData.dataSize=80]}]
04-26 15:16:51.018 17457 17457 D ViewRootImpl@48fec13[CategoryListActivity]: ViewPostImeInputStage processKey 0
04-26 15:16:51.143 17457 17457 D ViewRootImpl@48fec13[CategoryListActivity]: ViewPostImeInputStage processKey 1
04-26 15:16:51.371 17457 17457 D ViewRootImpl@bae2a3d[MainActivity]: Relayout returned: oldFrame=[0,0][768,1024] newFrame=[0,0][768,1024] result=0x7 surface={isValid=true -1975066624} surfaceGenerationChanged=true
04-26 15:16:51.372 17457 17457 D ViewRootImpl@bae2a3d[MainActivity]: mHardwareRenderer.initialize() mSurface={isValid=true -1975066624} hwInitialized=true
04-26 15:16:51.465 17457 17457 D AbsListView: in onLayout changed
04-26 15:16:51.500 17457 17457 D ViewRootImpl@bae2a3d[MainActivity]: MSG_WINDOW_FOCUS_CHANGED 1
04-26 15:16:51.500 17457 17457 D ViewRootImpl@bae2a3d[MainActivity]: mHardwareRenderer.initializeIfNeeded()#2 mSurface={isValid=true -1975066624}
04-26 15:16:51.504 17457 17457 V InputMethodManager: Starting input: tba=android.view.inputmethod.EditorInfo@b6ddfe2 nm : cz.gienger.mobile ic=null
04-26 15:16:51.504 17457 17457 I InputMethodManager: startInputInner - mService.startInputOrWindowGainedFocus
04-26 15:16:51.515 17457 17457 D InputTransport: Input channel constructed: fd=66
04-26 15:16:51.516 17457 17457 D InputTransport: Input channel destroyed: fd=74
04-26 15:16:51.564 17457 17457 D ViewRootImpl@48fec13[CategoryListActivity]: mHardwareRenderer.destroy()#1
04-26 15:16:51.573 17457 17457 D ViewRootImpl@48fec13[CategoryListActivity]: Relayout returned: oldFrame=[0,0][768,1024] newFrame=[0,0][768,1024] result=0x5 surface={isValid=false 0} surfaceGenerationChanged=true
04-26 15:16:51.574 17457 17457 D ViewRootImpl@48fec13[CategoryListActivity]: MSG_WINDOW_FOCUS_CHANGED 0
04-26 15:16:51.645 17457 17457 D ViewRootImpl@bae2a3d[MainActivity]: ViewPostImeInputStage processKey 0
04-26 15:16:51.760 17457 17457 D ViewRootImpl@bae2a3d[MainActivity]: ViewPostImeInputStage processKey 1
04-26 15:16:51.793 17457 17457 D ViewRootImpl@bae2a3d[MainActivity]: MSG_WINDOW_FOCUS_CHANGED 0
04-26 15:16:51.979 17457 17457 D InputTransport: Input channel destroyed: fd=66
04-26 15:16:52.043 17457 17457 D ViewRootImpl@bae2a3d[MainActivity]: mHardwareRenderer.destroy()#1
04-26 15:16:52.054 17457 17457 D ViewRootImpl@bae2a3d[MainActivity]: Relayout returned: oldFrame=[0,0][768,1024] newFrame=[0,0][768,1024] result=0x5 surface={isValid=false 0} surfaceGenerationChanged=true
04-26 15:16:52.363 17457 17457 D ViewRootImpl@bae2a3d[MainActivity]: mHardwareRenderer.destroy()#4
04-26 15:16:52.363 17457 17457 D ViewRootImpl@bae2a3d[MainActivity]: dispatchDetachedFromWindow
04-26 15:16:52.370 17457 17457 D InputTransport: Input channel destroyed: fd=76
04-26 15:16:52.420 17457 17457 D ViewRootImpl@48fec13[CategoryListActivity]: mHardwareRenderer.destroy()#4
04-26 15:16:52.420 17457 17457 D ViewRootImpl@48fec13[CategoryListActivity]: dispatchDetachedFromWindow
04-26 15:16:52.428 17457 17457 D InputTransport: Input channel destroyed: fd=64
04-26 15:16:52.429 17457 17457 E ViewRootImpl: sendUserActionEvent() returned.
04-26 15:16:52.429 17457 17457 D LOCATION_SERVICE: onDestroy
04-26 15:16:53.930 17457 17457 D ViewRootImpl@24135b6[MainActivity]: ThreadedRenderer.create() translucent=false
04-26 15:16:53.934 17457 17457 D InputTransport: Input channel constructed: fd=61
04-26 15:16:53.934 17457 17457 D ViewRootImpl@24135b6[MainActivity]: setView = DecorView@4e582b7[MainActivity] touchMode=true
04-26 15:16:53.947 17457 17457 D ViewRootImpl@24135b6[MainActivity]: dispatchAttachedToWindow
04-26 15:16:53.949 17457 11854 D MESSAGE_SERVICE: ACTION_RESEND_ORDERS
04-26 15:16:54.063 17457 17457 D ViewRootImpl@24135b6[MainActivity]: Relayout returned: oldFrame=[0,0][0,0] newFrame=[0,0][768,1024] result=0x27 surface={isValid=true -1968326656} surfaceGenerationChanged=true
04-26 15:16:54.064 17457 17457 D ViewRootImpl@24135b6[MainActivity]: mHardwareRenderer.initialize() mSurface={isValid=true -1968326656} hwInitialized=true
04-26 15:16:54.190 17457 17457 D AbsListView: in onLayout changed
04-26 15:16:54.262 17457 17457 D ViewRootImpl@24135b6[MainActivity]: MSG_RESIZED_REPORT: frame=Rect(0, 0 - 768, 1024) ci=Rect(0, 24 - 0, 0) vi=Rect(0, 24 - 0, 0) or=1
04-26 15:16:54.263 17457 17457 D ViewRootImpl@24135b6[MainActivity]: MSG_WINDOW_FOCUS_CHANGED 1
04-26 15:16:54.263 17457 17457 D ViewRootImpl@24135b6[MainActivity]: mHardwareRenderer.initializeIfNeeded()#2 mSurface={isValid=true -1968326656}
04-26 15:16:54.264 17457 17457 V InputMethodManager: Starting input: tba=android.view.inputmethod.EditorInfo@3ccf70a nm : cz.gienger.mobile ic=null
04-26 15:16:54.265 17457 17457 I InputMethodManager: startInputInner - mService.startInputOrWindowGainedFocus
04-26 15:16:54.273 17457 17457 D InputTransport: Input channel constructed: fd=64
04-26 15:16:54.512 17457 17457 D AbsListView: in onLayout changed
04-26 15:16:55.530 17457 17457 D ViewRootImpl@24135b6[MainActivity]: ViewPostImeInputStage processPointer 0
04-26 15:16:55.580 17457 17457 D ViewRootImpl@24135b6[MainActivity]: ViewPostImeInputStage processPointer 1
04-26 15:16:55.600 17457 17457 D item_click: viewId = 2131820760, position = 1
04-26 15:16:55.672 17457 17457 D ViewRootImpl@24135b6[MainActivity]: MSG_WINDOW_FOCUS_CHANGED 0
04-26 15:16:55.701 17457 17457 D Graph : removeVertex() : insertDummyVertex, because there is no ancestor.
04-26 15:16:55.701 17457 17457 D Graph : removeVertex() : insertDummyVertex, because there is no ancestor.
04-26 15:16:55.719 17457 17468 I art : Background partial concurrent mark sweep GC freed 74237(3MB) AllocSpace objects, 2(40KB) LOS objects, 59% free, 8MB/20MB, paused 2.076ms total 105.196ms
04-26 15:16:55.910 17457 17457 D ViewRootImpl@49e5959[CategoryListActivity]: ThreadedRenderer.create() translucent=false
04-26 15:16:55.914 17457 17457 D InputTransport: Input channel constructed: fd=76
04-26 15:16:55.914 17457 17457 D ViewRootImpl@49e5959[CategoryListActivity]: setView = DecorView@a7b591e[CategoryListActivity] touchMode=true
04-26 15:16:55.920 17457 17457 D LOCATION_SERVICE: LocationListener gps
04-26 15:16:55.921 17457 17457 D LOCATION_SERVICE: LocationListener network
04-26 15:16:55.923 17457 17457 D LOCATION_SERVICE: onCreate
04-26 15:16:55.923 17457 17457 D LOCATION_SERVICE: initializeLocationManager
04-26 15:16:55.941 17457 17457 D LOCATION_SERVICE: onStartCommand
04-26 15:16:55.955 17457 17457 D ViewRootImpl@49e5959[CategoryListActivity]: dispatchAttachedToWindow
04-26 15:16:55.995 17457 17457 D ViewRootImpl@49e5959[CategoryListActivity]: Relayout returned: oldFrame=[0,0][0,0] newFrame=[0,0][768,1024] result=0x27 surface={isValid=true -1959335936} surfaceGenerationChanged=true
04-26 15:16:55.996 17457 17457 D ViewRootImpl@49e5959[CategoryListActivity]: mHardwareRenderer.initialize() mSurface={isValid=true -1959335936} hwInitialized=true
04-26 15:16:56.175 17457 17457 D ViewRootImpl@49e5959[CategoryListActivity]: MSG_RESIZED_REPORT: frame=Rect(0, 0 - 768, 1024) ci=Rect(0, 24 - 0, 0) vi=Rect(0, 24 - 0, 0) or=1
04-26 15:16:56.175 17457 17457 D ViewRootImpl@49e5959[CategoryListActivity]: MSG_WINDOW_FOCUS_CHANGED 1
04-26 15:16:56.175 17457 17457 D ViewRootImpl@49e5959[CategoryListActivity]: mHardwareRenderer.initializeIfNeeded()#2 mSurface={isValid=true -1959335936}
04-26 15:16:56.177 17457 17457 V InputMethodManager: Starting input: tba=android.view.inputmethod.EditorInfo@f276fd nm : cz.gienger.mobile ic=null
04-26 15:16:56.177 17457 17457 I InputMethodManager: startInputInner - mService.startInputOrWindowGainedFocus
04-26 15:16:56.178 17457 17457 D InputTransport: Input channel constructed: fd=78
04-26 15:16:56.178 17457 17457 D InputTransport: Input channel destroyed: fd=64
04-26 15:16:56.262 17457 17498 D OpenGLRenderer: endAllActiveAnimators on 0x8c48bc00 (RippleDrawable) with handle 0x8b270a10
04-26 15:16:56.262 17457 17457 D ViewRootImpl@24135b6[MainActivity]: mHardwareRenderer.destroy()#1
04-26 15:16:56.271 17457 17457 D ViewRootImpl@24135b6[MainActivity]: Relayout returned: oldFrame=[0,0][768,1024] newFrame=[0,0][768,1024] result=0x5 surface={isValid=false 0} surfaceGenerationChanged=true
04-26 15:16:56.672 17457 17457 D ViewRootImpl@24135b6[MainActivity]: Relayout returned: oldFrame=[0,0][768,1024] newFrame=[0,0][768,1024] result=0x5 surface={isValid=false 0} surfaceGenerationChanged=false
04-26 15:16:57.418 17457 17457 D ViewRootImpl@49e5959[CategoryListActivity]: ViewPostImeInputStage processKey 0
04-26 15:16:57.518 17457 17457 D ViewRootImpl@49e5959[CategoryListActivity]: ViewPostImeInputStage processKey 1
04-26 15:16:57.713 17457 17457 D ViewRootImpl@24135b6[MainActivity]: Relayout returned: oldFrame=[0,0][768,1024] newFrame=[0,0][768,1024] result=0x7 surface={isValid=true -1968326656} surfaceGenerationChanged=true
04-26 15:16:57.714 17457 17457 D ViewRootImpl@24135b6[MainActivity]: mHardwareRenderer.initialize() mSurface={isValid=true -1968326656} hwInitialized=true
04-26 15:16:57.793 17457 17457 D AbsListView: in onLayout changed
04-26 15:16:57.821 17457 17457 D ViewRootImpl@24135b6[MainActivity]: MSG_WINDOW_FOCUS_CHANGED 1
04-26 15:16:57.822 17457 17457 D ViewRootImpl@24135b6[MainActivity]: mHardwareRenderer.initializeIfNeeded()#2 mSurface={isValid=true -1968326656}
04-26 15:16:57.824 17457 17457 V InputMethodManager: Starting input: tba=android.view.inputmethod.EditorInfo@20c920a nm : cz.gienger.mobile ic=null
04-26 15:16:57.824 17457 17457 I InputMethodManager: startInputInner - mService.startInputOrWindowGainedFocus
04-26 15:16:57.839 17457 17457 D InputTransport: Input channel constructed: fd=64
04-26 15:16:57.839 17457 17457 D InputTransport: Input channel destroyed: fd=78
04-26 15:16:57.844 17457 17457 D ViewRootImpl@49e5959[CategoryListActivity]: MSG_WINDOW_FOCUS_CHANGED 0
04-26 15:16:57.877 17457 17457 D ViewRootImpl@49e5959[CategoryListActivity]: mHardwareRenderer.destroy()#1
04-26 15:16:57.888 17457 17457 D ViewRootImpl@49e5959[CategoryListActivity]: Relayout returned: oldFrame=[0,0][768,1024] newFrame=[0,0][768,1024] result=0x5 surface={isValid=false 0} surfaceGenerationChanged=true
04-26 15:16:58.302 17457 17457 D ViewRootImpl@49e5959[CategoryListActivity]: mHardwareRenderer.destroy()#4
04-26 15:16:58.302 17457 17457 D ViewRootImpl@49e5959[CategoryListActivity]: dispatchDetachedFromWindow
04-26 15:16:58.309 17457 17457 D InputTransport: Input channel destroyed: fd=76
04-26 15:16:58.310 17457 17457 D LOCATION_SERVICE: onDestroy
04-26 15:17:00.858 17457 17457 D ViewRootImpl@24135b6[MainActivity]: ViewPostImeInputStage processPointer 0
04-26 15:17:00.941 17457 17457 D ViewRootImpl@24135b6[MainActivity]: ViewPostImeInputStage processPointer 1
04-26 15:17:00.947 17457 17457 D item_click: viewId = 2131820756, position = 1
04-26 15:17:00.998 17457 17457 D ViewRootImpl@24135b6[MainActivity]: MSG_WINDOW_FOCUS_CHANGED 0
04-26 15:17:01.138 17457 17457 D ViewRootImpl@13a4a0f[DeliverActivity]: ThreadedRenderer.create() translucent=false
04-26 15:17:01.146 17457 17457 D InputTransport: Input channel constructed: fd=76
04-26 15:17:01.146 17457 17457 D ViewRootImpl@13a4a0f[DeliverActivity]: setView = DecorView@efc4a9c[DeliverActivity] touchMode=true
04-26 15:17:01.149 17457 17457 D LOCATION_SERVICE: LocationListener gps
04-26 15:17:01.150 17457 17457 D LOCATION_SERVICE: LocationListener network
04-26 15:17:01.151 17457 17457 D LOCATION_SERVICE: onCreate
04-26 15:17:01.152 17457 17457 D LOCATION_SERVICE: initializeLocationManager
04-26 15:17:01.168 17457 17457 D LOCATION_SERVICE: onStartCommand
04-26 15:17:01.172 17457 17457 D ViewRootImpl@13a4a0f[DeliverActivity]: dispatchAttachedToWindow
04-26 15:17:01.250 17457 17457 D ViewRootImpl@13a4a0f[DeliverActivity]: Relayout returned: oldFrame=[0,0][0,0] newFrame=[0,0][768,1024] result=0x27 surface={isValid=true -1970802688} surfaceGenerationChanged=true
04-26 15:17:01.250 17457 17457 D ViewRootImpl@13a4a0f[DeliverActivity]: mHardwareRenderer.initialize() mSurface={isValid=true -1970802688} hwInitialized=true
04-26 15:17:01.271 17457 11610 D FILE_MANAGER: Copying file /data/user/0/cz.gienger.mobile/files/delivery/130AT1180325870/130AT1180325870.pdf to /storage/emulated/0/130AT1180325870.pdf
04-26 15:17:01.319 17457 17457 D ViewRootImpl@13a4a0f[DeliverActivity]: MSG_RESIZED_REPORT: frame=Rect(0, 0 - 768, 1024) ci=Rect(0, 24 - 0, 0) vi=Rect(0, 24 - 0, 0) or=1
04-26 15:17:01.319 17457 17457 D ViewRootImpl@13a4a0f[DeliverActivity]: MSG_WINDOW_FOCUS_CHANGED 1
04-26 15:17:01.319 17457 17457 D ViewRootImpl@13a4a0f[DeliverActivity]: mHardwareRenderer.initializeIfNeeded()#2 mSurface={isValid=true -1970802688}
04-26 15:17:01.320 17457 17457 V InputMethodManager: Starting input: tba=android.view.inputmethod.EditorInfo@ae19b5d nm : cz.gienger.mobile ic=null
04-26 15:17:01.320 17457 17457 I InputMethodManager: startInputInner - mService.startInputOrWindowGainedFocus
04-26 15:17:01.335 17457 17457 D InputTransport: Input channel constructed: fd=79
04-26 15:17:01.336 17457 17457 D InputTransport: Input channel destroyed: fd=64
04-26 15:17:01.386 17457 17498 D OpenGLRenderer: endAllActiveAnimators on 0x8d161880 (RippleDrawable) with handle 0x8b270cb0
04-26 15:17:01.386 17457 17457 D ViewRootImpl@24135b6[MainActivity]: mHardwareRenderer.destroy()#1
04-26 15:17:01.398 17457 17457 D ViewRootImpl@24135b6[MainActivity]: Relayout returned: oldFrame=[0,0][768,1024] newFrame=[0,0][768,1024] result=0x5 surface={isValid=false 0} surfaceGenerationChanged=true
04-26 15:17:01.777 17457 17457 D LOCATION_SERVICE: onLocationChanged: Location[network 49,191135,17,534580 acc=20 et=+27m21s955ms alt=0.0 vel=0.0 bear=0.0 {Bundle[mParcelledData.dataSize=80]}]
04-26 15:17:01.799 17457 17457 D ViewRootImpl@24135b6[MainActivity]: Relayout returned: oldFrame=[0,0][768,1024] newFrame=[0,0][768,1024] result=0x5 surface={isValid=false 0} surfaceGenerationChanged=false
04-26 15:17:01.840 17457 11610 D FILE_MANAGER: copy ok
04-26 15:17:03.931 17457 17457 D ViewRootImpl@13a4a0f[DeliverActivity]: ViewPostImeInputStage processPointer 0
04-26 15:17:03.980 17457 17457 D ViewRootImpl@13a4a0f[DeliverActivity]: ViewPostImeInputStage processPointer 1
04-26 15:17:06.819 17457 17457 D ViewRootImpl@13a4a0f[DeliverActivity]: ViewPostImeInputStage processPointer 0
04-26 15:17:06.868 17457 17457 D ViewRootImpl@13a4a0f[DeliverActivity]: ViewPostImeInputStage processPointer 1
04-26 15:17:08.027 17457 17457 D ViewRootImpl@13a4a0f[DeliverActivity]: ViewPostImeInputStage processPointer 0
04-26 15:17:08.086 17457 17457 D ViewRootImpl@13a4a0f[DeliverActivity]: ViewPostImeInputStage processPointer 1
04-26 15:17:08.100 17457 17457 D ScrollView: initGoToTop
04-26 15:17:08.173 17457 17457 D ScrollView: onsize change changed
04-26 15:17:08.476 17457 17457 D TextView: SYANI: Clipboard API is calling: clearFilter()
04-26 15:17:08.476 17457 17457 D TextView: SYANI: Clipboard API is calling: unregisterClipboardEventListener()
04-26 15:17:08.481 17457 17457 D TextView: SYANI: Clipboard API is calling: clearFilter()
04-26 15:17:08.481 17457 17457 D TextView: SYANI: Clipboard API is calling: unregisterClipboardEventListener()
04-26 15:17:08.485 17457 17457 D TextView: SYANI: Clipboard API is calling: clearFilter()
04-26 15:17:08.485 17457 17457 D TextView: SYANI: Clipboard API is calling: unregisterClipboardEventListener()
04-26 15:17:09.173 17457 17457 D ViewRootImpl@13a4a0f[DeliverActivity]: ViewPostImeInputStage processPointer 0
04-26 15:17:09.235 17457 17457 D ViewRootImpl@13a4a0f[DeliverActivity]: ViewPostImeInputStage processPointer 1
04-26 15:17:09.258 17457 17457 V InputMethodManager: Starting input: tba=android.view.inputmethod.EditorInfo@8f0bb7c nm : cz.gienger.mobile ic=com.android.internal.widget.EditableInputConnection@587cc05
04-26 15:17:09.258 17457 17457 I InputMethodManager: startInputInner - mService.startInputOrWindowGainedFocus
04-26 15:17:09.260 17457 17457 D InputTransport: Input channel constructed: fd=66
04-26 15:17:09.260 17457 17457 D InputTransport: Input channel destroyed: fd=79
04-26 15:17:09.261 17457 17457 D InputMethodManager: SSI - flag : 0 Pid : 17457 view : cz.gienger.mobile
04-26 15:17:09.844 17457 17457 D ViewRootImpl@13a4a0f[DeliverActivity]: MSG_RESIZED: frame=Rect(0, 0 - 768, 1024) ci=Rect(0, 24 - 0, 359) vi=Rect(0, 24 - 0, 359) or=1
04-26 15:17:09.868 17457 17457 D ViewRootImpl@13a4a0f[DeliverActivity]: Relayout returned: oldFrame=[0,0][768,1024] newFrame=[0,0][768,1024] result=0x1 surface={isValid=true -1970802688} surfaceGenerationChanged=false
04-26 15:17:09.871 17457 17457 D ScrollView: onsize change changed
04-26 15:17:09.923 17457 17457 D ViewRootImpl@13a4a0f[DeliverActivity]: ViewPostImeInputStage processPointer 0
04-26 15:17:09.959 17457 17457 D ViewRootImpl@13a4a0f[DeliverActivity]: ViewPostImeInputStage processPointer 1
04-26 15:17:10.856 17457 17457 D ViewRootImpl@13a4a0f[DeliverActivity]: ViewPostImeInputStage processPointer 0
04-26 15:17:10.894 17457 17457 D ViewRootImpl@13a4a0f[DeliverActivity]: ViewPostImeInputStage processPointer 1
04-26 15:17:10.896 17457 17457 D InputMethodManager: SSI - flag : 0 Pid : 17457 view : cz.gienger.mobile
04-26 15:17:11.934 17457 17457 D ViewRootImpl@13a4a0f[DeliverActivity]: ViewPostImeInputStage processPointer 0
04-26 15:17:11.984 17457 17457 D ViewRootImpl@13a4a0f[DeliverActivity]: ViewPostImeInputStage processPointer 1
04-26 15:17:12.000 17457 17457 V InputMethodManager: Starting input: tba=android.view.inputmethod.EditorInfo@5692b58 nm : cz.gienger.mobile ic=com.android.internal.widget.EditableInputConnection@70c74b1
04-26 15:17:12.001 17457 17457 I InputMethodManager: startInputInner - mService.startInputOrWindowGainedFocus
04-26 15:17:12.003 17457 17457 D InputTransport: Input channel constructed: fd=67
04-26 15:17:12.003 17457 17457 D InputTransport: Input channel destroyed: fd=66
04-26 15:17:12.003 17457 17457 D InputMethodManager: SSI - flag : 0 Pid : 17457 view : cz.gienger.mobile
04-26 15:17:12.010 17457 17457 W IInputConnectionWrapper: finishComposingText on inactive InputConnection
04-26 15:17:12.884 17457 17457 D ViewRootImpl@13a4a0f[DeliverActivity]: ViewPostImeInputStage processPointer 0
04-26 15:17:12.946 17457 17457 D ViewRootImpl@13a4a0f[DeliverActivity]: ViewPostImeInputStage processPointer 1
04-26 15:17:12.965 17457 17457 V InputMethodManager: Starting input: tba=android.view.inputmethod.EditorInfo@ac52d22 nm : cz.gienger.mobile ic=com.android.internal.widget.EditableInputConnection@400c3b3
04-26 15:17:12.965 17457 17457 I InputMethodManager: startInputInner - mService.startInputOrWindowGainedFocus
04-26 15:17:12.968 17457 17457 D InputTransport: Input channel constructed: fd=66
04-26 15:17:12.968 17457 17457 D InputTransport: Input channel destroyed: fd=67
04-26 15:17:12.968 17457 17457 D InputMethodManager: SSI - flag : 0 Pid : 17457 view : cz.gienger.mobile
04-26 15:17:12.973 17457 17457 W IInputConnectionWrapper: finishComposingText on inactive InputConnection
04-26 15:17:14.164 17457 17457 D ViewRootImpl@13a4a0f[DeliverActivity]: ViewPostImeInputStage processPointer 0
04-26 15:17:14.214 17457 17457 D ViewRootImpl@13a4a0f[DeliverActivity]: ViewPostImeInputStage processPointer 1
04-26 15:17:14.608 17457 17457 D ViewRootImpl@13a4a0f[DeliverActivity]: ViewPostImeInputStage processPointer 0
04-26 15:17:14.676 17457 17457 D ViewRootImpl@13a4a0f[DeliverActivity]: ViewPostImeInputStage processPointer 1
04-26 15:17:15.824 17457 17457 D ViewRootImpl@13a4a0f[DeliverActivity]: ViewPostImeInputStage processPointer 0
04-26 15:17:15.885 17457 17457 D ViewRootImpl@13a4a0f[DeliverActivity]: ViewPostImeInputStage processPointer 1
04-26 15:17:15.939 17457 17457 D ScrollView: initGoToTop
04-26 15:17:15.947 17457 17457 D ScrollView: initGoToTop
04-26 15:17:15.958 17457 17457 D ViewRootImpl@14b0114[DeliverActivity]: ThreadedRenderer.create() translucent=true
04-26 15:17:15.966 17457 17457 D InputTransport: Input channel constructed: fd=67
04-26 15:17:15.966 17457 17457 D ViewRootImpl@14b0114[DeliverActivity]: setView = DecorView@bbbdbd[DeliverActivity] touchMode=true
04-26 15:17:15.980 17457 17457 D ViewRootImpl@14b0114[DeliverActivity]: dispatchAttachedToWindow
04-26 15:17:16.016 17457 17457 D ViewRootImpl@14b0114[DeliverActivity]: Relayout returned: oldFrame=[0,0][0,0] newFrame=[108,466][660,582] result=0x27 surface={isValid=true -1958705152} surfaceGenerationChanged=true
04-26 15:17:16.016 17457 17457 D ViewRootImpl@14b0114[DeliverActivity]: mHardwareRenderer.initialize() mSurface={isValid=true -1958705152} hwInitialized=true
04-26 15:17:16.033 17457 17457 D ViewRootImpl@14b0114[DeliverActivity]: MSG_WINDOW_FOCUS_CHANGED 1
04-26 15:17:16.033 17457 17457 D ViewRootImpl@14b0114[DeliverActivity]: mHardwareRenderer.initializeIfNeeded()#2 mSurface={isValid=true -1958705152}
04-26 15:17:16.063 17457 17457 D ViewRootImpl@14b0114[DeliverActivity]: MSG_RESIZED_REPORT: frame=Rect(108, 466 - 660, 582) ci=Rect(0, 0 - 0, 0) vi=Rect(0, 0 - 0, 0) or=1
04-26 15:17:16.109 17457 17457 D ViewRootImpl@13a4a0f[DeliverActivity]: MSG_WINDOW_FOCUS_CHANGED 0
04-26 15:17:16.578 17457 17468 I art : Background sticky concurrent mark sweep GC freed 82590(3MB) AllocSpace objects, 32(4MB) LOS objects, 28% free, 14MB/20MB, paused 2.507ms total 116.157ms
04-26 15:17:17.411 17457 17468 I art : Background partial concurrent mark sweep GC freed 249732(8MB) AllocSpace objects, 13(408KB) LOS objects, 51% free, 11MB/23MB, paused 1.626ms total 182.227ms
04-26 15:17:18.415 17457 17468 I art : Background sticky concurrent mark sweep GC freed 289648(8MB) AllocSpace objects, 14(3MB) LOS objects, 28% free, 16MB/23MB, paused 1.089ms total 107.537ms
04-26 15:17:19.231 17457 17468 I art : Background sticky concurrent mark sweep GC freed 189669(5MB) AllocSpace objects, 1(36KB) LOS objects, 25% free, 17MB/23MB, paused 1.523ms total 114.839ms
04-26 15:17:20.513 17457 17468 I art : Background partial concurrent mark sweep GC freed 232567(7MB) AllocSpace objects, 10(1132KB) LOS objects, 44% free, 15MB/27MB, paused 1.599ms total 230.383ms
04-26 15:17:22.035 17457 17457 D ViewRootImpl@14b0114[DeliverActivity]: mHardwareRenderer.destroy()#4
04-26 15:17:22.035 17457 17457 D ViewRootImpl@14b0114[DeliverActivity]: dispatchDetachedFromWindow
04-26 15:17:22.056 17457 17457 D InputTransport: Input channel destroyed: fd=67
04-26 15:17:22.063 17457 17457 D SIGN_URI: file:///storage/emulated/0/130AT1180325870.pdf
04-26 15:17:22.137 17457 17457 D ViewRootImpl@13a4a0f[DeliverActivity]: MSG_WINDOW_FOCUS_CHANGED 1
04-26 15:17:22.137 17457 17457 D ViewRootImpl@13a4a0f[DeliverActivity]: mHardwareRenderer.initializeIfNeeded()#2 mSurface={isValid=true -1970802688}
04-26 15:17:22.151 17457 17457 E ViewRootImpl: sendUserActionEvent() returned.
04-26 15:17:22.151 17457 17457 D ViewRootImpl@13a4a0f[DeliverActivity]: MSG_WINDOW_FOCUS_CHANGED 0
04-26 15:17:22.267 17457 17457 D ViewRootImpl@13a4a0f[DeliverActivity]: mHardwareRenderer.destroy()#1
04-26 15:17:22.277 17457 17457 D ViewRootImpl@13a4a0f[DeliverActivity]: Relayout returned: oldFrame=[0,0][768,1024] newFrame=[0,0][768,1024] result=0x5 surface={isValid=false 0} surfaceGenerationChanged=true
04-26 15:17:22.832 17457 17457 D ViewRootImpl@13a4a0f[DeliverActivity]: mHardwareRenderer.destroy()#1
04-26 15:17:22.906 17457 17457 D ViewRootImpl@13a4a0f[DeliverActivity]: Relayout returned: oldFrame=[0,0][768,1024] newFrame=[0,0][768,1024] result=0x1 surface={isValid=false 0} surfaceGenerationChanged=false
04-26 15:17:24.392 17457 17457 D InputTransport: Input channel destroyed: fd=66
04-26 15:17:24.411 17457 17457 W IInputConnectionWrapper: finishComposingText on inactive InputConnection
04-26 15:17:24.411 17457 17457 W IInputConnectionWrapper: reportFullscreenMode on inexistent InputConnection
04-26 15:17:24.412 17457 17457 W IInputConnectionWrapper: finishComposingText on inactive InputConnection
04-26 15:17:44.574 17457 17457 D Graph : removeVertex() : insertDummyVertex, because there is no ancestor.
04-26 15:17:44.623 17457 17457 D ViewRootImpl@3fe66fb[PdfArchiveActivity]: ThreadedRenderer.create() translucent=true
04-26 15:17:44.627 17457 17457 D InputTransport: Input channel constructed: fd=64
04-26 15:17:44.627 17457 17457 D ViewRootImpl@3fe66fb[PdfArchiveActivity]: setView = DecorView@7d48318[PdfArchiveActivity] touchMode=true
04-26 15:17:44.636 17457 17457 D ViewRootImpl@3fe66fb[PdfArchiveActivity]: dispatchAttachedToWindow
04-26 15:17:44.661 17457 17457 D ViewRootImpl@3fe66fb[PdfArchiveActivity]: Relayout returned: oldFrame=[0,0][0,0] newFrame=[241,456][527,568] result=0x27 surface={isValid=true -1945636864} surfaceGenerationChanged=true
04-26 15:17:44.661 17457 17457 D ViewRootImpl@3fe66fb[PdfArchiveActivity]: mHardwareRenderer.initialize() mSurface={isValid=true -1945636864} hwInitialized=true
04-26 15:17:44.665 17457 17457 D ViewRootImpl@3fe66fb[PdfArchiveActivity]: MSG_RESIZED_REPORT: frame=Rect(241, 456 - 527, 568) ci=Rect(0, 0 - 0, 0) vi=Rect(0, 0 - 0, 0) or=1
04-26 15:17:44.665 17457 17457 D ViewRootImpl@3fe66fb[PdfArchiveActivity]: MSG_WINDOW_FOCUS_CHANGED 1
04-26 15:17:44.665 17457 17457 D ViewRootImpl@3fe66fb[PdfArchiveActivity]: mHardwareRenderer.initializeIfNeeded()#2 mSurface={isValid=true -1945636864}
04-26 15:17:44.666 17457 17457 V InputMethodManager: Starting input: tba=android.view.inputmethod.EditorInfo@1fd5171 nm : cz.gienger.mobile ic=null
04-26 15:17:44.666 17457 17457 I InputMethodManager: startInputInner - mService.startInputOrWindowGainedFocus
04-26 15:17:44.676 17457 17457 D InputTransport: Input channel constructed: fd=66
04-26 15:17:45.753 17457 17457 D ViewRootImpl@3fe66fb[PdfArchiveActivity]: mHardwareRenderer.destroy()#1
04-26 15:17:45.769 17457 17457 D ViewRootImpl@3fe66fb[PdfArchiveActivity]: Relayout returned: oldFrame=[241,456][527,568] newFrame=[241,456][527,568] result=0x5 surface={isValid=false 0} surfaceGenerationChanged=true
04-26 15:17:45.769 17457 17457 D ViewRootImpl@3fe66fb[PdfArchiveActivity]: MSG_WINDOW_FOCUS_CHANGED 0
04-26 15:17:45.799 17457 17457 D ViewRootImpl@13a4a0f[DeliverActivity]: mHardwareRenderer.destroy()#1
04-26 15:17:45.813 17457 17457 D ViewRootImpl@13a4a0f[DeliverActivity]: Relayout returned: oldFrame=[0,0][768,1024] newFrame=[0,0][768,1024] result=0x1 surface={isValid=false 0} surfaceGenerationChanged=false
04-26 15:17:45.854 17457 17457 D SIGNOSIGN_SIGNED: signed
04-26 15:17:45.920 17457 14129 D MESSAGE_SERVICE: ACTION_COMPRESS_AND_UPLOAD
04-26 15:17:46.170 17457 17457 D ViewRootImpl@24135b6[MainActivity]: Relayout returned: oldFrame=[0,0][768,1024] newFrame=[0,0][768,1024] result=0x7 surface={isValid=true -1927860224} surfaceGenerationChanged=true
04-26 15:17:46.170 17457 17457 D ViewRootImpl@24135b6[MainActivity]: mHardwareRenderer.initialize() mSurface={isValid=true -1927860224} hwInitialized=true
04-26 15:17:46.284 17457 17457 D AbsListView: in onLayout changed
04-26 15:17:46.315 17457 17457 D ViewRootImpl@24135b6[MainActivity]: MSG_WINDOW_FOCUS_CHANGED 1
04-26 15:17:46.316 17457 17457 D ViewRootImpl@24135b6[MainActivity]: mHardwareRenderer.initializeIfNeeded()#2 mSurface={isValid=true -1927860224}
04-26 15:17:46.321 17457 17457 V InputMethodManager: Starting input: tba=android.view.inputmethod.EditorInfo@a4a017c nm : cz.gienger.mobile ic=null
04-26 15:17:46.321 17457 17457 I InputMethodManager: startInputInner - mService.startInputOrWindowGainedFocus
04-26 15:17:46.345 17457 17457 D InputTransport: Input channel constructed: fd=72
04-26 15:17:46.345 17457 17457 D InputTransport: Input channel destroyed: fd=66
04-26 15:17:46.414 17457 17457 D ViewRootImpl@13a4a0f[DeliverActivity]: mHardwareRenderer.destroy()#1
04-26 15:17:46.422 17457 17457 D ViewRootImpl@13a4a0f[DeliverActivity]: Relayout returned: oldFrame=[0,0][768,1024] newFrame=[0,0][768,1024] result=0x1 surface={isValid=false 0} surfaceGenerationChanged=false
04-26 15:17:46.685 17457 14129 D FILE_MANAGER: Serializing delivery /data/user/0/cz.gienger.mobile/files/finished/130AT1180325870/130AT1180325870.xml
04-26 15:17:46.685 17457 14129 D FILE_MANAGER: Null files:
04-26 15:17:47.044 17457 14129 D MYINTERCEPTOR: /GiengerService.svc/sendorder
04-26 15:17:47.045 17457 14129 D OkHttp : --> POST https://testsaig1.gienger.cz/GiengerService.svc/sendorder http/1.1
04-26 15:17:47.045 17457 14129 D OkHttp : Content-Type: text/raw
04-26 15:17:47.046 17457 14129 D OkHttp : Content-Length: 220677
04-26 15:17:47.046 17457 14129 D OkHttp : filename: 130AT1180325870.xml
04-26 15:17:47.046 17457 14129 D OkHttp : Checksum: 6bdbf4c60f6598226a8981bdc5aa9748
04-26 15:17:47.046 17457 14129 D OkHttp : token: 93f8f4938b855fa5f11e4a467ea31643
04-26 15:17:47.046 17457 14129 D OkHttp : --> END POST
04-26 15:17:47.444 17457 14129 D OkHttp : <-- 200 https://testsaig1.gienger.cz/GiengerService.svc/sendorder (397ms)
04-26 15:17:47.444 17457 14129 D OkHttp : content-type: application/xml; charset=utf-8
04-26 15:17:47.444 17457 14129 D OkHttp : server: Microsoft-IIS/10.0
04-26 15:17:47.444 17457 14129 D OkHttp : x-powered-by: ASP.NET
04-26 15:17:47.444 17457 14129 D OkHttp : date: Fri, 26 Apr 2019 13:17:46 GMT
04-26 15:17:47.444 17457 14129 D OkHttp : content-length: 175
04-26 15:17:47.444 17457 14129 D OkHttp : <-- END HTTP
04-26 15:17:47.450 17457 14129 D sendOrder_SUCCESS: 200
04-26 15:17:47.757 17457 17457 D AbsListView: in onLayout changed
04-26 15:17:47.789 17457 17457 D TextView: SYANI: Clipboard API is calling: clearFilter()
04-26 15:17:47.789 17457 17457 D TextView: SYANI: Clipboard API is calling: unregisterClipboardEventListener()
04-26 15:17:47.793 17457 17457 D TextView: SYANI: Clipboard API is calling: clearFilter()
04-26 15:17:47.793 17457 17457 D TextView: SYANI: Clipboard API is calling: unregisterClipboardEventListener()
04-26 15:17:47.794 17457 17457 D TextView: SYANI: Clipboard API is calling: clearFilter()
04-26 15:17:47.794 17457 17457 D TextView: SYANI: Clipboard API is calling: unregisterClipboardEventListener()
04-26 15:17:47.816 17457 17457 D ViewRootImpl@13a4a0f[DeliverActivity]: mHardwareRenderer.destroy()#4
04-26 15:17:47.816 17457 17457 D ViewRootImpl@13a4a0f[DeliverActivity]: dispatchDetachedFromWindow
04-26 15:17:47.833 17457 17457 D InputTransport: Input channel destroyed: fd=76
04-26 15:17:47.839 17457 17457 D ViewRootImpl@3fe66fb[PdfArchiveActivity]: mHardwareRenderer.destroy()#4
