04-26 15:17:47.839 17457 17457 D ViewRootImpl@3fe66fb[PdfArchiveActivity]: dispatchDetachedFromWindow
04-26 15:17:47.851 17457 17457 D InputTransport: Input channel destroyed: fd=64
04-26 15:17:47.851 17457 17457 D LOCATION_SERVICE: onDestroy
04-26 15:17:50.664 17457 17457 D ViewRootImpl@24135b6[MainActivity]: ViewPostImeInputStage processPointer 0
04-26 15:17:50.735 17457 17457 D ViewRootImpl@24135b6[MainActivity]: ViewPostImeInputStage processPointer 1
04-26 15:17:50.762 17457 17457 D item_click: viewId = 2131820760, position = 1
04-26 15:17:50.841 17457 17457 D ViewRootImpl@24135b6[MainActivity]: MSG_WINDOW_FOCUS_CHANGED 0
04-26 15:17:50.976 17457 17457 D ViewRootImpl@7bcc563[CategoryListActivity]: ThreadedRenderer.create() translucent=false
04-26 15:17:50.984 17457 17457 D InputTransport: Input channel constructed: fd=66
04-26 15:17:50.984 17457 17457 D ViewRootImpl@7bcc563[CategoryListActivity]: setView = DecorView@d166560[CategoryListActivity] touchMode=true
04-26 15:17:50.985 17457 17457 D LOCATION_SERVICE: LocationListener gps
04-26 15:17:50.986 17457 17457 D LOCATION_SERVICE: LocationListener network
04-26 15:17:50.987 17457 17457 D LOCATION_SERVICE: onCreate
04-26 15:17:50.988 17457 17457 D LOCATION_SERVICE: initializeLocationManager
04-26 15:17:51.005 17457 17457 D LOCATION_SERVICE: onStartCommand
04-26 15:17:51.015 17457 17457 D ViewRootImpl@7bcc563[CategoryListActivity]: dispatchAttachedToWindow
04-26 15:17:51.066 17457 17457 D ViewRootImpl@7bcc563[CategoryListActivity]: Relayout returned: oldFrame=[0,0][0,0] newFrame=[0,0][768,1024] result=0x27 surface={isValid=true -1968326656} surfaceGenerationChanged=true
04-26 15:17:51.066 17457 17457 D ViewRootImpl@7bcc563[CategoryListActivity]: mHardwareRenderer.initialize() mSurface={isValid=true -1968326656} hwInitialized=true
04-26 15:17:51.248 17457 17457 D ViewRootImpl@7bcc563[CategoryListActivity]: MSG_RESIZED_REPORT: frame=Rect(0, 0 - 768, 1024) ci=Rect(0, 24 - 0, 0) vi=Rect(0, 24 - 0, 0) or=1
04-26 15:17:51.248 17457 17457 D ViewRootImpl@7bcc563[CategoryListActivity]: MSG_WINDOW_FOCUS_CHANGED 1
04-26 15:17:51.249 17457 17457 D ViewRootImpl@7bcc563[CategoryListActivity]: mHardwareRenderer.initializeIfNeeded()#2 mSurface={isValid=true -1968326656}
04-26 15:17:51.251 17457 17457 V InputMethodManager: Starting input: tba=android.view.inputmethod.EditorInfo@d28cd67 nm : cz.gienger.mobile ic=null
04-26 15:17:51.251 17457 17457 I InputMethodManager: startInputInner - mService.startInputOrWindowGainedFocus
04-26 15:17:51.256 17457 17457 D InputTransport: Input channel constructed: fd=59
04-26 15:17:51.257 17457 17457 D InputTransport: Input channel destroyed: fd=72
04-26 15:17:51.361 17457 17498 D OpenGLRenderer: endAllActiveAnimators on 0x8d3b8c00 (RippleDrawable) with handle 0x8b423f10
04-26 15:17:51.361 17457 17457 D ViewRootImpl@24135b6[MainActivity]: mHardwareRenderer.destroy()#1
04-26 15:17:51.380 17457 17457 D ViewRootImpl@24135b6[MainActivity]: Relayout returned: oldFrame=[0,0][768,1024] newFrame=[0,0][768,1024] result=0x5 surface={isValid=false 0} surfaceGenerationChanged=true
04-26 15:17:51.778 17457 17457 D ViewRootImpl@24135b6[MainActivity]: Relayout returned: oldFrame=[0,0][768,1024] newFrame=[0,0][768,1024] result=0x5 surface={isValid=false 0} surfaceGenerationChanged=false
04-26 15:17:52.405 17457 17457 D ViewRootImpl@7bcc563[CategoryListActivity]: ViewPostImeInputStage processPointer 0
04-26 15:17:52.487 17457 17457 D ViewRootImpl@7bcc563[CategoryListActivity]: ViewPostImeInputStage processPointer 1
04-26 15:17:53.710 17457 17457 D ViewRootImpl@7bcc563[CategoryListActivity]: ViewPostImeInputStage processPointer 0
04-26 15:17:53.804 17457 17457 D ViewRootImpl@7bcc563[CategoryListActivity]: ViewPostImeInputStage processPointer 1
04-26 15:17:54.918 17457 17457 D ViewRootImpl@7bcc563[CategoryListActivity]: ViewPostImeInputStage processPointer 0
04-26 15:17:55.001 17457 17457 D ViewRootImpl@7bcc563[CategoryListActivity]: ViewPostImeInputStage processPointer 1
04-26 15:17:55.044 17457 17457 D ViewRootImpl@7bcc563[CategoryListActivity]: MSG_WINDOW_FOCUS_CHANGED 0
04-26 15:17:55.197 17457 17457 D ViewRootImpl@79c4512[ArticleListActivity]: ThreadedRenderer.create() translucent=false
04-26 15:17:55.201 17457 17457 D InputTransport: Input channel constructed: fd=74
04-26 15:17:55.201 17457 17457 D ViewRootImpl@79c4512[ArticleListActivity]: setView = DecorView@88114e3[ArticleListActivity] touchMode=true
04-26 15:17:55.210 17457 17457 D ViewRootImpl@79c4512[ArticleListActivity]: dispatchAttachedToWindow
04-26 15:17:55.236 17457 17457 D ViewRootImpl@79c4512[ArticleListActivity]: Relayout returned: oldFrame=[0,0][0,0] newFrame=[0,0][768,1024] result=0x27 surface={isValid=true -1934086144} surfaceGenerationChanged=true
04-26 15:17:55.237 17457 17457 D ViewRootImpl@79c4512[ArticleListActivity]: mHardwareRenderer.initialize() mSurface={isValid=true -1934086144} hwInitialized=true
04-26 15:17:56.316 17457 17463 I art : Do full code cache collection, code=192KB, data=251KB
04-26 15:17:56.323 17457 17463 I art : Starting a blocking GC JitCodeCache
04-26 15:17:56.323 17457 17463 I art : After code cache collection, code=172KB, data=193KB
04-26 15:17:56.335 17457 17457 D ViewRootImpl@79c4512[ArticleListActivity]: MSG_RESIZED_REPORT: frame=Rect(0, 0 - 768, 1024) ci=Rect(0, 24 - 0, 0) vi=Rect(0, 24 - 0, 0) or=1
04-26 15:17:56.336 17457 17457 D ViewRootImpl@79c4512[ArticleListActivity]: MSG_WINDOW_FOCUS_CHANGED 1
04-26 15:17:56.336 17457 17457 D ViewRootImpl@79c4512[ArticleListActivity]: mHardwareRenderer.initializeIfNeeded()#2 mSurface={isValid=true -1934086144}
04-26 15:17:56.338 17457 17457 V InputMethodManager: Starting input: tba=android.view.inputmethod.EditorInfo@8902ff6 nm : cz.gienger.mobile ic=null
04-26 15:17:56.338 17457 17457 I InputMethodManager: startInputInner - mService.startInputOrWindowGainedFocus
04-26 15:17:56.339 17457 17457 D InputTransport: Input channel constructed: fd=78
04-26 15:17:56.339 17457 17457 D InputTransport: Input channel destroyed: fd=59
04-26 15:17:56.371 17457 17457 D ViewRootImpl@79c4512[ArticleListActivity]: ViewPostImeInputStage processPointer 0
04-26 15:17:56.433 17457 17457 D ViewRootImpl@79c4512[ArticleListActivity]: ViewPostImeInputStage processPointer 1
04-26 15:17:56.455 17457 17457 D ViewRootImpl@7bcc563[CategoryListActivity]: mHardwareRenderer.destroy()#1
04-26 15:17:56.466 17457 17457 D ViewRootImpl@7bcc563[CategoryListActivity]: Relayout returned: oldFrame=[0,0][768,1024] newFrame=[0,0][768,1024] result=0x5 surface={isValid=false 0} surfaceGenerationChanged=true
04-26 15:17:56.831 17457 17457 D ViewRootImpl@7bcc563[CategoryListActivity]: Relayout returned: oldFrame=[0,0][768,1024] newFrame=[0,0][768,1024] result=0x5 surface={isValid=false 0} surfaceGenerationChanged=false
04-26 15:17:57.836 17457 17457 D ViewRootImpl@79c4512[ArticleListActivity]: ViewPostImeInputStage processPointer 0
04-26 15:17:57.908 17457 17457 D ViewRootImpl@79c4512[ArticleListActivity]: ViewPostImeInputStage processPointer 1
04-26 15:17:57.953 17457 17457 D ViewRootImpl@79c4512[ArticleListActivity]: MSG_WINDOW_FOCUS_CHANGED 0
04-26 15:17:58.050 17457 17457 D ViewRootImpl@cce65d5[AddArticleToCartActivity]: ThreadedRenderer.create() translucent=false
04-26 15:17:58.054 17457 17457 D InputTransport: Input channel constructed: fd=67
04-26 15:17:58.055 17457 17457 D ViewRootImpl@cce65d5[AddArticleToCartActivity]: setView = DecorView@ea671ea[AddArticleToCartActivity] touchMode=true
04-26 15:17:58.070 17457 17457 D ViewRootImpl@cce65d5[AddArticleToCartActivity]: dispatchAttachedToWindow
04-26 15:17:58.112 17457 17457 D ViewRootImpl@cce65d5[AddArticleToCartActivity]: Relayout returned: oldFrame=[0,0][0,0] newFrame=[0,0][768,1024] result=0x27 surface={isValid=true -1958938624} surfaceGenerationChanged=true
04-26 15:17:58.113 17457 17457 D ViewRootImpl@cce65d5[AddArticleToCartActivity]: mHardwareRenderer.initialize() mSurface={isValid=true -1958938624} hwInitialized=true
04-26 15:17:58.158 17457 17457 D ViewRootImpl@cce65d5[AddArticleToCartActivity]: MSG_RESIZED_REPORT: frame=Rect(0, 0 - 768, 1024) ci=Rect(0, 24 - 0, 0) vi=Rect(0, 24 - 0, 0) or=1
04-26 15:17:58.158 17457 17457 D ViewRootImpl@cce65d5[AddArticleToCartActivity]: MSG_WINDOW_FOCUS_CHANGED 1
04-26 15:17:58.159 17457 17457 D ViewRootImpl@cce65d5[AddArticleToCartActivity]: mHardwareRenderer.initializeIfNeeded()#2 mSurface={isValid=true -1958938624}
04-26 15:17:58.168 17457 17457 V InputMethodManager: Starting input: tba=android.view.inputmethod.EditorInfo@737299a nm : cz.gienger.mobile ic=com.android.internal.widget.EditableInputConnection@845d2cb
04-26 15:17:58.169 17457 17457 I InputMethodManager: startInputInner - mService.startInputOrWindowGainedFocus
04-26 15:17:58.181 17457 17457 D InputTransport: Input channel constructed: fd=72
04-26 15:17:58.181 17457 17457 D InputTransport: Input channel destroyed: fd=78
04-26 15:17:58.219 17457 17498 D OpenGLRenderer: endAllActiveAnimators on 0x8d545200 (RippleDrawable) with handle 0xa046a370
04-26 15:17:58.219 17457 17457 D ViewRootImpl@79c4512[ArticleListActivity]: mHardwareRenderer.destroy()#1
04-26 15:17:58.234 17457 17457 D ViewRootImpl@79c4512[ArticleListActivity]: Relayout returned: oldFrame=[0,0][768,1024] newFrame=[0,0][768,1024] result=0x5 surface={isValid=false 0} surfaceGenerationChanged=true
04-26 15:17:58.642 17457 17457 D ViewRootImpl@79c4512[ArticleListActivity]: Relayout returned: oldFrame=[0,0][768,1024] newFrame=[0,0][768,1024] result=0x5 surface={isValid=false 0} surfaceGenerationChanged=false
04-26 15:17:58.644 17457 17457 D ViewRootImpl@cce65d5[AddArticleToCartActivity]: MSG_RESIZED: frame=Rect(0, 0 - 768, 1024) ci=Rect(0, 24 - 0, 0) vi=Rect(0, 24 - 0, 320) or=1
04-26 15:18:00.002 17457 17457 D ViewRootImpl@cce65d5[AddArticleToCartActivity]: ViewPostImeInputStage processPointer 0
04-26 15:18:00.062 17457 17457 D ViewRootImpl@cce65d5[AddArticleToCartActivity]: ViewPostImeInputStage processPointer 1
04-26 15:18:00.077 17457 17457 V InputMethodManager: Starting input: tba=android.view.inputmethod.EditorInfo@441e954 nm : cz.gienger.mobile ic=com.android.internal.widget.EditableInputConnection@2020fd
04-26 15:18:00.077 17457 17457 I InputMethodManager: startInputInner - mService.startInputOrWindowGainedFocus
04-26 15:18:00.079 17457 17457 D InputTransport: Input channel constructed: fd=80
04-26 15:18:00.079 17457 17457 D InputTransport: Input channel destroyed: fd=72
04-26 15:18:00.188 17457 17457 D ViewRootImpl@79c4512[ArticleListActivity]: Relayout returned: oldFrame=[0,0][768,1024] newFrame=[0,0][768,1024] result=0x7 surface={isValid=true -1934086144} surfaceGenerationChanged=true
04-26 15:18:00.188 17457 17457 D ViewRootImpl@79c4512[ArticleListActivity]: mHardwareRenderer.initialize() mSurface={isValid=true -1934086144} hwInitialized=true
04-26 15:18:00.340 17457 17457 D ViewRootImpl@79c4512[ArticleListActivity]: MSG_RESIZED_REPORT: frame=Rect(0, 0 - 768, 1024) ci=Rect(0, 24 - 0, 320) vi=Rect(0, 24 - 0, 320) or=1
04-26 15:18:00.403 17457 17457 D ViewRootImpl@79c4512[ArticleListActivity]: MSG_WINDOW_FOCUS_CHANGED 1
04-26 15:18:00.403 17457 17457 D ViewRootImpl@79c4512[ArticleListActivity]: mHardwareRenderer.initializeIfNeeded()#2 mSurface={isValid=true -1934086144}
04-26 15:18:00.406 17457 17457 V InputMethodManager: Starting input: tba=android.view.inputmethod.EditorInfo@cb69b3e nm : cz.gienger.mobile ic=null
04-26 15:18:00.406 17457 17457 I InputMethodManager: startInputInner - mService.startInputOrWindowGainedFocus
04-26 15:18:00.421 17457 17457 D InputTransport: Input channel constructed: fd=84
04-26 15:18:00.421 17457 17457 D InputTransport: Input channel destroyed: fd=80
04-26 15:18:00.424 17457 17457 W IInputConnectionWrapper: getCursorCapsMode on inactive InputConnection
04-26 15:18:00.424 17457 17457 D ViewRootImpl@cce65d5[AddArticleToCartActivity]: MSG_WINDOW_FOCUS_CHANGED 0
04-26 15:18:00.478 17457 17498 D OpenGLRenderer: endAllActiveAnimators on 0x8c1a4a80 (RippleDrawable) with handle 0xa3f7f7a0
04-26 15:18:00.479 17457 17457 D ViewRootImpl@cce65d5[AddArticleToCartActivity]: mHardwareRenderer.destroy()#1
04-26 15:18:00.501 17457 17457 D ViewRootImpl@cce65d5[AddArticleToCartActivity]: Relayout returned: oldFrame=[0,0][768,1024] newFrame=[0,0][768,1024] result=0x5 surface={isValid=false 0} surfaceGenerationChanged=true
04-26 15:18:00.503 17457 17457 W IInputConnectionWrapper: finishComposingText on inactive InputConnection
04-26 15:18:00.503 17457 17457 W IInputConnectionWrapper: performPrivateCommand on inactive InputConnection
04-26 15:18:00.503 17457 17457 W IInputConnectionWrapper: finishComposingText on inactive InputConnection
04-26 15:18:00.519 17457 17457 D ViewRootImpl@79c4512[ArticleListActivity]: MSG_RESIZED: frame=Rect(0, 0 - 768, 1024) ci=Rect(0, 24 - 0, 0) vi=Rect(0, 24 - 0, 0) or=1
04-26 15:18:00.541 17457 17457 D ViewRootImpl@79c4512[ArticleListActivity]: Relayout returned: oldFrame=[0,0][768,1024] newFrame=[0,0][768,1024] result=0x1 surface={isValid=true -1934086144} surfaceGenerationChanged=false
04-26 15:18:00.832 17457 17457 D TextView: SYANI: Clipboard API is calling: clearFilter()
04-26 15:18:00.832 17457 17457 D TextView: SYANI: Clipboard API is calling: unregisterClipboardEventListener()
04-26 15:18:00.837 17457 17457 D TextView: SYANI: Clipboard API is calling: clearFilter()
04-26 15:18:00.837 17457 17457 D TextView: SYANI: Clipboard API is calling: unregisterClipboardEventListener()
04-26 15:18:00.843 17457 17457 D ViewRootImpl@cce65d5[AddArticleToCartActivity]: mHardwareRenderer.destroy()#4
04-26 15:18:00.843 17457 17457 D ViewRootImpl@cce65d5[AddArticleToCartActivity]: dispatchDetachedFromWindow
04-26 15:18:00.849 17457 17457 D InputTransport: Input channel destroyed: fd=67
04-26 15:18:01.335 17457 17457 D ViewRootImpl@79c4512[ArticleListActivity]: ViewPostImeInputStage processPointer 0
04-26 15:18:01.406 17457 17457 D ViewRootImpl@79c4512[ArticleListActivity]: ViewPostImeInputStage processPointer 1
04-26 15:18:01.456 17457 17457 D ViewRootImpl@79c4512[ArticleListActivity]: MSG_WINDOW_FOCUS_CHANGED 0
04-26 15:18:01.626 17457 17457 D ViewRootImpl@672c6ed[CartActivity]: ThreadedRenderer.create() translucent=false
04-26 15:18:01.630 17457 17457 D InputTransport: Input channel constructed: fd=67
04-26 15:18:01.631 17457 17457 D ViewRootImpl@672c6ed[CartActivity]: setView = DecorView@fc91922[CartActivity] touchMode=true
04-26 15:18:01.633 17457 17457 D ViewRootImpl@672c6ed[CartActivity]: dispatchAttachedToWindow
04-26 15:18:01.641 17457 17468 I art : Background partial concurrent mark sweep GC freed 61635(2MB) AllocSpace objects, 6(724KB) LOS objects, 59% free, 8MB/20MB, paused 1.218ms total 103.629ms
04-26 15:18:01.666 17457 17457 D ViewRootImpl@672c6ed[CartActivity]: Relayout returned: oldFrame=[0,0][0,0] newFrame=[0,0][768,1024] result=0x27 surface={isValid=true -1959335936} surfaceGenerationChanged=true
04-26 15:18:01.666 17457 17457 D ViewRootImpl@672c6ed[CartActivity]: mHardwareRenderer.initialize() mSurface={isValid=true -1959335936} hwInitialized=true
04-26 15:18:01.764 17457 17457 D AbsListView: in onLayout changed
04-26 15:18:01.805 17457 17457 D ViewRootImpl@672c6ed[CartActivity]: MSG_RESIZED_REPORT: frame=Rect(0, 0 - 768, 1024) ci=Rect(0, 24 - 0, 0) vi=Rect(0, 24 - 0, 0) or=1
04-26 15:18:01.805 17457 17457 D ViewRootImpl@672c6ed[CartActivity]: MSG_WINDOW_FOCUS_CHANGED 1
04-26 15:18:01.805 17457 17457 D ViewRootImpl@672c6ed[CartActivity]: mHardwareRenderer.initializeIfNeeded()#2 mSurface={isValid=true -1959335936}
04-26 15:18:01.826 17457 17457 V InputMethodManager: Starting input: tba=android.view.inputmethod.EditorInfo@a5b22a9 nm : cz.gienger.mobile ic=null
04-26 15:18:01.827 17457 17457 I InputMethodManager: startInputInner - mService.startInputOrWindowGainedFocus
04-26 15:18:01.836 17457 17457 D InputTransport: Input channel constructed: fd=72
04-26 15:18:01.836 17457 17457 D InputTransport: Input channel destroyed: fd=84
04-26 15:18:01.875 17457 17498 D OpenGLRenderer: endAllActiveAnimators on 0x8c499180 (RippleDrawable) with handle 0xa3f7f790
04-26 15:18:01.876 17457 17457 D ViewRootImpl@79c4512[ArticleListActivity]: mHardwareRenderer.destroy()#1
04-26 15:18:01.884 17457 17457 D ViewRootImpl@79c4512[ArticleListActivity]: Relayout returned: oldFrame=[0,0][768,1024] newFrame=[0,0][768,1024] result=0x5 surface={isValid=false 0} surfaceGenerationChanged=true
04-26 15:18:02.304 17457 17457 D ViewRootImpl@79c4512[ArticleListActivity]: Relayout returned: oldFrame=[0,0][768,1024] newFrame=[0,0][768,1024] result=0x5 surface={isValid=false 0} surfaceGenerationChanged=false
04-26 15:18:04.293 17457 17457 D ViewRootImpl@672c6ed[CartActivity]: ViewPostImeInputStage processPointer 0
04-26 15:18:04.415 17457 17457 D AbsListView: reportScrollStateChange() newState : 1
04-26 15:18:04.862 17457 17457 D ViewRootImpl@672c6ed[CartActivity]: ViewPostImeInputStage processPointer 1
04-26 15:18:04.863 17457 17457 D AbsListView: onTouchUp() mTouchMode : 3
04-26 15:18:04.863 17457 17457 D AbsListView: onTouchUp() TOUCH_MODE_SCROLL initialVelocity : 24
04-26 15:18:04.863 17457 17457 D AbsListView: reportScrollStateChange() newState : 0
04-26 15:18:05.843 17457 17457 D ViewRootImpl@672c6ed[CartActivity]: ViewPostImeInputStage processPointer 0
04-26 15:18:05.900 17457 17457 D AbsListView: reportScrollStateChange() newState : 1
04-26 15:18:06.543 17457 17457 D ViewRootImpl@672c6ed[CartActivity]: ViewPostImeInputStage processPointer 1
04-26 15:18:06.543 17457 17457 D AbsListView: onTouchUp() mTouchMode : 3
04-26 15:18:06.543 17457 17457 D AbsListView: onTouchUp() TOUCH_MODE_SCROLL initialVelocity : 0
04-26 15:18:06.543 17457 17457 D AbsListView: reportScrollStateChange() newState : 0
04-26 15:18:07.388 17457 17457 D LOCATION_SERVICE: onLocationChanged: Location[network 49,191130,17,534576 acc=20 et=+28m27s543ms alt=0.0 vel=0.0 bear=0.0 {Bundle[mParcelledData.dataSize=80]}]
04-26 15:18:09.568 17457 17457 D ViewRootImpl@672c6ed[CartActivity]: ViewPostImeInputStage processPointer 0
04-26 15:18:09.626 17457 17457 D ViewRootImpl@672c6ed[CartActivity]: ViewPostImeInputStage processPointer 1
04-26 15:18:09.636 17457 17457 V InputMethodManager: Starting input: tba=android.view.inputmethod.EditorInfo@66a613a nm : cz.gienger.mobile ic=com.android.internal.widget.EditableInputConnection@1c741eb
04-26 15:18:09.636 17457 17457 I InputMethodManager: startInputInner - mService.startInputOrWindowGainedFocus
04-26 15:18:09.638 17457 17457 D InputTransport: Input channel constructed: fd=83
04-26 15:18:09.638 17457 17457 D InputTransport: Input channel destroyed: fd=72
04-26 15:18:09.638 17457 17457 D InputMethodManager: SSI - flag : 0 Pid : 17457 view : cz.gienger.mobile
04-26 15:18:09.670 17457 17457 D ViewRootImpl@8f37de1[PopupWindow:eaedb48]: ThreadedRenderer.create() translucent=true
04-26 15:18:09.677 17457 17457 D InputTransport: Input channel constructed: fd=72
04-26 15:18:09.677 17457 17457 D ViewRootImpl@8f37de1[PopupWindow:eaedb48]: setView = android.widget.PopupWindow$PopupDecorView{d0d5706 V.E...... ......I. 0,0-0,0} touchMode=true
04-26 15:18:09.681 17457 17457 D ViewRootImpl@8f37de1[PopupWindow:eaedb48]: dispatchAttachedToWindow
04-26 15:18:09.718 17457 17457 D ViewRootImpl@8f37de1[PopupWindow:eaedb48]: Relayout returned: oldFrame=[0,0][0,0] newFrame=[25,382][55,418] result=0x27 surface={isValid=true -1968326656} surfaceGenerationChanged=true
04-26 15:18:09.719 17457 17457 D ViewRootImpl@8f37de1[PopupWindow:eaedb48]: mHardwareRenderer.initialize() mSurface={isValid=true -1968326656} hwInitialized=true
04-26 15:18:09.742 17457 17457 D ViewRootImpl@8f37de1[PopupWindow:eaedb48]: MSG_RESIZED_REPORT: frame=Rect(25, 382 - 55, 418) ci=Rect(0, 0 - 0, 0) vi=Rect(0, 0 - 0, 0) or=1
04-26 15:18:09.999 17457 17457 D ViewRootImpl@672c6ed[CartActivity]: MSG_RESIZED: frame=Rect(0, 0 - 768, 1024) ci=Rect(0, 24 - 0, 359) vi=Rect(0, 24 - 0, 359) or=1
04-26 15:18:10.020 17457 17457 D ViewRootImpl@672c6ed[CartActivity]: Relayout returned: oldFrame=[0,0][768,1024] newFrame=[0,0][768,1024] result=0x1 surface={isValid=true -1959335936} surfaceGenerationChanged=false
04-26 15:18:10.036 17457 17457 D AbsListView: in onLayout changed
04-26 15:18:10.084 17457 17457 D ViewRootImpl@8f37de1[PopupWindow:eaedb48]: mHardwareRenderer.destroy()#4
04-26 15:18:10.084 17457 17457 D ViewRootImpl@8f37de1[PopupWindow:eaedb48]: dispatchDetachedFromWindow
04-26 15:18:10.092 17457 17457 D InputTransport: Input channel destroyed: fd=72
04-26 15:18:12.461 17457 17457 D ViewRootImpl@672c6ed[CartActivity]: ViewPostImeInputStage processKey 0
04-26 15:18:12.491 17457 17457 D ViewRootImpl@672c6ed[CartActivity]: ViewPostImeInputStage processKey 1
04-26 15:18:12.605 17457 17457 D ViewRootImpl@672c6ed[CartActivity]: ViewPostImeInputStage processKey 0
04-26 15:18:12.608 17457 17457 D ViewRootImpl@672c6ed[CartActivity]: ViewPostImeInputStage processKey 1
04-26 15:18:14.658 17457 17457 D ViewRootImpl@672c6ed[CartActivity]: ViewPostImeInputStage processPointer 0
04-26 15:18:14.722 17457 17457 D ViewRootImpl@672c6ed[CartActivity]: ViewPostImeInputStage processPointer 1
04-26 15:18:14.740 17457 17457 V InputMethodManager: Starting input: tba=android.view.inputmethod.EditorInfo@9c08b53 nm : cz.gienger.mobile ic=com.android.internal.widget.EditableInputConnection@6a0cc90
04-26 15:18:14.740 17457 17457 I InputMethodManager: startInputInner - mService.startInputOrWindowGainedFocus
04-26 15:18:14.742 17457 17457 D InputTransport: Input channel constructed: fd=72
04-26 15:18:14.742 17457 17457 D InputTransport: Input channel destroyed: fd=83
04-26 15:18:14.743 17457 17457 D InputMethodManager: SSI - flag : 0 Pid : 17457 view : cz.gienger.mobile
04-26 15:18:14.754 17457 17457 W IInputConnectionWrapper: finishComposingText on inactive InputConnection
04-26 15:18:14.761 17457 17457 D ViewRootImpl@9fe9d8e[PopupWindow:82b2989]: ThreadedRenderer.create() translucent=true
04-26 15:18:14.768 17457 17457 D InputTransport: Input channel constructed: fd=83
04-26 15:18:14.769 17457 17457 D ViewRootImpl@9fe9d8e[PopupWindow:82b2989]: setView = android.widget.PopupWindow$PopupDecorView{f3e89af V.E...... ......I. 0,0-0,0} touchMode=true
04-26 15:18:14.770 17457 17457 D ViewRootImpl@9fe9d8e[PopupWindow:82b2989]: dispatchAttachedToWindow
04-26 15:18:14.810 17457 17457 D ViewRootImpl@9fe9d8e[PopupWindow:82b2989]: Relayout returned: oldFrame=[0,0][0,0] newFrame=[24,235][54,271] result=0x27 surface={isValid=true -1968326656} surfaceGenerationChanged=true
04-26 15:18:14.810 17457 17457 D ViewRootImpl@9fe9d8e[PopupWindow:82b2989]: mHardwareRenderer.initialize() mSurface={isValid=true -1968326656} hwInitialized=true
04-26 15:18:14.841 17457 17457 D ViewRootImpl@9fe9d8e[PopupWindow:82b2989]: MSG_RESIZED_REPORT: frame=Rect(24, 235 - 54, 271) ci=Rect(0, 0 - 0, 0) vi=Rect(0, 0 - 0, 0) or=1
04-26 15:18:15.951 17457 17457 D ViewRootImpl@672c6ed[CartActivity]: ViewPostImeInputStage processKey 0
04-26 15:18:15.959 17457 17457 D ViewRootImpl@672c6ed[CartActivity]: ViewPostImeInputStage processKey 1
04-26 15:18:16.118 17457 17457 D ViewRootImpl@672c6ed[CartActivity]: ViewPostImeInputStage processKey 0
04-26 15:18:16.121 17457 17457 D ViewRootImpl@672c6ed[CartActivity]: ViewPostImeInputStage processKey 1
04-26 15:18:16.127 17457 17457 D ViewRootImpl@9fe9d8e[PopupWindow:82b2989]: mHardwareRenderer.destroy()#4
04-26 15:18:16.127 17457 17457 D ViewRootImpl@9fe9d8e[PopupWindow:82b2989]: dispatchDetachedFromWindow
04-26 15:18:16.134 17457 17457 D InputTransport: Input channel destroyed: fd=83
04-26 15:18:17.818 17457 17457 D ViewRootImpl@672c6ed[CartActivity]: ViewPostImeInputStage processPointer 0
04-26 15:18:17.876 17457 17457 D ViewRootImpl@672c6ed[CartActivity]: ViewPostImeInputStage processPointer 1
04-26 15:18:17.894 17457 17457 V InputMethodManager: Starting input: tba=android.view.inputmethod.EditorInfo@b2fffa7 nm : cz.gienger.mobile ic=com.android.internal.widget.EditableInputConnection@57eec54
04-26 15:18:17.894 17457 17457 I InputMethodManager: startInputInner - mService.startInputOrWindowGainedFocus
04-26 15:18:17.895 17457 17457 D InputTransport: Input channel constructed: fd=83
04-26 15:18:17.896 17457 17457 D InputTransport: Input channel destroyed: fd=72
04-26 15:18:17.896 17457 17457 D InputMethodManager: SSI - flag : 0 Pid : 17457 view : cz.gienger.mobile
04-26 15:18:17.900 17457 17457 W IInputConnectionWrapper: finishComposingText on inactive InputConnection
04-26 15:18:21.592 17457 17457 D ViewRootImpl@672c6ed[CartActivity]: ViewPostImeInputStage processPointer 0
04-26 15:18:21.651 17457 17457 D ViewRootImpl@672c6ed[CartActivity]: ViewPostImeInputStage processPointer 1
04-26 15:18:23.115 17457 17457 D ViewRootImpl@672c6ed[CartActivity]: ViewPostImeInputStage processPointer 0
04-26 15:18:23.198 17457 17457 D ViewRootImpl@672c6ed[CartActivity]: ViewPostImeInputStage processPointer 1
04-26 15:18:23.254 17457 17457 D ScrollView: initGoToTop
04-26 15:18:23.259 17457 17457 D ScrollView: initGoToTop
04-26 15:18:23.269 17457 17457 D ViewRootImpl@36833e5[CartActivity]: ThreadedRenderer.create() translucent=true
04-26 15:18:23.274 17457 17457 D InputTransport: Input channel constructed: fd=72
04-26 15:18:23.275 17457 17457 D ViewRootImpl@36833e5[CartActivity]: setView = DecorView@b4c0eba[CartActivity] touchMode=true
04-26 15:18:23.276 17457 17457 D ViewRootImpl@36833e5[CartActivity]: dispatchAttachedToWindow
04-26 15:18:23.331 17457 17457 D ViewRootImpl@36833e5[CartActivity]: Relayout returned: oldFrame=[0,0][0,0] newFrame=[94,24][674,1024] result=0x27 surface={isValid=true -1958592512} surfaceGenerationChanged=true
04-26 15:18:23.332 17457 17457 D ViewRootImpl@36833e5[CartActivity]: mHardwareRenderer.initialize() mSurface={isValid=true -1958592512} hwInitialized=true
04-26 15:18:23.409 17457 17457 D AbsListView: in onLayout changed
04-26 15:18:23.409 17457 17457 D ScrollView: onsize change changed
04-26 15:18:23.419 17457 17457 D ViewRootImpl@36833e5[CartActivity]: MSG_WINDOW_FOCUS_CHANGED 1
04-26 15:18:23.420 17457 17457 D ViewRootImpl@36833e5[CartActivity]: mHardwareRenderer.initializeIfNeeded()#2 mSurface={isValid=true -1958592512}
04-26 15:18:23.420 17457 17457 V InputMethodManager: Not IME target window, ignoring
04-26 15:18:23.468 17457 17457 D ViewRootImpl@36833e5[CartActivity]: MSG_RESIZED_REPORT: frame=Rect(94, 24 - 674, 1024) ci=Rect(0, 0 - 0, 0) vi=Rect(0, 0 - 0, 0) or=1
04-26 15:18:23.518 17457 17457 D ViewRootImpl@672c6ed[CartActivity]: MSG_WINDOW_FOCUS_CHANGED 0
04-26 15:18:24.513 17457 17457 D ViewRootImpl@36833e5[CartActivity]: ViewPostImeInputStage processPointer 0
04-26 15:18:24.575 17457 17457 D ViewRootImpl@36833e5[CartActivity]: ViewPostImeInputStage processPointer 1
04-26 15:18:25.611 17457 17457 D ViewRootImpl@36833e5[CartActivity]: ViewPostImeInputStage processPointer 0
04-26 15:18:25.683 17457 17457 D ViewRootImpl@36833e5[CartActivity]: ViewPostImeInputStage processPointer 1
04-26 15:18:25.739 17457 17457 D ViewRootImpl@36833e5[CartActivity]: mHardwareRenderer.destroy()#4
04-26 15:18:25.739 17457 17457 D ViewRootImpl@36833e5[CartActivity]: dispatchDetachedFromWindow
04-26 15:18:25.749 17457 17457 D InputTransport: Input channel destroyed: fd=72
04-26 15:18:25.758 17457 17457 D ViewRootImpl@672c6ed[CartActivity]: MSG_WINDOW_FOCUS_CHANGED 1
04-26 15:18:25.758 17457 17457 D ViewRootImpl@672c6ed[CartActivity]: mHardwareRenderer.initializeIfNeeded()#2 mSurface={isValid=true -1959335936}
04-26 15:18:25.774 17457 17457 E ViewRootImpl: sendUserActionEvent() returned.
04-26 15:18:26.494 17457 17457 D ViewRootImpl@672c6ed[CartActivity]: ViewPostImeInputStage processPointer 0
04-26 15:18:26.548 17457 17457 D AbsListView: reportScrollStateChange() newState : 1
04-26 15:18:26.847 17457 17457 D ViewRootImpl@672c6ed[CartActivity]: ViewPostImeInputStage processPointer 1
04-26 15:18:26.847 17457 17457 D AbsListView: onTouchUp() mTouchMode : 3
04-26 15:18:26.847 17457 17457 D AbsListView: onTouchUp() TOUCH_MODE_SCROLL initialVelocity : -133
04-26 15:18:26.847 17457 17457 D AbsListView: reportScrollStateChange() newState : 2
04-26 15:18:26.997 17457 17457 D AbsListView: reportScrollStateChange() newState : 0
04-26 15:18:27.350 17457 17457 D ViewRootImpl@672c6ed[CartActivity]: ViewPostImeInputStage processPointer 0
04-26 15:18:27.423 17457 17457 D ViewRootImpl@672c6ed[CartActivity]: ViewPostImeInputStage processPointer 1
04-26 15:18:27.531 17457 17457 D ScrollView: initGoToTop
04-26 15:18:27.535 17457 17457 D ScrollView: initGoToTop
04-26 15:18:27.543 17457 17457 D ViewRootImpl@37dade2[CartActivity]: ThreadedRenderer.create() translucent=true
04-26 15:18:27.550 17457 17457 D InputTransport: Input channel constructed: fd=72
04-26 15:18:27.550 17457 17457 D ViewRootImpl@37dade2[CartActivity]: setView = DecorView@64a1573[CartActivity] touchMode=true
04-26 15:18:27.553 17457 17457 D ViewRootImpl@37dade2[CartActivity]: dispatchAttachedToWindow
04-26 15:18:27.625 17457 17457 D ViewRootImpl@37dade2[CartActivity]: Relayout returned: oldFrame=[0,0][0,0] newFrame=[194,258][574,790] result=0x27 surface={isValid=true -1933805568} surfaceGenerationChanged=true
04-26 15:18:27.625 17457 17457 D ViewRootImpl@37dade2[CartActivity]: mHardwareRenderer.initialize() mSurface={isValid=true -1933805568} hwInitialized=true
04-26 15:18:27.639 17457 17457 D ScrollView: onsize change changed
04-26 15:18:27.641 17457 17457 D ViewRootImpl@37dade2[CartActivity]: MSG_WINDOW_FOCUS_CHANGED 1
04-26 15:18:27.641 17457 17457 D ViewRootImpl@37dade2[CartActivity]: mHardwareRenderer.initializeIfNeeded()#2 mSurface={isValid=true -1933805568}
04-26 15:18:27.667 17457 17457 D ViewRootImpl@37dade2[CartActivity]: MSG_RESIZED_REPORT: frame=Rect(194, 258 - 574, 790) ci=Rect(0, 0 - 0, 0) vi=Rect(0, 0 - 0, 0) or=1
04-26 15:18:27.713 17457 17457 D ViewRootImpl@672c6ed[CartActivity]: MSG_WINDOW_FOCUS_CHANGED 0
04-26 15:18:29.102 17457 17457 D ViewRootImpl@37dade2[CartActivity]: ViewPostImeInputStage processPointer 0
04-26 15:18:29.185 17457 17457 D ViewRootImpl@37dade2[CartActivity]: ViewPostImeInputStage processPointer 1
04-26 15:18:29.764 17457 17457 D ViewRootImpl@37dade2[CartActivity]: ViewPostImeInputStage processPointer 0
04-26 15:18:29.836 17457 17457 D ViewRootImpl@37dade2[CartActivity]: ViewPostImeInputStage processPointer 1
04-26 15:18:29.873 17457 17457 D ViewRootImpl@37dade2[CartActivity]: mHardwareRenderer.destroy()#4
04-26 15:18:29.873 17457 17457 D ViewRootImpl@37dade2[CartActivity]: dispatchDetachedFromWindow
04-26 15:18:29.882 17457 17457 D InputTransport: Input channel destroyed: fd=72
04-26 15:18:29.886 17457 17457 D ViewRootImpl@672c6ed[CartActivity]: MSG_WINDOW_FOCUS_CHANGED 1
04-26 15:18:29.887 17457 17457 D ViewRootImpl@672c6ed[CartActivity]: mHardwareRenderer.initializeIfNeeded()#2 mSurface={isValid=true -1959335936}
04-26 15:18:29.900 17457 17457 E ViewRootImpl: sendUserActionEvent() returned.
04-26 15:18:30.495 17457 17457 D ViewRootImpl@672c6ed[CartActivity]: ViewPostImeInputStage processPointer 0
04-26 15:18:30.568 17457 17457 D ViewRootImpl@672c6ed[CartActivity]: ViewPostImeInputStage processPointer 1
04-26 15:18:30.589 17457 17457 V InputMethodManager: Starting input: tba=android.view.inputmethod.EditorInfo@7f42be1 nm : cz.gienger.mobile ic=com.android.internal.widget.EditableInputConnection@95b6d06
04-26 15:18:30.589 17457 17457 I InputMethodManager: startInputInner - mService.startInputOrWindowGainedFocus
04-26 15:18:30.591 17457 17457 D InputTransport: Input channel constructed: fd=72
04-26 15:18:30.591 17457 17457 D InputTransport: Input channel destroyed: fd=83
04-26 15:18:30.591 17457 17457 D InputMethodManager: SSI - flag : 0 Pid : 17457 view : cz.gienger.mobile
04-26 15:18:30.596 17457 17457 W IInputConnectionWrapper: finishComposingText on inactive InputConnection
04-26 15:18:31.866 17457 17457 D ViewRootImpl@672c6ed[CartActivity]: ViewPostImeInputStage processPointer 0
04-26 15:18:31.927 17457 17457 D ViewRootImpl@672c6ed[CartActivity]: ViewPostImeInputStage processPointer 1
04-26 15:18:31.948 17457 17457 V InputMethodManager: Starting input: tba=android.view.inputmethod.EditorInfo@60d7619 nm : cz.gienger.mobile ic=com.android.internal.widget.EditableInputConnection@e0d16de
04-26 15:18:31.948 17457 17457 I InputMethodManager: startInputInner - mService.startInputOrWindowGainedFocus
04-26 15:18:31.951 17457 17457 D InputTransport: Input channel constructed: fd=83
04-26 15:18:31.951 17457 17457 D InputTransport: Input channel destroyed: fd=72
04-26 15:18:31.951 17457 17457 D InputMethodManager: SSI - flag : 0 Pid : 17457 view : cz.gienger.mobile
04-26 15:18:31.957 17457 17457 W IInputConnectionWrapper: finishComposingText on inactive InputConnection
04-26 15:18:33.103 17457 17457 D ViewRootImpl@672c6ed[CartActivity]: ViewPostImeInputStage processPointer 0
04-26 15:18:33.153 17457 17457 D ViewRootImpl@672c6ed[CartActivity]: ViewPostImeInputStage processPointer 1
04-26 15:18:33.176 17457 17457 V InputMethodManager: Starting input: tba=android.view.inputmethod.EditorInfo@94ecf51 nm : cz.gienger.mobile ic=com.android.internal.widget.EditableInputConnection@35f23b6
04-26 15:18:33.177 17457 17457 I InputMethodManager: startInputInner - mService.startInputOrWindowGainedFocus
04-26 15:18:33.178 17457 17457 D InputTransport: Input channel constructed: fd=72
04-26 15:18:33.179 17457 17457 D InputTransport: Input channel destroyed: fd=83
04-26 15:18:33.179 17457 17457 D InputMethodManager: SSI - flag : 0 Pid : 17457 view : cz.gienger.mobile
04-26 15:18:33.183 17457 17457 W IInputConnectionWrapper: finishComposingText on inactive InputConnection
04-26 15:18:34.816 17457 17457 D ViewRootImpl@672c6ed[CartActivity]: ViewPostImeInputStage processPointer 0
04-26 15:18:34.850 17457 17457 D AbsListView: reportScrollStateChange() newState : 1
04-26 15:18:35.051 17457 17457 D ViewRootImpl@672c6ed[CartActivity]: ViewPostImeInputStage processPointer 1
04-26 15:18:35.051 17457 17457 D AbsListView: onTouchUp() mTouchMode : 3
04-26 15:18:35.051 17457 17457 D AbsListView: onTouchUp() TOUCH_MODE_SCROLL initialVelocity : 0
04-26 15:18:35.051 17457 17457 D AbsListView: reportScrollStateChange() newState : 0
04-26 15:18:35.658 17457 17457 D ViewRootImpl@672c6ed[CartActivity]: ViewPostImeInputStage processPointer 0
04-26 15:18:35.731 17457 17457 D ViewRootImpl@672c6ed[CartActivity]: ViewPostImeInputStage processPointer 1
04-26 15:18:35.739 17457 17457 D View : requestFocusFromTouch
04-26 15:18:35.759 17457 17457 D ScrollView: initGoToTop
04-26 15:18:35.764 17457 17457 D ScrollView: initGoToTop
04-26 15:18:35.773 17457 17457 D ViewRootImpl@8bcf254[CartActivity]: ThreadedRenderer.create() translucent=true
04-26 15:18:35.779 17457 17457 D InputTransport: Input channel constructed: fd=83
04-26 15:18:35.779 17457 17457 D ViewRootImpl@8bcf254[CartActivity]: setView = DecorView@b40f5fd[CartActivity] touchMode=false
04-26 15:18:35.781 17457 17457 V InputMethodManager: Starting input: tba=android.view.inputmethod.EditorInfo@44a02f2 nm : cz.gienger.mobile ic=null
04-26 15:18:35.781 17457 17457 I InputMethodManager: startInputInner - mService.startInputOrWindowGainedFocus
04-26 15:18:35.782 17457 17457 D InputTransport: Input channel constructed: fd=84
04-26 15:18:35.782 17457 17457 D InputTransport: Input channel destroyed: fd=72
04-26 15:18:35.787 17457 17457 D ViewRootImpl@8bcf254[CartActivity]: dispatchAttachedToWindow
04-26 15:18:35.825 17457 17457 D ViewRootImpl@8bcf254[CartActivity]: Relayout returned: oldFrame=[0,0][0,0] newFrame=[108,450][660,597] result=0x26 surface={isValid=true -1941405696} surfaceGenerationChanged=true
04-26 15:18:35.826 17457 17457 D ViewRootImpl@8bcf254[CartActivity]: mHardwareRenderer.initialize() mSurface={isValid=true -1941405696} hwInitialized=true
04-26 15:18:35.830 17457 17457 D ScrollView: onsize change changed
04-26 15:18:35.830 17457 17457 D ScrollView: onsize change changed
04-26 15:18:35.831 17457 17457 D ViewRootImpl@8bcf254[CartActivity]: MSG_WINDOW_FOCUS_CHANGED 1
04-26 15:18:35.831 17457 17457 D ViewRootImpl@8bcf254[CartActivity]: mHardwareRenderer.initializeIfNeeded()#2 mSurface={isValid=true -1941405696}
04-26 15:18:35.832 17457 17457 V InputMethodManager: Not IME target window, ignoring
04-26 15:18:35.846 17457 17457 W IInputConnectionWrapper: finishComposingText on inactive InputConnection
04-26 15:18:35.847 17457 17457 D ViewRootImpl@8bcf254[CartActivity]: MSG_RESIZED_REPORT: frame=Rect(108, 450 - 660, 597) ci=Rect(0, 0 - 0, 0) vi=Rect(0, 0 - 0, 0) or=1
04-26 15:18:35.887 17457 17457 D ViewRootImpl@672c6ed[CartActivity]: MSG_WINDOW_FOCUS_CHANGED 0
04-26 15:18:36.732 17457 17457 D ViewRootImpl@8bcf254[CartActivity]: ViewPostImeInputStage processPointer 0
04-26 15:18:36.803 17457 17457 D ViewRootImpl@8bcf254[CartActivity]: ViewPostImeInputStage processPointer 1
04-26 15:18:36.834 17457 17457 D ScrollView: initGoToTop
04-26 15:18:36.841 17457 17457 D ScrollView: initGoToTop
04-26 15:18:36.851 17457 17457 D ViewRootImpl@1d7bb87[CartActivity]: ThreadedRenderer.create() translucent=true
04-26 15:18:36.859 17457 17457 D InputTransport: Input channel constructed: fd=92
04-26 15:18:36.859 17457 17457 D ViewRootImpl@1d7bb87[CartActivity]: setView = DecorView@5682ab4[CartActivity] touchMode=true
04-26 15:18:36.877 17457 17498 D OpenGLRenderer: endAllActiveAnimators on 0x8cb86e00 (RippleDrawable) with handle 0x8c1a37d0
04-26 15:18:36.877 17457 17457 D ViewRootImpl@8bcf254[CartActivity]: mHardwareRenderer.destroy()#4
04-26 15:18:36.877 17457 17457 D ViewRootImpl@8bcf254[CartActivity]: dispatchDetachedFromWindow
04-26 15:18:36.890 17457 17457 D InputTransport: Input channel destroyed: fd=83
04-26 15:18:36.891 17457 17457 D ViewRootImpl@1d7bb87[CartActivity]: dispatchAttachedToWindow
04-26 15:18:36.914 17457 17457 D ViewRootImpl@1d7bb87[CartActivity]: Relayout returned: oldFrame=[0,0][0,0] newFrame=[108,466][660,582] result=0x27 surface={isValid=true -1941405696} surfaceGenerationChanged=true
04-26 15:18:36.915 17457 17457 D ViewRootImpl@1d7bb87[CartActivity]: mHardwareRenderer.initialize() mSurface={isValid=true -1941405696} hwInitialized=true
04-26 15:18:36.926 17457 17457 D ViewRootImpl@1d7bb87[CartActivity]: MSG_WINDOW_FOCUS_CHANGED 1
04-26 15:18:36.926 17457 17457 D ViewRootImpl@1d7bb87[CartActivity]: mHardwareRenderer.initializeIfNeeded()#2 mSurface={isValid=true -1941405696}
04-26 15:18:36.941 17457 17457 D ViewRootImpl@1d7bb87[CartActivity]: MSG_RESIZED_REPORT: frame=Rect(108, 466 - 660, 582) ci=Rect(0, 0 - 0, 0) vi=Rect(0, 0 - 0, 0) or=1
04-26 15:18:36.976 17457 17457 E ViewRootImpl: sendUserActionEvent() returned.
04-26 15:18:37.713 17457 17468 I art : Background partial concurrent mark sweep GC freed 295704(9MB) AllocSpace objects, 10(304KB) LOS objects, 51% free, 11MB/23MB, paused 1.448ms total 148.100ms
04-26 15:18:39.445 17457 17468 I art : Background partial concurrent mark sweep GC freed 104233(2MB) AllocSpace objects, 18(2MB) LOS objects, 40% free, 20MB/34MB, paused 1.392ms total 137.161ms
04-26 15:18:40.349 17457 17468 I art : Background sticky concurrent mark sweep GC freed 401123(11MB) AllocSpace objects, 6(852KB) LOS objects, 28% free, 24MB/34MB, paused 1.059ms total 117.984ms
04-26 15:18:40.556 17457 17457 D ViewRootImpl@1d7bb87[CartActivity]: mHardwareRenderer.destroy()#4
04-26 15:18:40.556 17457 17457 D ViewRootImpl@1d7bb87[CartActivity]: dispatchDetachedFromWindow
04-26 15:18:40.567 17457 17457 D InputTransport: Input channel destroyed: fd=92
04-26 15:18:40.636 17457 17457 D ViewRootImpl@672c6ed[CartActivity]: MSG_WINDOW_FOCUS_CHANGED 1
04-26 15:18:40.637 17457 17457 V InputMethodManager: Not IME target window, ignoring
04-26 15:18:40.637 17457 17457 D ViewRootImpl@672c6ed[CartActivity]: mHardwareRenderer.initializeIfNeeded()#2 mSurface={isValid=true -1959335936}
04-26 15:18:40.659 17457 17457 V InputMethodManager: Starting input: tba=android.view.inputmethod.EditorInfo@b29d761 nm : cz.gienger.mobile ic=null
04-26 15:18:40.659 17457 17457 I InputMethodManager: startInputInner - mService.startInputOrWindowGainedFocus
04-26 15:18:40.663 17457 17457 D InputTransport: Input channel constructed: fd=72
04-26 15:18:40.663 17457 17457 D InputTransport: Input channel destroyed: fd=84
04-26 15:18:40.663 17457 17457 E ViewRootImpl: sendUserActionEvent() returned.
04-26 15:18:40.691 17457 17457 D ViewRootImpl@672c6ed[CartActivity]: MSG_WINDOW_FOCUS_CHANGED 0
04-26 15:18:40.814 17457 17498 D OpenGLRenderer: endAllActiveAnimators on 0x8c04bd00 (RippleDrawable) with handle 0x8a9be060
04-26 15:18:40.814 17457 17457 D ViewRootImpl@672c6ed[CartActivity]: mHardwareRenderer.destroy()#1
04-26 15:18:40.826 17457 17457 D ViewRootImpl@672c6ed[CartActivity]: Relayout returned: oldFrame=[0,0][768,1024] newFrame=[0,0][768,1024] result=0x5 surface={isValid=false 0} surfaceGenerationChanged=true
04-26 15:18:42.143 17457 17457 D InputTransport: Input channel destroyed: fd=72
04-26 15:18:42.228 17457 17457 D ViewRootImpl@672c6ed[CartActivity]: Relayout returned: oldFrame=[0,0][768,1024] newFrame=[0,0][768,1024] result=0x5 surface={isValid=false 0} surfaceGenerationChanged=false
04-26 15:19:17.109 17457 17457 D ViewRootImpl@672c6ed[CartActivity]: mHardwareRenderer.destroy()#1
04-26 15:19:17.120 17457 17457 D ViewRootImpl@672c6ed[CartActivity]: Relayout returned: oldFrame=[0,0][768,1024] newFrame=[0,0][768,1024] result=0x1 surface={isValid=false 0} surfaceGenerationChanged=false
04-26 15:19:17.144 17457 17457 D ScrollView: initGoToTop
04-26 15:19:17.149 17457 17457 D ScrollView: initGoToTop
04-26 15:19:17.162 17457 17457 D ViewRootImpl@e068936[CartActivity]: ThreadedRenderer.create() translucent=true
04-26 15:19:17.168 17457 17457 D InputTransport: Input channel constructed: fd=64
04-26 15:19:17.168 17457 17457 D ViewRootImpl@e068936[CartActivity]: setView = DecorView@c5b1037[CartActivity] touchMode=true
04-26 15:19:17.218 17457 17457 D ViewRootImpl@672c6ed[CartActivity]: Relayout returned: oldFrame=[0,0][768,1024] newFrame=[0,0][768,1024] result=0x7 surface={isValid=true -1963028480} surfaceGenerationChanged=true
04-26 15:19:17.219 17457 17457 D ViewRootImpl@672c6ed[CartActivity]: mHardwareRenderer.initialize() mSurface={isValid=true -1963028480} hwInitialized=true
04-26 15:19:17.236 17457 17457 D AbsListView: in onLayout changed
04-26 15:19:17.239 17457 17457 D ViewRootImpl@e068936[CartActivity]: dispatchAttachedToWindow
04-26 15:19:17.267 17457 17457 D ViewRootImpl@e068936[CartActivity]: Relayout returned: oldFrame=[0,0][0,0] newFrame=[94,433][674,591] result=0x27 surface={isValid=true -1959335936} surfaceGenerationChanged=true
04-26 15:19:17.267 17457 17457 D ViewRootImpl@e068936[CartActivity]: mHardwareRenderer.initialize() mSurface={isValid=true -1959335936} hwInitialized=true
04-26 15:19:17.270 17457 17457 D ScrollView: onsize change changed
04-26 15:19:17.270 17457 17457 D ScrollView: onsize change changed
04-26 15:19:17.272 17457 17457 D ViewRootImpl@e068936[CartActivity]: MSG_WINDOW_FOCUS_CHANGED 1
04-26 15:19:17.273 17457 17457 D ViewRootImpl@e068936[CartActivity]: mHardwareRenderer.initializeIfNeeded()#2 mSurface={isValid=true -1959335936}
04-26 15:19:17.307 17457 17457 D ViewRootImpl@672c6ed[CartActivity]: MSG_RESIZED_REPORT: frame=Rect(0, 0 - 768, 1024) ci=Rect(0, 24 - 0, 0) vi=Rect(0, 24 - 0, 0) or=1
04-26 15:19:17.307 17457 17457 D ViewRootImpl@e068936[CartActivity]: MSG_RESIZED_REPORT: frame=Rect(94, 433 - 674, 591) ci=Rect(0, 0 - 0, 0) vi=Rect(0, 0 - 0, 0) or=1
04-26 15:19:18.286 17457 17457 D ViewRootImpl@e068936[CartActivity]: ViewPostImeInputStage processPointer 0
04-26 15:19:18.346 17457 17457 D ViewRootImpl@e068936[CartActivity]: ViewPostImeInputStage processPointer 1
04-26 15:19:18.375 17457 17457 D ViewRootImpl@e068936[CartActivity]: mHardwareRenderer.destroy()#4
04-26 15:19:18.375 17457 17457 D ViewRootImpl@e068936[CartActivity]: dispatchDetachedFromWindow
04-26 15:19:18.385 17457 17457 D InputTransport: Input channel destroyed: fd=64
04-26 15:19:18.385 17457 17457 D ViewRootImpl@672c6ed[CartActivity]: MSG_WINDOW_FOCUS_CHANGED 1
04-26 15:19:18.386 17457 17457 D ViewRootImpl@672c6ed[CartActivity]: mHardwareRenderer.initializeIfNeeded()#2 mSurface={isValid=true -1963028480}
04-26 15:19:18.397 17457 17457 V InputMethodManager: Starting input: tba=android.view.inputmethod.EditorInfo@51fa04 nm : cz.gienger.mobile ic=null
04-26 15:19:18.397 17457 17457 I InputMethodManager: startInputInner - mService.startInputOrWindowGainedFocus
04-26 15:19:18.400 17457 17457 D InputTransport: Input channel constructed: fd=68
04-26 15:19:18.400 17457 17457 E ViewRootImpl: sendUserActionEvent() returned.
04-26 15:19:58.291 17457 17457 V InputMethodManager: Starting input: tba=android.view.inputmethod.EditorInfo@2cdbed nm : cz.gienger.mobile ic=null
04-26 15:19:58.291 17457 17457 I InputMethodManager: startInputInner - mService.startInputOrWindowGainedFocus
04-26 15:19:58.296 17457 17457 D InputTransport: Input channel constructed: fd=71
04-26 15:19:58.296 17457 17457 D InputTransport: Input channel destroyed: fd=68
04-26 15:20:09.437 17457 17457 V InputMethodManager: Starting input: tba=android.view.inputmethod.EditorInfo@46a0a22 nm : cz.gienger.mobile ic=null
04-26 15:20:09.437 17457 17457 I InputMethodManager: startInputInner - mService.startInputOrWindowGainedFocus
04-26 15:20:09.438 17457 17457 D InputTransport: Input channel constructed: fd=68
04-26 15:20:09.438 17457 17457 D InputTransport: Input channel destroyed: fd=71
04-26 15:20:09.547 17457 17457 D ViewRootImpl@672c6ed[CartActivity]: MSG_RESIZED_REPORT: frame=Rect(0, 0 - 768, 1024) ci=Rect(0, 24 - 0, 0) vi=Rect(0, 24 - 0, 0) or=1
04-26 15:20:09.560 17457 17457 D ViewRootImpl@672c6ed[CartActivity]: Relayout returned: oldFrame=[0,0][768,1024] newFrame=[0,0][768,1024] result=0x1 surface={isValid=true -1963028480} surfaceGenerationChanged=false
04-26 15:20:10.624 17457 17457 D ViewRootImpl@672c6ed[CartActivity]: ViewPostImeInputStage processPointer 0
04-26 15:20:10.683 17457 17457 D AbsListView: reportScrollStateChange() newState : 1
04-26 15:20:10.940 17457 17457 D ViewRootImpl@672c6ed[CartActivity]: ViewPostImeInputStage processPointer 1
04-26 15:20:10.940 17457 17457 D AbsListView: onTouchUp() mTouchMode : 3
04-26 15:20:10.941 17457 17457 D AbsListView: onTouchUp() TOUCH_MODE_SCROLL initialVelocity : 0
04-26 15:20:10.941 17457 17457 D AbsListView: reportScrollStateChange() newState : 0
04-26 15:20:11.437 17457 17457 D ViewRootImpl@672c6ed[CartActivity]: ViewPostImeInputStage processPointer 0
04-26 15:20:11.517 17457 17457 D ViewRootImpl@672c6ed[CartActivity]: ViewPostImeInputStage processPointer 1
04-26 15:20:11.523 17457 17457 D View : requestFocusFromTouch
04-26 15:20:11.539 17457 17457 D ScrollView: initGoToTop
04-26 15:20:11.542 17457 17457 D ScrollView: initGoToTop
04-26 15:20:11.551 17457 17457 D ViewRootImpl@9835bf6[CartActivity]: ThreadedRenderer.create() translucent=true
04-26 15:20:11.558 17457 17457 D InputTransport: Input channel constructed: fd=71
04-26 15:20:11.558 17457 17457 D ViewRootImpl@9835bf6[CartActivity]: setView = DecorView@9374bf7[CartActivity] touchMode=false
04-26 15:20:11.560 17457 17457 V InputMethodManager: Starting input: tba=android.view.inputmethod.EditorInfo@dbaca64 nm : cz.gienger.mobile ic=null
04-26 15:20:11.560 17457 17457 I InputMethodManager: startInputInner - mService.startInputOrWindowGainedFocus
04-26 15:20:11.561 17457 17457 D InputTransport: Input channel constructed: fd=72
04-26 15:20:11.561 17457 17457 D InputTransport: Input channel destroyed: fd=68
04-26 15:20:11.564 17457 17457 D ViewRootImpl@9835bf6[CartActivity]: dispatchAttachedToWindow
04-26 15:20:11.600 17457 17457 D ViewRootImpl@9835bf6[CartActivity]: Relayout returned: oldFrame=[0,0][0,0] newFrame=[108,450][660,597] result=0x26 surface={isValid=true -1945636864} surfaceGenerationChanged=true
04-26 15:20:11.601 17457 17457 D ViewRootImpl@9835bf6[CartActivity]: mHardwareRenderer.initialize() mSurface={isValid=true -1945636864} hwInitialized=true
04-26 15:20:11.604 17457 17457 D ScrollView: onsize change changed
04-26 15:20:11.605 17457 17457 D ScrollView: onsize change changed
04-26 15:20:11.613 17457 17457 D ViewRootImpl@9835bf6[CartActivity]: MSG_WINDOW_FOCUS_CHANGED 1
04-26 15:20:11.614 17457 17457 D ViewRootImpl@9835bf6[CartActivity]: mHardwareRenderer.initializeIfNeeded()#2 mSurface={isValid=true -1945636864}
04-26 15:20:11.614 17457 17457 V InputMethodManager: Not IME target window, ignoring
04-26 15:20:11.636 17457 17457 D ViewRootImpl@9835bf6[CartActivity]: MSG_RESIZED_REPORT: frame=Rect(108, 450 - 660, 597) ci=Rect(0, 0 - 0, 0) vi=Rect(0, 0 - 0, 0) or=1
04-26 15:20:11.653 17457 17457 D ViewRootImpl@672c6ed[CartActivity]: MSG_WINDOW_FOCUS_CHANGED 0
04-26 15:20:12.562 17457 17457 D ViewRootImpl@9835bf6[CartActivity]: ViewPostImeInputStage processPointer 0
04-26 15:20:12.633 17457 17457 D ViewRootImpl@9835bf6[CartActivity]: ViewPostImeInputStage processPointer 1
04-26 15:20:12.661 17457 17457 D ScrollView: initGoToTop
04-26 15:20:12.666 17457 17457 D ScrollView: initGoToTop
04-26 15:20:12.677 17457 17457 D ViewRootImpl@da0db71[CartActivity]: ThreadedRenderer.create() translucent=true
04-26 15:20:12.682 17457 17457 D InputTransport: Input channel constructed: fd=85
04-26 15:20:12.683 17457 17457 D ViewRootImpl@da0db71[CartActivity]: setView = DecorView@ac00d56[CartActivity] touchMode=true
04-26 15:20:12.699 17457 17498 D OpenGLRenderer: endAllActiveAnimators on 0x8c1fbb80 (RippleDrawable) with handle 0x8b142760
04-26 15:20:12.699 17457 17457 D ViewRootImpl@9835bf6[CartActivity]: mHardwareRenderer.destroy()#4
04-26 15:20:12.700 17457 17457 D ViewRootImpl@9835bf6[CartActivity]: dispatchDetachedFromWindow
04-26 15:20:12.711 17457 17457 D InputTransport: Input channel destroyed: fd=71
04-26 15:20:12.713 17457 17457 D ViewRootImpl@da0db71[CartActivity]: dispatchAttachedToWindow
