04-12 10:09:39.219 31858 31858 V InputMethodManager: Starting input: tba=android.view.inputmethod.EditorInfo@e3e5147 nm : cz.gienger.mobile ic=com.android.internal.widget.EditableInputConnection@1366d74
04-12 10:09:39.219 31858 31858 I InputMethodManager: startInputInner - mService.startInputOrWindowGainedFocus
04-12 10:09:39.221 31858 31858 D InputTransport: Input channel constructed: fd=67
04-12 10:09:39.221 31858 31858 D InputTransport: Input channel destroyed: fd=68
04-12 10:09:39.222 31858 31858 D InputMethodManager: SSI - flag : 0 Pid : 31858 view : cz.gienger.mobile
04-12 10:09:39.545 31858 31858 D ViewRootImpl@8bac1b5[CartActivity]: MSG_RESIZED: frame=Rect(0, 0 - 768, 1024) ci=Rect(0, 24 - 0, 359) vi=Rect(0, 24 - 0, 359) or=1
04-12 10:09:39.560 31858 31858 D ViewRootImpl@8bac1b5[CartActivity]: Relayout returned: oldFrame=[0,0][768,1024] newFrame=[0,0][768,1024] result=0x1 surface={isValid=true -1856126976} surfaceGenerationChanged=false
04-12 10:09:39.579 31858 31858 D AbsListView: in onLayout changed
04-12 10:09:41.653 31858 31858 D ViewRootImpl@8bac1b5[CartActivity]: ViewPostImeInputStage processPointer 0
04-12 10:09:41.703 31858 31858 D ViewRootImpl@8bac1b5[CartActivity]: ViewPostImeInputStage processPointer 1
04-12 10:09:41.727 31858 31858 V InputMethodManager: Starting input: tba=android.view.inputmethod.EditorInfo@448bb0e nm : cz.gienger.mobile ic=com.android.internal.widget.EditableInputConnection@6ca192f
04-12 10:09:41.727 31858 31858 I InputMethodManager: startInputInner - mService.startInputOrWindowGainedFocus
04-12 10:09:41.729 31858 31858 D InputTransport: Input channel constructed: fd=68
04-12 10:09:41.729 31858 31858 D InputTransport: Input channel destroyed: fd=67
04-12 10:09:41.729 31858 31858 D InputMethodManager: SSI - flag : 0 Pid : 31858 view : cz.gienger.mobile
04-12 10:09:41.736 31858 31858 W IInputConnectionWrapper: finishComposingText on inactive InputConnection
04-12 10:09:44.073 31858 31858 D ViewRootImpl@8bac1b5[CartActivity]: ViewPostImeInputStage processPointer 0
04-12 10:09:44.134 31858 31858 D ViewRootImpl@8bac1b5[CartActivity]: ViewPostImeInputStage processPointer 1
04-12 10:09:44.155 31858 31858 V InputMethodManager: Starting input: tba=android.view.inputmethod.EditorInfo@ca49441 nm : cz.gienger.mobile ic=com.android.internal.widget.EditableInputConnection@2851de6
04-12 10:09:44.155 31858 31858 I InputMethodManager: startInputInner - mService.startInputOrWindowGainedFocus
04-12 10:09:44.157 31858 31858 D InputTransport: Input channel constructed: fd=67
04-12 10:09:44.157 31858 31858 D InputTransport: Input channel destroyed: fd=68
04-12 10:09:44.157 31858 31858 D InputMethodManager: SSI - flag : 0 Pid : 31858 view : cz.gienger.mobile
04-12 10:09:44.161 31858 31858 W IInputConnectionWrapper: finishComposingText on inactive InputConnection
04-12 10:09:50.652 31858 31858 D ViewRootImpl@8bac1b5[CartActivity]: ViewPostImeInputStage processPointer 0
04-12 10:09:50.709 31858 31858 D ViewRootImpl@8bac1b5[CartActivity]: ViewPostImeInputStage processPointer 1
04-12 10:09:51.563 31858 31858 D ViewRootImpl@8bac1b5[CartActivity]: ViewPostImeInputStage processPointer 0
04-12 10:09:51.634 31858 31858 D ViewRootImpl@8bac1b5[CartActivity]: ViewPostImeInputStage processPointer 1
04-12 10:09:51.655 31858 31858 V InputMethodManager: Starting input: tba=android.view.inputmethod.EditorInfo@ea2d7ad nm : cz.gienger.mobile ic=com.android.internal.widget.EditableInputConnection@5dabae2
04-12 10:09:51.655 31858 31858 I InputMethodManager: startInputInner - mService.startInputOrWindowGainedFocus
04-12 10:09:51.658 31858 31858 D InputTransport: Input channel constructed: fd=68
04-12 10:09:51.658 31858 31858 D InputTransport: Input channel destroyed: fd=67
04-12 10:09:51.658 31858 31858 D InputMethodManager: SSI - flag : 0 Pid : 31858 view : cz.gienger.mobile
04-12 10:09:51.662 31858 31858 W IInputConnectionWrapper: finishComposingText on inactive InputConnection
04-12 10:09:57.167 31858 31858 D ViewRootImpl@8bac1b5[CartActivity]: ViewPostImeInputStage processPointer 0
04-12 10:09:57.227 31858 31858 D ViewRootImpl@8bac1b5[CartActivity]: ViewPostImeInputStage processPointer 1
04-12 10:09:57.249 31858 31858 V InputMethodManager: Starting input: tba=android.view.inputmethod.EditorInfo@ebf7ce1 nm : cz.gienger.mobile ic=com.android.internal.widget.EditableInputConnection@69aea06
04-12 10:09:57.249 31858 31858 I InputMethodManager: startInputInner - mService.startInputOrWindowGainedFocus
04-12 10:09:57.251 31858 31858 D InputTransport: Input channel constructed: fd=67
04-12 10:09:57.252 31858 31858 D InputTransport: Input channel destroyed: fd=68
04-12 10:09:57.252 31858 31858 D InputMethodManager: SSI - flag : 0 Pid : 31858 view : cz.gienger.mobile
04-12 10:09:57.256 31858 31858 W IInputConnectionWrapper: finishComposingText on inactive InputConnection
04-12 10:10:06.236 31858 31858 D ViewRootImpl@8bac1b5[CartActivity]: ViewPostImeInputStage processPointer 0
04-12 10:10:06.296 31858 31858 D ViewRootImpl@8bac1b5[CartActivity]: ViewPostImeInputStage processPointer 1
04-12 10:10:06.322 31858 31858 V InputMethodManager: Starting input: tba=android.view.inputmethod.EditorInfo@ccae9bf nm : cz.gienger.mobile ic=com.android.internal.widget.EditableInputConnection@e57e88c
04-12 10:10:06.322 31858 31858 I InputMethodManager: startInputInner - mService.startInputOrWindowGainedFocus
04-12 10:10:06.325 31858 31858 D InputTransport: Input channel constructed: fd=68
04-12 10:10:06.325 31858 31858 D InputTransport: Input channel destroyed: fd=67
04-12 10:10:06.325 31858 31858 D InputMethodManager: SSI - flag : 0 Pid : 31858 view : cz.gienger.mobile
04-12 10:10:06.330 31858 31858 W IInputConnectionWrapper: finishComposingText on inactive InputConnection
04-12 10:10:09.519 31858 31858 D ViewRootImpl@8bac1b5[CartActivity]: ViewPostImeInputStage processPointer 0
04-12 10:10:09.552 31858 31858 D AbsListView: reportScrollStateChange() newState : 1
04-12 10:10:09.917 31858 31858 D ViewRootImpl@8bac1b5[CartActivity]: ViewPostImeInputStage processPointer 1
04-12 10:10:09.917 31858 31858 D AbsListView: onTouchUp() mTouchMode : 3
04-12 10:10:09.917 31858 31858 D AbsListView: onTouchUp() TOUCH_MODE_SCROLL initialVelocity : -1205
04-12 10:10:09.917 31858 31858 D AbsListView: reportScrollStateChange() newState : 2
04-12 10:10:10.267 31858 31858 D AbsListView: reportScrollStateChange() newState : 0
04-12 10:10:11.450 31858 31858 D ViewRootImpl@8bac1b5[CartActivity]: ViewPostImeInputStage processPointer 0
04-12 10:10:11.508 31858 31858 D ViewRootImpl@8bac1b5[CartActivity]: ViewPostImeInputStage processPointer 1
04-12 10:10:11.562 31858 31858 D ScrollView: initGoToTop
04-12 10:10:11.567 31858 31858 D ScrollView: initGoToTop
04-12 10:10:11.576 31858 31858 D ViewRootImpl@dbe6abb[CartActivity]: ThreadedRenderer.create() translucent=true
04-12 10:10:11.583 31858 31858 D InputTransport: Input channel constructed: fd=67
04-12 10:10:11.583 31858 31858 D ViewRootImpl@dbe6abb[CartActivity]: setView = DecorView@63a9bd8[CartActivity] touchMode=true
04-12 10:10:11.589 31858 31858 D ViewRootImpl@dbe6abb[CartActivity]: dispatchAttachedToWindow
04-12 10:10:11.631 31858 31858 D ViewRootImpl@dbe6abb[CartActivity]: Relayout returned: oldFrame=[0,0][0,0] newFrame=[194,258][574,790] result=0x27 surface={isValid=true -1856159744} surfaceGenerationChanged=true
04-12 10:10:11.631 31858 31858 D ViewRootImpl@dbe6abb[CartActivity]: mHardwareRenderer.initialize() mSurface={isValid=true -1856159744} hwInitialized=true
04-12 10:10:11.640 31858 31858 D ScrollView: onsize change changed
04-12 10:10:11.643 31858 31858 D ViewRootImpl@dbe6abb[CartActivity]: MSG_WINDOW_FOCUS_CHANGED 1
04-12 10:10:11.644 31858 31858 D ViewRootImpl@dbe6abb[CartActivity]: mHardwareRenderer.initializeIfNeeded()#2 mSurface={isValid=true -1856159744}
04-12 10:10:11.673 31858 31858 D ViewRootImpl@dbe6abb[CartActivity]: MSG_RESIZED_REPORT: frame=Rect(194, 258 - 574, 790) ci=Rect(0, 0 - 0, 0) vi=Rect(0, 0 - 0, 0) or=1
04-12 10:10:11.702 31858 31858 D ViewRootImpl@8bac1b5[CartActivity]: MSG_WINDOW_FOCUS_CHANGED 0
04-12 10:10:12.460 31858 31858 D ViewRootImpl@dbe6abb[CartActivity]: ViewPostImeInputStage processPointer 0
04-12 10:10:12.538 31858 31858 D ViewRootImpl@dbe6abb[CartActivity]: ViewPostImeInputStage processPointer 1
04-12 10:10:13.040 31858 31858 D ViewRootImpl@dbe6abb[CartActivity]: ViewPostImeInputStage processPointer 0
04-12 10:10:13.099 31858 31858 D ViewRootImpl@dbe6abb[CartActivity]: ViewPostImeInputStage processPointer 1
04-12 10:10:13.138 31858 31858 D ViewRootImpl@dbe6abb[CartActivity]: mHardwareRenderer.destroy()#4
04-12 10:10:13.138 31858 31858 D ViewRootImpl@dbe6abb[CartActivity]: dispatchDetachedFromWindow
04-12 10:10:13.148 31858 31858 D InputTransport: Input channel destroyed: fd=67
04-12 10:10:13.152 31858 31858 D ViewRootImpl@8bac1b5[CartActivity]: MSG_WINDOW_FOCUS_CHANGED 1
04-12 10:10:13.152 31858 31858 D ViewRootImpl@8bac1b5[CartActivity]: mHardwareRenderer.initializeIfNeeded()#2 mSurface={isValid=true -1856126976}
04-12 10:10:13.175 31858 31858 V InputMethodManager: Starting input: tba=android.view.inputmethod.EditorInfo@f112dee nm : cz.gienger.mobile ic=com.android.internal.widget.EditableInputConnection@a63428f
04-12 10:10:13.176 31858 31858 I InputMethodManager: startInputInner - mService.startInputOrWindowGainedFocus
04-12 10:10:13.180 31858 31858 D InputTransport: Input channel constructed: fd=67
04-12 10:10:13.180 31858 31858 D InputTransport: Input channel destroyed: fd=68
04-12 10:10:13.181 31858 31858 E ViewRootImpl: sendUserActionEvent() returned.
04-12 10:10:13.192 31858 31858 W IInputConnectionWrapper: finishComposingText on inactive InputConnection
04-12 10:10:13.918 31858 31858 D ViewRootImpl@8bac1b5[CartActivity]: ViewPostImeInputStage processPointer 0
04-12 10:10:13.978 31858 31858 D ViewRootImpl@8bac1b5[CartActivity]: ViewPostImeInputStage processPointer 1
04-12 10:10:14.000 31858 31858 V InputMethodManager: Starting input: tba=android.view.inputmethod.EditorInfo@3e63afa nm : cz.gienger.mobile ic=com.android.internal.widget.EditableInputConnection@65b78ab
04-12 10:10:14.000 31858 31858 I InputMethodManager: startInputInner - mService.startInputOrWindowGainedFocus
04-12 10:10:14.001 31858 31858 D InputTransport: Input channel constructed: fd=68
04-12 10:10:14.001 31858 31858 D InputTransport: Input channel destroyed: fd=67
04-12 10:10:14.002 31858 31858 D InputMethodManager: SSI - flag : 0 Pid : 31858 view : cz.gienger.mobile
04-12 10:10:14.006 31858 31858 W IInputConnectionWrapper: finishComposingText on inactive InputConnection
04-12 10:10:16.074 31858 31858 D ViewRootImpl@8bac1b5[CartActivity]: ViewPostImeInputStage processPointer 0
04-12 10:10:16.122 31858 31858 D ViewRootImpl@8bac1b5[CartActivity]: ViewPostImeInputStage processPointer 1
04-12 10:10:16.144 31858 31858 V InputMethodManager: Starting input: tba=android.view.inputmethod.EditorInfo@afd2f52 nm : cz.gienger.mobile ic=com.android.internal.widget.EditableInputConnection@da45223
04-12 10:10:16.144 31858 31858 I InputMethodManager: startInputInner - mService.startInputOrWindowGainedFocus
04-12 10:10:16.146 31858 31858 D InputTransport: Input channel constructed: fd=67
04-12 10:10:16.146 31858 31858 D InputTransport: Input channel destroyed: fd=68
04-12 10:10:16.146 31858 31858 D InputMethodManager: SSI - flag : 0 Pid : 31858 view : cz.gienger.mobile
04-12 10:10:16.150 31858 31858 W IInputConnectionWrapper: finishComposingText on inactive InputConnection
04-12 10:10:17.941 31858 31858 D ViewRootImpl@8bac1b5[CartActivity]: ViewPostImeInputStage processPointer 0
04-12 10:10:18.014 31858 31858 D ViewRootImpl@8bac1b5[CartActivity]: ViewPostImeInputStage processPointer 1
04-12 10:10:18.036 31858 31858 V InputMethodManager: Starting input: tba=android.view.inputmethod.EditorInfo@bc356aa nm : cz.gienger.mobile ic=com.android.internal.widget.EditableInputConnection@80fe29b
04-12 10:10:18.036 31858 31858 I InputMethodManager: startInputInner - mService.startInputOrWindowGainedFocus
04-12 10:10:18.038 31858 31858 D InputTransport: Input channel constructed: fd=68
04-12 10:10:18.038 31858 31858 D InputTransport: Input channel destroyed: fd=67
04-12 10:10:18.038 31858 31858 D InputMethodManager: SSI - flag : 0 Pid : 31858 view : cz.gienger.mobile
04-12 10:10:18.043 31858 31858 W IInputConnectionWrapper: finishComposingText on inactive InputConnection
04-12 10:10:20.739 31858 31858 D ViewRootImpl@8bac1b5[CartActivity]: ViewPostImeInputStage processPointer 0
04-12 10:10:20.823 31858 31858 D ViewRootImpl@8bac1b5[CartActivity]: ViewPostImeInputStage processPointer 1
04-12 10:10:20.830 31858 31858 D View : requestFocusFromTouch
04-12 10:10:20.855 31858 31858 D ScrollView: initGoToTop
04-12 10:10:20.859 31858 31858 D ScrollView: initGoToTop
04-12 10:10:20.868 31858 31858 D ViewRootImpl@fe6d814[CartActivity]: ThreadedRenderer.create() translucent=true
04-12 10:10:20.875 31858 31858 D InputTransport: Input channel constructed: fd=67
04-12 10:10:20.875 31858 31858 D ViewRootImpl@fe6d814[CartActivity]: setView = DecorView@e9848bd[CartActivity] touchMode=false
04-12 10:10:20.877 31858 31858 V InputMethodManager: Starting input: tba=android.view.inputmethod.EditorInfo@c2ebeb2 nm : cz.gienger.mobile ic=null
04-12 10:10:20.877 31858 31858 I InputMethodManager: startInputInner - mService.startInputOrWindowGainedFocus
04-12 10:10:20.879 31858 31858 D InputTransport: Input channel constructed: fd=69
04-12 10:10:20.879 31858 31858 D InputTransport: Input channel destroyed: fd=68
04-12 10:10:20.882 31858 31858 D ViewRootImpl@fe6d814[CartActivity]: dispatchAttachedToWindow
04-12 10:10:20.916 31858 31858 D ViewRootImpl@fe6d814[CartActivity]: Relayout returned: oldFrame=[0,0][0,0] newFrame=[108,450][660,597] result=0x26 surface={isValid=true -1852043264} surfaceGenerationChanged=true
04-12 10:10:20.916 31858 31858 D ViewRootImpl@fe6d814[CartActivity]: mHardwareRenderer.initialize() mSurface={isValid=true -1852043264} hwInitialized=true
04-12 10:10:20.920 31858 31858 D ScrollView: onsize change changed
04-12 10:10:20.920 31858 31858 D ScrollView: onsize change changed
04-12 10:10:20.921 31858 31858 D ViewRootImpl@fe6d814[CartActivity]: MSG_WINDOW_FOCUS_CHANGED 1
04-12 10:10:20.922 31858 31858 D ViewRootImpl@fe6d814[CartActivity]: mHardwareRenderer.initializeIfNeeded()#2 mSurface={isValid=true -1852043264}
04-12 10:10:20.922 31858 31858 V InputMethodManager: Not IME target window, ignoring
04-12 10:10:20.922 31858 31858 W IInputConnectionWrapper: finishComposingText on inactive InputConnection
04-12 10:10:20.938 31858 31858 D ViewRootImpl@fe6d814[CartActivity]: MSG_RESIZED_REPORT: frame=Rect(108, 450 - 660, 597) ci=Rect(0, 0 - 0, 0) vi=Rect(0, 0 - 0, 0) or=1
04-12 10:10:20.979 31858 31858 D ViewRootImpl@8bac1b5[CartActivity]: MSG_WINDOW_FOCUS_CHANGED 0
04-12 10:10:21.713 31858 31858 D ViewRootImpl@fe6d814[CartActivity]: ViewPostImeInputStage processPointer 0
04-12 10:10:21.769 31858 31858 D ViewRootImpl@fe6d814[CartActivity]: ViewPostImeInputStage processPointer 1
04-12 10:10:21.801 31858 31858 D ScrollView: initGoToTop
04-12 10:10:21.806 31858 31858 D ScrollView: initGoToTop
04-12 10:10:21.817 31858 31858 D ViewRootImpl@ed80047[CartActivity]: ThreadedRenderer.create() translucent=true
04-12 10:10:21.822 31858 31858 D InputTransport: Input channel constructed: fd=85
04-12 10:10:21.823 31858 31858 D ViewRootImpl@ed80047[CartActivity]: setView = DecorView@ff7f074[CartActivity] touchMode=true
04-12 10:10:21.834 31858 31875 D OpenGLRenderer: endAllActiveAnimators on 0x905d0a80 (RippleDrawable) with handle 0x9016ffc0
04-12 10:10:21.835 31858 31858 D ViewRootImpl@fe6d814[CartActivity]: mHardwareRenderer.destroy()#4
04-12 10:10:21.835 31858 31858 D ViewRootImpl@fe6d814[CartActivity]: dispatchDetachedFromWindow
04-12 10:10:21.853 31858 31858 D InputTransport: Input channel destroyed: fd=67
04-12 10:10:21.855 31858 31858 D ViewRootImpl@ed80047[CartActivity]: dispatchAttachedToWindow
04-12 10:10:21.893 31858 31858 D ViewRootImpl@ed80047[CartActivity]: Relayout returned: oldFrame=[0,0][0,0] newFrame=[108,466][660,582] result=0x27 surface={isValid=true -1852043264} surfaceGenerationChanged=true
04-12 10:10:21.893 31858 31858 D ViewRootImpl@ed80047[CartActivity]: mHardwareRenderer.initialize() mSurface={isValid=true -1852043264} hwInitialized=true
04-12 10:10:21.900 31858 31858 D ViewRootImpl@ed80047[CartActivity]: MSG_WINDOW_FOCUS_CHANGED 1
04-12 10:10:21.900 31858 31858 D ViewRootImpl@ed80047[CartActivity]: mHardwareRenderer.initializeIfNeeded()#2 mSurface={isValid=true -1852043264}
04-12 10:10:21.912 31858 31858 D ViewRootImpl@ed80047[CartActivity]: MSG_RESIZED_REPORT: frame=Rect(108, 466 - 660, 582) ci=Rect(0, 0 - 0, 0) vi=Rect(0, 0 - 0, 0) or=1
04-12 10:10:21.928 31858 31858 E ViewRootImpl: sendUserActionEvent() returned.
04-12 10:10:22.777 31858 31868 I art : Background partial concurrent mark sweep GC freed 329707(10MB) AllocSpace objects, 15(464KB) LOS objects, 49% free, 12MB/24MB, paused 899us total 138.906ms
04-12 10:10:24.436 31858 31868 I art : Background partial concurrent mark sweep GC freed 136673(3MB) AllocSpace objects, 12(1272KB) LOS objects, 40% free, 20MB/34MB, paused 1.043ms total 122.137ms
04-12 10:10:25.274 31858 31868 I art : Background sticky concurrent mark sweep GC freed 382496(11MB) AllocSpace objects, 33(1556KB) LOS objects, 33% free, 22MB/34MB, paused 1.056ms total 115.401ms
04-12 10:10:25.417 31858 31858 D ViewRootImpl@ed80047[CartActivity]: mHardwareRenderer.destroy()#4
04-12 10:10:25.417 31858 31858 D ViewRootImpl@ed80047[CartActivity]: dispatchDetachedFromWindow
04-12 10:10:25.430 31858 31858 D InputTransport: Input channel destroyed: fd=85
04-12 10:10:25.467 31858 31858 D ViewRootImpl@8bac1b5[CartActivity]: MSG_WINDOW_FOCUS_CHANGED 1
04-12 10:10:25.468 31858 31858 V InputMethodManager: Not IME target window, ignoring
04-12 10:10:25.468 31858 31858 D ViewRootImpl@8bac1b5[CartActivity]: mHardwareRenderer.initializeIfNeeded()#2 mSurface={isValid=true -1856126976}
04-12 10:10:25.484 31858 31858 V InputMethodManager: Starting input: tba=android.view.inputmethod.EditorInfo@a2c9e21 nm : cz.gienger.mobile ic=null
04-12 10:10:25.484 31858 31858 I InputMethodManager: startInputInner - mService.startInputOrWindowGainedFocus
04-12 10:10:25.487 31858 31858 D InputTransport: Input channel constructed: fd=67
04-12 10:10:25.487 31858 31858 D InputTransport: Input channel destroyed: fd=69
04-12 10:10:25.487 31858 31858 E ViewRootImpl: sendUserActionEvent() returned.
04-12 10:10:25.487 31858 31858 D ViewRootImpl@8bac1b5[CartActivity]: MSG_WINDOW_FOCUS_CHANGED 0
04-12 10:10:26.528 31858 31858 D ViewRootImpl@8bac1b5[CartActivity]: mHardwareRenderer.destroy()#1
04-12 10:10:26.545 31858 31858 D ViewRootImpl@8bac1b5[CartActivity]: Relayout returned: oldFrame=[0,0][768,1024] newFrame=[0,0][768,1024] result=0x5 surface={isValid=false 0} surfaceGenerationChanged=true
04-12 10:10:26.545 31858 31858 D InputTransport: Input channel destroyed: fd=67
04-12 10:10:26.911 31858 31858 D ViewRootImpl@8bac1b5[CartActivity]: Relayout returned: oldFrame=[0,0][768,1024] newFrame=[0,0][768,1024] result=0x5 surface={isValid=false 0} surfaceGenerationChanged=false
04-12 10:11:10.192 31858 31858 D Graph : removeVertex() : insertDummyVertex, because there is no ancestor.
04-12 10:11:10.213 31858 31872 W art : Clearing bad or obsolete profile data from file /data/misc/profiles/cur/0/cz.gienger.mobile/primary.prof: Profile EOF reached prematurely for ReadProfileHeader
04-12 10:11:10.238 31858 31858 D ViewRootImpl@1eed9e7[PdfArchiveActivity]: ThreadedRenderer.create() translucent=true
04-12 10:11:10.241 31858 31858 D InputTransport: Input channel constructed: fd=61
04-12 10:11:10.241 31858 31858 D ViewRootImpl@1eed9e7[PdfArchiveActivity]: setView = DecorView@8c15994[PdfArchiveActivity] touchMode=true
04-12 10:11:10.250 31858 31858 D ViewRootImpl@1eed9e7[PdfArchiveActivity]: dispatchAttachedToWindow
04-12 10:11:10.275 31858 31858 D ViewRootImpl@1eed9e7[PdfArchiveActivity]: Relayout returned: oldFrame=[0,0][0,0] newFrame=[241,456][527,568] result=0x27 surface={isValid=true -1852043264} surfaceGenerationChanged=true
04-12 10:11:10.275 31858 31858 D ViewRootImpl@1eed9e7[PdfArchiveActivity]: mHardwareRenderer.initialize() mSurface={isValid=true -1852043264} hwInitialized=true
04-12 10:11:10.279 31858 31858 D ViewRootImpl@1eed9e7[PdfArchiveActivity]: MSG_RESIZED_REPORT: frame=Rect(241, 456 - 527, 568) ci=Rect(0, 0 - 0, 0) vi=Rect(0, 0 - 0, 0) or=1
04-12 10:11:10.279 31858 31858 D ViewRootImpl@1eed9e7[PdfArchiveActivity]: MSG_WINDOW_FOCUS_CHANGED 1
04-12 10:11:10.279 31858 31858 D ViewRootImpl@1eed9e7[PdfArchiveActivity]: mHardwareRenderer.initializeIfNeeded()#2 mSurface={isValid=true -1852043264}
04-12 10:11:10.280 31858 31858 V InputMethodManager: Starting input: tba=android.view.inputmethod.EditorInfo@166c3d nm : cz.gienger.mobile ic=null
04-12 10:11:10.280 31858 31858 I InputMethodManager: startInputInner - mService.startInputOrWindowGainedFocus
04-12 10:11:10.283 31858 31858 D InputTransport: Input channel constructed: fd=67
04-12 10:11:11.336 31858 31858 D ViewRootImpl@1eed9e7[PdfArchiveActivity]: mHardwareRenderer.destroy()#1
04-12 10:11:11.352 31858 31858 D ViewRootImpl@1eed9e7[PdfArchiveActivity]: Relayout returned: oldFrame=[241,456][527,568] newFrame=[241,456][527,568] result=0x5 surface={isValid=false 0} surfaceGenerationChanged=true
04-12 10:11:11.352 31858 31858 D ViewRootImpl@1eed9e7[PdfArchiveActivity]: MSG_WINDOW_FOCUS_CHANGED 0
04-12 10:11:11.371 31858 31858 D ViewRootImpl@8bac1b5[CartActivity]: mHardwareRenderer.destroy()#1
04-12 10:11:11.385 31858 31858 D ViewRootImpl@8bac1b5[CartActivity]: Relayout returned: oldFrame=[0,0][768,1024] newFrame=[0,0][768,1024] result=0x1 surface={isValid=false 0} surfaceGenerationChanged=false
04-12 10:11:11.512 31858 31858 D InputTransport: Input channel destroyed: fd=67
04-12 10:11:11.533 31858 31858 D ViewRootImpl@8bac1b5[CartActivity]: Relayout returned: oldFrame=[0,0][768,1024] newFrame=[0,0][768,1024] result=0x7 surface={isValid=true -1852043264} surfaceGenerationChanged=true
04-12 10:11:11.533 31858 31858 D ViewRootImpl@8bac1b5[CartActivity]: mHardwareRenderer.initialize() mSurface={isValid=true -1852043264} hwInitialized=true
04-12 10:11:11.545 31858 31858 D AbsListView: in onLayout changed
04-12 10:11:11.563 31858 13562 D MYINTERCEPTOR: /GiengerService.svc/uploadfinishedorder
04-12 10:11:11.564 31858 13562 D OkHttp : --> POST https://testsaig1.gienger.cz/GiengerService.svc/uploadfinishedorder http/1.1
04-12 10:11:11.564 31858 13562 D OkHttp : Content-Type: text/raw
04-12 10:11:11.564 31858 13562 D OkHttp : Content-Length: 123151
04-12 10:11:11.564 31858 13562 D OkHttp : filename: 0f2f2ca6-2ecb-40e9-b9d7-e169bd69e391.xml
04-12 10:11:11.564 31858 13562 D OkHttp : Checksum: 2ee3bbfa3b77c7b07451dd6aff94ab35
04-12 10:11:11.565 31858 13562 D OkHttp : token: 36a781f288016657a588ebbc8c5384a8
04-12 10:11:11.565 31858 13562 D OkHttp : state: CZ
04-12 10:11:11.565 31858 13562 D OkHttp : --> END POST
04-12 10:11:11.568 31858 31858 D ViewRootImpl@654ed13[CategoryListActivity]: mHardwareRenderer.destroy()#4
04-12 10:11:11.568 31858 31858 D ViewRootImpl@654ed13[CategoryListActivity]: dispatchDetachedFromWindow
04-12 10:11:11.577 31858 31858 D InputTransport: Input channel destroyed: fd=70
04-12 10:11:11.598 31858 31858 D ViewRootImpl@f04db78[ArticleListActivity]: mHardwareRenderer.destroy()#4
04-12 10:11:11.598 31858 31858 D ViewRootImpl@f04db78[ArticleListActivity]: dispatchDetachedFromWindow
04-12 10:11:11.604 31858 31858 D InputTransport: Input channel destroyed: fd=65
04-12 10:11:11.653 31858 31858 D LOCATION_SERVICE: onDestroy
04-12 10:11:11.935 31858 31858 D ViewRootImpl@500da9f[MainActivity]: Relayout returned: oldFrame=[0,0][768,1024] newFrame=[0,0][768,1024] result=0x7 surface={isValid=true -1851316224} surfaceGenerationChanged=true
04-12 10:11:11.935 31858 31858 D ViewRootImpl@500da9f[MainActivity]: mHardwareRenderer.initialize() mSurface={isValid=true -1851316224} hwInitialized=true
04-12 10:11:12.010 31858 31858 D AbsListView: in onLayout changed
04-12 10:11:12.035 31858 31858 D ViewRootImpl@500da9f[MainActivity]: MSG_WINDOW_FOCUS_CHANGED 1
04-12 10:11:12.035 31858 31858 D ViewRootImpl@500da9f[MainActivity]: mHardwareRenderer.initializeIfNeeded()#2 mSurface={isValid=true -1851316224}
04-12 10:11:12.037 31858 31858 V InputMethodManager: Starting input: tba=android.view.inputmethod.EditorInfo@6338fbd nm : cz.gienger.mobile ic=null
04-12 10:11:12.037 31858 31858 I InputMethodManager: startInputInner - mService.startInputOrWindowGainedFocus
04-12 10:11:12.058 31858 31858 D InputTransport: Input channel constructed: fd=73
04-12 10:11:12.095 31858 31858 D ViewRootImpl@8bac1b5[CartActivity]: mHardwareRenderer.destroy()#1
04-12 10:11:12.105 31858 31858 D ViewRootImpl@8bac1b5[CartActivity]: Relayout returned: oldFrame=[0,0][768,1024] newFrame=[0,0][768,1024] result=0x5 surface={isValid=false 0} surfaceGenerationChanged=true
04-12 10:11:12.132 31858 31858 D ViewRootImpl@1eed9e7[PdfArchiveActivity]: mHardwareRenderer.destroy()#4
04-12 10:11:12.132 31858 31858 D ViewRootImpl@1eed9e7[PdfArchiveActivity]: dispatchDetachedFromWindow
04-12 10:11:12.141 31858 31858 D InputTransport: Input channel destroyed: fd=61
04-12 10:11:12.297 31858 13562 D OkHttp : <-- 200 https://testsaig1.gienger.cz/GiengerService.svc/uploadfinishedorder (731ms)
04-12 10:11:12.297 31858 13562 D OkHttp : content-type: application/xml; charset=utf-8
04-12 10:11:12.297 31858 13562 D OkHttp : server: Microsoft-IIS/10.0
04-12 10:11:12.297 31858 13562 D OkHttp : x-powered-by: ASP.NET
04-12 10:11:12.297 31858 13562 D OkHttp : date: Fri, 12 Apr 2019 08:11:10 GMT
04-12 10:11:12.297 31858 13562 D OkHttp : content-length: 175
04-12 10:11:12.297 31858 13562 D OkHttp : <-- END HTTP
04-12 10:11:12.470 31858 31858 D TextView: SYANI: Clipboard API is calling: clearFilter()
04-12 10:11:12.470 31858 31858 D TextView: SYANI: Clipboard API is calling: unregisterClipboardEventListener()
04-12 10:11:12.472 31858 31858 D TextView: SYANI: Clipboard API is calling: clearFilter()
04-12 10:11:12.472 31858 31858 D TextView: SYANI: Clipboard API is calling: unregisterClipboardEventListener()
04-12 10:11:12.474 31858 31858 D TextView: SYANI: Clipboard API is calling: clearFilter()
04-12 10:11:12.474 31858 31858 D TextView: SYANI: Clipboard API is calling: unregisterClipboardEventListener()
04-12 10:11:12.479 31858 31858 D TextView: SYANI: Clipboard API is calling: clearFilter()
04-12 10:11:12.479 31858 31858 D TextView: SYANI: Clipboard API is calling: unregisterClipboardEventListener()
04-12 10:11:12.480 31858 31858 D TextView: SYANI: Clipboard API is calling: clearFilter()
04-12 10:11:12.480 31858 31858 D TextView: SYANI: Clipboard API is calling: unregisterClipboardEventListener()
04-12 10:11:12.481 31858 31858 D TextView: SYANI: Clipboard API is calling: clearFilter()
04-12 10:11:12.481 31858 31858 D TextView: SYANI: Clipboard API is calling: unregisterClipboardEventListener()
04-12 10:11:12.484 31858 31858 D TextView: SYANI: Clipboard API is calling: clearFilter()
04-12 10:11:12.484 31858 31858 D TextView: SYANI: Clipboard API is calling: unregisterClipboardEventListener()
04-12 10:11:12.486 31858 31858 D TextView: SYANI: Clipboard API is calling: clearFilter()
04-12 10:11:12.486 31858 31858 D TextView: SYANI: Clipboard API is calling: unregisterClipboardEventListener()
04-12 10:11:12.486 31858 31858 D TextView: SYANI: Clipboard API is calling: clearFilter()
04-12 10:11:12.486 31858 31858 D TextView: SYANI: Clipboard API is calling: unregisterClipboardEventListener()
04-12 10:11:12.487 31858 31858 D TextView: SYANI: Clipboard API is calling: clearFilter()
04-12 10:11:12.487 31858 31858 D TextView: SYANI: Clipboard API is calling: unregisterClipboardEventListener()
04-12 10:11:12.488 31858 31858 D TextView: SYANI: Clipboard API is calling: clearFilter()
04-12 10:11:12.488 31858 31858 D TextView: SYANI: Clipboard API is calling: unregisterClipboardEventListener()
04-12 10:11:12.494 31858 31858 D ViewRootImpl@8bac1b5[CartActivity]: mHardwareRenderer.destroy()#4
04-12 10:11:12.494 31858 31858 D ViewRootImpl@8bac1b5[CartActivity]: dispatchDetachedFromWindow
04-12 10:11:12.503 31858 31858 D InputTransport: Input channel destroyed: fd=64
04-12 10:11:13.476 31858 31858 D ViewRootImpl@500da9f[MainActivity]: ViewPostImeInputStage processPointer 0
04-12 10:11:13.526 31858 31858 D AbsListView: reportScrollStateChange() newState : 1
04-12 10:11:13.821 31858 31858 D ViewRootImpl@500da9f[MainActivity]: ViewPostImeInputStage processPointer 1
04-12 10:11:13.822 31858 31858 D AbsListView: onTouchUp() mTouchMode : 3
04-12 10:11:13.822 31858 31858 D AbsListView: onTouchUp() TOUCH_MODE_SCROLL initialVelocity : -2450
04-12 10:11:13.822 31858 31858 D AbsListView: reportScrollStateChange() newState : 2
04-12 10:11:14.320 31858 31858 D ViewRootImpl@500da9f[MainActivity]: ViewPostImeInputStage processPointer 0
04-12 10:11:14.410 31858 31858 D ViewRootImpl@500da9f[MainActivity]: ViewPostImeInputStage processPointer 1
04-12 10:11:14.411 31858 31858 D AbsListView: onTouchUp() mTouchMode : 3
04-12 10:11:14.411 31858 31858 D AbsListView: onTouchUp() TOUCH_MODE_SCROLL initialVelocity : -4038
04-12 10:11:15.359 31858 31858 D ViewRootImpl@500da9f[MainActivity]: ViewPostImeInputStage processPointer 0
04-12 10:11:15.402 31858 31858 D AbsListView: reportScrollStateChange() newState : 0
04-12 10:11:15.403 31858 31858 D AbsListView: reportScrollStateChange() newState : 1
04-12 10:11:15.430 31858 31858 D ViewRootImpl@500da9f[MainActivity]: ViewPostImeInputStage processPointer 1
04-12 10:11:15.430 31858 31858 D AbsListView: onTouchUp() mTouchMode : 3
04-12 10:11:15.430 31858 31858 D AbsListView: onTouchUp() TOUCH_MODE_SCROLL initialVelocity : 6835
04-12 10:11:15.430 31858 31858 D AbsListView: reportScrollStateChange() newState : 2
04-12 10:11:16.483 31858 31858 D AbsListView: reportScrollStateChange() newState : 0
04-12 10:11:55.368 31858 31858 V InputMethodManager: Starting input: tba=android.view.inputmethod.EditorInfo@88e6ab9 nm : cz.gienger.mobile ic=null
04-12 10:11:55.368 31858 31858 I InputMethodManager: startInputInner - mService.startInputOrWindowGainedFocus
04-12 10:11:55.372 31858 31858 D InputTransport: Input channel constructed: fd=64
04-12 10:11:55.372 31858 31858 D InputTransport: Input channel destroyed: fd=73
04-12 10:17:00.590 31858 13645 D MESSAGE_SERVICE: ACTION_RESEND_ORDERS
04-12 10:24:23.807 31858 31858 V InputMethodManager: Starting input: tba=android.view.inputmethod.EditorInfo@ce5c97b nm : cz.gienger.mobile ic=null
04-12 10:24:23.807 31858 31858 I InputMethodManager: startInputInner - mService.startInputOrWindowGainedFocus
04-12 10:24:23.810 31858 31858 D InputTransport: Input channel constructed: fd=65
04-12 10:24:23.810 31858 31858 D InputTransport: Input channel destroyed: fd=64
04-12 10:24:24.239 31858 31858 D ViewRootImpl@500da9f[MainActivity]: Relayout returned: oldFrame=[0,0][768,1024] newFrame=[0,0][768,1024] result=0x1 surface={isValid=true -1851316224} surfaceGenerationChanged=false
04-12 10:24:24.300 31858 31858 D AbsListView: in onLayout changed
04-12 10:24:24.315 31858 31858 D ViewRootImpl@500da9f[MainActivity]: MSG_RESIZED_REPORT: frame=Rect(0, 0 - 768, 1024) ci=Rect(0, 24 - 0, 0) vi=Rect(0, 24 - 0, 0) or=1
04-12 10:24:39.609 31858 31858 D ViewRootImpl@500da9f[MainActivity]: ViewPostImeInputStage processPointer 0
04-12 10:24:39.730 31858 31858 D ViewRootImpl@500da9f[MainActivity]: ViewPostImeInputStage processPointer 1
04-12 10:24:39.731 31858 31858 D AbsListView: onTouchUp() mTouchMode : 2
04-12 10:24:39.738 31858 31858 D item_click: viewId = -1, position = 1
04-12 10:24:39.799 31858 31858 D ViewRootImpl@500da9f[MainActivity]: MSG_WINDOW_FOCUS_CHANGED 0
04-12 10:24:39.946 31858 31858 D ViewRootImpl@9995a8a[DeliverActivity]: ThreadedRenderer.create() translucent=false
04-12 10:24:39.949 31858 31858 D InputTransport: Input channel constructed: fd=64
04-12 10:24:39.950 31858 31858 D ViewRootImpl@9995a8a[DeliverActivity]: setView = DecorView@9dc8fb[DeliverActivity] touchMode=true
04-12 10:24:39.955 31858 31858 D ViewRootImpl@9995a8a[DeliverActivity]: dispatchAttachedToWindow
04-12 10:24:39.994 31858 31858 D ViewRootImpl@9995a8a[DeliverActivity]: Relayout returned: oldFrame=[0,0][0,0] newFrame=[0,0][768,1024] result=0x27 surface={isValid=true -1879371776} surfaceGenerationChanged=true
04-12 10:24:39.995 31858 31858 D ViewRootImpl@9995a8a[DeliverActivity]: mHardwareRenderer.initialize() mSurface={isValid=true -1879371776} hwInitialized=true
04-12 10:24:40.002 31858 31858 D LOCATION_SERVICE: LocationListener gps
04-12 10:24:40.003 31858 31858 D LOCATION_SERVICE: LocationListener network
04-12 10:24:40.004 31858 31858 D LOCATION_SERVICE: onCreate
04-12 10:24:40.005 31858 31858 D LOCATION_SERVICE: initializeLocationManager
04-12 10:24:40.014 31858 31858 D LOCATION_SERVICE: onStartCommand
04-12 10:24:40.070 31858 31858 D ViewRootImpl@9995a8a[DeliverActivity]: MSG_RESIZED_REPORT: frame=Rect(0, 0 - 768, 1024) ci=Rect(0, 24 - 0, 0) vi=Rect(0, 24 - 0, 0) or=1
04-12 10:24:40.071 31858 31858 D ViewRootImpl@9995a8a[DeliverActivity]: MSG_WINDOW_FOCUS_CHANGED 1
04-12 10:24:40.071 31858 31858 D ViewRootImpl@9995a8a[DeliverActivity]: mHardwareRenderer.initializeIfNeeded()#2 mSurface={isValid=true -1879371776}
04-12 10:24:40.072 31858 31858 V InputMethodManager: Starting input: tba=android.view.inputmethod.EditorInfo@429730 nm : cz.gienger.mobile ic=null
04-12 10:24:40.072 31858 31858 I InputMethodManager: startInputInner - mService.startInputOrWindowGainedFocus
04-12 10:24:40.092 31858 31858 D InputTransport: Input channel constructed: fd=59
04-12 10:24:40.092 31858 31858 D InputTransport: Input channel destroyed: fd=65
04-12 10:24:40.126 31858 13729 D FILE_MANAGER: Copying file /data/user/0/cz.gienger.mobile/files/delivery/130AT1180325844/130AT1180325844.pdf to /storage/emulated/0/130AT1180325844.pdf
04-12 10:24:40.141 31858 31875 D OpenGLRenderer: endAllActiveAnimators on 0x90ba5c80 (ListView) with handle 0x90df55f0
04-12 10:24:40.142 31858 31858 D ViewRootImpl@500da9f[MainActivity]: mHardwareRenderer.destroy()#1
04-12 10:24:40.150 31858 31858 D ViewRootImpl@500da9f[MainActivity]: Relayout returned: oldFrame=[0,0][768,1024] newFrame=[0,0][768,1024] result=0x5 surface={isValid=false 0} surfaceGenerationChanged=true
04-12 10:24:40.152 31858 31858 D LOCATION_SERVICE: onLocationChanged: Location[network 49,191133,17,534568 acc=22 et=+2d23h50m40s599ms alt=0.0 vel=0.0 bear=0.0 {Bundle[mParcelledData.dataSize=80]}]
04-12 10:24:40.560 31858 31858 D ViewRootImpl@500da9f[MainActivity]: Relayout returned: oldFrame=[0,0][768,1024] newFrame=[0,0][768,1024] result=0x5 surface={isValid=false 0} surfaceGenerationChanged=false
04-12 10:24:40.638 31858 13729 D FILE_MANAGER: copy ok
04-12 10:25:19.618 31858 31858 V InputMethodManager: Starting input: tba=android.view.inputmethod.EditorInfo@58b2fa9 nm : cz.gienger.mobile ic=null
04-12 10:25:19.619 31858 31858 I InputMethodManager: startInputInner - mService.startInputOrWindowGainedFocus
04-12 10:25:19.620 31858 31858 D InputTransport: Input channel constructed: fd=67
04-12 10:25:19.620 31858 31858 D InputTransport: Input channel destroyed: fd=59
04-12 10:27:52.946 31858 31858 V InputMethodManager: Starting input: tba=android.view.inputmethod.EditorInfo@a7ef92e nm : cz.gienger.mobile ic=null
04-12 10:27:52.946 31858 31858 I InputMethodManager: startInputInner - mService.startInputOrWindowGainedFocus
04-12 10:27:52.948 31858 31858 D InputTransport: Input channel constructed: fd=65
04-12 10:27:52.948 31858 31858 D InputTransport: Input channel destroyed: fd=67
04-12 10:27:53.003 31858 31858 D ViewRootImpl@9995a8a[DeliverActivity]: MSG_RESIZED_REPORT: frame=Rect(0, 0 - 768, 1024) ci=Rect(0, 24 - 0, 0) vi=Rect(0, 24 - 0, 0) or=1
04-12 10:27:53.045 31858 31858 D ViewRootImpl@9995a8a[DeliverActivity]: Relayout returned: oldFrame=[0,0][768,1024] newFrame=[0,0][768,1024] result=0x1 surface={isValid=true -1879371776} surfaceGenerationChanged=false
04-12 10:27:57.658 31858 31858 D ViewRootImpl@9995a8a[DeliverActivity]: ViewPostImeInputStage processPointer 0
04-12 10:27:57.761 31858 31858 D ViewRootImpl@9995a8a[DeliverActivity]: ViewPostImeInputStage processPointer 1
04-12 10:27:57.800 31858 31858 D ViewRootImpl@9995a8a[DeliverActivity]: MSG_WINDOW_FOCUS_CHANGED 0
04-12 10:27:57.903 31858 31858 D ScrollView: initGoToTop
04-12 10:27:57.973 31858 31858 D ViewRootImpl@7dbd661[CancelDeliveryActivity]: ThreadedRenderer.create() translucent=false
04-12 10:27:57.977 31858 31858 D InputTransport: Input channel constructed: fd=67
04-12 10:27:57.977 31858 31858 D ViewRootImpl@7dbd661[CancelDeliveryActivity]: setView = DecorView@3f20586[CancelDeliveryActivity] touchMode=true
04-12 10:27:57.983 31858 31858 D ViewRootImpl@7dbd661[CancelDeliveryActivity]: dispatchAttachedToWindow
04-12 10:27:58.023 31858 31858 D ViewRootImpl@7dbd661[CancelDeliveryActivity]: Relayout returned: oldFrame=[0,0][0,0] newFrame=[0,0][768,1024] result=0x27 surface={isValid=true -1872852992} surfaceGenerationChanged=true
04-12 10:27:58.023 31858 31858 D ViewRootImpl@7dbd661[CancelDeliveryActivity]: mHardwareRenderer.initialize() mSurface={isValid=true -1872852992} hwInitialized=true
04-12 10:27:58.029 31858 31858 D ScrollView: onsize change changed
04-12 10:27:58.030 31858 31858 D LOCATION_SERVICE: onStartCommand
04-12 10:27:58.073 31858 31858 D ViewRootImpl@7dbd661[CancelDeliveryActivity]: MSG_RESIZED_REPORT: frame=Rect(0, 0 - 768, 1024) ci=Rect(0, 24 - 0, 0) vi=Rect(0, 24 - 0, 0) or=1
04-12 10:27:58.073 31858 31858 D ViewRootImpl@7dbd661[CancelDeliveryActivity]: MSG_WINDOW_FOCUS_CHANGED 1
04-12 10:27:58.074 31858 31858 D ViewRootImpl@7dbd661[CancelDeliveryActivity]: mHardwareRenderer.initializeIfNeeded()#2 mSurface={isValid=true -1872852992}
04-12 10:27:58.078 31858 31858 V InputMethodManager: Starting input: tba=android.view.inputmethod.EditorInfo@fd3cf3f nm : cz.gienger.mobile ic=null
04-12 10:27:58.078 31858 31858 I InputMethodManager: startInputInner - mService.startInputOrWindowGainedFocus
04-12 10:27:58.088 31858 31858 D InputTransport: Input channel constructed: fd=74
04-12 10:27:58.088 31858 31858 D InputTransport: Input channel destroyed: fd=65
04-12 10:27:58.130 31858 31875 D OpenGLRenderer: endAllActiveAnimators on 0x91a66f00 (RippleDrawable) with handle 0x915f8d60
04-12 10:27:58.131 31858 31858 D ViewRootImpl@9995a8a[DeliverActivity]: mHardwareRenderer.destroy()#1
04-12 10:27:58.140 31858 31858 D ViewRootImpl@9995a8a[DeliverActivity]: Relayout returned: oldFrame=[0,0][768,1024] newFrame=[0,0][768,1024] result=0x5 surface={isValid=false 0} surfaceGenerationChanged=true
04-12 10:27:59.645 31858 31858 D ViewRootImpl@7dbd661[CancelDeliveryActivity]: ViewPostImeInputStage processPointer 0
04-12 10:27:59.683 31858 31858 D ViewRootImpl@7dbd661[CancelDeliveryActivity]: ViewPostImeInputStage processPointer 1
04-12 10:27:59.761 31858 31858 D ViewRootImpl@9995a8a[DeliverActivity]: Relayout returned: oldFrame=[0,0][768,1024] newFrame=[0,0][768,1024] result=0x7 surface={isValid=true -1879371776} surfaceGenerationChanged=true
04-12 10:27:59.761 31858 31858 D ViewRootImpl@9995a8a[DeliverActivity]: mHardwareRenderer.initialize() mSurface={isValid=true -1879371776} hwInitialized=true
04-12 10:27:59.784 31858 31858 D ViewRootImpl@9995a8a[DeliverActivity]: MSG_WINDOW_FOCUS_CHANGED 1
04-12 10:27:59.784 31858 31858 D ViewRootImpl@9995a8a[DeliverActivity]: mHardwareRenderer.initializeIfNeeded()#2 mSurface={isValid=true -1879371776}
04-12 10:27:59.785 31858 31858 V InputMethodManager: Starting input: tba=android.view.inputmethod.EditorInfo@9b619d1 nm : cz.gienger.mobile ic=null
04-12 10:27:59.788 31858 31858 I InputMethodManager: startInputInner - mService.startInputOrWindowGainedFocus
04-12 10:27:59.800 31858 31858 D InputTransport: Input channel constructed: fd=69
04-12 10:27:59.800 31858 31858 D InputTransport: Input channel destroyed: fd=74
04-12 10:27:59.823 31858 31875 D OpenGLRenderer: endAllActiveAnimators on 0x91db8480 (RippleDrawable) with handle 0x91a75480
04-12 10:27:59.823 31858 31858 D ViewRootImpl@7dbd661[CancelDeliveryActivity]: mHardwareRenderer.destroy()#1
04-12 10:27:59.831 31858 31858 D ViewRootImpl@7dbd661[CancelDeliveryActivity]: Relayout returned: oldFrame=[0,0][768,1024] newFrame=[0,0][768,1024] result=0x5 surface={isValid=false 0} surfaceGenerationChanged=true
04-12 10:27:59.832 31858 31858 D ViewRootImpl@7dbd661[CancelDeliveryActivity]: MSG_WINDOW_FOCUS_CHANGED 0
04-12 10:28:00.222 31858 31858 D TextView: SYANI: Clipboard API is calling: clearFilter()
04-12 10:28:00.222 31858 31858 D TextView: SYANI: Clipboard API is calling: unregisterClipboardEventListener()
04-12 10:28:00.230 31858 31858 D ViewRootImpl@7dbd661[CancelDeliveryActivity]: mHardwareRenderer.destroy()#4
04-12 10:28:00.230 31858 31858 D ViewRootImpl@7dbd661[CancelDeliveryActivity]: dispatchDetachedFromWindow
04-12 10:28:00.244 31858 31858 D InputTransport: Input channel destroyed: fd=67
04-12 10:28:00.244 31858 31858 D LOCATION_SERVICE: onDestroy
04-12 10:28:00.867 31858 31858 D ViewRootImpl@9995a8a[DeliverActivity]: ViewPostImeInputStage processPointer 0
04-12 10:28:00.927 31858 31858 D ViewRootImpl@9995a8a[DeliverActivity]: ViewPostImeInputStage processPointer 1
04-12 10:28:01.242 31858 31858 D ViewRootImpl@500da9f[MainActivity]: Relayout returned: oldFrame=[0,0][768,1024] newFrame=[0,0][768,1024] result=0x7 surface={isValid=true -1879369728} surfaceGenerationChanged=true
04-12 10:28:01.243 31858 31858 D ViewRootImpl@500da9f[MainActivity]: mHardwareRenderer.initialize() mSurface={isValid=true -1879369728} hwInitialized=true
04-12 10:28:01.290 31858 31858 D AbsListView: in onLayout changed
04-12 10:28:01.319 31858 31858 D ViewRootImpl@500da9f[MainActivity]: MSG_WINDOW_FOCUS_CHANGED 1
04-12 10:28:01.319 31858 31858 D ViewRootImpl@500da9f[MainActivity]: mHardwareRenderer.initializeIfNeeded()#2 mSurface={isValid=true -1879369728}
04-12 10:28:01.321 31858 31858 V InputMethodManager: Starting input: tba=android.view.inputmethod.EditorInfo@5d715b8 nm : cz.gienger.mobile ic=null
04-12 10:28:01.321 31858 31858 I InputMethodManager: startInputInner - mService.startInputOrWindowGainedFocus
04-12 10:28:01.335 31858 31858 D InputTransport: Input channel constructed: fd=68
04-12 10:28:01.335 31858 31858 D InputTransport: Input channel destroyed: fd=69
04-12 10:28:01.345 31858 31858 D ViewRootImpl@9995a8a[DeliverActivity]: MSG_WINDOW_FOCUS_CHANGED 0
04-12 10:28:01.402 31858 31875 D OpenGLRenderer: endAllActiveAnimators on 0x91a67600 (RippleDrawable) with handle 0x90df5290
04-12 10:28:01.403 31858 31858 D ViewRootImpl@9995a8a[DeliverActivity]: mHardwareRenderer.destroy()#1
04-12 10:28:01.410 31858 31858 D ViewRootImpl@9995a8a[DeliverActivity]: Relayout returned: oldFrame=[0,0][768,1024] newFrame=[0,0][768,1024] result=0x5 surface={isValid=false 0} surfaceGenerationChanged=true
04-12 10:28:01.765 31858 31858 D ViewRootImpl@9995a8a[DeliverActivity]: mHardwareRenderer.destroy()#4
04-12 10:28:01.765 31858 31858 D ViewRootImpl@9995a8a[DeliverActivity]: dispatchDetachedFromWindow
04-12 10:28:01.772 31858 31858 D InputTransport: Input channel destroyed: fd=64
04-12 10:28:03.143 31858 31858 V InputMethodManager: Starting input: tba=android.view.inputmethod.EditorInfo@9827f91 nm : cz.gienger.mobile ic=null
04-12 10:28:03.143 31858 31858 I InputMethodManager: startInputInner - mService.startInputOrWindowGainedFocus
04-12 10:28:03.145 31858 31858 D InputTransport: Input channel constructed: fd=70
04-12 10:28:03.145 31858 31858 D InputTransport: Input channel destroyed: fd=68
04-12 10:32:14.591 31858 13887 D MESSAGE_SERVICE: ACTION_RESEND_ORDERS
04-12 10:32:14.592 31858 31872 W art : Clearing bad or obsolete profile data from file /data/misc/profiles/cur/0/cz.gienger.mobile/primary.prof: Profile EOF reached prematurely for ReadProfileHeader
04-12 10:47:00.050 31858 15048 D MESSAGE_SERVICE: ACTION_RESEND_ORDERS
04-12 10:49:43.612 31858 31858 V InputMethodManager: Starting input: tba=android.view.inputmethod.EditorInfo@30ea6ce nm : cz.gienger.mobile ic=null
04-12 10:49:43.612 31858 31858 I InputMethodManager: startInputInner - mService.startInputOrWindowGainedFocus
04-12 10:49:43.620 31858 31858 D InputTransport: Input channel constructed: fd=68
04-12 10:49:43.620 31858 31858 D InputTransport: Input channel destroyed: fd=70
04-12 10:49:44.053 31858 31858 D ViewRootImpl@500da9f[MainActivity]: MSG_RESIZED_REPORT: frame=Rect(0, 0 - 768, 1024) ci=Rect(0, 24 - 0, 0) vi=Rect(0, 24 - 0, 0) or=1
04-12 10:49:44.120 31858 31868 I art : Background partial concurrent mark sweep GC freed 114389(5MB) AllocSpace objects, 1(32KB) LOS objects, 60% free, 7MB/19MB, paused 1.118ms total 104.759ms
04-12 10:49:44.125 31858 31858 D ViewRootImpl@500da9f[MainActivity]: Relayout returned: oldFrame=[0,0][768,1024] newFrame=[0,0][768,1024] result=0x1 surface={isValid=true -1879369728} surfaceGenerationChanged=false
04-12 10:49:44.212 31858 31858 D AbsListView: in onLayout changed
04-12 11:01:55.622 31858 31858 D Graph : removeVertex() : insertDummyVertex, because there is no ancestor.
04-12 11:01:55.622 31858 31858 D Graph : removeVertex() : insertDummyVertex, because there is no ancestor.
04-12 11:01:55.626 31858 15610 D MESSAGE_SERVICE: ACTION_RESEND_ORDERS
04-12 11:17:00.048 31858 15819 D MESSAGE_SERVICE: ACTION_RESEND_ORDERS
04-12 11:32:00.609 31858 15943 D MESSAGE_SERVICE: ACTION_RESEND_ORDERS
04-12 11:45:55.100 31858 31858 D ViewRootImpl@500da9f[MainActivity]: MSG_RESIZED_REPORT: frame=Rect(0, 0 - 768, 1024) ci=Rect(0, 24 - 0, 0) vi=Rect(0, 24 - 0, 0) or=1
04-12 11:45:55.559 31858 31858 D AbsListView: in onLayout changed
04-12 11:45:57.311 31858 31858 D ViewRootImpl@500da9f[MainActivity]: ViewPostImeInputStage processPointer 0
04-12 11:45:57.453 31858 31858 D ViewRootImpl@500da9f[MainActivity]: ViewPostImeInputStage processPointer 1
04-12 11:45:57.453 31858 31858 D AbsListView: onTouchUp() mTouchMode : 2
04-12 11:45:57.459 31858 31858 D item_click: viewId = -1, position = 1
04-12 11:45:57.508 31858 31858 D ViewRootImpl@500da9f[MainActivity]: MSG_WINDOW_FOCUS_CHANGED 0
04-12 11:45:57.657 31858 31858 D ViewRootImpl@9232740[DeliverActivity]: ThreadedRenderer.create() translucent=false
04-12 11:45:57.661 31858 31858 D InputTransport: Input channel constructed: fd=70
04-12 11:45:57.662 31858 31858 D ViewRootImpl@9232740[DeliverActivity]: setView = DecorView@56d6679[DeliverActivity] touchMode=true
04-12 11:45:57.665 31858 31858 D LOCATION_SERVICE: LocationListener gps
04-12 11:45:57.666 31858 31858 D LOCATION_SERVICE: LocationListener network
04-12 11:45:57.667 31858 31858 D LOCATION_SERVICE: onCreate
04-12 11:45:57.667 31858 31858 D LOCATION_SERVICE: initializeLocationManager
04-12 11:45:57.680 31858 31858 D LOCATION_SERVICE: onStartCommand
04-12 11:45:57.713 31858 31858 D ViewRootImpl@9232740[DeliverActivity]: dispatchAttachedToWindow
04-12 11:45:57.760 31858 31858 D ViewRootImpl@9232740[DeliverActivity]: Relayout returned: oldFrame=[0,0][0,0] newFrame=[0,0][768,1024] result=0x27 surface={isValid=true -1885495296} surfaceGenerationChanged=true
04-12 11:45:57.761 31858 31858 D ViewRootImpl@9232740[DeliverActivity]: mHardwareRenderer.initialize() mSurface={isValid=true -1885495296} hwInitialized=true
04-12 11:45:57.806 31858 16151 D FILE_MANAGER: Copying file /data/user/0/cz.gienger.mobile/files/delivery/130AT1180325844/130AT1180325844.pdf to /storage/emulated/0/130AT1180325844.pdf
04-12 11:45:57.829 31858 31858 D ViewRootImpl@9232740[DeliverActivity]: MSG_RESIZED_REPORT: frame=Rect(0, 0 - 768, 1024) ci=Rect(0, 24 - 0, 0) vi=Rect(0, 24 - 0, 0) or=1
04-12 11:45:57.829 31858 31858 D ViewRootImpl@9232740[DeliverActivity]: MSG_WINDOW_FOCUS_CHANGED 1
04-12 11:45:57.831 31858 31858 D ViewRootImpl@9232740[DeliverActivity]: mHardwareRenderer.initializeIfNeeded()#2 mSurface={isValid=true -1885495296}
04-12 11:45:57.834 31858 31858 V InputMethodManager: Starting input: tba=android.view.inputmethod.EditorInfo@813f896 nm : cz.gienger.mobile ic=null
04-12 11:45:57.834 31858 31858 I InputMethodManager: startInputInner - mService.startInputOrWindowGainedFocus
04-12 11:45:58.318 31858 16151 D FILE_MANAGER: copy ok
04-12 11:45:59.158 31858 31858 D InputTransport: Input channel constructed: fd=71
04-12 11:45:59.158 31858 31858 D InputTransport: Input channel destroyed: fd=68
04-12 11:45:59.159 31858 31858 I Choreographer: Skipped 81 frames! The application may be doing too much work on its main thread.
04-12 11:45:59.238 31858 31858 D ViewRootImpl@500da9f[MainActivity]: mHardwareRenderer.destroy()#1
04-12 11:45:59.268 31858 31858 D ViewRootImpl@500da9f[MainActivity]: Relayout returned: oldFrame=[0,0][768,1024] newFrame=[0,0][768,1024] result=0x5 surface={isValid=false 0} surfaceGenerationChanged=true
04-12 11:45:59.354 31858 31858 D LOCATION_SERVICE: onLocationChanged: Location[network 49,191138,17,534565 acc=21 et=+3d1h11m59s801ms alt=0.0 vel=0.0 bear=0.0 {Bundle[mParcelledData.dataSize=80]}]
04-12 11:45:59.604 31858 31858 D ViewRootImpl@500da9f[MainActivity]: Relayout returned: oldFrame=[0,0][768,1024] newFrame=[0,0][768,1024] result=0x5 surface={isValid=false 0} surfaceGenerationChanged=false
04-12 11:46:02.444 31858 31858 D ViewRootImpl@9232740[DeliverActivity]: ViewPostImeInputStage processKey 0
04-12 11:46:02.604 31858 31858 D ViewRootImpl@9232740[DeliverActivity]: ViewPostImeInputStage processKey 1
04-12 11:46:02.895 31858 31858 D ViewRootImpl@500da9f[MainActivity]: Relayout returned: oldFrame=[0,0][768,1024] newFrame=[0,0][768,1024] result=0x7 surface={isValid=true -1881008128} surfaceGenerationChanged=true
04-12 11:46:02.895 31858 31858 D ViewRootImpl@500da9f[MainActivity]: mHardwareRenderer.initialize() mSurface={isValid=true -1881008128} hwInitialized=true
04-12 11:46:02.958 31858 31858 D AbsListView: in onLayout changed
