--------- beginning of main
04-12 10:01:15.574 31858 31858 D ViewRootImpl@845b38c[CartActivity]: ViewPostImeInputStage processPointer 0
04-12 10:01:15.642 31858 31858 D AbsListView: reportScrollStateChange() newState : 1
04-12 10:01:16.084 31858 31858 D ViewRootImpl@845b38c[CartActivity]: ViewPostImeInputStage processPointer 1
04-12 10:01:16.084 31858 31858 D AbsListView: onTouchUp() mTouchMode : 3
04-12 10:01:16.084 31858 31858 D AbsListView: onTouchUp() TOUCH_MODE_SCROLL initialVelocity : -257
04-12 10:01:16.084 31858 31858 D AbsListView: reportScrollStateChange() newState : 2
04-12 10:01:16.313 31858 31858 D AbsListView: reportScrollStateChange() newState : 0
04-12 10:01:16.541 31858 31858 D ViewRootImpl@845b38c[CartActivity]: ViewPostImeInputStage processPointer 0
04-12 10:01:16.595 31858 31858 D AbsListView: reportScrollStateChange() newState : 1
04-12 10:01:16.898 31858 31858 D ViewRootImpl@845b38c[CartActivity]: ViewPostImeInputStage processPointer 1
04-12 10:01:16.898 31858 31858 D AbsListView: onTouchUp() mTouchMode : 3
04-12 10:01:16.898 31858 31858 D AbsListView: onTouchUp() TOUCH_MODE_SCROLL initialVelocity : 0
04-12 10:01:16.898 31858 31858 D AbsListView: reportScrollStateChange() newState : 0
04-12 10:01:17.167 31858 31858 D ViewRootImpl@845b38c[CartActivity]: ViewPostImeInputStage processPointer 0
04-12 10:01:17.228 31858 31858 D ViewRootImpl@845b38c[CartActivity]: ViewPostImeInputStage processPointer 1
04-12 10:01:17.248 31858 31858 V InputMethodManager: Starting input: tba=android.view.inputmethod.EditorInfo@ed8dd2f nm : cz.gienger.mobile ic=com.android.internal.widget.EditableInputConnection@714af3c
04-12 10:01:17.248 31858 31858 I InputMethodManager: startInputInner - mService.startInputOrWindowGainedFocus
04-12 10:01:17.249 31858 31858 D InputTransport: Input channel constructed: fd=64
04-12 10:01:17.249 31858 31858 D InputTransport: Input channel destroyed: fd=82
04-12 10:01:17.250 31858 31858 D InputMethodManager: SSI - flag : 0 Pid : 31858 view : cz.gienger.mobile
04-12 10:01:17.255 31858 31858 W IInputConnectionWrapper: finishComposingText on inactive InputConnection
04-12 10:01:20.755 31858 31858 D ViewRootImpl@845b38c[CartActivity]: ViewPostImeInputStage processPointer 0
04-12 10:01:20.804 31858 31858 D AbsListView: reportScrollStateChange() newState : 1
04-12 10:01:21.118 31858 31858 D ViewRootImpl@845b38c[CartActivity]: ViewPostImeInputStage processPointer 1
04-12 10:01:21.119 31858 31858 D AbsListView: onTouchUp() mTouchMode : 3
04-12 10:01:21.119 31858 31858 D AbsListView: onTouchUp() TOUCH_MODE_SCROLL initialVelocity : -66
04-12 10:01:21.119 31858 31858 D AbsListView: reportScrollStateChange() newState : 0
04-12 10:01:21.515 31858 31858 D ViewRootImpl@845b38c[CartActivity]: ViewPostImeInputStage processPointer 0
04-12 10:01:21.597 31858 31858 D ViewRootImpl@845b38c[CartActivity]: ViewPostImeInputStage processPointer 1
04-12 10:01:21.612 31858 31858 D View : requestFocusFromTouch
04-12 10:01:21.638 31858 31858 D ScrollView: initGoToTop
04-12 10:01:21.642 31858 31858 D ScrollView: initGoToTop
04-12 10:01:21.650 31858 31858 D ViewRootImpl@643b935[CartActivity]: ThreadedRenderer.create() translucent=true
04-12 10:01:21.656 31858 31858 D InputTransport: Input channel constructed: fd=65
04-12 10:01:21.656 31858 31858 D ViewRootImpl@643b935[CartActivity]: setView = DecorView@14231ca[CartActivity] touchMode=false
04-12 10:01:21.658 31858 31858 V InputMethodManager: Starting input: tba=android.view.inputmethod.EditorInfo@96ef3b nm : cz.gienger.mobile ic=null
04-12 10:01:21.658 31858 31858 I InputMethodManager: startInputInner - mService.startInputOrWindowGainedFocus
04-12 10:01:21.659 31858 31858 D InputTransport: Input channel constructed: fd=68
04-12 10:01:21.659 31858 31858 D InputTransport: Input channel destroyed: fd=64
04-12 10:01:21.662 31858 31858 D ViewRootImpl@643b935[CartActivity]: dispatchAttachedToWindow
04-12 10:01:21.697 31858 31858 D ViewRootImpl@643b935[CartActivity]: Relayout returned: oldFrame=[0,0][0,0] newFrame=[108,450][660,597] result=0x26 surface={isValid=true -1835706368} surfaceGenerationChanged=true
04-12 10:01:21.698 31858 31858 D ViewRootImpl@643b935[CartActivity]: mHardwareRenderer.initialize() mSurface={isValid=true -1835706368} hwInitialized=true
04-12 10:01:21.701 31858 31858 D ScrollView: onsize change changed
04-12 10:01:21.701 31858 31858 D ScrollView: onsize change changed
04-12 10:01:21.702 31858 31858 D ViewRootImpl@643b935[CartActivity]: MSG_WINDOW_FOCUS_CHANGED 1
04-12 10:01:21.703 31858 31858 D ViewRootImpl@643b935[CartActivity]: mHardwareRenderer.initializeIfNeeded()#2 mSurface={isValid=true -1835706368}
04-12 10:01:21.703 31858 31858 V InputMethodManager: Not IME target window, ignoring
04-12 10:01:21.726 31858 31858 W IInputConnectionWrapper: finishComposingText on inactive InputConnection
04-12 10:01:21.726 31858 31858 D ViewRootImpl@643b935[CartActivity]: MSG_RESIZED_REPORT: frame=Rect(108, 450 - 660, 597) ci=Rect(0, 0 - 0, 0) vi=Rect(0, 0 - 0, 0) or=1
04-12 10:01:21.770 31858 31858 D ViewRootImpl@845b38c[CartActivity]: MSG_WINDOW_FOCUS_CHANGED 0
04-12 10:01:22.701 31858 31858 D ViewRootImpl@643b935[CartActivity]: ViewPostImeInputStage processPointer 0
04-12 10:01:22.780 31858 31858 D ViewRootImpl@643b935[CartActivity]: ViewPostImeInputStage processPointer 1
04-12 10:01:22.815 31858 31858 D ScrollView: initGoToTop
04-12 10:01:22.820 31858 31858 D ScrollView: initGoToTop
04-12 10:01:22.828 31858 31858 D ViewRootImpl@2b803cc[CartActivity]: ThreadedRenderer.create() translucent=true
04-12 10:01:22.836 31858 31858 D InputTransport: Input channel constructed: fd=82
04-12 10:01:22.836 31858 31858 D ViewRootImpl@2b803cc[CartActivity]: setView = DecorView@549f615[CartActivity] touchMode=true
04-12 10:01:22.850 31858 31875 D OpenGLRenderer: endAllActiveAnimators on 0x9ebdc380 (RippleDrawable) with handle 0x915f8730
04-12 10:01:22.850 31858 31858 D ViewRootImpl@643b935[CartActivity]: mHardwareRenderer.destroy()#4
04-12 10:01:22.850 31858 31858 D ViewRootImpl@643b935[CartActivity]: dispatchDetachedFromWindow
04-12 10:01:22.875 31858 31858 D InputTransport: Input channel destroyed: fd=65
04-12 10:01:22.877 31858 31858 D ViewRootImpl@2b803cc[CartActivity]: dispatchAttachedToWindow
04-12 10:01:22.921 31858 31858 D ViewRootImpl@2b803cc[CartActivity]: Relayout returned: oldFrame=[0,0][0,0] newFrame=[108,466][660,582] result=0x27 surface={isValid=true -1835706368} surfaceGenerationChanged=true
04-12 10:01:22.921 31858 31858 D ViewRootImpl@2b803cc[CartActivity]: mHardwareRenderer.initialize() mSurface={isValid=true -1835706368} hwInitialized=true
04-12 10:01:22.930 31858 31858 D ViewRootImpl@2b803cc[CartActivity]: MSG_WINDOW_FOCUS_CHANGED 1
04-12 10:01:22.930 31858 31858 D ViewRootImpl@2b803cc[CartActivity]: mHardwareRenderer.initializeIfNeeded()#2 mSurface={isValid=true -1835706368}
04-12 10:01:22.946 31858 31858 D ViewRootImpl@2b803cc[CartActivity]: MSG_RESIZED_REPORT: frame=Rect(108, 466 - 660, 582) ci=Rect(0, 0 - 0, 0) vi=Rect(0, 0 - 0, 0) or=1
04-12 10:01:22.976 31858 31858 E ViewRootImpl: sendUserActionEvent() returned.
04-12 10:01:22.979 31858 31868 I art : Background partial concurrent mark sweep GC freed 43651(2MB) AllocSpace objects, 13(3MB) LOS objects, 47% free, 13MB/25MB, paused 2.300ms total 121.489ms
04-12 10:01:23.858 31858 31868 I art : Background sticky concurrent mark sweep GC freed 385024(11MB) AllocSpace objects, 3(92KB) LOS objects, 41% free, 14MB/25MB, paused 841us total 101.539ms
04-12 10:01:24.588 31858 31868 I art : Background partial concurrent mark sweep GC freed 293563(9MB) AllocSpace objects, 20(1472KB) LOS objects, 42% free, 16MB/28MB, paused 947us total 149.302ms
04-12 10:01:26.334 31858 31858 D ViewRootImpl@2b803cc[CartActivity]: mHardwareRenderer.destroy()#4
04-12 10:01:26.335 31858 31858 D ViewRootImpl@2b803cc[CartActivity]: dispatchDetachedFromWindow
04-12 10:01:26.350 31858 31858 D InputTransport: Input channel destroyed: fd=82
04-12 10:01:26.385 31858 31858 D ViewRootImpl@845b38c[CartActivity]: MSG_WINDOW_FOCUS_CHANGED 1
04-12 10:01:26.385 31858 31858 V InputMethodManager: Not IME target window, ignoring
04-12 10:01:26.386 31858 31858 D ViewRootImpl@845b38c[CartActivity]: mHardwareRenderer.initializeIfNeeded()#2 mSurface={isValid=true -1844062208}
04-12 10:01:26.398 31858 31858 V InputMethodManager: Starting input: tba=android.view.inputmethod.EditorInfo@78987de nm : cz.gienger.mobile ic=null
04-12 10:01:26.398 31858 31858 I InputMethodManager: startInputInner - mService.startInputOrWindowGainedFocus
04-12 10:01:26.402 31858 31858 D InputTransport: Input channel constructed: fd=64
04-12 10:01:26.402 31858 31858 D InputTransport: Input channel destroyed: fd=68
04-12 10:01:26.402 31858 31858 E ViewRootImpl: sendUserActionEvent() returned.
04-12 10:01:26.402 31858 31858 D ViewRootImpl@845b38c[CartActivity]: MSG_WINDOW_FOCUS_CHANGED 0
04-12 10:01:27.373 31858 31858 D ViewRootImpl@845b38c[CartActivity]: mHardwareRenderer.destroy()#1
04-12 10:01:27.387 31858 31858 D ViewRootImpl@845b38c[CartActivity]: Relayout returned: oldFrame=[0,0][768,1024] newFrame=[0,0][768,1024] result=0x5 surface={isValid=false 0} surfaceGenerationChanged=true
04-12 10:01:27.387 31858 31858 D InputTransport: Input channel destroyed: fd=64
04-12 10:01:27.795 31858 31858 D ViewRootImpl@845b38c[CartActivity]: Relayout returned: oldFrame=[0,0][768,1024] newFrame=[0,0][768,1024] result=0x5 surface={isValid=false 0} surfaceGenerationChanged=false
04-12 10:01:55.425 31858 31858 D Graph : removeVertex() : insertDummyVertex, because there is no ancestor.
04-12 10:01:55.436 31858 31872 W art : Clearing bad or obsolete profile data from file /data/misc/profiles/cur/0/cz.gienger.mobile/primary.prof: Profile EOF reached prematurely for ReadProfileHeader
04-12 10:01:55.465 31858 31858 D ViewRootImpl@c3910ec[PdfArchiveActivity]: ThreadedRenderer.create() translucent=true
04-12 10:01:55.468 31858 31858 D InputTransport: Input channel constructed: fd=61
04-12 10:01:55.468 31858 31858 D ViewRootImpl@c3910ec[PdfArchiveActivity]: setView = DecorView@9fc4cb5[PdfArchiveActivity] touchMode=true
04-12 10:01:55.480 31858 31858 D ViewRootImpl@c3910ec[PdfArchiveActivity]: dispatchAttachedToWindow
04-12 10:01:55.506 31858 31858 D ViewRootImpl@c3910ec[PdfArchiveActivity]: Relayout returned: oldFrame=[0,0][0,0] newFrame=[241,456][527,568] result=0x27 surface={isValid=true -1844062208} surfaceGenerationChanged=true
04-12 10:01:55.506 31858 31858 D ViewRootImpl@c3910ec[PdfArchiveActivity]: mHardwareRenderer.initialize() mSurface={isValid=true -1844062208} hwInitialized=true
04-12 10:01:55.509 31858 31858 D ViewRootImpl@c3910ec[PdfArchiveActivity]: MSG_RESIZED_REPORT: frame=Rect(241, 456 - 527, 568) ci=Rect(0, 0 - 0, 0) vi=Rect(0, 0 - 0, 0) or=1
04-12 10:01:55.509 31858 31858 D ViewRootImpl@c3910ec[PdfArchiveActivity]: MSG_WINDOW_FOCUS_CHANGED 1
04-12 10:01:55.509 31858 31858 D ViewRootImpl@c3910ec[PdfArchiveActivity]: mHardwareRenderer.initializeIfNeeded()#2 mSurface={isValid=true -1844062208}
04-12 10:01:55.510 31858 31858 V InputMethodManager: Starting input: tba=android.view.inputmethod.EditorInfo@8c9ff4a nm : cz.gienger.mobile ic=null
04-12 10:01:55.510 31858 31858 I InputMethodManager: startInputInner - mService.startInputOrWindowGainedFocus
04-12 10:01:55.512 31858 31858 D InputTransport: Input channel constructed: fd=64
04-12 10:01:56.565 31858 31858 D ViewRootImpl@c3910ec[PdfArchiveActivity]: mHardwareRenderer.destroy()#1
04-12 10:01:56.585 31858 31858 D ViewRootImpl@c3910ec[PdfArchiveActivity]: Relayout returned: oldFrame=[241,456][527,568] newFrame=[241,456][527,568] result=0x5 surface={isValid=false 0} surfaceGenerationChanged=true
04-12 10:01:56.587 31858 31858 D ViewRootImpl@c3910ec[PdfArchiveActivity]: MSG_WINDOW_FOCUS_CHANGED 0
04-12 10:01:56.602 31858 31858 D ViewRootImpl@845b38c[CartActivity]: mHardwareRenderer.destroy()#1
04-12 10:01:56.614 31858 31858 D ViewRootImpl@845b38c[CartActivity]: Relayout returned: oldFrame=[0,0][768,1024] newFrame=[0,0][768,1024] result=0x1 surface={isValid=false 0} surfaceGenerationChanged=false
04-12 10:01:56.757 31858 31858 D ViewRootImpl@845b38c[CartActivity]: Relayout returned: oldFrame=[0,0][768,1024] newFrame=[0,0][768,1024] result=0x7 surface={isValid=true -1844062208} surfaceGenerationChanged=true
04-12 10:01:56.758 31858 31858 D ViewRootImpl@845b38c[CartActivity]: mHardwareRenderer.initialize() mSurface={isValid=true -1844062208} hwInitialized=true
04-12 10:01:56.780 31858 31858 D AbsListView: in onLayout changed
04-12 10:01:56.796 31858 13034 D MYINTERCEPTOR: /GiengerService.svc/uploadfinishedorder
04-12 10:01:56.798 31858 31858 D ViewRootImpl@6e09aac[CategoryListActivity]: mHardwareRenderer.destroy()#4
04-12 10:01:56.798 31858 31858 D ViewRootImpl@6e09aac[CategoryListActivity]: dispatchDetachedFromWindow
04-12 10:01:56.798 31858 13034 D OkHttp : --> POST https://testsaig1.gienger.cz/GiengerService.svc/uploadfinishedorder http/1.1
04-12 10:01:56.798 31858 13034 D OkHttp : Content-Type: text/raw
04-12 10:01:56.798 31858 13034 D OkHttp : Content-Length: 127796
04-12 10:01:56.798 31858 13034 D OkHttp : filename: f924a635-1f1f-44ca-98f8-7e355c6a94b2.xml
04-12 10:01:56.798 31858 13034 D OkHttp : Checksum: 188ea4c9e1289acfaaeeddc0d6c833b9
04-12 10:01:56.798 31858 13034 D OkHttp : token: 36a781f288016657a588ebbc8c5384a8
04-12 10:01:56.799 31858 13034 D OkHttp : state: CZ
04-12 10:01:56.799 31858 13034 D OkHttp : --> END POST
04-12 10:01:56.811 31858 31858 D InputTransport: Input channel destroyed: fd=73
04-12 10:01:56.831 31858 31858 D ViewRootImpl@2273e94[ArticleListActivity]: mHardwareRenderer.destroy()#4
04-12 10:01:56.832 31858 31858 D ViewRootImpl@2273e94[ArticleListActivity]: dispatchDetachedFromWindow
04-12 10:01:56.838 31858 31858 D InputTransport: Input channel destroyed: fd=67
04-12 10:01:56.891 31858 31858 D LOCATION_SERVICE: onDestroy
04-12 10:01:57.182 31858 31858 D ViewRootImpl@500da9f[MainActivity]: Relayout returned: oldFrame=[0,0][768,1024] newFrame=[0,0][768,1024] result=0x7 surface={isValid=true -1887965184} surfaceGenerationChanged=true
04-12 10:01:57.183 31858 31858 D ViewRootImpl@500da9f[MainActivity]: mHardwareRenderer.initialize() mSurface={isValid=true -1887965184} hwInitialized=true
04-12 10:01:57.289 31858 31858 D AbsListView: in onLayout changed
04-12 10:01:57.326 31858 31858 D ViewRootImpl@500da9f[MainActivity]: MSG_WINDOW_FOCUS_CHANGED 1
04-12 10:01:57.326 31858 31858 D ViewRootImpl@500da9f[MainActivity]: mHardwareRenderer.initializeIfNeeded()#2 mSurface={isValid=true -1887965184}
04-12 10:01:57.327 31858 31858 V InputMethodManager: Starting input: tba=android.view.inputmethod.EditorInfo@6eb6579 nm : cz.gienger.mobile ic=null
04-12 10:01:57.328 31858 31858 I InputMethodManager: startInputInner - mService.startInputOrWindowGainedFocus
04-12 10:01:57.355 31858 31858 D InputTransport: Input channel constructed: fd=74
04-12 10:01:57.355 31858 31858 D InputTransport: Input channel destroyed: fd=64
04-12 10:01:57.369 31858 13034 D OkHttp : <-- 200 https://testsaig1.gienger.cz/GiengerService.svc/uploadfinishedorder (569ms)
04-12 10:01:57.369 31858 13034 D OkHttp : content-type: application/xml; charset=utf-8
04-12 10:01:57.369 31858 13034 D OkHttp : server: Microsoft-IIS/10.0
04-12 10:01:57.369 31858 13034 D OkHttp : x-powered-by: ASP.NET
04-12 10:01:57.369 31858 13034 D OkHttp : date: Fri, 12 Apr 2019 08:01:55 GMT
04-12 10:01:57.369 31858 13034 D OkHttp : content-length: 175
04-12 10:01:57.369 31858 13034 D OkHttp : <-- END HTTP
04-12 10:01:57.385 31858 13034 D MYINTERCEPTOR: /GiengerService.svc/uploadfinishedorder
04-12 10:01:57.386 31858 13034 D OkHttp : --> POST https://testsaig1.gienger.cz/GiengerService.svc/uploadfinishedorder http/1.1
04-12 10:01:57.386 31858 13034 D OkHttp : Content-Type: text/raw
04-12 10:01:57.387 31858 13034 D OkHttp : Content-Length: 129067
04-12 10:01:57.387 31858 13034 D OkHttp : filename: 0fda52e0-8441-4a19-aecc-a81c1a14d4d0.xml
04-12 10:01:57.387 31858 13034 D OkHttp : Checksum: d0025b9828deec00a74f64cc88b7c393
04-12 10:01:57.387 31858 13034 D OkHttp : token: 36a781f288016657a588ebbc8c5384a8
04-12 10:01:57.387 31858 13034 D OkHttp : state: CZ
04-12 10:01:57.387 31858 13034 D OkHttp : --> END POST
04-12 10:01:57.395 31858 31858 D ViewRootImpl@845b38c[CartActivity]: mHardwareRenderer.destroy()#1
04-12 10:01:57.408 31858 31858 D ViewRootImpl@845b38c[CartActivity]: Relayout returned: oldFrame=[0,0][768,1024] newFrame=[0,0][768,1024] result=0x5 surface={isValid=false 0} surfaceGenerationChanged=true
04-12 10:01:57.415 31858 31858 D ViewRootImpl@c3910ec[PdfArchiveActivity]: mHardwareRenderer.destroy()#4
04-12 10:01:57.415 31858 31858 D ViewRootImpl@c3910ec[PdfArchiveActivity]: dispatchDetachedFromWindow
04-12 10:01:57.430 31858 31858 D InputTransport: Input channel destroyed: fd=61
04-12 10:01:57.448 31858 13034 D OkHttp : <-- 200 https://testsaig1.gienger.cz/GiengerService.svc/uploadfinishedorder (60ms)
04-12 10:01:57.448 31858 13034 D OkHttp : content-type: application/xml; charset=utf-8
04-12 10:01:57.448 31858 13034 D OkHttp : server: Microsoft-IIS/10.0
04-12 10:01:57.448 31858 13034 D OkHttp : x-powered-by: ASP.NET
04-12 10:01:57.448 31858 13034 D OkHttp : date: Fri, 12 Apr 2019 08:01:55 GMT
04-12 10:01:57.448 31858 13034 D OkHttp : content-length: 175
04-12 10:01:57.448 31858 13034 D OkHttp : <-- END HTTP
04-12 10:01:57.770 31858 31858 D TextView: SYANI: Clipboard API is calling: clearFilter()
04-12 10:01:57.770 31858 31858 D TextView: SYANI: Clipboard API is calling: unregisterClipboardEventListener()
04-12 10:01:57.775 31858 31858 D TextView: SYANI: Clipboard API is calling: clearFilter()
04-12 10:01:57.775 31858 31858 D TextView: SYANI: Clipboard API is calling: unregisterClipboardEventListener()
04-12 10:01:57.776 31858 31858 D TextView: SYANI: Clipboard API is calling: clearFilter()
04-12 10:01:57.776 31858 31858 D TextView: SYANI: Clipboard API is calling: unregisterClipboardEventListener()
04-12 10:01:57.781 31858 31858 D TextView: SYANI: Clipboard API is calling: clearFilter()
04-12 10:01:57.781 31858 31858 D TextView: SYANI: Clipboard API is calling: unregisterClipboardEventListener()
04-12 10:01:57.783 31858 31858 D TextView: SYANI: Clipboard API is calling: clearFilter()
04-12 10:01:57.783 31858 31858 D TextView: SYANI: Clipboard API is calling: unregisterClipboardEventListener()
04-12 10:01:57.786 31858 31858 D TextView: SYANI: Clipboard API is calling: clearFilter()
04-12 10:01:57.786 31858 31858 D TextView: SYANI: Clipboard API is calling: unregisterClipboardEventListener()
04-12 10:01:57.789 31858 31858 D TextView: SYANI: Clipboard API is calling: clearFilter()
04-12 10:01:57.789 31858 31858 D TextView: SYANI: Clipboard API is calling: unregisterClipboardEventListener()
04-12 10:01:57.791 31858 31858 D TextView: SYANI: Clipboard API is calling: clearFilter()
04-12 10:01:57.791 31858 31858 D TextView: SYANI: Clipboard API is calling: unregisterClipboardEventListener()
04-12 10:01:57.792 31858 31858 D TextView: SYANI: Clipboard API is calling: clearFilter()
04-12 10:01:57.792 31858 31858 D TextView: SYANI: Clipboard API is calling: unregisterClipboardEventListener()
04-12 10:01:57.793 31858 31858 D TextView: SYANI: Clipboard API is calling: clearFilter()
04-12 10:01:57.793 31858 31858 D TextView: SYANI: Clipboard API is calling: unregisterClipboardEventListener()
04-12 10:01:57.793 31858 31858 D TextView: SYANI: Clipboard API is calling: clearFilter()
04-12 10:01:57.793 31858 31858 D TextView: SYANI: Clipboard API is calling: unregisterClipboardEventListener()
04-12 10:01:57.798 31858 31858 D ViewRootImpl@845b38c[CartActivity]: mHardwareRenderer.destroy()#4
04-12 10:01:57.799 31858 31858 D ViewRootImpl@845b38c[CartActivity]: dispatchDetachedFromWindow
04-12 10:01:57.811 31858 31858 D InputTransport: Input channel destroyed: fd=70
04-12 10:01:58.675 31858 31858 D ViewRootImpl: updatePointerIcon pointerType = 20001, calling pid = 31858
04-12 10:01:58.675 31858 31858 D InputManager: setPointerIconType iconId = 20001, callingPid = 31858
04-12 10:01:58.677 31858 31858 D ViewRootImpl: updatePointerIcon pointerType = 20001, calling pid = 31858
04-12 10:01:58.677 31858 31858 D InputManager: setPointerIconType iconId = 20001, callingPid = 31858
04-12 10:01:58.730 31858 31858 D ViewRootImpl@500da9f[MainActivity]: ViewPostImeInputStage processPointer 0
04-12 10:01:58.730 31858 31858 D ViewRootImpl: updatePointerIcon pointerType = 20001, calling pid = 31858
04-12 10:01:58.731 31858 31858 D InputManager: setPointerIconType iconId = 20001, callingPid = 31858
04-12 10:01:58.755 31858 31858 D AbsListView: reportScrollStateChange() newState : 1
04-12 10:01:59.008 31858 31858 D ViewRootImpl@500da9f[MainActivity]: ViewPostImeInputStage processPointer 1
04-12 10:01:59.008 31858 31858 D AbsListView: onTouchUp() mTouchMode : 3
04-12 10:01:59.008 31858 31858 D AbsListView: onTouchUp() TOUCH_MODE_SCROLL initialVelocity : -1737
04-12 10:01:59.008 31858 31858 D AbsListView: reportScrollStateChange() newState : 2
04-12 10:01:59.015 31858 31858 D ViewRootImpl: updatePointerIcon pointerType = 20001, calling pid = 31858
04-12 10:01:59.016 31858 31858 D InputManager: setPointerIconType iconId = 20001, callingPid = 31858
04-12 10:01:59.016 31858 31858 D ViewRootImpl: updatePointerIcon pointerType = 20001, calling pid = 31858
04-12 10:01:59.017 31858 31858 D InputManager: setPointerIconType iconId = 20001, callingPid = 31858
04-12 10:01:59.317 31858 31858 D ViewRootImpl: updatePointerIcon pointerType = 20001, calling pid = 31858
04-12 10:01:59.317 31858 31858 D InputManager: setPointerIconType iconId = 20001, callingPid = 31858
04-12 10:01:59.507 31858 31858 D ViewRootImpl@500da9f[MainActivity]: ViewPostImeInputStage processPointer 0
04-12 10:01:59.509 31858 31858 D ViewRootImpl: updatePointerIcon pointerType = 20001, calling pid = 31858
04-12 10:01:59.510 31858 31858 D InputManager: setPointerIconType iconId = 20001, callingPid = 31858
04-12 10:01:59.549 31858 31858 D AbsListView: reportScrollStateChange() newState : 0
04-12 10:01:59.550 31858 31858 D AbsListView: reportScrollStateChange() newState : 1
04-12 10:01:59.593 31858 31858 D ViewRootImpl@500da9f[MainActivity]: ViewPostImeInputStage processPointer 1
04-12 10:01:59.593 31858 31858 D AbsListView: onTouchUp() mTouchMode : 3
04-12 10:01:59.593 31858 31858 D AbsListView: onTouchUp() TOUCH_MODE_SCROLL initialVelocity : 6286
04-12 10:01:59.593 31858 31858 D AbsListView: reportScrollStateChange() newState : 2
04-12 10:01:59.595 31858 31858 D ViewRootImpl: updatePointerIcon pointerType = 20001, calling pid = 31858
04-12 10:01:59.596 31858 31858 D InputManager: setPointerIconType iconId = 20001, callingPid = 31858
04-12 10:01:59.597 31858 31858 D ViewRootImpl: updatePointerIcon pointerType = 20001, calling pid = 31858
04-12 10:01:59.597 31858 31858 D InputManager: setPointerIconType iconId = 20001, callingPid = 31858
04-12 10:01:59.924 31858 31858 D AbsListView: reportScrollStateChange() newState : 0
04-12 10:02:06.914 31858 13042 D MESSAGE_SERVICE: ACTION_RESEND_ORDERS
04-12 10:02:07.297 31858 31858 D AbsListView: in onLayout changed
04-12 10:02:22.758 31858 31858 D ViewRootImpl: updatePointerIcon pointerType = 20001, calling pid = 31858
04-12 10:02:22.759 31858 31858 D InputManager: setPointerIconType iconId = 20001, callingPid = 31858
04-12 10:02:22.852 31858 31858 D ViewRootImpl@500da9f[MainActivity]: ViewPostImeInputStage processPointer 0
04-12 10:02:22.853 31858 31858 D ViewRootImpl: updatePointerIcon pointerType = 20001, calling pid = 31858
04-12 10:02:22.854 31858 31858 D InputManager: setPointerIconType iconId = 20001, callingPid = 31858
04-12 10:02:22.875 31858 31858 D AbsListView: reportScrollStateChange() newState : 1
04-12 10:02:23.010 31858 31858 D ViewRootImpl@500da9f[MainActivity]: ViewPostImeInputStage processPointer 1
04-12 10:02:23.010 31858 31858 D AbsListView: onTouchUp() mTouchMode : 3
04-12 10:02:23.010 31858 31858 D AbsListView: onTouchUp() TOUCH_MODE_SCROLL initialVelocity : -2679
04-12 10:02:23.010 31858 31858 D AbsListView: reportScrollStateChange() newState : 2
04-12 10:02:23.015 31858 31858 D ViewRootImpl: updatePointerIcon pointerType = 20001, calling pid = 31858
04-12 10:02:23.016 31858 31858 D InputManager: setPointerIconType iconId = 20001, callingPid = 31858
04-12 10:02:23.016 31858 31858 D ViewRootImpl: updatePointerIcon pointerType = 20001, calling pid = 31858
04-12 10:02:23.017 31858 31858 D InputManager: setPointerIconType iconId = 20001, callingPid = 31858
04-12 10:02:23.114 31858 31872 W art : Clearing bad or obsolete profile data from file /data/misc/profiles/cur/0/cz.gienger.mobile/primary.prof: Profile EOF reached prematurely for ReadProfileHeader
04-12 10:02:24.177 31858 31858 D AbsListView: reportScrollStateChange() newState : 0
04-12 10:05:54.475 31858 31858 D ViewRootImpl@500da9f[MainActivity]: MSG_RESIZED_REPORT: frame=Rect(0, 0 - 768, 1024) ci=Rect(0, 24 - 0, 0) vi=Rect(0, 24 - 0, 0) or=1
04-12 10:05:54.532 31858 31858 D ViewRootImpl@500da9f[MainActivity]: Relayout returned: oldFrame=[0,0][768,1024] newFrame=[0,0][768,1024] result=0x1 surface={isValid=true -1887965184} surfaceGenerationChanged=false
04-12 10:05:54.629 31858 31858 D AbsListView: in onLayout changed
04-12 10:05:55.951 31858 31858 D ViewRootImpl@500da9f[MainActivity]: ViewPostImeInputStage processPointer 0
04-12 10:05:56.028 31858 31858 D AbsListView: reportScrollStateChange() newState : 1
04-12 10:05:56.217 31858 31858 D ViewRootImpl@500da9f[MainActivity]: ViewPostImeInputStage processPointer 1
04-12 10:05:56.217 31858 31858 D AbsListView: onTouchUp() mTouchMode : 3
04-12 10:05:56.217 31858 31858 D AbsListView: onTouchUp() TOUCH_MODE_SCROLL initialVelocity : 4316
04-12 10:05:56.217 31858 31858 D AbsListView: reportScrollStateChange() newState : 2
04-12 10:05:56.866 31858 31858 D AbsListView: reportScrollStateChange() newState : 0
04-12 10:06:01.827 31858 31858 D ViewRootImpl@500da9f[MainActivity]: ViewPostImeInputStage processPointer 0
04-12 10:06:01.841 31858 31858 D AbsListView: reportScrollStateChange() newState : 1
04-12 10:06:01.895 31858 31858 D ViewRootImpl@500da9f[MainActivity]: ViewPostImeInputStage processPointer 1
04-12 10:06:01.895 31858 31858 D AbsListView: onTouchUp() mTouchMode : 3
04-12 10:06:01.895 31858 31858 D AbsListView: onTouchUp() TOUCH_MODE_SCROLL initialVelocity : -8000
04-12 10:06:01.895 31858 31858 D AbsListView: reportScrollStateChange() newState : 2
04-12 10:06:02.734 31858 31858 D ViewRootImpl@500da9f[MainActivity]: ViewPostImeInputStage processPointer 0
04-12 10:06:02.773 31858 31858 D ViewRootImpl@500da9f[MainActivity]: ViewPostImeInputStage processPointer 1
04-12 10:06:02.773 31858 31858 D AbsListView: onTouchUp() mTouchMode : 3
04-12 10:06:02.773 31858 31858 D AbsListView: onTouchUp() TOUCH_MODE_SCROLL initialVelocity : 4649
04-12 10:06:04.514 31858 31858 D AbsListView: reportScrollStateChange() newState : 0
04-12 10:06:06.169 31858 31858 D ViewRootImpl@500da9f[MainActivity]: ViewPostImeInputStage processPointer 0
04-12 10:06:06.201 31858 31858 D AbsListView: reportScrollStateChange() newState : 1
04-12 10:06:06.205 31858 31858 D ViewRootImpl@500da9f[MainActivity]: ViewPostImeInputStage processPointer 1
04-12 10:06:06.205 31858 31858 D AbsListView: onTouchUp() mTouchMode : 3
04-12 10:06:06.206 31858 31858 D AbsListView: onTouchUp() TOUCH_MODE_SCROLL initialVelocity : 4738
04-12 10:06:06.206 31858 31858 D AbsListView: reportScrollStateChange() newState : 2
04-12 10:06:07.126 31858 31858 D ViewRootImpl@500da9f[MainActivity]: ViewPostImeInputStage processPointer 0
04-12 10:06:07.127 31858 31858 D AbsListView: reportScrollStateChange() newState : 0
04-12 10:06:07.607 31858 31858 D ViewRootImpl@500da9f[MainActivity]: ViewPostImeInputStage processPointer 1
04-12 10:06:07.607 31858 31858 D AbsListView: onTouchUp() mTouchMode : 3
04-12 10:06:07.607 31858 31858 D AbsListView: onTouchUp() TOUCH_MODE_SCROLL initialVelocity : -4
04-12 10:06:08.171 31858 31858 D ViewRootImpl@500da9f[MainActivity]: ViewPostImeInputStage processPointer 0
04-12 10:06:08.232 31858 31858 D ViewRootImpl@500da9f[MainActivity]: ViewPostImeInputStage processPointer 1
04-12 10:06:08.245 31858 31858 D item_click: viewId = 2131820760, position = 3
04-12 10:06:08.299 31858 31858 D ViewRootImpl@500da9f[MainActivity]: MSG_WINDOW_FOCUS_CHANGED 0
04-12 10:06:08.446 31858 31858 D ViewRootImpl@654ed13[CategoryListActivity]: ThreadedRenderer.create() translucent=false
04-12 10:06:08.450 31858 31858 D InputTransport: Input channel constructed: fd=70
04-12 10:06:08.450 31858 31858 D ViewRootImpl@654ed13[CategoryListActivity]: setView = DecorView@216eb50[CategoryListActivity] touchMode=true
04-12 10:06:08.452 31858 31858 D LOCATION_SERVICE: LocationListener gps
04-12 10:06:08.453 31858 31858 D LOCATION_SERVICE: LocationListener network
04-12 10:06:08.454 31858 31858 D LOCATION_SERVICE: onCreate
04-12 10:06:08.454 31858 31858 D LOCATION_SERVICE: initializeLocationManager
04-12 10:06:08.463 31858 31858 D LOCATION_SERVICE: onStartCommand
04-12 10:06:08.482 31858 31858 D ViewRootImpl@654ed13[CategoryListActivity]: dispatchAttachedToWindow
04-12 10:06:08.514 31858 31858 D ViewRootImpl@654ed13[CategoryListActivity]: Relayout returned: oldFrame=[0,0][0,0] newFrame=[0,0][768,1024] result=0x27 surface={isValid=true -1879050240} surfaceGenerationChanged=true
04-12 10:06:08.515 31858 31858 D ViewRootImpl@654ed13[CategoryListActivity]: mHardwareRenderer.initialize() mSurface={isValid=true -1879050240} hwInitialized=true
04-12 10:06:08.661 31858 31858 D ViewRootImpl@654ed13[CategoryListActivity]: MSG_RESIZED_REPORT: frame=Rect(0, 0 - 768, 1024) ci=Rect(0, 24 - 0, 0) vi=Rect(0, 24 - 0, 0) or=1
04-12 10:06:08.661 31858 31858 D ViewRootImpl@654ed13[CategoryListActivity]: MSG_WINDOW_FOCUS_CHANGED 1
04-12 10:06:08.661 31858 31858 D ViewRootImpl@654ed13[CategoryListActivity]: mHardwareRenderer.initializeIfNeeded()#2 mSurface={isValid=true -1879050240}
04-12 10:06:08.664 31858 31858 V InputMethodManager: Starting input: tba=android.view.inputmethod.EditorInfo@fd367ca nm : cz.gienger.mobile ic=null
04-12 10:06:08.664 31858 31858 I InputMethodManager: startInputInner - mService.startInputOrWindowGainedFocus
04-12 10:06:08.666 31858 31858 D InputTransport: Input channel constructed: fd=71
04-12 10:06:08.666 31858 31858 D InputTransport: Input channel destroyed: fd=74
04-12 10:06:08.667 31858 31858 D LOCATION_SERVICE: onLocationChanged: Location[network 49,191116,17,534550 acc=21 et=+2d23h32m8s987ms alt=0.0 vel=0.0 bear=0.0 {Bundle[mParcelledData.dataSize=80]}]
04-12 10:06:08.729 31858 31875 D OpenGLRenderer: endAllActiveAnimators on 0x9ebd1180 (RippleDrawable) with handle 0x915f84c0
04-12 10:06:08.729 31858 31858 D ViewRootImpl@500da9f[MainActivity]: mHardwareRenderer.destroy()#1
04-12 10:06:08.736 31858 31858 D ViewRootImpl@500da9f[MainActivity]: Relayout returned: oldFrame=[0,0][768,1024] newFrame=[0,0][768,1024] result=0x5 surface={isValid=false 0} surfaceGenerationChanged=true
04-12 10:06:09.149 31858 31858 D ViewRootImpl@500da9f[MainActivity]: Relayout returned: oldFrame=[0,0][768,1024] newFrame=[0,0][768,1024] result=0x5 surface={isValid=false 0} surfaceGenerationChanged=false
04-12 10:06:38.788 31858 31858 V InputMethodManager: Starting input: tba=android.view.inputmethod.EditorInfo@6deed3b nm : cz.gienger.mobile ic=null
04-12 10:06:38.788 31858 31858 I InputMethodManager: startInputInner - mService.startInputOrWindowGainedFocus
04-12 10:06:38.789 31858 31858 D InputTransport: Input channel constructed: fd=61
04-12 10:06:38.789 31858 31858 D InputTransport: Input channel destroyed: fd=71
04-12 10:08:04.196 31858 31858 V InputMethodManager: Starting input: tba=android.view.inputmethod.EditorInfo@556e1b1 nm : cz.gienger.mobile ic=null
04-12 10:08:04.196 31858 31858 I InputMethodManager: startInputInner - mService.startInputOrWindowGainedFocus
04-12 10:08:04.198 31858 31858 D InputTransport: Input channel constructed: fd=64
04-12 10:08:04.198 31858 31858 D InputTransport: Input channel destroyed: fd=61
04-12 10:08:04.292 31858 31858 D ViewRootImpl@654ed13[CategoryListActivity]: MSG_RESIZED_REPORT: frame=Rect(0, 0 - 768, 1024) ci=Rect(0, 24 - 0, 0) vi=Rect(0, 24 - 0, 0) or=1
04-12 10:08:04.313 31858 31858 D ViewRootImpl@654ed13[CategoryListActivity]: Relayout returned: oldFrame=[0,0][768,1024] newFrame=[0,0][768,1024] result=0x1 surface={isValid=true -1879050240} surfaceGenerationChanged=false
04-12 10:08:09.048 31858 31858 D ViewRootImpl@654ed13[CategoryListActivity]: ViewPostImeInputStage processPointer 0
04-12 10:08:09.496 31858 31858 D ViewRootImpl@654ed13[CategoryListActivity]: ViewPostImeInputStage processPointer 1
04-12 10:08:11.116 31858 31858 D ViewRootImpl@654ed13[CategoryListActivity]: ViewPostImeInputStage processPointer 0
04-12 10:08:11.501 31858 31858 D ViewRootImpl@654ed13[CategoryListActivity]: ViewPostImeInputStage processPointer 1
04-12 10:08:12.533 31858 31858 D ViewRootImpl@654ed13[CategoryListActivity]: ViewPostImeInputStage processPointer 0
04-12 10:08:12.601 31858 31858 D ViewRootImpl@654ed13[CategoryListActivity]: ViewPostImeInputStage processPointer 1
04-12 10:08:14.409 31858 31858 D ViewRootImpl@654ed13[CategoryListActivity]: ViewPostImeInputStage processPointer 0
04-12 10:08:14.422 31858 31858 D ViewRootImpl@654ed13[CategoryListActivity]: ViewPostImeInputStage processPointer 1
04-12 10:08:15.461 31858 31858 D ViewRootImpl@654ed13[CategoryListActivity]: ViewPostImeInputStage processPointer 0
04-12 10:08:15.508 31858 31858 D ViewRootImpl@654ed13[CategoryListActivity]: ViewPostImeInputStage processPointer 1
04-12 10:08:15.535 31858 31858 D ViewRootImpl@654ed13[CategoryListActivity]: MSG_WINDOW_FOCUS_CHANGED 0
04-12 10:08:15.662 31858 31858 D ViewRootImpl@f04db78[ArticleListActivity]: ThreadedRenderer.create() translucent=false
04-12 10:08:15.665 31858 31858 D InputTransport: Input channel constructed: fd=65
04-12 10:08:15.666 31858 31858 D ViewRootImpl@f04db78[ArticleListActivity]: setView = DecorView@6c03251[ArticleListActivity] touchMode=true
04-12 10:08:15.669 31858 31858 D ViewRootImpl@f04db78[ArticleListActivity]: dispatchAttachedToWindow
04-12 10:08:15.692 31858 31858 D ViewRootImpl@f04db78[ArticleListActivity]: Relayout returned: oldFrame=[0,0][0,0] newFrame=[0,0][768,1024] result=0x27 surface={isValid=true -1852297216} surfaceGenerationChanged=true
04-12 10:08:15.693 31858 31858 D ViewRootImpl@f04db78[ArticleListActivity]: mHardwareRenderer.initialize() mSurface={isValid=true -1852297216} hwInitialized=true
04-12 10:08:15.882 31858 31858 W View : requestLayout() improperly called by android.support.v7.widget.AppCompatTextView{82a09dd V.ED..... ......ID 0,0-0,18 #7f11012a app:id/tv_fragment_poaz_article_list_header_catalog_price_product_count} during layout: running second layout pass
04-12 10:08:15.882 31858 31858 I ViewRootImpl@f04db78[ArticleListActivity]: requestLayout is already in process
04-12 10:08:15.883 31858 31858 W View : requestLayout() improperly called by android.support.v7.widget.AppCompatTextView{6d5b952 V.ED..... ......ID 12,0-12,18 #7f11012b app:id/tv_fragment_poaz_article_list_header_special_price_product_count} during layout: running second layout pass
04-12 10:08:15.900 31858 31858 D ViewRootImpl@f04db78[ArticleListActivity]: MSG_RESIZED_REPORT: frame=Rect(0, 0 - 768, 1024) ci=Rect(0, 24 - 0, 0) vi=Rect(0, 24 - 0, 0) or=1
04-12 10:08:15.900 31858 31858 D ViewRootImpl@f04db78[ArticleListActivity]: MSG_WINDOW_FOCUS_CHANGED 1
04-12 10:08:15.901 31858 31858 D ViewRootImpl@f04db78[ArticleListActivity]: mHardwareRenderer.initializeIfNeeded()#2 mSurface={isValid=true -1852297216}
04-12 10:08:15.902 31858 31858 V InputMethodManager: Starting input: tba=android.view.inputmethod.EditorInfo@fe99795 nm : cz.gienger.mobile ic=null
04-12 10:08:15.902 31858 31858 I InputMethodManager: startInputInner - mService.startInputOrWindowGainedFocus
04-12 10:08:15.904 31858 31858 D InputTransport: Input channel constructed: fd=72
04-12 10:08:15.904 31858 31858 D InputTransport: Input channel destroyed: fd=64
04-12 10:08:15.965 31858 31858 D ViewRootImpl@654ed13[CategoryListActivity]: mHardwareRenderer.destroy()#1
04-12 10:08:15.974 31858 31858 D ViewRootImpl@654ed13[CategoryListActivity]: Relayout returned: oldFrame=[0,0][768,1024] newFrame=[0,0][768,1024] result=0x5 surface={isValid=false 0} surfaceGenerationChanged=true
04-12 10:08:16.377 31858 31858 D ViewRootImpl@654ed13[CategoryListActivity]: Relayout returned: oldFrame=[0,0][768,1024] newFrame=[0,0][768,1024] result=0x5 surface={isValid=false 0} surfaceGenerationChanged=false
04-12 10:08:17.433 31858 31858 D ViewRootImpl@f04db78[ArticleListActivity]: ViewPostImeInputStage processPointer 0
04-12 10:08:17.893 31858 31858 D ViewRootImpl@f04db78[ArticleListActivity]: ViewPostImeInputStage processPointer 1
04-12 10:08:18.662 31858 31858 D ViewRootImpl@f04db78[ArticleListActivity]: ViewPostImeInputStage processPointer 0
04-12 10:08:18.753 31858 31858 D ViewRootImpl@f04db78[ArticleListActivity]: ViewPostImeInputStage processPointer 1
04-12 10:08:18.786 31858 31858 D ViewRootImpl@f04db78[ArticleListActivity]: MSG_WINDOW_FOCUS_CHANGED 0
04-12 10:08:18.886 31858 31858 D ViewRootImpl@d5b1be3[AddArticleToCartActivity]: ThreadedRenderer.create() translucent=false
04-12 10:08:18.890 31858 31858 D InputTransport: Input channel constructed: fd=64
04-12 10:08:18.890 31858 31858 D ViewRootImpl@d5b1be3[AddArticleToCartActivity]: setView = DecorView@6dc39e0[AddArticleToCartActivity] touchMode=true
04-12 10:08:18.894 31858 31858 D ViewRootImpl@d5b1be3[AddArticleToCartActivity]: dispatchAttachedToWindow
04-12 10:08:18.917 31858 31858 D ViewRootImpl@d5b1be3[AddArticleToCartActivity]: Relayout returned: oldFrame=[0,0][0,0] newFrame=[0,0][768,1024] result=0x27 surface={isValid=true -1852041216} surfaceGenerationChanged=true
04-12 10:08:18.917 31858 31858 D ViewRootImpl@d5b1be3[AddArticleToCartActivity]: mHardwareRenderer.initialize() mSurface={isValid=true -1852041216} hwInitialized=true
04-12 10:08:18.965 31858 31858 D ViewRootImpl@d5b1be3[AddArticleToCartActivity]: MSG_RESIZED_REPORT: frame=Rect(0, 0 - 768, 1024) ci=Rect(0, 24 - 0, 0) vi=Rect(0, 24 - 0, 0) or=1
04-12 10:08:18.965 31858 31858 D ViewRootImpl@d5b1be3[AddArticleToCartActivity]: MSG_WINDOW_FOCUS_CHANGED 1
04-12 10:08:18.965 31858 31858 D ViewRootImpl@d5b1be3[AddArticleToCartActivity]: mHardwareRenderer.initializeIfNeeded()#2 mSurface={isValid=true -1852041216}
04-12 10:08:18.973 31858 31858 V InputMethodManager: Starting input: tba=android.view.inputmethod.EditorInfo@766900e nm : cz.gienger.mobile ic=com.android.internal.widget.EditableInputConnection@f63ca2f
04-12 10:08:18.974 31858 31858 I InputMethodManager: startInputInner - mService.startInputOrWindowGainedFocus
04-12 10:08:18.987 31858 31858 D InputTransport: Input channel constructed: fd=71
04-12 10:08:18.987 31858 31858 D InputTransport: Input channel destroyed: fd=72
04-12 10:08:19.024 31858 31875 D OpenGLRenderer: endAllActiveAnimators on 0x9ebdc000 (RippleDrawable) with handle 0xa8aebe50
04-12 10:08:19.024 31858 31858 D ViewRootImpl@f04db78[ArticleListActivity]: mHardwareRenderer.destroy()#1
04-12 10:08:19.035 31858 31858 D ViewRootImpl@f04db78[ArticleListActivity]: Relayout returned: oldFrame=[0,0][768,1024] newFrame=[0,0][768,1024] result=0x5 surface={isValid=false 0} surfaceGenerationChanged=true
04-12 10:08:19.345 31858 31858 D ViewRootImpl@d5b1be3[AddArticleToCartActivity]: MSG_RESIZED: frame=Rect(0, 0 - 768, 1024) ci=Rect(0, 24 - 0, 0) vi=Rect(0, 24 - 0, 320) or=1
04-12 10:08:19.434 31858 31858 D ViewRootImpl@f04db78[ArticleListActivity]: Relayout returned: oldFrame=[0,0][768,1024] newFrame=[0,0][768,1024] result=0x5 surface={isValid=false 0} surfaceGenerationChanged=false
04-12 10:08:20.755 31858 31858 D ViewRootImpl@d5b1be3[AddArticleToCartActivity]: ViewPostImeInputStage processPointer 0
04-12 10:08:20.816 31858 31858 D ViewRootImpl@d5b1be3[AddArticleToCartActivity]: ViewPostImeInputStage processPointer 1
04-12 10:08:20.821 31858 31858 V InputMethodManager: Starting input: tba=android.view.inputmethod.EditorInfo@5ddfc28 nm : cz.gienger.mobile ic=com.android.internal.widget.EditableInputConnection@148bd41
04-12 10:08:20.821 31858 31858 I InputMethodManager: startInputInner - mService.startInputOrWindowGainedFocus
04-12 10:08:20.825 31858 31858 D InputTransport: Input channel constructed: fd=80
04-12 10:08:20.825 31858 31858 D InputTransport: Input channel destroyed: fd=71
04-12 10:08:20.910 31858 31858 D ViewRootImpl@f04db78[ArticleListActivity]: mHardwareRenderer.destroy()#1
04-12 10:08:20.922 31858 31858 D ViewRootImpl@f04db78[ArticleListActivity]: Relayout returned: oldFrame=[0,0][768,1024] newFrame=[0,0][768,1024] result=0x1 surface={isValid=false 0} surfaceGenerationChanged=false
04-12 10:08:20.950 31858 31858 D ViewRootImpl@f04db78[ArticleListActivity]: Relayout returned: oldFrame=[0,0][768,1024] newFrame=[0,0][768,1024] result=0x7 surface={isValid=true -1852297216} surfaceGenerationChanged=true
04-12 10:08:20.950 31858 31858 D ViewRootImpl@f04db78[ArticleListActivity]: mHardwareRenderer.initialize() mSurface={isValid=true -1852297216} hwInitialized=true
04-12 10:08:21.055 31858 31858 W View : requestLayout() improperly called by android.support.v7.widget.AppCompatTextView{82a09dd V.ED..... ......ID 0,0-7,18 #7f11012a app:id/tv_fragment_poaz_article_list_header_catalog_price_product_count} during layout: running second layout pass
04-12 10:08:21.055 31858 31858 I ViewRootImpl@f04db78[ArticleListActivity]: requestLayout is already in process
04-12 10:08:21.055 31858 31858 W View : requestLayout() improperly called by android.support.v7.widget.AppCompatTextView{6d5b952 V.ED..... ......ID 19,0-26,18 #7f11012b app:id/tv_fragment_poaz_article_list_header_special_price_product_count} during layout: running second layout pass
04-12 10:08:21.056 31858 31858 D ViewRootImpl@d5b1be3[AddArticleToCartActivity]: MSG_WINDOW_FOCUS_CHANGED 0
04-12 10:08:21.099 31858 31858 D ViewRootImpl@f04db78[ArticleListActivity]: MSG_RESIZED_REPORT: frame=Rect(0, 0 - 768, 1024) ci=Rect(0, 24 - 0, 320) vi=Rect(0, 24 - 0, 320) or=1
04-12 10:08:21.099 31858 31858 D ViewRootImpl@f04db78[ArticleListActivity]: MSG_WINDOW_FOCUS_CHANGED 1
04-12 10:08:21.099 31858 31858 D ViewRootImpl@f04db78[ArticleListActivity]: mHardwareRenderer.initializeIfNeeded()#2 mSurface={isValid=true -1852297216}
04-12 10:08:21.102 31858 31858 V InputMethodManager: Starting input: tba=android.view.inputmethod.EditorInfo@fa2ec7d nm : cz.gienger.mobile ic=null
04-12 10:08:21.102 31858 31858 I InputMethodManager: startInputInner - mService.startInputOrWindowGainedFocus
04-12 10:08:21.117 31858 31858 D InputTransport: Input channel constructed: fd=81
04-12 10:08:21.117 31858 31858 D InputTransport: Input channel destroyed: fd=80
04-12 10:08:21.132 31858 31858 W IInputConnectionWrapper: getCursorCapsMode on inactive InputConnection
04-12 10:08:21.169 31858 31875 D OpenGLRenderer: endAllActiveAnimators on 0x9199b580 (RippleDrawable) with handle 0x90debd60
04-12 10:08:21.169 31858 31858 D ViewRootImpl@d5b1be3[AddArticleToCartActivity]: mHardwareRenderer.destroy()#1
04-12 10:08:21.192 31858 31858 D ViewRootImpl@d5b1be3[AddArticleToCartActivity]: Relayout returned: oldFrame=[0,0][768,1024] newFrame=[0,0][768,1024] result=0x5 surface={isValid=false 0} surfaceGenerationChanged=true
04-12 10:08:21.202 31858 31858 W IInputConnectionWrapper: finishComposingText on inactive InputConnection
04-12 10:08:21.202 31858 31858 W IInputConnectionWrapper: performPrivateCommand on inactive InputConnection
04-12 10:08:21.202 31858 31858 W IInputConnectionWrapper: finishComposingText on inactive InputConnection
04-12 10:08:21.242 31858 31858 D ViewRootImpl@f04db78[ArticleListActivity]: MSG_RESIZED: frame=Rect(0, 0 - 768, 1024) ci=Rect(0, 24 - 0, 0) vi=Rect(0, 24 - 0, 0) or=1
04-12 10:08:21.259 31858 31858 D ViewRootImpl@f04db78[ArticleListActivity]: Relayout returned: oldFrame=[0,0][768,1024] newFrame=[0,0][768,1024] result=0x1 surface={isValid=true -1852297216} surfaceGenerationChanged=false
04-12 10:08:21.543 31858 31858 D TextView: SYANI: Clipboard API is calling: clearFilter()
04-12 10:08:21.543 31858 31858 D TextView: SYANI: Clipboard API is calling: unregisterClipboardEventListener()
04-12 10:08:21.550 31858 31858 D TextView: SYANI: Clipboard API is calling: clearFilter()
04-12 10:08:21.550 31858 31858 D TextView: SYANI: Clipboard API is calling: unregisterClipboardEventListener()
04-12 10:08:21.557 31858 31858 D ViewRootImpl@d5b1be3[AddArticleToCartActivity]: mHardwareRenderer.destroy()#4
04-12 10:08:21.557 31858 31858 D ViewRootImpl@d5b1be3[AddArticleToCartActivity]: dispatchDetachedFromWindow
04-12 10:08:21.570 31858 31858 D InputTransport: Input channel destroyed: fd=64
04-12 10:08:22.544 31858 31858 D ViewRootImpl@f04db78[ArticleListActivity]: ViewPostImeInputStage processPointer 0
04-12 10:08:22.603 31858 31858 D ViewRootImpl@f04db78[ArticleListActivity]: ViewPostImeInputStage processPointer 1
04-12 10:08:22.649 31858 31858 D ViewRootImpl@f04db78[ArticleListActivity]: MSG_WINDOW_FOCUS_CHANGED 0
04-12 10:08:22.813 31858 31858 D ViewRootImpl@8bac1b5[CartActivity]: ThreadedRenderer.create() translucent=false
04-12 10:08:22.816 31858 31858 D InputTransport: Input channel constructed: fd=64
04-12 10:08:22.816 31858 31858 D ViewRootImpl@8bac1b5[CartActivity]: setView = DecorView@587d04a[CartActivity] touchMode=true
04-12 10:08:22.819 31858 31858 D ViewRootImpl@8bac1b5[CartActivity]: dispatchAttachedToWindow
04-12 10:08:22.845 31858 31858 D ViewRootImpl@8bac1b5[CartActivity]: Relayout returned: oldFrame=[0,0][0,0] newFrame=[0,0][768,1024] result=0x27 surface={isValid=true -1856126976} surfaceGenerationChanged=true
04-12 10:08:22.845 31858 31858 D ViewRootImpl@8bac1b5[CartActivity]: mHardwareRenderer.initialize() mSurface={isValid=true -1856126976} hwInitialized=true
04-12 10:08:22.908 31858 31858 D AbsListView: in onLayout changed
04-12 10:08:22.949 31858 31858 D ViewRootImpl@8bac1b5[CartActivity]: MSG_RESIZED_REPORT: frame=Rect(0, 0 - 768, 1024) ci=Rect(0, 24 - 0, 0) vi=Rect(0, 24 - 0, 0) or=1
04-12 10:08:22.949 31858 31858 D ViewRootImpl@8bac1b5[CartActivity]: MSG_WINDOW_FOCUS_CHANGED 1
04-12 10:08:22.949 31858 31858 D ViewRootImpl@8bac1b5[CartActivity]: mHardwareRenderer.initializeIfNeeded()#2 mSurface={isValid=true -1856126976}
04-12 10:08:22.967 31858 31858 V InputMethodManager: Starting input: tba=android.view.inputmethod.EditorInfo@963ab75 nm : cz.gienger.mobile ic=null
04-12 10:08:22.967 31858 31858 I InputMethodManager: startInputInner - mService.startInputOrWindowGainedFocus
04-12 10:08:22.969 31858 31858 D InputTransport: Input channel constructed: fd=71
04-12 10:08:22.969 31858 31858 D InputTransport: Input channel destroyed: fd=81
04-12 10:08:23.001 31858 31875 D OpenGLRenderer: endAllActiveAnimators on 0x9ebdd180 (RippleDrawable) with handle 0x90debd40
04-12 10:08:23.002 31858 31858 D ViewRootImpl@f04db78[ArticleListActivity]: mHardwareRenderer.destroy()#1
04-12 10:08:23.011 31858 31858 D ViewRootImpl@f04db78[ArticleListActivity]: Relayout returned: oldFrame=[0,0][768,1024] newFrame=[0,0][768,1024] result=0x5 surface={isValid=false 0} surfaceGenerationChanged=true
04-12 10:08:23.444 31858 31858 D ViewRootImpl@f04db78[ArticleListActivity]: Relayout returned: oldFrame=[0,0][768,1024] newFrame=[0,0][768,1024] result=0x5 surface={isValid=false 0} surfaceGenerationChanged=false
04-12 10:08:24.795 31858 31858 D ViewRootImpl@8bac1b5[CartActivity]: ViewPostImeInputStage processPointer 0
04-12 10:08:24.821 31858 31858 D AbsListView: reportScrollStateChange() newState : 1
04-12 10:08:25.119 31858 31858 D ViewRootImpl@8bac1b5[CartActivity]: ViewPostImeInputStage processPointer 1
04-12 10:08:25.119 31858 31858 D AbsListView: onTouchUp() mTouchMode : 3
04-12 10:08:25.119 31858 31858 D AbsListView: onTouchUp() TOUCH_MODE_SCROLL initialVelocity : 471
04-12 10:08:25.119 31858 31858 D AbsListView: reportScrollStateChange() newState : 0
04-12 10:09:04.797 31858 31858 V InputMethodManager: Starting input: tba=android.view.inputmethod.EditorInfo@cebcb7b nm : cz.gienger.mobile ic=null
04-12 10:09:04.797 31858 31858 I InputMethodManager: startInputInner - mService.startInputOrWindowGainedFocus
04-12 10:09:04.798 31858 31858 D InputTransport: Input channel constructed: fd=67
04-12 10:09:04.798 31858 31858 D InputTransport: Input channel destroyed: fd=71
04-12 10:09:31.937 31858 31858 V InputMethodManager: Starting input: tba=android.view.inputmethod.EditorInfo@4874d98 nm : cz.gienger.mobile ic=null
04-12 10:09:31.937 31858 31858 I InputMethodManager: startInputInner - mService.startInputOrWindowGainedFocus
04-12 10:09:31.938 31858 31858 D InputTransport: Input channel constructed: fd=68
04-12 10:09:31.938 31858 31858 D InputTransport: Input channel destroyed: fd=67
04-12 10:09:31.982 31858 31872 W art : Clearing bad or obsolete profile data from file /data/misc/profiles/cur/0/cz.gienger.mobile/primary.prof: Profile EOF reached prematurely for ReadProfileHeader
04-12 10:09:32.148 31858 31868 I art : Background partial concurrent mark sweep GC freed 48746(2MB) AllocSpace objects, 3(60KB) LOS objects, 55% free, 9MB/21MB, paused 1.104ms total 127.567ms
04-12 10:09:32.183 31858 31858 D ViewRootImpl@8bac1b5[CartActivity]: Relayout returned: oldFrame=[0,0][768,1024] newFrame=[0,0][768,1024] result=0x1 surface={isValid=true -1856126976} surfaceGenerationChanged=false
04-12 10:09:32.228 31858 31858 D ViewRootImpl@8bac1b5[CartActivity]: MSG_RESIZED_REPORT: frame=Rect(0, 0 - 768, 1024) ci=Rect(0, 24 - 0, 0) vi=Rect(0, 24 - 0, 0) or=1
04-12 10:09:39.160 31858 31858 D ViewRootImpl@8bac1b5[CartActivity]: ViewPostImeInputStage processPointer 0
04-12 10:09:39.208 31858 31858 D ViewRootImpl@8bac1b5[CartActivity]: ViewPostImeInputStage processPointer 1
