--------- beginning of main
10-22 13:26:04.110 4227 5429 D OkHttp : <-- END HTTP
10-22 13:26:04.306 4227 4227 D ScrollView: initGoToTop
10-22 13:26:04.324 4227 4227 D ViewRootImpl@53c48e7[LoginActivity]: ViewPostImeInputStage processPointer 0
10-22 13:26:04.336 4227 4227 D ViewRootImpl@53c48e7[LoginActivity]: ViewPostImeInputStage processPointer 1
10-22 13:26:04.342 4227 4227 D ScrollView: onsize change changed
10-22 13:26:05.749 4227 4227 D ViewRootImpl@53c48e7[LoginActivity]: ViewPostImeInputStage processPointer 0
10-22 13:26:05.843 4227 4227 D ViewRootImpl@53c48e7[LoginActivity]: ViewPostImeInputStage processPointer 1
10-22 13:26:05.864 4227 4227 V InputMethodManager: Starting input: tba=android.view.inputmethod.EditorInfo@ede2ff0 nm : cz.gienger.mobile ic=com.android.internal.widget.EditableInputConnection@ad5b969
10-22 13:26:05.864 4227 4227 I InputMethodManager: startInputInner - mService.startInputOrWindowGainedFocus
10-22 13:26:05.872 4227 4227 D InputTransport: Input channel constructed: fd=73
10-22 13:26:05.873 4227 4227 D InputTransport: Input channel destroyed: fd=63
10-22 13:26:05.873 4227 4227 D InputMethodManager: SSI - flag : 0 Pid : 4227 view : cz.gienger.mobile
10-22 13:26:06.419 4227 4227 D ViewRootImpl@53c48e7[LoginActivity]: MSG_RESIZED: frame=Rect(0, 0 - 768, 1024) ci=Rect(0, 24 - 0, 320) vi=Rect(0, 24 - 0, 320) or=1
10-22 13:26:06.544 4227 4227 D ViewRootImpl@53c48e7[LoginActivity]: Relayout returned: oldFrame=[0,0][768,1024] newFrame=[0,0][768,1024] result=0x1 surface={isValid=true -1870684160} surfaceGenerationChanged=false
10-22 13:26:06.546 4227 4227 D ScrollView: onsize change changed
10-22 13:26:25.774 4227 4227 D ViewRootImpl@53c48e7[LoginActivity]: ViewPostImeInputStage processPointer 0
10-22 13:26:25.835 4227 4227 D ViewRootImpl@53c48e7[LoginActivity]: ViewPostImeInputStage processPointer 1
10-22 13:26:25.855 4227 4227 V InputMethodManager: Starting input: tba=android.view.inputmethod.EditorInfo@5d22ca1 nm : cz.gienger.mobile ic=com.android.internal.widget.EditableInputConnection@99c3ec6
10-22 13:26:25.855 4227 4227 I InputMethodManager: startInputInner - mService.startInputOrWindowGainedFocus
10-22 13:26:25.857 4227 4227 D InputTransport: Input channel constructed: fd=67
10-22 13:26:25.857 4227 4227 D InputTransport: Input channel destroyed: fd=73
10-22 13:26:25.857 4227 4227 D InputMethodManager: SSI - flag : 0 Pid : 4227 view : cz.gienger.mobile
10-22 13:26:25.861 4227 4227 W IInputConnectionWrapper: performPrivateCommand on inactive InputConnection
10-22 13:26:25.861 4227 4227 W IInputConnectionWrapper: finishComposingText on inactive InputConnection
10-22 13:26:33.809 4227 4227 D ViewRootImpl@53c48e7[LoginActivity]: ViewPostImeInputStage processPointer 0
10-22 13:26:33.869 4227 4227 D ViewRootImpl@53c48e7[LoginActivity]: ViewPostImeInputStage processPointer 1
10-22 13:26:33.972 4227 4227 D ScrollView: initGoToTop
10-22 13:26:33.978 4227 4227 D ScrollView: initGoToTop
10-22 13:26:34.007 4227 4227 D ViewRootImpl@b006650[LoginActivity]: ThreadedRenderer.create() translucent=true
10-22 13:26:34.019 4227 4227 D InputTransport: Input channel constructed: fd=73
10-22 13:26:34.020 4227 4227 D ViewRootImpl@b006650[LoginActivity]: setView = DecorView@382049[LoginActivity] touchMode=true
10-22 13:26:34.065 4227 4765 D MYINTERCEPTOR: /GiengerService.svc/oauth
10-22 13:26:34.065 4227 4765 D OkHttp : --> POST https://testsaig1.gienger.cz/GiengerService.svc/oauth http/1.1
10-22 13:26:34.065 4227 4765 D OkHttp : Content-Type: application/xml; charset=UTF-8
10-22 13:26:34.065 4227 4765 D OkHttp : Content-Length: 299
10-22 13:26:34.065 4227 4765 D OkHttp : --> END POST
10-22 13:26:34.066 4227 4227 D ViewRootImpl@b006650[LoginActivity]: dispatchAttachedToWindow
10-22 13:26:34.094 4227 4227 D ViewRootImpl@b006650[LoginActivity]: Relayout returned: oldFrame=[0,0][0,0] newFrame=[108,466][660,582] result=0x27 surface={isValid=true -1882503168} surfaceGenerationChanged=true
10-22 13:26:34.094 4227 4227 D ViewRootImpl@b006650[LoginActivity]: mHardwareRenderer.initialize() mSurface={isValid=true -1882503168} hwInitialized=true
10-22 13:26:34.119 4227 4227 D ViewRootImpl@b006650[LoginActivity]: MSG_WINDOW_FOCUS_CHANGED 1
10-22 13:26:34.119 4227 4227 D ViewRootImpl@b006650[LoginActivity]: mHardwareRenderer.initializeIfNeeded()#2 mSurface={isValid=true -1882503168}
10-22 13:26:34.150 4227 4227 D ViewRootImpl@b006650[LoginActivity]: MSG_RESIZED_REPORT: frame=Rect(108, 466 - 660, 582) ci=Rect(0, 0 - 0, 0) vi=Rect(0, 0 - 0, 0) or=1
10-22 13:26:34.164 4227 4765 D OkHttp : <-- 200 https://testsaig1.gienger.cz/GiengerService.svc/oauth (99ms)
10-22 13:26:34.164 4227 4765 D OkHttp : content-type: application/xml; charset=utf-8
10-22 13:26:34.165 4227 4765 D OkHttp : server: Microsoft-IIS/10.0
10-22 13:26:34.165 4227 4765 D OkHttp : x-powered-by: ASP.NET
10-22 13:26:34.165 4227 4765 D OkHttp : date: Mon, 22 Oct 2018 11:26:34 GMT
10-22 13:26:34.165 4227 4765 D OkHttp : content-length: 292
10-22 13:26:34.165 4227 4765 D OkHttp : <-- END HTTP
10-22 13:26:34.195 4227 4765 D MYINTERCEPTOR: /GiengerService.svc/userinfo
10-22 13:26:34.195 4227 4765 D OkHttp : --> POST https://testsaig1.gienger.cz/GiengerService.svc/userinfo http/1.1
10-22 13:26:34.195 4227 4765 D OkHttp : Content-Type: application/xml; charset=UTF-8
10-22 13:26:34.195 4227 4765 D OkHttp : Content-Length: 140
10-22 13:26:34.195 4227 4765 D OkHttp : token: 4f6b082eb550cdf54b857327befefd36
10-22 13:26:34.195 4227 4765 D OkHttp : --> END POST
10-22 13:26:34.208 4227 4227 D ViewRootImpl@53c48e7[LoginActivity]: MSG_WINDOW_FOCUS_CHANGED 0
10-22 13:26:34.241 4227 4765 D OkHttp : <-- 200 https://testsaig1.gienger.cz/GiengerService.svc/userinfo (45ms)
10-22 13:26:34.241 4227 4765 D OkHttp : content-type: application/xml; charset=utf-8
10-22 13:26:34.241 4227 4765 D OkHttp : server: Microsoft-IIS/10.0
10-22 13:26:34.242 4227 4765 D OkHttp : x-powered-by: ASP.NET
10-22 13:26:34.242 4227 4765 D OkHttp : date: Mon, 22 Oct 2018 11:26:34 GMT
10-22 13:26:34.242 4227 4765 D OkHttp : content-length: 194
10-22 13:26:34.242 4227 4765 D OkHttp : <-- END HTTP
10-22 13:26:34.304 4227 4227 D ScrollView: initGoToTop
10-22 13:26:34.311 4227 4227 D ScrollView: initGoToTop
10-22 13:26:34.326 4227 4227 D ViewRootImpl@12283dc[LoginActivity]: ThreadedRenderer.create() translucent=true
10-22 13:26:34.335 4227 4227 D InputTransport: Input channel constructed: fd=83
10-22 13:26:34.336 4227 4227 D ViewRootImpl@12283dc[LoginActivity]: setView = DecorView@8075ce5[LoginActivity] touchMode=true
10-22 13:26:34.392 4227 4227 D ViewRootImpl@b006650[LoginActivity]: mHardwareRenderer.destroy()#4
10-22 13:26:34.392 4227 4227 D ViewRootImpl@b006650[LoginActivity]: dispatchDetachedFromWindow
10-22 13:26:34.402 4227 4227 D InputTransport: Input channel destroyed: fd=73
10-22 13:26:34.434 4227 4227 D ViewRootImpl@53c48e7[LoginActivity]: Relayout returned: oldFrame=[0,0][768,1024] newFrame=[0,0][768,1024] result=0x1 surface={isValid=true -1870684160} surfaceGenerationChanged=false
10-22 13:26:34.438 4227 4227 D ViewRootImpl@12283dc[LoginActivity]: dispatchAttachedToWindow
10-22 13:26:34.485 4227 4227 D ViewRootImpl@12283dc[LoginActivity]: Relayout returned: oldFrame=[0,0][0,0] newFrame=[108,423][660,624] result=0x27 surface={isValid=true -1882503168} surfaceGenerationChanged=true
10-22 13:26:34.485 4227 4227 D ViewRootImpl@12283dc[LoginActivity]: mHardwareRenderer.initialize() mSurface={isValid=true -1882503168} hwInitialized=true
10-22 13:26:34.490 4227 4227 D ScrollView: onsize change changed
10-22 13:26:34.490 4227 4227 D ScrollView: onsize change changed
10-22 13:26:34.497 4227 4227 D ViewRootImpl@12283dc[LoginActivity]: MSG_WINDOW_FOCUS_CHANGED 1
10-22 13:26:34.497 4227 4227 D ViewRootImpl@12283dc[LoginActivity]: mHardwareRenderer.initializeIfNeeded()#2 mSurface={isValid=true -1882503168}
10-22 13:26:34.535 4227 4227 D ViewRootImpl@12283dc[LoginActivity]: MSG_RESIZED_REPORT: frame=Rect(108, 423 - 660, 624) ci=Rect(0, 0 - 0, 0) vi=Rect(0, 0 - 0, 0) or=1
10-22 13:26:34.575 4227 4227 E ViewRootImpl: sendUserActionEvent() returned.
10-22 13:26:35.480 4227 4227 D ViewRootImpl@12283dc[LoginActivity]: ViewPostImeInputStage processPointer 0
10-22 13:26:35.530 4227 4227 D ViewRootImpl@12283dc[LoginActivity]: ViewPostImeInputStage processPointer 1
10-22 13:26:35.554 4227 4227 D ViewRootImpl@12283dc[LoginActivity]: mHardwareRenderer.destroy()#4
10-22 13:26:35.554 4227 4227 D ViewRootImpl@12283dc[LoginActivity]: dispatchDetachedFromWindow
10-22 13:26:35.565 4227 4227 D InputTransport: Input channel destroyed: fd=83
10-22 13:26:35.658 4227 4765 D MYINTERCEPTOR: /GiengerService.svc/manifests
10-22 13:26:35.659 4227 4765 D OkHttp : --> GET https://testsaig1.gienger.cz/GiengerService.svc/manifests http/1.1
10-22 13:26:35.659 4227 4765 D OkHttp : state: CZ
10-22 13:26:35.659 4227 4765 D OkHttp : token: 4f6b082eb550cdf54b857327befefd36
10-22 13:26:35.659 4227 4765 D OkHttp : --> END GET
10-22 13:26:35.679 4227 4227 D TextView: SYANI: Clipboard API is calling: clearFilter()
10-22 13:26:35.679 4227 4227 D TextView: SYANI: Clipboard API is calling: unregisterClipboardEventListener()
10-22 13:26:35.681 4227 4227 D TextView: SYANI: Clipboard API is calling: clearFilter()
10-22 13:26:35.681 4227 4227 D TextView: SYANI: Clipboard API is calling: unregisterClipboardEventListener()
10-22 13:26:35.700 4227 4227 D ViewRootImpl@53c48e7[LoginActivity]: mHardwareRenderer.destroy()#4
10-22 13:26:35.700 4227 4227 D ViewRootImpl@53c48e7[LoginActivity]: dispatchDetachedFromWindow
10-22 13:26:35.704 4227 4765 D OkHttp : <-- 200 https://testsaig1.gienger.cz/GiengerService.svc/manifests (44ms)
10-22 13:26:35.704 4227 4765 D OkHttp : content-type: application/xml; charset=utf-8
10-22 13:26:35.704 4227 4765 D OkHttp : server: Microsoft-IIS/10.0
10-22 13:26:35.704 4227 4765 D OkHttp : x-powered-by: ASP.NET
10-22 13:26:35.704 4227 4765 D OkHttp : date: Mon, 22 Oct 2018 11:26:35 GMT
10-22 13:26:35.705 4227 4765 D OkHttp : content-length: 11482
10-22 13:26:35.705 4227 4765 D OkHttp : <-- END HTTP
10-22 13:26:35.706 4227 4227 D InputTransport: Input channel destroyed: fd=61
10-22 13:26:35.771 4227 4227 D FILES : /data/user/0/cz.gienger.mobile/files/delivery
10-22 13:26:35.801 4227 4767 D MYINTERCEPTOR: /GiengerService.svc/manifests
10-22 13:26:35.804 4227 4767 D OkHttp : --> GET https://testsaig1.gienger.cz/GiengerService.svc/manifests http/1.1
10-22 13:26:35.804 4227 4767 D OkHttp : state: CZ
10-22 13:26:35.804 4227 4767 D OkHttp : token: 4f6b082eb550cdf54b857327befefd36
10-22 13:26:35.804 4227 4767 D OkHttp : --> END GET
10-22 13:26:35.818 4227 4641 D MYINTERCEPTOR: /GiengerService.svc/manifests
10-22 13:26:35.823 4227 4641 D OkHttp : --> GET https://testsaig1.gienger.cz/GiengerService.svc/manifests http/1.1
10-22 13:26:35.823 4227 4641 D OkHttp : state: CZ
10-22 13:26:35.823 4227 4641 D OkHttp : token: 4f6b082eb550cdf54b857327befefd36
10-22 13:26:35.823 4227 4641 D OkHttp : --> END GET
10-22 13:26:35.832 4227 4767 D OkHttp : <-- 200 https://testsaig1.gienger.cz/GiengerService.svc/manifests (28ms)
10-22 13:26:35.833 4227 4767 D OkHttp : content-type: application/xml; charset=utf-8
10-22 13:26:35.833 4227 4767 D OkHttp : server: Microsoft-IIS/10.0
10-22 13:26:35.833 4227 4767 D OkHttp : x-powered-by: ASP.NET
10-22 13:26:35.833 4227 4767 D OkHttp : date: Mon, 22 Oct 2018 11:26:35 GMT
10-22 13:26:35.833 4227 4767 D OkHttp : content-length: 11482
10-22 13:26:35.833 4227 4767 D OkHttp : <-- END HTTP
10-22 13:26:35.853 4227 4227 D ViewRootImpl@901e922[LoginActivity]: ThreadedRenderer.create() translucent=false
10-22 13:26:35.857 4227 4227 D InputTransport: Input channel constructed: fd=61
10-22 13:26:35.858 4227 4227 D ViewRootImpl@901e922[LoginActivity]: setView = DecorView@d24cfb3[LoginActivity] touchMode=true
10-22 13:26:35.864 4227 4227 D ViewRootImpl@901e922[LoginActivity]: dispatchAttachedToWindow
10-22 13:26:35.880 4227 4641 D OkHttp : <-- 200 https://testsaig1.gienger.cz/GiengerService.svc/manifests (56ms)
10-22 13:26:35.880 4227 4641 D OkHttp : content-type: application/xml; charset=utf-8
10-22 13:26:35.880 4227 4641 D OkHttp : server: Microsoft-IIS/10.0
10-22 13:26:35.880 4227 4641 D OkHttp : x-powered-by: ASP.NET
10-22 13:26:35.880 4227 4641 D OkHttp : date: Mon, 22 Oct 2018 11:26:35 GMT
10-22 13:26:35.880 4227 4641 D OkHttp : content-length: 11482
10-22 13:26:35.880 4227 4641 D OkHttp : <-- END HTTP
10-22 13:26:35.906 4227 4227 D ViewRootImpl@901e922[LoginActivity]: Relayout returned: oldFrame=[0,0][0,0] newFrame=[0,0][768,1024] result=0x27 surface={isValid=true -1871435776} surfaceGenerationChanged=true
10-22 13:26:35.906 4227 4227 D ViewRootImpl@901e922[LoginActivity]: mHardwareRenderer.initialize() mSurface={isValid=true -1871435776} hwInitialized=true
10-22 13:26:35.911 4227 4227 D AbsListView: in onLayout changed
10-22 13:26:35.912 4227 4227 E ViewRootImpl: sendUserActionEvent() returned.
10-22 13:26:35.912 4227 4227 E ViewRootImpl: sendUserActionEvent() returned.
10-22 13:26:35.912 4227 4227 D DOWNLOAD_MANIFESTS: success
10-22 13:26:36.081 4227 4239 I art : Background sticky concurrent mark sweep GC freed 165330(6MB) AllocSpace objects, 27(748KB) LOS objects, 58% free, 6MB/14MB, paused 15.529ms total 241.161ms
10-22 13:26:36.099 4227 4227 D ViewRootImpl@901e922[LoginActivity]: MSG_RESIZED_REPORT: frame=Rect(0, 0 - 768, 1024) ci=Rect(0, 24 - 0, 320) vi=Rect(0, 24 - 0, 320) or=1
10-22 13:26:36.099 4227 4227 D ViewRootImpl@901e922[LoginActivity]: MSG_WINDOW_FOCUS_CHANGED 1
10-22 13:26:36.099 4227 4227 D ViewRootImpl@901e922[LoginActivity]: mHardwareRenderer.initializeIfNeeded()#2 mSurface={isValid=true -1871435776}
10-22 13:26:36.108 4227 4227 V InputMethodManager: Starting input: tba=android.view.inputmethod.EditorInfo@a6d6c9c nm : cz.gienger.mobile ic=null
10-22 13:26:36.108 4227 4227 I InputMethodManager: startInputInner - mService.startInputOrWindowGainedFocus
10-22 13:26:36.144 4227 4227 D InputTransport: Input channel constructed: fd=63
10-22 13:26:36.144 4227 4227 D InputTransport: Input channel destroyed: fd=67
10-22 13:26:36.144 4227 4227 D DOWNLOAD_MANIFESTS: success
10-22 13:26:36.157 4227 4227 D DOWNLOAD_MANIFESTS: success
10-22 13:26:36.329 4227 4227 V InputMethodManager: Starting input: tba=android.view.inputmethod.EditorInfo@53399b2 nm : cz.gienger.mobile ic=null
10-22 13:26:36.329 4227 4227 I InputMethodManager: startInputInner - mService.startInputOrWindowGainedFocus
10-22 13:26:36.331 4227 4227 D InputTransport: Input channel constructed: fd=67
10-22 13:26:36.331 4227 4227 D InputTransport: Input channel destroyed: fd=63
10-22 13:26:36.331 4227 4227 E ViewRootImpl: sendUserActionEvent() returned.
10-22 13:26:36.331 4227 4227 W IInputConnectionWrapper: finishComposingText on inactive InputConnection
10-22 13:26:36.331 4227 4227 W IInputConnectionWrapper: performPrivateCommand on inactive InputConnection
10-22 13:26:36.331 4227 4227 W IInputConnectionWrapper: finishComposingText on inactive InputConnection
10-22 13:26:36.334 4227 4227 D ViewRootImpl@901e922[LoginActivity]: MSG_RESIZED: frame=Rect(0, 0 - 768, 1024) ci=Rect(0, 24 - 0, 0) vi=Rect(0, 24 - 0, 0) or=1
10-22 13:26:36.354 4227 4227 D ViewRootImpl@901e922[LoginActivity]: Relayout returned: oldFrame=[0,0][768,1024] newFrame=[0,0][768,1024] result=0x1 surface={isValid=true -1871435776} surfaceGenerationChanged=false
10-22 13:26:36.443 4227 4227 D AbsListView: in onLayout changed
10-22 13:26:37.578 4227 4227 D ViewRootImpl@901e922[LoginActivity]: ViewPostImeInputStage processPointer 0
10-22 13:26:37.628 4227 4227 D ViewRootImpl@901e922[LoginActivity]: ViewPostImeInputStage processPointer 1
10-22 13:26:37.633 4227 4227 D AbsListView: onTouchUp() mTouchMode : 0
10-22 13:26:38.494 4227 4227 D ViewRootImpl@901e922[LoginActivity]: ViewPostImeInputStage processPointer 0
10-22 13:26:38.556 4227 4227 D ViewRootImpl@901e922[LoginActivity]: ViewPostImeInputStage processPointer 1
10-22 13:26:38.597 4227 4227 D InputMethodManager: HSIFW - flag : 0 Pid : 4227
10-22 13:26:38.646 4227 4227 D AbsListView: in onLayout changed
10-22 13:26:39.635 4227 7205 D MESSAGE_SERVICE: ACTION_RESEND_ORDERS
10-22 13:26:46.003 4227 4227 D ViewRootImpl@901e922[LoginActivity]: ViewPostImeInputStage processKey 0
10-22 13:26:46.053 4227 4227 D ViewRootImpl@901e922[LoginActivity]: ViewPostImeInputStage processKey 1
10-22 13:26:46.859 4227 4227 D ViewRootImpl@901e922[LoginActivity]: ViewPostImeInputStage processKey 0
10-22 13:26:47.101 4227 4227 D ViewRootImpl@901e922[LoginActivity]: ViewPostImeInputStage processKey 1
10-22 13:26:48.152 4227 4227 D ViewRootImpl@901e922[LoginActivity]: MSG_WINDOW_FOCUS_CHANGED 0
10-22 13:26:48.303 4227 4227 D ViewRootImpl@901e922[LoginActivity]: mHardwareRenderer.destroy()#1
10-22 13:26:48.314 4227 4227 D ViewRootImpl@901e922[LoginActivity]: Relayout returned: oldFrame=[0,0][768,1024] newFrame=[0,0][768,1024] result=0x5 surface={isValid=false 0} surfaceGenerationChanged=true
10-22 13:26:48.671 4227 4227 D InputTransport: Input channel destroyed: fd=67
10-22 13:26:48.775 4227 4227 D ViewRootImpl@901e922[LoginActivity]: mHardwareRenderer.destroy()#1
10-22 13:26:48.787 4227 4227 D ViewRootImpl@901e922[LoginActivity]: Relayout returned: oldFrame=[0,0][768,1024] newFrame=[0,0][768,1024] result=0x1 surface={isValid=false 0} surfaceGenerationChanged=false
10-22 13:26:51.694 4227 4227 D ViewRootImpl@901e922[LoginActivity]: mHardwareRenderer.destroy()#4
10-22 13:26:51.694 4227 4227 D ViewRootImpl@901e922[LoginActivity]: dispatchDetachedFromWindow
10-22 13:26:51.710 4227 4227 D InputTransport: Input channel destroyed: fd=61
10-22 13:26:51.896 4227 4227 D FILES : /data/user/0/cz.gienger.mobile/files/delivery
10-22 13:26:51.914 4227 4227 D ScrollView: initGoToTop
10-22 13:26:51.965 4227 4227 D ViewRootImpl@76b3ba7[LoginActivity]: ThreadedRenderer.create() translucent=false
10-22 13:26:51.968 4227 4227 D InputTransport: Input channel constructed: fd=61
10-22 13:26:51.969 4227 4227 D ViewRootImpl@76b3ba7[LoginActivity]: setView = DecorView@eff7854[LoginActivity] touchMode=true
10-22 13:26:51.979 4227 4227 D ViewRootImpl@76b3ba7[LoginActivity]: dispatchAttachedToWindow
10-22 13:26:52.028 4227 4227 D ViewRootImpl@76b3ba7[LoginActivity]: Relayout returned: oldFrame=[0,0][0,0] newFrame=[0,0][768,1024] result=0x27 surface={isValid=true -1871560704} surfaceGenerationChanged=true
10-22 13:26:52.029 4227 4227 D ViewRootImpl@76b3ba7[LoginActivity]: mHardwareRenderer.initialize() mSurface={isValid=true -1871560704} hwInitialized=true
10-22 13:26:52.048 4227 4227 D ScrollView: onsize change changed
10-22 13:26:52.080 4227 4227 D ViewRootImpl@76b3ba7[LoginActivity]: MSG_RESIZED_REPORT: frame=Rect(0, 0 - 768, 1024) ci=Rect(0, 24 - 0, 0) vi=Rect(0, 24 - 0, 0) or=1
10-22 13:26:52.080 4227 4227 D ViewRootImpl@76b3ba7[LoginActivity]: MSG_WINDOW_FOCUS_CHANGED 1
10-22 13:26:52.080 4227 4227 D ViewRootImpl@76b3ba7[LoginActivity]: mHardwareRenderer.initializeIfNeeded()#2 mSurface={isValid=true -1871560704}
10-22 13:26:52.095 4227 4227 V InputMethodManager: Starting input: tba=android.view.inputmethod.EditorInfo@2617dec nm : cz.gienger.mobile ic=com.android.internal.widget.EditableInputConnection@868b5b5
10-22 13:26:52.095 4227 4227 I InputMethodManager: startInputInner - mService.startInputOrWindowGainedFocus
10-22 13:26:52.123 4227 4227 D InputTransport: Input channel constructed: fd=63
10-22 13:26:52.621 4227 4227 D ViewRootImpl@76b3ba7[LoginActivity]: MSG_RESIZED: frame=Rect(0, 0 - 768, 1024) ci=Rect(0, 24 - 0, 320) vi=Rect(0, 24 - 0, 320) or=1
10-22 13:26:52.651 4227 4227 D ViewRootImpl@76b3ba7[LoginActivity]: Relayout returned: oldFrame=[0,0][768,1024] newFrame=[0,0][768,1024] result=0x1 surface={isValid=true -1871560704} surfaceGenerationChanged=false
10-22 13:26:52.653 4227 4227 D ScrollView: onsize change changed
10-22 13:27:02.863 4227 4227 D ViewRootImpl@76b3ba7[LoginActivity]: ViewPostImeInputStage processPointer 0
10-22 13:27:02.979 4227 4227 D ViewRootImpl: [ViewRootImpl] action cancel - 1, eccen:1.0
10-22 13:27:02.995 4227 4227 D ViewRootImpl: [ViewRootImpl] action cancel - 1, eccen:1.3333334
10-22 13:27:03.016 4227 4227 D ViewRootImpl: [ViewRootImpl] action cancel - 1, eccen:1.3333334
10-22 13:27:03.028 4227 4227 D ViewRootImpl: [ViewRootImpl] action cancel - 1, eccen:1.5
10-22 13:27:03.060 4227 4227 D ViewRootImpl: [ViewRootImpl] action cancel - 1, eccen:1.5
10-22 13:27:03.079 4227 4227 D ViewRootImpl: [ViewRootImpl] action cancel - 1, eccen:1.0
10-22 13:27:03.095 4227 4227 D ViewRootImpl: [ViewRootImpl] action cancel - 1, eccen:1.0
10-22 13:27:03.113 4227 4227 D ViewRootImpl: [ViewRootImpl] action cancel - 1, eccen:2.0
10-22 13:27:03.129 4227 4227 D ViewRootImpl: [ViewRootImpl] action cancel - 1, eccen:2.0
10-22 13:27:03.146 4227 4227 D ViewRootImpl: [ViewRootImpl] action cancel - 1, eccen:2.0
10-22 13:27:03.162 4227 4227 D ViewRootImpl: [ViewRootImpl] action cancel - 1, eccen:2.0
10-22 13:27:03.179 4227 4227 D ViewRootImpl: [ViewRootImpl] action cancel - 1, eccen:1.0
10-22 13:27:03.186 4227 4227 D ViewRootImpl@76b3ba7[LoginActivity]: ViewPostImeInputStage processPointer 1
10-22 13:27:42.892 4227 4227 V InputMethodManager: Starting input: tba=android.view.inputmethod.EditorInfo@f8dcb16 nm : cz.gienger.mobile ic=com.android.internal.widget.EditableInputConnection@c445c97
10-22 13:27:42.892 4227 4227 I InputMethodManager: startInputInner - mService.startInputOrWindowGainedFocus
10-22 13:27:42.894 4227 4227 D InputTransport: Input channel constructed: fd=73
10-22 13:27:42.894 4227 4227 D InputTransport: Input channel destroyed: fd=63
10-22 13:27:42.895 4227 4227 W IInputConnectionWrapper: performPrivateCommand on inactive InputConnection
10-22 13:27:42.898 4227 4227 W IInputConnectionWrapper: finishComposingText on inactive InputConnection
10-22 13:27:42.948 4227 4227 W IInputConnectionWrapper: performPrivateCommand on inactive InputConnection
10-22 13:27:43.224 4227 4227 W IInputConnectionWrapper: getCursorCapsMode on inactive InputConnection
10-22 13:27:43.352 4227 4227 W IInputConnectionWrapper: getCursorCapsMode on inactive InputConnection
10-22 13:27:43.424 4227 4227 W IInputConnectionWrapper: getSelectedText on inactive InputConnection
10-22 13:27:43.425 4227 4227 W IInputConnectionWrapper: getTextBeforeCursor on inactive InputConnection
10-22 13:27:43.426 4227 4227 W IInputConnectionWrapper: getTextAfterCursor on inactive InputConnection
10-22 13:27:44.550 4227 4227 W IInputConnectionWrapper: getCursorCapsMode on inactive InputConnection
10-22 13:48:44.111 4227 4227 V InputMethodManager: Starting input: tba=android.view.inputmethod.EditorInfo@11b9e84 nm : cz.gienger.mobile ic=com.android.internal.widget.EditableInputConnection@126e66d
10-22 13:48:44.112 4227 4227 I InputMethodManager: startInputInner - mService.startInputOrWindowGainedFocus
10-22 13:48:44.180 4227 4227 D InputTransport: Input channel constructed: fd=67
10-22 13:48:44.180 4227 4227 D InputTransport: Input channel destroyed: fd=73
10-22 13:48:44.180 4227 4227 W IInputConnectionWrapper: performPrivateCommand on inactive InputConnection
10-22 13:48:44.180 4227 4227 W IInputConnectionWrapper: finishComposingText on inactive InputConnection
10-22 13:48:44.364 4227 4227 D ViewRootImpl@76b3ba7[LoginActivity]: Relayout returned: oldFrame=[0,0][768,1024] newFrame=[0,0][768,1024] result=0x1 surface={isValid=true -1871560704} surfaceGenerationChanged=false
10-22 13:48:44.374 4227 4227 D ViewRootImpl@76b3ba7[LoginActivity]: MSG_RESIZED_REPORT: frame=Rect(0, 0 - 768, 1024) ci=Rect(0, 24 - 0, 320) vi=Rect(0, 24 - 0, 320) or=1
10-22 13:49:24.744 4227 4227 V InputMethodManager: Starting input: tba=android.view.inputmethod.EditorInfo@d1382a2 nm : cz.gienger.mobile ic=com.android.internal.widget.EditableInputConnection@e682b33
10-22 13:49:24.744 4227 4227 I InputMethodManager: startInputInner - mService.startInputOrWindowGainedFocus
10-22 13:49:24.753 4227 4227 D InputTransport: Input channel constructed: fd=72
10-22 13:49:24.753 4227 4227 D InputTransport: Input channel destroyed: fd=67
10-22 13:49:24.753 4227 4227 W IInputConnectionWrapper: performPrivateCommand on inactive InputConnection
10-22 13:49:24.753 4227 4227 W IInputConnectionWrapper: finishComposingText on inactive InputConnection
10-22 13:49:24.774 4227 4227 W IInputConnectionWrapper: performPrivateCommand on inactive InputConnection
10-22 13:49:24.889 4227 4227 W IInputConnectionWrapper: getCursorCapsMode on inactive InputConnection
10-22 13:49:24.977 4227 4227 W IInputConnectionWrapper: getCursorCapsMode on inactive InputConnection
10-22 13:49:25.037 4227 4227 W IInputConnectionWrapper: getSelectedText on inactive InputConnection
10-22 13:49:25.038 4227 4227 W IInputConnectionWrapper: getTextBeforeCursor on inactive InputConnection
10-22 13:49:25.039 4227 4227 W IInputConnectionWrapper: getTextAfterCursor on inactive InputConnection
10-22 13:53:27.082 4227 4227 V InputMethodManager: Starting input: tba=android.view.inputmethod.EditorInfo@bf61ef0 nm : cz.gienger.mobile ic=com.android.internal.widget.EditableInputConnection@2d87c69
10-22 13:53:27.082 4227 4227 I InputMethodManager: startInputInner - mService.startInputOrWindowGainedFocus
10-22 13:53:27.088 4227 4227 D InputTransport: Input channel constructed: fd=67
10-22 13:53:27.088 4227 4227 D InputTransport: Input channel destroyed: fd=72
10-22 13:53:27.091 4227 4227 W IInputConnectionWrapper: performPrivateCommand on inactive InputConnection
10-22 13:53:27.093 4227 4227 W IInputConnectionWrapper: finishComposingText on inactive InputConnection
10-22 13:53:27.096 4227 4227 D ViewRootImpl@76b3ba7[LoginActivity]: MSG_RESIZED_REPORT: frame=Rect(0, 0 - 768, 1024) ci=Rect(0, 24 - 0, 320) vi=Rect(0, 24 - 0, 320) or=1
10-22 13:53:31.127 4227 4227 D ViewRootImpl@76b3ba7[LoginActivity]: ViewPostImeInputStage processKey 0
10-22 13:53:31.174 4227 4227 D ViewRootImpl@76b3ba7[LoginActivity]: ViewPostImeInputStage processKey 1
10-22 13:53:31.181 4227 4227 D ViewRootImpl@76b3ba7[LoginActivity]: ViewPostImeInputStage processKey 0
10-22 13:53:31.185 4227 4227 D ViewRootImpl@76b3ba7[LoginActivity]: ViewPostImeInputStage processKey 1
10-22 13:53:31.285 4227 4227 D ViewRootImpl@76b3ba7[LoginActivity]: ViewPostImeInputStage processKey 0
10-22 13:53:31.289 4227 4227 D ViewRootImpl@76b3ba7[LoginActivity]: ViewPostImeInputStage processKey 1
10-22 13:53:31.428 4227 4227 D ViewRootImpl@76b3ba7[LoginActivity]: ViewPostImeInputStage processKey 0
10-22 13:53:31.432 4227 4227 D ViewRootImpl@76b3ba7[LoginActivity]: ViewPostImeInputStage processKey 1
10-22 13:53:31.551 4227 4227 D ViewRootImpl@76b3ba7[LoginActivity]: ViewPostImeInputStage processKey 0
10-22 13:53:31.552 4227 4227 D ViewRootImpl@76b3ba7[LoginActivity]: ViewPostImeInputStage processKey 1
10-22 13:53:39.702 4227 4227 D ViewRootImpl@76b3ba7[LoginActivity]: ViewPostImeInputStage processPointer 0
10-22 13:53:40.025 4227 4227 D ViewRootImpl@76b3ba7[LoginActivity]: ViewPostImeInputStage processPointer 1
10-22 13:54:06.547 4227 4227 D ViewRootImpl@76b3ba7[LoginActivity]: ViewPostImeInputStage processPointer 0
10-22 13:54:06.608 4227 4227 D ViewRootImpl@76b3ba7[LoginActivity]: ViewPostImeInputStage processPointer 1
10-22 13:54:06.645 4227 4227 V InputMethodManager: Starting input: tba=android.view.inputmethod.EditorInfo@4f37625 nm : cz.gienger.mobile ic=com.android.internal.widget.EditableInputConnection@f46c3fa
10-22 13:54:06.645 4227 4227 I InputMethodManager: startInputInner - mService.startInputOrWindowGainedFocus
10-22 13:54:06.647 4227 4227 D InputTransport: Input channel constructed: fd=72
10-22 13:54:06.647 4227 4227 D InputTransport: Input channel destroyed: fd=67
10-22 13:54:06.648 4227 4227 D InputMethodManager: SSI - flag : 0 Pid : 4227 view : cz.gienger.mobile
10-22 13:54:06.653 4227 4227 W IInputConnectionWrapper: performPrivateCommand on inactive InputConnection
10-22 13:54:06.654 4227 4227 W IInputConnectionWrapper: finishComposingText on inactive InputConnection
10-22 13:54:09.918 4227 4227 D ViewRootImpl@76b3ba7[LoginActivity]: ViewPostImeInputStage processPointer 0
10-22 13:54:09.990 4227 4227 D ViewRootImpl@76b3ba7[LoginActivity]: ViewPostImeInputStage processPointer 1
10-22 13:54:10.092 4227 4227 D ScrollView: initGoToTop
10-22 13:54:10.098 4227 4227 D ScrollView: initGoToTop
10-22 13:54:10.114 4227 4227 D ViewRootImpl@88f9914[LoginActivity]: ThreadedRenderer.create() translucent=true
10-22 13:54:10.150 4227 4227 D InputTransport: Input channel constructed: fd=67
10-22 13:54:10.151 4227 4227 D ViewRootImpl@88f9914[LoginActivity]: setView = DecorView@f4075bd[LoginActivity] touchMode=true
10-22 13:54:10.201 4227 16529 D MYINTERCEPTOR: /GiengerService.svc/oauth
10-22 13:54:10.202 4227 4227 D ViewRootImpl@88f9914[LoginActivity]: dispatchAttachedToWindow
10-22 13:54:10.204 4227 16529 D OkHttp : --> POST https://testsaig1.gienger.cz/GiengerService.svc/oauth http/1.1
10-22 13:54:10.204 4227 16529 D OkHttp : Content-Type: application/xml; charset=UTF-8
10-22 13:54:10.204 4227 16529 D OkHttp : Content-Length: 298
10-22 13:54:10.204 4227 16529 D OkHttp : --> END POST
10-22 13:54:10.236 4227 4227 D ViewRootImpl@88f9914[LoginActivity]: Relayout returned: oldFrame=[0,0][0,0] newFrame=[108,466][660,582] result=0x27 surface={isValid=true -1870874624} surfaceGenerationChanged=true
10-22 13:54:10.236 4227 4227 D ViewRootImpl@88f9914[LoginActivity]: mHardwareRenderer.initialize() mSurface={isValid=true -1870874624} hwInitialized=true
10-22 13:54:10.254 4227 4227 D ViewRootImpl@88f9914[LoginActivity]: MSG_WINDOW_FOCUS_CHANGED 1
10-22 13:54:10.254 4227 4227 D ViewRootImpl@88f9914[LoginActivity]: mHardwareRenderer.initializeIfNeeded()#2 mSurface={isValid=true -1870874624}
10-22 13:54:10.283 4227 4227 D ViewRootImpl@88f9914[LoginActivity]: MSG_RESIZED_REPORT: frame=Rect(108, 466 - 660, 582) ci=Rect(0, 0 - 0, 0) vi=Rect(0, 0 - 0, 0) or=1
10-22 13:54:10.318 4227 4227 D ViewRootImpl@76b3ba7[LoginActivity]: MSG_WINDOW_FOCUS_CHANGED 0
10-22 13:54:10.853 4227 16529 D OkHttp : <-- 200 https://testsaig1.gienger.cz/GiengerService.svc/oauth (648ms)
10-22 13:54:10.853 4227 16529 D OkHttp : content-type: application/xml; charset=utf-8
10-22 13:54:10.853 4227 16529 D OkHttp : server: Microsoft-IIS/10.0
10-22 13:54:10.853 4227 16529 D OkHttp : x-powered-by: ASP.NET
10-22 13:54:10.853 4227 16529 D OkHttp : date: Mon, 22 Oct 2018 11:54:10 GMT
10-22 13:54:10.853 4227 16529 D OkHttp : content-length: 292
10-22 13:54:10.853 4227 16529 D OkHttp : <-- END HTTP
10-22 13:54:10.873 4227 16529 D MYINTERCEPTOR: /GiengerService.svc/userinfo
10-22 13:54:10.873 4227 16529 D OkHttp : --> POST https://testsaig1.gienger.cz/GiengerService.svc/userinfo http/1.1
10-22 13:54:10.873 4227 16529 D OkHttp : Content-Type: application/xml; charset=UTF-8
10-22 13:54:10.873 4227 16529 D OkHttp : Content-Length: 139
10-22 13:54:10.873 4227 16529 D OkHttp : token: f1ef5f7d7c7a40fe79b40de1d03dbfad
10-22 13:54:10.873 4227 16529 D OkHttp : --> END POST
10-22 13:54:10.916 4227 16529 D OkHttp : <-- 200 https://testsaig1.gienger.cz/GiengerService.svc/userinfo (42ms)
10-22 13:54:10.916 4227 16529 D OkHttp : content-type: application/xml; charset=utf-8
10-22 13:54:10.917 4227 16529 D OkHttp : server: Microsoft-IIS/10.0
10-22 13:54:10.917 4227 16529 D OkHttp : x-powered-by: ASP.NET
10-22 13:54:10.917 4227 16529 D OkHttp : date: Mon, 22 Oct 2018 11:54:10 GMT
10-22 13:54:10.917 4227 16529 D OkHttp : content-length: 195
10-22 13:54:10.917 4227 16529 D OkHttp : <-- END HTTP
10-22 13:54:10.962 4227 4227 D ScrollView: initGoToTop
10-22 13:54:10.970 4227 4227 D ScrollView: initGoToTop
10-22 13:54:10.987 4227 4227 D ViewRootImpl@d113b0c[LoginActivity]: ThreadedRenderer.create() translucent=true
10-22 13:54:10.992 4227 4227 D InputTransport: Input channel constructed: fd=82
10-22 13:54:10.992 4227 4227 D ViewRootImpl@d113b0c[LoginActivity]: setView = DecorView@79bfc55[LoginActivity] touchMode=true
10-22 13:54:11.030 4227 4227 D ViewRootImpl@88f9914[LoginActivity]: mHardwareRenderer.destroy()#4
10-22 13:54:11.030 4227 4227 D ViewRootImpl@88f9914[LoginActivity]: dispatchDetachedFromWindow
10-22 13:54:11.046 4227 4227 D InputTransport: Input channel destroyed: fd=67
10-22 13:54:11.066 4227 4227 D ViewRootImpl@76b3ba7[LoginActivity]: Relayout returned: oldFrame=[0,0][768,1024] newFrame=[0,0][768,1024] result=0x1 surface={isValid=true -1871560704} surfaceGenerationChanged=false
10-22 13:54:11.069 4227 4227 D ViewRootImpl@d113b0c[LoginActivity]: dispatchAttachedToWindow
10-22 13:54:11.106 4227 4227 D ViewRootImpl@d113b0c[LoginActivity]: Relayout returned: oldFrame=[0,0][0,0] newFrame=[108,423][660,624] result=0x27 surface={isValid=true -1870874624} surfaceGenerationChanged=true
10-22 13:54:11.106 4227 4227 D ViewRootImpl@d113b0c[LoginActivity]: mHardwareRenderer.initialize() mSurface={isValid=true -1870874624} hwInitialized=true
10-22 13:54:11.110 4227 4227 D ScrollView: onsize change changed
10-22 13:54:11.110 4227 4227 D ScrollView: onsize change changed
10-22 13:54:11.115 4227 4227 D ViewRootImpl@d113b0c[LoginActivity]: MSG_WINDOW_FOCUS_CHANGED 1
10-22 13:54:11.115 4227 4227 D ViewRootImpl@d113b0c[LoginActivity]: mHardwareRenderer.initializeIfNeeded()#2 mSurface={isValid=true -1870874624}
10-22 13:54:11.124 4227 4227 D ViewRootImpl@d113b0c[LoginActivity]: MSG_RESIZED_REPORT: frame=Rect(108, 423 - 660, 624) ci=Rect(0, 0 - 0, 0) vi=Rect(0, 0 - 0, 0) or=1
10-22 13:54:11.148 4227 4227 E ViewRootImpl: sendUserActionEvent() returned.
10-22 13:54:12.002 4227 4227 D ViewRootImpl@d113b0c[LoginActivity]: ViewPostImeInputStage processPointer 0
10-22 13:54:12.097 4227 4227 D ViewRootImpl@d113b0c[LoginActivity]: ViewPostImeInputStage processPointer 1
10-22 13:54:12.125 4227 4227 D ViewRootImpl@d113b0c[LoginActivity]: mHardwareRenderer.destroy()#4
10-22 13:54:12.125 4227 4227 D ViewRootImpl@d113b0c[LoginActivity]: dispatchDetachedFromWindow
10-22 13:54:12.136 4227 4227 D InputTransport: Input channel destroyed: fd=82
10-22 13:54:12.176 4227 16529 D MYINTERCEPTOR: /GiengerService.svc/manifests
10-22 13:54:12.177 4227 16529 D OkHttp : --> GET https://testsaig1.gienger.cz/GiengerService.svc/manifests http/1.1
10-22 13:54:12.178 4227 16529 D OkHttp : state: CZ
10-22 13:54:12.178 4227 16529 D OkHttp : token: f1ef5f7d7c7a40fe79b40de1d03dbfad
10-22 13:54:12.178 4227 16529 D OkHttp : --> END GET
10-22 13:54:12.192 4227 4227 D TextView: SYANI: Clipboard API is calling: clearFilter()
10-22 13:54:12.193 4227 4227 D TextView: SYANI: Clipboard API is calling: unregisterClipboardEventListener()
10-22 13:54:12.195 4227 4227 D TextView: SYANI: Clipboard API is calling: clearFilter()
10-22 13:54:12.195 4227 4227 D TextView: SYANI: Clipboard API is calling: unregisterClipboardEventListener()
10-22 13:54:12.209 4227 4227 D ViewRootImpl@76b3ba7[LoginActivity]: mHardwareRenderer.destroy()#4
10-22 13:54:12.209 4227 4227 D ViewRootImpl@76b3ba7[LoginActivity]: dispatchDetachedFromWindow
10-22 13:54:12.210 4227 4227 D InputTransport: Input channel destroyed: fd=61
10-22 13:54:12.222 4227 16529 D OkHttp : <-- 200 https://testsaig1.gienger.cz/GiengerService.svc/manifests (44ms)
10-22 13:54:12.223 4227 16529 D OkHttp : content-type: application/xml; charset=utf-8
10-22 13:54:12.223 4227 16529 D OkHttp : server: Microsoft-IIS/10.0
10-22 13:54:12.223 4227 16529 D OkHttp : x-powered-by: ASP.NET
10-22 13:54:12.223 4227 16529 D OkHttp : date: Mon, 22 Oct 2018 11:54:11 GMT
10-22 13:54:12.223 4227 16529 D OkHttp : content-length: 11482
10-22 13:54:12.223 4227 16529 D OkHttp : <-- END HTTP
10-22 13:54:12.271 4227 4227 D FILES : /data/user/0/cz.gienger.mobile/files/delivery
10-22 13:54:12.299 4227 16540 D MYINTERCEPTOR: /GiengerService.svc/manifests
10-22 13:54:12.300 4227 16540 D OkHttp : --> GET https://testsaig1.gienger.cz/GiengerService.svc/manifests http/1.1
10-22 13:54:12.300 4227 16540 D OkHttp : state: CZ
10-22 13:54:12.300 4227 16540 D OkHttp : token: f1ef5f7d7c7a40fe79b40de1d03dbfad
10-22 13:54:12.300 4227 16540 D OkHttp : --> END GET
10-22 13:54:12.315 4227 16529 D MYINTERCEPTOR: /GiengerService.svc/manifests
10-22 13:54:12.316 4227 16529 D OkHttp : --> GET https://testsaig1.gienger.cz/GiengerService.svc/manifests http/1.1
10-22 13:54:12.317 4227 16529 D OkHttp : state: CZ
10-22 13:54:12.317 4227 16529 D OkHttp : token: f1ef5f7d7c7a40fe79b40de1d03dbfad
10-22 13:54:12.317 4227 16529 D OkHttp : --> END GET
10-22 13:54:12.330 4227 16540 D OkHttp : <-- 200 https://testsaig1.gienger.cz/GiengerService.svc/manifests (30ms)
10-22 13:54:12.331 4227 16540 D OkHttp : content-type: application/xml; charset=utf-8
10-22 13:54:12.331 4227 16540 D OkHttp : server: Microsoft-IIS/10.0
10-22 13:54:12.331 4227 16540 D OkHttp : x-powered-by: ASP.NET
10-22 13:54:12.331 4227 16540 D OkHttp : date: Mon, 22 Oct 2018 11:54:11 GMT
10-22 13:54:12.331 4227 16540 D OkHttp : content-length: 11482
10-22 13:54:12.331 4227 16540 D OkHttp : <-- END HTTP
10-22 13:54:12.337 4227 4227 D ViewRootImpl@68616a3[LoginActivity]: ThreadedRenderer.create() translucent=false
10-22 13:54:12.342 4227 4227 D InputTransport: Input channel constructed: fd=61
10-22 13:54:12.342 4227 4227 D ViewRootImpl@68616a3[LoginActivity]: setView = DecorView@70f7da0[LoginActivity] touchMode=true
10-22 13:54:12.347 4227 16529 D OkHttp : <-- 200 https://testsaig1.gienger.cz/GiengerService.svc/manifests (30ms)
10-22 13:54:12.348 4227 16529 D OkHttp : content-type: application/xml; charset=utf-8
10-22 13:54:12.348 4227 16529 D OkHttp : server: Microsoft-IIS/10.0
10-22 13:54:12.348 4227 16529 D OkHttp : x-powered-by: ASP.NET
10-22 13:54:12.348 4227 16529 D OkHttp : date: Mon, 22 Oct 2018 11:54:11 GMT
10-22 13:54:12.349 4227 4227 D ViewRootImpl@68616a3[LoginActivity]: dispatchAttachedToWindow
10-22 13:54:12.351 4227 16529 D OkHttp : content-length: 11482
10-22 13:54:12.351 4227 16529 D OkHttp : <-- END HTTP
10-22 13:54:12.374 4227 4227 D ViewRootImpl@68616a3[LoginActivity]: Relayout returned: oldFrame=[0,0][0,0] newFrame=[0,0][768,1024] result=0x27 surface={isValid=true -1860032512} surfaceGenerationChanged=true
10-22 13:54:12.375 4227 4227 D ViewRootImpl@68616a3[LoginActivity]: mHardwareRenderer.initialize() mSurface={isValid=true -1860032512} hwInitialized=true
10-22 13:54:12.386 4227 4227 D AbsListView: in onLayout changed
10-22 13:54:12.388 4227 4227 E ViewRootImpl: sendUserActionEvent() returned.
10-22 13:54:12.388 4227 4227 E ViewRootImpl: sendUserActionEvent() returned.
10-22 13:54:12.389 4227 4227 D DOWNLOAD_MANIFESTS: success
10-22 13:54:12.435 4227 4227 D ViewRootImpl@68616a3[LoginActivity]: MSG_RESIZED_REPORT: frame=Rect(0, 0 - 768, 1024) ci=Rect(0, 24 - 0, 320) vi=Rect(0, 24 - 0, 320) or=1
10-22 13:54:12.436 4227 4227 D ViewRootImpl@68616a3[LoginActivity]: MSG_WINDOW_FOCUS_CHANGED 1
10-22 13:54:12.436 4227 4227 D ViewRootImpl@68616a3[LoginActivity]: mHardwareRenderer.initializeIfNeeded()#2 mSurface={isValid=true -1860032512}
10-22 13:54:12.437 4227 4227 V InputMethodManager: Starting input: tba=android.view.inputmethod.EditorInfo@9508615 nm : cz.gienger.mobile ic=null
10-22 13:54:12.437 4227 4227 I InputMethodManager: startInputInner - mService.startInputOrWindowGainedFocus
10-22 13:54:12.469 4227 4227 D InputTransport: Input channel constructed: fd=64
10-22 13:54:12.469 4227 4227 D InputTransport: Input channel destroyed: fd=72
10-22 13:54:12.469 4227 4227 D DOWNLOAD_MANIFESTS: success
10-22 13:54:12.482 4227 4227 D DOWNLOAD_MANIFESTS: success
10-22 13:54:12.656 4227 4227 V InputMethodManager: Starting input: tba=android.view.inputmethod.EditorInfo@5a591ad nm : cz.gienger.mobile ic=null
10-22 13:54:12.656 4227 4227 I InputMethodManager: startInputInner - mService.startInputOrWindowGainedFocus
10-22 13:54:12.657 4227 4227 D InputTransport: Input channel constructed: fd=68
10-22 13:54:12.657 4227 4227 D InputTransport: Input channel destroyed: fd=64
10-22 13:54:12.657 4227 4227 E ViewRootImpl: sendUserActionEvent() returned.
10-22 13:54:12.657 4227 4227 W IInputConnectionWrapper: finishComposingText on inactive InputConnection
10-22 13:54:12.657 4227 4227 W IInputConnectionWrapper: performPrivateCommand on inactive InputConnection
10-22 13:54:12.672 4227 4227 W IInputConnectionWrapper: finishComposingText on inactive InputConnection
10-22 13:54:12.673 4227 4227 D ViewRootImpl@68616a3[LoginActivity]: MSG_RESIZED: frame=Rect(0, 0 - 768, 1024) ci=Rect(0, 24 - 0, 0) vi=Rect(0, 24 - 0, 0) or=1
10-22 13:54:12.689 4227 4227 D ViewRootImpl@68616a3[LoginActivity]: Relayout returned: oldFrame=[0,0][768,1024] newFrame=[0,0][768,1024] result=0x1 surface={isValid=true -1860032512} surfaceGenerationChanged=false
10-22 13:54:12.733 4227 4239 I art : Background partial concurrent mark sweep GC freed 204465(8MB) AllocSpace objects, 29(772KB) LOS objects, 62% free, 7MB/19MB, paused 20.490ms total 203.782ms
10-22 13:54:12.794 4227 4227 D AbsListView: in onLayout changed
10-22 13:54:13.876 4227 4227 D ViewRootImpl@68616a3[LoginActivity]: ViewPostImeInputStage processPointer 0
10-22 13:54:13.926 4227 4227 D ViewRootImpl@68616a3[LoginActivity]: ViewPostImeInputStage processPointer 1
10-22 13:54:13.926 4227 4227 D AbsListView: onTouchUp() mTouchMode : 0
10-22 13:54:14.911 4227 4227 D ViewRootImpl@68616a3[LoginActivity]: ViewPostImeInputStage processPointer 0
10-22 13:54:14.983 4227 4227 D ViewRootImpl@68616a3[LoginActivity]: ViewPostImeInputStage processPointer 1
10-22 13:54:15.009 4227 4227 D InputMethodManager: HSIFW - flag : 0 Pid : 4227
10-22 13:54:15.045 4227 4227 D AbsListView: in onLayout changed
10-22 13:54:16.031 4227 4227 D ViewRootImpl@68616a3[LoginActivity]: ViewPostImeInputStage processPointer 0
10-22 13:54:16.080 4227 4227 D ViewRootImpl@68616a3[LoginActivity]: ViewPostImeInputStage processPointer 1
10-22 13:54:16.081 4227 4227 D AbsListView: onTouchUp() mTouchMode : 0
10-22 13:54:16.878 4227 4227 D ViewRootImpl@68616a3[LoginActivity]: ViewPostImeInputStage processPointer 0
10-22 13:54:16.963 4227 4227 D ViewRootImpl@68616a3[LoginActivity]: ViewPostImeInputStage processPointer 1
10-22 13:54:16.989 4227 4227 D ScrollView: initGoToTop
10-22 13:54:16.994 4227 4227 D ScrollView: initGoToTop
10-22 13:54:17.003 4227 4227 D ViewRootImpl@613d1d2[LoginActivity]: ThreadedRenderer.create() translucent=true
10-22 13:54:17.009 4227 4227 D InputTransport: Input channel constructed: fd=76
10-22 13:54:17.009 4227 4227 D ViewRootImpl@613d1d2[LoginActivity]: setView = DecorView@aca82a3[LoginActivity] touchMode=true
10-22 13:54:17.015 4227 16540 D MYINTERCEPTOR: /GiengerService.svc/manifestinfo
10-22 13:54:17.016 4227 16540 D OkHttp : --> POST https://testsaig1.gienger.cz/GiengerService.svc/manifestinfo http/1.1
10-22 13:54:17.016 4227 16540 D OkHttp : Content-Length: 0
10-22 13:54:17.016 4227 16540 D OkHttp : state: CZ
10-22 13:54:17.016 4227 16540 D OkHttp : id: A03_trasa_A03-03_ranni_30_07_2018
10-22 13:54:17.016 4227 16540 D OkHttp : token: f1ef5f7d7c7a40fe79b40de1d03dbfad
10-22 13:54:17.016 4227 16540 D OkHttp : --> END POST
10-22 13:54:17.016 4227 4227 D ViewRootImpl@613d1d2[LoginActivity]: dispatchAttachedToWindow
10-22 13:54:17.049 4227 4227 D ViewRootImpl@613d1d2[LoginActivity]: Relayout returned: oldFrame=[0,0][0,0] newFrame=[108,466][660,582] result=0x27 surface={isValid=true -1870876672} surfaceGenerationChanged=true
10-22 13:54:17.049 4227 4227 D ViewRootImpl@613d1d2[LoginActivity]: mHardwareRenderer.initialize() mSurface={isValid=true -1870876672} hwInitialized=true
10-22 13:54:17.056 4227 16540 D OkHttp : <-- 200 https://testsaig1.gienger.cz/GiengerService.svc/manifestinfo (40ms)
10-22 13:54:17.057 4227 16540 D OkHttp : content-type: application/xml; charset=utf-8
10-22 13:54:17.057 4227 16540 D OkHttp : server: Microsoft-IIS/10.0
10-22 13:54:17.057 4227 16540 D OkHttp : x-powered-by: ASP.NET
10-22 13:54:17.057 4227 16540 D OkHttp : date: Mon, 22 Oct 2018 11:54:16 GMT
10-22 13:54:17.057 4227 16540 D OkHttp : content-length: 897
10-22 13:54:17.057 4227 16540 D OkHttp : <-- END HTTP
10-22 13:54:17.068 4227 4227 D ViewRootImpl@613d1d2[LoginActivity]: MSG_WINDOW_FOCUS_CHANGED 1
10-22 13:54:17.068 4227 4227 D ViewRootImpl@613d1d2[LoginActivity]: mHardwareRenderer.initializeIfNeeded()#2 mSurface={isValid=true -1870876672}
10-22 13:54:17.085 4227 4227 D ViewRootImpl@613d1d2[LoginActivity]: MSG_RESIZED_REPORT: frame=Rect(108, 466 - 660, 582) ci=Rect(0, 0 - 0, 0) vi=Rect(0, 0 - 0, 0) or=1
10-22 13:54:17.100 4227 16700 D MYINTERCEPTOR: /GiengerService.svc/corrections
10-22 13:54:17.101 4227 16700 D OkHttp : --> GET https://testsaig1.gienger.cz/GiengerService.svc/corrections http/1.1
10-22 13:54:17.101 4227 16700 D OkHttp : token: f1ef5f7d7c7a40fe79b40de1d03dbfad
10-22 13:54:17.102 4227 16700 D OkHttp : --> END GET
10-22 13:54:17.111 4227 4227 D ViewRootImpl@68616a3[LoginActivity]: MSG_WINDOW_FOCUS_CHANGED 0
10-22 13:54:17.129 4227 16700 D OkHttp : <-- 200 https://testsaig1.gienger.cz/GiengerService.svc/corrections (27ms)
10-22 13:54:17.129 4227 16700 D OkHttp : content-type: application/xml; charset=utf-8
10-22 13:54:17.130 4227 16700 D OkHttp : server: Microsoft-IIS/10.0
10-22 13:54:17.130 4227 16700 D OkHttp : x-powered-by: ASP.NET
10-22 13:54:17.130 4227 16700 D OkHttp : date: Mon, 22 Oct 2018 11:54:16 GMT
10-22 13:54:17.130 4227 16700 D OkHttp : content-length: 1267
10-22 13:54:17.130 4227 16700 D OkHttp : <-- END HTTP
10-22 13:54:17.162 4227 16700 D MYINTERCEPTOR: /GiengerService.svc/getorder
10-22 13:54:17.163 4227 16700 D OkHttp : --> POST https://testsaig1.gienger.cz/GiengerService.svc/getorder http/1.1
10-22 13:54:17.163 4227 16700 D OkHttp : Content-Length: 0
10-22 13:54:17.164 4227 16700 D OkHttp : name: 130AT1180325843.xml
10-22 13:54:17.164 4227 16700 D OkHttp : token: f1ef5f7d7c7a40fe79b40de1d03dbfad
10-22 13:54:17.164 4227 16700 D OkHttp : --> END POST
10-22 13:54:17.202 4227 16700 D OkHttp : <-- 200 https://testsaig1.gienger.cz/GiengerService.svc/getorder (38ms)
10-22 13:54:17.202 4227 16700 D OkHttp : content-type: application/xml; charset=utf-8
10-22 13:54:17.202 4227 16700 D OkHttp : server: Microsoft-IIS/10.0
10-22 13:54:17.203 4227 16700 D OkHttp : checksum: 3153a02f0e6c48436e961989030a580f
10-22 13:54:17.203 4227 16700 D OkHttp : x-powered-by: ASP.NET
10-22 13:54:17.203 4227 16700 D OkHttp : date: Mon, 22 Oct 2018 11:54:16 GMT
10-22 13:54:17.203 4227 16700 D OkHttp : content-length: 166684
10-22 13:54:17.203 4227 16700 D OkHttp : <-- END HTTP
10-22 13:54:17.444 4227 16700 D MYINTERCEPTOR: /GiengerService.svc/getorder
10-22 13:54:17.445 4227 16700 D OkHttp : --> POST https://testsaig1.gienger.cz/GiengerService.svc/getorder http/1.1
10-22 13:54:17.446 4227 16700 D OkHttp : Content-Length: 0
10-22 13:54:17.446 4227 16700 D OkHttp : name: 130AT1180325844.xml
10-22 13:54:17.446 4227 16700 D OkHttp : token: f1ef5f7d7c7a40fe79b40de1d03dbfad
10-22 13:54:17.446 4227 16700 D OkHttp : --> END POST
10-22 13:54:17.494 4227 16700 D OkHttp : <-- 200 https://testsaig1.gienger.cz/GiengerService.svc/getorder (47ms)
10-22 13:54:17.495 4227 16700 D OkHttp : content-type: application/xml; charset=utf-8
10-22 13:54:17.495 4227 16700 D OkHttp : server: Microsoft-IIS/10.0
10-22 13:54:17.495 4227 16700 D OkHttp : checksum: 35f6e5974f36b491c9a3e2e481f988ea
10-22 13:54:17.495 4227 16700 D OkHttp : x-powered-by: ASP.NET
10-22 13:54:17.495 4227 16700 D OkHttp : date: Mon, 22 Oct 2018 11:54:16 GMT
10-22 13:54:17.495 4227 16700 D OkHttp : content-length: 167234
10-22 13:54:17.495 4227 16700 D OkHttp : <-- END HTTP
10-22 13:54:17.570 4227 16700 D MYINTERCEPTOR: /GiengerService.svc/getorder
10-22 13:54:17.599 4227 16700 D OkHttp : --> POST https://testsaig1.gienger.cz/GiengerService.svc/getorder http/1.1
10-22 13:54:17.599 4227 16700 D OkHttp : Content-Length: 0
10-22 13:54:17.599 4227 16700 D OkHttp : name: 130AT1180325878.xml
10-22 13:54:17.599 4227 16700 D OkHttp : token: f1ef5f7d7c7a40fe79b40de1d03dbfad
10-22 13:54:17.599 4227 16700 D OkHttp : --> END POST
10-22 13:54:17.635 4227 16700 D OkHttp : <-- 200 https://testsaig1.gienger.cz/GiengerService.svc/getorder (34ms)
10-22 13:54:17.635 4227 16700 D OkHttp : content-type: application/xml; charset=utf-8
10-22 13:54:17.636 4227 16700 D OkHttp : server: Microsoft-IIS/10.0
10-22 13:54:17.636 4227 16700 D OkHttp : checksum: 0b55e311f7a47a27f5a2c3a509fe8e8c
10-22 13:54:17.636 4227 16700 D OkHttp : x-powered-by: ASP.NET
10-22 13:54:17.636 4227 16700 D OkHttp : date: Mon, 22 Oct 2018 11:54:16 GMT
10-22 13:54:17.636 4227 16700 D OkHttp : content-length: 174841
10-22 13:54:17.636 4227 16700 D OkHttp : <-- END HTTP
10-22 13:54:17.734 4227 16700 D MYINTERCEPTOR: /GiengerService.svc/getorder
10-22 13:54:17.734 4227 16700 D OkHttp : --> POST https://testsaig1.gienger.cz/GiengerService.svc/getorder http/1.1
10-22 13:54:17.735 4227 16700 D OkHttp : Content-Length: 0
10-22 13:54:17.735 4227 16700 D OkHttp : name: 130AT1180325879.xml
10-22 13:54:17.735 4227 16700 D OkHttp : token: f1ef5f7d7c7a40fe79b40de1d03dbfad
10-22 13:54:17.735 4227 16700 D OkHttp : --> END POST
10-22 13:54:17.775 4227 16700 D OkHttp : <-- 200 https://testsaig1.gienger.cz/GiengerService.svc/getorder (39ms)
10-22 13:54:17.775 4227 16700 D OkHttp : content-type: application/xml; charset=utf-8
10-22 13:54:17.775 4227 16700 D OkHttp : server: Microsoft-IIS/10.0
10-22 13:54:17.775 4227 16700 D OkHttp : checksum: c739657e598ab8597f6713f816a16ac0
10-22 13:54:17.775 4227 16700 D OkHttp : x-powered-by: ASP.NET
10-22 13:54:17.775 4227 16700 D OkHttp : date: Mon, 22 Oct 2018 11:54:16 GMT
10-22 13:54:17.775 4227 16700 D OkHttp : content-length: 166405
10-22 13:54:17.775 4227 16700 D OkHttp : <-- END HTTP
10-22 13:54:17.842 4227 16700 D MYINTERCEPTOR: /GiengerService.svc/getorder
10-22 13:54:17.843 4227 16700 D OkHttp : --> POST https://testsaig1.gienger.cz/GiengerService.svc/getorder http/1.1
10-22 13:54:17.843 4227 16700 D OkHttp : Content-Length: 0
10-22 13:54:17.843 4227 16700 D OkHttp : name: 130AT1180325861.xml
10-22 13:54:17.844 4227 16700 D OkHttp : token: f1ef5f7d7c7a40fe79b40de1d03dbfad
10-22 13:54:17.844 4227 16700 D OkHttp : --> END POST
