10-22 13:54:17.874 4227 16700 D OkHttp : <-- 200 https://testsaig1.gienger.cz/GiengerService.svc/getorder (30ms)
10-22 13:54:17.874 4227 16700 D OkHttp : content-type: application/xml; charset=utf-8
10-22 13:54:17.874 4227 16700 D OkHttp : server: Microsoft-IIS/10.0
10-22 13:54:17.875 4227 16700 D OkHttp : checksum: 42d46862448312c80013b534e8087339
10-22 13:54:17.875 4227 16700 D OkHttp : x-powered-by: ASP.NET
10-22 13:54:17.875 4227 16700 D OkHttp : date: Mon, 22 Oct 2018 11:54:16 GMT
10-22 13:54:17.875 4227 16700 D OkHttp : content-length: 168533
10-22 13:54:17.875 4227 16700 D OkHttp : <-- END HTTP
10-22 13:54:17.951 4227 16700 D MYINTERCEPTOR: /GiengerService.svc/getorder
10-22 13:54:17.952 4227 16700 D OkHttp : --> POST https://testsaig1.gienger.cz/GiengerService.svc/getorder http/1.1
10-22 13:54:17.952 4227 16700 D OkHttp : Content-Length: 0
10-22 13:54:17.952 4227 16700 D OkHttp : name: 130AT1180325882.xml
10-22 13:54:17.952 4227 16700 D OkHttp : token: f1ef5f7d7c7a40fe79b40de1d03dbfad
10-22 13:54:17.952 4227 16700 D OkHttp : --> END POST
10-22 13:54:17.985 4227 16700 D OkHttp : <-- 200 https://testsaig1.gienger.cz/GiengerService.svc/getorder (32ms)
10-22 13:54:17.985 4227 16700 D OkHttp : content-type: application/xml; charset=utf-8
10-22 13:54:17.985 4227 16700 D OkHttp : server: Microsoft-IIS/10.0
10-22 13:54:17.985 4227 16700 D OkHttp : checksum: 7bfaa0691452f4406ac1c3f820481cbf
10-22 13:54:17.986 4227 16700 D OkHttp : x-powered-by: ASP.NET
10-22 13:54:17.986 4227 16700 D OkHttp : date: Mon, 22 Oct 2018 11:54:16 GMT
10-22 13:54:17.986 4227 16700 D OkHttp : content-length: 168619
10-22 13:54:17.986 4227 16700 D OkHttp : <-- END HTTP
10-22 13:54:18.056 4227 16700 D MYINTERCEPTOR: /GiengerService.svc/getorder
10-22 13:54:18.057 4227 16700 D OkHttp : --> POST https://testsaig1.gienger.cz/GiengerService.svc/getorder http/1.1
10-22 13:54:18.057 4227 16700 D OkHttp : Content-Length: 0
10-22 13:54:18.057 4227 16700 D OkHttp : name: 130AT1180325883.xml
10-22 13:54:18.057 4227 16700 D OkHttp : token: f1ef5f7d7c7a40fe79b40de1d03dbfad
10-22 13:54:18.057 4227 16700 D OkHttp : --> END POST
10-22 13:54:18.086 4227 16700 D OkHttp : <-- 200 https://testsaig1.gienger.cz/GiengerService.svc/getorder (28ms)
10-22 13:54:18.086 4227 16700 D OkHttp : content-type: application/xml; charset=utf-8
10-22 13:54:18.086 4227 16700 D OkHttp : server: Microsoft-IIS/10.0
10-22 13:54:18.087 4227 16700 D OkHttp : checksum: 09eceb501833b89e210d2d0bef11ae76
10-22 13:54:18.087 4227 16700 D OkHttp : x-powered-by: ASP.NET
10-22 13:54:18.087 4227 16700 D OkHttp : date: Mon, 22 Oct 2018 11:54:17 GMT
10-22 13:54:18.087 4227 16700 D OkHttp : content-length: 165458
10-22 13:54:18.087 4227 16700 D OkHttp : <-- END HTTP
10-22 13:54:18.155 4227 16700 D MYINTERCEPTOR: /GiengerService.svc/getorder
10-22 13:54:18.156 4227 16700 D OkHttp : --> POST https://testsaig1.gienger.cz/GiengerService.svc/getorder http/1.1
10-22 13:54:18.156 4227 16700 D OkHttp : Content-Length: 0
10-22 13:54:18.156 4227 16700 D OkHttp : name: 130AT1183508450.xml
10-22 13:54:18.156 4227 16700 D OkHttp : token: f1ef5f7d7c7a40fe79b40de1d03dbfad
10-22 13:54:18.156 4227 16700 D OkHttp : --> END POST
10-22 13:54:18.192 4227 16700 D OkHttp : <-- 200 https://testsaig1.gienger.cz/GiengerService.svc/getorder (36ms)
10-22 13:54:18.193 4227 16700 D OkHttp : content-type: application/xml; charset=utf-8
10-22 13:54:18.193 4227 16700 D OkHttp : server: Microsoft-IIS/10.0
10-22 13:54:18.193 4227 16700 D OkHttp : checksum: 536512cb7e778febe9d49f6220909ff7
10-22 13:54:18.193 4227 16700 D OkHttp : x-powered-by: ASP.NET
10-22 13:54:18.193 4227 16700 D OkHttp : date: Mon, 22 Oct 2018 11:54:17 GMT
10-22 13:54:18.193 4227 16700 D OkHttp : content-length: 168523
10-22 13:54:18.193 4227 16700 D OkHttp : <-- END HTTP
10-22 13:54:18.269 4227 16700 D MYINTERCEPTOR: /GiengerService.svc/getorder
10-22 13:54:18.269 4227 16700 D OkHttp : --> POST https://testsaig1.gienger.cz/GiengerService.svc/getorder http/1.1
10-22 13:54:18.269 4227 16700 D OkHttp : Content-Length: 0
10-22 13:54:18.270 4227 16700 D OkHttp : name: 130AT1183508451.xml
10-22 13:54:18.270 4227 16700 D OkHttp : token: f1ef5f7d7c7a40fe79b40de1d03dbfad
10-22 13:54:18.270 4227 16700 D OkHttp : --> END POST
10-22 13:54:18.299 4227 16700 D OkHttp : <-- 200 https://testsaig1.gienger.cz/GiengerService.svc/getorder (29ms)
10-22 13:54:18.299 4227 16700 D OkHttp : content-type: application/xml; charset=utf-8
10-22 13:54:18.299 4227 16700 D OkHttp : server: Microsoft-IIS/10.0
10-22 13:54:18.300 4227 16700 D OkHttp : checksum: 9d25d236e6dc598630a2776ffbb72b5a
10-22 13:54:18.300 4227 16700 D OkHttp : x-powered-by: ASP.NET
10-22 13:54:18.300 4227 16700 D OkHttp : date: Mon, 22 Oct 2018 11:54:17 GMT
10-22 13:54:18.300 4227 16700 D OkHttp : content-length: 166780
10-22 13:54:18.300 4227 16700 D OkHttp : <-- END HTTP
10-22 13:54:18.384 4227 16700 D MYINTERCEPTOR: /GiengerService.svc/getorder
10-22 13:54:18.385 4227 16700 D OkHttp : --> POST https://testsaig1.gienger.cz/GiengerService.svc/getorder http/1.1
10-22 13:54:18.385 4227 16700 D OkHttp : Content-Length: 0
10-22 13:54:18.385 4227 16700 D OkHttp : name: 130AT1182506581.xml
10-22 13:54:18.385 4227 16700 D OkHttp : token: f1ef5f7d7c7a40fe79b40de1d03dbfad
10-22 13:54:18.385 4227 16700 D OkHttp : --> END POST
10-22 13:54:18.432 4227 16700 D OkHttp : <-- 200 https://testsaig1.gienger.cz/GiengerService.svc/getorder (46ms)
10-22 13:54:18.432 4227 16700 D OkHttp : content-type: application/xml; charset=utf-8
10-22 13:54:18.432 4227 16700 D OkHttp : server: Microsoft-IIS/10.0
10-22 13:54:18.432 4227 16700 D OkHttp : checksum: 06402f84f0f9159bac74ad6d59c4710e
10-22 13:54:18.432 4227 16700 D OkHttp : x-powered-by: ASP.NET
10-22 13:54:18.432 4227 16700 D OkHttp : date: Mon, 22 Oct 2018 11:54:17 GMT
10-22 13:54:18.433 4227 16700 D OkHttp : content-length: 176810
10-22 13:54:18.433 4227 16700 D OkHttp : <-- END HTTP
10-22 13:54:18.497 4227 16700 D MYINTERCEPTOR: /GiengerService.svc/getorder
10-22 13:54:18.497 4227 16700 D OkHttp : --> POST https://testsaig1.gienger.cz/GiengerService.svc/getorder http/1.1
10-22 13:54:18.498 4227 16700 D OkHttp : Content-Length: 0
10-22 13:54:18.498 4227 16700 D OkHttp : name: 130AT1182506582.xml
10-22 13:54:18.498 4227 16700 D OkHttp : token: f1ef5f7d7c7a40fe79b40de1d03dbfad
10-22 13:54:18.498 4227 16700 D OkHttp : --> END POST
10-22 13:54:18.527 4227 16700 D OkHttp : <-- 200 https://testsaig1.gienger.cz/GiengerService.svc/getorder (28ms)
10-22 13:54:18.527 4227 16700 D OkHttp : content-type: application/xml; charset=utf-8
10-22 13:54:18.527 4227 16700 D OkHttp : server: Microsoft-IIS/10.0
10-22 13:54:18.527 4227 16700 D OkHttp : checksum: 427f4c820d8063e174a2d6b5aed1d8d4
10-22 13:54:18.527 4227 16700 D OkHttp : x-powered-by: ASP.NET
10-22 13:54:18.527 4227 16700 D OkHttp : date: Mon, 22 Oct 2018 11:54:17 GMT
10-22 13:54:18.527 4227 16700 D OkHttp : content-length: 174828
10-22 13:54:18.527 4227 16700 D OkHttp : <-- END HTTP
10-22 13:54:18.608 4227 16700 D MYINTERCEPTOR: /GiengerService.svc/getorder
10-22 13:54:18.609 4227 16700 D OkHttp : --> POST https://testsaig1.gienger.cz/GiengerService.svc/getorder http/1.1
10-22 13:54:18.609 4227 16700 D OkHttp : Content-Length: 0
10-22 13:54:18.609 4227 16700 D OkHttp : name: 130AT1183508465.xml
10-22 13:54:18.609 4227 16700 D OkHttp : token: f1ef5f7d7c7a40fe79b40de1d03dbfad
10-22 13:54:18.609 4227 16700 D OkHttp : --> END POST
10-22 13:54:18.649 4227 16700 D OkHttp : <-- 200 https://testsaig1.gienger.cz/GiengerService.svc/getorder (39ms)
10-22 13:54:18.650 4227 16700 D OkHttp : content-type: application/xml; charset=utf-8
10-22 13:54:18.650 4227 16700 D OkHttp : server: Microsoft-IIS/10.0
10-22 13:54:18.650 4227 16700 D OkHttp : checksum: decd550fd492a754b9954e018c6abf66
10-22 13:54:18.650 4227 16700 D OkHttp : x-powered-by: ASP.NET
10-22 13:54:18.650 4227 16700 D OkHttp : date: Mon, 22 Oct 2018 11:54:17 GMT
10-22 13:54:18.650 4227 16700 D OkHttp : content-length: 167873
10-22 13:54:18.650 4227 16700 D OkHttp : <-- END HTTP
10-22 13:54:18.709 4227 16700 D MYINTERCEPTOR: /GiengerService.svc/getorder
10-22 13:54:18.710 4227 16700 D OkHttp : --> POST https://testsaig1.gienger.cz/GiengerService.svc/getorder http/1.1
10-22 13:54:18.710 4227 16700 D OkHttp : Content-Length: 0
10-22 13:54:18.710 4227 16700 D OkHttp : name: 130AT1183508407.xml
10-22 13:54:18.710 4227 16700 D OkHttp : token: f1ef5f7d7c7a40fe79b40de1d03dbfad
10-22 13:54:18.710 4227 16700 D OkHttp : --> END POST
10-22 13:54:18.739 4227 16700 D OkHttp : <-- 200 https://testsaig1.gienger.cz/GiengerService.svc/getorder (29ms)
10-22 13:54:18.740 4227 16700 D OkHttp : content-type: application/xml; charset=utf-8
10-22 13:54:18.740 4227 16700 D OkHttp : server: Microsoft-IIS/10.0
10-22 13:54:18.740 4227 16700 D OkHttp : checksum: fbbd700efd3326adcd0a43172fa2b27c
10-22 13:54:18.740 4227 16700 D OkHttp : x-powered-by: ASP.NET
10-22 13:54:18.740 4227 16700 D OkHttp : date: Mon, 22 Oct 2018 11:54:17 GMT
10-22 13:54:18.740 4227 16700 D OkHttp : content-length: 162660
10-22 13:54:18.740 4227 16700 D OkHttp : <-- END HTTP
10-22 13:54:18.805 4227 16700 D MYINTERCEPTOR: /GiengerService.svc/getorder
10-22 13:54:18.807 4227 16700 D OkHttp : --> POST https://testsaig1.gienger.cz/GiengerService.svc/getorder http/1.1
10-22 13:54:18.807 4227 16700 D OkHttp : Content-Length: 0
10-22 13:54:18.807 4227 16700 D OkHttp : name: 130AT1183508461.xml
10-22 13:54:18.807 4227 16700 D OkHttp : token: f1ef5f7d7c7a40fe79b40de1d03dbfad
10-22 13:54:18.807 4227 16700 D OkHttp : --> END POST
10-22 13:54:18.939 4227 16700 D OkHttp : <-- 200 https://testsaig1.gienger.cz/GiengerService.svc/getorder (131ms)
10-22 13:54:18.939 4227 16700 D OkHttp : content-type: application/xml; charset=utf-8
10-22 13:54:18.939 4227 16700 D OkHttp : server: Microsoft-IIS/10.0
10-22 13:54:18.940 4227 16700 D OkHttp : checksum: 35cb827218b0b9411bcf4bef1b65ca42
10-22 13:54:18.940 4227 16700 D OkHttp : x-powered-by: ASP.NET
10-22 13:54:18.940 4227 16700 D OkHttp : date: Mon, 22 Oct 2018 11:54:17 GMT
10-22 13:54:18.940 4227 16700 D OkHttp : content-length: 176624
10-22 13:54:18.940 4227 16700 D OkHttp : <-- END HTTP
10-22 13:54:19.009 4227 16700 D MYINTERCEPTOR: /GiengerService.svc/getorder
10-22 13:54:19.009 4227 16700 D OkHttp : --> POST https://testsaig1.gienger.cz/GiengerService.svc/getorder http/1.1
10-22 13:54:19.009 4227 16700 D OkHttp : Content-Length: 0
10-22 13:54:19.010 4227 16700 D OkHttp : name: 130AT1183508462.xml
10-22 13:54:19.010 4227 16700 D OkHttp : token: f1ef5f7d7c7a40fe79b40de1d03dbfad
10-22 13:54:19.010 4227 16700 D OkHttp : --> END POST
10-22 13:54:19.039 4227 16700 D OkHttp : <-- 200 https://testsaig1.gienger.cz/GiengerService.svc/getorder (29ms)
10-22 13:54:19.040 4227 16700 D OkHttp : content-type: application/xml; charset=utf-8
10-22 13:54:19.040 4227 16700 D OkHttp : server: Microsoft-IIS/10.0
10-22 13:54:19.040 4227 16700 D OkHttp : checksum: 7ca5cf31fb247d2f955216e4e1101a01
10-22 13:54:19.040 4227 16700 D OkHttp : x-powered-by: ASP.NET
10-22 13:54:19.040 4227 16700 D OkHttp : date: Mon, 22 Oct 2018 11:54:17 GMT
10-22 13:54:19.040 4227 16700 D OkHttp : content-length: 163894
10-22 13:54:19.040 4227 16700 D OkHttp : <-- END HTTP
10-22 13:54:19.097 4227 16700 D MYINTERCEPTOR: /GiengerService.svc/getorder
10-22 13:54:19.098 4227 16700 D OkHttp : --> POST https://testsaig1.gienger.cz/GiengerService.svc/getorder http/1.1
10-22 13:54:19.098 4227 16700 D OkHttp : Content-Length: 0
10-22 13:54:19.098 4227 16700 D OkHttp : name: 130AT1183507781.xml
10-22 13:54:19.108 4227 16700 D OkHttp : token: f1ef5f7d7c7a40fe79b40de1d03dbfad
10-22 13:54:19.108 4227 16700 D OkHttp : --> END POST
10-22 13:54:19.149 4227 16700 D OkHttp : <-- 200 https://testsaig1.gienger.cz/GiengerService.svc/getorder (40ms)
10-22 13:54:19.149 4227 16700 D OkHttp : content-type: application/xml; charset=utf-8
10-22 13:54:19.150 4227 16700 D OkHttp : server: Microsoft-IIS/10.0
10-22 13:54:19.150 4227 16700 D OkHttp : checksum: 1d1dc4382ebfcf58a3c965f892f48068
10-22 13:54:19.150 4227 16700 D OkHttp : x-powered-by: ASP.NET
10-22 13:54:19.150 4227 16700 D OkHttp : date: Mon, 22 Oct 2018 11:54:18 GMT
10-22 13:54:19.150 4227 16700 D OkHttp : content-length: 181951
10-22 13:54:19.150 4227 16700 D OkHttp : <-- END HTTP
10-22 13:54:19.247 4227 16700 D MYINTERCEPTOR: /GiengerService.svc/getorder
10-22 13:54:19.248 4227 16700 D OkHttp : --> POST https://testsaig1.gienger.cz/GiengerService.svc/getorder http/1.1
10-22 13:54:19.248 4227 16700 D OkHttp : Content-Length: 0
10-22 13:54:19.248 4227 16700 D OkHttp : name: 130AT1183507783.xml
10-22 13:54:19.248 4227 16700 D OkHttp : token: f1ef5f7d7c7a40fe79b40de1d03dbfad
10-22 13:54:19.249 4227 16700 D OkHttp : --> END POST
10-22 13:54:19.294 4227 16700 D OkHttp : <-- 200 https://testsaig1.gienger.cz/GiengerService.svc/getorder (45ms)
10-22 13:54:19.295 4227 16700 D OkHttp : content-type: application/xml; charset=utf-8
10-22 13:54:19.295 4227 16700 D OkHttp : server: Microsoft-IIS/10.0
10-22 13:54:19.295 4227 16700 D OkHttp : checksum: 3bf96e1f420290467ed61480195db266
10-22 13:54:19.295 4227 16700 D OkHttp : x-powered-by: ASP.NET
10-22 13:54:19.296 4227 16700 D OkHttp : date: Mon, 22 Oct 2018 11:54:18 GMT
10-22 13:54:19.297 4227 16700 D OkHttp : content-length: 162402
10-22 13:54:19.298 4227 16700 D OkHttp : <-- END HTTP
10-22 13:54:19.409 4227 16700 D MYINTERCEPTOR: /GiengerService.svc/getorder
10-22 13:54:19.410 4227 16700 D OkHttp : --> POST https://testsaig1.gienger.cz/GiengerService.svc/getorder http/1.1
10-22 13:54:19.410 4227 16700 D OkHttp : Content-Length: 0
10-22 13:54:19.410 4227 16700 D OkHttp : name: 130AT1183508240.xml
10-22 13:54:19.410 4227 16700 D OkHttp : token: f1ef5f7d7c7a40fe79b40de1d03dbfad
10-22 13:54:19.410 4227 16700 D OkHttp : --> END POST
10-22 13:54:19.455 4227 16700 D OkHttp : <-- 200 https://testsaig1.gienger.cz/GiengerService.svc/getorder (44ms)
10-22 13:54:19.455 4227 16700 D OkHttp : content-type: application/xml; charset=utf-8
10-22 13:54:19.455 4227 16700 D OkHttp : server: Microsoft-IIS/10.0
10-22 13:54:19.455 4227 16700 D OkHttp : checksum: 9a35d037e14b096268215e7b7def3b29
10-22 13:54:19.455 4227 16700 D OkHttp : x-powered-by: ASP.NET
10-22 13:54:19.455 4227 16700 D OkHttp : date: Mon, 22 Oct 2018 11:54:18 GMT
10-22 13:54:19.456 4227 16700 D OkHttp : content-length: 163913
10-22 13:54:19.456 4227 16700 D OkHttp : <-- END HTTP
10-22 13:54:19.559 4227 16700 D MYINTERCEPTOR: /GiengerService.svc/getorder
10-22 13:54:19.560 4227 16700 D OkHttp : --> POST https://testsaig1.gienger.cz/GiengerService.svc/getorder http/1.1
10-22 13:54:19.560 4227 16700 D OkHttp : Content-Length: 0
10-22 13:54:19.560 4227 16700 D OkHttp : name: 130AT1183508242.xml
10-22 13:54:19.560 4227 16700 D OkHttp : token: f1ef5f7d7c7a40fe79b40de1d03dbfad
10-22 13:54:19.560 4227 16700 D OkHttp : --> END POST
10-22 13:54:19.597 4227 16700 D OkHttp : <-- 200 https://testsaig1.gienger.cz/GiengerService.svc/getorder (36ms)
10-22 13:54:19.597 4227 16700 D OkHttp : content-type: application/xml; charset=utf-8
10-22 13:54:19.597 4227 16700 D OkHttp : server: Microsoft-IIS/10.0
10-22 13:54:19.597 4227 16700 D OkHttp : checksum: 7f23f595f0b6a41a35e347809cffcf75
10-22 13:54:19.597 4227 16700 D OkHttp : x-powered-by: ASP.NET
10-22 13:54:19.597 4227 16700 D OkHttp : date: Mon, 22 Oct 2018 11:54:18 GMT
10-22 13:54:19.597 4227 16700 D OkHttp : content-length: 162596
10-22 13:54:19.597 4227 16700 D OkHttp : <-- END HTTP
10-22 13:54:19.662 4227 4234 I art : Do partial code cache collection, code=24KB, data=30KB
10-22 13:54:19.662 4227 4234 I art : After code cache collection, code=24KB, data=29KB
10-22 13:54:19.663 4227 4234 I art : Increasing code cache capacity to 128KB
10-22 13:54:19.694 4227 16700 D MYINTERCEPTOR: /GiengerService.svc/getorder
10-22 13:54:19.695 4227 16700 D OkHttp : --> POST https://testsaig1.gienger.cz/GiengerService.svc/getorder http/1.1
10-22 13:54:19.695 4227 16700 D OkHttp : Content-Length: 0
10-22 13:54:19.695 4227 16700 D OkHttp : name: 130AT1183508469.xml
10-22 13:54:19.695 4227 16700 D OkHttp : token: f1ef5f7d7c7a40fe79b40de1d03dbfad
10-22 13:54:19.695 4227 16700 D OkHttp : --> END POST
10-22 13:54:19.753 4227 16700 D OkHttp : <-- 200 https://testsaig1.gienger.cz/GiengerService.svc/getorder (58ms)
10-22 13:54:19.754 4227 16700 D OkHttp : content-type: application/xml; charset=utf-8
10-22 13:54:19.754 4227 16700 D OkHttp : server: Microsoft-IIS/10.0
10-22 13:54:19.754 4227 16700 D OkHttp : checksum: 30e5ce6ccac91459852918709e898047
10-22 13:54:19.754 4227 16700 D OkHttp : x-powered-by: ASP.NET
10-22 13:54:19.754 4227 16700 D OkHttp : date: Mon, 22 Oct 2018 11:54:18 GMT
10-22 13:54:19.754 4227 16700 D OkHttp : content-length: 169874
10-22 13:54:19.754 4227 16700 D OkHttp : <-- END HTTP
10-22 13:54:19.850 4227 16700 D MYINTERCEPTOR: /GiengerService.svc/getorder
10-22 13:54:19.851 4227 16700 D OkHttp : --> POST https://testsaig1.gienger.cz/GiengerService.svc/getorder http/1.1
10-22 13:54:19.851 4227 16700 D OkHttp : Content-Length: 0
10-22 13:54:19.851 4227 16700 D OkHttp : name: 130AT1180325791.xml
10-22 13:54:19.851 4227 16700 D OkHttp : token: f1ef5f7d7c7a40fe79b40de1d03dbfad
10-22 13:54:19.851 4227 16700 D OkHttp : --> END POST
10-22 13:54:19.881 4227 16700 D OkHttp : <-- 200 https://testsaig1.gienger.cz/GiengerService.svc/getorder (29ms)
10-22 13:54:19.881 4227 16700 D OkHttp : content-type: application/xml; charset=utf-8
10-22 13:54:19.881 4227 16700 D OkHttp : server: Microsoft-IIS/10.0
10-22 13:54:19.881 4227 16700 D OkHttp : checksum: 07c2a68a6292f38a048a853426f80b0d
10-22 13:54:19.881 4227 16700 D OkHttp : x-powered-by: ASP.NET
10-22 13:54:19.881 4227 16700 D OkHttp : date: Mon, 22 Oct 2018 11:54:18 GMT
10-22 13:54:19.881 4227 16700 D OkHttp : content-length: 164655
10-22 13:54:19.881 4227 16700 D OkHttp : <-- END HTTP
10-22 13:54:19.935 4227 16700 D MYINTERCEPTOR: /GiengerService.svc/getorder
10-22 13:54:19.935 4227 16700 D OkHttp : --> POST https://testsaig1.gienger.cz/GiengerService.svc/getorder http/1.1
10-22 13:54:19.935 4227 16700 D OkHttp : Content-Length: 0
10-22 13:54:19.936 4227 16700 D OkHttp : name: 130AT1180325798.xml
10-22 13:54:19.936 4227 16700 D OkHttp : token: f1ef5f7d7c7a40fe79b40de1d03dbfad
10-22 13:54:19.936 4227 16700 D OkHttp : --> END POST
10-22 13:54:19.972 4227 16700 D OkHttp : <-- 200 https://testsaig1.gienger.cz/GiengerService.svc/getorder (36ms)
10-22 13:54:19.972 4227 16700 D OkHttp : content-type: application/xml; charset=utf-8
10-22 13:54:19.972 4227 16700 D OkHttp : server: Microsoft-IIS/10.0
10-22 13:54:19.972 4227 16700 D OkHttp : checksum: cdecb2a0ddb1b76c97ea8b6df39041a9
10-22 13:54:19.972 4227 16700 D OkHttp : x-powered-by: ASP.NET
10-22 13:54:19.973 4227 16700 D OkHttp : date: Mon, 22 Oct 2018 11:54:18 GMT
10-22 13:54:19.973 4227 16700 D OkHttp : content-length: 166375
10-22 13:54:19.973 4227 16700 D OkHttp : <-- END HTTP
10-22 13:54:20.023 4227 16700 D MYINTERCEPTOR: /GiengerService.svc/getorder
10-22 13:54:20.023 4227 16700 D OkHttp : --> POST https://testsaig1.gienger.cz/GiengerService.svc/getorder http/1.1
10-22 13:54:20.023 4227 16700 D OkHttp : Content-Length: 0
10-22 13:54:20.024 4227 16700 D OkHttp : name: 130AT1180325857.xml
10-22 13:54:20.024 4227 16700 D OkHttp : token: f1ef5f7d7c7a40fe79b40de1d03dbfad
10-22 13:54:20.024 4227 16700 D OkHttp : --> END POST
10-22 13:54:20.075 4227 16700 D OkHttp : <-- 200 https://testsaig1.gienger.cz/GiengerService.svc/getorder (51ms)
10-22 13:54:20.075 4227 16700 D OkHttp : content-type: application/xml; charset=utf-8
10-22 13:54:20.075 4227 16700 D OkHttp : server: Microsoft-IIS/10.0
10-22 13:54:20.076 4227 16700 D OkHttp : checksum: 812b08617d37b7e7a1d7243044c4df13
10-22 13:54:20.076 4227 16700 D OkHttp : x-powered-by: ASP.NET
10-22 13:54:20.076 4227 16700 D OkHttp : date: Mon, 22 Oct 2018 11:54:18 GMT
10-22 13:54:20.076 4227 16700 D OkHttp : content-length: 163003
10-22 13:54:20.076 4227 16700 D OkHttp : <-- END HTTP
10-22 13:54:20.155 4227 16700 D MYINTERCEPTOR: /GiengerService.svc/getorder
10-22 13:54:20.156 4227 16700 D OkHttp : --> POST https://testsaig1.gienger.cz/GiengerService.svc/getorder http/1.1
10-22 13:54:20.156 4227 16700 D OkHttp : Content-Length: 0
10-22 13:54:20.156 4227 16700 D OkHttp : name: 130AT1183508344.xml
10-22 13:54:20.156 4227 16700 D OkHttp : token: f1ef5f7d7c7a40fe79b40de1d03dbfad
10-22 13:54:20.156 4227 16700 D OkHttp : --> END POST
10-22 13:54:20.186 4227 16700 D OkHttp : <-- 200 https://testsaig1.gienger.cz/GiengerService.svc/getorder (29ms)
10-22 13:54:20.186 4227 16700 D OkHttp : content-type: application/xml; charset=utf-8
10-22 13:54:20.186 4227 16700 D OkHttp : server: Microsoft-IIS/10.0
10-22 13:54:20.186 4227 16700 D OkHttp : checksum: 87a1abb3209098204eafb0f9385de961
10-22 13:54:20.186 4227 16700 D OkHttp : x-powered-by: ASP.NET
10-22 13:54:20.186 4227 16700 D OkHttp : date: Mon, 22 Oct 2018 11:54:19 GMT
10-22 13:54:20.186 4227 16700 D OkHttp : content-length: 161046
10-22 13:54:20.186 4227 16700 D OkHttp : <-- END HTTP
10-22 13:54:20.296 4227 4227 D ViewRootImpl@613d1d2[LoginActivity]: mHardwareRenderer.destroy()#4
10-22 13:54:20.296 4227 4227 D ViewRootImpl@613d1d2[LoginActivity]: dispatchDetachedFromWindow
10-22 13:54:20.307 4227 4227 D InputTransport: Input channel destroyed: fd=76
10-22 13:54:20.308 4227 4227 D ViewRootImpl@68616a3[LoginActivity]: MSG_WINDOW_FOCUS_CHANGED 1
10-22 13:54:20.308 4227 4227 D ViewRootImpl@68616a3[LoginActivity]: mHardwareRenderer.initializeIfNeeded()#2 mSurface={isValid=true -1860032512}
10-22 13:54:20.310 4227 4227 V InputMethodManager: Starting input: tba=android.view.inputmethod.EditorInfo@b571bd7 nm : cz.gienger.mobile ic=null
10-22 13:54:20.310 4227 4227 I InputMethodManager: startInputInner - mService.startInputOrWindowGainedFocus
10-22 13:54:20.319 4227 4227 D InputTransport: Input channel constructed: fd=76
10-22 13:54:20.319 4227 4227 D InputTransport: Input channel destroyed: fd=68
10-22 13:54:20.319 4227 4227 E ViewRootImpl: sendUserActionEvent() returned.
10-22 13:54:20.379 4227 4227 D AbsListView: in onLayout changed
10-22 13:54:20.633 4227 4227 D AbsListView: in onLayout changed
10-22 13:54:21.587 4227 4227 D ViewRootImpl@68616a3[LoginActivity]: ViewPostImeInputStage processPointer 0
10-22 13:54:21.619 4227 4227 D AbsListView: reportScrollStateChange() newState : 1
10-22 13:54:21.802 4227 4227 D ViewRootImpl@68616a3[LoginActivity]: ViewPostImeInputStage processPointer 1
10-22 13:54:21.802 4227 4227 D AbsListView: onTouchUp() mTouchMode : 3
10-22 13:54:21.802 4227 4227 D AbsListView: onTouchUp() TOUCH_MODE_SCROLL initialVelocity : -2054
10-22 13:54:21.806 4227 4227 D AbsListView: reportScrollStateChange() newState : 2
10-22 13:54:22.019 4227 4227 D AbsListView: reportScrollStateChange() newState : 0
10-22 13:54:22.264 4227 4227 D ViewRootImpl@68616a3[LoginActivity]: ViewPostImeInputStage processPointer 0
10-22 13:54:22.288 4227 4227 D AbsListView: reportScrollStateChange() newState : 1
10-22 13:54:22.293 4227 4227 D ViewRootImpl@68616a3[LoginActivity]: ViewPostImeInputStage processPointer 1
10-22 13:54:22.294 4227 4227 D AbsListView: onTouchUp() mTouchMode : 3
10-22 13:54:22.294 4227 4227 D AbsListView: onTouchUp() TOUCH_MODE_SCROLL initialVelocity : 0
10-22 13:54:22.294 4227 4227 D AbsListView: reportScrollStateChange() newState : 0
10-22 13:54:22.776 4227 4227 D ViewRootImpl@68616a3[LoginActivity]: ViewPostImeInputStage processPointer 0
10-22 13:54:22.825 4227 4227 D ViewRootImpl@68616a3[LoginActivity]: ViewPostImeInputStage processPointer 1
10-22 13:54:22.856 4227 4227 D ScrollView: initGoToTop
10-22 13:54:22.861 4227 4227 D ScrollView: initGoToTop
10-22 13:54:22.870 4227 4227 D ViewRootImpl@20d5223[LoginActivity]: ThreadedRenderer.create() translucent=true
10-22 13:54:22.876 4227 4227 D InputTransport: Input channel constructed: fd=68
10-22 13:54:22.877 4227 4227 D ViewRootImpl@20d5223[LoginActivity]: setView = DecorView@8c4d320[LoginActivity] touchMode=true
10-22 13:54:22.880 4227 4227 D ViewRootImpl@20d5223[LoginActivity]: dispatchAttachedToWindow
10-22 13:54:22.913 4227 4227 D ViewRootImpl@20d5223[LoginActivity]: Relayout returned: oldFrame=[0,0][0,0] newFrame=[108,450][660,597] result=0x27 surface={isValid=true -1870682112} surfaceGenerationChanged=true
10-22 13:54:22.914 4227 4227 D ViewRootImpl@20d5223[LoginActivity]: mHardwareRenderer.initialize() mSurface={isValid=true -1870682112} hwInitialized=true
10-22 13:54:22.916 4227 4227 D ScrollView: onsize change changed
10-22 13:54:22.916 4227 4227 D ScrollView: onsize change changed
10-22 13:54:22.917 4227 4227 D ViewRootImpl@20d5223[LoginActivity]: MSG_WINDOW_FOCUS_CHANGED 1
10-22 13:54:22.917 4227 4227 D ViewRootImpl@20d5223[LoginActivity]: mHardwareRenderer.initializeIfNeeded()#2 mSurface={isValid=true -1870682112}
10-22 13:54:22.937 4227 4227 D ViewRootImpl@20d5223[LoginActivity]: MSG_RESIZED_REPORT: frame=Rect(108, 450 - 660, 597) ci=Rect(0, 0 - 0, 0) vi=Rect(0, 0 - 0, 0) or=1
10-22 13:54:22.951 4227 4227 D ViewRootImpl@68616a3[LoginActivity]: MSG_WINDOW_FOCUS_CHANGED 0
10-22 13:54:24.012 4227 4227 D ViewRootImpl@20d5223[LoginActivity]: ViewPostImeInputStage processPointer 0
10-22 13:54:24.138 4227 4227 D ViewRootImpl@20d5223[LoginActivity]: ViewPostImeInputStage processPointer 1
10-22 13:54:24.157 4227 4227 D ScrollView: initGoToTop
10-22 13:54:24.162 4227 4227 D ScrollView: initGoToTop
10-22 13:54:24.173 4227 4227 D ViewRootImpl@cc34450[LoginActivity]: ThreadedRenderer.create() translucent=true
10-22 13:54:24.178 4227 4227 D InputTransport: Input channel constructed: fd=77
10-22 13:54:24.178 4227 4227 D ViewRootImpl@cc34450[LoginActivity]: setView = DecorView@3d4a649[LoginActivity] touchMode=true
10-22 13:54:24.182 4227 16540 D MYINTERCEPTOR: /GiengerService.svc/assign/A03_trasa_A03-03_ranni_30_07_2018
10-22 13:54:24.183 4227 16540 D OkHttp : --> POST https://testsaig1.gienger.cz/GiengerService.svc/assign/A03_trasa_A03-03_ranni_30_07_2018 http/1.1
10-22 13:54:24.183 4227 16540 D OkHttp : Content-Length: 0
10-22 13:54:24.183 4227 16540 D OkHttp : token: f1ef5f7d7c7a40fe79b40de1d03dbfad
10-22 13:54:24.183 4227 16540 D OkHttp : --> END POST
10-22 13:54:24.193 4227 4227 D ViewRootImpl@20d5223[LoginActivity]: mHardwareRenderer.destroy()#4
10-22 13:54:24.193 4227 4227 D ViewRootImpl@20d5223[LoginActivity]: dispatchDetachedFromWindow
10-22 13:54:24.203 4227 4227 D InputTransport: Input channel destroyed: fd=68
10-22 13:54:24.205 4227 4227 D ViewRootImpl@cc34450[LoginActivity]: dispatchAttachedToWindow
10-22 13:54:24.222 4227 16540 D OkHttp : <-- 200 https://testsaig1.gienger.cz/GiengerService.svc/assign/A03_trasa_A03-03_ranni_30_07_2018 (38ms)
10-22 13:54:24.222 4227 16540 D OkHttp : content-type: application/xml; charset=utf-8
10-22 13:54:24.222 4227 16540 D OkHttp : server: Microsoft-IIS/10.0
10-22 13:54:24.222 4227 16540 D OkHttp : x-powered-by: ASP.NET
10-22 13:54:24.223 4227 16540 D OkHttp : date: Mon, 22 Oct 2018 11:54:23 GMT
10-22 13:54:24.223 4227 16540 D OkHttp : content-length: 187
10-22 13:54:24.223 4227 16540 D OkHttp : <-- END HTTP
10-22 13:54:24.235 4227 4227 D ViewRootImpl@cc34450[LoginActivity]: Relayout returned: oldFrame=[0,0][0,0] newFrame=[108,466][660,582] result=0x27 surface={isValid=true -1870682112} surfaceGenerationChanged=true
10-22 13:54:24.235 4227 4227 D ViewRootImpl@cc34450[LoginActivity]: mHardwareRenderer.initialize() mSurface={isValid=true -1870682112} hwInitialized=true
10-22 13:54:24.239 4227 4227 D ViewRootImpl@cc34450[LoginActivity]: MSG_WINDOW_FOCUS_CHANGED 1
10-22 13:54:24.240 4227 4227 D ViewRootImpl@cc34450[LoginActivity]: mHardwareRenderer.initializeIfNeeded()#2 mSurface={isValid=true -1870682112}
10-22 13:54:24.249 4227 4227 D ViewRootImpl@cc34450[LoginActivity]: MSG_RESIZED_REPORT: frame=Rect(108, 466 - 660, 582) ci=Rect(0, 0 - 0, 0) vi=Rect(0, 0 - 0, 0) or=1
10-22 13:54:24.262 4227 4227 D ViewRootImpl@cc34450[LoginActivity]: mHardwareRenderer.destroy()#4
10-22 13:54:24.262 4227 4227 D ViewRootImpl@cc34450[LoginActivity]: dispatchDetachedFromWindow
10-22 13:54:24.274 4227 4227 D InputTransport: Input channel destroyed: fd=77
10-22 13:54:24.285 4227 4227 D ALARM_REUPLOAD: scheduling alarm
10-22 13:54:24.320 4227 4227 D ScrollView: initGoToTop
10-22 13:54:24.327 4227 4227 D ScrollView: initGoToTop
10-22 13:54:24.337 4227 4227 D ViewRootImpl@571af55[LoginActivity]: ThreadedRenderer.create() translucent=true
10-22 13:54:24.349 4227 4227 D InputTransport: Input channel constructed: fd=68
10-22 13:54:24.349 4227 4227 D ViewRootImpl@571af55[LoginActivity]: setView = DecorView@591bd6a[LoginActivity] touchMode=true
10-22 13:54:24.359 4227 4227 D ViewRootImpl@571af55[LoginActivity]: dispatchAttachedToWindow
10-22 13:54:24.370 4227 16990 D MYINTERCEPTOR: /GiengerService.svc/metadata
10-22 13:54:24.371 4227 16990 D OkHttp : --> GET https://testsaig1.gienger.cz/GiengerService.svc/metadata http/1.1
10-22 13:54:24.371 4227 16990 D OkHttp : token: f1ef5f7d7c7a40fe79b40de1d03dbfad
10-22 13:54:24.371 4227 16990 D OkHttp : state: CZ
10-22 13:54:24.371 4227 16990 D OkHttp : --> END GET
10-22 13:54:24.383 4227 4227 D ViewRootImpl@571af55[LoginActivity]: Relayout returned: oldFrame=[0,0][0,0] newFrame=[108,466][660,582] result=0x27 surface={isValid=true -1869142016} surfaceGenerationChanged=true
10-22 13:54:24.383 4227 4227 D ViewRootImpl@571af55[LoginActivity]: mHardwareRenderer.initialize() mSurface={isValid=true -1869142016} hwInitialized=true
10-22 13:54:24.389 4227 4227 E ViewRootImpl: sendUserActionEvent() returned.
10-22 13:54:24.390 4227 4227 D ViewRootImpl@68616a3[LoginActivity]: MSG_WINDOW_FOCUS_CHANGED 1
10-22 13:54:24.390 4227 4227 D ViewRootImpl@68616a3[LoginActivity]: mHardwareRenderer.initializeIfNeeded()#2 mSurface={isValid=true -1860032512}
10-22 13:54:24.411 4227 4227 E ViewRootImpl: sendUserActionEvent() returned.
10-22 13:54:24.413 4227 4227 D ViewRootImpl@571af55[LoginActivity]: MSG_WINDOW_FOCUS_CHANGED 1
10-22 13:54:24.413 4227 4227 D ViewRootImpl@571af55[LoginActivity]: mHardwareRenderer.initializeIfNeeded()#2 mSurface={isValid=true -1869142016}
10-22 13:54:24.430 4227 4227 D ViewRootImpl@571af55[LoginActivity]: MSG_RESIZED_REPORT: frame=Rect(108, 466 - 660, 582) ci=Rect(0, 0 - 0, 0) vi=Rect(0, 0 - 0, 0) or=1
10-22 13:54:24.478 4227 4227 D ViewRootImpl@68616a3[LoginActivity]: MSG_WINDOW_FOCUS_CHANGED 0
10-22 13:54:25.188 4227 16990 D OkHttp : <-- 200 https://testsaig1.gienger.cz/GiengerService.svc/metadata (816ms)
10-22 13:54:25.188 4227 16990 D OkHttp : content-type: application/xml; charset=utf-8
10-22 13:54:25.188 4227 16990 D OkHttp : server: Microsoft-IIS/10.0
10-22 13:54:25.188 4227 16990 D OkHttp : x-powered-by: ASP.NET
10-22 13:54:25.188 4227 16990 D OkHttp : date: Mon, 22 Oct 2018 11:54:23 GMT
10-22 13:54:25.188 4227 16990 D OkHttp : content-length: 550
10-22 13:54:25.188 4227 16990 D OkHttp : <-- END HTTP
10-22 13:54:40.142 4227 4227 D ViewRootImpl@571af55[LoginActivity]: mHardwareRenderer.destroy()#4
10-22 13:54:40.142 4227 4227 D ViewRootImpl@571af55[LoginActivity]: dispatchDetachedFromWindow
10-22 13:54:40.152 4227 4227 D InputTransport: Input channel destroyed: fd=68
10-22 13:54:40.198 4227 4227 D ViewRootImpl@68616a3[LoginActivity]: MSG_WINDOW_FOCUS_CHANGED 1
10-22 13:54:40.198 4227 4227 D ViewRootImpl@68616a3[LoginActivity]: mHardwareRenderer.initializeIfNeeded()#2 mSurface={isValid=true -1860032512}
10-22 13:54:40.200 4227 4227 E ViewRootImpl: sendUserActionEvent() returned.
10-22 13:54:40.767 4227 4227 D ViewRootImpl@986a6b1[MainActivity]: ThreadedRenderer.create() translucent=false
10-22 13:54:40.771 4227 4227 D InputTransport: Input channel constructed: fd=79
10-22 13:54:40.771 4227 4227 D ViewRootImpl@986a6b1[MainActivity]: setView = DecorView@3051796[MainActivity] touchMode=true
10-22 13:54:40.779 4227 4227 D ViewRootImpl@986a6b1[MainActivity]: dispatchAttachedToWindow
10-22 13:54:40.874 4227 4227 D ViewRootImpl@986a6b1[MainActivity]: Relayout returned: oldFrame=[0,0][0,0] newFrame=[0,0][768,1024] result=0x27 surface={isValid=true -1869142016} surfaceGenerationChanged=true
10-22 13:54:40.875 4227 4227 D ViewRootImpl@986a6b1[MainActivity]: mHardwareRenderer.initialize() mSurface={isValid=true -1869142016} hwInitialized=true
10-22 13:54:40.950 4227 4227 D AbsListView: in onLayout changed
10-22 13:54:41.019 4227 4227 D ViewRootImpl@986a6b1[MainActivity]: MSG_RESIZED_REPORT: frame=Rect(0, 0 - 768, 1024) ci=Rect(0, 24 - 0, 0) vi=Rect(0, 24 - 0, 0) or=1
10-22 13:54:41.019 4227 4227 D ViewRootImpl@986a6b1[MainActivity]: MSG_WINDOW_FOCUS_CHANGED 1
10-22 13:54:41.019 4227 4227 D ViewRootImpl@986a6b1[MainActivity]: mHardwareRenderer.initializeIfNeeded()#2 mSurface={isValid=true -1869142016}
10-22 13:54:41.021 4227 4227 V InputMethodManager: Starting input: tba=android.view.inputmethod.EditorInfo@1df9ede nm : cz.gienger.mobile ic=null
10-22 13:54:41.021 4227 4227 I InputMethodManager: startInputInner - mService.startInputOrWindowGainedFocus
10-22 13:54:41.061 4227 4227 D InputTransport: Input channel constructed: fd=80
10-22 13:54:41.061 4227 4227 D InputTransport: Input channel destroyed: fd=76
10-22 13:54:41.075 4227 4227 D ViewRootImpl@68616a3[LoginActivity]: MSG_WINDOW_FOCUS_CHANGED 0
10-22 13:54:41.096 4227 4227 D ViewRootImpl@68616a3[LoginActivity]: mHardwareRenderer.destroy()#1
10-22 13:54:41.110 4227 4227 D ViewRootImpl@68616a3[LoginActivity]: Relayout returned: oldFrame=[0,0][768,1024] newFrame=[0,0][768,1024] result=0x5 surface={isValid=false 0} surfaceGenerationChanged=true
10-22 13:54:41.490 4227 4227 D ViewRootImpl@68616a3[LoginActivity]: mHardwareRenderer.destroy()#4
10-22 13:54:41.490 4227 4227 D ViewRootImpl@68616a3[LoginActivity]: dispatchDetachedFromWindow
10-22 13:54:41.500 4227 4227 D InputTransport: Input channel destroyed: fd=61
10-22 13:54:42.196 4227 4227 D ViewRootImpl@986a6b1[MainActivity]: ViewPostImeInputStage processPointer 0
10-22 13:54:42.288 4227 4227 D ViewRootImpl@986a6b1[MainActivity]: ViewPostImeInputStage processPointer 1
10-22 13:54:42.303 4227 4227 D item_click: viewId = 2131820760, position = 0
10-22 13:54:42.432 4227 4227 D ViewRootImpl@986a6b1[MainActivity]: MSG_WINDOW_FOCUS_CHANGED 0
10-22 13:54:42.566 4227 4227 D ViewRootImpl@299ba54[CategoryListActivity]: ThreadedRenderer.create() translucent=false
10-22 13:54:42.570 4227 4227 D InputTransport: Input channel constructed: fd=66
10-22 13:54:42.570 4227 4227 D ViewRootImpl@299ba54[CategoryListActivity]: setView = DecorView@3321dfd[CategoryListActivity] touchMode=true
10-22 13:54:42.573 4227 4227 D LOCATION_SERVICE: LocationListener gps
10-22 13:54:42.575 4227 4227 D LOCATION_SERVICE: LocationListener network
10-22 13:54:42.576 4227 4227 D LOCATION_SERVICE: onCreate
10-22 13:54:42.576 4227 4227 D LOCATION_SERVICE: initializeLocationManager
10-22 13:54:42.590 4227 4227 D LOCATION_SERVICE: onStartCommand
10-22 13:54:42.604 4227 4227 D ViewRootImpl@299ba54[CategoryListActivity]: dispatchAttachedToWindow
10-22 13:54:42.662 4227 4227 D ViewRootImpl@299ba54[CategoryListActivity]: Relayout returned: oldFrame=[0,0][0,0] newFrame=[0,0][768,1024] result=0x27 surface={isValid=true -1897316352} surfaceGenerationChanged=true
10-22 13:54:42.662 4227 4227 D ViewRootImpl@299ba54[CategoryListActivity]: mHardwareRenderer.initialize() mSurface={isValid=true -1897316352} hwInitialized=true
10-22 13:54:42.892 4227 4227 D ViewRootImpl@299ba54[CategoryListActivity]: MSG_RESIZED_REPORT: frame=Rect(0, 0 - 768, 1024) ci=Rect(0, 24 - 0, 0) vi=Rect(0, 24 - 0, 0) or=1
10-22 13:54:42.892 4227 4227 D ViewRootImpl@299ba54[CategoryListActivity]: MSG_WINDOW_FOCUS_CHANGED 1
10-22 13:54:42.892 4227 4227 D ViewRootImpl@299ba54[CategoryListActivity]: mHardwareRenderer.initializeIfNeeded()#2 mSurface={isValid=true -1897316352}
10-22 13:54:42.894 4227 4227 V InputMethodManager: Starting input: tba=android.view.inputmethod.EditorInfo@166af47 nm : cz.gienger.mobile ic=null
10-22 13:54:42.894 4227 4227 I InputMethodManager: startInputInner - mService.startInputOrWindowGainedFocus
10-22 13:54:42.896 4227 4227 D InputTransport: Input channel constructed: fd=67
10-22 13:54:42.896 4227 4227 D InputTransport: Input channel destroyed: fd=80
10-22 13:54:42.988 4227 4275 D OpenGLRenderer: endAllActiveAnimators on 0x8e5b3280 (RippleDrawable) with handle 0x8e5a04a0
10-22 13:54:42.988 4227 4227 D ViewRootImpl@986a6b1[MainActivity]: mHardwareRenderer.destroy()#1
10-22 13:54:42.995 4227 4227 D ViewRootImpl@986a6b1[MainActivity]: Relayout returned: oldFrame=[0,0][768,1024] newFrame=[0,0][768,1024] result=0x5 surface={isValid=false 0} surfaceGenerationChanged=true
10-22 13:54:43.384 4227 4227 D LOCATION_SERVICE: onLocationChanged: Location[network 49,191154,17,534449 acc=21 et=+30m29s145ms alt=0.0 vel=0.0 bear=0.0 {Bundle[mParcelledData.dataSize=80]}]
10-22 13:54:43.394 4227 4227 D ViewRootImpl@986a6b1[MainActivity]: Relayout returned: oldFrame=[0,0][768,1024] newFrame=[0,0][768,1024] result=0x5 surface={isValid=false 0} surfaceGenerationChanged=false
10-22 13:54:43.965 4227 4227 D ViewRootImpl@299ba54[CategoryListActivity]: ViewPostImeInputStage processPointer 0
10-22 13:54:44.013 4227 4227 D ViewRootImpl@299ba54[CategoryListActivity]: ViewPostImeInputStage processPointer 1
10-22 13:54:45.250 4227 4227 D ViewRootImpl@299ba54[CategoryListActivity]: ViewPostImeInputStage processPointer 0
10-22 13:54:45.323 4227 4227 D ViewRootImpl@299ba54[CategoryListActivity]: ViewPostImeInputStage processPointer 1
10-22 13:54:46.225 4227 4227 D ViewRootImpl@299ba54[CategoryListActivity]: ViewPostImeInputStage processPointer 0
10-22 13:54:46.288 4227 4227 D ViewRootImpl@299ba54[CategoryListActivity]: ViewPostImeInputStage processPointer 1
10-22 13:54:46.382 4227 4227 D ViewRootImpl@299ba54[CategoryListActivity]: MSG_WINDOW_FOCUS_CHANGED 0
10-22 13:54:46.523 4227 4239 I art : Background sticky concurrent mark sweep GC freed 180748(7MB) AllocSpace objects, 21(2MB) LOS objects, 54% free, 8MB/18MB, paused 3.629ms total 101.152ms
10-22 13:54:46.539 4227 4227 D ViewRootImpl@e49a335[ArticleListActivity]: ThreadedRenderer.create() translucent=false
10-22 13:54:46.543 4227 4227 D InputTransport: Input channel constructed: fd=80
10-22 13:54:46.543 4227 4227 D ViewRootImpl@e49a335[ArticleListActivity]: setView = DecorView@512d3ca[ArticleListActivity] touchMode=true
10-22 13:54:46.546 4227 4227 D ViewRootImpl@e49a335[ArticleListActivity]: dispatchAttachedToWindow
10-22 13:54:46.568 4227 4227 D ViewRootImpl@e49a335[ArticleListActivity]: Relayout returned: oldFrame=[0,0][0,0] newFrame=[0,0][768,1024] result=0x27 surface={isValid=true -1906358272} surfaceGenerationChanged=true
10-22 13:54:46.568 4227 4227 D ViewRootImpl@e49a335[ArticleListActivity]: mHardwareRenderer.initialize() mSurface={isValid=true -1906358272} hwInitialized=true
10-22 13:54:46.714 4227 4227 W View : requestLayout() improperly called by android.support.v7.widget.AppCompatTextView{bfea788 V.ED..... ......ID 0,0-0,18 #7f11012a app:id/tv_fragment_poaz_article_list_header_catalog_price_product_count} during layout: running second layout pass
10-22 13:54:46.715 4227 4227 I ViewRootImpl@e49a335[ArticleListActivity]: requestLayout is already in process
10-22 13:54:46.715 4227 4227 W View : requestLayout() improperly called by android.support.v7.widget.AppCompatTextView{da8f521 V.ED..... ......ID 12,0-12,18 #7f11012b app:id/tv_fragment_poaz_article_list_header_special_price_product_count} during layout: running second layout pass
10-22 13:54:46.729 4227 4227 D ViewRootImpl@e49a335[ArticleListActivity]: MSG_RESIZED_REPORT: frame=Rect(0, 0 - 768, 1024) ci=Rect(0, 24 - 0, 0) vi=Rect(0, 24 - 0, 0) or=1
10-22 13:54:46.729 4227 4227 D ViewRootImpl@e49a335[ArticleListActivity]: MSG_WINDOW_FOCUS_CHANGED 1
10-22 13:54:46.729 4227 4227 D ViewRootImpl@e49a335[ArticleListActivity]: mHardwareRenderer.initializeIfNeeded()#2 mSurface={isValid=true -1906358272}
10-22 13:54:46.730 4227 4227 V InputMethodManager: Starting input: tba=android.view.inputmethod.EditorInfo@8860f1e nm : cz.gienger.mobile ic=null
10-22 13:54:46.730 4227 4227 I InputMethodManager: startInputInner - mService.startInputOrWindowGainedFocus
10-22 13:54:46.732 4227 4227 D InputTransport: Input channel constructed: fd=82
10-22 13:54:46.732 4227 4227 D InputTransport: Input channel destroyed: fd=67
10-22 13:54:46.786 4227 4227 D ViewRootImpl@299ba54[CategoryListActivity]: mHardwareRenderer.destroy()#1
10-22 13:54:46.794 4227 4227 D ViewRootImpl@299ba54[CategoryListActivity]: Relayout returned: oldFrame=[0,0][768,1024] newFrame=[0,0][768,1024] result=0x5 surface={isValid=false 0} surfaceGenerationChanged=true
10-22 13:54:47.199 4227 4227 D ViewRootImpl@299ba54[CategoryListActivity]: Relayout returned: oldFrame=[0,0][768,1024] newFrame=[0,0][768,1024] result=0x5 surface={isValid=false 0} surfaceGenerationChanged=false
10-22 13:54:48.004 4227 4227 D ViewRootImpl@e49a335[ArticleListActivity]: ViewPostImeInputStage processPointer 0
10-22 13:54:48.087 4227 4227 D ViewRootImpl@e49a335[ArticleListActivity]: ViewPostImeInputStage processPointer 1
10-22 13:54:48.130 4227 4227 D ViewRootImpl@e49a335[ArticleListActivity]: MSG_WINDOW_FOCUS_CHANGED 0
10-22 13:54:48.252 4227 4227 D ViewRootImpl@d0460db[AddArticleToCartActivity]: ThreadedRenderer.create() translucent=false
10-22 13:54:48.256 4227 4227 D InputTransport: Input channel constructed: fd=67
10-22 13:54:48.257 4227 4227 D ViewRootImpl@d0460db[AddArticleToCartActivity]: setView = DecorView@4c22778[AddArticleToCartActivity] touchMode=true
10-22 13:54:48.302 4227 4227 D ViewRootImpl@d0460db[AddArticleToCartActivity]: dispatchAttachedToWindow
10-22 13:54:48.342 4227 4227 D ViewRootImpl@d0460db[AddArticleToCartActivity]: Relayout returned: oldFrame=[0,0][0,0] newFrame=[0,0][768,1024] result=0x27 surface={isValid=true -1882593280} surfaceGenerationChanged=true
10-22 13:54:48.342 4227 4227 D ViewRootImpl@d0460db[AddArticleToCartActivity]: mHardwareRenderer.initialize() mSurface={isValid=true -1882593280} hwInitialized=true
10-22 13:54:48.395 4227 4227 D ViewRootImpl@d0460db[AddArticleToCartActivity]: MSG_RESIZED_REPORT: frame=Rect(0, 0 - 768, 1024) ci=Rect(0, 24 - 0, 0) vi=Rect(0, 24 - 0, 0) or=1
10-22 13:54:48.395 4227 4227 D ViewRootImpl@d0460db[AddArticleToCartActivity]: MSG_WINDOW_FOCUS_CHANGED 1
10-22 13:54:48.395 4227 4227 D ViewRootImpl@d0460db[AddArticleToCartActivity]: mHardwareRenderer.initializeIfNeeded()#2 mSurface={isValid=true -1882593280}
10-22 13:54:48.409 4227 4227 V InputMethodManager: Starting input: tba=android.view.inputmethod.EditorInfo@cca5ea8 nm : cz.gienger.mobile ic=com.android.internal.widget.EditableInputConnection@8f1adc1
10-22 13:54:48.409 4227 4227 I InputMethodManager: startInputInner - mService.startInputOrWindowGainedFocus
10-22 13:54:48.425 4227 4227 D InputTransport: Input channel constructed: fd=68
10-22 13:54:48.425 4227 4227 D InputTransport: Input channel destroyed: fd=82
10-22 13:54:48.462 4227 4275 D OpenGLRenderer: endAllActiveAnimators on 0x9000aa80 (RippleDrawable) with handle 0x8e612eb0
10-22 13:54:48.462 4227 4227 D ViewRootImpl@e49a335[ArticleListActivity]: mHardwareRenderer.destroy()#1
10-22 13:54:48.470 4227 4227 D ViewRootImpl@e49a335[ArticleListActivity]: Relayout returned: oldFrame=[0,0][768,1024] newFrame=[0,0][768,1024] result=0x5 surface={isValid=false 0} surfaceGenerationChanged=true
10-22 13:54:48.799 4227 4227 D ViewRootImpl@d0460db[AddArticleToCartActivity]: MSG_RESIZED: frame=Rect(0, 0 - 768, 1024) ci=Rect(0, 24 - 0, 0) vi=Rect(0, 24 - 0, 320) or=1
10-22 13:54:48.872 4227 4227 D ViewRootImpl@e49a335[ArticleListActivity]: Relayout returned: oldFrame=[0,0][768,1024] newFrame=[0,0][768,1024] result=0x5 surface={isValid=false 0} surfaceGenerationChanged=false
10-22 13:54:49.378 4227 4227 D ViewRootImpl@d0460db[AddArticleToCartActivity]: ViewPostImeInputStage processPointer 0
10-22 13:54:49.395 4227 4227 D ViewRootImpl@d0460db[AddArticleToCartActivity]: ViewPostImeInputStage processPointer 1
10-22 13:54:49.399 4227 4227 D InputMethodManager: SSI - flag : 0 Pid : 4227 view : cz.gienger.mobile
10-22 13:54:49.971 4227 4227 D ViewRootImpl@d0460db[AddArticleToCartActivity]: ViewPostImeInputStage processPointer 0
10-22 13:54:50.020 4227 4227 D ViewRootImpl@d0460db[AddArticleToCartActivity]: ViewPostImeInputStage processPointer 1
10-22 13:54:50.021 4227 4227 D InputMethodManager: SSI - flag : 0 Pid : 4227 view : cz.gienger.mobile
10-22 13:54:51.238 4227 4227 D ViewRootImpl@d0460db[AddArticleToCartActivity]: ViewPostImeInputStage processPointer 0
10-22 13:54:51.299 4227 4227 D ViewRootImpl@d0460db[AddArticleToCartActivity]: ViewPostImeInputStage processPointer 1
10-22 13:54:51.304 4227 4227 V InputMethodManager: Starting input: tba=android.view.inputmethod.EditorInfo@93d53f9 nm : cz.gienger.mobile ic=com.android.internal.widget.EditableInputConnection@a48cf3e
10-22 13:54:51.305 4227 4227 I InputMethodManager: startInputInner - mService.startInputOrWindowGainedFocus
10-22 13:54:51.307 4227 4227 D InputTransport: Input channel constructed: fd=82
10-22 13:54:51.307 4227 4227 D InputTransport: Input channel destroyed: fd=68
10-22 13:54:51.455 4227 4227 D ViewRootImpl@e49a335[ArticleListActivity]: Relayout returned: oldFrame=[0,0][768,1024] newFrame=[0,0][768,1024] result=0x7 surface={isValid=true -1906358272} surfaceGenerationChanged=true
10-22 13:54:51.456 4227 4227 D ViewRootImpl@e49a335[ArticleListActivity]: mHardwareRenderer.initialize() mSurface={isValid=true -1906358272} hwInitialized=true
10-22 13:54:51.565 4227 4227 W View : requestLayout() improperly called by android.support.v7.widget.AppCompatTextView{bfea788 V.ED..... ......ID 0,0-7,18 #7f11012a app:id/tv_fragment_poaz_article_list_header_catalog_price_product_count} during layout: running second layout pass
10-22 13:54:51.565 4227 4227 I ViewRootImpl@e49a335[ArticleListActivity]: requestLayout is already in process
10-22 13:54:51.566 4227 4227 W View : requestLayout() improperly called by android.support.v7.widget.AppCompatTextView{da8f521 V.ED..... ......ID 19,0-26,18 #7f11012b app:id/tv_fragment_poaz_article_list_header_special_price_product_count} during layout: running second layout pass
10-22 13:54:51.621 4227 4227 D ViewRootImpl@e49a335[ArticleListActivity]: MSG_RESIZED_REPORT: frame=Rect(0, 0 - 768, 1024) ci=Rect(0, 24 - 0, 320) vi=Rect(0, 24 - 0, 320) or=1
10-22 13:54:51.621 4227 4227 D ViewRootImpl@e49a335[ArticleListActivity]: MSG_WINDOW_FOCUS_CHANGED 1
10-22 13:54:51.622 4227 4227 D ViewRootImpl@e49a335[ArticleListActivity]: mHardwareRenderer.initializeIfNeeded()#2 mSurface={isValid=true -1906358272}
10-22 13:54:51.631 4227 4227 V InputMethodManager: Starting input: tba=android.view.inputmethod.EditorInfo@5f636b5 nm : cz.gienger.mobile ic=null
10-22 13:54:51.631 4227 4227 I InputMethodManager: startInputInner - mService.startInputOrWindowGainedFocus
10-22 13:54:51.655 4227 4227 D InputTransport: Input channel constructed: fd=83
10-22 13:54:51.655 4227 4227 D InputTransport: Input channel destroyed: fd=82
10-22 13:54:51.695 4227 4227 D ViewRootImpl@d0460db[AddArticleToCartActivity]: MSG_WINDOW_FOCUS_CHANGED 0
10-22 13:54:51.702 4227 4227 W IInputConnectionWrapper: getCursorCapsMode on inactive InputConnection
10-22 13:54:51.779 4227 4275 D OpenGLRenderer: endAllActiveAnimators on 0x91560c00 (RippleDrawable) with handle 0x9df12b00
10-22 13:54:51.779 4227 4227 D ViewRootImpl@d0460db[AddArticleToCartActivity]: mHardwareRenderer.destroy()#1
10-22 13:54:51.814 4227 4227 D ViewRootImpl@d0460db[AddArticleToCartActivity]: Relayout returned: oldFrame=[0,0][768,1024] newFrame=[0,0][768,1024] result=0x5 surface={isValid=false 0} surfaceGenerationChanged=true
10-22 13:54:51.816 4227 4227 W IInputConnectionWrapper: finishComposingText on inactive InputConnection
10-22 13:54:51.816 4227 4227 W IInputConnectionWrapper: performPrivateCommand on inactive InputConnection
10-22 13:54:51.826 4227 4227 W IInputConnectionWrapper: finishComposingText on inactive InputConnection
10-22 13:54:51.827 4227 4227 D ViewRootImpl@e49a335[ArticleListActivity]: MSG_RESIZED: frame=Rect(0, 0 - 768, 1024) ci=Rect(0, 24 - 0, 0) vi=Rect(0, 24 - 0, 0) or=1
10-22 13:54:51.855 4227 4227 D ViewRootImpl@e49a335[ArticleListActivity]: Relayout returned: oldFrame=[0,0][768,1024] newFrame=[0,0][768,1024] result=0x1 surface={isValid=true -1906358272} surfaceGenerationChanged=false
10-22 13:54:52.078 4227 4227 D TextView: SYANI: Clipboard API is calling: clearFilter()
10-22 13:54:52.078 4227 4227 D TextView: SYANI: Clipboard API is calling: unregisterClipboardEventListener()
10-22 13:54:52.082 4227 4227 D TextView: SYANI: Clipboard API is calling: clearFilter()
10-22 13:54:52.082 4227 4227 D TextView: SYANI: Clipboard API is calling: unregisterClipboardEventListener()
10-22 13:54:52.099 4227 4227 D ViewRootImpl@d0460db[AddArticleToCartActivity]: mHardwareRenderer.destroy()#4
10-22 13:54:52.099 4227 4227 D ViewRootImpl@d0460db[AddArticleToCartActivity]: dispatchDetachedFromWindow
10-22 13:54:52.107 4227 4227 D InputTransport: Input channel destroyed: fd=67
10-22 13:54:52.822 4227 4227 D ViewRootImpl@e49a335[ArticleListActivity]: ViewPostImeInputStage processPointer 0
10-22 13:54:52.887 4227 4227 D ViewRootImpl@e49a335[ArticleListActivity]: ViewPostImeInputStage processPointer 1
10-22 13:54:52.929 4227 4227 D ViewRootImpl@e49a335[ArticleListActivity]: MSG_WINDOW_FOCUS_CHANGED 0
10-22 13:54:53.152 4227 4227 D ViewRootImpl@4145fa3[CartActivity]: ThreadedRenderer.create() translucent=false
10-22 13:54:53.159 4227 4227 D InputTransport: Input channel constructed: fd=67
10-22 13:54:53.159 4227 4227 D ViewRootImpl@4145fa3[CartActivity]: setView = DecorView@ce292a0[CartActivity] touchMode=true
10-22 13:54:53.166 4227 4227 D ViewRootImpl@4145fa3[CartActivity]: dispatchAttachedToWindow
10-22 13:54:53.198 4227 4227 D ViewRootImpl@4145fa3[CartActivity]: Relayout returned: oldFrame=[0,0][0,0] newFrame=[0,0][768,1024] result=0x27 surface={isValid=true -1904220160} surfaceGenerationChanged=true
