10-22 13:54:53.199 4227 4227 D ViewRootImpl@4145fa3[CartActivity]: mHardwareRenderer.initialize() mSurface={isValid=true -1904220160} hwInitialized=true
10-22 13:54:53.284 4227 4227 D AbsListView: in onLayout changed
10-22 13:54:53.322 4227 4227 D ViewRootImpl@4145fa3[CartActivity]: MSG_RESIZED_REPORT: frame=Rect(0, 0 - 768, 1024) ci=Rect(0, 24 - 0, 0) vi=Rect(0, 24 - 0, 0) or=1
10-22 13:54:53.322 4227 4227 D ViewRootImpl@4145fa3[CartActivity]: MSG_WINDOW_FOCUS_CHANGED 1
10-22 13:54:53.322 4227 4227 D ViewRootImpl@4145fa3[CartActivity]: mHardwareRenderer.initializeIfNeeded()#2 mSurface={isValid=true -1904220160}
10-22 13:54:53.341 4227 4227 V InputMethodManager: Starting input: tba=android.view.inputmethod.EditorInfo@6c937f4 nm : cz.gienger.mobile ic=null
10-22 13:54:53.341 4227 4227 I InputMethodManager: startInputInner - mService.startInputOrWindowGainedFocus
10-22 13:54:53.357 4227 4227 D InputTransport: Input channel constructed: fd=68
10-22 13:54:53.357 4227 4227 D InputTransport: Input channel destroyed: fd=83
10-22 13:54:53.400 4227 4275 D OpenGLRenderer: endAllActiveAnimators on 0x9000c680 (RippleDrawable) with handle 0x8e6fe180
10-22 13:54:53.400 4227 4227 D ViewRootImpl@e49a335[ArticleListActivity]: mHardwareRenderer.destroy()#1
10-22 13:54:53.411 4227 4227 D ViewRootImpl@e49a335[ArticleListActivity]: Relayout returned: oldFrame=[0,0][768,1024] newFrame=[0,0][768,1024] result=0x5 surface={isValid=false 0} surfaceGenerationChanged=true
10-22 13:54:53.834 4227 4227 D ViewRootImpl@e49a335[ArticleListActivity]: Relayout returned: oldFrame=[0,0][768,1024] newFrame=[0,0][768,1024] result=0x5 surface={isValid=false 0} surfaceGenerationChanged=false
10-22 13:54:56.903 4227 4227 D ViewRootImpl@4145fa3[CartActivity]: MSG_WINDOW_FOCUS_CHANGED 1
10-22 13:54:56.903 4227 4227 D ViewRootImpl@4145fa3[CartActivity]: mHardwareRenderer.initializeIfNeeded()#2 mSurface={isValid=true -1904220160}
10-22 13:54:57.575 4227 4227 D ViewRootImpl@4145fa3[CartActivity]: ViewPostImeInputStage processPointer 0
10-22 13:54:57.636 4227 4227 D ViewRootImpl@4145fa3[CartActivity]: ViewPostImeInputStage processPointer 1
10-22 13:54:57.654 4227 4227 V InputMethodManager: Starting input: tba=android.view.inputmethod.EditorInfo@a83e763 nm : cz.gienger.mobile ic=com.android.internal.widget.EditableInputConnection@43bdf60
10-22 13:54:57.654 4227 4227 I InputMethodManager: startInputInner - mService.startInputOrWindowGainedFocus
10-22 13:54:57.656 4227 4227 D InputTransport: Input channel constructed: fd=69
10-22 13:54:57.656 4227 4227 D InputTransport: Input channel destroyed: fd=68
10-22 13:54:57.656 4227 4227 D InputMethodManager: SSI - flag : 0 Pid : 4227 view : cz.gienger.mobile
10-22 13:54:58.269 4227 4227 D ViewRootImpl@4145fa3[CartActivity]: MSG_RESIZED: frame=Rect(0, 0 - 768, 1024) ci=Rect(0, 24 - 0, 359) vi=Rect(0, 24 - 0, 359) or=1
10-22 13:54:58.297 4227 4227 D ViewRootImpl@4145fa3[CartActivity]: Relayout returned: oldFrame=[0,0][768,1024] newFrame=[0,0][768,1024] result=0x1 surface={isValid=true -1904220160} surfaceGenerationChanged=false
10-22 13:54:58.319 4227 4227 D AbsListView: in onLayout changed
10-22 13:55:00.012 4227 4227 D ViewRootImpl@4145fa3[CartActivity]: ViewPostImeInputStage processPointer 0
10-22 13:55:00.038 4227 4227 D ViewRootImpl@4145fa3[CartActivity]: ViewPostImeInputStage processPointer 1
10-22 13:55:00.039 4227 4227 D AbsListView: onTouchUp() mTouchMode : 0
10-22 13:55:00.396 4227 4227 D ViewRootImpl@4145fa3[CartActivity]: ViewPostImeInputStage processPointer 0
10-22 13:55:00.457 4227 4227 D ViewRootImpl@4145fa3[CartActivity]: ViewPostImeInputStage processPointer 1
10-22 13:55:00.476 4227 4227 V InputMethodManager: Starting input: tba=android.view.inputmethod.EditorInfo@7399945 nm : cz.gienger.mobile ic=com.android.internal.widget.EditableInputConnection@97789a
10-22 13:55:00.476 4227 4227 I InputMethodManager: startInputInner - mService.startInputOrWindowGainedFocus
10-22 13:55:00.479 4227 4227 D InputTransport: Input channel constructed: fd=68
10-22 13:55:00.479 4227 4227 D InputTransport: Input channel destroyed: fd=69
10-22 13:55:00.479 4227 4227 D InputMethodManager: SSI - flag : 0 Pid : 4227 view : cz.gienger.mobile
10-22 13:55:00.496 4227 4227 W IInputConnectionWrapper: finishComposingText on inactive InputConnection
10-22 13:55:02.382 4227 4227 D ViewRootImpl@4145fa3[CartActivity]: ViewPostImeInputStage processPointer 0
10-22 13:55:02.432 4227 4227 D ViewRootImpl@4145fa3[CartActivity]: ViewPostImeInputStage processPointer 1
10-22 13:55:02.451 4227 4227 V InputMethodManager: Starting input: tba=android.view.inputmethod.EditorInfo@39eabfd nm : cz.gienger.mobile ic=com.android.internal.widget.EditableInputConnection@5a480f2
10-22 13:55:02.451 4227 4227 I InputMethodManager: startInputInner - mService.startInputOrWindowGainedFocus
10-22 13:55:02.454 4227 4227 D InputTransport: Input channel constructed: fd=69
10-22 13:55:02.454 4227 4227 D InputTransport: Input channel destroyed: fd=68
10-22 13:55:02.454 4227 4227 D InputMethodManager: SSI - flag : 0 Pid : 4227 view : cz.gienger.mobile
10-22 13:55:02.463 4227 4227 W IInputConnectionWrapper: finishComposingText on inactive InputConnection
10-22 13:55:04.228 4227 4227 D ViewRootImpl@4145fa3[CartActivity]: ViewPostImeInputStage processPointer 0
10-22 13:55:04.289 4227 4227 D ViewRootImpl@4145fa3[CartActivity]: ViewPostImeInputStage processPointer 1
10-22 13:55:04.308 4227 4227 V InputMethodManager: Starting input: tba=android.view.inputmethod.EditorInfo@ceac5ec nm : cz.gienger.mobile ic=com.android.internal.widget.EditableInputConnection@8cc5db5
10-22 13:55:04.308 4227 4227 I InputMethodManager: startInputInner - mService.startInputOrWindowGainedFocus
10-22 13:55:04.310 4227 4227 D InputTransport: Input channel constructed: fd=68
10-22 13:55:04.310 4227 4227 D InputTransport: Input channel destroyed: fd=69
10-22 13:55:04.311 4227 4227 D InputMethodManager: SSI - flag : 0 Pid : 4227 view : cz.gienger.mobile
10-22 13:55:04.328 4227 4227 W IInputConnectionWrapper: finishComposingText on inactive InputConnection
10-22 13:55:06.656 4227 4227 D ViewRootImpl@4145fa3[CartActivity]: ViewPostImeInputStage processPointer 0
10-22 13:55:06.706 4227 4227 D ViewRootImpl@4145fa3[CartActivity]: ViewPostImeInputStage processPointer 1
10-22 13:55:06.858 4227 4227 D ScrollView: initGoToTop
10-22 13:55:06.863 4227 4227 D ScrollView: initGoToTop
10-22 13:55:06.874 4227 4227 D ViewRootImpl@e885a81[CartActivity]: ThreadedRenderer.create() translucent=true
10-22 13:55:06.886 4227 4227 D InputTransport: Input channel constructed: fd=69
10-22 13:55:06.886 4227 4227 D ViewRootImpl@e885a81[CartActivity]: setView = DecorView@c680726[CartActivity] touchMode=true
10-22 13:55:06.889 4227 4227 D ViewRootImpl@e885a81[CartActivity]: dispatchAttachedToWindow
10-22 13:55:06.964 4227 4227 D ViewRootImpl@e885a81[CartActivity]: Relayout returned: oldFrame=[0,0][0,0] newFrame=[194,258][574,790] result=0x27 surface={isValid=true -1900060672} surfaceGenerationChanged=true
10-22 13:55:06.964 4227 4227 D ViewRootImpl@e885a81[CartActivity]: mHardwareRenderer.initialize() mSurface={isValid=true -1900060672} hwInitialized=true
10-22 13:55:06.985 4227 4227 D ScrollView: onsize change changed
10-22 13:55:06.988 4227 4227 D ViewRootImpl@e885a81[CartActivity]: MSG_WINDOW_FOCUS_CHANGED 1
10-22 13:55:06.988 4227 4227 D ViewRootImpl@e885a81[CartActivity]: mHardwareRenderer.initializeIfNeeded()#2 mSurface={isValid=true -1900060672}
10-22 13:55:07.027 4227 4227 D ViewRootImpl@e885a81[CartActivity]: MSG_RESIZED_REPORT: frame=Rect(194, 258 - 574, 790) ci=Rect(0, 0 - 0, 0) vi=Rect(0, 0 - 0, 0) or=1
10-22 13:55:07.062 4227 4227 D ViewRootImpl@4145fa3[CartActivity]: MSG_WINDOW_FOCUS_CHANGED 0
10-22 13:55:07.880 4227 4227 D ViewRootImpl@e885a81[CartActivity]: ViewPostImeInputStage processPointer 0
10-22 13:55:07.954 4227 4227 D ViewRootImpl@e885a81[CartActivity]: ViewPostImeInputStage processPointer 1
10-22 13:55:08.529 4227 4227 D ViewRootImpl@e885a81[CartActivity]: ViewPostImeInputStage processPointer 0
10-22 13:55:08.592 4227 4227 D ViewRootImpl@e885a81[CartActivity]: ViewPostImeInputStage processPointer 1
10-22 13:55:08.636 4227 4227 D ViewRootImpl@e885a81[CartActivity]: mHardwareRenderer.destroy()#4
10-22 13:55:08.637 4227 4227 D ViewRootImpl@e885a81[CartActivity]: dispatchDetachedFromWindow
10-22 13:55:08.647 4227 4227 D InputTransport: Input channel destroyed: fd=69
10-22 13:55:08.650 4227 4227 D ViewRootImpl@4145fa3[CartActivity]: MSG_WINDOW_FOCUS_CHANGED 1
10-22 13:55:08.651 4227 4227 D ViewRootImpl@4145fa3[CartActivity]: mHardwareRenderer.initializeIfNeeded()#2 mSurface={isValid=true -1904220160}
10-22 13:55:08.678 4227 4227 E ViewRootImpl: sendUserActionEvent() returned.
10-22 13:55:10.111 4227 4227 D ViewRootImpl@4145fa3[CartActivity]: ViewPostImeInputStage processPointer 0
10-22 13:55:10.182 4227 4227 D ViewRootImpl@4145fa3[CartActivity]: ViewPostImeInputStage processPointer 1
10-22 13:55:10.908 4227 4227 D ViewRootImpl@4145fa3[CartActivity]: ViewPostImeInputStage processPointer 0
10-22 13:55:10.970 4227 4227 D ViewRootImpl@4145fa3[CartActivity]: ViewPostImeInputStage processPointer 1
10-22 13:55:11.013 4227 4227 D ScrollView: initGoToTop
10-22 13:55:11.018 4227 4227 D ScrollView: initGoToTop
10-22 13:55:11.029 4227 4227 D ViewRootImpl@e0691a5[CartActivity]: ThreadedRenderer.create() translucent=true
10-22 13:55:11.035 4227 4227 D InputTransport: Input channel constructed: fd=61
10-22 13:55:11.035 4227 4227 D ViewRootImpl@e0691a5[CartActivity]: setView = DecorView@3ca797a[CartActivity] touchMode=true
10-22 13:55:11.037 4227 4227 D ViewRootImpl@e0691a5[CartActivity]: dispatchAttachedToWindow
10-22 13:55:11.104 4227 4227 D ViewRootImpl@e0691a5[CartActivity]: Relayout returned: oldFrame=[0,0][0,0] newFrame=[94,24][674,1024] result=0x27 surface={isValid=true -1879697408} surfaceGenerationChanged=true
10-22 13:55:11.104 4227 4227 D ViewRootImpl@e0691a5[CartActivity]: mHardwareRenderer.initialize() mSurface={isValid=true -1879697408} hwInitialized=true
10-22 13:55:11.186 4227 4227 D AbsListView: in onLayout changed
10-22 13:55:11.187 4227 4227 D ScrollView: onsize change changed
10-22 13:55:11.198 4227 4227 D ViewRootImpl@e0691a5[CartActivity]: MSG_WINDOW_FOCUS_CHANGED 1
10-22 13:55:11.198 4227 4227 D ViewRootImpl@e0691a5[CartActivity]: mHardwareRenderer.initializeIfNeeded()#2 mSurface={isValid=true -1879697408}
10-22 13:55:11.198 4227 4227 V InputMethodManager: Not IME target window, ignoring
10-22 13:55:11.248 4227 4227 D ViewRootImpl@e0691a5[CartActivity]: MSG_RESIZED_REPORT: frame=Rect(94, 24 - 674, 1024) ci=Rect(0, 0 - 0, 0) vi=Rect(0, 0 - 0, 0) or=1
10-22 13:55:11.291 4227 4227 D ViewRootImpl@4145fa3[CartActivity]: MSG_WINDOW_FOCUS_CHANGED 0
10-22 13:55:13.741 4227 4227 D ViewRootImpl@e0691a5[CartActivity]: ViewPostImeInputStage processPointer 0
10-22 13:55:13.812 4227 4227 D ViewRootImpl@e0691a5[CartActivity]: ViewPostImeInputStage processPointer 1
10-22 13:55:15.170 4227 4227 D ViewRootImpl@e0691a5[CartActivity]: ViewPostImeInputStage processPointer 0
10-22 13:55:15.220 4227 4227 D ViewRootImpl@e0691a5[CartActivity]: ViewPostImeInputStage processPointer 1
10-22 13:55:15.329 4227 4227 D ViewRootImpl@e0691a5[CartActivity]: mHardwareRenderer.destroy()#4
10-22 13:55:15.329 4227 4227 D ViewRootImpl@e0691a5[CartActivity]: dispatchDetachedFromWindow
10-22 13:55:15.340 4227 4227 D InputTransport: Input channel destroyed: fd=61
10-22 13:55:15.345 4227 4227 D ViewRootImpl@4145fa3[CartActivity]: MSG_WINDOW_FOCUS_CHANGED 1
10-22 13:55:15.345 4227 4227 D ViewRootImpl@4145fa3[CartActivity]: mHardwareRenderer.initializeIfNeeded()#2 mSurface={isValid=true -1904220160}
10-22 13:55:15.366 4227 4227 E ViewRootImpl: sendUserActionEvent() returned.
10-22 13:55:16.444 4227 4227 D ViewRootImpl@4145fa3[CartActivity]: ViewPostImeInputStage processPointer 0
10-22 13:55:16.475 4227 4227 D AbsListView: reportScrollStateChange() newState : 1
10-22 13:55:16.724 4227 4227 D ViewRootImpl@4145fa3[CartActivity]: ViewPostImeInputStage processPointer 1
10-22 13:55:16.724 4227 4227 D AbsListView: onTouchUp() mTouchMode : 3
10-22 13:55:16.724 4227 4227 D AbsListView: onTouchUp() TOUCH_MODE_SCROLL initialVelocity : 0
10-22 13:55:16.724 4227 4227 D AbsListView: reportScrollStateChange() newState : 0
10-22 13:55:17.342 4227 4227 D ViewRootImpl@4145fa3[CartActivity]: ViewPostImeInputStage processPointer 0
10-22 13:55:17.415 4227 4227 D ViewRootImpl@4145fa3[CartActivity]: ViewPostImeInputStage processPointer 1
10-22 13:55:17.438 4227 4227 D View : requestFocusFromTouch
10-22 13:55:17.467 4227 4227 D ScrollView: initGoToTop
10-22 13:55:17.472 4227 4227 D ScrollView: initGoToTop
10-22 13:55:17.481 4227 4227 D ViewRootImpl@ca5c654[CartActivity]: ThreadedRenderer.create() translucent=true
10-22 13:55:17.488 4227 4227 D InputTransport: Input channel constructed: fd=69
10-22 13:55:17.489 4227 4227 D ViewRootImpl@ca5c654[CartActivity]: setView = DecorView@dfb39fd[CartActivity] touchMode=false
10-22 13:55:17.491 4227 4227 V InputMethodManager: Starting input: tba=android.view.inputmethod.EditorInfo@650f6f2 nm : cz.gienger.mobile ic=null
10-22 13:55:17.491 4227 4227 I InputMethodManager: startInputInner - mService.startInputOrWindowGainedFocus
10-22 13:55:17.492 4227 4227 D InputTransport: Input channel constructed: fd=70
10-22 13:55:17.492 4227 4227 D InputTransport: Input channel destroyed: fd=68
10-22 13:55:17.495 4227 4227 D ViewRootImpl@ca5c654[CartActivity]: dispatchAttachedToWindow
10-22 13:55:17.536 4227 4227 D ViewRootImpl@ca5c654[CartActivity]: Relayout returned: oldFrame=[0,0][0,0] newFrame=[108,450][660,597] result=0x26 surface={isValid=true -1880868864} surfaceGenerationChanged=true
10-22 13:55:17.537 4227 4227 D ViewRootImpl@ca5c654[CartActivity]: mHardwareRenderer.initialize() mSurface={isValid=true -1880868864} hwInitialized=true
10-22 13:55:17.541 4227 4227 D ScrollView: onsize change changed
10-22 13:55:17.541 4227 4227 D ScrollView: onsize change changed
10-22 13:55:17.545 4227 4227 D ViewRootImpl@ca5c654[CartActivity]: MSG_WINDOW_FOCUS_CHANGED 1
10-22 13:55:17.545 4227 4227 D ViewRootImpl@ca5c654[CartActivity]: mHardwareRenderer.initializeIfNeeded()#2 mSurface={isValid=true -1880868864}
10-22 13:55:17.545 4227 4227 V InputMethodManager: Not IME target window, ignoring
10-22 13:55:17.561 4227 4227 W IInputConnectionWrapper: finishComposingText on inactive InputConnection
10-22 13:55:17.561 4227 4227 D ViewRootImpl@ca5c654[CartActivity]: MSG_RESIZED_REPORT: frame=Rect(108, 450 - 660, 597) ci=Rect(0, 0 - 0, 0) vi=Rect(0, 0 - 0, 0) or=1
10-22 13:55:17.588 4227 4227 D ViewRootImpl@4145fa3[CartActivity]: MSG_WINDOW_FOCUS_CHANGED 0
10-22 13:55:18.881 4227 4227 D ViewRootImpl@ca5c654[CartActivity]: ViewPostImeInputStage processPointer 0
10-22 13:55:18.955 4227 4227 D ViewRootImpl@ca5c654[CartActivity]: ViewPostImeInputStage processPointer 1
10-22 13:55:19.064 4227 4227 D ScrollView: initGoToTop
10-22 13:55:19.071 4227 4227 D ScrollView: initGoToTop
10-22 13:55:19.080 4227 4227 D ViewRootImpl@3f16c84[CartActivity]: ThreadedRenderer.create() translucent=true
10-22 13:55:19.090 4227 4227 D InputTransport: Input channel constructed: fd=90
10-22 13:55:19.090 4227 4227 D ViewRootImpl@3f16c84[CartActivity]: setView = DecorView@ef39c6d[CartActivity] touchMode=true
10-22 13:55:19.107 4227 4275 D OpenGLRenderer: endAllActiveAnimators on 0x8fe36400 (RippleDrawable) with handle 0x8ef5fe20
10-22 13:55:19.107 4227 4227 D ViewRootImpl@ca5c654[CartActivity]: mHardwareRenderer.destroy()#4
10-22 13:55:19.107 4227 4227 D ViewRootImpl@ca5c654[CartActivity]: dispatchDetachedFromWindow
10-22 13:55:19.124 4227 4227 D InputTransport: Input channel destroyed: fd=69
10-22 13:55:19.126 4227 4227 D ViewRootImpl@3f16c84[CartActivity]: dispatchAttachedToWindow
10-22 13:55:19.157 4227 4227 D ViewRootImpl@3f16c84[CartActivity]: Relayout returned: oldFrame=[0,0][0,0] newFrame=[108,466][660,582] result=0x27 surface={isValid=true -1880868864} surfaceGenerationChanged=true
10-22 13:55:19.157 4227 4227 D ViewRootImpl@3f16c84[CartActivity]: mHardwareRenderer.initialize() mSurface={isValid=true -1880868864} hwInitialized=true
10-22 13:55:19.168 4227 4227 D ViewRootImpl@3f16c84[CartActivity]: MSG_WINDOW_FOCUS_CHANGED 1
10-22 13:55:19.169 4227 4227 D ViewRootImpl@3f16c84[CartActivity]: mHardwareRenderer.initializeIfNeeded()#2 mSurface={isValid=true -1880868864}
10-22 13:55:19.178 4227 4227 D ViewRootImpl@3f16c84[CartActivity]: MSG_RESIZED_REPORT: frame=Rect(108, 466 - 660, 582) ci=Rect(0, 0 - 0, 0) vi=Rect(0, 0 - 0, 0) or=1
10-22 13:55:19.217 4227 4227 E ViewRootImpl: sendUserActionEvent() returned.
10-22 13:55:19.357 4227 4239 I art : Background partial concurrent mark sweep GC freed 80497(3MB) AllocSpace objects, 17(3MB) LOS objects, 46% free, 14MB/26MB, paused 3.813ms total 145.802ms
10-22 13:55:20.801 4227 4239 I art : Background sticky concurrent mark sweep GC freed 373827(10MB) AllocSpace objects, 3(92KB) LOS objects, 43% free, 14MB/26MB, paused 1.147ms total 143.197ms
10-22 13:55:21.898 4227 16809 W PdfBoxAndroid: Call PDFBoxResourceLoader.init() first to decrease resource load time
10-22 13:55:22.452 4227 4239 W art : Suspending all threads took: 18.099ms
10-22 13:55:22.532 4227 4239 I art : Background partial concurrent mark sweep GC freed 245882(9MB) AllocSpace objects, 34(6MB) LOS objects, 46% free, 13MB/25MB, paused 19.304ms total 218.364ms
10-22 13:55:29.154 4227 4239 I art : Background sticky concurrent mark sweep GC freed 324223(9MB) AllocSpace objects, 2(56KB) LOS objects, 37% free, 16MB/25MB, paused 1.782ms total 146.045ms
10-22 13:55:31.465 4227 4239 I art : Background partial concurrent mark sweep GC freed 230490(6MB) AllocSpace objects, 25(4MB) LOS objects, 40% free, 20MB/34MB, paused 1.473ms total 199.015ms
10-22 13:55:36.072 4227 4239 I art : Background sticky concurrent mark sweep GC freed 408977(11MB) AllocSpace objects, 8(940KB) LOS objects, 35% free, 22MB/34MB, paused 2.139ms total 143.524ms
10-22 13:55:36.516 4227 4227 D ViewRootImpl@3f16c84[CartActivity]: mHardwareRenderer.destroy()#4
10-22 13:55:36.516 4227 4227 D ViewRootImpl@3f16c84[CartActivity]: dispatchDetachedFromWindow
10-22 13:55:36.532 4227 4227 D InputTransport: Input channel destroyed: fd=90
10-22 13:55:36.629 4227 4227 D ViewRootImpl@4145fa3[CartActivity]: MSG_WINDOW_FOCUS_CHANGED 1
10-22 13:55:36.630 4227 4227 V InputMethodManager: Not IME target window, ignoring
10-22 13:55:36.630 4227 4227 D ViewRootImpl@4145fa3[CartActivity]: mHardwareRenderer.initializeIfNeeded()#2 mSurface={isValid=true -1904220160}
10-22 13:55:36.648 4227 4227 V InputMethodManager: Starting input: tba=android.view.inputmethod.EditorInfo@eff1bd6 nm : cz.gienger.mobile ic=null
10-22 13:55:36.648 4227 4227 I InputMethodManager: startInputInner - mService.startInputOrWindowGainedFocus
10-22 13:55:36.677 4227 4227 D InputTransport: Input channel constructed: fd=69
10-22 13:55:36.678 4227 4227 D InputTransport: Input channel destroyed: fd=70
10-22 13:55:36.678 4227 4227 E ViewRootImpl: sendUserActionEvent() returned.
10-22 13:55:36.746 4227 4227 D ViewRootImpl@4145fa3[CartActivity]: MSG_WINDOW_FOCUS_CHANGED 0
10-22 13:55:36.849 4227 4275 D OpenGLRenderer: endAllActiveAnimators on 0x8ffdc780 (RippleDrawable) with handle 0x8e612a70
10-22 13:55:36.849 4227 4227 D ViewRootImpl@4145fa3[CartActivity]: mHardwareRenderer.destroy()#1
10-22 13:55:36.893 4227 4227 D ViewRootImpl@4145fa3[CartActivity]: Relayout returned: oldFrame=[0,0][768,1024] newFrame=[0,0][768,1024] result=0x5 surface={isValid=false 0} surfaceGenerationChanged=true
10-22 13:55:38.752 4227 4227 D InputTransport: Input channel destroyed: fd=69
10-22 13:55:38.885 4227 4227 D ViewRootImpl@4145fa3[CartActivity]: Relayout returned: oldFrame=[0,0][768,1024] newFrame=[0,0][768,1024] result=0x5 surface={isValid=false 0} surfaceGenerationChanged=false
10-22 13:55:57.080 4227 4227 D ViewRootImpl@7f3f6c2[PdfArchiveActivity]: ThreadedRenderer.create() translucent=true
10-22 13:55:57.084 4227 4227 D InputTransport: Input channel constructed: fd=61
10-22 13:55:57.084 4227 4227 D ViewRootImpl@7f3f6c2[PdfArchiveActivity]: setView = DecorView@41b5cd3[PdfArchiveActivity] touchMode=true
10-22 13:55:57.096 4227 4227 D ViewRootImpl@7f3f6c2[PdfArchiveActivity]: dispatchAttachedToWindow
10-22 13:55:57.124 4227 4227 D ViewRootImpl@7f3f6c2[PdfArchiveActivity]: Relayout returned: oldFrame=[0,0][0,0] newFrame=[241,456][527,568] result=0x27 surface={isValid=true -1869144064} surfaceGenerationChanged=true
10-22 13:55:57.124 4227 4227 D ViewRootImpl@7f3f6c2[PdfArchiveActivity]: mHardwareRenderer.initialize() mSurface={isValid=true -1869144064} hwInitialized=true
10-22 13:55:57.129 4227 4227 D ViewRootImpl@7f3f6c2[PdfArchiveActivity]: MSG_RESIZED_REPORT: frame=Rect(241, 456 - 527, 568) ci=Rect(0, 0 - 0, 0) vi=Rect(0, 0 - 0, 0) or=1
10-22 13:55:57.129 4227 4227 D ViewRootImpl@7f3f6c2[PdfArchiveActivity]: MSG_WINDOW_FOCUS_CHANGED 1
10-22 13:55:57.130 4227 4227 D ViewRootImpl@7f3f6c2[PdfArchiveActivity]: mHardwareRenderer.initializeIfNeeded()#2 mSurface={isValid=true -1869144064}
10-22 13:55:57.131 4227 4227 V InputMethodManager: Starting input: tba=android.view.inputmethod.EditorInfo@4210010 nm : cz.gienger.mobile ic=null
10-22 13:55:57.131 4227 4227 I InputMethodManager: startInputInner - mService.startInputOrWindowGainedFocus
10-22 13:55:57.136 4227 4227 D InputTransport: Input channel constructed: fd=69
10-22 13:55:58.164 4227 4227 D ViewRootImpl@7f3f6c2[PdfArchiveActivity]: mHardwareRenderer.destroy()#1
10-22 13:55:58.179 4227 4227 D ViewRootImpl@7f3f6c2[PdfArchiveActivity]: Relayout returned: oldFrame=[241,456][527,568] newFrame=[241,456][527,568] result=0x5 surface={isValid=false 0} surfaceGenerationChanged=true
10-22 13:55:58.179 4227 4227 D ViewRootImpl@7f3f6c2[PdfArchiveActivity]: MSG_WINDOW_FOCUS_CHANGED 0
10-22 13:55:58.184 4227 4227 D ViewRootImpl@4145fa3[CartActivity]: mHardwareRenderer.destroy()#1
10-22 13:55:58.198 4227 4227 D ViewRootImpl@4145fa3[CartActivity]: Relayout returned: oldFrame=[0,0][768,1024] newFrame=[0,0][768,1024] result=0x1 surface={isValid=false 0} surfaceGenerationChanged=false
10-22 13:55:58.380 4227 4227 D InputTransport: Input channel destroyed: fd=69
10-22 13:55:58.410 4227 4227 D ViewRootImpl@4145fa3[CartActivity]: Relayout returned: oldFrame=[0,0][768,1024] newFrame=[0,0][768,1024] result=0x7 surface={isValid=true -1869144064} surfaceGenerationChanged=true
10-22 13:55:58.411 4227 4227 D ViewRootImpl@4145fa3[CartActivity]: mHardwareRenderer.initialize() mSurface={isValid=true -1869144064} hwInitialized=true
10-22 13:55:58.430 4227 4227 D AbsListView: in onLayout changed
10-22 13:55:58.452 4227 20099 D MYINTERCEPTOR: /GiengerService.svc/uploadfinishedorder
10-22 13:55:58.453 4227 20099 D OkHttp : --> POST https://testsaig1.gienger.cz/GiengerService.svc/uploadfinishedorder http/1.1
10-22 13:55:58.453 4227 20099 D OkHttp : Content-Type: text/raw
10-22 13:55:58.453 4227 20099 D OkHttp : Content-Length: 131175
10-22 13:55:58.453 4227 20099 D OkHttp : filename: a59f47fb-7400-4f76-9805-0d6acbfa81c0.xml
10-22 13:55:58.453 4227 20099 D OkHttp : Checksum: 783ebb50531b93da005b7abee6770185
10-22 13:55:58.453 4227 20099 D OkHttp : token: f1ef5f7d7c7a40fe79b40de1d03dbfad
10-22 13:55:58.453 4227 20099 D OkHttp : state: CZ
10-22 13:55:58.453 4227 20099 D OkHttp : --> END POST
10-22 13:55:58.455 4227 4227 D ViewRootImpl@299ba54[CategoryListActivity]: mHardwareRenderer.destroy()#4
10-22 13:55:58.455 4227 4227 D ViewRootImpl@299ba54[CategoryListActivity]: dispatchDetachedFromWindow
10-22 13:55:58.463 4227 4227 D InputTransport: Input channel destroyed: fd=66
10-22 13:55:58.482 4227 4227 D ViewRootImpl@e49a335[ArticleListActivity]: mHardwareRenderer.destroy()#4
10-22 13:55:58.482 4227 4227 D ViewRootImpl@e49a335[ArticleListActivity]: dispatchDetachedFromWindow
10-22 13:55:58.490 4227 4227 D InputTransport: Input channel destroyed: fd=80
10-22 13:55:58.543 4227 4227 D LOCATION_SERVICE: onDestroy
10-22 13:55:58.571 4227 20099 D OkHttp : <-- 200 https://testsaig1.gienger.cz/GiengerService.svc/uploadfinishedorder (117ms)
10-22 13:55:58.571 4227 20099 D OkHttp : content-type: application/xml; charset=utf-8
10-22 13:55:58.571 4227 20099 D OkHttp : server: Microsoft-IIS/10.0
10-22 13:55:58.571 4227 20099 D OkHttp : x-powered-by: ASP.NET
10-22 13:55:58.571 4227 20099 D OkHttp : date: Mon, 22 Oct 2018 11:55:58 GMT
10-22 13:55:58.571 4227 20099 D OkHttp : content-length: 175
10-22 13:55:58.571 4227 20099 D OkHttp : <-- END HTTP
10-22 13:55:58.857 4227 4227 D ViewRootImpl@986a6b1[MainActivity]: Relayout returned: oldFrame=[0,0][768,1024] newFrame=[0,0][768,1024] result=0x7 surface={isValid=true -1860034560} surfaceGenerationChanged=true
10-22 13:55:58.857 4227 4227 D ViewRootImpl@986a6b1[MainActivity]: mHardwareRenderer.initialize() mSurface={isValid=true -1860034560} hwInitialized=true
10-22 13:55:58.915 4227 4227 D AbsListView: in onLayout changed
10-22 13:55:58.955 4227 4227 D ViewRootImpl@986a6b1[MainActivity]: MSG_WINDOW_FOCUS_CHANGED 1
10-22 13:55:58.956 4227 4227 D ViewRootImpl@986a6b1[MainActivity]: mHardwareRenderer.initializeIfNeeded()#2 mSurface={isValid=true -1860034560}
10-22 13:55:58.957 4227 4227 V InputMethodManager: Starting input: tba=android.view.inputmethod.EditorInfo@92ae2eb nm : cz.gienger.mobile ic=null
10-22 13:55:58.957 4227 4227 I InputMethodManager: startInputInner - mService.startInputOrWindowGainedFocus
10-22 13:55:58.992 4227 4227 D InputTransport: Input channel constructed: fd=66
10-22 13:55:59.030 4227 4227 D ViewRootImpl@4145fa3[CartActivity]: mHardwareRenderer.destroy()#1
10-22 13:55:59.048 4227 4227 D ViewRootImpl@4145fa3[CartActivity]: Relayout returned: oldFrame=[0,0][768,1024] newFrame=[0,0][768,1024] result=0x5 surface={isValid=false 0} surfaceGenerationChanged=true
10-22 13:55:59.061 4227 4227 D ViewRootImpl@7f3f6c2[PdfArchiveActivity]: mHardwareRenderer.destroy()#4
10-22 13:55:59.061 4227 4227 D ViewRootImpl@7f3f6c2[PdfArchiveActivity]: dispatchDetachedFromWindow
10-22 13:55:59.070 4227 4227 D InputTransport: Input channel destroyed: fd=61
10-22 13:55:59.385 4227 4227 D TextView: SYANI: Clipboard API is calling: clearFilter()
10-22 13:55:59.385 4227 4227 D TextView: SYANI: Clipboard API is calling: unregisterClipboardEventListener()
10-22 13:55:59.389 4227 4227 D TextView: SYANI: Clipboard API is calling: clearFilter()
10-22 13:55:59.389 4227 4227 D TextView: SYANI: Clipboard API is calling: unregisterClipboardEventListener()
10-22 13:55:59.390 4227 4227 D TextView: SYANI: Clipboard API is calling: clearFilter()
10-22 13:55:59.390 4227 4227 D TextView: SYANI: Clipboard API is calling: unregisterClipboardEventListener()
10-22 13:55:59.391 4227 4227 D TextView: SYANI: Clipboard API is calling: clearFilter()
10-22 13:55:59.391 4227 4227 D TextView: SYANI: Clipboard API is calling: unregisterClipboardEventListener()
10-22 13:55:59.391 4227 4227 D TextView: SYANI: Clipboard API is calling: clearFilter()
10-22 13:55:59.392 4227 4227 D TextView: SYANI: Clipboard API is calling: unregisterClipboardEventListener()
10-22 13:55:59.397 4227 4227 D TextView: SYANI: Clipboard API is calling: clearFilter()
10-22 13:55:59.397 4227 4227 D TextView: SYANI: Clipboard API is calling: unregisterClipboardEventListener()
10-22 13:55:59.400 4227 4227 D TextView: SYANI: Clipboard API is calling: clearFilter()
10-22 13:55:59.400 4227 4227 D TextView: SYANI: Clipboard API is calling: unregisterClipboardEventListener()
10-22 13:55:59.404 4227 4227 D TextView: SYANI: Clipboard API is calling: clearFilter()
10-22 13:55:59.404 4227 4227 D TextView: SYANI: Clipboard API is calling: unregisterClipboardEventListener()
10-22 13:55:59.408 4227 4227 D TextView: SYANI: Clipboard API is calling: clearFilter()
10-22 13:55:59.408 4227 4227 D TextView: SYANI: Clipboard API is calling: unregisterClipboardEventListener()
10-22 13:55:59.418 4227 4227 D ViewRootImpl@4145fa3[CartActivity]: mHardwareRenderer.destroy()#4
10-22 13:55:59.418 4227 4227 D ViewRootImpl@4145fa3[CartActivity]: dispatchDetachedFromWindow
10-22 13:55:59.432 4227 4227 D InputTransport: Input channel destroyed: fd=67
10-22 13:56:00.157 4227 4227 D ViewRootImpl: updatePointerIcon pointerType = 20001, calling pid = 4227
10-22 13:56:00.157 4227 4227 D InputManager: setPointerIconType iconId = 20001, callingPid = 4227
10-22 13:56:00.159 4227 4227 D ViewRootImpl: updatePointerIcon pointerType = 20001, calling pid = 4227
10-22 13:56:00.159 4227 4227 D InputManager: setPointerIconType iconId = 20001, callingPid = 4227
10-22 13:56:00.314 4227 4227 D ViewRootImpl@986a6b1[MainActivity]: ViewPostImeInputStage processPointer 0
10-22 13:56:00.315 4227 4227 D ViewRootImpl: updatePointerIcon pointerType = 20001, calling pid = 4227
10-22 13:56:00.315 4227 4227 D InputManager: setPointerIconType iconId = 20001, callingPid = 4227
10-22 13:56:00.371 4227 4227 D AbsListView: reportScrollStateChange() newState : 1
10-22 13:56:00.694 4227 4227 D ViewRootImpl@986a6b1[MainActivity]: ViewPostImeInputStage processPointer 1
10-22 13:56:00.695 4227 4227 D AbsListView: onTouchUp() mTouchMode : 3
10-22 13:56:00.695 4227 4227 D AbsListView: onTouchUp() TOUCH_MODE_SCROLL initialVelocity : -386
10-22 13:56:00.695 4227 4227 D AbsListView: reportScrollStateChange() newState : 2
10-22 13:56:00.698 4227 4227 D ViewRootImpl: updatePointerIcon pointerType = 20001, calling pid = 4227
10-22 13:56:00.698 4227 4227 D InputManager: setPointerIconType iconId = 20001, callingPid = 4227
10-22 13:56:00.699 4227 4227 D ViewRootImpl: updatePointerIcon pointerType = 20001, calling pid = 4227
10-22 13:56:00.700 4227 4227 D InputManager: setPointerIconType iconId = 20001, callingPid = 4227
10-22 13:56:01.006 4227 4227 D AbsListView: reportScrollStateChange() newState : 0
10-22 13:56:01.102 4227 4227 D ViewRootImpl: updatePointerIcon pointerType = 20001, calling pid = 4227
10-22 13:56:01.103 4227 4227 D InputManager: setPointerIconType iconId = 20001, callingPid = 4227
10-22 13:56:01.229 4227 4227 D ViewRootImpl@986a6b1[MainActivity]: ViewPostImeInputStage processPointer 0
10-22 13:56:01.230 4227 4227 D ViewRootImpl: updatePointerIcon pointerType = 20001, calling pid = 4227
10-22 13:56:01.230 4227 4227 D InputManager: setPointerIconType iconId = 20001, callingPid = 4227
10-22 13:56:01.256 4227 4227 D AbsListView: reportScrollStateChange() newState : 1
10-22 13:56:01.483 4227 4227 D ViewRootImpl@986a6b1[MainActivity]: ViewPostImeInputStage processPointer 1
10-22 13:56:01.483 4227 4227 D AbsListView: onTouchUp() mTouchMode : 3
10-22 13:56:01.484 4227 4227 D AbsListView: onTouchUp() TOUCH_MODE_SCROLL initialVelocity : -234
10-22 13:56:01.484 4227 4227 D AbsListView: reportScrollStateChange() newState : 2
10-22 13:56:01.486 4227 4227 D ViewRootImpl: updatePointerIcon pointerType = 20001, calling pid = 4227
10-22 13:56:01.486 4227 4227 D InputManager: setPointerIconType iconId = 20001, callingPid = 4227
10-22 13:56:01.487 4227 4227 D ViewRootImpl: updatePointerIcon pointerType = 20001, calling pid = 4227
10-22 13:56:01.487 4227 4227 D InputManager: setPointerIconType iconId = 20001, callingPid = 4227
10-22 13:56:01.707 4227 4227 D AbsListView: reportScrollStateChange() newState : 0
10-22 13:56:07.149 4227 4227 D ViewRootImpl: updatePointerIcon pointerType = 20001, calling pid = 4227
10-22 13:56:07.149 4227 4227 D InputManager: setPointerIconType iconId = 20001, callingPid = 4227
10-22 13:56:19.097 4227 4227 D ViewRootImpl: updatePointerIcon pointerType = 20001, calling pid = 4227
10-22 13:56:19.097 4227 4227 D InputManager: setPointerIconType iconId = 20001, callingPid = 4227
10-22 13:56:21.385 4227 4227 D ViewRootImpl: updatePointerIcon pointerType = 20001, calling pid = 4227
10-22 13:56:21.386 4227 4227 D InputManager: setPointerIconType iconId = 20001, callingPid = 4227
10-22 13:57:01.373 4227 4227 V InputMethodManager: Starting input: tba=android.view.inputmethod.EditorInfo@1ea7378 nm : cz.gienger.mobile ic=null
10-22 13:57:01.373 4227 4227 I InputMethodManager: startInputInner - mService.startInputOrWindowGainedFocus
10-22 13:57:01.375 4227 4227 D InputTransport: Input channel constructed: fd=63
10-22 13:57:01.375 4227 4227 D InputTransport: Input channel destroyed: fd=66
10-22 14:05:35.173 4227 4227 D ViewRootImpl@986a6b1[MainActivity]: MSG_RESIZED_REPORT: frame=Rect(0, 0 - 768, 1024) ci=Rect(0, 24 - 0, 0) vi=Rect(0, 24 - 0, 0) or=1
10-22 14:05:35.261 4227 4227 D ViewRootImpl@986a6b1[MainActivity]: Relayout returned: oldFrame=[0,0][768,1024] newFrame=[0,0][768,1024] result=0x1 surface={isValid=true -1860034560} surfaceGenerationChanged=false
10-22 14:05:35.377 4227 4227 D AbsListView: in onLayout changed
10-22 14:05:36.565 4227 4227 D ViewRootImpl@986a6b1[MainActivity]: ViewPostImeInputStage processPointer 0
10-22 14:05:36.609 4227 4227 D AbsListView: reportScrollStateChange() newState : 1
10-22 14:05:36.999 4227 4227 D ViewRootImpl@986a6b1[MainActivity]: ViewPostImeInputStage processPointer 1
10-22 14:05:36.999 4227 4227 D AbsListView: onTouchUp() mTouchMode : 3
10-22 14:05:36.999 4227 4227 D AbsListView: onTouchUp() TOUCH_MODE_SCROLL initialVelocity : 4747
10-22 14:05:36.999 4227 4227 D AbsListView: reportScrollStateChange() newState : 2
10-22 14:05:37.346 4227 4227 D AbsListView: reportScrollStateChange() newState : 0
10-22 14:05:38.017 4227 4227 D ViewRootImpl@986a6b1[MainActivity]: ViewPostImeInputStage processPointer 0
10-22 14:05:38.079 4227 4227 D ViewRootImpl@986a6b1[MainActivity]: ViewPostImeInputStage processPointer 1
10-22 14:05:38.124 4227 4227 D ViewRootImpl@986a6b1[MainActivity]: MSG_WINDOW_FOCUS_CHANGED 0
10-22 14:05:38.210 4227 4227 D ViewRootImpl@d8bc75[LogcatActivity]: ThreadedRenderer.create() translucent=true
10-22 14:05:38.214 4227 4227 D InputTransport: Input channel constructed: fd=64
10-22 14:05:38.214 4227 4227 D ViewRootImpl@d8bc75[LogcatActivity]: setView = DecorView@d32140a[LogcatActivity] touchMode=true
10-22 14:05:38.219 4227 4227 D ViewRootImpl@d8bc75[LogcatActivity]: dispatchAttachedToWindow
10-22 14:05:38.260 4227 4227 D ViewRootImpl@d8bc75[LogcatActivity]: Relayout returned: oldFrame=[0,0][0,0] newFrame=[237,468][531,580] result=0x27 surface={isValid=true -1901449216} surfaceGenerationChanged=true
10-22 14:05:38.260 4227 4227 D ViewRootImpl@d8bc75[LogcatActivity]: mHardwareRenderer.initialize() mSurface={isValid=true -1901449216} hwInitialized=true
10-22 14:05:38.269 4227 4227 D ViewRootImpl@d8bc75[LogcatActivity]: MSG_RESIZED_REPORT: frame=Rect(237, 468 - 531, 580) ci=Rect(0, 0 - 0, 0) vi=Rect(0, 0 - 0, 0) or=1
10-22 14:05:38.269 4227 4227 D ViewRootImpl@d8bc75[LogcatActivity]: MSG_WINDOW_FOCUS_CHANGED 1
10-22 14:05:38.269 4227 4227 D ViewRootImpl@d8bc75[LogcatActivity]: mHardwareRenderer.initializeIfNeeded()#2 mSurface={isValid=true -1901449216}
10-22 14:05:38.270 4227 4227 V InputMethodManager: Starting input: tba=android.view.inputmethod.EditorInfo@a29c47b nm : cz.gienger.mobile ic=null
10-22 14:05:38.270 4227 4227 I InputMethodManager: startInputInner - mService.startInputOrWindowGainedFocus
10-22 14:05:38.273 4227 4227 D InputTransport: Input channel constructed: fd=71
10-22 14:05:38.273 4227 4227 D InputTransport: Input channel destroyed: fd=63