10-11 14:36:45.688 3264 3264 D TextView: SYANI: Clipboard API is calling: unregisterClipboardEventListener()
10-11 14:36:45.689 3264 3264 D TextView: SYANI: Clipboard API is calling: clearFilter()
10-11 14:36:45.689 3264 3264 D TextView: SYANI: Clipboard API is calling: unregisterClipboardEventListener()
10-11 14:36:45.691 3264 3264 D TextView: SYANI: Clipboard API is calling: clearFilter()
10-11 14:36:45.691 3264 3264 D TextView: SYANI: Clipboard API is calling: unregisterClipboardEventListener()
10-11 14:36:45.695 3264 3264 D TextView: SYANI: Clipboard API is calling: clearFilter()
10-11 14:36:45.695 3264 3264 D TextView: SYANI: Clipboard API is calling: unregisterClipboardEventListener()
10-11 14:36:45.697 3264 3264 D TextView: SYANI: Clipboard API is calling: clearFilter()
10-11 14:36:45.697 3264 3264 D TextView: SYANI: Clipboard API is calling: unregisterClipboardEventListener()
10-11 14:36:45.700 3264 3264 D TextView: SYANI: Clipboard API is calling: clearFilter()
10-11 14:36:45.701 3264 3264 D TextView: SYANI: Clipboard API is calling: unregisterClipboardEventListener()
10-11 14:36:45.704 3264 3264 D TextView: SYANI: Clipboard API is calling: clearFilter()
10-11 14:36:45.705 3264 3264 D TextView: SYANI: Clipboard API is calling: unregisterClipboardEventListener()
10-11 14:36:45.717 3264 3264 D ViewRootImpl@9f207ed[CartActivity]: mHardwareRenderer.destroy()#4
10-11 14:36:45.718 3264 3264 D ViewRootImpl@9f207ed[CartActivity]: dispatchDetachedFromWindow
10-11 14:36:45.724 3264 3264 D InputTransport: Input channel destroyed: fd=64
10-11 14:36:45.755 3264 3264 D ViewRootImpl@34fa776[CategoryListActivity]: ViewPostImeInputStage processKey 1
10-11 14:36:46.003 3264 3264 D ViewRootImpl@45705bd[MainActivity]: Relayout returned: oldFrame=[0,0][768,1024] newFrame=[0,0][768,1024] result=0x7 surface={isValid=true -1853155328} surfaceGenerationChanged=true
10-11 14:36:46.004 3264 3264 D ViewRootImpl@45705bd[MainActivity]: mHardwareRenderer.initialize() mSurface={isValid=true -1853155328} hwInitialized=true
10-11 14:36:46.066 3264 3264 D AbsListView: in onLayout changed
10-11 14:36:46.092 3264 3264 D ViewRootImpl@45705bd[MainActivity]: MSG_WINDOW_FOCUS_CHANGED 1
10-11 14:36:46.092 3264 3264 D ViewRootImpl@45705bd[MainActivity]: mHardwareRenderer.initializeIfNeeded()#2 mSurface={isValid=true -1853155328}
10-11 14:36:46.094 3264 3264 V InputMethodManager: Starting input: tba=android.view.inputmethod.EditorInfo@dc6affc nm : cz.gienger.mobile ic=null
10-11 14:36:46.094 3264 3264 I InputMethodManager: startInputInner - mService.startInputOrWindowGainedFocus
10-11 14:36:46.108 3264 3264 D InputTransport: Input channel constructed: fd=64
10-11 14:36:46.108 3264 3264 D InputTransport: Input channel destroyed: fd=65
10-11 14:36:46.115 3264 3264 D ViewRootImpl@34fa776[CategoryListActivity]: MSG_WINDOW_FOCUS_CHANGED 0
10-11 14:36:46.153 3264 3264 D ViewRootImpl@34fa776[CategoryListActivity]: mHardwareRenderer.destroy()#1
10-11 14:36:46.160 3264 3264 D ViewRootImpl@34fa776[CategoryListActivity]: Relayout returned: oldFrame=[0,0][768,1024] newFrame=[0,0][768,1024] result=0x5 surface={isValid=false 0} surfaceGenerationChanged=true
10-11 14:36:46.562 3264 3264 D ViewRootImpl@34fa776[CategoryListActivity]: mHardwareRenderer.destroy()#4
10-11 14:36:46.562 3264 3264 D ViewRootImpl@34fa776[CategoryListActivity]: dispatchDetachedFromWindow
10-11 14:36:46.576 3264 3264 D InputTransport: Input channel destroyed: fd=72
10-11 14:36:46.577 3264 3264 D LOCATION_SERVICE: onDestroy
10-11 14:36:49.065 3264 3264 D ViewRootImpl@45705bd[MainActivity]: ViewPostImeInputStage processPointer 0
10-11 14:36:49.090 3264 3264 D ViewRootImpl@45705bd[MainActivity]: ViewPostImeInputStage processPointer 1
10-11 14:36:49.091 3264 3264 D AbsListView: onTouchUp() mTouchMode : 0
10-11 14:36:49.174 3264 3264 D item_click: viewId = -1, position = 0
10-11 14:36:49.239 3264 3264 D ViewRootImpl@45705bd[MainActivity]: MSG_WINDOW_FOCUS_CHANGED 0
10-11 14:36:49.379 3264 3264 D ViewRootImpl@7097bc1[DeliverActivity]: ThreadedRenderer.create() translucent=false
10-11 14:36:49.387 3264 3264 D InputTransport: Input channel constructed: fd=65
10-11 14:36:49.387 3264 3264 D ViewRootImpl@7097bc1[DeliverActivity]: setView = DecorView@b04af66[DeliverActivity] touchMode=true
10-11 14:36:49.389 3264 3264 D LOCATION_SERVICE: LocationListener gps
10-11 14:36:49.390 3264 3264 D LOCATION_SERVICE: LocationListener network
10-11 14:36:49.391 3264 3264 D LOCATION_SERVICE: onCreate
10-11 14:36:49.391 3264 3264 D LOCATION_SERVICE: initializeLocationManager
10-11 14:36:49.403 3264 3264 D LOCATION_SERVICE: onStartCommand
10-11 14:36:49.407 3264 3264 D ViewRootImpl@7097bc1[DeliverActivity]: dispatchAttachedToWindow
10-11 14:36:49.454 3264 3264 D ViewRootImpl@7097bc1[DeliverActivity]: Relayout returned: oldFrame=[0,0][0,0] newFrame=[0,0][768,1024] result=0x27 surface={isValid=true -1842350080} surfaceGenerationChanged=true
10-11 14:36:49.455 3264 3264 D ViewRootImpl@7097bc1[DeliverActivity]: mHardwareRenderer.initialize() mSurface={isValid=true -1842350080} hwInitialized=true
10-11 14:36:49.522 3264 3264 D ViewRootImpl@7097bc1[DeliverActivity]: MSG_RESIZED_REPORT: frame=Rect(0, 0 - 768, 1024) ci=Rect(0, 24 - 0, 0) vi=Rect(0, 24 - 0, 0) or=1
10-11 14:36:49.523 3264 3264 D ViewRootImpl@7097bc1[DeliverActivity]: MSG_WINDOW_FOCUS_CHANGED 1
10-11 14:36:49.523 3264 3264 D ViewRootImpl@7097bc1[DeliverActivity]: mHardwareRenderer.initializeIfNeeded()#2 mSurface={isValid=true -1842350080}
10-11 14:36:49.524 3264 3264 V InputMethodManager: Starting input: tba=android.view.inputmethod.EditorInfo@87a8f9f nm : cz.gienger.mobile ic=null
10-11 14:36:49.524 3264 3264 I InputMethodManager: startInputInner - mService.startInputOrWindowGainedFocus
10-11 14:36:49.538 3264 24759 D FILE_MANAGER: Copying file /data/user/0/cz.gienger.mobile/files/delivery/130AT1180325869/130AT1180325869.pdf to /storage/emulated/0/130AT1180325869.pdf
10-11 14:36:49.540 3264 3264 D InputTransport: Input channel constructed: fd=76
10-11 14:36:49.540 3264 3264 D InputTransport: Input channel destroyed: fd=64
10-11 14:36:49.591 3264 3321 D OpenGLRenderer: endAllActiveAnimators on 0x918c7680 (ListView) with handle 0x92decbc0
10-11 14:36:49.591 3264 3264 D ViewRootImpl@45705bd[MainActivity]: mHardwareRenderer.destroy()#1
10-11 14:36:49.601 3264 3264 D ViewRootImpl@45705bd[MainActivity]: Relayout returned: oldFrame=[0,0][768,1024] newFrame=[0,0][768,1024] result=0x5 surface={isValid=false 0} surfaceGenerationChanged=true
10-11 14:36:49.603 3264 3264 D LOCATION_SERVICE: onLocationChanged: Location[network 49,191122,17,534452 acc=20 et=+55m18s540ms alt=0.0 vel=0.0 bear=0.0 {Bundle[mParcelledData.dataSize=80]}]
10-11 14:36:49.998 3264 3264 D ViewRootImpl@45705bd[MainActivity]: Relayout returned: oldFrame=[0,0][768,1024] newFrame=[0,0][768,1024] result=0x5 surface={isValid=false 0} surfaceGenerationChanged=false
10-11 14:36:50.063 3264 24759 D FILE_MANAGER: copy ok
10-11 14:36:51.106 3264 3264 D ViewRootImpl@7097bc1[DeliverActivity]: ViewPostImeInputStage processPointer 0
10-11 14:36:51.140 3264 3264 D ViewRootImpl@7097bc1[DeliverActivity]: ViewPostImeInputStage processPointer 1
10-11 14:36:52.145 3264 3264 D ViewRootImpl@7097bc1[DeliverActivity]: ViewPostImeInputStage processPointer 0
10-11 14:36:52.193 3264 3264 D ViewRootImpl@7097bc1[DeliverActivity]: ViewPostImeInputStage processPointer 1
10-11 14:36:52.210 3264 3264 D ScrollView: initGoToTop
10-11 14:36:52.255 3264 3264 D ScrollView: onsize change changed
10-11 14:36:52.568 3264 3264 D TextView: SYANI: Clipboard API is calling: clearFilter()
10-11 14:36:52.568 3264 3264 D TextView: SYANI: Clipboard API is calling: unregisterClipboardEventListener()
10-11 14:36:52.571 3264 3264 D TextView: SYANI: Clipboard API is calling: clearFilter()
10-11 14:36:52.571 3264 3264 D TextView: SYANI: Clipboard API is calling: unregisterClipboardEventListener()
10-11 14:36:52.574 3264 3264 D TextView: SYANI: Clipboard API is calling: clearFilter()
10-11 14:36:52.574 3264 3264 D TextView: SYANI: Clipboard API is calling: unregisterClipboardEventListener()
10-11 14:36:53.176 3264 3264 D ViewRootImpl@7097bc1[DeliverActivity]: ViewPostImeInputStage processPointer 0
10-11 14:36:53.222 3264 3264 D ViewRootImpl@7097bc1[DeliverActivity]: ViewPostImeInputStage processPointer 1
10-11 14:36:53.648 3264 3264 D ViewRootImpl@7097bc1[DeliverActivity]: ViewPostImeInputStage processPointer 0
10-11 14:36:53.708 3264 3264 D ViewRootImpl@7097bc1[DeliverActivity]: ViewPostImeInputStage processPointer 1
10-11 14:36:53.721 3264 3264 V InputMethodManager: Starting input: tba=android.view.inputmethod.EditorInfo@2634da4 nm : cz.gienger.mobile ic=com.android.internal.widget.EditableInputConnection@6c8370d
10-11 14:36:53.721 3264 3264 I InputMethodManager: startInputInner - mService.startInputOrWindowGainedFocus
10-11 14:36:53.723 3264 3264 D InputTransport: Input channel constructed: fd=64
10-11 14:36:53.723 3264 3264 D InputTransport: Input channel destroyed: fd=76
10-11 14:36:53.723 3264 3264 D InputMethodManager: SSI - flag : 0 Pid : 3264 view : cz.gienger.mobile
10-11 14:36:53.853 3264 3264 D ViewRootImpl@7097bc1[DeliverActivity]: MSG_RESIZED: frame=Rect(0, 0 - 768, 1024) ci=Rect(0, 24 - 0, 359) vi=Rect(0, 24 - 0, 359) or=1
10-11 14:36:53.877 3264 3264 D ViewRootImpl@7097bc1[DeliverActivity]: Relayout returned: oldFrame=[0,0][768,1024] newFrame=[0,0][768,1024] result=0x1 surface={isValid=true -1842350080} surfaceGenerationChanged=false
10-11 14:36:53.880 3264 3264 D ScrollView: onsize change changed
10-11 14:36:54.914 3264 3264 D ViewRootImpl@7097bc1[DeliverActivity]: ViewPostImeInputStage processPointer 0
10-11 14:36:54.974 3264 3264 D ViewRootImpl@7097bc1[DeliverActivity]: ViewPostImeInputStage processPointer 1
10-11 14:36:54.988 3264 3264 V InputMethodManager: Starting input: tba=android.view.inputmethod.EditorInfo@756ffe6 nm : cz.gienger.mobile ic=com.android.internal.widget.EditableInputConnection@3e73927
10-11 14:36:54.988 3264 3264 I InputMethodManager: startInputInner - mService.startInputOrWindowGainedFocus
10-11 14:36:54.990 3264 3264 D InputTransport: Input channel constructed: fd=66
10-11 14:36:54.990 3264 3264 D InputTransport: Input channel destroyed: fd=64
10-11 14:36:54.990 3264 3264 D InputMethodManager: SSI - flag : 0 Pid : 3264 view : cz.gienger.mobile
10-11 14:36:54.994 3264 3264 W IInputConnectionWrapper: finishComposingText on inactive InputConnection
10-11 14:36:57.728 3264 3264 D ViewRootImpl@7097bc1[DeliverActivity]: ViewPostImeInputStage processPointer 0
10-11 14:36:57.788 3264 3264 D ViewRootImpl@7097bc1[DeliverActivity]: ViewPostImeInputStage processPointer 1
10-11 14:36:57.805 3264 3264 V InputMethodManager: Starting input: tba=android.view.inputmethod.EditorInfo@25d2d40 nm : cz.gienger.mobile ic=com.android.internal.widget.EditableInputConnection@4f5f479
10-11 14:36:57.805 3264 3264 I InputMethodManager: startInputInner - mService.startInputOrWindowGainedFocus
10-11 14:36:57.807 3264 3264 D InputTransport: Input channel constructed: fd=64
10-11 14:36:57.807 3264 3264 D InputTransport: Input channel destroyed: fd=66
10-11 14:36:57.807 3264 3264 D InputMethodManager: SSI - flag : 0 Pid : 3264 view : cz.gienger.mobile
10-11 14:36:57.813 3264 3264 W IInputConnectionWrapper: finishComposingText on inactive InputConnection
10-11 14:36:59.458 3264 3264 D ViewRootImpl@7097bc1[DeliverActivity]: ViewPostImeInputStage processPointer 0
10-11 14:36:59.771 3264 3264 D ViewRootImpl@7097bc1[DeliverActivity]: ViewPostImeInputStage processPointer 1
10-11 14:37:00.182 3264 3264 D ViewRootImpl@7097bc1[DeliverActivity]: ViewPostImeInputStage processPointer 0
10-11 14:37:00.252 3264 3264 D ViewRootImpl@7097bc1[DeliverActivity]: ViewPostImeInputStage processPointer 1
10-11 14:37:00.564 3264 3264 D ViewRootImpl@7097bc1[DeliverActivity]: ViewPostImeInputStage processPointer 0
10-11 14:37:00.642 3264 3264 D ViewRootImpl@7097bc1[DeliverActivity]: ViewPostImeInputStage processPointer 1
10-11 14:37:02.821 3264 3264 D ViewRootImpl@7097bc1[DeliverActivity]: ViewPostImeInputStage processPointer 0
10-11 14:37:02.870 3264 3264 D ViewRootImpl@7097bc1[DeliverActivity]: ViewPostImeInputStage processPointer 1
10-11 14:37:02.917 3264 3264 D ScrollView: initGoToTop
10-11 14:37:02.921 3264 3264 D ScrollView: initGoToTop
10-11 14:37:02.930 3264 3264 D ViewRootImpl@c7af011[DeliverActivity]: ThreadedRenderer.create() translucent=true
10-11 14:37:02.937 3264 3264 D InputTransport: Input channel constructed: fd=66
10-11 14:37:02.937 3264 3264 D ViewRootImpl@c7af011[DeliverActivity]: setView = DecorView@3a39576[DeliverActivity] touchMode=true
10-11 14:37:02.944 3264 3264 D ViewRootImpl@c7af011[DeliverActivity]: dispatchAttachedToWindow
10-11 14:37:02.963 3264 3264 D ViewRootImpl@c7af011[DeliverActivity]: Relayout returned: oldFrame=[0,0][0,0] newFrame=[108,466][660,582] result=0x27 surface={isValid=true -1838594048} surfaceGenerationChanged=true
10-11 14:37:02.964 3264 3264 D ViewRootImpl@c7af011[DeliverActivity]: mHardwareRenderer.initialize() mSurface={isValid=true -1838594048} hwInitialized=true
10-11 14:37:02.978 3264 3264 D ViewRootImpl@c7af011[DeliverActivity]: MSG_WINDOW_FOCUS_CHANGED 1
10-11 14:37:02.978 3264 3264 D ViewRootImpl@c7af011[DeliverActivity]: mHardwareRenderer.initializeIfNeeded()#2 mSurface={isValid=true -1838594048}
10-11 14:37:02.992 3264 3264 D ViewRootImpl@c7af011[DeliverActivity]: MSG_RESIZED_REPORT: frame=Rect(108, 466 - 660, 582) ci=Rect(0, 0 - 0, 0) vi=Rect(0, 0 - 0, 0) or=1
10-11 14:37:03.020 3264 3264 D ViewRootImpl@7097bc1[DeliverActivity]: MSG_WINDOW_FOCUS_CHANGED 0
10-11 14:37:03.235 3264 3276 I art : Background partial concurrent mark sweep GC freed 119562(5MB) AllocSpace objects, 31(4MB) LOS objects, 52% free, 10MB/22MB, paused 4.426ms total 127.423ms
10-11 14:37:04.369 3264 24759 W PdfBoxAndroid: Call PDFBoxResourceLoader.init() first to decrease resource load time
10-11 14:37:05.267 3264 3276 I art : Background partial concurrent mark sweep GC freed 262522(8MB) AllocSpace objects, 15(1512KB) LOS objects, 45% free, 14MB/26MB, paused 1.244ms total 129.289ms
10-11 14:37:05.925 3264 3264 D ViewRootImpl@c7af011[DeliverActivity]: mHardwareRenderer.destroy()#4
10-11 14:37:05.925 3264 3264 D ViewRootImpl@c7af011[DeliverActivity]: dispatchDetachedFromWindow
10-11 14:37:05.939 3264 3264 D InputTransport: Input channel destroyed: fd=66
10-11 14:37:05.939 3264 3264 D SIGN_URI: file:///storage/emulated/0/130AT1180325869.pdf
10-11 14:37:05.999 3264 3264 D ViewRootImpl@7097bc1[DeliverActivity]: MSG_WINDOW_FOCUS_CHANGED 1
10-11 14:37:06.000 3264 3264 D ViewRootImpl@7097bc1[DeliverActivity]: mHardwareRenderer.initializeIfNeeded()#2 mSurface={isValid=true -1842350080}
10-11 14:37:06.022 3264 3264 E ViewRootImpl: sendUserActionEvent() returned.
10-11 14:37:06.050 3264 3264 D ViewRootImpl@7097bc1[DeliverActivity]: MSG_WINDOW_FOCUS_CHANGED 0
10-11 14:37:06.137 3264 3264 D ViewRootImpl@7097bc1[DeliverActivity]: mHardwareRenderer.destroy()#1
10-11 14:37:06.152 3264 3264 D ViewRootImpl@7097bc1[DeliverActivity]: Relayout returned: oldFrame=[0,0][768,1024] newFrame=[0,0][768,1024] result=0x5 surface={isValid=false 0} surfaceGenerationChanged=true
10-11 14:37:08.256 3264 3264 D InputTransport: Input channel destroyed: fd=64
10-11 14:37:08.273 3264 3264 W IInputConnectionWrapper: finishComposingText on inactive InputConnection
10-11 14:37:08.276 3264 3264 W IInputConnectionWrapper: reportFullscreenMode on inexistent InputConnection
10-11 14:37:08.277 3264 3264 W IInputConnectionWrapper: finishComposingText on inactive InputConnection
10-11 14:37:15.750 3264 3264 D ViewRootImpl@7097bc1[DeliverActivity]: mHardwareRenderer.destroy()#1
10-11 14:37:15.763 3264 3264 D ViewRootImpl@7097bc1[DeliverActivity]: Relayout returned: oldFrame=[0,0][768,1024] newFrame=[0,0][768,1024] result=0x1 surface={isValid=false 0} surfaceGenerationChanged=false
10-11 14:37:15.834 3264 3264 D ViewRootImpl@7097bc1[DeliverActivity]: Relayout returned: oldFrame=[0,0][768,1024] newFrame=[0,0][768,1024] result=0x7 surface={isValid=true -1853155328} surfaceGenerationChanged=true
10-11 14:37:15.835 3264 3264 D ViewRootImpl@7097bc1[DeliverActivity]: mHardwareRenderer.initialize() mSurface={isValid=true -1853155328} hwInitialized=true
10-11 14:37:15.842 3264 3264 D ScrollView: onsize change changed
10-11 14:37:15.867 3264 3264 D ViewRootImpl@7097bc1[DeliverActivity]: MSG_RESIZED_REPORT: frame=Rect(0, 0 - 768, 1024) ci=Rect(0, 24 - 0, 0) vi=Rect(0, 24 - 0, 0) or=1
10-11 14:37:15.882 3264 3264 D Graph : removeVertex() : insertDummyVertex, because there is no ancestor.
10-11 14:37:15.912 3264 3264 D ScrollView: initGoToTop
10-11 14:37:16.060 3264 3271 I art : Do partial code cache collection, code=20KB, data=26KB
10-11 14:37:16.061 3264 3271 I art : After code cache collection, code=20KB, data=26KB
10-11 14:37:16.061 3264 3271 I art : Increasing code cache capacity to 128KB
10-11 14:37:16.421 3264 3264 D ViewRootImpl@61fa874[CorrectionActivity]: ThreadedRenderer.create() translucent=false
10-11 14:37:16.423 3264 3264 D InputTransport: Input channel constructed: fd=60
10-11 14:37:16.424 3264 3264 D ViewRootImpl@61fa874[CorrectionActivity]: setView = DecorView@e86419d[CorrectionActivity] touchMode=true
10-11 14:37:16.538 3264 3264 D ViewRootImpl@61fa874[CorrectionActivity]: dispatchAttachedToWindow
10-11 14:37:16.610 3264 3264 D ViewRootImpl@61fa874[CorrectionActivity]: Relayout returned: oldFrame=[0,0][0,0] newFrame=[0,0][768,1024] result=0x27 surface={isValid=true -1852936192} surfaceGenerationChanged=true
10-11 14:37:16.611 3264 3264 D ViewRootImpl@61fa874[CorrectionActivity]: mHardwareRenderer.initialize() mSurface={isValid=true -1852936192} hwInitialized=true
10-11 14:37:16.658 3264 3264 D AbsListView: in onLayout changed
10-11 14:37:16.658 3264 3264 D ScrollView: onsize change changed
10-11 14:37:16.710 3264 3264 D ViewRootImpl@61fa874[CorrectionActivity]: MSG_RESIZED_REPORT: frame=Rect(0, 0 - 768, 1024) ci=Rect(0, 24 - 0, 0) vi=Rect(0, 24 - 0, 0) or=1
10-11 14:37:16.710 3264 3264 D ViewRootImpl@61fa874[CorrectionActivity]: MSG_WINDOW_FOCUS_CHANGED 1
10-11 14:37:16.710 3264 3264 D ViewRootImpl@61fa874[CorrectionActivity]: mHardwareRenderer.initializeIfNeeded()#2 mSurface={isValid=true -1852936192}
10-11 14:37:16.756 3264 3264 V InputMethodManager: Starting input: tba=android.view.inputmethod.EditorInfo@48d378a nm : cz.gienger.mobile ic=null
10-11 14:37:16.756 3264 3264 I InputMethodManager: startInputInner - mService.startInputOrWindowGainedFocus
10-11 14:37:16.758 3264 3264 D InputTransport: Input channel constructed: fd=67
10-11 14:37:16.797 3264 3264 D ViewRootImpl@7097bc1[DeliverActivity]: mHardwareRenderer.destroy()#1
10-11 14:37:16.805 3264 3264 D ViewRootImpl@7097bc1[DeliverActivity]: Relayout returned: oldFrame=[0,0][768,1024] newFrame=[0,0][768,1024] result=0x5 surface={isValid=false 0} surfaceGenerationChanged=true
10-11 14:37:19.056 3264 3264 D ViewRootImpl@61fa874[CorrectionActivity]: ViewPostImeInputStage processKey 0
10-11 14:37:19.122 3264 3264 D ViewRootImpl@61fa874[CorrectionActivity]: ViewPostImeInputStage processKey 1
10-11 14:37:19.184 3264 3264 D ViewRootImpl@7097bc1[DeliverActivity]: Relayout returned: oldFrame=[0,0][768,1024] newFrame=[0,0][768,1024] result=0x7 surface={isValid=true -1853155328} surfaceGenerationChanged=true
10-11 14:37:19.186 3264 3264 D ViewRootImpl@7097bc1[DeliverActivity]: mHardwareRenderer.initialize() mSurface={isValid=true -1853155328} hwInitialized=true
10-11 14:37:19.188 3264 3264 D ViewRootImpl@7097bc1[DeliverActivity]: MSG_WINDOW_FOCUS_CHANGED 1
10-11 14:37:19.188 3264 3264 D ViewRootImpl@7097bc1[DeliverActivity]: mHardwareRenderer.initializeIfNeeded()#2 mSurface={isValid=true -1853155328}
10-11 14:37:19.199 3264 3264 V InputMethodManager: Starting input: tba=android.view.inputmethod.EditorInfo@5c8e1fb nm : cz.gienger.mobile ic=com.android.internal.widget.EditableInputConnection@e84e218
10-11 14:37:19.199 3264 3264 I InputMethodManager: startInputInner - mService.startInputOrWindowGainedFocus
10-11 14:37:19.202 3264 3264 D InputTransport: Input channel constructed: fd=66
10-11 14:37:19.202 3264 3264 D InputTransport: Input channel destroyed: fd=67
10-11 14:37:19.238 3264 3264 D ViewRootImpl@61fa874[CorrectionActivity]: mHardwareRenderer.destroy()#1
10-11 14:37:19.248 3264 3264 D ViewRootImpl@61fa874[CorrectionActivity]: Relayout returned: oldFrame=[0,0][768,1024] newFrame=[0,0][768,1024] result=0x5 surface={isValid=false 0} surfaceGenerationChanged=true
10-11 14:37:19.249 3264 3264 D ViewRootImpl@61fa874[CorrectionActivity]: MSG_WINDOW_FOCUS_CHANGED 0
10-11 14:37:19.647 3264 24762 D DELETING_DIRECTORY: /data/user/0/cz.gienger.mobile/files/delivery/130AT1180325869/corrections
10-11 14:37:19.648 3264 24762 D DELETING_DIRECTORY: exists /data/user/0/cz.gienger.mobile/files/delivery/130AT1180325869/corrections
10-11 14:37:19.655 3264 3264 D TextView: SYANI: Clipboard API is calling: clearFilter()
10-11 14:37:19.655 3264 3264 D TextView: SYANI: Clipboard API is calling: unregisterClipboardEventListener()
10-11 14:37:19.661 3264 3264 D TextView: SYANI: Clipboard API is calling: clearFilter()
10-11 14:37:19.661 3264 3264 D TextView: SYANI: Clipboard API is calling: unregisterClipboardEventListener()
10-11 14:37:19.666 3264 3264 D TextView: SYANI: Clipboard API is calling: clearFilter()
10-11 14:37:19.666 3264 3264 D TextView: SYANI: Clipboard API is calling: unregisterClipboardEventListener()
10-11 14:37:19.671 3264 3264 D TextView: SYANI: Clipboard API is calling: clearFilter()
10-11 14:37:19.671 3264 3264 D TextView: SYANI: Clipboard API is calling: unregisterClipboardEventListener()
10-11 14:37:19.675 3264 3264 D TextView: SYANI: Clipboard API is calling: clearFilter()
10-11 14:37:19.675 3264 3264 D TextView: SYANI: Clipboard API is calling: unregisterClipboardEventListener()
10-11 14:37:19.684 3264 3264 D TextView: SYANI: Clipboard API is calling: clearFilter()
10-11 14:37:19.684 3264 3264 D TextView: SYANI: Clipboard API is calling: unregisterClipboardEventListener()
10-11 14:37:19.688 3264 3264 D TextView: SYANI: Clipboard API is calling: clearFilter()
10-11 14:37:19.688 3264 3264 D TextView: SYANI: Clipboard API is calling: unregisterClipboardEventListener()
10-11 14:37:19.692 3264 3264 D TextView: SYANI: Clipboard API is calling: clearFilter()
10-11 14:37:19.692 3264 3264 D TextView: SYANI: Clipboard API is calling: unregisterClipboardEventListener()
10-11 14:37:19.696 3264 3264 D TextView: SYANI: Clipboard API is calling: clearFilter()
10-11 14:37:19.696 3264 3264 D TextView: SYANI: Clipboard API is calling: unregisterClipboardEventListener()
10-11 14:37:19.701 3264 3264 D TextView: SYANI: Clipboard API is calling: clearFilter()
10-11 14:37:19.701 3264 3264 D TextView: SYANI: Clipboard API is calling: unregisterClipboardEventListener()
10-11 14:37:19.706 3264 3264 D TextView: SYANI: Clipboard API is calling: clearFilter()
10-11 14:37:19.706 3264 3264 D TextView: SYANI: Clipboard API is calling: unregisterClipboardEventListener()
10-11 14:37:19.710 3264 3264 D TextView: SYANI: Clipboard API is calling: clearFilter()
10-11 14:37:19.710 3264 3264 D TextView: SYANI: Clipboard API is calling: unregisterClipboardEventListener()
10-11 14:37:19.713 3264 3264 D TextView: SYANI: Clipboard API is calling: clearFilter()
10-11 14:37:19.714 3264 3264 D TextView: SYANI: Clipboard API is calling: unregisterClipboardEventListener()
10-11 14:37:19.717 3264 3264 D TextView: SYANI: Clipboard API is calling: clearFilter()
10-11 14:37:19.717 3264 3264 D TextView: SYANI: Clipboard API is calling: unregisterClipboardEventListener()
10-11 14:37:19.720 3264 3264 D TextView: SYANI: Clipboard API is calling: clearFilter()
10-11 14:37:19.720 3264 3264 D TextView: SYANI: Clipboard API is calling: unregisterClipboardEventListener()
10-11 14:37:19.725 3264 3264 D TextView: SYANI: Clipboard API is calling: clearFilter()
10-11 14:37:19.725 3264 3264 D TextView: SYANI: Clipboard API is calling: unregisterClipboardEventListener()
10-11 14:37:19.729 3264 3264 D TextView: SYANI: Clipboard API is calling: clearFilter()
10-11 14:37:19.729 3264 3264 D TextView: SYANI: Clipboard API is calling: unregisterClipboardEventListener()
10-11 14:37:19.733 3264 3264 D TextView: SYANI: Clipboard API is calling: clearFilter()
10-11 14:37:19.733 3264 3264 D TextView: SYANI: Clipboard API is calling: unregisterClipboardEventListener()
10-11 14:37:19.736 3264 3264 D TextView: SYANI: Clipboard API is calling: clearFilter()
10-11 14:37:19.736 3264 3264 D TextView: SYANI: Clipboard API is calling: unregisterClipboardEventListener()
10-11 14:37:19.740 3264 3264 D TextView: SYANI: Clipboard API is calling: clearFilter()
10-11 14:37:19.740 3264 3264 D TextView: SYANI: Clipboard API is calling: unregisterClipboardEventListener()
10-11 14:37:19.745 3264 3264 D TextView: SYANI: Clipboard API is calling: clearFilter()
10-11 14:37:19.745 3264 3264 D TextView: SYANI: Clipboard API is calling: unregisterClipboardEventListener()
10-11 14:37:19.748 3264 3264 D TextView: SYANI: Clipboard API is calling: clearFilter()
10-11 14:37:19.748 3264 3264 D TextView: SYANI: Clipboard API is calling: unregisterClipboardEventListener()
10-11 14:37:19.752 3264 3264 D TextView: SYANI: Clipboard API is calling: clearFilter()
10-11 14:37:19.752 3264 3264 D TextView: SYANI: Clipboard API is calling: unregisterClipboardEventListener()
10-11 14:37:19.755 3264 3264 D TextView: SYANI: Clipboard API is calling: clearFilter()
10-11 14:37:19.755 3264 3264 D TextView: SYANI: Clipboard API is calling: unregisterClipboardEventListener()
10-11 14:37:19.758 3264 3264 D TextView: SYANI: Clipboard API is calling: clearFilter()
10-11 14:37:19.758 3264 3264 D TextView: SYANI: Clipboard API is calling: unregisterClipboardEventListener()
10-11 14:37:19.764 3264 3264 D TextView: SYANI: Clipboard API is calling: clearFilter()
10-11 14:37:19.764 3264 3264 D TextView: SYANI: Clipboard API is calling: unregisterClipboardEventListener()
10-11 14:37:19.768 3264 3264 D TextView: SYANI: Clipboard API is calling: clearFilter()
10-11 14:37:19.768 3264 3264 D TextView: SYANI: Clipboard API is calling: unregisterClipboardEventListener()
10-11 14:37:19.771 3264 3264 D TextView: SYANI: Clipboard API is calling: clearFilter()
10-11 14:37:19.771 3264 3264 D TextView: SYANI: Clipboard API is calling: unregisterClipboardEventListener()
10-11 14:37:19.775 3264 3264 D TextView: SYANI: Clipboard API is calling: clearFilter()
10-11 14:37:19.775 3264 3264 D TextView: SYANI: Clipboard API is calling: unregisterClipboardEventListener()
10-11 14:37:19.778 3264 3264 D TextView: SYANI: Clipboard API is calling: clearFilter()
10-11 14:37:19.778 3264 3264 D TextView: SYANI: Clipboard API is calling: unregisterClipboardEventListener()
10-11 14:37:19.783 3264 3264 D TextView: SYANI: Clipboard API is calling: clearFilter()
10-11 14:37:19.784 3264 3264 D TextView: SYANI: Clipboard API is calling: unregisterClipboardEventListener()
10-11 14:37:19.787 3264 3264 D TextView: SYANI: Clipboard API is calling: clearFilter()
10-11 14:37:19.787 3264 3264 D TextView: SYANI: Clipboard API is calling: unregisterClipboardEventListener()
10-11 14:37:19.790 3264 3264 D TextView: SYANI: Clipboard API is calling: clearFilter()
10-11 14:37:19.790 3264 3264 D TextView: SYANI: Clipboard API is calling: unregisterClipboardEventListener()
10-11 14:37:19.794 3264 3264 D TextView: SYANI: Clipboard API is calling: clearFilter()
10-11 14:37:19.794 3264 3264 D TextView: SYANI: Clipboard API is calling: unregisterClipboardEventListener()
10-11 14:37:19.797 3264 3264 D TextView: SYANI: Clipboard API is calling: clearFilter()
10-11 14:37:19.797 3264 3264 D TextView: SYANI: Clipboard API is calling: unregisterClipboardEventListener()
10-11 14:37:19.802 3264 3264 D TextView: SYANI: Clipboard API is calling: clearFilter()
10-11 14:37:19.802 3264 3264 D TextView: SYANI: Clipboard API is calling: unregisterClipboardEventListener()
10-11 14:37:19.806 3264 3264 D TextView: SYANI: Clipboard API is calling: clearFilter()
10-11 14:37:19.806 3264 3264 D TextView: SYANI: Clipboard API is calling: unregisterClipboardEventListener()
10-11 14:37:19.809 3264 3264 D TextView: SYANI: Clipboard API is calling: clearFilter()
10-11 14:37:19.809 3264 3264 D TextView: SYANI: Clipboard API is calling: unregisterClipboardEventListener()
10-11 14:37:19.813 3264 3264 D TextView: SYANI: Clipboard API is calling: clearFilter()
10-11 14:37:19.813 3264 3264 D TextView: SYANI: Clipboard API is calling: unregisterClipboardEventListener()
10-11 14:37:19.817 3264 3264 D TextView: SYANI: Clipboard API is calling: clearFilter()
10-11 14:37:19.817 3264 3264 D TextView: SYANI: Clipboard API is calling: unregisterClipboardEventListener()
10-11 14:37:19.832 3264 3264 D ViewRootImpl@61fa874[CorrectionActivity]: mHardwareRenderer.destroy()#4
10-11 14:37:19.832 3264 3264 D ViewRootImpl@61fa874[CorrectionActivity]: dispatchDetachedFromWindow
10-11 14:37:19.839 3264 3264 D InputTransport: Input channel destroyed: fd=60
10-11 14:37:19.840 3264 3264 D DELETING_PHOTOS: true
10-11 14:37:19.841 3264 3264 D ViewRootImpl@7097bc1[DeliverActivity]: ViewPostImeInputStage processKey 0
10-11 14:37:19.896 3264 3264 D ViewRootImpl@7097bc1[DeliverActivity]: ViewPostImeInputStage processKey 1
10-11 14:37:20.248 3264 3264 D TextView: SYANI: Clipboard API is calling: clearFilter()
10-11 14:37:20.248 3264 3264 D TextView: SYANI: Clipboard API is calling: unregisterClipboardEventListener()
10-11 14:37:20.250 3264 3264 D TextView: SYANI: Clipboard API is calling: clearFilter()
10-11 14:37:20.250 3264 3264 D TextView: SYANI: Clipboard API is calling: unregisterClipboardEventListener()
10-11 14:37:20.251 3264 3264 D TextView: SYANI: Clipboard API is calling: clearFilter()
10-11 14:37:20.251 3264 3264 D TextView: SYANI: Clipboard API is calling: unregisterClipboardEventListener()
10-11 14:37:22.224 3264 3264 D ViewRootImpl@7097bc1[DeliverActivity]: ViewPostImeInputStage processPointer 0
10-11 14:37:22.284 3264 3264 D ViewRootImpl@7097bc1[DeliverActivity]: ViewPostImeInputStage processPointer 1
10-11 14:37:22.635 3264 3264 D TextView: SYANI: Clipboard API is calling: clearFilter()
10-11 14:37:22.635 3264 3264 D TextView: SYANI: Clipboard API is calling: unregisterClipboardEventListener()
10-11 14:37:22.640 3264 3264 D TextView: SYANI: Clipboard API is calling: clearFilter()
10-11 14:37:22.640 3264 3264 D TextView: SYANI: Clipboard API is calling: unregisterClipboardEventListener()
10-11 14:37:22.643 3264 3264 D TextView: SYANI: Clipboard API is calling: clearFilter()
10-11 14:37:22.643 3264 3264 D TextView: SYANI: Clipboard API is calling: unregisterClipboardEventListener()
10-11 14:37:23.885 3264 3264 D ViewRootImpl@7097bc1[DeliverActivity]: ViewPostImeInputStage processKey 0
10-11 14:37:23.964 3264 3264 D ViewRootImpl@7097bc1[DeliverActivity]: ViewPostImeInputStage processKey 1
10-11 14:37:24.146 3264 3264 D ViewRootImpl@45705bd[MainActivity]: Relayout returned: oldFrame=[0,0][768,1024] newFrame=[0,0][768,1024] result=0x7 surface={isValid=true -1850339328} surfaceGenerationChanged=true
10-11 14:37:24.147 3264 3264 D ViewRootImpl@45705bd[MainActivity]: mHardwareRenderer.initialize() mSurface={isValid=true -1850339328} hwInitialized=true
10-11 14:37:24.212 3264 3264 D AbsListView: in onLayout changed
10-11 14:37:24.232 3264 3264 D ViewRootImpl@45705bd[MainActivity]: MSG_WINDOW_FOCUS_CHANGED 1
10-11 14:37:24.233 3264 3264 D ViewRootImpl@45705bd[MainActivity]: mHardwareRenderer.initializeIfNeeded()#2 mSurface={isValid=true -1850339328}
10-11 14:37:24.234 3264 3264 V InputMethodManager: Starting input: tba=android.view.inputmethod.EditorInfo@2cbaf4b nm : cz.gienger.mobile ic=null
10-11 14:37:24.234 3264 3264 I InputMethodManager: startInputInner - mService.startInputOrWindowGainedFocus
10-11 14:37:24.247 3264 3264 D InputTransport: Input channel constructed: fd=70
10-11 14:37:24.248 3264 3264 D InputTransport: Input channel destroyed: fd=66
10-11 14:37:24.258 3264 3264 W IInputConnectionWrapper: finishComposingText on inactive InputConnection
10-11 14:37:24.258 3264 3264 D ViewRootImpl@7097bc1[DeliverActivity]: MSG_WINDOW_FOCUS_CHANGED 0
10-11 14:37:24.287 3264 3264 D ViewRootImpl@7097bc1[DeliverActivity]: mHardwareRenderer.destroy()#1
10-11 14:37:24.293 3264 3264 D ViewRootImpl@7097bc1[DeliverActivity]: Relayout returned: oldFrame=[0,0][768,1024] newFrame=[0,0][768,1024] result=0x5 surface={isValid=false 0} surfaceGenerationChanged=true
10-11 14:37:24.677 3264 3264 D ViewRootImpl@7097bc1[DeliverActivity]: mHardwareRenderer.destroy()#4
10-11 14:37:24.677 3264 3264 D ViewRootImpl@7097bc1[DeliverActivity]: dispatchDetachedFromWindow
10-11 14:37:24.686 3264 3264 D InputTransport: Input channel destroyed: fd=65
10-11 14:37:24.686 3264 3264 D LOCATION_SERVICE: onDestroy
10-11 14:37:26.387 3264 3264 D ViewRootImpl@45705bd[MainActivity]: ViewPostImeInputStage processPointer 0
10-11 14:37:26.444 3264 3264 D ViewRootImpl@45705bd[MainActivity]: ViewPostImeInputStage processPointer 1
10-11 14:37:26.463 3264 3264 D item_click: viewId = 2131820758, position = 0
10-11 14:37:26.512 3264 3264 D ViewRootImpl@45705bd[MainActivity]: MSG_WINDOW_FOCUS_CHANGED 0
10-11 14:37:26.576 3264 3264 D ScrollView: initGoToTop
10-11 14:37:26.658 3264 3264 D ViewRootImpl@13292c0[CancelDeliveryActivity]: ThreadedRenderer.create() translucent=false
10-11 14:37:26.661 3264 3264 D InputTransport: Input channel constructed: fd=64
10-11 14:37:26.662 3264 3264 D ViewRootImpl@13292c0[CancelDeliveryActivity]: setView = DecorView@bbf2bf9[CancelDeliveryActivity] touchMode=true
10-11 14:37:26.665 3264 3264 D LOCATION_SERVICE: LocationListener gps
10-11 14:37:26.666 3264 3264 D LOCATION_SERVICE: LocationListener network
10-11 14:37:26.667 3264 3264 D Graph : removeVertex() : insertDummyVertex, because there is no ancestor.
10-11 14:37:26.667 3264 3264 D LOCATION_SERVICE: onCreate
10-11 14:37:26.667 3264 3264 D LOCATION_SERVICE: initializeLocationManager
10-11 14:37:26.676 3264 3264 D LOCATION_SERVICE: onStartCommand
10-11 14:37:26.709 3264 3264 D ViewRootImpl@13292c0[CancelDeliveryActivity]: dispatchAttachedToWindow
10-11 14:37:26.765 3264 3264 D ViewRootImpl@13292c0[CancelDeliveryActivity]: Relayout returned: oldFrame=[0,0][0,0] newFrame=[0,0][768,1024] result=0x27 surface={isValid=true -1853157376} surfaceGenerationChanged=true
10-11 14:37:26.765 3264 3264 D ViewRootImpl@13292c0[CancelDeliveryActivity]: mHardwareRenderer.initialize() mSurface={isValid=true -1853157376} hwInitialized=true
10-11 14:37:26.771 3264 3264 D ScrollView: onsize change changed
10-11 14:37:26.810 3264 3264 D ViewRootImpl@13292c0[CancelDeliveryActivity]: MSG_RESIZED_REPORT: frame=Rect(0, 0 - 768, 1024) ci=Rect(0, 24 - 0, 0) vi=Rect(0, 24 - 0, 0) or=1
10-11 14:37:26.810 3264 3264 D ViewRootImpl@13292c0[CancelDeliveryActivity]: MSG_WINDOW_FOCUS_CHANGED 1
10-11 14:37:26.810 3264 3264 D ViewRootImpl@13292c0[CancelDeliveryActivity]: mHardwareRenderer.initializeIfNeeded()#2 mSurface={isValid=true -1853157376}
10-11 14:37:26.815 3264 3264 V InputMethodManager: Starting input: tba=android.view.inputmethod.EditorInfo@c1edb84 nm : cz.gienger.mobile ic=null
10-11 14:37:26.815 3264 3264 I InputMethodManager: startInputInner - mService.startInputOrWindowGainedFocus
10-11 14:37:26.827 3264 3264 D InputTransport: Input channel constructed: fd=65
10-11 14:37:26.827 3264 3264 D InputTransport: Input channel destroyed: fd=70
10-11 14:37:26.870 3264 3321 D OpenGLRenderer: endAllActiveAnimators on 0x92190000 (RippleDrawable) with handle 0x921ac2f0
10-11 14:37:26.871 3264 3264 D ViewRootImpl@45705bd[MainActivity]: mHardwareRenderer.destroy()#1
10-11 14:37:26.878 3264 3264 D ViewRootImpl@45705bd[MainActivity]: Relayout returned: oldFrame=[0,0][768,1024] newFrame=[0,0][768,1024] result=0x5 surface={isValid=false 0} surfaceGenerationChanged=true
10-11 14:37:27.269 3264 3264 D ViewRootImpl@45705bd[MainActivity]: Relayout returned: oldFrame=[0,0][768,1024] newFrame=[0,0][768,1024] result=0x5 surface={isValid=false 0} surfaceGenerationChanged=false
10-11 14:37:27.360 3264 3264 D LOCATION_SERVICE: onLocationChanged: Location[network 49,191127,17,534443 acc=21 et=+55m56s298ms alt=0.0 vel=0.0 bear=0.0 {Bundle[mParcelledData.dataSize=80]}]
10-11 14:37:29.179 3264 3264 D ViewRootImpl@13292c0[CancelDeliveryActivity]: ViewPostImeInputStage processPointer 0
10-11 14:37:29.248 3264 3264 D ViewRootImpl@13292c0[CancelDeliveryActivity]: ViewPostImeInputStage processPointer 1
10-11 14:37:32.685 3264 3264 D ViewRootImpl@13292c0[CancelDeliveryActivity]: ViewPostImeInputStage processPointer 0
10-11 14:37:32.721 3264 3264 D ViewRootImpl@13292c0[CancelDeliveryActivity]: ViewPostImeInputStage processPointer 1
10-11 14:37:35.955 3264 3264 D ViewRootImpl@13292c0[CancelDeliveryActivity]: ViewPostImeInputStage processPointer 0
10-11 14:37:36.035 3264 3264 D ViewRootImpl@13292c0[CancelDeliveryActivity]: ViewPostImeInputStage processPointer 1
10-11 14:37:36.091 3264 3264 D ViewRootImpl@13292c0[CancelDeliveryActivity]: MSG_WINDOW_FOCUS_CHANGED 0
10-11 14:37:36.189 3264 3264 D ViewRootImpl@43069a8[DeliveryCenterActivity]: ThreadedRenderer.create() translucent=false
10-11 14:37:36.192 3264 3264 D InputTransport: Input channel constructed: fd=73
10-11 14:37:36.192 3264 3264 D ViewRootImpl@43069a8[DeliveryCenterActivity]: setView = DecorView@8be5cc1[DeliveryCenterActivity] touchMode=true
10-11 14:37:36.195 3264 3264 D ViewRootImpl@43069a8[DeliveryCenterActivity]: dispatchAttachedToWindow
10-11 14:37:36.220 3264 3264 D ViewRootImpl@43069a8[DeliveryCenterActivity]: Relayout returned: oldFrame=[0,0][0,0] newFrame=[0,0][768,1024] result=0x27 surface={isValid=true -1830514688} surfaceGenerationChanged=true
10-11 14:37:36.220 3264 3264 D ViewRootImpl@43069a8[DeliveryCenterActivity]: mHardwareRenderer.initialize() mSurface={isValid=true -1830514688} hwInitialized=true
10-11 14:37:36.419 3264 3264 D AbsListView: in onLayout changed
10-11 14:37:36.446 3264 3264 D ViewRootImpl@43069a8[DeliveryCenterActivity]: MSG_RESIZED_REPORT: frame=Rect(0, 0 - 768, 1024) ci=Rect(0, 24 - 0, 0) vi=Rect(0, 24 - 0, 0) or=1
10-11 14:37:36.446 3264 3264 D ViewRootImpl@43069a8[DeliveryCenterActivity]: MSG_WINDOW_FOCUS_CHANGED 1
10-11 14:37:36.446 3264 3264 D ViewRootImpl@43069a8[DeliveryCenterActivity]: mHardwareRenderer.initializeIfNeeded()#2 mSurface={isValid=true -1830514688}
10-11 14:37:36.448 3264 3264 V InputMethodManager: Starting input: tba=android.view.inputmethod.EditorInfo@7d02129 nm : cz.gienger.mobile ic=null
10-11 14:37:36.449 3264 3264 I InputMethodManager: startInputInner - mService.startInputOrWindowGainedFocus
10-11 14:37:36.464 3264 3264 D InputTransport: Input channel constructed: fd=60
10-11 14:37:36.464 3264 3264 D InputTransport: Input channel destroyed: fd=65
10-11 14:37:36.525 3264 3321 D OpenGLRenderer: endAllActiveAnimators on 0x91b40000 (RippleDrawable) with handle 0x92321360
10-11 14:37:36.526 3264 3264 D ViewRootImpl@13292c0[CancelDeliveryActivity]: mHardwareRenderer.destroy()#1
10-11 14:37:36.543 3264 3264 D ViewRootImpl@13292c0[CancelDeliveryActivity]: Relayout returned: oldFrame=[0,0][768,1024] newFrame=[0,0][768,1024] result=0x5 surface={isValid=false 0} surfaceGenerationChanged=true
10-11 14:37:36.923 3264 3264 D ViewRootImpl@13292c0[CancelDeliveryActivity]: Relayout returned: oldFrame=[0,0][768,1024] newFrame=[0,0][768,1024] result=0x5 surface={isValid=false 0} surfaceGenerationChanged=false
10-11 14:37:39.206 3264 3264 D ViewRootImpl@43069a8[DeliveryCenterActivity]: ViewPostImeInputStage processPointer 0
10-11 14:37:39.268 3264 3264 D AbsListView: reportScrollStateChange() newState : 1
10-11 14:37:41.938 3264 3264 D ViewRootImpl@43069a8[DeliveryCenterActivity]: ViewPostImeInputStage processPointer 1
10-11 14:37:41.939 3264 3264 D AbsListView: onTouchUp() mTouchMode : 3
10-11 14:37:41.939 3264 3264 D AbsListView: onTouchUp() TOUCH_MODE_SCROLL initialVelocity : 284
10-11 14:37:41.939 3264 3264 D AbsListView: reportScrollStateChange() newState : 0
10-11 14:37:42.408 3264 3264 D ViewRootImpl@43069a8[DeliveryCenterActivity]: ViewPostImeInputStage processPointer 0
10-11 14:37:42.527 3264 3264 D AbsListView: reportScrollStateChange() newState : 1
10-11 14:37:43.010 3264 3264 D ViewRootImpl@43069a8[DeliveryCenterActivity]: ViewPostImeInputStage processPointer 1
10-11 14:37:43.010 3264 3264 D AbsListView: onTouchUp() mTouchMode : 3
10-11 14:37:43.010 3264 3264 D AbsListView: onTouchUp() TOUCH_MODE_SCROLL initialVelocity : -10
10-11 14:37:43.010 3264 3264 D AbsListView: reportScrollStateChange() newState : 0
10-11 14:37:49.659 3264 3264 D ViewRootImpl@43069a8[DeliveryCenterActivity]: ViewPostImeInputStage processPointer 0
10-11 14:37:49.708 3264 3264 D AbsListView: reportScrollStateChange() newState : 1
10-11 14:37:50.401 3264 3264 D ViewRootImpl@43069a8[DeliveryCenterActivity]: ViewPostImeInputStage processPointer 1
10-11 14:37:50.401 3264 3264 D AbsListView: onTouchUp() mTouchMode : 3
10-11 14:37:50.401 3264 3264 D AbsListView: onTouchUp() TOUCH_MODE_SCROLL initialVelocity : -1076
10-11 14:37:50.402 3264 3264 D AbsListView: reportScrollStateChange() newState : 2
10-11 14:37:51.014 3264 3264 D AbsListView: reportScrollStateChange() newState : 0
10-11 14:37:51.063 3264 3264 D ViewRootImpl@43069a8[DeliveryCenterActivity]: ViewPostImeInputStage processPointer 0
10-11 14:37:51.114 3264 3264 D AbsListView: reportScrollStateChange() newState : 1
10-11 14:37:51.656 3264 3264 D ViewRootImpl@43069a8[DeliveryCenterActivity]: ViewPostImeInputStage processPointer 1
10-11 14:37:51.657 3264 3264 D AbsListView: onTouchUp() mTouchMode : 3
10-11 14:37:51.657 3264 3264 D AbsListView: onTouchUp() TOUCH_MODE_SCROLL initialVelocity : -172
10-11 14:37:51.657 3264 3264 D AbsListView: reportScrollStateChange() newState : 2
10-11 14:37:51.833 3264 3264 D AbsListView: reportScrollStateChange() newState : 0
10-11 14:37:52.709 3264 3264 D ViewRootImpl@43069a8[DeliveryCenterActivity]: ViewPostImeInputStage processPointer 0
10-11 14:37:52.765 3264 3264 D AbsListView: reportScrollStateChange() newState : 1
10-11 14:37:53.304 3264 3264 D ViewRootImpl@43069a8[DeliveryCenterActivity]: ViewPostImeInputStage processPointer 1
10-11 14:37:53.305 3264 3264 D AbsListView: onTouchUp() mTouchMode : 3
10-11 14:37:53.305 3264 3264 D AbsListView: onTouchUp() TOUCH_MODE_SCROLL initialVelocity : -596
10-11 14:37:53.305 3264 3264 D AbsListView: reportScrollStateChange() newState : 2
10-11 14:37:53.720 3264 3264 D AbsListView: reportScrollStateChange() newState : 0
10-11 14:37:59.820 3264 3264 D ViewRootImpl@43069a8[DeliveryCenterActivity]: ViewPostImeInputStage processPointer 0
10-11 14:37:59.848 3264 3264 D AbsListView: reportScrollStateChange() newState : 1
10-11 14:37:59.965 3264 3264 D ViewRootImpl@43069a8[DeliveryCenterActivity]: ViewPostImeInputStage processPointer 1
10-11 14:37:59.965 3264 3264 D AbsListView: onTouchUp() mTouchMode : 3
10-11 14:37:59.965 3264 3264 D AbsListView: onTouchUp() TOUCH_MODE_SCROLL initialVelocity : -2960
10-11 14:37:59.965 3264 3264 D AbsListView: reportScrollStateChange() newState : 2
10-11 14:38:00.808 3264 3264 D ViewRootImpl@43069a8[DeliveryCenterActivity]: ViewPostImeInputStage processPointer 0
10-11 14:38:00.918 3264 3264 D ViewRootImpl@43069a8[DeliveryCenterActivity]: ViewPostImeInputStage processPointer 1
10-11 14:38:00.918 3264 3264 D AbsListView: onTouchUp() mTouchMode : 3
10-11 14:38:00.918 3264 3264 D AbsListView: onTouchUp() TOUCH_MODE_SCROLL initialVelocity : -3872
10-11 14:38:01.119 3264 3264 D AbsListView: reportScrollStateChange() newState : 0
10-11 14:38:17.382 3264 3264 D ViewRootImpl@43069a8[DeliveryCenterActivity]: ViewPostImeInputStage processPointer 0
10-11 14:38:17.470 3264 3264 D AbsListView: reportScrollStateChange() newState : 1
10-11 14:38:20.314 3264 3264 D ViewRootImpl@43069a8[DeliveryCenterActivity]: ViewPostImeInputStage processPointer 1
10-11 14:38:20.315 3264 3264 D AbsListView: onTouchUp() mTouchMode : 3
10-11 14:38:20.315 3264 3264 D AbsListView: onTouchUp() TOUCH_MODE_SCROLL initialVelocity : -22
10-11 14:38:20.315 3264 3264 D AbsListView: reportScrollStateChange() newState : 0
10-11 14:38:24.196 3264 3264 D ViewRootImpl@43069a8[DeliveryCenterActivity]: ViewPostImeInputStage processPointer 0
10-11 14:38:24.251 3264 3264 D AbsListView: reportScrollStateChange() newState : 1
10-11 14:38:24.919 3264 3264 D ViewRootImpl@43069a8[DeliveryCenterActivity]: ViewPostImeInputStage processPointer 1
10-11 14:38:24.921 3264 3264 D AbsListView: onTouchUp() mTouchMode : 3
10-11 14:38:24.921 3264 3264 D AbsListView: onTouchUp() TOUCH_MODE_SCROLL initialVelocity : 0
10-11 14:38:24.921 3264 3264 D AbsListView: reportScrollStateChange() newState : 0
10-11 14:38:25.450 3264 3264 D ViewRootImpl@43069a8[DeliveryCenterActivity]: ViewPostImeInputStage processPointer 0
10-11 14:38:25.524 3264 3264 D AbsListView: reportScrollStateChange() newState : 1
10-11 14:38:25.842 3264 3276 I art : Background sticky concurrent mark sweep GC freed 295392(9MB) AllocSpace objects, 2(40KB) LOS objects, 57% free, 7MB/17MB, paused 832us total 119.893ms
10-11 14:38:25.880 3264 3264 D ViewRootImpl@43069a8[DeliveryCenterActivity]: ViewPostImeInputStage processPointer 1
10-11 14:38:25.880 3264 3264 D AbsListView: onTouchUp() mTouchMode : 3
10-11 14:38:25.880 3264 3264 D AbsListView: onTouchUp() TOUCH_MODE_SCROLL initialVelocity : 1930
10-11 14:38:25.880 3264 3264 D AbsListView: reportScrollStateChange() newState : 2
10-11 14:38:26.387 3264 3264 D ViewRootImpl@43069a8[DeliveryCenterActivity]: ViewPostImeInputStage processPointer 0
10-11 14:38:26.478 3264 3264 D ViewRootImpl@43069a8[DeliveryCenterActivity]: ViewPostImeInputStage processPointer 1
10-11 14:38:26.478 3264 3264 D AbsListView: onTouchUp() mTouchMode : 3
10-11 14:38:26.478 3264 3264 D AbsListView: onTouchUp() TOUCH_MODE_SCROLL initialVelocity : 2592
10-11 14:38:27.710 3264 3264 D AbsListView: reportScrollStateChange() newState : 0
10-11 14:38:28.107 3264 3264 D ViewRootImpl@43069a8[DeliveryCenterActivity]: ViewPostImeInputStage processPointer 0
10-11 14:38:28.144 3264 3264 D AbsListView: reportScrollStateChange() newState : 1
10-11 14:38:28.251 3264 3264 D ViewRootImpl@43069a8[DeliveryCenterActivity]: ViewPostImeInputStage processPointer 1
10-11 14:38:28.251 3264 3264 D AbsListView: onTouchUp() mTouchMode : 3
10-11 14:38:28.252 3264 3264 D AbsListView: onTouchUp() TOUCH_MODE_SCROLL initialVelocity : 2990
10-11 14:38:28.252 3264 3264 D AbsListView: reportScrollStateChange() newState : 2
10-11 14:38:28.966 3264 3264 D ViewRootImpl@43069a8[DeliveryCenterActivity]: ViewPostImeInputStage processPointer 0
10-11 14:38:29.009 3264 3264 D AbsListView: reportScrollStateChange() newState : 0
10-11 14:38:29.010 3264 3264 D AbsListView: reportScrollStateChange() newState : 1
10-11 14:38:29.203 3264 3264 D ViewRootImpl@43069a8[DeliveryCenterActivity]: ViewPostImeInputStage processPointer 1
10-11 14:38:29.203 3264 3264 D AbsListView: onTouchUp() mTouchMode : 3
10-11 14:38:29.203 3264 3264 D AbsListView: onTouchUp() TOUCH_MODE_SCROLL initialVelocity : -1803
10-11 14:38:29.203 3264 3264 D AbsListView: reportScrollStateChange() newState : 2
10-11 14:38:29.505 3264 3264 D ViewRootImpl@43069a8[DeliveryCenterActivity]: ViewPostImeInputStage processPointer 0
10-11 14:38:29.545 3264 3264 D AbsListView: reportScrollStateChange() newState : 0
10-11 14:38:29.547 3264 3264 D AbsListView: reportScrollStateChange() newState : 1
10-11 14:38:30.107 3264 3264 D ViewRootImpl@43069a8[DeliveryCenterActivity]: ViewPostImeInputStage processPointer 1
10-11 14:38:30.108 3264 3264 D AbsListView: onTouchUp() mTouchMode : 3
10-11 14:38:30.108 3264 3264 D AbsListView: onTouchUp() TOUCH_MODE_SCROLL initialVelocity : -898
10-11 14:38:30.108 3264 3264 D AbsListView: reportScrollStateChange() newState : 2
10-11 14:38:30.650 3264 3264 D AbsListView: reportScrollStateChange() newState : 0
10-11 14:38:30.958 3264 3264 D ViewRootImpl@43069a8[DeliveryCenterActivity]: ViewPostImeInputStage processPointer 0
10-11 14:38:30.985 3264 3264 D AbsListView: reportScrollStateChange() newState : 1
10-11 14:38:31.040 3264 3264 D ViewRootImpl@43069a8[DeliveryCenterActivity]: ViewPostImeInputStage processPointer 1
10-11 14:38:31.040 3264 3264 D AbsListView: onTouchUp() mTouchMode : 3
10-11 14:38:31.040 3264 3264 D AbsListView: onTouchUp() TOUCH_MODE_SCROLL initialVelocity : 4916
10-11 14:38:31.040 3264 3264 D AbsListView: reportScrollStateChange() newState : 2
10-11 14:38:31.453 3264 3264 D AbsListView: reportScrollStateChange() newState : 0
10-11 14:38:38.945 3264 3264 D ViewRootImpl@43069a8[DeliveryCenterActivity]: ViewPostImeInputStage processPointer 0
10-11 14:38:38.995 3264 3264 D AbsListView: reportScrollStateChange() newState : 1
10-11 14:38:39.568 3264 3264 D ViewRootImpl@43069a8[DeliveryCenterActivity]: ViewPostImeInputStage processPointer 1
10-11 14:38:39.568 3264 3264 D AbsListView: onTouchUp() mTouchMode : 3
10-11 14:38:39.568 3264 3264 D AbsListView: onTouchUp() TOUCH_MODE_SCROLL initialVelocity : -14
10-11 14:38:39.568 3264 3264 D AbsListView: reportScrollStateChange() newState : 0
10-11 14:38:59.282 3264 3264 D ViewRootImpl@43069a8[DeliveryCenterActivity]: ViewPostImeInputStage processPointer 0
10-11 14:38:59.328 3264 3264 D AbsListView: reportScrollStateChange() newState : 1
10-11 14:38:59.776 3264 3264 D ViewRootImpl@43069a8[DeliveryCenterActivity]: ViewPostImeInputStage processPointer 1
10-11 14:38:59.776 3264 3264 D AbsListView: onTouchUp() mTouchMode : 3
10-11 14:38:59.777 3264 3264 D AbsListView: onTouchUp() TOUCH_MODE_SCROLL initialVelocity : -32
10-11 14:38:59.777 3264 3264 D AbsListView: reportScrollStateChange() newState : 0
10-11 14:39:10.348 3264 3264 D ViewRootImpl@43069a8[DeliveryCenterActivity]: ViewPostImeInputStage processPointer 0
10-11 14:39:10.420 3264 3264 D AbsListView: reportScrollStateChange() newState : 1
