09-08 09:17:55.302 18286 18286 W dogbel : handleMotionEvent enter
09-08 09:17:55.302 18286 18286 W dogbel : handleMotionEvent enter 2
09-08 09:17:55.302 18286 18286 D DirectPenInput: handleMotionEvent ACTION_HOVER_ENTER
09-08 09:17:55.304 18286 18286 D DirectPenInput: canStartDirectPenInput() : false
09-08 09:17:55.304 18286 18286 D DirectPenInput: state : 0.1.0.9. bc1b4f4
09-08 09:17:55.312 18286 18286 W dogbel : handleMotionEvent enter
09-08 09:17:55.312 18286 18286 W dogbel : handleMotionEvent enter 2
09-08 09:17:55.315 18286 18286 D ViewRootImpl: updatePointerIcon pointerType = 20002, calling pid = 18286
09-08 09:17:55.316 18286 18286 D InputManager: setPointerIconType iconId = 20002, callingPid = 18286
09-08 09:17:55.321 18286 18286 W dogbel : handleMotionEvent enter
09-08 09:17:55.321 18286 18286 W dogbel : handleMotionEvent enter 2
09-08 09:17:55.333 18286 18286 W dogbel : handleMotionEvent enter
09-08 09:17:55.334 18286 18286 W dogbel : handleMotionEvent enter 2
09-08 09:17:55.350 18286 18286 W dogbel : handleMotionEvent enter
09-08 09:17:55.351 18286 18286 W dogbel : handleMotionEvent enter 2
09-08 09:17:55.367 18286 18286 W dogbel : handleMotionEvent enter
09-08 09:17:55.367 18286 18286 W dogbel : handleMotionEvent enter 2
09-08 09:17:55.383 18286 18286 W dogbel : handleMotionEvent enter
09-08 09:17:55.385 18286 18286 W dogbel : handleMotionEvent enter 2
09-08 09:17:55.395 18286 18286 W dogbel : handleMotionEvent enter
09-08 09:17:55.395 18286 18286 W dogbel : handleMotionEvent enter 2
09-08 09:17:55.398 18286 18286 W dogbel : handleMotionEvent enter
09-08 09:17:55.398 18286 18286 W dogbel : handleMotionEvent enter 2
09-08 09:17:55.398 18286 18286 D DirectPenInput: handleMotionEvent ACTION_HOVER_EXIT
09-08 09:17:55.398 18286 18286 D DirectPenInput: state : 0.1.0.10. bc1b4f4
09-08 09:17:55.402 18286 18286 D ViewRootImpl@a3afa90[DeliverActivity]: ViewPostImeInputStage processPointer 0
09-08 09:17:55.403 18286 18286 W dogbel : handleMotionEvent enter
09-08 09:17:55.403 18286 18286 W dogbel : handleMotionEvent enter 2
09-08 09:17:55.403 18286 18286 D DirectPenInput: state : 0.1.0.0. bc1b4f4
09-08 09:17:55.404 18286 18286 D ViewRootImpl: updatePointerIcon pointerType = 20002, calling pid = 18286
09-08 09:17:55.405 18286 18286 D InputManager: setPointerIconType iconId = 20002, callingPid = 18286
09-08 09:17:55.406 18286 18286 W dogbel : handleMotionEvent enter
09-08 09:17:55.406 18286 18286 W dogbel : handleMotionEvent enter 2
09-08 09:17:55.406 18286 18286 D DirectPenInput: state : 0.1.0.2. bc1b4f4
09-08 09:17:55.417 18286 18286 W dogbel : handleMotionEvent enter
09-08 09:17:55.417 18286 18286 W dogbel : handleMotionEvent enter 2
09-08 09:17:55.417 18286 18286 D DirectPenInput: state : 0.1.0.2. bc1b4f4
09-08 09:17:55.434 18286 18286 W dogbel : handleMotionEvent enter
09-08 09:17:55.434 18286 18286 W dogbel : handleMotionEvent enter 2
09-08 09:17:55.434 18286 18286 D DirectPenInput: state : 0.1.0.2. bc1b4f4
09-08 09:17:55.450 18286 18286 W dogbel : handleMotionEvent enter
09-08 09:17:55.450 18286 18286 W dogbel : handleMotionEvent enter 2
09-08 09:17:55.450 18286 18286 D DirectPenInput: state : 0.1.0.2. bc1b4f4
09-08 09:17:55.467 18286 18286 W dogbel : handleMotionEvent enter
09-08 09:17:55.467 18286 18286 W dogbel : handleMotionEvent enter 2
09-08 09:17:55.467 18286 18286 D DirectPenInput: state : 0.1.0.2. bc1b4f4
09-08 09:17:55.484 18286 18286 W dogbel : handleMotionEvent enter
09-08 09:17:55.484 18286 18286 W dogbel : handleMotionEvent enter 2
09-08 09:17:55.484 18286 18286 D DirectPenInput: state : 0.1.0.2. bc1b4f4
09-08 09:17:55.490 18286 18286 D ViewRootImpl@a3afa90[DeliverActivity]: ViewPostImeInputStage processPointer 1
09-08 09:17:55.492 18286 18286 W dogbel : handleMotionEvent enter
09-08 09:17:55.492 18286 18286 W dogbel : handleMotionEvent enter 2
09-08 09:17:55.492 18286 18286 D DirectPenInput: state : 0.1.0.1. bc1b4f4
09-08 09:17:55.509 18286 18286 V InputMethodManager: Starting input: tba=android.view.inputmethod.EditorInfo@4ad914e nm : cz.gienger.mobile ic=com.android.internal.widget.EditableInputConnection@80d26f
09-08 09:17:55.509 18286 18286 I InputMethodManager: startInputInner - mService.startInputOrWindowGainedFocus
09-08 09:17:55.513 18286 18286 D InputTransport: Input channel constructed: fd=65
09-08 09:17:55.514 18286 18286 D InputTransport: Input channel destroyed: fd=77
09-08 09:17:55.514 18286 18286 D InputMethodManager: SSI - flag : 0 Pid : 18286 view : cz.gienger.mobile
09-08 09:17:55.515 18286 18286 W dogbel : handleMotionEvent enter
09-08 09:17:55.515 18286 18286 W dogbel : handleMotionEvent enter 2
09-08 09:17:55.515 18286 18286 D DirectPenInput: handleMotionEvent ACTION_HOVER_ENTER
09-08 09:17:55.517 18286 18286 D DirectPenInput: canStartDirectPenInput() : false
09-08 09:17:55.517 18286 18286 D DirectPenInput: state : 0.1.0.9. bc1b4f4
09-08 09:17:55.525 18286 18286 D ViewRootImpl: updatePointerIcon pointerType = 20002, calling pid = 18286
09-08 09:17:55.525 18286 18286 D InputManager: setPointerIconType iconId = 20002, callingPid = 18286
09-08 09:17:55.526 18286 18286 D ViewRootImpl: updatePointerIcon pointerType = 20002, calling pid = 18286
09-08 09:17:55.527 18286 18286 D InputManager: setPointerIconType iconId = 20002, callingPid = 18286
09-08 09:17:55.528 18286 18286 W dogbel : handleMotionEvent enter
09-08 09:17:55.528 18286 18286 W dogbel : handleMotionEvent enter 2
09-08 09:17:55.535 18286 18286 W IInputConnectionWrapper: finishComposingText on inactive InputConnection
09-08 09:17:55.535 18286 18286 W dogbel : handleMotionEvent enter
09-08 09:17:55.535 18286 18286 W dogbel : handleMotionEvent enter 2
09-08 09:17:55.552 18286 18286 W dogbel : handleMotionEvent enter
09-08 09:17:55.552 18286 18286 W dogbel : handleMotionEvent enter 2
09-08 09:17:55.567 18286 18286 W dogbel : handleMotionEvent enter
09-08 09:17:55.567 18286 18286 W dogbel : handleMotionEvent enter 2
09-08 09:17:55.584 18286 18286 W dogbel : handleMotionEvent enter
09-08 09:17:55.584 18286 18286 W dogbel : handleMotionEvent enter 2
09-08 09:17:55.603 18286 18286 W dogbel : handleMotionEvent enter
09-08 09:17:55.604 18286 18286 W dogbel : handleMotionEvent enter 2
09-08 09:17:55.618 18286 18286 W dogbel : handleMotionEvent enter
09-08 09:17:55.618 18286 18286 W dogbel : handleMotionEvent enter 2
09-08 09:17:55.634 18286 18286 W dogbel : handleMotionEvent enter
09-08 09:17:55.634 18286 18286 W dogbel : handleMotionEvent enter 2
09-08 09:17:55.637 18286 18286 W dogbel : handleMotionEvent enter
09-08 09:17:55.637 18286 18286 W dogbel : handleMotionEvent enter 2
09-08 09:17:55.637 18286 18286 D DirectPenInput: handleMotionEvent ACTION_HOVER_EXIT
09-08 09:17:55.637 18286 18286 D DirectPenInput: state : 0.1.0.10. bc1b4f4
09-08 09:17:55.645 18286 18286 D ViewRootImpl: updatePointerIcon pointerType = 20001, calling pid = 18286
09-08 09:17:55.645 18286 18286 D InputManager: setPointerIconType iconId = 20001, callingPid = 18286
09-08 09:17:55.653 18286 18286 W dogbel : handleMotionEvent enter
09-08 09:17:55.653 18286 18286 W dogbel : handleMotionEvent enter 2
09-08 09:17:55.653 18286 18286 D DirectPenInput: handleMotionEvent ACTION_HOVER_ENTER
09-08 09:17:55.655 18286 18286 D DirectPenInput: canStartDirectPenInput() : false
09-08 09:17:55.655 18286 18286 D DirectPenInput: state : 0.1.0.9. d5406c7
09-08 09:17:55.662 18286 18286 W dogbel : handleMotionEvent enter
09-08 09:17:55.662 18286 18286 W dogbel : handleMotionEvent enter 2
09-08 09:17:55.664 18286 18286 D ViewRootImpl: updatePointerIcon pointerType = 20002, calling pid = 18286
09-08 09:17:55.665 18286 18286 D InputManager: setPointerIconType iconId = 20002, callingPid = 18286
09-08 09:17:55.671 18286 18286 W dogbel : handleMotionEvent enter
09-08 09:17:55.671 18286 18286 W dogbel : handleMotionEvent enter 2
09-08 09:17:55.684 18286 18286 W dogbel : handleMotionEvent enter
09-08 09:17:55.684 18286 18286 W dogbel : handleMotionEvent enter 2
09-08 09:17:55.686 18286 18286 W dogbel : handleMotionEvent enter
09-08 09:17:55.686 18286 18286 W dogbel : handleMotionEvent enter 2
09-08 09:17:55.686 18286 18286 D DirectPenInput: handleMotionEvent ACTION_HOVER_EXIT
09-08 09:17:55.687 18286 18286 D DirectPenInput: state : 0.1.0.10. d5406c7
09-08 09:17:55.690 18286 18286 D ViewRootImpl: updatePointerIcon pointerType = 20001, calling pid = 18286
09-08 09:17:55.690 18286 18286 D InputManager: setPointerIconType iconId = 20001, callingPid = 18286
09-08 09:17:56.422 18286 18286 D ViewRootImpl: updatePointerIcon pointerType = 20001, calling pid = 18286
09-08 09:17:56.423 18286 18286 D InputManager: setPointerIconType iconId = 20001, callingPid = 18286
09-08 09:17:56.553 18286 18286 W dogbel : handleMotionEvent enter
09-08 09:17:56.553 18286 18286 W dogbel : handleMotionEvent enter 2
09-08 09:17:56.553 18286 18286 D DirectPenInput: handleMotionEvent ACTION_HOVER_ENTER
09-08 09:17:56.554 18286 18286 D DirectPenInput: canStartDirectPenInput() : false
09-08 09:17:56.554 18286 18286 D DirectPenInput: state : 0.1.0.9. d5406c7
09-08 09:17:56.561 18286 18286 W dogbel : handleMotionEvent enter
09-08 09:17:56.561 18286 18286 W dogbel : handleMotionEvent enter 2
09-08 09:17:56.565 18286 18286 D ViewRootImpl: updatePointerIcon pointerType = 20002, calling pid = 18286
09-08 09:17:56.565 18286 18286 D InputManager: setPointerIconType iconId = 20002, callingPid = 18286
09-08 09:17:56.577 18286 18286 W dogbel : handleMotionEvent enter
09-08 09:17:56.578 18286 18286 W dogbel : handleMotionEvent enter 2
09-08 09:17:56.587 18286 18286 W dogbel : handleMotionEvent enter
09-08 09:17:56.587 18286 18286 W dogbel : handleMotionEvent enter 2
09-08 09:17:56.603 18286 18286 W dogbel : handleMotionEvent enter
09-08 09:17:56.603 18286 18286 W dogbel : handleMotionEvent enter 2
09-08 09:17:56.619 18286 18286 W dogbel : handleMotionEvent enter
09-08 09:17:56.619 18286 18286 W dogbel : handleMotionEvent enter 2
09-08 09:17:56.636 18286 18286 W dogbel : handleMotionEvent enter
09-08 09:17:56.636 18286 18286 W dogbel : handleMotionEvent enter 2
09-08 09:17:56.653 18286 18286 W dogbel : handleMotionEvent enter
09-08 09:17:56.653 18286 18286 W dogbel : handleMotionEvent enter 2
09-08 09:17:56.658 18286 18286 W dogbel : handleMotionEvent enter
09-08 09:17:56.658 18286 18286 W dogbel : handleMotionEvent enter 2
09-08 09:17:56.658 18286 18286 D DirectPenInput: handleMotionEvent ACTION_HOVER_EXIT
09-08 09:17:56.658 18286 18286 D DirectPenInput: state : 0.1.0.10. d5406c7
09-08 09:17:56.663 18286 18286 D ViewRootImpl@a3afa90[DeliverActivity]: ViewPostImeInputStage processPointer 0
09-08 09:17:56.664 18286 18286 W dogbel : handleMotionEvent enter
09-08 09:17:56.664 18286 18286 W dogbel : handleMotionEvent enter 2
09-08 09:17:56.664 18286 18286 D DirectPenInput: state : 0.1.0.0. d5406c7
09-08 09:17:56.664 18286 18286 D ViewRootImpl: updatePointerIcon pointerType = 20002, calling pid = 18286
09-08 09:17:56.665 18286 18286 D InputManager: setPointerIconType iconId = 20002, callingPid = 18286
09-08 09:17:56.674 18286 18286 W dogbel : handleMotionEvent enter
09-08 09:17:56.674 18286 18286 W dogbel : handleMotionEvent enter 2
09-08 09:17:56.674 18286 18286 D DirectPenInput: state : 0.1.0.2. d5406c7
09-08 09:17:56.687 18286 18286 W dogbel : handleMotionEvent enter
09-08 09:17:56.688 18286 18286 W dogbel : handleMotionEvent enter 2
09-08 09:17:56.688 18286 18286 D DirectPenInput: state : 0.1.0.2. d5406c7
09-08 09:17:56.705 18286 18286 W dogbel : handleMotionEvent enter
09-08 09:17:56.705 18286 18286 W dogbel : handleMotionEvent enter 2
09-08 09:17:56.705 18286 18286 D DirectPenInput: state : 0.1.0.2. d5406c7
09-08 09:17:56.707 18286 18286 D ViewRootImpl@a3afa90[DeliverActivity]: ViewPostImeInputStage processPointer 1
09-08 09:17:56.708 18286 18286 W dogbel : handleMotionEvent enter
09-08 09:17:56.708 18286 18286 W dogbel : handleMotionEvent enter 2
09-08 09:17:56.708 18286 18286 D DirectPenInput: state : 0.1.0.1. d5406c7
09-08 09:17:56.725 18286 18286 V InputMethodManager: Starting input: tba=android.view.inputmethod.EditorInfo@7f2268b nm : cz.gienger.mobile ic=com.android.internal.widget.EditableInputConnection@45af368
09-08 09:17:56.725 18286 18286 I InputMethodManager: startInputInner - mService.startInputOrWindowGainedFocus
09-08 09:17:56.727 18286 18286 D InputTransport: Input channel constructed: fd=77
09-08 09:17:56.727 18286 18286 D InputTransport: Input channel destroyed: fd=65
09-08 09:17:56.728 18286 18286 D InputMethodManager: SSI - flag : 0 Pid : 18286 view : cz.gienger.mobile
09-08 09:17:56.729 18286 18286 W dogbel : handleMotionEvent enter
09-08 09:17:56.729 18286 18286 W dogbel : handleMotionEvent enter 2
09-08 09:17:56.729 18286 18286 D DirectPenInput: handleMotionEvent ACTION_HOVER_ENTER
09-08 09:17:56.732 18286 18286 D DirectPenInput: canStartDirectPenInput() : false
09-08 09:17:56.732 18286 18286 D DirectPenInput: state : 0.1.0.9. d5406c7
09-08 09:17:56.737 18286 18286 D ViewRootImpl: updatePointerIcon pointerType = 20002, calling pid = 18286
09-08 09:17:56.737 18286 18286 D InputManager: setPointerIconType iconId = 20002, callingPid = 18286
09-08 09:17:56.738 18286 18286 D ViewRootImpl: updatePointerIcon pointerType = 20002, calling pid = 18286
09-08 09:17:56.739 18286 18286 D InputManager: setPointerIconType iconId = 20002, callingPid = 18286
09-08 09:17:56.740 18286 18286 W dogbel : handleMotionEvent enter
09-08 09:17:56.740 18286 18286 W dogbel : handleMotionEvent enter 2
09-08 09:17:56.747 18286 18286 W IInputConnectionWrapper: finishComposingText on inactive InputConnection
09-08 09:17:56.753 18286 18286 W dogbel : handleMotionEvent enter
09-08 09:17:56.753 18286 18286 W dogbel : handleMotionEvent enter 2
09-08 09:17:56.770 18286 18286 W dogbel : handleMotionEvent enter
09-08 09:17:56.770 18286 18286 W dogbel : handleMotionEvent enter 2
09-08 09:17:56.787 18286 18286 W dogbel : handleMotionEvent enter
09-08 09:17:56.787 18286 18286 W dogbel : handleMotionEvent enter 2
09-08 09:17:56.805 18286 18286 W dogbel : handleMotionEvent enter
09-08 09:17:56.805 18286 18286 W dogbel : handleMotionEvent enter 2
09-08 09:17:56.821 18286 18286 W dogbel : handleMotionEvent enter
09-08 09:17:56.821 18286 18286 W dogbel : handleMotionEvent enter 2
09-08 09:17:56.824 18286 18286 W dogbel : handleMotionEvent enter
09-08 09:17:56.824 18286 18286 W dogbel : handleMotionEvent enter 2
09-08 09:17:56.824 18286 18286 D DirectPenInput: handleMotionEvent ACTION_HOVER_EXIT
09-08 09:17:56.824 18286 18286 D DirectPenInput: state : 0.1.0.10. d5406c7
09-08 09:17:56.827 18286 18286 D ViewRootImpl: updatePointerIcon pointerType = 20001, calling pid = 18286
09-08 09:17:56.828 18286 18286 D InputManager: setPointerIconType iconId = 20001, callingPid = 18286
09-08 09:17:57.548 18286 18286 D ViewRootImpl: updatePointerIcon pointerType = 20001, calling pid = 18286
09-08 09:17:57.549 18286 18286 D InputManager: setPointerIconType iconId = 20001, callingPid = 18286
09-08 09:17:58.101 18286 18286 D ViewRootImpl@a3afa90[DeliverActivity]: ViewPostImeInputStage processPointer 0
09-08 09:17:58.102 18286 18286 D ViewRootImpl: updatePointerIcon pointerType = 20001, calling pid = 18286
09-08 09:17:58.103 18286 18286 D InputManager: setPointerIconType iconId = 20001, callingPid = 18286
09-08 09:17:58.131 18286 18286 D LOCATION_SERVICE: onStatusChanged: gps
09-08 09:17:58.188 18286 18286 D ViewRootImpl@a3afa90[DeliverActivity]: ViewPostImeInputStage processPointer 1
09-08 09:17:58.194 18286 18286 D ViewRootImpl: updatePointerIcon pointerType = 20001, calling pid = 18286
09-08 09:17:58.195 18286 18286 D InputManager: setPointerIconType iconId = 20001, callingPid = 18286
09-08 09:17:58.195 18286 18286 D ViewRootImpl: updatePointerIcon pointerType = 20001, calling pid = 18286
09-08 09:17:58.196 18286 18286 D InputManager: setPointerIconType iconId = 20001, callingPid = 18286
09-08 09:17:58.583 18286 18286 D ViewRootImpl@a3afa90[DeliverActivity]: ViewPostImeInputStage processPointer 0
09-08 09:17:58.585 18286 18286 D ViewRootImpl: updatePointerIcon pointerType = 20001, calling pid = 18286
09-08 09:17:58.585 18286 18286 D InputManager: setPointerIconType iconId = 20001, callingPid = 18286
09-08 09:17:58.658 18286 18286 D ViewRootImpl@a3afa90[DeliverActivity]: ViewPostImeInputStage processPointer 1
09-08 09:17:58.669 18286 18286 D ViewRootImpl: updatePointerIcon pointerType = 20001, calling pid = 18286
09-08 09:17:58.672 18286 18286 D InputManager: setPointerIconType iconId = 20001, callingPid = 18286
09-08 09:17:58.674 18286 18286 D ViewRootImpl: updatePointerIcon pointerType = 20001, calling pid = 18286
09-08 09:17:58.675 18286 18286 D InputManager: setPointerIconType iconId = 20001, callingPid = 18286
09-08 09:17:59.303 18286 18286 D ViewRootImpl@a3afa90[DeliverActivity]: ViewPostImeInputStage processPointer 0
09-08 09:17:59.304 18286 18286 D ViewRootImpl: updatePointerIcon pointerType = 20001, calling pid = 18286
09-08 09:17:59.305 18286 18286 D InputManager: setPointerIconType iconId = 20001, callingPid = 18286
09-08 09:17:59.385 18286 18286 D ViewRootImpl@a3afa90[DeliverActivity]: ViewPostImeInputStage processPointer 1
09-08 09:17:59.392 18286 18286 D ViewRootImpl: updatePointerIcon pointerType = 20001, calling pid = 18286
09-08 09:17:59.393 18286 18286 D InputManager: setPointerIconType iconId = 20001, callingPid = 18286
09-08 09:17:59.394 18286 18286 D ViewRootImpl: updatePointerIcon pointerType = 20001, calling pid = 18286
09-08 09:17:59.394 18286 18286 D InputManager: setPointerIconType iconId = 20001, callingPid = 18286
09-08 09:17:59.439 18286 18286 D ScrollView: initGoToTop
09-08 09:17:59.446 18286 18286 D ScrollView: initGoToTop
09-08 09:17:59.455 18286 18286 D ViewRootImpl@489d0d5[DeliverActivity]: ThreadedRenderer.create() translucent=true
09-08 09:17:59.466 18286 18286 D InputTransport: Input channel constructed: fd=64
09-08 09:17:59.467 18286 18286 D ViewRootImpl@489d0d5[DeliverActivity]: setView = DecorView@60d00ea[DeliverActivity] touchMode=true
09-08 09:17:59.478 18286 18286 D ViewRootImpl@489d0d5[DeliverActivity]: dispatchAttachedToWindow
09-08 09:17:59.502 18286 18292 I art : Do partial code cache collection, code=408KB, data=470KB
09-08 09:17:59.504 18286 18292 I art : After code cache collection, code=407KB, data=469KB
09-08 09:17:59.504 18286 18292 I art : Increasing code cache capacity to 2MB
09-08 09:17:59.526 18286 18286 D ViewRootImpl@489d0d5[DeliverActivity]: Relayout returned: oldFrame=[0,0][0,0] newFrame=[108,466][660,582] result=0x27 surface={isValid=true -1802559488} surfaceGenerationChanged=true
09-08 09:17:59.526 18286 18286 D ViewRootImpl@489d0d5[DeliverActivity]: mHardwareRenderer.initialize() mSurface={isValid=true -1802559488} hwInitialized=true
09-08 09:17:59.539 18286 18286 D ViewRootImpl@489d0d5[DeliverActivity]: updatePointerIcon called with position out of bounds
09-08 09:17:59.544 18286 18286 D ViewRootImpl@489d0d5[DeliverActivity]: MSG_WINDOW_FOCUS_CHANGED 1
09-08 09:17:59.544 18286 18286 D ViewRootImpl@489d0d5[DeliverActivity]: mHardwareRenderer.initializeIfNeeded()#2 mSurface={isValid=true -1802559488}
09-08 09:17:59.545 18286 18286 D ViewRootImpl@489d0d5[DeliverActivity]: updatePointerIcon called with position out of bounds
09-08 09:17:59.566 18286 18286 D ViewRootImpl@489d0d5[DeliverActivity]: MSG_RESIZED_REPORT: frame=Rect(108, 466 - 660, 582) ci=Rect(0, 0 - 0, 0) vi=Rect(0, 0 - 0, 0) or=1
09-08 09:17:59.566 18286 18286 D ViewRootImpl@489d0d5[DeliverActivity]: updatePointerIcon called with position out of bounds
09-08 09:17:59.595 18286 18286 D ViewRootImpl@489d0d5[DeliverActivity]: updatePointerIcon called with position out of bounds
09-08 09:17:59.618 18286 18286 D ViewRootImpl@a3afa90[DeliverActivity]: MSG_WINDOW_FOCUS_CHANGED 0
09-08 09:17:59.636 18286 18286 D ViewRootImpl@489d0d5[DeliverActivity]: updatePointerIcon called with position out of bounds
09-08 09:17:59.654 18286 18286 D ViewRootImpl@489d0d5[DeliverActivity]: updatePointerIcon called with position out of bounds
09-08 09:17:59.667 18286 18286 D ViewRootImpl@489d0d5[DeliverActivity]: updatePointerIcon called with position out of bounds
09-08 09:17:59.678 18286 18286 D ViewRootImpl@489d0d5[DeliverActivity]: updatePointerIcon called with position out of bounds
09-08 09:17:59.693 18286 18286 D ViewRootImpl@489d0d5[DeliverActivity]: updatePointerIcon called with position out of bounds
09-08 09:17:59.702 18286 18297 I art : Background partial concurrent mark sweep GC freed 34467(1824KB) AllocSpace objects, 30(4MB) LOS objects, 51% free, 11MB/23MB, paused 1.853ms total 113.108ms
09-08 09:17:59.709 18286 18286 D ViewRootImpl@489d0d5[DeliverActivity]: updatePointerIcon called with position out of bounds
09-08 09:17:59.726 18286 18286 D ViewRootImpl@489d0d5[DeliverActivity]: updatePointerIcon called with position out of bounds
09-08 09:17:59.744 18286 18286 D ViewRootImpl@489d0d5[DeliverActivity]: updatePointerIcon called with position out of bounds
09-08 09:17:59.760 18286 18286 D ViewRootImpl@489d0d5[DeliverActivity]: updatePointerIcon called with position out of bounds
09-08 09:17:59.776 18286 18286 D ViewRootImpl@489d0d5[DeliverActivity]: updatePointerIcon called with position out of bounds
09-08 09:17:59.794 18286 18286 D ViewRootImpl@489d0d5[DeliverActivity]: updatePointerIcon called with position out of bounds
09-08 09:17:59.810 18286 18286 D ViewRootImpl@489d0d5[DeliverActivity]: updatePointerIcon called with position out of bounds
09-08 09:17:59.814 18286 18286 D ViewRootImpl@489d0d5[DeliverActivity]: updatePointerIcon called with position out of bounds
09-08 09:18:00.728 18286 18297 I art : Background sticky concurrent mark sweep GC freed 381321(11MB) AllocSpace objects, 2(56KB) LOS objects, 43% free, 13MB/23MB, paused 996us total 101.116ms
09-08 09:18:01.148 18286 18286 D LOCATION_SERVICE: onStatusChanged: gps
09-08 09:18:01.439 18286 18297 I art : Background partial concurrent mark sweep GC freed 269105(8MB) AllocSpace objects, 15(1292KB) LOS objects, 43% free, 15MB/27MB, paused 1.365ms total 133.602ms
09-08 09:18:02.312 18286 18286 D ViewRootImpl@489d0d5[DeliverActivity]: mHardwareRenderer.destroy()#4
09-08 09:18:02.312 18286 18286 D ViewRootImpl@489d0d5[DeliverActivity]: dispatchDetachedFromWindow
09-08 09:18:02.328 18286 18286 D InputTransport: Input channel destroyed: fd=64
09-08 09:18:02.328 18286 18286 D SIGN_URI: file:///storage/emulated/0/130AT1180325597.pdf
09-08 09:18:02.371 18286 18286 D ViewRootImpl@a3afa90[DeliverActivity]: MSG_WINDOW_FOCUS_CHANGED 1
09-08 09:18:02.371 18286 18286 D ViewRootImpl@a3afa90[DeliverActivity]: mHardwareRenderer.initializeIfNeeded()#2 mSurface={isValid=true -1804603392}
09-08 09:18:02.383 18286 18286 E ViewRootImpl: sendUserActionEvent() returned.
09-08 09:18:02.383 18286 18286 D ViewRootImpl@a3afa90[DeliverActivity]: MSG_WINDOW_FOCUS_CHANGED 0
09-08 09:18:04.130 18286 18286 D LOCATION_SERVICE: onStatusChanged: gps
09-08 09:18:04.254 18286 18286 D ViewRootImpl@a3afa90[DeliverActivity]: mHardwareRenderer.destroy()#1
09-08 09:18:04.279 18286 18286 D ViewRootImpl@a3afa90[DeliverActivity]: Relayout returned: oldFrame=[0,0][768,1024] newFrame=[0,0][768,1024] result=0x5 surface={isValid=false 0} surfaceGenerationChanged=true
09-08 09:18:04.299 18286 18286 D InputTransport: Input channel destroyed: fd=77
09-08 09:18:04.299 18286 18286 W IInputConnectionWrapper: finishComposingText on inactive InputConnection
09-08 09:18:04.299 18286 18286 W IInputConnectionWrapper: reportFullscreenMode on inexistent InputConnection
09-08 09:18:04.299 18286 18286 W IInputConnectionWrapper: finishComposingText on inactive InputConnection
09-08 09:18:05.130 18286 18286 D LOCATION_SERVICE: onStatusChanged: gps
09-08 09:18:06.132 18286 18286 D LOCATION_SERVICE: onStatusChanged: gps
09-08 09:18:07.131 18286 18286 D LOCATION_SERVICE: onStatusChanged: gps
09-08 09:18:08.130 18286 18286 D LOCATION_SERVICE: onStatusChanged: gps
09-08 09:18:09.132 18286 18286 D LOCATION_SERVICE: onStatusChanged: gps
09-08 09:18:10.137 18286 18286 D LOCATION_SERVICE: onStatusChanged: gps
09-08 09:18:11.134 18286 18286 D LOCATION_SERVICE: onStatusChanged: gps
09-08 09:18:13.133 18286 18286 D LOCATION_SERVICE: onStatusChanged: gps
09-08 09:18:15.136 18286 18286 D LOCATION_SERVICE: onStatusChanged: gps
09-08 09:18:16.134 18286 18286 D LOCATION_SERVICE: onStatusChanged: gps
09-08 09:18:17.135 18286 18286 D LOCATION_SERVICE: onStatusChanged: gps
09-08 09:18:19.134 18286 18286 D LOCATION_SERVICE: onStatusChanged: gps
09-08 09:18:20.135 18286 18286 D LOCATION_SERVICE: onStatusChanged: gps
09-08 09:18:21.131 18286 18286 D LOCATION_SERVICE: onStatusChanged: gps
09-08 09:18:22.135 18286 18286 D LOCATION_SERVICE: onStatusChanged: gps
09-08 09:18:23.133 18286 18286 D LOCATION_SERVICE: onStatusChanged: gps
09-08 09:18:23.514 18286 18286 D Graph : removeVertex() : insertDummyVertex, because there is no ancestor.
09-08 09:18:23.548 18286 18286 D ViewRootImpl@3dc552f[PdfArchiveActivity]: ThreadedRenderer.create() translucent=true
09-08 09:18:23.551 18286 18286 D InputTransport: Input channel constructed: fd=63
09-08 09:18:23.552 18286 18286 D ViewRootImpl@3dc552f[PdfArchiveActivity]: setView = DecorView@81ec73c[PdfArchiveActivity] touchMode=true
09-08 09:18:23.563 18286 18286 D ViewRootImpl@3dc552f[PdfArchiveActivity]: dispatchAttachedToWindow
09-08 09:18:23.589 18286 18286 D ViewRootImpl@3dc552f[PdfArchiveActivity]: Relayout returned: oldFrame=[0,0][0,0] newFrame=[241,456][527,568] result=0x27 surface={isValid=true -1815818240} surfaceGenerationChanged=true
09-08 09:18:23.589 18286 18286 D ViewRootImpl@3dc552f[PdfArchiveActivity]: mHardwareRenderer.initialize() mSurface={isValid=true -1815818240} hwInitialized=true
09-08 09:18:23.595 18286 18286 D ViewRootImpl@3dc552f[PdfArchiveActivity]: updatePointerIcon called with position out of bounds
09-08 09:18:23.596 18286 18286 D ViewRootImpl@3dc552f[PdfArchiveActivity]: MSG_RESIZED_REPORT: frame=Rect(241, 456 - 527, 568) ci=Rect(0, 0 - 0, 0) vi=Rect(0, 0 - 0, 0) or=1
09-08 09:18:23.596 18286 18286 D ViewRootImpl@3dc552f[PdfArchiveActivity]: MSG_WINDOW_FOCUS_CHANGED 1
09-08 09:18:23.596 18286 18286 D ViewRootImpl@3dc552f[PdfArchiveActivity]: mHardwareRenderer.initializeIfNeeded()#2 mSurface={isValid=true -1815818240}
09-08 09:18:23.597 18286 18286 V InputMethodManager: Starting input: tba=android.view.inputmethod.EditorInfo@a374cc5 nm : cz.gienger.mobile ic=null
09-08 09:18:23.597 18286 18286 I InputMethodManager: startInputInner - mService.startInputOrWindowGainedFocus
09-08 09:18:23.600 18286 18286 D InputTransport: Input channel constructed: fd=64
09-08 09:18:23.601 18286 18286 D ViewRootImpl@3dc552f[PdfArchiveActivity]: updatePointerIcon called with position out of bounds
09-08 09:18:23.621 18286 18286 D ViewRootImpl@3dc552f[PdfArchiveActivity]: updatePointerIcon called with position out of bounds
09-08 09:18:23.629 18286 18286 D ViewRootImpl@3dc552f[PdfArchiveActivity]: updatePointerIcon called with position out of bounds
09-08 09:18:23.645 18286 18286 D ViewRootImpl@3dc552f[PdfArchiveActivity]: updatePointerIcon called with position out of bounds
09-08 09:18:23.662 18286 18286 D ViewRootImpl@3dc552f[PdfArchiveActivity]: updatePointerIcon called with position out of bounds
09-08 09:18:23.679 18286 18286 D ViewRootImpl@3dc552f[PdfArchiveActivity]: updatePointerIcon called with position out of bounds
09-08 09:18:23.697 18286 18286 D ViewRootImpl@3dc552f[PdfArchiveActivity]: updatePointerIcon called with position out of bounds
09-08 09:18:23.712 18286 18286 D ViewRootImpl@3dc552f[PdfArchiveActivity]: updatePointerIcon called with position out of bounds
09-08 09:18:23.729 18286 18286 D ViewRootImpl@3dc552f[PdfArchiveActivity]: updatePointerIcon called with position out of bounds
09-08 09:18:23.746 18286 18286 D ViewRootImpl@3dc552f[PdfArchiveActivity]: updatePointerIcon called with position out of bounds
09-08 09:18:23.760 18286 18286 D ViewRootImpl@3dc552f[PdfArchiveActivity]: updatePointerIcon called with position out of bounds
09-08 09:18:24.668 18286 18286 D ViewRootImpl@3dc552f[PdfArchiveActivity]: mHardwareRenderer.destroy()#1
09-08 09:18:24.681 18286 18286 D ViewRootImpl@3dc552f[PdfArchiveActivity]: Relayout returned: oldFrame=[241,456][527,568] newFrame=[241,456][527,568] result=0x5 surface={isValid=false 0} surfaceGenerationChanged=true
09-08 09:18:24.681 18286 18286 D ViewRootImpl@3dc552f[PdfArchiveActivity]: MSG_WINDOW_FOCUS_CHANGED 0
09-08 09:18:24.702 18286 18286 D ViewRootImpl@a3afa90[DeliverActivity]: mHardwareRenderer.destroy()#1
09-08 09:18:24.710 18286 18286 D ViewRootImpl@a3afa90[DeliverActivity]: Relayout returned: oldFrame=[0,0][768,1024] newFrame=[0,0][768,1024] result=0x1 surface={isValid=false 0} surfaceGenerationChanged=false
09-08 09:18:24.741 18286 18286 D SIGNOSIGN_SIGNED: signed
09-08 09:18:24.743 18286 18286 D InputTransport: Input channel destroyed: fd=64
09-08 09:18:24.779 18286 20048 D MESSAGE_SERVICE: ACTION_COMPRESS_AND_UPLOAD
09-08 09:18:25.007 18286 18286 D ViewRootImpl@8de4373[MainActivity]: Relayout returned: oldFrame=[0,0][768,1024] newFrame=[0,0][768,1024] result=0x7 surface={isValid=true -1815816192} surfaceGenerationChanged=true
09-08 09:18:25.007 18286 18286 D ViewRootImpl@8de4373[MainActivity]: mHardwareRenderer.initialize() mSurface={isValid=true -1815816192} hwInitialized=true
09-08 09:18:25.086 18286 18286 D AbsListView: in onLayout changed
09-08 09:18:25.109 18286 18286 D ViewRootImpl@8de4373[MainActivity]: MSG_WINDOW_FOCUS_CHANGED 1
09-08 09:18:25.110 18286 18286 D ViewRootImpl@8de4373[MainActivity]: mHardwareRenderer.initializeIfNeeded()#2 mSurface={isValid=true -1815816192}
09-08 09:18:25.111 18286 18286 V InputMethodManager: Starting input: tba=android.view.inputmethod.EditorInfo@c864d78 nm : cz.gienger.mobile ic=null
09-08 09:18:25.111 18286 18286 I InputMethodManager: startInputInner - mService.startInputOrWindowGainedFocus
09-08 09:18:25.137 18286 18286 D InputTransport: Input channel constructed: fd=69
09-08 09:18:25.181 18286 18286 D ViewRootImpl@a3afa90[DeliverActivity]: mHardwareRenderer.destroy()#1
09-08 09:18:25.190 18286 18286 D ViewRootImpl@a3afa90[DeliverActivity]: Relayout returned: oldFrame=[0,0][768,1024] newFrame=[0,0][768,1024] result=0x1 surface={isValid=false 0} surfaceGenerationChanged=false
09-08 09:18:25.545 18286 20048 D FILE_MANAGER: Serializing delivery /data/user/0/cz.gienger.mobile/files/finished/130AT1180325597/130AT1180325597.xml
09-08 09:18:25.545 18286 20048 D FILE_MANAGER: Null files:
09-08 09:18:25.877 18286 20048 D MYINTERCEPTOR: /GiengerService.svc/sendorder
09-08 09:18:25.877 18286 20048 D OkHttp : --> POST https://testsaig1.gienger.cz/GiengerService.svc/sendorder http/1.1
09-08 09:18:25.878 18286 20048 D OkHttp : Content-Type: text/raw
09-08 09:18:25.878 18286 20048 D OkHttp : Content-Length: 283129
09-08 09:18:25.878 18286 20048 D OkHttp : filename: 130AT1180325597.xml
09-08 09:18:25.878 18286 20048 D OkHttp : Checksum: 74a8874f984be8540d1024c7b4962c2c
09-08 09:18:25.878 18286 20048 D OkHttp : token: 3cc200aaafc8e594659d057e535383be
09-08 09:18:25.878 18286 20048 D OkHttp : --> END POST
09-08 09:18:26.157 18286 18286 D LOCATION_SERVICE: onStatusChanged: gps
09-08 09:18:26.746 18286 20048 D OkHttp : <-- 200 OK https://testsaig1.gienger.cz/GiengerService.svc/sendorder (868ms)
09-08 09:18:26.747 18286 20048 D OkHttp : Connection: Keep-Alive
09-08 09:18:26.747 18286 20048 D OkHttp : Content-Length: 175
09-08 09:18:26.747 18286 20048 D OkHttp : Date: Sat, 08 Sep 2018 07:18:26 GMT
09-08 09:18:26.747 18286 20048 D OkHttp : Content-Type: application/xml; charset=utf-8
09-08 09:18:26.747 18286 20048 D OkHttp : Server: Microsoft-IIS/10.0
09-08 09:18:26.747 18286 20048 D OkHttp : X-Powered-By: ASP.NET
09-08 09:18:26.747 18286 20048 D OkHttp : <-- END HTTP
09-08 09:18:26.753 18286 20048 D sendOrder_SUCCESS: 200
09-08 09:18:27.072 18286 18286 D AbsListView: in onLayout changed
09-08 09:18:27.248 18286 18286 D ViewRootImpl@8de4373[MainActivity]: MSG_WINDOW_FOCUS_CHANGED 0
09-08 09:18:27.396 18286 18286 D AbsListView: in onLayout changed
09-08 09:18:27.409 18286 18286 D LOCATION_SERVICE: onStatusChanged: gps
09-08 09:18:27.467 18286 18286 D ScrollView: initGoToTop
09-08 09:18:27.471 18286 18286 D ScrollView: initGoToTop
09-08 09:18:27.480 18286 18286 D ViewRootImpl@620f255[MainActivity]: ThreadedRenderer.create() translucent=true
09-08 09:18:27.485 18286 18286 D InputTransport: Input channel constructed: fd=65
09-08 09:18:27.486 18286 18286 D ViewRootImpl@620f255[MainActivity]: setView = DecorView@89b446a[MainActivity] touchMode=true
09-08 09:18:27.642 18286 18286 D ViewRootImpl@a90010[MainActivity]: ThreadedRenderer.create() translucent=false
09-08 09:18:27.646 18286 18286 D InputTransport: Input channel constructed: fd=100
09-08 09:18:27.646 18286 18286 D ViewRootImpl@a90010[MainActivity]: setView = DecorView@25a1709[MainActivity] touchMode=true
09-08 09:18:27.690 18286 18286 D ViewRootImpl@8de4373[MainActivity]: mHardwareRenderer.destroy()#1
09-08 09:18:27.702 18286 18286 D ViewRootImpl@8de4373[MainActivity]: Relayout returned: oldFrame=[0,0][768,1024] newFrame=[0,0][768,1024] result=0x5 surface={isValid=false 0} surfaceGenerationChanged=true
09-08 09:18:27.704 18286 18286 D ViewRootImpl@620f255[MainActivity]: dispatchAttachedToWindow
09-08 09:18:27.750 18286 18286 D ViewRootImpl@620f255[MainActivity]: Relayout returned: oldFrame=[0,0][0,0] newFrame=[94,415][674,633] result=0x27 surface={isValid=true -1815816192} surfaceGenerationChanged=true
09-08 09:18:27.750 18286 18286 D ViewRootImpl@620f255[MainActivity]: mHardwareRenderer.initialize() mSurface={isValid=true -1815816192} hwInitialized=true
09-08 09:18:27.753 18286 18286 D ScrollView: onsize change changed
09-08 09:18:27.754 18286 18286 D ViewRootImpl@a90010[MainActivity]: dispatchAttachedToWindow
09-08 09:18:27.800 18286 18286 D ViewRootImpl@a90010[MainActivity]: Relayout returned: oldFrame=[0,0][0,0] newFrame=[0,0][768,1024] result=0x7 surface={isValid=true -1802737664} surfaceGenerationChanged=true
09-08 09:18:27.800 18286 18286 D ViewRootImpl@a90010[MainActivity]: mHardwareRenderer.initialize() mSurface={isValid=true -1802737664} hwInitialized=true
09-08 09:18:27.896 18286 18286 D AbsListView: in onLayout changed
09-08 09:18:27.897 18286 18286 D ViewRootImpl: updatePointerIcon pointerType = 20001, calling pid = 18286
09-08 09:18:27.897 18286 18286 D InputManager: setPointerIconType iconId = 20001, callingPid = 18286
09-08 09:18:27.899 18286 18286 D ViewRootImpl@620f255[MainActivity]: MSG_WINDOW_FOCUS_CHANGED 1
09-08 09:18:27.900 18286 18286 D ViewRootImpl@620f255[MainActivity]: mHardwareRenderer.initializeIfNeeded()#2 mSurface={isValid=true -1815816192}
09-08 09:18:27.955 18286 18286 D ViewRootImpl@620f255[MainActivity]: MSG_RESIZED_REPORT: frame=Rect(94, 415 - 674, 633) ci=Rect(0, 0 - 0, 0) vi=Rect(0, 0 - 0, 0) or=1
09-08 09:18:27.962 18286 18286 D ViewRootImpl@a90010[MainActivity]: MSG_RESIZED_REPORT: frame=Rect(0, 0 - 768, 1024) ci=Rect(0, 24 - 0, 0) vi=Rect(0, 24 - 0, 0) or=1
09-08 09:18:28.051 18286 18286 D ViewRootImpl@8de4373[MainActivity]: mHardwareRenderer.destroy()#4
09-08 09:18:28.051 18286 18286 D ViewRootImpl@8de4373[MainActivity]: dispatchDetachedFromWindow
09-08 09:18:28.061 18286 18286 D InputTransport: Input channel destroyed: fd=88
09-08 09:18:28.067 18286 18286 D TextView: SYANI: Clipboard API is calling: clearFilter()
09-08 09:18:28.067 18286 18286 D TextView: SYANI: Clipboard API is calling: unregisterClipboardEventListener()
09-08 09:18:28.069 18286 18286 D DirectPenInput: Finish : true
09-08 09:18:28.070 18286 18286 D TextView: SYANI: Clipboard API is calling: clearFilter()
09-08 09:18:28.070 18286 18286 D TextView: SYANI: Clipboard API is calling: unregisterClipboardEventListener()
09-08 09:18:28.070 18286 18286 D DirectPenInput: Finish : true
09-08 09:18:28.071 18286 18286 D TextView: SYANI: Clipboard API is calling: clearFilter()
09-08 09:18:28.071 18286 18286 D TextView: SYANI: Clipboard API is calling: unregisterClipboardEventListener()
09-08 09:18:28.071 18286 18286 D DirectPenInput: Finish : true
09-08 09:18:28.087 18286 18286 D ViewRootImpl@a3afa90[DeliverActivity]: mHardwareRenderer.destroy()#4
09-08 09:18:28.087 18286 18286 D ViewRootImpl@a3afa90[DeliverActivity]: dispatchDetachedFromWindow
09-08 09:18:28.098 18286 18286 D InputTransport: Input channel destroyed: fd=62
09-08 09:18:28.104 18286 18286 D ViewRootImpl@3dc552f[PdfArchiveActivity]: mHardwareRenderer.destroy()#4
09-08 09:18:28.104 18286 18286 D ViewRootImpl@3dc552f[PdfArchiveActivity]: dispatchDetachedFromWindow
09-08 09:18:28.114 18286 18286 D InputTransport: Input channel destroyed: fd=63
09-08 09:18:28.115 18286 18286 D LOCATION_SERVICE: onDestroy
09-08 09:18:28.741 18286 18286 D ViewRootImpl: updatePointerIcon pointerType = 20001, calling pid = 18286
09-08 09:18:28.741 18286 18286 D InputManager: setPointerIconType iconId = 20001, callingPid = 18286
09-08 09:18:30.252 18286 18286 D ViewRootImpl: updatePointerIcon pointerType = 20001, calling pid = 18286
09-08 09:18:30.252 18286 18286 D InputManager: setPointerIconType iconId = 20001, callingPid = 18286
09-08 09:18:34.357 18286 18286 D ViewRootImpl: updatePointerIcon pointerType = 20001, calling pid = 18286
09-08 09:18:34.360 18286 18286 D InputManager: setPointerIconType iconId = 20001, callingPid = 18286
09-08 09:18:34.630 18286 18286 D ViewRootImpl@620f255[MainActivity]: ViewPostImeInputStage processPointer 0
09-08 09:18:34.631 18286 18286 D ViewRootImpl: updatePointerIcon pointerType = 20001, calling pid = 18286
09-08 09:18:34.631 18286 18286 D InputManager: setPointerIconType iconId = 20001, callingPid = 18286
09-08 09:18:34.687 18286 18286 D ViewRootImpl@620f255[MainActivity]: ViewPostImeInputStage processPointer 1
09-08 09:18:34.694 18286 18286 D ViewRootImpl: updatePointerIcon pointerType = 20001, calling pid = 18286
09-08 09:18:34.695 18286 18286 D InputManager: setPointerIconType iconId = 20001, callingPid = 18286
09-08 09:18:34.695 18286 18286 D ViewRootImpl: updatePointerIcon pointerType = 20001, calling pid = 18286
09-08 09:18:34.695 18286 18286 D InputManager: setPointerIconType iconId = 20001, callingPid = 18286
09-08 09:18:34.733 18286 18286 D ViewRootImpl@620f255[MainActivity]: mHardwareRenderer.destroy()#4
09-08 09:18:34.733 18286 18286 D ViewRootImpl@620f255[MainActivity]: dispatchDetachedFromWindow
09-08 09:18:34.745 18286 18286 D InputTransport: Input channel destroyed: fd=65
09-08 09:18:34.747 18286 18286 D ViewRootImpl: updatePointerIcon pointerType = 20001, calling pid = 18286
09-08 09:18:34.747 18286 18286 D InputManager: setPointerIconType iconId = 20001, callingPid = 18286
09-08 09:18:34.748 18286 18286 D ViewRootImpl@a90010[MainActivity]: MSG_WINDOW_FOCUS_CHANGED 1
09-08 09:18:34.748 18286 18286 D ViewRootImpl@a90010[MainActivity]: mHardwareRenderer.initializeIfNeeded()#2 mSurface={isValid=true -1802737664}
09-08 09:18:34.750 18286 18286 V InputMethodManager: Starting input: tba=android.view.inputmethod.EditorInfo@2cbe63a nm : cz.gienger.mobile ic=null
09-08 09:18:34.750 18286 18286 I InputMethodManager: startInputInner - mService.startInputOrWindowGainedFocus
09-08 09:18:34.752 18286 18286 D InputTransport: Input channel constructed: fd=63
09-08 09:18:34.752 18286 18286 D InputTransport: Input channel destroyed: fd=69
09-08 09:18:34.753 18286 18286 E ViewRootImpl: sendUserActionEvent() returned.
09-08 09:18:35.970 18286 18286 D ViewRootImpl: updatePointerIcon pointerType = 20001, calling pid = 18286
09-08 09:18:35.970 18286 18286 D InputManager: setPointerIconType iconId = 20001, callingPid = 18286
09-08 09:18:36.006 18286 18286 D ViewRootImpl@a90010[MainActivity]: ViewPostImeInputStage processPointer 0
09-08 09:18:36.007 18286 18286 D ViewRootImpl: updatePointerIcon pointerType = 20001, calling pid = 18286
09-08 09:18:36.007 18286 18286 D InputManager: setPointerIconType iconId = 20001, callingPid = 18286
09-08 09:18:36.041 18286 18286 D AbsListView: reportScrollStateChange() newState : 1
09-08 09:18:36.408 18286 18286 D ViewRootImpl@a90010[MainActivity]: ViewPostImeInputStage processPointer 1
09-08 09:18:36.408 18286 18286 D AbsListView: onTouchUp() mTouchMode : 3
09-08 09:18:36.408 18286 18286 D AbsListView: onTouchUp() TOUCH_MODE_SCROLL initialVelocity : -161
09-08 09:18:36.409 18286 18286 D AbsListView: reportScrollStateChange() newState : 2
09-08 09:18:36.411 18286 18286 D ViewRootImpl: updatePointerIcon pointerType = 20001, calling pid = 18286
09-08 09:18:36.411 18286 18286 D InputManager: setPointerIconType iconId = 20001, callingPid = 18286
09-08 09:18:36.412 18286 18286 D ViewRootImpl: updatePointerIcon pointerType = 20001, calling pid = 18286
09-08 09:18:36.412 18286 18286 D InputManager: setPointerIconType iconId = 20001, callingPid = 18286
09-08 09:18:36.576 18286 18286 D AbsListView: reportScrollStateChange() newState : 0
09-08 09:18:36.593 18286 18286 D ViewRootImpl: updatePointerIcon pointerType = 20001, calling pid = 18286
09-08 09:18:36.593 18286 18286 D InputManager: setPointerIconType iconId = 20001, callingPid = 18286
09-08 09:18:36.651 18286 18286 D ViewRootImpl@a90010[MainActivity]: ViewPostImeInputStage processPointer 0
09-08 09:18:36.653 18286 18286 D ViewRootImpl: updatePointerIcon pointerType = 20001, calling pid = 18286
09-08 09:18:36.653 18286 18286 D InputManager: setPointerIconType iconId = 20001, callingPid = 18286
09-08 09:18:36.708 18286 18286 D AbsListView: reportScrollStateChange() newState : 1
09-08 09:18:37.012 18286 18286 D ViewRootImpl@a90010[MainActivity]: ViewPostImeInputStage processPointer 1
09-08 09:18:37.013 18286 18286 D AbsListView: onTouchUp() mTouchMode : 3
09-08 09:18:37.013 18286 18286 D AbsListView: onTouchUp() TOUCH_MODE_SCROLL initialVelocity : -185
09-08 09:18:37.013 18286 18286 D AbsListView: reportScrollStateChange() newState : 2
09-08 09:18:37.022 18286 18286 D ViewRootImpl: updatePointerIcon pointerType = 20001, calling pid = 18286
09-08 09:18:37.023 18286 18286 D InputManager: setPointerIconType iconId = 20001, callingPid = 18286
09-08 09:18:37.023 18286 18286 D ViewRootImpl: updatePointerIcon pointerType = 20001, calling pid = 18286
09-08 09:18:37.024 18286 18286 D InputManager: setPointerIconType iconId = 20001, callingPid = 18286
09-08 09:18:37.193 18286 18286 D AbsListView: reportScrollStateChange() newState : 0
09-08 09:18:37.403 18286 18286 D ViewRootImpl: updatePointerIcon pointerType = 20001, calling pid = 18286
09-08 09:18:37.403 18286 18286 D InputManager: setPointerIconType iconId = 20001, callingPid = 18286
09-08 09:18:37.444 18286 18286 D ViewRootImpl@a90010[MainActivity]: ViewPostImeInputStage processPointer 0
09-08 09:18:37.446 18286 18286 D ViewRootImpl: updatePointerIcon pointerType = 20001, calling pid = 18286
09-08 09:18:37.446 18286 18286 D InputManager: setPointerIconType iconId = 20001, callingPid = 18286
09-08 09:18:37.462 18286 18286 D AbsListView: reportScrollStateChange() newState : 1
09-08 09:18:37.903 18286 18286 D ViewRootImpl@a90010[MainActivity]: ViewPostImeInputStage processPointer 1
09-08 09:18:37.903 18286 18286 D AbsListView: onTouchUp() mTouchMode : 3
09-08 09:18:37.903 18286 18286 D AbsListView: onTouchUp() TOUCH_MODE_SCROLL initialVelocity : 174
09-08 09:18:37.903 18286 18286 D AbsListView: reportScrollStateChange() newState : 2
09-08 09:18:37.906 18286 18286 D ViewRootImpl: updatePointerIcon pointerType = 20001, calling pid = 18286
09-08 09:18:37.906 18286 18286 D InputManager: setPointerIconType iconId = 20001, callingPid = 18286
09-08 09:18:37.907 18286 18286 D ViewRootImpl: updatePointerIcon pointerType = 20001, calling pid = 18286
09-08 09:18:37.910 18286 18286 D InputManager: setPointerIconType iconId = 20001, callingPid = 18286
09-08 09:18:38.085 18286 18286 D AbsListView: reportScrollStateChange() newState : 0
09-08 09:18:38.561 18286 18286 D ViewRootImpl@a90010[MainActivity]: ViewPostImeInputStage processPointer 0
09-08 09:18:38.562 18286 18286 D ViewRootImpl: updatePointerIcon pointerType = 20001, calling pid = 18286
09-08 09:18:38.562 18286 18286 D InputManager: setPointerIconType iconId = 20001, callingPid = 18286
09-08 09:18:38.594 18286 18286 D ViewRootImpl@a90010[MainActivity]: ViewPostImeInputStage processPointer 1
09-08 09:18:38.601 18286 18286 D ViewRootImpl: updatePointerIcon pointerType = 20001, calling pid = 18286
09-08 09:18:38.601 18286 18286 D InputManager: setPointerIconType iconId = 20001, callingPid = 18286
09-08 09:18:38.602 18286 18286 D ViewRootImpl: updatePointerIcon pointerType = 20001, calling pid = 18286
09-08 09:18:38.602 18286 18286 D InputManager: setPointerIconType iconId = 20001, callingPid = 18286
09-08 09:18:38.617 18286 18286 D item_click: viewId = 2131820760, position = 6
09-08 09:18:38.680 18286 18286 D ViewRootImpl@a90010[MainActivity]: MSG_WINDOW_FOCUS_CHANGED 0
09-08 09:18:38.761 18286 18286 D ViewRootImpl@6542ff9[CategoryListActivity]: ThreadedRenderer.create() translucent=false
09-08 09:18:38.766 18286 18286 D InputTransport: Input channel constructed: fd=64
09-08 09:18:38.767 18286 18286 D ViewRootImpl@6542ff9[CategoryListActivity]: setView = DecorView@c0c7b3e[CategoryListActivity] touchMode=true
09-08 09:18:38.773 18286 18286 D ViewRootImpl@6542ff9[CategoryListActivity]: dispatchAttachedToWindow
09-08 09:18:38.808 18286 18286 D ViewRootImpl@6542ff9[CategoryListActivity]: Relayout returned: oldFrame=[0,0][0,0] newFrame=[0,0][768,1024] result=0x27 surface={isValid=true -1785100288} surfaceGenerationChanged=true
09-08 09:18:38.808 18286 18286 D ViewRootImpl@6542ff9[CategoryListActivity]: mHardwareRenderer.initialize() mSurface={isValid=true -1785100288} hwInitialized=true
09-08 09:18:38.927 18286 18286 D LOCATION_SERVICE: LocationListener gps
09-08 09:18:38.927 18286 18286 D LOCATION_SERVICE: LocationListener network
09-08 09:18:38.929 18286 18286 D LOCATION_SERVICE: onCreate
09-08 09:18:38.929 18286 18286 D LOCATION_SERVICE: initializeLocationManager
09-08 09:18:38.937 18286 18286 D LOCATION_SERVICE: onStartCommand
09-08 09:18:39.018 18286 18286 D ViewRootImpl@6542ff9[CategoryListActivity]: MSG_RESIZED_REPORT: frame=Rect(0, 0 - 768, 1024) ci=Rect(0, 24 - 0, 0) vi=Rect(0, 24 - 0, 0) or=1
09-08 09:18:39.018 18286 18286 D ViewRootImpl@6542ff9[CategoryListActivity]: MSG_WINDOW_FOCUS_CHANGED 1
09-08 09:18:39.019 18286 18286 D ViewRootImpl@6542ff9[CategoryListActivity]: mHardwareRenderer.initializeIfNeeded()#2 mSurface={isValid=true -1785100288}
09-08 09:18:39.023 18286 18286 V InputMethodManager: Starting input: tba=android.view.inputmethod.EditorInfo@1fa939d nm : cz.gienger.mobile ic=null
09-08 09:18:39.023 18286 18286 I InputMethodManager: startInputInner - mService.startInputOrWindowGainedFocus
09-08 09:18:39.025 18286 18286 D InputTransport: Input channel constructed: fd=65
09-08 09:18:39.025 18286 18286 D InputTransport: Input channel destroyed: fd=63
09-08 09:18:39.069 18286 18869 D OpenGLRenderer: endAllActiveAnimators on 0x94584f80 (RippleDrawable) with handle 0x94cd3800
09-08 09:18:39.069 18286 18286 D ViewRootImpl@a90010[MainActivity]: mHardwareRenderer.destroy()#1
09-08 09:18:39.079 18286 18286 D ViewRootImpl@a90010[MainActivity]: Relayout returned: oldFrame=[0,0][768,1024] newFrame=[0,0][768,1024] result=0x5 surface={isValid=false 0} surfaceGenerationChanged=true
09-08 09:18:39.471 18286 18286 D ViewRootImpl@a90010[MainActivity]: Relayout returned: oldFrame=[0,0][768,1024] newFrame=[0,0][768,1024] result=0x5 surface={isValid=false 0} surfaceGenerationChanged=false
09-08 09:18:39.547 18286 18286 D LOCATION_SERVICE: onLocationChanged: Location[network 49,280019,17,871068 acc=143 et=+19h35m48s844ms alt=0.0 vel=0.0 bear=0.0 {Bundle[mParcelledData.dataSize=80]}]
09-08 09:18:40.006 18286 18286 D ViewRootImpl: updatePointerIcon pointerType = 20001, calling pid = 18286
09-08 09:18:40.008 18286 18286 D InputManager: setPointerIconType iconId = 20001, callingPid = 18286
09-08 09:18:40.009 18286 18286 D ViewRootImpl: updatePointerIcon pointerType = 20001, calling pid = 18286
09-08 09:18:40.010 18286 18286 D InputManager: setPointerIconType iconId = 20001, callingPid = 18286
09-08 09:18:40.254 18286 18286 D ViewRootImpl: updatePointerIcon pointerType = 20001, calling pid = 18286
09-08 09:18:40.257 18286 18286 D InputManager: setPointerIconType iconId = 20001, callingPid = 18286
09-08 09:18:40.400 18286 18286 D ViewRootImpl@6542ff9[CategoryListActivity]: ViewPostImeInputStage processPointer 0
09-08 09:18:40.401 18286 18286 D ViewRootImpl: updatePointerIcon pointerType = 20001, calling pid = 18286
09-08 09:18:40.402 18286 18286 D InputManager: setPointerIconType iconId = 20001, callingPid = 18286
09-08 09:18:40.468 18286 18286 D ViewRootImpl@6542ff9[CategoryListActivity]: ViewPostImeInputStage processPointer 1
09-08 09:18:40.470 18286 18286 D ViewRootImpl: updatePointerIcon pointerType = 20001, calling pid = 18286
09-08 09:18:40.470 18286 18286 D InputManager: setPointerIconType iconId = 20001, callingPid = 18286
09-08 09:18:40.471 18286 18286 D ViewRootImpl: updatePointerIcon pointerType = 20001, calling pid = 18286
09-08 09:18:40.471 18286 18286 D InputManager: setPointerIconType iconId = 20001, callingPid = 18286
09-08 09:18:41.558 18286 18286 D ViewRootImpl: updatePointerIcon pointerType = 20001, calling pid = 18286
09-08 09:18:41.558 18286 18286 D InputManager: setPointerIconType iconId = 20001, callingPid = 18286
09-08 09:18:41.603 18286 18286 D ViewRootImpl@6542ff9[CategoryListActivity]: ViewPostImeInputStage processPointer 0
09-08 09:18:41.604 18286 18286 D ViewRootImpl: updatePointerIcon pointerType = 20001, calling pid = 18286
09-08 09:18:41.605 18286 18286 D InputManager: setPointerIconType iconId = 20001, callingPid = 18286
09-08 09:18:41.631 18286 18286 D ViewRootImpl@6542ff9[CategoryListActivity]: ViewPostImeInputStage processPointer 1
09-08 09:18:41.635 18286 18286 D ViewRootImpl: updatePointerIcon pointerType = 20001, calling pid = 18286
09-08 09:18:41.636 18286 18286 D InputManager: setPointerIconType iconId = 20001, callingPid = 18286
