09-08 09:16:42.376 18286 18286 D AbsListView: onTouchUp() mTouchMode : 3
09-08 09:16:42.376 18286 18286 D AbsListView: onTouchUp() TOUCH_MODE_SCROLL initialVelocity : -215
09-08 09:16:42.376 18286 18286 D AbsListView: reportScrollStateChange() newState : 2
09-08 09:16:42.385 18286 18286 D ViewRootImpl: updatePointerIcon pointerType = 20001, calling pid = 18286
09-08 09:16:42.385 18286 18286 D InputManager: setPointerIconType iconId = 20001, callingPid = 18286
09-08 09:16:42.386 18286 18286 D ViewRootImpl: updatePointerIcon pointerType = 20001, calling pid = 18286
09-08 09:16:42.387 18286 18286 D InputManager: setPointerIconType iconId = 20001, callingPid = 18286
09-08 09:16:42.587 18286 18286 D AbsListView: reportScrollStateChange() newState : 0
09-08 09:16:42.845 18286 18286 D ViewRootImpl@a8defcf[MainActivity]: ViewPostImeInputStage processPointer 0
09-08 09:16:42.847 18286 18286 D ViewRootImpl: updatePointerIcon pointerType = 20001, calling pid = 18286
09-08 09:16:42.847 18286 18286 D InputManager: setPointerIconType iconId = 20001, callingPid = 18286
09-08 09:16:42.856 18286 18286 D AbsListView: reportScrollStateChange() newState : 1
09-08 09:16:42.945 18286 18286 D ViewRootImpl@a8defcf[MainActivity]: ViewPostImeInputStage processPointer 1
09-08 09:16:42.945 18286 18286 D AbsListView: onTouchUp() mTouchMode : 3
09-08 09:16:42.945 18286 18286 D AbsListView: onTouchUp() TOUCH_MODE_SCROLL initialVelocity : -3691
09-08 09:16:42.945 18286 18286 D AbsListView: reportScrollStateChange() newState : 2
09-08 09:16:42.947 18286 18286 D ViewRootImpl: updatePointerIcon pointerType = 20001, calling pid = 18286
09-08 09:16:42.947 18286 18286 D InputManager: setPointerIconType iconId = 20001, callingPid = 18286
09-08 09:16:42.948 18286 18286 D ViewRootImpl: updatePointerIcon pointerType = 20001, calling pid = 18286
09-08 09:16:42.949 18286 18286 D InputManager: setPointerIconType iconId = 20001, callingPid = 18286
09-08 09:16:43.173 18286 18286 D AbsListView: reportScrollStateChange() newState : 0
09-08 09:16:43.382 18286 18286 D ViewRootImpl: updatePointerIcon pointerType = 20001, calling pid = 18286
09-08 09:16:43.383 18286 18286 D InputManager: setPointerIconType iconId = 20001, callingPid = 18286
09-08 09:16:43.473 18286 18286 D ViewRootImpl@a8defcf[MainActivity]: ViewPostImeInputStage processPointer 0
09-08 09:16:43.474 18286 18286 D ViewRootImpl: updatePointerIcon pointerType = 20001, calling pid = 18286
09-08 09:16:43.475 18286 18286 D InputManager: setPointerIconType iconId = 20001, callingPid = 18286
09-08 09:16:43.492 18286 18286 D AbsListView: reportScrollStateChange() newState : 1
09-08 09:16:43.581 18286 18286 D ViewRootImpl@a8defcf[MainActivity]: ViewPostImeInputStage processPointer 1
09-08 09:16:43.581 18286 18286 D AbsListView: onTouchUp() mTouchMode : 3
09-08 09:16:43.581 18286 18286 D AbsListView: onTouchUp() TOUCH_MODE_SCROLL initialVelocity : 3855
09-08 09:16:43.581 18286 18286 D AbsListView: reportScrollStateChange() newState : 2
09-08 09:16:43.583 18286 18286 D ViewRootImpl: updatePointerIcon pointerType = 20001, calling pid = 18286
09-08 09:16:43.583 18286 18286 D InputManager: setPointerIconType iconId = 20001, callingPid = 18286
09-08 09:16:43.584 18286 18286 D ViewRootImpl: updatePointerIcon pointerType = 20001, calling pid = 18286
09-08 09:16:43.584 18286 18286 D InputManager: setPointerIconType iconId = 20001, callingPid = 18286
09-08 09:16:43.921 18286 18286 D ViewRootImpl@a8defcf[MainActivity]: ViewPostImeInputStage processPointer 0
09-08 09:16:43.922 18286 18286 D ViewRootImpl: updatePointerIcon pointerType = 20001, calling pid = 18286
09-08 09:16:43.922 18286 18286 D InputManager: setPointerIconType iconId = 20001, callingPid = 18286
09-08 09:16:43.964 18286 18286 D AbsListView: reportScrollStateChange() newState : 0
09-08 09:16:43.964 18286 18286 D AbsListView: reportScrollStateChange() newState : 1
09-08 09:16:44.432 18286 18286 D ViewRootImpl@a8defcf[MainActivity]: ViewPostImeInputStage processPointer 1
09-08 09:16:44.432 18286 18286 D AbsListView: onTouchUp() mTouchMode : 3
09-08 09:16:44.432 18286 18286 D AbsListView: onTouchUp() TOUCH_MODE_SCROLL initialVelocity : -670
09-08 09:16:44.432 18286 18286 D AbsListView: reportScrollStateChange() newState : 2
09-08 09:16:44.439 18286 18286 D ViewRootImpl: updatePointerIcon pointerType = 20001, calling pid = 18286
09-08 09:16:44.440 18286 18286 D InputManager: setPointerIconType iconId = 20001, callingPid = 18286
09-08 09:16:44.441 18286 18286 D ViewRootImpl: updatePointerIcon pointerType = 20001, calling pid = 18286
09-08 09:16:44.441 18286 18286 D InputManager: setPointerIconType iconId = 20001, callingPid = 18286
09-08 09:16:44.812 18286 18286 D ViewRootImpl@a8defcf[MainActivity]: ViewPostImeInputStage processPointer 0
09-08 09:16:44.813 18286 18286 D ViewRootImpl: updatePointerIcon pointerType = 20001, calling pid = 18286
09-08 09:16:44.814 18286 18286 D InputManager: setPointerIconType iconId = 20001, callingPid = 18286
09-08 09:16:44.893 18286 18286 D AbsListView: reportScrollStateChange() newState : 0
09-08 09:16:44.895 18286 18286 D AbsListView: reportScrollStateChange() newState : 1
09-08 09:16:45.152 18286 18286 D ViewRootImpl@a8defcf[MainActivity]: ViewPostImeInputStage processPointer 1
09-08 09:16:45.152 18286 18286 D AbsListView: onTouchUp() mTouchMode : 3
09-08 09:16:45.152 18286 18286 D AbsListView: onTouchUp() TOUCH_MODE_SCROLL initialVelocity : 67
09-08 09:16:45.152 18286 18286 D AbsListView: reportScrollStateChange() newState : 2
09-08 09:16:45.154 18286 18286 D ViewRootImpl: updatePointerIcon pointerType = 20001, calling pid = 18286
09-08 09:16:45.155 18286 18286 D InputManager: setPointerIconType iconId = 20001, callingPid = 18286
09-08 09:16:45.155 18286 18286 D ViewRootImpl: updatePointerIcon pointerType = 20001, calling pid = 18286
09-08 09:16:45.156 18286 18286 D InputManager: setPointerIconType iconId = 20001, callingPid = 18286
09-08 09:16:45.264 18286 18286 D AbsListView: reportScrollStateChange() newState : 0
09-08 09:16:45.473 18286 18286 D ViewRootImpl@a8defcf[MainActivity]: ViewPostImeInputStage processPointer 0
09-08 09:16:45.474 18286 18286 D ViewRootImpl: updatePointerIcon pointerType = 20001, calling pid = 18286
09-08 09:16:45.475 18286 18286 D InputManager: setPointerIconType iconId = 20001, callingPid = 18286
09-08 09:16:45.523 18286 18286 D ViewRootImpl@a8defcf[MainActivity]: ViewPostImeInputStage processPointer 1
09-08 09:16:45.531 18286 18286 D ViewRootImpl: updatePointerIcon pointerType = 20001, calling pid = 18286
09-08 09:16:45.531 18286 18286 D InputManager: setPointerIconType iconId = 20001, callingPid = 18286
09-08 09:16:45.532 18286 18286 D ViewRootImpl: updatePointerIcon pointerType = 20001, calling pid = 18286
09-08 09:16:45.533 18286 18286 D InputManager: setPointerIconType iconId = 20001, callingPid = 18286
09-08 09:16:45.541 18286 18286 D item_click: viewId = 2131820758, position = 12
09-08 09:16:45.602 18286 18286 D ViewRootImpl@a8defcf[MainActivity]: MSG_WINDOW_FOCUS_CHANGED 0
09-08 09:16:45.656 18286 18286 D ScrollView: initGoToTop
09-08 09:16:45.735 18286 18286 D ViewRootImpl@b7d044[CancelDeliveryActivity]: ThreadedRenderer.create() translucent=false
09-08 09:16:45.739 18286 18286 D InputTransport: Input channel constructed: fd=70
09-08 09:16:45.739 18286 18286 D ViewRootImpl@b7d044[CancelDeliveryActivity]: setView = DecorView@850952d[CancelDeliveryActivity] touchMode=true
09-08 09:16:45.740 18286 18286 D LOCATION_SERVICE: LocationListener gps
09-08 09:16:45.741 18286 18286 D LOCATION_SERVICE: LocationListener network
09-08 09:16:45.742 18286 18286 D LOCATION_SERVICE: onCreate
09-08 09:16:45.743 18286 18286 D LOCATION_SERVICE: initializeLocationManager
09-08 09:16:45.755 18286 18286 D LOCATION_SERVICE: onStartCommand
09-08 09:16:45.766 18286 18286 D ViewRootImpl@b7d044[CancelDeliveryActivity]: dispatchAttachedToWindow
09-08 09:16:45.804 18286 18286 D ViewRootImpl@b7d044[CancelDeliveryActivity]: Relayout returned: oldFrame=[0,0][0,0] newFrame=[0,0][768,1024] result=0x27 surface={isValid=true -1805973504} surfaceGenerationChanged=true
09-08 09:16:45.804 18286 18286 D ViewRootImpl@b7d044[CancelDeliveryActivity]: mHardwareRenderer.initialize() mSurface={isValid=true -1805973504} hwInitialized=true
09-08 09:16:45.816 18286 18286 D ScrollView: onsize change changed
09-08 09:16:45.821 18286 18286 D ViewRootImpl: updatePointerIcon pointerType = 20001, calling pid = 18286
09-08 09:16:45.822 18286 18286 D InputManager: setPointerIconType iconId = 20001, callingPid = 18286
09-08 09:16:45.852 18286 18292 I art : Do full code cache collection, code=410KB, data=503KB
09-08 09:16:45.854 18286 18292 I art : Starting a blocking GC JitCodeCache
09-08 09:16:45.855 18286 18292 I art : After code cache collection, code=401KB, data=443KB
09-08 09:16:45.872 18286 18286 D ViewRootImpl@b7d044[CancelDeliveryActivity]: MSG_RESIZED_REPORT: frame=Rect(0, 0 - 768, 1024) ci=Rect(0, 24 - 0, 0) vi=Rect(0, 24 - 0, 0) or=1
09-08 09:16:45.872 18286 18286 D ViewRootImpl@b7d044[CancelDeliveryActivity]: MSG_WINDOW_FOCUS_CHANGED 1
09-08 09:16:45.872 18286 18286 D ViewRootImpl@b7d044[CancelDeliveryActivity]: mHardwareRenderer.initializeIfNeeded()#2 mSurface={isValid=true -1805973504}
09-08 09:16:45.876 18286 18286 V InputMethodManager: Starting input: tba=android.view.inputmethod.EditorInfo@17461c8 nm : cz.gienger.mobile ic=null
09-08 09:16:45.876 18286 18286 I InputMethodManager: startInputInner - mService.startInputOrWindowGainedFocus
09-08 09:16:45.885 18286 18286 D InputTransport: Input channel constructed: fd=75
09-08 09:16:45.885 18286 18286 D InputTransport: Input channel destroyed: fd=65
09-08 09:16:45.934 18286 18869 D OpenGLRenderer: endAllActiveAnimators on 0x95f38400 (RippleDrawable) with handle 0x93effd00
09-08 09:16:45.934 18286 18286 D ViewRootImpl@a8defcf[MainActivity]: mHardwareRenderer.destroy()#1
09-08 09:16:45.942 18286 18286 D ViewRootImpl@a8defcf[MainActivity]: Relayout returned: oldFrame=[0,0][768,1024] newFrame=[0,0][768,1024] result=0x5 surface={isValid=false 0} surfaceGenerationChanged=true
09-08 09:16:46.322 18286 18286 D ViewRootImpl@a8defcf[MainActivity]: Relayout returned: oldFrame=[0,0][768,1024] newFrame=[0,0][768,1024] result=0x5 surface={isValid=false 0} surfaceGenerationChanged=false
09-08 09:16:46.506 18286 18286 D ViewRootImpl: updatePointerIcon pointerType = 20001, calling pid = 18286
09-08 09:16:46.506 18286 18286 D InputManager: setPointerIconType iconId = 20001, callingPid = 18286
09-08 09:16:46.820 18286 18286 D LOCATION_SERVICE: onLocationChanged: Location[network 49,280019,17,871068 acc=122 et=+19h33m56s123ms alt=0.0 vel=0.0 bear=0.0 {Bundle[mParcelledData.dataSize=80]}]
09-08 09:16:46.938 18286 18286 D ViewRootImpl@b7d044[CancelDeliveryActivity]: ViewPostImeInputStage processPointer 0
09-08 09:16:46.939 18286 18286 D ViewRootImpl: updatePointerIcon pointerType = 20001, calling pid = 18286
09-08 09:16:46.939 18286 18286 D InputManager: setPointerIconType iconId = 20001, callingPid = 18286
09-08 09:16:46.980 18286 18286 D ViewRootImpl@b7d044[CancelDeliveryActivity]: ViewPostImeInputStage processPointer 1
09-08 09:16:46.985 18286 18286 D ViewRootImpl: updatePointerIcon pointerType = 20001, calling pid = 18286
09-08 09:16:46.986 18286 18286 D InputManager: setPointerIconType iconId = 20001, callingPid = 18286
09-08 09:16:46.986 18286 18286 D ViewRootImpl: updatePointerIcon pointerType = 20001, calling pid = 18286
09-08 09:16:46.987 18286 18286 D InputManager: setPointerIconType iconId = 20001, callingPid = 18286
09-08 09:16:47.577 18286 18286 D ViewRootImpl: updatePointerIcon pointerType = 20001, calling pid = 18286
09-08 09:16:47.578 18286 18286 D InputManager: setPointerIconType iconId = 20001, callingPid = 18286
09-08 09:16:47.662 18286 18286 D ViewRootImpl@b7d044[CancelDeliveryActivity]: ViewPostImeInputStage processPointer 0
09-08 09:16:47.663 18286 18286 D ViewRootImpl: updatePointerIcon pointerType = 20001, calling pid = 18286
09-08 09:16:47.663 18286 18286 D InputManager: setPointerIconType iconId = 20001, callingPid = 18286
09-08 09:16:47.734 18286 18286 D ViewRootImpl@b7d044[CancelDeliveryActivity]: ViewPostImeInputStage processPointer 1
09-08 09:16:47.739 18286 18286 D ViewRootImpl: updatePointerIcon pointerType = 20001, calling pid = 18286
09-08 09:16:47.740 18286 18286 D InputManager: setPointerIconType iconId = 20001, callingPid = 18286
09-08 09:16:47.741 18286 18286 D ViewRootImpl: updatePointerIcon pointerType = 20001, calling pid = 18286
09-08 09:16:47.741 18286 18286 D InputManager: setPointerIconType iconId = 20001, callingPid = 18286
09-08 09:16:47.754 18286 18286 D UNDELIVERED: Reason ID = 9, Comment =
09-08 09:16:47.838 18286 18286 D ViewRootImpl@b7d044[CancelDeliveryActivity]: MSG_WINDOW_FOCUS_CHANGED 0
09-08 09:16:47.847 18286 19856 D MESSAGE_SERVICE: ACTION_COMPRESS_AND_UPLOAD
09-08 09:16:47.885 18286 18286 D ViewRootImpl@a8defcf[MainActivity]: mHardwareRenderer.destroy()#4
09-08 09:16:47.885 18286 18286 D ViewRootImpl@a8defcf[MainActivity]: dispatchDetachedFromWindow
09-08 09:16:47.895 18286 18286 D InputTransport: Input channel destroyed: fd=76
09-08 09:16:48.226 18286 18286 D ViewRootImpl@626a63d[MainActivity]: ThreadedRenderer.create() translucent=false
09-08 09:16:48.230 18286 18286 D InputTransport: Input channel constructed: fd=85
09-08 09:16:48.231 18286 18286 D ViewRootImpl@626a63d[MainActivity]: setView = DecorView@5498e32[MainActivity] touchMode=true
09-08 09:16:48.236 18286 18286 D ViewRootImpl@626a63d[MainActivity]: dispatchAttachedToWindow
09-08 09:16:48.312 18286 18286 D ViewRootImpl@626a63d[MainActivity]: Relayout returned: oldFrame=[0,0][0,0] newFrame=[0,0][768,1024] result=0x27 surface={isValid=true -1812871168} surfaceGenerationChanged=true
09-08 09:16:48.312 18286 18286 D ViewRootImpl@626a63d[MainActivity]: mHardwareRenderer.initialize() mSurface={isValid=true -1812871168} hwInitialized=true
09-08 09:16:48.393 18286 18286 D AbsListView: in onLayout changed
09-08 09:16:48.409 18286 18869 D OpenGLRenderer: endAllActiveAnimators on 0x96279500 (RippleDrawable) with handle 0x94299120
09-08 09:16:48.409 18286 18286 D ViewRootImpl@b7d044[CancelDeliveryActivity]: mHardwareRenderer.destroy()#1
09-08 09:16:48.417 18286 18286 D ViewRootImpl@b7d044[CancelDeliveryActivity]: Relayout returned: oldFrame=[0,0][768,1024] newFrame=[0,0][768,1024] result=0x5 surface={isValid=false 0} surfaceGenerationChanged=true
09-08 09:16:48.476 18286 18286 D ViewRootImpl@626a63d[MainActivity]: MSG_RESIZED_REPORT: frame=Rect(0, 0 - 768, 1024) ci=Rect(0, 24 - 0, 0) vi=Rect(0, 24 - 0, 0) or=1
09-08 09:16:48.476 18286 18286 D ViewRootImpl@626a63d[MainActivity]: MSG_WINDOW_FOCUS_CHANGED 1
09-08 09:16:48.477 18286 18286 D ViewRootImpl@626a63d[MainActivity]: mHardwareRenderer.initializeIfNeeded()#2 mSurface={isValid=true -1812871168}
09-08 09:16:48.478 18286 18286 V InputMethodManager: Starting input: tba=android.view.inputmethod.EditorInfo@a22b9e nm : cz.gienger.mobile ic=null
09-08 09:16:48.478 18286 18286 I InputMethodManager: startInputInner - mService.startInputOrWindowGainedFocus
09-08 09:16:48.487 18286 18286 D InputTransport: Input channel constructed: fd=63
09-08 09:16:48.487 18286 18286 D InputTransport: Input channel destroyed: fd=75
09-08 09:16:48.571 18286 19856 D FILE_MANAGER: Serializing delivery /data/user/0/cz.gienger.mobile/files/finished/130AT1180325733/130AT1180325733.xml
09-08 09:16:48.571 18286 19856 D FILE_MANAGER: Null files:
09-08 09:16:48.678 18286 19856 D MYINTERCEPTOR: /GiengerService.svc/sendorder
09-08 09:16:48.680 18286 19856 D OkHttp : --> POST https://testsaig1.gienger.cz/GiengerService.svc/sendorder http/1.1
09-08 09:16:48.680 18286 19856 D OkHttp : Content-Type: text/raw
09-08 09:16:48.680 18286 19856 D OkHttp : Content-Length: 4289
09-08 09:16:48.680 18286 19856 D OkHttp : filename: 130AT1180325733.xml
09-08 09:16:48.680 18286 19856 D OkHttp : Checksum: d55b8e7cfd6a7bad7f692344694fba91
09-08 09:16:48.680 18286 19856 D OkHttp : token: 3cc200aaafc8e594659d057e535383be
09-08 09:16:48.680 18286 19856 D OkHttp : --> END POST
09-08 09:16:48.691 18286 18286 D ViewRootImpl: updatePointerIcon pointerType = 20001, calling pid = 18286
09-08 09:16:48.692 18286 18286 D InputManager: setPointerIconType iconId = 20001, callingPid = 18286
09-08 09:16:48.693 18286 18286 D ViewRootImpl: updatePointerIcon pointerType = 20001, calling pid = 18286
09-08 09:16:48.693 18286 18286 D InputManager: setPointerIconType iconId = 20001, callingPid = 18286
09-08 09:16:49.037 18286 19856 D OkHttp : <-- 200 OK https://testsaig1.gienger.cz/GiengerService.svc/sendorder (356ms)
09-08 09:16:49.037 18286 19856 D OkHttp : Connection: Keep-Alive
09-08 09:16:49.038 18286 19856 D OkHttp : Content-Length: 175
09-08 09:16:49.038 18286 19856 D OkHttp : Date: Sat, 08 Sep 2018 07:16:48 GMT
09-08 09:16:49.038 18286 19856 D OkHttp : Content-Type: application/xml; charset=utf-8
09-08 09:16:49.038 18286 19856 D OkHttp : Server: Microsoft-IIS/10.0
09-08 09:16:49.038 18286 19856 D OkHttp : X-Powered-By: ASP.NET
09-08 09:16:49.038 18286 19856 D OkHttp : <-- END HTTP
09-08 09:16:49.041 18286 18286 D ViewRootImpl: updatePointerIcon pointerType = 20001, calling pid = 18286
09-08 09:16:49.042 18286 18286 D InputManager: setPointerIconType iconId = 20001, callingPid = 18286
09-08 09:16:49.043 18286 19856 D sendOrder_SUCCESS: 200
09-08 09:16:49.043 18286 18286 D ViewRootImpl: updatePointerIcon pointerType = 20001, calling pid = 18286
09-08 09:16:49.044 18286 18286 D InputManager: setPointerIconType iconId = 20001, callingPid = 18286
09-08 09:16:49.074 18286 19856 D MESSAGE_SERVICE: ACTION_RESEND_ORDERS
09-08 09:16:49.393 18286 18286 D AbsListView: in onLayout changed
09-08 09:16:49.588 18286 18286 D ViewRootImpl@626a63d[MainActivity]: ViewPostImeInputStage processPointer 0
09-08 09:16:49.589 18286 18286 D ViewRootImpl: updatePointerIcon pointerType = 20001, calling pid = 18286
09-08 09:16:49.590 18286 18286 D InputManager: setPointerIconType iconId = 20001, callingPid = 18286
09-08 09:16:49.591 18286 18286 D ViewRootImpl@626a63d[MainActivity]: ViewPostImeInputStage processPointer 1
09-08 09:16:49.592 18286 18286 D ViewRootImpl: updatePointerIcon pointerType = 20001, calling pid = 18286
09-08 09:16:49.593 18286 18286 D InputManager: setPointerIconType iconId = 20001, callingPid = 18286
09-08 09:16:49.593 18286 18286 D ViewRootImpl: updatePointerIcon pointerType = 20001, calling pid = 18286
09-08 09:16:49.594 18286 18286 D InputManager: setPointerIconType iconId = 20001, callingPid = 18286
09-08 09:16:49.695 18286 18286 D AbsListView: in onLayout changed
09-08 09:16:49.744 18286 18286 D Graph : removeVertex() : insertDummyVertex, because there is no ancestor.
09-08 09:16:49.751 18286 18286 D TextView: SYANI: Clipboard API is calling: clearFilter()
09-08 09:16:49.751 18286 18286 D TextView: SYANI: Clipboard API is calling: unregisterClipboardEventListener()
09-08 09:16:49.760 18286 18286 D ViewRootImpl@b7d044[CancelDeliveryActivity]: mHardwareRenderer.destroy()#4
09-08 09:16:49.760 18286 18286 D ViewRootImpl@b7d044[CancelDeliveryActivity]: dispatchDetachedFromWindow
09-08 09:16:49.766 18286 18286 D InputTransport: Input channel destroyed: fd=70
09-08 09:16:49.769 18286 18286 D LOCATION_SERVICE: onDestroy
09-08 09:16:50.108 18286 18286 D ViewRootImpl@626a63d[MainActivity]: ViewPostImeInputStage processPointer 0
09-08 09:16:50.109 18286 18286 D ViewRootImpl: updatePointerIcon pointerType = 20001, calling pid = 18286
09-08 09:16:50.109 18286 18286 D InputManager: setPointerIconType iconId = 20001, callingPid = 18286
09-08 09:16:50.129 18286 18286 D ViewRootImpl@626a63d[MainActivity]: ViewPostImeInputStage processPointer 1
09-08 09:16:50.135 18286 18286 D ViewRootImpl: updatePointerIcon pointerType = 20001, calling pid = 18286
09-08 09:16:50.135 18286 18286 D InputManager: setPointerIconType iconId = 20001, callingPid = 18286
09-08 09:16:50.136 18286 18286 D ViewRootImpl: updatePointerIcon pointerType = 20001, calling pid = 18286
09-08 09:16:50.136 18286 18286 D InputManager: setPointerIconType iconId = 20001, callingPid = 18286
09-08 09:16:50.148 18286 18286 D item_click: viewId = 2131820758, position = 13
09-08 09:16:50.200 18286 18286 D ViewRootImpl@626a63d[MainActivity]: MSG_WINDOW_FOCUS_CHANGED 0
09-08 09:16:50.260 18286 18286 D ScrollView: initGoToTop
09-08 09:16:50.325 18286 18286 D ViewRootImpl@dce99ba[CancelDeliveryActivity]: ThreadedRenderer.create() translucent=false
09-08 09:16:50.332 18286 18286 D InputTransport: Input channel constructed: fd=69
09-08 09:16:50.332 18286 18286 D ViewRootImpl@dce99ba[CancelDeliveryActivity]: setView = DecorView@3aa506b[CancelDeliveryActivity] touchMode=true
09-08 09:16:50.336 18286 18286 D LOCATION_SERVICE: LocationListener gps
09-08 09:16:50.336 18286 18286 D LOCATION_SERVICE: LocationListener network
09-08 09:16:50.338 18286 18286 D LOCATION_SERVICE: onCreate
09-08 09:16:50.338 18286 18286 D LOCATION_SERVICE: initializeLocationManager
09-08 09:16:50.345 18286 18286 D LOCATION_SERVICE: onStartCommand
09-08 09:16:50.367 18286 18286 D ViewRootImpl@dce99ba[CancelDeliveryActivity]: dispatchAttachedToWindow
09-08 09:16:50.398 18286 18286 D ViewRootImpl@dce99ba[CancelDeliveryActivity]: Relayout returned: oldFrame=[0,0][0,0] newFrame=[0,0][768,1024] result=0x27 surface={isValid=true -1813747712} surfaceGenerationChanged=true
09-08 09:16:50.398 18286 18286 D ViewRootImpl@dce99ba[CancelDeliveryActivity]: mHardwareRenderer.initialize() mSurface={isValid=true -1813747712} hwInitialized=true
09-08 09:16:50.405 18286 18286 D ScrollView: onsize change changed
09-08 09:16:50.406 18286 18286 D ViewRootImpl: updatePointerIcon pointerType = 20001, calling pid = 18286
09-08 09:16:50.407 18286 18286 D InputManager: setPointerIconType iconId = 20001, callingPid = 18286
09-08 09:16:50.448 18286 18286 D ViewRootImpl@dce99ba[CancelDeliveryActivity]: MSG_RESIZED_REPORT: frame=Rect(0, 0 - 768, 1024) ci=Rect(0, 24 - 0, 0) vi=Rect(0, 24 - 0, 0) or=1
09-08 09:16:50.448 18286 18286 D ViewRootImpl@dce99ba[CancelDeliveryActivity]: MSG_WINDOW_FOCUS_CHANGED 1
09-08 09:16:50.448 18286 18286 D ViewRootImpl@dce99ba[CancelDeliveryActivity]: mHardwareRenderer.initializeIfNeeded()#2 mSurface={isValid=true -1813747712}
09-08 09:16:50.453 18286 18286 V InputMethodManager: Starting input: tba=android.view.inputmethod.EditorInfo@b19115e nm : cz.gienger.mobile ic=null
09-08 09:16:50.453 18286 18286 I InputMethodManager: startInputInner - mService.startInputOrWindowGainedFocus
09-08 09:16:50.465 18286 18286 D InputTransport: Input channel constructed: fd=70
09-08 09:16:50.465 18286 18286 D InputTransport: Input channel destroyed: fd=63
09-08 09:16:50.513 18286 18869 D OpenGLRenderer: endAllActiveAnimators on 0x97335580 (RippleDrawable) with handle 0x945fe620
09-08 09:16:50.513 18286 18286 D ViewRootImpl@626a63d[MainActivity]: mHardwareRenderer.destroy()#1
09-08 09:16:50.520 18286 18286 D ViewRootImpl@626a63d[MainActivity]: Relayout returned: oldFrame=[0,0][768,1024] newFrame=[0,0][768,1024] result=0x5 surface={isValid=false 0} surfaceGenerationChanged=true
09-08 09:16:50.641 18286 18286 W dogbel : handleMotionEvent enter
09-08 09:16:50.641 18286 18286 W dogbel : handleMotionEvent enter 2
09-08 09:16:50.641 18286 18286 D DirectPenInput: handleMotionEvent ACTION_HOVER_ENTER
09-08 09:16:50.643 18286 18286 D DirectPenInput: canStartDirectPenInput() : false
09-08 09:16:50.643 18286 18286 D DirectPenInput: state : 0.1.0.9. 9ab393f
09-08 09:16:50.651 18286 18286 W dogbel : handleMotionEvent enter
09-08 09:16:50.651 18286 18286 W dogbel : handleMotionEvent enter 2
09-08 09:16:50.653 18286 18286 D ViewRootImpl: updatePointerIcon pointerType = 20002, calling pid = 18286
09-08 09:16:50.654 18286 18286 D InputManager: setPointerIconType iconId = 20002, callingPid = 18286
09-08 09:16:50.663 18286 18286 W dogbel : handleMotionEvent enter
09-08 09:16:50.663 18286 18286 W dogbel : handleMotionEvent enter 2
09-08 09:16:50.673 18286 18286 W dogbel : handleMotionEvent enter
09-08 09:16:50.673 18286 18286 W dogbel : handleMotionEvent enter 2
09-08 09:16:50.689 18286 18286 W dogbel : handleMotionEvent enter
09-08 09:16:50.689 18286 18286 W dogbel : handleMotionEvent enter 2
09-08 09:16:50.707 18286 18286 W dogbel : handleMotionEvent enter
09-08 09:16:50.707 18286 18286 W dogbel : handleMotionEvent enter 2
09-08 09:16:50.723 18286 18286 W dogbel : handleMotionEvent enter
09-08 09:16:50.723 18286 18286 W dogbel : handleMotionEvent enter 2
09-08 09:16:50.724 18286 18286 W dogbel : handleMotionEvent enter
09-08 09:16:50.724 18286 18286 W dogbel : handleMotionEvent enter 2
09-08 09:16:50.724 18286 18286 D DirectPenInput: handleMotionEvent ACTION_HOVER_EXIT
09-08 09:16:50.724 18286 18286 D DirectPenInput: state : 0.1.0.10. 9ab393f
09-08 09:16:50.728 18286 18286 D ViewRootImpl: updatePointerIcon pointerType = 20001, calling pid = 18286
09-08 09:16:50.730 18286 18286 D InputManager: setPointerIconType iconId = 20001, callingPid = 18286
09-08 09:16:50.906 18286 18286 D ViewRootImpl@626a63d[MainActivity]: Relayout returned: oldFrame=[0,0][768,1024] newFrame=[0,0][768,1024] result=0x5 surface={isValid=false 0} surfaceGenerationChanged=false
09-08 09:16:51.451 18286 18286 D ViewRootImpl@dce99ba[CancelDeliveryActivity]: ViewPostImeInputStage processPointer 0
09-08 09:16:51.451 18286 18286 D ViewRootImpl: updatePointerIcon pointerType = 20001, calling pid = 18286
09-08 09:16:51.452 18286 18286 D InputManager: setPointerIconType iconId = 20001, callingPid = 18286
09-08 09:16:51.496 18286 18286 D ViewRootImpl@dce99ba[CancelDeliveryActivity]: ViewPostImeInputStage processPointer 1
09-08 09:16:51.504 18286 18286 D ViewRootImpl: updatePointerIcon pointerType = 20001, calling pid = 18286
09-08 09:16:51.504 18286 18286 D InputManager: setPointerIconType iconId = 20001, callingPid = 18286
09-08 09:16:51.505 18286 18286 D ViewRootImpl: updatePointerIcon pointerType = 20001, calling pid = 18286
09-08 09:16:51.505 18286 18286 D InputManager: setPointerIconType iconId = 20001, callingPid = 18286
09-08 09:16:52.243 18286 18286 D ViewRootImpl: updatePointerIcon pointerType = 20001, calling pid = 18286
09-08 09:16:52.244 18286 18286 D InputManager: setPointerIconType iconId = 20001, callingPid = 18286
09-08 09:16:52.334 18286 18286 D ViewRootImpl@dce99ba[CancelDeliveryActivity]: ViewPostImeInputStage processPointer 0
09-08 09:16:52.334 18286 18286 D ViewRootImpl: updatePointerIcon pointerType = 20001, calling pid = 18286
09-08 09:16:52.335 18286 18286 D InputManager: setPointerIconType iconId = 20001, callingPid = 18286
09-08 09:16:52.385 18286 18286 D ViewRootImpl@dce99ba[CancelDeliveryActivity]: ViewPostImeInputStage processPointer 1
09-08 09:16:52.393 18286 18286 D ViewRootImpl: updatePointerIcon pointerType = 20001, calling pid = 18286
09-08 09:16:52.394 18286 18286 D InputManager: setPointerIconType iconId = 20001, callingPid = 18286
09-08 09:16:52.395 18286 18286 D ViewRootImpl: updatePointerIcon pointerType = 20001, calling pid = 18286
09-08 09:16:52.395 18286 18286 D InputManager: setPointerIconType iconId = 20001, callingPid = 18286
09-08 09:16:52.415 18286 18286 D UNDELIVERED: Reason ID = 7, Comment =
09-08 09:16:52.508 18286 19861 D MESSAGE_SERVICE: ACTION_COMPRESS_AND_UPLOAD
09-08 09:16:52.508 18286 18286 D ViewRootImpl@dce99ba[CancelDeliveryActivity]: MSG_WINDOW_FOCUS_CHANGED 0
09-08 09:16:52.561 18286 18286 D ViewRootImpl@626a63d[MainActivity]: mHardwareRenderer.destroy()#4
09-08 09:16:52.561 18286 18286 D ViewRootImpl@626a63d[MainActivity]: dispatchDetachedFromWindow
09-08 09:16:52.569 18286 18286 D InputTransport: Input channel destroyed: fd=85
09-08 09:16:52.771 18286 18286 D ViewRootImpl@85fe78a[MainActivity]: ThreadedRenderer.create() translucent=false
09-08 09:16:52.774 18286 18286 D InputTransport: Input channel constructed: fd=85
09-08 09:16:52.775 18286 18286 D ViewRootImpl@85fe78a[MainActivity]: setView = DecorView@81dd1fb[MainActivity] touchMode=true
09-08 09:16:52.777 18286 18286 D ViewRootImpl@85fe78a[MainActivity]: dispatchAttachedToWindow
09-08 09:16:52.840 18286 18286 D ViewRootImpl@85fe78a[MainActivity]: Relayout returned: oldFrame=[0,0][0,0] newFrame=[0,0][768,1024] result=0x27 surface={isValid=true -1450268672} surfaceGenerationChanged=true
09-08 09:16:52.841 18286 18286 D ViewRootImpl@85fe78a[MainActivity]: mHardwareRenderer.initialize() mSurface={isValid=true -1450268672} hwInitialized=true
09-08 09:16:52.926 18286 18286 D AbsListView: in onLayout changed
09-08 09:16:52.941 18286 18869 D OpenGLRenderer: endAllActiveAnimators on 0x959eaa80 (RippleDrawable) with handle 0x947f6470
09-08 09:16:52.941 18286 18286 D ViewRootImpl@dce99ba[CancelDeliveryActivity]: mHardwareRenderer.destroy()#1
09-08 09:16:52.950 18286 18286 D ViewRootImpl@dce99ba[CancelDeliveryActivity]: Relayout returned: oldFrame=[0,0][768,1024] newFrame=[0,0][768,1024] result=0x5 surface={isValid=false 0} surfaceGenerationChanged=true
09-08 09:16:53.017 18286 18286 D ViewRootImpl@85fe78a[MainActivity]: MSG_RESIZED_REPORT: frame=Rect(0, 0 - 768, 1024) ci=Rect(0, 24 - 0, 0) vi=Rect(0, 24 - 0, 0) or=1
09-08 09:16:53.017 18286 18286 D ViewRootImpl@85fe78a[MainActivity]: MSG_WINDOW_FOCUS_CHANGED 1
09-08 09:16:53.017 18286 18286 D ViewRootImpl@85fe78a[MainActivity]: mHardwareRenderer.initializeIfNeeded()#2 mSurface={isValid=true -1450268672}
09-08 09:16:53.019 18286 18286 V InputMethodManager: Starting input: tba=android.view.inputmethod.EditorInfo@1860477 nm : cz.gienger.mobile ic=null
09-08 09:16:53.019 18286 18286 I InputMethodManager: startInputInner - mService.startInputOrWindowGainedFocus
09-08 09:16:53.026 18286 18286 D InputTransport: Input channel constructed: fd=63
09-08 09:16:53.026 18286 18286 D InputTransport: Input channel destroyed: fd=70
09-08 09:16:53.234 18286 19861 D FILE_MANAGER: Serializing delivery /data/user/0/cz.gienger.mobile/files/finished/130AT1181006866/130AT1181006866.xml
09-08 09:16:53.234 18286 19861 D FILE_MANAGER: Null files:
09-08 09:16:53.348 18286 19861 D MYINTERCEPTOR: /GiengerService.svc/sendorder
09-08 09:16:53.349 18286 19861 D OkHttp : --> POST https://testsaig1.gienger.cz/GiengerService.svc/sendorder http/1.1
09-08 09:16:53.349 18286 19861 D OkHttp : Content-Type: text/raw
09-08 09:16:53.349 18286 19861 D OkHttp : Content-Length: 3652
09-08 09:16:53.349 18286 19861 D OkHttp : filename: 130AT1181006866.xml
09-08 09:16:53.349 18286 19861 D OkHttp : Checksum: 878ad572ff99ef3a918587d5cba9eeb0
09-08 09:16:53.350 18286 19861 D OkHttp : token: 3cc200aaafc8e594659d057e535383be
09-08 09:16:53.350 18286 19861 D OkHttp : --> END POST
09-08 09:16:53.523 18286 18286 D ViewRootImpl: updatePointerIcon pointerType = 20001, calling pid = 18286
09-08 09:16:53.524 18286 18286 D InputManager: setPointerIconType iconId = 20001, callingPid = 18286
09-08 09:16:53.526 18286 18286 D ViewRootImpl: updatePointerIcon pointerType = 20001, calling pid = 18286
09-08 09:16:53.527 18286 18286 D InputManager: setPointerIconType iconId = 20001, callingPid = 18286
09-08 09:16:53.717 18286 19861 D OkHttp : <-- 200 OK https://testsaig1.gienger.cz/GiengerService.svc/sendorder (366ms)
09-08 09:16:53.717 18286 19861 D OkHttp : Connection: Keep-Alive
09-08 09:16:53.717 18286 19861 D OkHttp : Content-Length: 175
09-08 09:16:53.717 18286 19861 D OkHttp : Date: Sat, 08 Sep 2018 07:16:53 GMT
09-08 09:16:53.717 18286 19861 D OkHttp : Content-Type: application/xml; charset=utf-8
09-08 09:16:53.717 18286 19861 D OkHttp : Server: Microsoft-IIS/10.0
09-08 09:16:53.718 18286 19861 D OkHttp : X-Powered-By: ASP.NET
09-08 09:16:53.718 18286 19861 D OkHttp : <-- END HTTP
09-08 09:16:53.725 18286 19861 D sendOrder_SUCCESS: 200
09-08 09:16:53.769 18286 19861 D MESSAGE_SERVICE: ACTION_RESEND_ORDERS
09-08 09:16:54.057 18286 18286 D AbsListView: in onLayout changed
09-08 09:16:54.244 18286 18286 D ViewRootImpl: updatePointerIcon pointerType = 20001, calling pid = 18286
09-08 09:16:54.244 18286 18286 D InputManager: setPointerIconType iconId = 20001, callingPid = 18286
09-08 09:16:54.343 18286 18286 D AbsListView: in onLayout changed
09-08 09:16:54.357 18286 18286 D LOCATION_SERVICE: onLocationChanged: Location[gps 49,279724,17,871358 acc=39 et=+19h34m3s440ms alt=408.0 vel=0.0 {Bundle[mParcelledData.dataSize=40]}]
09-08 09:16:54.413 18286 18286 D TextView: SYANI: Clipboard API is calling: clearFilter()
09-08 09:16:54.413 18286 18286 D TextView: SYANI: Clipboard API is calling: unregisterClipboardEventListener()
09-08 09:16:54.418 18286 18286 D DirectPenInput: Finish : true
09-08 09:16:54.424 18286 18286 D ViewRootImpl@dce99ba[CancelDeliveryActivity]: mHardwareRenderer.destroy()#4
09-08 09:16:54.424 18286 18286 D ViewRootImpl@dce99ba[CancelDeliveryActivity]: dispatchDetachedFromWindow
09-08 09:16:54.433 18286 18286 D InputTransport: Input channel destroyed: fd=69
09-08 09:16:54.433 18286 18286 D LOCATION_SERVICE: onDestroy
09-08 09:16:54.530 18286 18286 D ViewRootImpl: updatePointerIcon pointerType = 20001, calling pid = 18286
09-08 09:16:54.531 18286 18286 D InputManager: setPointerIconType iconId = 20001, callingPid = 18286
09-08 09:16:54.647 18286 18286 D ViewRootImpl@85fe78a[MainActivity]: ViewPostImeInputStage processPointer 0
09-08 09:16:54.650 18286 18286 D ViewRootImpl: updatePointerIcon pointerType = 20001, calling pid = 18286
09-08 09:16:54.650 18286 18286 D InputManager: setPointerIconType iconId = 20001, callingPid = 18286
09-08 09:16:54.682 18286 18286 D AbsListView: reportScrollStateChange() newState : 1
09-08 09:16:54.893 18286 18286 D ViewRootImpl@85fe78a[MainActivity]: ViewPostImeInputStage processPointer 1
09-08 09:16:54.893 18286 18286 D AbsListView: onTouchUp() mTouchMode : 3
09-08 09:16:54.893 18286 18286 D AbsListView: onTouchUp() TOUCH_MODE_SCROLL initialVelocity : -1724
09-08 09:16:54.893 18286 18286 D AbsListView: reportScrollStateChange() newState : 2
09-08 09:16:54.898 18286 18286 D ViewRootImpl: updatePointerIcon pointerType = 20001, calling pid = 18286
09-08 09:16:54.899 18286 18286 D InputManager: setPointerIconType iconId = 20001, callingPid = 18286
09-08 09:16:54.900 18286 18286 D ViewRootImpl: updatePointerIcon pointerType = 20001, calling pid = 18286
09-08 09:16:54.901 18286 18286 D InputManager: setPointerIconType iconId = 20001, callingPid = 18286
09-08 09:16:55.354 18286 18286 D ViewRootImpl@85fe78a[MainActivity]: ViewPostImeInputStage processPointer 0
09-08 09:16:55.355 18286 18286 D ViewRootImpl: updatePointerIcon pointerType = 20001, calling pid = 18286
09-08 09:16:55.356 18286 18286 D InputManager: setPointerIconType iconId = 20001, callingPid = 18286
09-08 09:16:55.489 18286 18286 D AbsListView: reportScrollStateChange() newState : 0
09-08 09:16:55.490 18286 18286 D AbsListView: reportScrollStateChange() newState : 1
09-08 09:16:55.854 18286 18286 D ViewRootImpl@85fe78a[MainActivity]: ViewPostImeInputStage processPointer 1
09-08 09:16:55.854 18286 18286 D AbsListView: onTouchUp() mTouchMode : 3
09-08 09:16:55.854 18286 18286 D AbsListView: onTouchUp() TOUCH_MODE_SCROLL initialVelocity : -435
09-08 09:16:55.854 18286 18286 D AbsListView: reportScrollStateChange() newState : 2
09-08 09:16:55.863 18286 18286 D ViewRootImpl: updatePointerIcon pointerType = 20001, calling pid = 18286
09-08 09:16:55.864 18286 18286 D InputManager: setPointerIconType iconId = 20001, callingPid = 18286
09-08 09:16:55.864 18286 18286 D ViewRootImpl: updatePointerIcon pointerType = 20001, calling pid = 18286
09-08 09:16:55.865 18286 18286 D InputManager: setPointerIconType iconId = 20001, callingPid = 18286
09-08 09:16:56.180 18286 18286 D AbsListView: reportScrollStateChange() newState : 0
09-08 09:16:56.352 18286 18286 D ViewRootImpl@85fe78a[MainActivity]: ViewPostImeInputStage processPointer 0
09-08 09:16:56.354 18286 18286 D ViewRootImpl: updatePointerIcon pointerType = 20001, calling pid = 18286
09-08 09:16:56.355 18286 18286 D InputManager: setPointerIconType iconId = 20001, callingPid = 18286
09-08 09:16:56.406 18286 18286 D ViewRootImpl@85fe78a[MainActivity]: ViewPostImeInputStage processPointer 1
09-08 09:16:56.415 18286 18286 D ViewRootImpl: updatePointerIcon pointerType = 20001, calling pid = 18286
09-08 09:16:56.415 18286 18286 D InputManager: setPointerIconType iconId = 20001, callingPid = 18286
09-08 09:16:56.416 18286 18286 D ViewRootImpl: updatePointerIcon pointerType = 20001, calling pid = 18286
09-08 09:16:56.417 18286 18286 D InputManager: setPointerIconType iconId = 20001, callingPid = 18286
09-08 09:16:56.441 18286 18286 D item_click: viewId = 2131820758, position = 14
09-08 09:16:56.497 18286 18286 D ViewRootImpl@85fe78a[MainActivity]: MSG_WINDOW_FOCUS_CHANGED 0
09-08 09:16:56.557 18286 18286 D ScrollView: initGoToTop
09-08 09:16:56.629 18286 18286 D ViewRootImpl@a5d9fe3[CancelDeliveryActivity]: ThreadedRenderer.create() translucent=false
09-08 09:16:56.633 18286 18286 D InputTransport: Input channel constructed: fd=69
09-08 09:16:56.633 18286 18286 D ViewRootImpl@a5d9fe3[CancelDeliveryActivity]: setView = DecorView@d266de0[CancelDeliveryActivity] touchMode=true
09-08 09:16:56.635 18286 18286 D LOCATION_SERVICE: LocationListener gps
09-08 09:16:56.635 18286 18286 D LOCATION_SERVICE: LocationListener network
09-08 09:16:56.636 18286 18286 D LOCATION_SERVICE: onCreate
09-08 09:16:56.636 18286 18286 D LOCATION_SERVICE: initializeLocationManager
09-08 09:16:56.648 18286 18286 D LOCATION_SERVICE: onStartCommand
09-08 09:16:56.673 18286 18286 D ViewRootImpl@a5d9fe3[CancelDeliveryActivity]: dispatchAttachedToWindow
09-08 09:16:56.715 18286 18286 D ViewRootImpl@a5d9fe3[CancelDeliveryActivity]: Relayout returned: oldFrame=[0,0][0,0] newFrame=[0,0][768,1024] result=0x27 surface={isValid=true -1755652096} surfaceGenerationChanged=true
09-08 09:16:56.716 18286 18286 D ViewRootImpl@a5d9fe3[CancelDeliveryActivity]: mHardwareRenderer.initialize() mSurface={isValid=true -1755652096} hwInitialized=true
09-08 09:16:56.720 18286 18286 D ScrollView: onsize change changed
09-08 09:16:56.729 18286 18286 D ViewRootImpl: updatePointerIcon pointerType = 20001, calling pid = 18286
09-08 09:16:56.730 18286 18286 D InputManager: setPointerIconType iconId = 20001, callingPid = 18286
09-08 09:16:56.774 18286 18286 D ViewRootImpl@a5d9fe3[CancelDeliveryActivity]: MSG_RESIZED_REPORT: frame=Rect(0, 0 - 768, 1024) ci=Rect(0, 24 - 0, 0) vi=Rect(0, 24 - 0, 0) or=1
09-08 09:16:56.774 18286 18286 D ViewRootImpl@a5d9fe3[CancelDeliveryActivity]: MSG_WINDOW_FOCUS_CHANGED 1
09-08 09:16:56.775 18286 18286 D ViewRootImpl@a5d9fe3[CancelDeliveryActivity]: mHardwareRenderer.initializeIfNeeded()#2 mSurface={isValid=true -1755652096}
09-08 09:16:56.779 18286 18286 V InputMethodManager: Starting input: tba=android.view.inputmethod.EditorInfo@5cbef37 nm : cz.gienger.mobile ic=null
09-08 09:16:56.779 18286 18286 I InputMethodManager: startInputInner - mService.startInputOrWindowGainedFocus
09-08 09:16:56.791 18286 18286 D InputTransport: Input channel constructed: fd=76
09-08 09:16:56.791 18286 18286 D InputTransport: Input channel destroyed: fd=63
09-08 09:16:56.844 18286 18869 D OpenGLRenderer: endAllActiveAnimators on 0x972faf00 (RippleDrawable) with handle 0x945fe2d0
09-08 09:16:56.845 18286 18286 D ViewRootImpl@85fe78a[MainActivity]: mHardwareRenderer.destroy()#1
09-08 09:16:56.854 18286 18286 D ViewRootImpl@85fe78a[MainActivity]: Relayout returned: oldFrame=[0,0][768,1024] newFrame=[0,0][768,1024] result=0x5 surface={isValid=false 0} surfaceGenerationChanged=true
09-08 09:16:57.140 18286 18286 D LOCATION_SERVICE: onLocationChanged: Location[network 49,280019,17,871068 acc=122 et=+19h34m6s441ms alt=0.0 vel=0.0 bear=0.0 {Bundle[mParcelledData.dataSize=80]}]
09-08 09:16:57.215 18286 18286 D ViewRootImpl@85fe78a[MainActivity]: Relayout returned: oldFrame=[0,0][768,1024] newFrame=[0,0][768,1024] result=0x5 surface={isValid=false 0} surfaceGenerationChanged=false
09-08 09:16:57.685 18286 18286 D ViewRootImpl: updatePointerIcon pointerType = 20001, calling pid = 18286
09-08 09:16:57.685 18286 18286 D InputManager: setPointerIconType iconId = 20001, callingPid = 18286
09-08 09:16:57.944 18286 18286 D ViewRootImpl@a5d9fe3[CancelDeliveryActivity]: ViewPostImeInputStage processPointer 0
09-08 09:16:57.946 18286 18286 D ViewRootImpl: updatePointerIcon pointerType = 20001, calling pid = 18286
09-08 09:16:57.946 18286 18286 D InputManager: setPointerIconType iconId = 20001, callingPid = 18286
09-08 09:16:57.975 18286 18286 D ViewRootImpl@a5d9fe3[CancelDeliveryActivity]: ViewPostImeInputStage processPointer 1
09-08 09:16:57.982 18286 18286 D ViewRootImpl: updatePointerIcon pointerType = 20001, calling pid = 18286
09-08 09:16:57.982 18286 18286 D InputManager: setPointerIconType iconId = 20001, callingPid = 18286
09-08 09:16:57.983 18286 18286 D ViewRootImpl: updatePointerIcon pointerType = 20001, calling pid = 18286
09-08 09:16:57.983 18286 18286 D InputManager: setPointerIconType iconId = 20001, callingPid = 18286
09-08 09:16:58.678 18286 18286 D ViewRootImpl: updatePointerIcon pointerType = 20001, calling pid = 18286
09-08 09:16:58.679 18286 18286 D InputManager: setPointerIconType iconId = 20001, callingPid = 18286
09-08 09:16:58.760 18286 18286 D ViewRootImpl@a5d9fe3[CancelDeliveryActivity]: ViewPostImeInputStage processPointer 0
09-08 09:16:58.761 18286 18286 D ViewRootImpl: updatePointerIcon pointerType = 20001, calling pid = 18286
09-08 09:16:58.761 18286 18286 D InputManager: setPointerIconType iconId = 20001, callingPid = 18286
09-08 09:16:58.797 18286 18286 D ViewRootImpl@a5d9fe3[CancelDeliveryActivity]: ViewPostImeInputStage processPointer 1
09-08 09:16:58.803 18286 18286 D ViewRootImpl: updatePointerIcon pointerType = 20001, calling pid = 18286
09-08 09:16:58.803 18286 18286 D InputManager: setPointerIconType iconId = 20001, callingPid = 18286
09-08 09:16:58.804 18286 18286 D ViewRootImpl: updatePointerIcon pointerType = 20001, calling pid = 18286
09-08 09:16:58.804 18286 18286 D InputManager: setPointerIconType iconId = 20001, callingPid = 18286
09-08 09:16:58.821 18286 18286 D UNDELIVERED: Reason ID = 9, Comment =
09-08 09:16:58.942 18286 18286 D ViewRootImpl@a5d9fe3[CancelDeliveryActivity]: MSG_WINDOW_FOCUS_CHANGED 0
09-08 09:16:58.947 18286 19867 D MESSAGE_SERVICE: ACTION_COMPRESS_AND_UPLOAD
09-08 09:16:58.983 18286 18286 D ViewRootImpl@85fe78a[MainActivity]: mHardwareRenderer.destroy()#4
09-08 09:16:58.983 18286 18286 D ViewRootImpl@85fe78a[MainActivity]: dispatchDetachedFromWindow
09-08 09:16:58.990 18286 18286 D InputTransport: Input channel destroyed: fd=85
09-08 09:16:59.217 18286 18286 D ViewRootImpl@8de4373[MainActivity]: ThreadedRenderer.create() translucent=false
09-08 09:16:59.220 18286 18286 D InputTransport: Input channel constructed: fd=88
09-08 09:16:59.220 18286 18286 D ViewRootImpl@8de4373[MainActivity]: setView = DecorView@d21f230[MainActivity] touchMode=true
09-08 09:16:59.222 18286 18286 D ViewRootImpl@8de4373[MainActivity]: dispatchAttachedToWindow
09-08 09:16:59.288 18286 18286 D ViewRootImpl@8de4373[MainActivity]: Relayout returned: oldFrame=[0,0][0,0] newFrame=[0,0][768,1024] result=0x27 surface={isValid=true -1789157376} surfaceGenerationChanged=true
09-08 09:16:59.288 18286 18286 D ViewRootImpl@8de4373[MainActivity]: mHardwareRenderer.initialize() mSurface={isValid=true -1789157376} hwInitialized=true
09-08 09:16:59.371 18286 18286 D AbsListView: in onLayout changed
09-08 09:16:59.386 18286 18869 D OpenGLRenderer: endAllActiveAnimators on 0x9551d100 (RippleDrawable) with handle 0x95552c20
09-08 09:16:59.386 18286 18286 D ViewRootImpl@a5d9fe3[CancelDeliveryActivity]: mHardwareRenderer.destroy()#1
09-08 09:16:59.393 18286 18286 D ViewRootImpl@a5d9fe3[CancelDeliveryActivity]: Relayout returned: oldFrame=[0,0][768,1024] newFrame=[0,0][768,1024] result=0x5 surface={isValid=false 0} surfaceGenerationChanged=true
09-08 09:16:59.460 18286 18286 D ViewRootImpl@8de4373[MainActivity]: MSG_RESIZED_REPORT: frame=Rect(0, 0 - 768, 1024) ci=Rect(0, 24 - 0, 0) vi=Rect(0, 24 - 0, 0) or=1
09-08 09:16:59.460 18286 18286 D ViewRootImpl@8de4373[MainActivity]: MSG_WINDOW_FOCUS_CHANGED 1
09-08 09:16:59.460 18286 18286 D ViewRootImpl@8de4373[MainActivity]: mHardwareRenderer.initializeIfNeeded()#2 mSurface={isValid=true -1789157376}
09-08 09:16:59.462 18286 18286 V InputMethodManager: Starting input: tba=android.view.inputmethod.EditorInfo@485a96f nm : cz.gienger.mobile ic=null
09-08 09:16:59.462 18286 18286 I InputMethodManager: startInputInner - mService.startInputOrWindowGainedFocus
09-08 09:16:59.465 18286 18286 D InputTransport: Input channel constructed: fd=63
09-08 09:16:59.465 18286 18286 D InputTransport: Input channel destroyed: fd=76
09-08 09:16:59.665 18286 19867 D FILE_MANAGER: Serializing delivery /data/user/0/cz.gienger.mobile/files/finished/130AT1181006870/130AT1181006870.xml
09-08 09:16:59.666 18286 19867 D FILE_MANAGER: Null files:
09-08 09:16:59.771 18286 19867 D MYINTERCEPTOR: /GiengerService.svc/sendorder
09-08 09:16:59.772 18286 19867 D OkHttp : --> POST https://testsaig1.gienger.cz/GiengerService.svc/sendorder http/1.1
09-08 09:16:59.772 18286 19867 D OkHttp : Content-Type: text/raw
09-08 09:16:59.772 18286 19867 D OkHttp : Content-Length: 2875
09-08 09:16:59.772 18286 19867 D OkHttp : filename: 130AT1181006870.xml
09-08 09:16:59.772 18286 19867 D OkHttp : Checksum: 61aa4f43ef50749aa7bd046e6ef550c3
09-08 09:16:59.772 18286 19867 D OkHttp : token: 3cc200aaafc8e594659d057e535383be
09-08 09:16:59.772 18286 19867 D OkHttp : --> END POST
09-08 09:17:00.004 18286 19867 D OkHttp : <-- 200 OK https://testsaig1.gienger.cz/GiengerService.svc/sendorder (231ms)
09-08 09:17:00.004 18286 19867 D OkHttp : Connection: Keep-Alive
09-08 09:17:00.005 18286 19867 D OkHttp : Content-Length: 175
09-08 09:17:00.005 18286 19867 D OkHttp : Date: Sat, 08 Sep 2018 07:16:59 GMT
09-08 09:17:00.005 18286 19867 D OkHttp : Content-Type: application/xml; charset=utf-8
09-08 09:17:00.005 18286 19867 D OkHttp : Server: Microsoft-IIS/10.0
09-08 09:17:00.005 18286 19867 D OkHttp : X-Powered-By: ASP.NET
09-08 09:17:00.005 18286 19867 D OkHttp : <-- END HTTP
09-08 09:17:00.010 18286 19867 D sendOrder_SUCCESS: 200
09-08 09:17:00.047 18286 19867 D MESSAGE_SERVICE: ACTION_RESEND_ORDERS
09-08 09:17:00.341 18286 18286 D AbsListView: in onLayout changed
09-08 09:17:00.355 18286 18286 D LOCATION_SERVICE: onLocationChanged: Location[gps 49,279719,17,871361 acc=41 et=+19h34m9s436ms alt=411.0 vel=0.0 {Bundle[mParcelledData.dataSize=40]}]
09-08 09:17:00.357 18286 18286 D LOCATION_SERVICE: onStatusChanged: gps
09-08 09:17:00.618 18286 18286 D AbsListView: in onLayout changed
09-08 09:17:00.675 18286 18286 D TextView: SYANI: Clipboard API is calling: clearFilter()
09-08 09:17:00.675 18286 18286 D TextView: SYANI: Clipboard API is calling: unregisterClipboardEventListener()
09-08 09:17:00.685 18286 18286 D ViewRootImpl@a5d9fe3[CancelDeliveryActivity]: mHardwareRenderer.destroy()#4
09-08 09:17:00.685 18286 18286 D ViewRootImpl@a5d9fe3[CancelDeliveryActivity]: dispatchDetachedFromWindow
09-08 09:17:00.691 18286 18286 D InputTransport: Input channel destroyed: fd=69
09-08 09:17:00.691 18286 18286 D LOCATION_SERVICE: onDestroy
09-08 09:17:00.919 18286 18286 D ViewRootImpl: updatePointerIcon pointerType = 20001, calling pid = 18286
09-08 09:17:00.921 18286 18286 D InputManager: setPointerIconType iconId = 20001, callingPid = 18286
09-08 09:17:00.922 18286 18286 D ViewRootImpl: updatePointerIcon pointerType = 20001, calling pid = 18286
09-08 09:17:00.923 18286 18286 D InputManager: setPointerIconType iconId = 20001, callingPid = 18286
09-08 09:17:01.052 18286 18286 D ViewRootImpl@8de4373[MainActivity]: ViewPostImeInputStage processPointer 0
09-08 09:17:01.053 18286 18286 D ViewRootImpl: updatePointerIcon pointerType = 20001, calling pid = 18286
09-08 09:17:01.053 18286 18286 D InputManager: setPointerIconType iconId = 20001, callingPid = 18286
09-08 09:17:01.130 18286 18286 D ViewRootImpl@8de4373[MainActivity]: ViewPostImeInputStage processPointer 1
09-08 09:17:01.137 18286 18286 D ViewRootImpl: updatePointerIcon pointerType = 20001, calling pid = 18286
09-08 09:17:01.137 18286 18286 D InputManager: setPointerIconType iconId = 20001, callingPid = 18286
09-08 09:17:01.138 18286 18286 D ViewRootImpl: updatePointerIcon pointerType = 20001, calling pid = 18286
09-08 09:17:01.138 18286 18286 D InputManager: setPointerIconType iconId = 20001, callingPid = 18286
09-08 09:17:01.146 18286 18286 D item_click: viewId = 2131820756, position = 15
09-08 09:17:01.191 18286 18286 D ViewRootImpl@8de4373[MainActivity]: MSG_WINDOW_FOCUS_CHANGED 0
09-08 09:17:01.307 18286 18286 D ViewRootImpl@7ec89ac[DeliverActivity]: ThreadedRenderer.create() translucent=false
09-08 09:17:01.311 18286 18286 D InputTransport: Input channel constructed: fd=69
09-08 09:17:01.311 18286 18286 D ViewRootImpl@7ec89ac[DeliverActivity]: setView = DecorView@8b13675[DeliverActivity] touchMode=true
09-08 09:17:01.314 18286 18286 D LOCATION_SERVICE: LocationListener gps
09-08 09:17:01.315 18286 18286 D LOCATION_SERVICE: LocationListener network
09-08 09:17:01.316 18286 18286 D LOCATION_SERVICE: onCreate
09-08 09:17:01.316 18286 18286 D LOCATION_SERVICE: initializeLocationManager
09-08 09:17:01.326 18286 18286 D LOCATION_SERVICE: onStartCommand
09-08 09:17:01.341 18286 18286 D ViewRootImpl@7ec89ac[DeliverActivity]: dispatchAttachedToWindow
09-08 09:17:01.372 18286 18286 D ViewRootImpl@7ec89ac[DeliverActivity]: Relayout returned: oldFrame=[0,0][0,0] newFrame=[0,0][768,1024] result=0x27 surface={isValid=true -1776156672} surfaceGenerationChanged=true
09-08 09:17:01.372 18286 18286 D ViewRootImpl@7ec89ac[DeliverActivity]: mHardwareRenderer.initialize() mSurface={isValid=true -1776156672} hwInitialized=true
09-08 09:17:01.401 18286 18286 D ViewRootImpl@7ec89ac[DeliverActivity]: MSG_RESIZED_REPORT: frame=Rect(0, 0 - 768, 1024) ci=Rect(0, 24 - 0, 0) vi=Rect(0, 24 - 0, 0) or=1
09-08 09:17:01.401 18286 18286 D ViewRootImpl@7ec89ac[DeliverActivity]: MSG_WINDOW_FOCUS_CHANGED 1
