09-08 09:14:37.742 18286 18286 D ViewRootImpl: updatePointerIcon pointerType = 20001, calling pid = 18286
09-08 09:14:37.742 18286 18286 D InputManager: setPointerIconType iconId = 20001, callingPid = 18286
09-08 09:14:37.745 18286 18286 D ViewRootImpl: updatePointerIcon pointerType = 20001, calling pid = 18286
09-08 09:14:37.745 18286 18286 D InputManager: setPointerIconType iconId = 20001, callingPid = 18286
09-08 09:14:38.065 18286 18286 D ViewRootImpl@2ba145a[MainActivity]: ViewPostImeInputStage processPointer 0
09-08 09:14:38.068 18286 18286 D ViewRootImpl: updatePointerIcon pointerType = 20001, calling pid = 18286
09-08 09:14:38.069 18286 18286 D InputManager: setPointerIconType iconId = 20001, callingPid = 18286
09-08 09:14:38.108 18286 18286 D AbsListView: reportScrollStateChange() newState : 0
09-08 09:14:38.108 18286 18286 D AbsListView: reportScrollStateChange() newState : 1
09-08 09:14:38.784 18286 18286 D ViewRootImpl@2ba145a[MainActivity]: ViewPostImeInputStage processPointer 1
09-08 09:14:38.784 18286 18286 D AbsListView: onTouchUp() mTouchMode : 3
09-08 09:14:38.785 18286 18286 D AbsListView: onTouchUp() TOUCH_MODE_SCROLL initialVelocity : 28
09-08 09:14:38.785 18286 18286 D AbsListView: reportScrollStateChange() newState : 0
09-08 09:14:38.794 18286 18286 D ViewRootImpl: updatePointerIcon pointerType = 20001, calling pid = 18286
09-08 09:14:38.794 18286 18286 D InputManager: setPointerIconType iconId = 20001, callingPid = 18286
09-08 09:14:38.795 18286 18286 D ViewRootImpl: updatePointerIcon pointerType = 20001, calling pid = 18286
09-08 09:14:38.796 18286 18286 D InputManager: setPointerIconType iconId = 20001, callingPid = 18286
09-08 09:14:39.007 18286 18286 D ViewRootImpl@2ba145a[MainActivity]: ViewPostImeInputStage processPointer 0
09-08 09:14:39.008 18286 18286 D ViewRootImpl: updatePointerIcon pointerType = 20001, calling pid = 18286
09-08 09:14:39.008 18286 18286 D InputManager: setPointerIconType iconId = 20001, callingPid = 18286
09-08 09:14:39.048 18286 18286 D ViewRootImpl@2ba145a[MainActivity]: ViewPostImeInputStage processPointer 1
09-08 09:14:39.056 18286 18286 D ViewRootImpl: updatePointerIcon pointerType = 20001, calling pid = 18286
09-08 09:14:39.057 18286 18286 D InputManager: setPointerIconType iconId = 20001, callingPid = 18286
09-08 09:14:39.057 18286 18286 D ViewRootImpl: updatePointerIcon pointerType = 20001, calling pid = 18286
09-08 09:14:39.058 18286 18286 D InputManager: setPointerIconType iconId = 20001, callingPid = 18286
09-08 09:14:39.077 18286 18286 D item_click: viewId = 2131820758, position = 9
09-08 09:14:39.130 18286 18286 D ViewRootImpl@2ba145a[MainActivity]: MSG_WINDOW_FOCUS_CHANGED 0
09-08 09:14:39.213 18286 18286 D ScrollView: initGoToTop
09-08 09:14:39.284 18286 18286 D ViewRootImpl@a3f7120[CancelDeliveryActivity]: ThreadedRenderer.create() translucent=false
09-08 09:14:39.288 18286 18286 D InputTransport: Input channel constructed: fd=72
09-08 09:14:39.288 18286 18286 D ViewRootImpl@a3f7120[CancelDeliveryActivity]: setView = DecorView@3b1ad9[CancelDeliveryActivity] touchMode=true
09-08 09:14:39.310 18286 18286 D ViewRootImpl@a3f7120[CancelDeliveryActivity]: dispatchAttachedToWindow
09-08 09:14:39.339 18286 18286 D ViewRootImpl@a3f7120[CancelDeliveryActivity]: Relayout returned: oldFrame=[0,0][0,0] newFrame=[0,0][768,1024] result=0x27 surface={isValid=true -1812776960} surfaceGenerationChanged=true
09-08 09:14:39.339 18286 18286 D ViewRootImpl@a3f7120[CancelDeliveryActivity]: mHardwareRenderer.initialize() mSurface={isValid=true -1812776960} hwInitialized=true
09-08 09:14:39.345 18286 18286 D ScrollView: onsize change changed
09-08 09:14:39.347 18286 18286 D ViewRootImpl: updatePointerIcon pointerType = 20001, calling pid = 18286
09-08 09:14:39.347 18286 18286 D InputManager: setPointerIconType iconId = 20001, callingPid = 18286
09-08 09:14:39.349 18286 18286 D LOCATION_SERVICE: LocationListener gps
09-08 09:14:39.349 18286 18286 D LOCATION_SERVICE: LocationListener network
09-08 09:14:39.351 18286 18286 D LOCATION_SERVICE: onCreate
09-08 09:14:39.351 18286 18286 D LOCATION_SERVICE: initializeLocationManager
09-08 09:14:39.357 18286 18286 D LOCATION_SERVICE: onStartCommand
09-08 09:14:39.427 18286 18286 D ViewRootImpl@a3f7120[CancelDeliveryActivity]: MSG_RESIZED_REPORT: frame=Rect(0, 0 - 768, 1024) ci=Rect(0, 24 - 0, 0) vi=Rect(0, 24 - 0, 0) or=1
09-08 09:14:39.427 18286 18286 D ViewRootImpl@a3f7120[CancelDeliveryActivity]: MSG_WINDOW_FOCUS_CHANGED 1
09-08 09:14:39.427 18286 18286 D ViewRootImpl@a3f7120[CancelDeliveryActivity]: mHardwareRenderer.initializeIfNeeded()#2 mSurface={isValid=true -1812776960}
09-08 09:14:39.431 18286 18286 V InputMethodManager: Starting input: tba=android.view.inputmethod.EditorInfo@e676be4 nm : cz.gienger.mobile ic=null
09-08 09:14:39.432 18286 18286 I InputMethodManager: startInputInner - mService.startInputOrWindowGainedFocus
09-08 09:14:39.442 18286 18286 D InputTransport: Input channel constructed: fd=74
09-08 09:14:39.442 18286 18286 D InputTransport: Input channel destroyed: fd=68
09-08 09:14:39.512 18286 18869 D OpenGLRenderer: endAllActiveAnimators on 0x959a6780 (RippleDrawable) with handle 0x93ff1350
09-08 09:14:39.513 18286 18286 D ViewRootImpl@2ba145a[MainActivity]: mHardwareRenderer.destroy()#1
09-08 09:14:39.524 18286 18286 D ViewRootImpl@2ba145a[MainActivity]: Relayout returned: oldFrame=[0,0][768,1024] newFrame=[0,0][768,1024] result=0x5 surface={isValid=false 0} surfaceGenerationChanged=true
09-08 09:14:39.873 18286 18286 D ViewRootImpl@2ba145a[MainActivity]: Relayout returned: oldFrame=[0,0][768,1024] newFrame=[0,0][768,1024] result=0x5 surface={isValid=false 0} surfaceGenerationChanged=false
09-08 09:14:40.134 18286 18286 D ViewRootImpl: updatePointerIcon pointerType = 20001, calling pid = 18286
09-08 09:14:40.136 18286 18286 D InputManager: setPointerIconType iconId = 20001, callingPid = 18286
09-08 09:14:40.541 18286 18286 D ViewRootImpl: updatePointerIcon pointerType = 20001, calling pid = 18286
09-08 09:14:40.542 18286 18286 D InputManager: setPointerIconType iconId = 20001, callingPid = 18286
09-08 09:14:41.314 18286 18286 D ViewRootImpl@a3f7120[CancelDeliveryActivity]: ViewPostImeInputStage processPointer 0
09-08 09:14:41.315 18286 18286 D ViewRootImpl: updatePointerIcon pointerType = 20001, calling pid = 18286
09-08 09:14:41.316 18286 18286 D InputManager: setPointerIconType iconId = 20001, callingPid = 18286
09-08 09:14:41.339 18286 18286 D ViewRootImpl@a3f7120[CancelDeliveryActivity]: ViewPostImeInputStage processPointer 1
09-08 09:14:41.347 18286 18286 D ViewRootImpl: updatePointerIcon pointerType = 20001, calling pid = 18286
09-08 09:14:41.347 18286 18286 D InputManager: setPointerIconType iconId = 20001, callingPid = 18286
09-08 09:14:41.348 18286 18286 D ViewRootImpl: updatePointerIcon pointerType = 20001, calling pid = 18286
09-08 09:14:41.348 18286 18286 D InputManager: setPointerIconType iconId = 20001, callingPid = 18286
09-08 09:14:41.980 18286 18286 D ViewRootImpl: updatePointerIcon pointerType = 20001, calling pid = 18286
09-08 09:14:41.981 18286 18286 D InputManager: setPointerIconType iconId = 20001, callingPid = 18286
09-08 09:14:42.024 18286 18286 D ViewRootImpl@a3f7120[CancelDeliveryActivity]: ViewPostImeInputStage processPointer 0
09-08 09:14:42.025 18286 18286 D ViewRootImpl: updatePointerIcon pointerType = 20001, calling pid = 18286
09-08 09:14:42.025 18286 18286 D InputManager: setPointerIconType iconId = 20001, callingPid = 18286
09-08 09:14:42.048 18286 18286 D ViewRootImpl@a3f7120[CancelDeliveryActivity]: ViewPostImeInputStage processPointer 1
09-08 09:14:42.054 18286 18286 D ViewRootImpl: updatePointerIcon pointerType = 20001, calling pid = 18286
09-08 09:14:42.055 18286 18286 D InputManager: setPointerIconType iconId = 20001, callingPid = 18286
09-08 09:14:42.055 18286 18286 D ViewRootImpl: updatePointerIcon pointerType = 20001, calling pid = 18286
09-08 09:14:42.056 18286 18286 D InputManager: setPointerIconType iconId = 20001, callingPid = 18286
09-08 09:14:42.077 18286 18286 D UNDELIVERED: Reason ID = 9, Comment =
09-08 09:14:42.181 18286 18286 D ViewRootImpl@a3f7120[CancelDeliveryActivity]: MSG_WINDOW_FOCUS_CHANGED 0
09-08 09:14:42.186 18286 19725 D MESSAGE_SERVICE: ACTION_COMPRESS_AND_UPLOAD
09-08 09:14:42.237 18286 18286 D ViewRootImpl@2ba145a[MainActivity]: mHardwareRenderer.destroy()#4
09-08 09:14:42.237 18286 18286 D ViewRootImpl@2ba145a[MainActivity]: dispatchDetachedFromWindow
09-08 09:14:42.245 18286 18286 D InputTransport: Input channel destroyed: fd=69
09-08 09:14:42.622 18286 18286 D ViewRootImpl@7122570[MainActivity]: ThreadedRenderer.create() translucent=false
09-08 09:14:42.627 18286 18286 D InputTransport: Input channel constructed: fd=70
09-08 09:14:42.627 18286 18286 D ViewRootImpl@7122570[MainActivity]: setView = DecorView@ec240e9[MainActivity] touchMode=true
09-08 09:14:42.631 18286 18286 D ViewRootImpl@7122570[MainActivity]: dispatchAttachedToWindow
09-08 09:14:42.697 18286 18286 D ViewRootImpl@7122570[MainActivity]: Relayout returned: oldFrame=[0,0][0,0] newFrame=[0,0][768,1024] result=0x27 surface={isValid=true -1789396992} surfaceGenerationChanged=true
09-08 09:14:42.697 18286 18286 D ViewRootImpl@7122570[MainActivity]: mHardwareRenderer.initialize() mSurface={isValid=true -1789396992} hwInitialized=true
09-08 09:14:42.773 18286 18286 D AbsListView: in onLayout changed
09-08 09:14:42.787 18286 18869 D OpenGLRenderer: endAllActiveAnimators on 0x96131d80 (RippleDrawable) with handle 0x9458b4b0
09-08 09:14:42.787 18286 18286 D ViewRootImpl@a3f7120[CancelDeliveryActivity]: mHardwareRenderer.destroy()#1
09-08 09:14:42.796 18286 18286 D ViewRootImpl@a3f7120[CancelDeliveryActivity]: Relayout returned: oldFrame=[0,0][768,1024] newFrame=[0,0][768,1024] result=0x5 surface={isValid=false 0} surfaceGenerationChanged=true
09-08 09:14:42.856 18286 18286 D ViewRootImpl@7122570[MainActivity]: MSG_RESIZED_REPORT: frame=Rect(0, 0 - 768, 1024) ci=Rect(0, 24 - 0, 0) vi=Rect(0, 24 - 0, 0) or=1
09-08 09:14:42.856 18286 18286 D ViewRootImpl@7122570[MainActivity]: MSG_WINDOW_FOCUS_CHANGED 1
09-08 09:14:42.856 18286 18286 D ViewRootImpl@7122570[MainActivity]: mHardwareRenderer.initializeIfNeeded()#2 mSurface={isValid=true -1789396992}
09-08 09:14:42.858 18286 18286 V InputMethodManager: Starting input: tba=android.view.inputmethod.EditorInfo@da12dbc nm : cz.gienger.mobile ic=null
09-08 09:14:42.858 18286 18286 I InputMethodManager: startInputInner - mService.startInputOrWindowGainedFocus
09-08 09:14:42.866 18286 18286 D InputTransport: Input channel constructed: fd=63
09-08 09:14:42.866 18286 18286 D InputTransport: Input channel destroyed: fd=74
09-08 09:14:42.907 18286 19725 D FILE_MANAGER: Serializing delivery /data/user/0/cz.gienger.mobile/files/finished/130AT1180325840/130AT1180325840.xml
09-08 09:14:42.907 18286 19725 D FILE_MANAGER: Null files:
09-08 09:14:43.031 18286 19725 D MYINTERCEPTOR: /GiengerService.svc/sendorder
09-08 09:14:43.032 18286 19725 D OkHttp : --> POST https://testsaig1.gienger.cz/GiengerService.svc/sendorder http/1.1
09-08 09:14:43.032 18286 19725 D OkHttp : Content-Type: text/raw
09-08 09:14:43.032 18286 19725 D OkHttp : Content-Length: 3333
09-08 09:14:43.032 18286 19725 D OkHttp : filename: 130AT1180325840.xml
09-08 09:14:43.032 18286 19725 D OkHttp : Checksum: 9a0e20caf6284ebfce53ae940218c22b
09-08 09:14:43.032 18286 19725 D OkHttp : token: 3cc200aaafc8e594659d057e535383be
09-08 09:14:43.032 18286 19725 D OkHttp : --> END POST
09-08 09:14:44.132 18286 19725 D OkHttp : <-- 200 OK https://testsaig1.gienger.cz/GiengerService.svc/sendorder (1099ms)
09-08 09:14:44.133 18286 19725 D OkHttp : Connection: Keep-Alive
09-08 09:14:44.134 18286 19725 D OkHttp : Content-Length: 175
09-08 09:14:44.134 18286 19725 D OkHttp : Date: Sat, 08 Sep 2018 07:14:43 GMT
09-08 09:14:44.134 18286 19725 D OkHttp : Content-Type: application/xml; charset=utf-8
09-08 09:14:44.134 18286 19725 D OkHttp : Server: Microsoft-IIS/10.0
09-08 09:14:44.134 18286 19725 D OkHttp : X-Powered-By: ASP.NET
09-08 09:14:44.134 18286 19725 D OkHttp : <-- END HTTP
09-08 09:14:44.140 18286 19725 D sendOrder_SUCCESS: 200
09-08 09:14:44.185 18286 19725 D MESSAGE_SERVICE: ACTION_RESEND_ORDERS
09-08 09:14:44.451 18286 18286 D AbsListView: in onLayout changed
09-08 09:14:44.716 18286 18286 D AbsListView: in onLayout changed
09-08 09:14:44.773 18286 18286 D TextView: SYANI: Clipboard API is calling: clearFilter()
09-08 09:14:44.774 18286 18286 D TextView: SYANI: Clipboard API is calling: unregisterClipboardEventListener()
09-08 09:14:44.782 18286 18286 D ViewRootImpl@a3f7120[CancelDeliveryActivity]: mHardwareRenderer.destroy()#4
09-08 09:14:44.782 18286 18286 D ViewRootImpl@a3f7120[CancelDeliveryActivity]: dispatchDetachedFromWindow
09-08 09:14:44.787 18286 18286 D InputTransport: Input channel destroyed: fd=72
09-08 09:14:44.788 18286 18286 D LOCATION_SERVICE: onDestroy
09-08 09:14:47.718 18286 18286 D ViewRootImpl: updatePointerIcon pointerType = 20001, calling pid = 18286
09-08 09:14:47.718 18286 18286 D InputManager: setPointerIconType iconId = 20001, callingPid = 18286
09-08 09:14:47.720 18286 18286 D ViewRootImpl: updatePointerIcon pointerType = 20001, calling pid = 18286
09-08 09:14:47.721 18286 18286 D InputManager: setPointerIconType iconId = 20001, callingPid = 18286
09-08 09:14:47.831 18286 18286 D ViewRootImpl@7122570[MainActivity]: ViewPostImeInputStage processPointer 0
09-08 09:14:47.832 18286 18286 D ViewRootImpl: updatePointerIcon pointerType = 20001, calling pid = 18286
09-08 09:14:47.835 18286 18286 D InputManager: setPointerIconType iconId = 20001, callingPid = 18286
09-08 09:14:47.867 18286 18286 D AbsListView: reportScrollStateChange() newState : 1
09-08 09:14:48.145 18286 18286 D ViewRootImpl@7122570[MainActivity]: ViewPostImeInputStage processPointer 1
09-08 09:14:48.145 18286 18286 D AbsListView: onTouchUp() mTouchMode : 3
09-08 09:14:48.145 18286 18286 D AbsListView: onTouchUp() TOUCH_MODE_SCROLL initialVelocity : 216
09-08 09:14:48.145 18286 18286 D AbsListView: reportScrollStateChange() newState : 2
09-08 09:14:48.150 18286 18286 D ViewRootImpl: updatePointerIcon pointerType = 20001, calling pid = 18286
09-08 09:14:48.151 18286 18286 D InputManager: setPointerIconType iconId = 20001, callingPid = 18286
09-08 09:14:48.152 18286 18286 D ViewRootImpl: updatePointerIcon pointerType = 20001, calling pid = 18286
09-08 09:14:48.154 18286 18286 D InputManager: setPointerIconType iconId = 20001, callingPid = 18286
09-08 09:14:48.352 18286 18286 D AbsListView: reportScrollStateChange() newState : 0
09-08 09:14:56.181 18286 18286 D ViewRootImpl: updatePointerIcon pointerType = 20001, calling pid = 18286
09-08 09:14:56.182 18286 18286 D InputManager: setPointerIconType iconId = 20001, callingPid = 18286
09-08 09:14:56.284 18286 18286 D ViewRootImpl@7122570[MainActivity]: ViewPostImeInputStage processPointer 0
09-08 09:14:56.285 18286 18286 D ViewRootImpl: updatePointerIcon pointerType = 20001, calling pid = 18286
09-08 09:14:56.286 18286 18286 D InputManager: setPointerIconType iconId = 20001, callingPid = 18286
09-08 09:14:56.350 18286 18286 D ViewRootImpl@7122570[MainActivity]: ViewPostImeInputStage processPointer 1
09-08 09:14:56.359 18286 18286 D ViewRootImpl: updatePointerIcon pointerType = 20001, calling pid = 18286
09-08 09:14:56.359 18286 18286 D InputManager: setPointerIconType iconId = 20001, callingPid = 18286
09-08 09:14:56.360 18286 18286 D ViewRootImpl: updatePointerIcon pointerType = 20001, calling pid = 18286
09-08 09:14:56.360 18286 18286 D InputManager: setPointerIconType iconId = 20001, callingPid = 18286
09-08 09:14:56.367 18286 18286 D item_click: viewId = 2131820758, position = 10
09-08 09:14:56.419 18286 18286 D ViewRootImpl@7122570[MainActivity]: MSG_WINDOW_FOCUS_CHANGED 0
09-08 09:14:56.477 18286 18286 D ScrollView: initGoToTop
09-08 09:14:56.548 18286 18286 D ViewRootImpl@db3a6a1[CancelDeliveryActivity]: ThreadedRenderer.create() translucent=false
09-08 09:14:56.552 18286 18286 D InputTransport: Input channel constructed: fd=68
09-08 09:14:56.552 18286 18286 D ViewRootImpl@db3a6a1[CancelDeliveryActivity]: setView = DecorView@3c930c6[CancelDeliveryActivity] touchMode=true
09-08 09:14:56.557 18286 18286 D ViewRootImpl@db3a6a1[CancelDeliveryActivity]: dispatchAttachedToWindow
09-08 09:14:56.580 18286 18286 D ViewRootImpl@db3a6a1[CancelDeliveryActivity]: Relayout returned: oldFrame=[0,0][0,0] newFrame=[0,0][768,1024] result=0x27 surface={isValid=true -1784696832} surfaceGenerationChanged=true
09-08 09:14:56.580 18286 18286 D ViewRootImpl@db3a6a1[CancelDeliveryActivity]: mHardwareRenderer.initialize() mSurface={isValid=true -1784696832} hwInitialized=true
09-08 09:14:56.586 18286 18286 D ScrollView: onsize change changed
09-08 09:14:56.587 18286 18286 D LOCATION_SERVICE: LocationListener gps
09-08 09:14:56.588 18286 18286 D LOCATION_SERVICE: LocationListener network
09-08 09:14:56.589 18286 18286 D LOCATION_SERVICE: onCreate
09-08 09:14:56.589 18286 18286 D LOCATION_SERVICE: initializeLocationManager
09-08 09:14:56.600 18286 18286 D LOCATION_SERVICE: onStartCommand
09-08 09:14:56.648 18286 18286 D ViewRootImpl@db3a6a1[CancelDeliveryActivity]: MSG_RESIZED_REPORT: frame=Rect(0, 0 - 768, 1024) ci=Rect(0, 24 - 0, 0) vi=Rect(0, 24 - 0, 0) or=1
09-08 09:14:56.648 18286 18286 D ViewRootImpl@db3a6a1[CancelDeliveryActivity]: MSG_WINDOW_FOCUS_CHANGED 1
09-08 09:14:56.648 18286 18286 D ViewRootImpl@db3a6a1[CancelDeliveryActivity]: mHardwareRenderer.initializeIfNeeded()#2 mSurface={isValid=true -1784696832}
09-08 09:14:56.653 18286 18286 V InputMethodManager: Starting input: tba=android.view.inputmethod.EditorInfo@260d995 nm : cz.gienger.mobile ic=null
09-08 09:14:56.653 18286 18286 I InputMethodManager: startInputInner - mService.startInputOrWindowGainedFocus
09-08 09:14:56.668 18286 18286 D InputTransport: Input channel constructed: fd=72
09-08 09:14:56.668 18286 18286 D InputTransport: Input channel destroyed: fd=63
09-08 09:14:56.705 18286 18869 D OpenGLRenderer: endAllActiveAnimators on 0x972fc080 (RippleDrawable) with handle 0x95ace490
09-08 09:14:56.705 18286 18286 D ViewRootImpl@7122570[MainActivity]: mHardwareRenderer.destroy()#1
09-08 09:14:56.712 18286 18286 D ViewRootImpl@7122570[MainActivity]: Relayout returned: oldFrame=[0,0][768,1024] newFrame=[0,0][768,1024] result=0x5 surface={isValid=false 0} surfaceGenerationChanged=true
09-08 09:14:57.112 18286 18286 D ViewRootImpl@7122570[MainActivity]: Relayout returned: oldFrame=[0,0][768,1024] newFrame=[0,0][768,1024] result=0x5 surface={isValid=false 0} surfaceGenerationChanged=false
09-08 09:14:57.432 18286 18286 D ViewRootImpl: updatePointerIcon pointerType = 20001, calling pid = 18286
09-08 09:14:57.432 18286 18286 D InputManager: setPointerIconType iconId = 20001, callingPid = 18286
09-08 09:14:57.434 18286 18286 D ViewRootImpl: updatePointerIcon pointerType = 20001, calling pid = 18286
09-08 09:14:57.434 18286 18286 D InputManager: setPointerIconType iconId = 20001, callingPid = 18286
09-08 09:14:57.677 18286 18286 D ViewRootImpl@db3a6a1[CancelDeliveryActivity]: ViewPostImeInputStage processPointer 0
09-08 09:14:57.678 18286 18286 D ViewRootImpl: updatePointerIcon pointerType = 20001, calling pid = 18286
09-08 09:14:57.678 18286 18286 D InputManager: setPointerIconType iconId = 20001, callingPid = 18286
09-08 09:14:57.705 18286 18286 D ViewRootImpl@db3a6a1[CancelDeliveryActivity]: ViewPostImeInputStage processPointer 1
09-08 09:14:57.713 18286 18286 D ViewRootImpl: updatePointerIcon pointerType = 20001, calling pid = 18286
09-08 09:14:57.713 18286 18286 D InputManager: setPointerIconType iconId = 20001, callingPid = 18286
09-08 09:14:57.714 18286 18286 D ViewRootImpl: updatePointerIcon pointerType = 20001, calling pid = 18286
09-08 09:14:57.714 18286 18286 D InputManager: setPointerIconType iconId = 20001, callingPid = 18286
09-08 09:14:58.398 18286 18286 D ViewRootImpl: updatePointerIcon pointerType = 20001, calling pid = 18286
09-08 09:14:58.399 18286 18286 D InputManager: setPointerIconType iconId = 20001, callingPid = 18286
09-08 09:14:58.493 18286 18286 D ViewRootImpl@db3a6a1[CancelDeliveryActivity]: ViewPostImeInputStage processPointer 0
09-08 09:14:58.494 18286 18286 D ViewRootImpl: updatePointerIcon pointerType = 20001, calling pid = 18286
09-08 09:14:58.494 18286 18286 D InputManager: setPointerIconType iconId = 20001, callingPid = 18286
09-08 09:14:58.572 18286 18286 D ViewRootImpl@db3a6a1[CancelDeliveryActivity]: ViewPostImeInputStage processPointer 1
09-08 09:14:58.580 18286 18286 D ViewRootImpl: updatePointerIcon pointerType = 20001, calling pid = 18286
09-08 09:14:58.581 18286 18286 D InputManager: setPointerIconType iconId = 20001, callingPid = 18286
09-08 09:14:58.582 18286 18286 D ViewRootImpl: updatePointerIcon pointerType = 20001, calling pid = 18286
09-08 09:14:58.582 18286 18286 D InputManager: setPointerIconType iconId = 20001, callingPid = 18286
09-08 09:14:58.596 18286 18286 D UNDELIVERED: Reason ID = 8, Comment =
09-08 09:14:58.686 18286 18286 D ViewRootImpl@db3a6a1[CancelDeliveryActivity]: MSG_WINDOW_FOCUS_CHANGED 0
09-08 09:14:58.689 18286 19732 D MESSAGE_SERVICE: ACTION_COMPRESS_AND_UPLOAD
09-08 09:14:58.746 18286 18286 D ViewRootImpl@7122570[MainActivity]: mHardwareRenderer.destroy()#4
09-08 09:14:58.746 18286 18286 D ViewRootImpl@7122570[MainActivity]: dispatchDetachedFromWindow
09-08 09:14:58.752 18286 18286 D InputTransport: Input channel destroyed: fd=70
09-08 09:14:58.953 18286 18286 D ViewRootImpl@f4edab1[MainActivity]: ThreadedRenderer.create() translucent=false
09-08 09:14:58.956 18286 18286 D InputTransport: Input channel constructed: fd=69
09-08 09:14:58.956 18286 18286 D ViewRootImpl@f4edab1[MainActivity]: setView = DecorView@11b3b96[MainActivity] touchMode=true
09-08 09:14:58.958 18286 18286 D ViewRootImpl@f4edab1[MainActivity]: dispatchAttachedToWindow
09-08 09:14:59.038 18286 18286 D ViewRootImpl@f4edab1[MainActivity]: Relayout returned: oldFrame=[0,0][0,0] newFrame=[0,0][768,1024] result=0x27 surface={isValid=true -1784694784} surfaceGenerationChanged=true
09-08 09:14:59.038 18286 18286 D ViewRootImpl@f4edab1[MainActivity]: mHardwareRenderer.initialize() mSurface={isValid=true -1784694784} hwInitialized=true
09-08 09:14:59.128 18286 18286 D AbsListView: in onLayout changed
09-08 09:14:59.150 18286 18869 D OpenGLRenderer: endAllActiveAnimators on 0x95537a80 (RippleDrawable) with handle 0x95ce0b20
09-08 09:14:59.150 18286 18286 D ViewRootImpl@db3a6a1[CancelDeliveryActivity]: mHardwareRenderer.destroy()#1
09-08 09:14:59.158 18286 18286 D ViewRootImpl@db3a6a1[CancelDeliveryActivity]: Relayout returned: oldFrame=[0,0][768,1024] newFrame=[0,0][768,1024] result=0x5 surface={isValid=false 0} surfaceGenerationChanged=true
09-08 09:14:59.229 18286 18286 D ViewRootImpl@f4edab1[MainActivity]: MSG_RESIZED_REPORT: frame=Rect(0, 0 - 768, 1024) ci=Rect(0, 24 - 0, 0) vi=Rect(0, 24 - 0, 0) or=1
09-08 09:14:59.229 18286 18286 D ViewRootImpl@f4edab1[MainActivity]: MSG_WINDOW_FOCUS_CHANGED 1
09-08 09:14:59.229 18286 18286 D ViewRootImpl@f4edab1[MainActivity]: mHardwareRenderer.initializeIfNeeded()#2 mSurface={isValid=true -1784694784}
09-08 09:14:59.231 18286 18286 V InputMethodManager: Starting input: tba=android.view.inputmethod.EditorInfo@8ae3af nm : cz.gienger.mobile ic=null
09-08 09:14:59.231 18286 18286 I InputMethodManager: startInputInner - mService.startInputOrWindowGainedFocus
09-08 09:14:59.238 18286 18286 D InputTransport: Input channel constructed: fd=65
09-08 09:14:59.238 18286 18286 D InputTransport: Input channel destroyed: fd=72
09-08 09:14:59.408 18286 19732 D FILE_MANAGER: Serializing delivery /data/user/0/cz.gienger.mobile/files/finished/130IT1180410119/130IT1180410119.xml
09-08 09:14:59.408 18286 19732 D FILE_MANAGER: Null files:
09-08 09:14:59.526 18286 19732 D MYINTERCEPTOR: /GiengerService.svc/sendorder
09-08 09:14:59.527 18286 19732 D OkHttp : --> POST https://testsaig1.gienger.cz/GiengerService.svc/sendorder http/1.1
09-08 09:14:59.527 18286 19732 D OkHttp : Content-Type: text/raw
09-08 09:14:59.527 18286 19732 D OkHttp : Content-Length: 2996
09-08 09:14:59.528 18286 19732 D OkHttp : filename: 130IT1180410119.xml
09-08 09:14:59.528 18286 19732 D OkHttp : Checksum: 502cb2d2e03e6a2e965f13143e27af61
09-08 09:14:59.528 18286 19732 D OkHttp : token: 3cc200aaafc8e594659d057e535383be
09-08 09:14:59.528 18286 19732 D OkHttp : --> END POST
09-08 09:14:59.733 18286 18286 D ViewRootImpl: updatePointerIcon pointerType = 20001, calling pid = 18286
09-08 09:14:59.733 18286 18286 D InputManager: setPointerIconType iconId = 20001, callingPid = 18286
09-08 09:14:59.735 18286 18286 D ViewRootImpl: updatePointerIcon pointerType = 20001, calling pid = 18286
09-08 09:14:59.735 18286 18286 D InputManager: setPointerIconType iconId = 20001, callingPid = 18286
09-08 09:14:59.959 18286 19732 D OkHttp : <-- 200 OK https://testsaig1.gienger.cz/GiengerService.svc/sendorder (430ms)
09-08 09:14:59.959 18286 19732 D OkHttp : Connection: Keep-Alive
09-08 09:14:59.959 18286 19732 D OkHttp : Content-Length: 175
09-08 09:14:59.959 18286 19732 D OkHttp : Date: Sat, 08 Sep 2018 07:14:59 GMT
09-08 09:14:59.959 18286 19732 D OkHttp : Content-Type: application/xml; charset=utf-8
09-08 09:14:59.960 18286 19732 D OkHttp : Server: Microsoft-IIS/10.0
09-08 09:14:59.960 18286 19732 D OkHttp : X-Powered-By: ASP.NET
09-08 09:14:59.960 18286 19732 D OkHttp : <-- END HTTP
09-08 09:14:59.966 18286 19732 D sendOrder_SUCCESS: 200
09-08 09:15:00.003 18286 19732 D MESSAGE_SERVICE: ACTION_RESEND_ORDERS
09-08 09:15:00.275 18286 18297 I art : Background partial concurrent mark sweep GC freed 78635(3MB) AllocSpace objects, 6(120KB) LOS objects, 55% free, 9MB/21MB, paused 1.252ms total 108.952ms
09-08 09:15:00.407 18286 18286 D AbsListView: in onLayout changed
09-08 09:15:00.425 18286 18286 D ViewRootImpl: updatePointerIcon pointerType = 20001, calling pid = 18286
09-08 09:15:00.425 18286 18286 D InputManager: setPointerIconType iconId = 20001, callingPid = 18286
09-08 09:15:00.655 18286 18286 D AbsListView: in onLayout changed
09-08 09:15:00.669 18286 18286 D ViewRootImpl: updatePointerIcon pointerType = 20001, calling pid = 18286
09-08 09:15:00.670 18286 18286 D InputManager: setPointerIconType iconId = 20001, callingPid = 18286
09-08 09:15:00.720 18286 18286 D Graph : removeVertex() : insertDummyVertex, because there is no ancestor.
09-08 09:15:00.720 18286 18286 D Graph : removeVertex() : insertDummyVertex, because there is no ancestor.
09-08 09:15:00.730 18286 18286 D TextView: SYANI: Clipboard API is calling: clearFilter()
09-08 09:15:00.731 18286 18286 D TextView: SYANI: Clipboard API is calling: unregisterClipboardEventListener()
09-08 09:15:00.740 18286 18286 D ViewRootImpl@db3a6a1[CancelDeliveryActivity]: mHardwareRenderer.destroy()#4
09-08 09:15:00.740 18286 18286 D ViewRootImpl@db3a6a1[CancelDeliveryActivity]: dispatchDetachedFromWindow
09-08 09:15:00.749 18286 18286 D InputTransport: Input channel destroyed: fd=68
09-08 09:15:00.751 18286 18286 D LOCATION_SERVICE: onDestroy
09-08 09:15:01.074 18286 18286 D ViewRootImpl@f4edab1[MainActivity]: ViewPostImeInputStage processPointer 0
09-08 09:15:01.075 18286 18286 D ViewRootImpl: updatePointerIcon pointerType = 20001, calling pid = 18286
09-08 09:15:01.076 18286 18286 D InputManager: setPointerIconType iconId = 20001, callingPid = 18286
09-08 09:15:01.097 18286 18286 D AbsListView: reportScrollStateChange() newState : 1
09-08 09:15:01.302 18286 18286 D ViewRootImpl@f4edab1[MainActivity]: ViewPostImeInputStage processPointer 1
09-08 09:15:01.302 18286 18286 D AbsListView: onTouchUp() mTouchMode : 3
09-08 09:15:01.302 18286 18286 D AbsListView: onTouchUp() TOUCH_MODE_SCROLL initialVelocity : -1138
09-08 09:15:01.302 18286 18286 D AbsListView: reportScrollStateChange() newState : 2
09-08 09:15:01.304 18286 18286 D ViewRootImpl: updatePointerIcon pointerType = 20001, calling pid = 18286
09-08 09:15:01.304 18286 18286 D InputManager: setPointerIconType iconId = 20001, callingPid = 18286
09-08 09:15:01.305 18286 18286 D ViewRootImpl: updatePointerIcon pointerType = 20001, calling pid = 18286
09-08 09:15:01.306 18286 18286 D InputManager: setPointerIconType iconId = 20001, callingPid = 18286
09-08 09:15:01.657 18286 18286 D ViewRootImpl: updatePointerIcon pointerType = 20001, calling pid = 18286
09-08 09:15:01.657 18286 18286 D InputManager: setPointerIconType iconId = 20001, callingPid = 18286
09-08 09:15:01.707 18286 18286 D ViewRootImpl@f4edab1[MainActivity]: ViewPostImeInputStage processPointer 0
09-08 09:15:01.709 18286 18286 D ViewRootImpl: updatePointerIcon pointerType = 20001, calling pid = 18286
09-08 09:15:01.709 18286 18286 D InputManager: setPointerIconType iconId = 20001, callingPid = 18286
09-08 09:15:01.878 18286 18286 D AbsListView: reportScrollStateChange() newState : 0
09-08 09:15:01.879 18286 18286 D AbsListView: reportScrollStateChange() newState : 1
09-08 09:15:01.981 18286 18286 D ViewRootImpl@f4edab1[MainActivity]: ViewPostImeInputStage processPointer 1
09-08 09:15:01.981 18286 18286 D AbsListView: onTouchUp() mTouchMode : 3
09-08 09:15:01.981 18286 18286 D AbsListView: onTouchUp() TOUCH_MODE_SCROLL initialVelocity : 186
09-08 09:15:01.981 18286 18286 D AbsListView: reportScrollStateChange() newState : 2
09-08 09:15:01.987 18286 18286 D ViewRootImpl: updatePointerIcon pointerType = 20001, calling pid = 18286
09-08 09:15:01.988 18286 18286 D InputManager: setPointerIconType iconId = 20001, callingPid = 18286
09-08 09:15:01.989 18286 18286 D ViewRootImpl: updatePointerIcon pointerType = 20001, calling pid = 18286
09-08 09:15:01.989 18286 18286 D InputManager: setPointerIconType iconId = 20001, callingPid = 18286
09-08 09:15:02.166 18286 18286 D AbsListView: reportScrollStateChange() newState : 0
09-08 09:15:03.263 18286 18286 D ViewRootImpl: updatePointerIcon pointerType = 20001, calling pid = 18286
09-08 09:15:03.264 18286 18286 D InputManager: setPointerIconType iconId = 20001, callingPid = 18286
09-08 09:15:03.528 18286 18286 D ViewRootImpl@f4edab1[MainActivity]: ViewPostImeInputStage processPointer 0
09-08 09:15:03.529 18286 18286 D ViewRootImpl: updatePointerIcon pointerType = 20001, calling pid = 18286
09-08 09:15:03.530 18286 18286 D InputManager: setPointerIconType iconId = 20001, callingPid = 18286
09-08 09:15:03.586 18286 18286 D ViewRootImpl@f4edab1[MainActivity]: ViewPostImeInputStage processPointer 1
09-08 09:15:03.595 18286 18286 D ViewRootImpl: updatePointerIcon pointerType = 20001, calling pid = 18286
09-08 09:15:03.596 18286 18286 D InputManager: setPointerIconType iconId = 20001, callingPid = 18286
09-08 09:15:03.596 18286 18286 D ViewRootImpl: updatePointerIcon pointerType = 20001, calling pid = 18286
09-08 09:15:03.596 18286 18286 D InputManager: setPointerIconType iconId = 20001, callingPid = 18286
09-08 09:15:03.617 18286 18286 D item_click: viewId = 2131820758, position = 11
09-08 09:15:03.678 18286 18286 D ViewRootImpl@f4edab1[MainActivity]: MSG_WINDOW_FOCUS_CHANGED 0
09-08 09:15:03.734 18286 18286 D ScrollView: initGoToTop
09-08 09:15:03.806 18286 18286 D ViewRootImpl@351a33f[CancelDeliveryActivity]: ThreadedRenderer.create() translucent=false
09-08 09:15:03.813 18286 18286 D InputTransport: Input channel constructed: fd=63
09-08 09:15:03.814 18286 18286 D ViewRootImpl@351a33f[CancelDeliveryActivity]: setView = DecorView@b39e40c[CancelDeliveryActivity] touchMode=true
09-08 09:15:03.815 18286 18286 D LOCATION_SERVICE: LocationListener gps
09-08 09:15:03.816 18286 18286 D LOCATION_SERVICE: LocationListener network
09-08 09:15:03.817 18286 18286 D LOCATION_SERVICE: onCreate
09-08 09:15:03.817 18286 18286 D LOCATION_SERVICE: initializeLocationManager
09-08 09:15:03.824 18286 18286 D LOCATION_SERVICE: onStartCommand
09-08 09:15:03.832 18286 18286 D ViewRootImpl@351a33f[CancelDeliveryActivity]: dispatchAttachedToWindow
09-08 09:15:03.868 18286 18286 D ViewRootImpl@351a33f[CancelDeliveryActivity]: Relayout returned: oldFrame=[0,0][0,0] newFrame=[0,0][768,1024] result=0x27 surface={isValid=true -1813747712} surfaceGenerationChanged=true
09-08 09:15:03.868 18286 18286 D ViewRootImpl@351a33f[CancelDeliveryActivity]: mHardwareRenderer.initialize() mSurface={isValid=true -1813747712} hwInitialized=true
09-08 09:15:03.874 18286 18286 D ScrollView: onsize change changed
09-08 09:15:03.928 18286 18286 D ViewRootImpl@351a33f[CancelDeliveryActivity]: MSG_RESIZED_REPORT: frame=Rect(0, 0 - 768, 1024) ci=Rect(0, 24 - 0, 0) vi=Rect(0, 24 - 0, 0) or=1
09-08 09:15:03.928 18286 18286 D ViewRootImpl@351a33f[CancelDeliveryActivity]: MSG_WINDOW_FOCUS_CHANGED 1
09-08 09:15:03.928 18286 18286 D ViewRootImpl@351a33f[CancelDeliveryActivity]: mHardwareRenderer.initializeIfNeeded()#2 mSurface={isValid=true -1813747712}
09-08 09:15:03.933 18286 18286 V InputMethodManager: Starting input: tba=android.view.inputmethod.EditorInfo@875d3d3 nm : cz.gienger.mobile ic=null
09-08 09:15:03.933 18286 18286 I InputMethodManager: startInputInner - mService.startInputOrWindowGainedFocus
09-08 09:15:03.944 18286 18286 D InputTransport: Input channel constructed: fd=68
09-08 09:15:03.944 18286 18286 D InputTransport: Input channel destroyed: fd=65
09-08 09:15:03.987 18286 18869 D OpenGLRenderer: endAllActiveAnimators on 0x96c05300 (RippleDrawable) with handle 0x9418d660
09-08 09:15:03.987 18286 18286 D ViewRootImpl@f4edab1[MainActivity]: mHardwareRenderer.destroy()#1
09-08 09:15:03.995 18286 18286 D ViewRootImpl@f4edab1[MainActivity]: Relayout returned: oldFrame=[0,0][768,1024] newFrame=[0,0][768,1024] result=0x5 surface={isValid=false 0} surfaceGenerationChanged=true
09-08 09:15:04.332 18286 18286 D LOCATION_SERVICE: onLocationChanged: Location[network 49,280019,17,871068 acc=136 et=+19h32m13s635ms alt=0.0 vel=0.0 bear=0.0 {Bundle[mParcelledData.dataSize=80]}]
09-08 09:15:04.379 18286 18286 D ViewRootImpl@f4edab1[MainActivity]: Relayout returned: oldFrame=[0,0][768,1024] newFrame=[0,0][768,1024] result=0x5 surface={isValid=false 0} surfaceGenerationChanged=false
09-08 09:15:04.664 18286 18286 D ViewRootImpl: updatePointerIcon pointerType = 20001, calling pid = 18286
09-08 09:15:04.665 18286 18286 D InputManager: setPointerIconType iconId = 20001, callingPid = 18286
09-08 09:15:04.666 18286 18286 D ViewRootImpl: updatePointerIcon pointerType = 20001, calling pid = 18286
09-08 09:15:04.667 18286 18286 D InputManager: setPointerIconType iconId = 20001, callingPid = 18286
09-08 09:15:05.390 18286 18286 D ViewRootImpl: updatePointerIcon pointerType = 20001, calling pid = 18286
09-08 09:15:05.390 18286 18286 D InputManager: setPointerIconType iconId = 20001, callingPid = 18286
09-08 09:15:05.421 18286 18286 D ViewRootImpl@351a33f[CancelDeliveryActivity]: ViewPostImeInputStage processPointer 0
09-08 09:15:05.423 18286 18286 D ViewRootImpl: updatePointerIcon pointerType = 20001, calling pid = 18286
09-08 09:15:05.423 18286 18286 D InputManager: setPointerIconType iconId = 20001, callingPid = 18286
09-08 09:15:05.454 18286 18286 D ViewRootImpl@351a33f[CancelDeliveryActivity]: ViewPostImeInputStage processPointer 1
09-08 09:15:05.459 18286 18286 D ViewRootImpl: updatePointerIcon pointerType = 20001, calling pid = 18286
09-08 09:15:05.460 18286 18286 D InputManager: setPointerIconType iconId = 20001, callingPid = 18286
09-08 09:15:05.461 18286 18286 D ViewRootImpl: updatePointerIcon pointerType = 20001, calling pid = 18286
09-08 09:15:05.462 18286 18286 D InputManager: setPointerIconType iconId = 20001, callingPid = 18286
09-08 09:15:06.286 18286 18286 D ViewRootImpl: updatePointerIcon pointerType = 20001, calling pid = 18286
09-08 09:15:06.286 18286 18286 D InputManager: setPointerIconType iconId = 20001, callingPid = 18286
09-08 09:15:06.324 18286 18286 D ViewRootImpl@351a33f[CancelDeliveryActivity]: ViewPostImeInputStage processPointer 0
09-08 09:15:06.324 18286 18286 D ViewRootImpl: updatePointerIcon pointerType = 20001, calling pid = 18286
09-08 09:15:06.325 18286 18286 D InputManager: setPointerIconType iconId = 20001, callingPid = 18286
09-08 09:15:06.358 18286 18286 D ViewRootImpl@351a33f[CancelDeliveryActivity]: ViewPostImeInputStage processPointer 1
09-08 09:15:06.364 18286 18286 D ViewRootImpl: updatePointerIcon pointerType = 20001, calling pid = 18286
09-08 09:15:06.365 18286 18286 D InputManager: setPointerIconType iconId = 20001, callingPid = 18286
09-08 09:15:06.365 18286 18286 D ViewRootImpl: updatePointerIcon pointerType = 20001, calling pid = 18286
09-08 09:15:06.366 18286 18286 D InputManager: setPointerIconType iconId = 20001, callingPid = 18286
09-08 09:15:06.379 18286 18286 D UNDELIVERED: Reason ID = 8, Comment =
09-08 09:15:06.489 18286 18286 D ViewRootImpl@351a33f[CancelDeliveryActivity]: MSG_WINDOW_FOCUS_CHANGED 0
09-08 09:15:06.491 18286 19738 D MESSAGE_SERVICE: ACTION_COMPRESS_AND_UPLOAD
09-08 09:15:06.540 18286 18286 D ViewRootImpl@f4edab1[MainActivity]: mHardwareRenderer.destroy()#4
09-08 09:15:06.540 18286 18286 D ViewRootImpl@f4edab1[MainActivity]: dispatchDetachedFromWindow
09-08 09:15:06.549 18286 18286 D InputTransport: Input channel destroyed: fd=69
09-08 09:15:06.767 18286 18286 D ViewRootImpl@a8defcf[MainActivity]: ThreadedRenderer.create() translucent=false
09-08 09:15:06.770 18286 18286 D InputTransport: Input channel constructed: fd=76
09-08 09:15:06.771 18286 18286 D ViewRootImpl@a8defcf[MainActivity]: setView = DecorView@69a5d5c[MainActivity] touchMode=true
09-08 09:15:06.773 18286 18286 D ViewRootImpl@a8defcf[MainActivity]: dispatchAttachedToWindow
09-08 09:15:06.838 18286 18286 D ViewRootImpl@a8defcf[MainActivity]: Relayout returned: oldFrame=[0,0][0,0] newFrame=[0,0][768,1024] result=0x27 surface={isValid=true -1803468800} surfaceGenerationChanged=true
09-08 09:15:06.838 18286 18286 D ViewRootImpl@a8defcf[MainActivity]: mHardwareRenderer.initialize() mSurface={isValid=true -1803468800} hwInitialized=true
09-08 09:15:06.924 18286 18286 D AbsListView: in onLayout changed
09-08 09:15:06.939 18286 18869 D OpenGLRenderer: endAllActiveAnimators on 0x975cf600 (RippleDrawable) with handle 0x94355e40
09-08 09:15:06.940 18286 18286 D ViewRootImpl@351a33f[CancelDeliveryActivity]: mHardwareRenderer.destroy()#1
09-08 09:15:06.947 18286 18286 D ViewRootImpl@351a33f[CancelDeliveryActivity]: Relayout returned: oldFrame=[0,0][768,1024] newFrame=[0,0][768,1024] result=0x5 surface={isValid=false 0} surfaceGenerationChanged=true
09-08 09:15:07.012 18286 18286 D ViewRootImpl@a8defcf[MainActivity]: MSG_RESIZED_REPORT: frame=Rect(0, 0 - 768, 1024) ci=Rect(0, 24 - 0, 0) vi=Rect(0, 24 - 0, 0) or=1
09-08 09:15:07.012 18286 18286 D ViewRootImpl@a8defcf[MainActivity]: MSG_WINDOW_FOCUS_CHANGED 1
09-08 09:15:07.012 18286 18286 D ViewRootImpl@a8defcf[MainActivity]: mHardwareRenderer.initializeIfNeeded()#2 mSurface={isValid=true -1803468800}
09-08 09:15:07.014 18286 18286 V InputMethodManager: Starting input: tba=android.view.inputmethod.EditorInfo@626798b nm : cz.gienger.mobile ic=null
09-08 09:15:07.014 18286 18286 I InputMethodManager: startInputInner - mService.startInputOrWindowGainedFocus
09-08 09:15:07.022 18286 18286 D InputTransport: Input channel constructed: fd=65
09-08 09:15:07.022 18286 18286 D InputTransport: Input channel destroyed: fd=68
09-08 09:15:07.213 18286 19738 D FILE_MANAGER: Serializing delivery /data/user/0/cz.gienger.mobile/files/finished/130AT1180318536/130AT1180318536.xml
09-08 09:15:07.213 18286 19738 D FILE_MANAGER: Null files:
09-08 09:15:07.338 18286 19738 D MYINTERCEPTOR: /GiengerService.svc/sendorder
09-08 09:15:07.339 18286 19738 D OkHttp : --> POST https://testsaig1.gienger.cz/GiengerService.svc/sendorder http/1.1
09-08 09:15:07.339 18286 19738 D OkHttp : Content-Type: text/raw
09-08 09:15:07.339 18286 19738 D OkHttp : Content-Length: 4057
09-08 09:15:07.339 18286 19738 D OkHttp : filename: 130AT1180318536.xml
09-08 09:15:07.339 18286 19738 D OkHttp : Checksum: 3aae4f6b419e18e7756171867c248f80
09-08 09:15:07.340 18286 19738 D OkHttp : token: 3cc200aaafc8e594659d057e535383be
09-08 09:15:07.340 18286 19738 D OkHttp : --> END POST
09-08 09:15:07.702 18286 19738 D OkHttp : <-- 200 OK https://testsaig1.gienger.cz/GiengerService.svc/sendorder (362ms)
09-08 09:15:07.703 18286 19738 D OkHttp : Connection: Keep-Alive
09-08 09:15:07.703 18286 19738 D OkHttp : Content-Length: 175
09-08 09:15:07.703 18286 19738 D OkHttp : Date: Sat, 08 Sep 2018 07:15:07 GMT
09-08 09:15:07.703 18286 19738 D OkHttp : Content-Type: application/xml; charset=utf-8
09-08 09:15:07.703 18286 19738 D OkHttp : Server: Microsoft-IIS/10.0
09-08 09:15:07.703 18286 19738 D OkHttp : X-Powered-By: ASP.NET
09-08 09:15:07.703 18286 19738 D OkHttp : <-- END HTTP
09-08 09:15:07.709 18286 19738 D sendOrder_SUCCESS: 200
09-08 09:15:07.752 18286 19738 D MESSAGE_SERVICE: ACTION_RESEND_ORDERS
09-08 09:15:08.038 18286 18286 D AbsListView: in onLayout changed
09-08 09:15:08.287 18286 18286 D AbsListView: in onLayout changed
09-08 09:15:08.347 18286 18286 D TextView: SYANI: Clipboard API is calling: clearFilter()
09-08 09:15:08.347 18286 18286 D TextView: SYANI: Clipboard API is calling: unregisterClipboardEventListener()
09-08 09:15:08.354 18286 18286 D ViewRootImpl@351a33f[CancelDeliveryActivity]: mHardwareRenderer.destroy()#4
09-08 09:15:08.354 18286 18286 D ViewRootImpl@351a33f[CancelDeliveryActivity]: dispatchDetachedFromWindow
09-08 09:15:08.361 18286 18286 D InputTransport: Input channel destroyed: fd=63
09-08 09:15:08.362 18286 18286 D LOCATION_SERVICE: onDestroy
09-08 09:15:12.026 18286 18286 D ViewRootImpl: updatePointerIcon pointerType = 20001, calling pid = 18286
09-08 09:15:12.026 18286 18286 D InputManager: setPointerIconType iconId = 20001, callingPid = 18286
09-08 09:15:12.029 18286 18286 D ViewRootImpl: updatePointerIcon pointerType = 20001, calling pid = 18286
09-08 09:15:12.029 18286 18286 D InputManager: setPointerIconType iconId = 20001, callingPid = 18286
09-08 09:15:12.119 18286 18286 D ViewRootImpl@a8defcf[MainActivity]: ViewPostImeInputStage processPointer 0
09-08 09:15:12.120 18286 18286 D ViewRootImpl: updatePointerIcon pointerType = 20001, calling pid = 18286
09-08 09:15:12.120 18286 18286 D InputManager: setPointerIconType iconId = 20001, callingPid = 18286
09-08 09:15:12.155 18286 18286 D AbsListView: reportScrollStateChange() newState : 1
09-08 09:15:12.500 18286 18286 D ViewRootImpl@a8defcf[MainActivity]: ViewPostImeInputStage processPointer 1
09-08 09:15:12.500 18286 18286 D AbsListView: onTouchUp() mTouchMode : 3
09-08 09:15:12.500 18286 18286 D AbsListView: onTouchUp() TOUCH_MODE_SCROLL initialVelocity : 24
09-08 09:15:12.500 18286 18286 D AbsListView: reportScrollStateChange() newState : 0
09-08 09:15:12.511 18286 18286 D ViewRootImpl: updatePointerIcon pointerType = 20001, calling pid = 18286
09-08 09:15:12.511 18286 18286 D InputManager: setPointerIconType iconId = 20001, callingPid = 18286
09-08 09:15:12.512 18286 18286 D ViewRootImpl: updatePointerIcon pointerType = 20001, calling pid = 18286
09-08 09:15:12.513 18286 18286 D InputManager: setPointerIconType iconId = 20001, callingPid = 18286
09-08 09:15:13.081 18286 18286 D ViewRootImpl: updatePointerIcon pointerType = 20001, calling pid = 18286
09-08 09:15:13.081 18286 18286 D InputManager: setPointerIconType iconId = 20001, callingPid = 18286
09-08 09:15:13.646 18286 18286 D ViewRootImpl@a8defcf[MainActivity]: ViewPostImeInputStage processPointer 0
09-08 09:15:13.646 18286 18286 D ViewRootImpl: updatePointerIcon pointerType = 20001, calling pid = 18286
09-08 09:15:13.647 18286 18286 D InputManager: setPointerIconType iconId = 20001, callingPid = 18286
09-08 09:15:13.703 18286 18286 D ViewRootImpl@a8defcf[MainActivity]: ViewPostImeInputStage processPointer 1
09-08 09:15:13.711 18286 18286 D ViewRootImpl: updatePointerIcon pointerType = 20001, calling pid = 18286
09-08 09:15:13.712 18286 18286 D InputManager: setPointerIconType iconId = 20001, callingPid = 18286
09-08 09:15:13.712 18286 18286 D ViewRootImpl: updatePointerIcon pointerType = 20001, calling pid = 18286
09-08 09:15:13.713 18286 18286 D InputManager: setPointerIconType iconId = 20001, callingPid = 18286
09-08 09:15:13.720 18286 18286 D item_click: viewId = 2131820760, position = 11
09-08 09:15:13.724 18286 18286 E cz.gienger.mobile.poaz.configuration.GlobalConfiguration: java.lang.NumberFormatException: null
09-08 09:15:13.724 18286 18286 E cz.gienger.mobile.poaz.configuration.GlobalConfiguration: at java.lang.Integer.parseInt(Integer.java:483)
09-08 09:15:13.724 18286 18286 E cz.gienger.mobile.poaz.configuration.GlobalConfiguration: at java.lang.Integer.parseInt(Integer.java:556)
09-08 09:15:13.724 18286 18286 E cz.gienger.mobile.poaz.configuration.GlobalConfiguration: at cz.gienger.mobile.poaz.configuration.GlobalConfiguration.getPriceTypeEnum(GlobalConfiguration.java:140)
09-08 09:15:13.724 18286 18286 E cz.gienger.mobile.poaz.configuration.GlobalConfiguration: at cz.gienger.mobile.poaz.configuration.GlobalConfiguration.setValues(GlobalConfiguration.java:97)
09-08 09:15:13.724 18286 18286 E cz.gienger.mobile.poaz.configuration.GlobalConfiguration: at cz.gienger.mobile.poaz.configuration.GlobalConfiguration.(GlobalConfiguration.java:36)
09-08 09:15:13.724 18286 18286 E cz.gienger.mobile.poaz.configuration.GlobalConfiguration: at cz.gienger.mobile.poaz.configuration.GlobalConfiguration.get(GlobalConfiguration.java:41)
09-08 09:15:13.724 18286 18286 E cz.gienger.mobile.poaz.configuration.GlobalConfiguration: at cz.gienger.mobile.activity.MainActivity$BroadcastReceiver.onReceive(MainActivity.java:310)
09-08 09:15:13.724 18286 18286 E cz.gienger.mobile.poaz.configuration.GlobalConfiguration: at android.app.LoadedApk$ReceiverDispatcher$Args.run(LoadedApk.java:1185)
09-08 09:15:13.724 18286 18286 E cz.gienger.mobile.poaz.configuration.GlobalConfiguration: at android.os.Handler.handleCallback(Handler.java:751)
09-08 09:15:13.724 18286 18286 E cz.gienger.mobile.poaz.configuration.GlobalConfiguration: at android.os.Handler.dispatchMessage(Handler.java:95)
09-08 09:15:13.724 18286 18286 E cz.gienger.mobile.poaz.configuration.GlobalConfiguration: at android.os.Looper.loop(Looper.java:154)
09-08 09:15:13.724 18286 18286 E cz.gienger.mobile.poaz.configuration.GlobalConfiguration: at android.app.ActivityThread.main(ActivityThread.java:6823)
09-08 09:15:13.724 18286 18286 E cz.gienger.mobile.poaz.configuration.GlobalConfiguration: at java.lang.reflect.Method.invoke(Native Method)
09-08 09:15:13.724 18286 18286 E cz.gienger.mobile.poaz.configuration.GlobalConfiguration: at com.android.internal.os.ZygoteInit$MethodAndArgsCaller.run(ZygoteInit.java:1563)
09-08 09:15:13.724 18286 18286 E cz.gienger.mobile.poaz.configuration.GlobalConfiguration: at com.android.internal.os.ZygoteInit.main(ZygoteInit.java:1451)
09-08 09:15:13.778 18286 18286 D ViewRootImpl@a8defcf[MainActivity]: MSG_WINDOW_FOCUS_CHANGED 0
09-08 09:15:13.857 18286 18286 E cz.gienger.mobile.poaz.configuration.GlobalConfiguration: java.lang.NumberFormatException: null
09-08 09:15:13.857 18286 18286 E cz.gienger.mobile.poaz.configuration.GlobalConfiguration: at java.lang.Integer.parseInt(Integer.java:483)
09-08 09:15:13.857 18286 18286 E cz.gienger.mobile.poaz.configuration.GlobalConfiguration: at java.lang.Integer.parseInt(Integer.java:556)
09-08 09:15:13.857 18286 18286 E cz.gienger.mobile.poaz.configuration.GlobalConfiguration: at cz.gienger.mobile.poaz.configuration.GlobalConfiguration.getPriceTypeEnum(GlobalConfiguration.java:140)
09-08 09:15:13.857 18286 18286 E cz.gienger.mobile.poaz.configuration.GlobalConfiguration: at cz.gienger.mobile.poaz.configuration.GlobalConfiguration.setValues(GlobalConfiguration.java:97)
09-08 09:15:13.857 18286 18286 E cz.gienger.mobile.poaz.configuration.GlobalConfiguration: at cz.gienger.mobile.poaz.configuration.GlobalConfiguration.(GlobalConfiguration.java:36)
09-08 09:15:13.857 18286 18286 E cz.gienger.mobile.poaz.configuration.GlobalConfiguration: at cz.gienger.mobile.poaz.configuration.GlobalConfiguration.get(GlobalConfiguration.java:41)
09-08 09:15:13.857 18286 18286 E cz.gienger.mobile.poaz.configuration.GlobalConfiguration: at cz.gienger.mobile.poaz.fragments.CategoryListFragment.onResume(CategoryListFragment.java:159)
09-08 09:15:13.857 18286 18286 E cz.gienger.mobile.poaz.configuration.GlobalConfiguration: at android.support.v4.app.Fragment.performResume(Fragment.java:2294)
09-08 09:15:13.857 18286 18286 E cz.gienger.mobile.poaz.configuration.GlobalConfiguration: at android.support.v4.app.FragmentManagerImpl.moveToState(FragmentManager.java:1387)
09-08 09:15:13.857 18286 18286 E cz.gienger.mobile.poaz.configuration.GlobalConfiguration: at android.support.v4.app.FragmentManagerImpl.moveFragmentToExpectedState(FragmentManager.java:1569)
09-08 09:15:13.857 18286 18286 E cz.gienger.mobile.poaz.configuration.GlobalConfiguration: at android.support.v4.app.FragmentManagerImpl.moveToState(FragmentManager.java:1636)
09-08 09:15:13.857 18286 18286 E cz.gienger.mobile.poaz.configuration.GlobalConfiguration: at android.support.v4.app.FragmentManagerImpl.dispatchResume(FragmentManager.java:2991)
09-08 09:15:13.857 18286 18286 E cz.gienger.mobile.poaz.configuration.GlobalConfiguration: at android.support.v4.app.FragmentController.dispatchResume(FragmentController.java:214)
09-08 09:15:13.857 18286 18286 E cz.gienger.mobile.poaz.configuration.GlobalConfiguration: at android.support.v4.app.FragmentActivity.onResumeFragments(FragmentActivity.java:509)
09-08 09:15:13.857 18286 18286 E cz.gienger.mobile.poaz.configuration.GlobalConfiguration: at android.support.v4.app.FragmentActivity.onPostResume(FragmentActivity.java:498)
09-08 09:15:13.857 18286 18286 E cz.gienger.mobile.poaz.configuration.GlobalConfiguration: at android.support.v7.app.AppCompatActivity.onPostResume(AppCompatActivity.java:172)
09-08 09:15:13.857 18286 18286 E cz.gienger.mobile.poaz.configuration.GlobalConfiguration: at android.app.Activity.performResume(Activity.java:7166)
