--------- beginning of main
09-08 09:12:14.182 18286 18286 D ViewRootImpl@de65200[MainActivity]: Relayout returned: oldFrame=[0,0][768,1024] newFrame=[0,0][768,1024] result=0x1 surface={isValid=true -1450270720} surfaceGenerationChanged=false
09-08 09:12:14.237 18286 18286 D AbsListView: in onLayout changed
09-08 09:12:14.254 18286 18286 D ViewRootImpl@de65200[MainActivity]: MSG_RESIZED_REPORT: frame=Rect(0, 0 - 768, 1024) ci=Rect(0, 24 - 0, 0) vi=Rect(0, 24 - 0, 0) or=1
09-08 09:12:15.019 18286 18286 D ViewRootImpl@de65200[MainActivity]: ViewPostImeInputStage processPointer 0
09-08 09:12:15.096 18286 18286 D AbsListView: reportScrollStateChange() newState : 1
09-08 09:12:15.531 18286 18286 D ViewRootImpl@de65200[MainActivity]: ViewPostImeInputStage processPointer 1
09-08 09:12:15.531 18286 18286 D AbsListView: onTouchUp() mTouchMode : 3
09-08 09:12:15.531 18286 18286 D AbsListView: onTouchUp() TOUCH_MODE_SCROLL initialVelocity : 406
09-08 09:12:15.531 18286 18286 D AbsListView: reportScrollStateChange() newState : 2
09-08 09:12:15.795 18286 18286 D ViewRootImpl@de65200[MainActivity]: ViewPostImeInputStage processPointer 0
09-08 09:12:15.836 18286 18286 D AbsListView: reportScrollStateChange() newState : 0
09-08 09:12:15.838 18286 18286 D AbsListView: reportScrollStateChange() newState : 1
09-08 09:12:16.721 18286 18286 D ViewRootImpl@de65200[MainActivity]: ViewPostImeInputStage processPointer 1
09-08 09:12:16.722 18286 18286 D AbsListView: onTouchUp() mTouchMode : 3
09-08 09:12:16.722 18286 18286 D AbsListView: onTouchUp() TOUCH_MODE_SCROLL initialVelocity : 66
09-08 09:12:16.722 18286 18286 D AbsListView: reportScrollStateChange() newState : 2
09-08 09:12:16.816 18286 18286 D AbsListView: reportScrollStateChange() newState : 0
09-08 09:12:17.302 18286 18286 D ViewRootImpl@de65200[MainActivity]: ViewPostImeInputStage processPointer 0
09-08 09:12:17.335 18286 18286 D AbsListView: reportScrollStateChange() newState : 1
09-08 09:12:17.699 18286 18286 D ViewRootImpl@de65200[MainActivity]: ViewPostImeInputStage processPointer 1
09-08 09:12:17.699 18286 18286 D AbsListView: onTouchUp() mTouchMode : 3
09-08 09:12:17.699 18286 18286 D AbsListView: onTouchUp() TOUCH_MODE_SCROLL initialVelocity : 102
09-08 09:12:17.699 18286 18286 D AbsListView: reportScrollStateChange() newState : 2
09-08 09:12:17.836 18286 18286 D AbsListView: reportScrollStateChange() newState : 0
09-08 09:12:18.277 18286 18286 D ViewRootImpl@de65200[MainActivity]: ViewPostImeInputStage processPointer 0
09-08 09:12:18.340 18286 18286 D AbsListView: reportScrollStateChange() newState : 1
09-08 09:12:18.689 18286 18286 D ViewRootImpl@de65200[MainActivity]: ViewPostImeInputStage processPointer 1
09-08 09:12:18.690 18286 18286 D AbsListView: onTouchUp() mTouchMode : 3
09-08 09:12:18.690 18286 18286 D AbsListView: onTouchUp() TOUCH_MODE_SCROLL initialVelocity : 86
09-08 09:12:18.690 18286 18286 D AbsListView: reportScrollStateChange() newState : 2
09-08 09:12:18.804 18286 18286 D AbsListView: reportScrollStateChange() newState : 0
09-08 09:12:19.083 18286 18286 D ViewRootImpl@de65200[MainActivity]: ViewPostImeInputStage processPointer 0
09-08 09:12:19.122 18286 18286 D AbsListView: reportScrollStateChange() newState : 1
09-08 09:12:19.163 18286 18286 D ViewRootImpl@de65200[MainActivity]: ViewPostImeInputStage processPointer 1
09-08 09:12:19.164 18286 18286 D AbsListView: onTouchUp() mTouchMode : 3
09-08 09:12:19.164 18286 18286 D AbsListView: onTouchUp() TOUCH_MODE_SCROLL initialVelocity : 2698
09-08 09:12:19.164 18286 18286 D AbsListView: reportScrollStateChange() newState : 2
09-08 09:12:19.559 18286 18286 D ViewRootImpl@de65200[MainActivity]: ViewPostImeInputStage processPointer 0
09-08 09:12:19.601 18286 18286 D AbsListView: reportScrollStateChange() newState : 0
09-08 09:12:19.602 18286 18286 D AbsListView: reportScrollStateChange() newState : 1
09-08 09:12:19.898 18286 18286 D ViewRootImpl@de65200[MainActivity]: ViewPostImeInputStage processPointer 1
09-08 09:12:19.898 18286 18286 D AbsListView: onTouchUp() mTouchMode : 3
09-08 09:12:19.898 18286 18286 D AbsListView: onTouchUp() TOUCH_MODE_SCROLL initialVelocity : 1442
09-08 09:12:19.898 18286 18286 D AbsListView: reportScrollStateChange() newState : 2
09-08 09:12:20.311 18286 18286 D ViewRootImpl@de65200[MainActivity]: ViewPostImeInputStage processPointer 0
09-08 09:12:20.395 18286 18286 D ViewRootImpl@de65200[MainActivity]: ViewPostImeInputStage processPointer 1
09-08 09:12:20.395 18286 18286 D AbsListView: onTouchUp() mTouchMode : 3
09-08 09:12:20.395 18286 18286 D AbsListView: onTouchUp() TOUCH_MODE_SCROLL initialVelocity : 2634
09-08 09:12:21.149 18286 18286 D ViewRootImpl@de65200[MainActivity]: ViewPostImeInputStage processPointer 0
09-08 09:12:21.190 18286 18286 D AbsListView: reportScrollStateChange() newState : 0
09-08 09:12:21.191 18286 18286 D AbsListView: reportScrollStateChange() newState : 1
09-08 09:12:21.634 18286 18286 D ViewRootImpl@de65200[MainActivity]: ViewPostImeInputStage processPointer 1
09-08 09:12:21.634 18286 18286 D AbsListView: onTouchUp() mTouchMode : 3
09-08 09:12:21.634 18286 18286 D AbsListView: onTouchUp() TOUCH_MODE_SCROLL initialVelocity : -1979
09-08 09:12:21.634 18286 18286 D AbsListView: reportScrollStateChange() newState : 2
09-08 09:12:22.078 18286 18286 D ViewRootImpl@de65200[MainActivity]: ViewPostImeInputStage processPointer 0
09-08 09:12:22.121 18286 18286 D AbsListView: reportScrollStateChange() newState : 0
09-08 09:12:22.123 18286 18286 D AbsListView: reportScrollStateChange() newState : 1
09-08 09:12:22.377 18286 18286 D ViewRootImpl@de65200[MainActivity]: ViewPostImeInputStage processPointer 1
09-08 09:12:22.378 18286 18286 D AbsListView: onTouchUp() mTouchMode : 3
09-08 09:12:22.378 18286 18286 D AbsListView: onTouchUp() TOUCH_MODE_SCROLL initialVelocity : -10
09-08 09:12:22.378 18286 18286 D AbsListView: reportScrollStateChange() newState : 0
09-08 09:12:39.933 18286 18286 D ViewRootImpl@de65200[MainActivity]: ViewPostImeInputStage processPointer 0
09-08 09:12:39.981 18286 18286 D ViewRootImpl@de65200[MainActivity]: ViewPostImeInputStage processPointer 1
09-08 09:12:39.992 18286 18286 D item_click: viewId = 2131820758, position = 7
09-08 09:12:40.043 18286 18286 D ViewRootImpl@de65200[MainActivity]: MSG_WINDOW_FOCUS_CHANGED 0
09-08 09:12:40.131 18286 18286 D ScrollView: initGoToTop
09-08 09:12:40.194 18286 18286 D ViewRootImpl@989704a[CancelDeliveryActivity]: ThreadedRenderer.create() translucent=false
09-08 09:12:40.197 18286 18286 D InputTransport: Input channel constructed: fd=63
09-08 09:12:40.197 18286 18286 D ViewRootImpl@989704a[CancelDeliveryActivity]: setView = DecorView@2f78bbb[CancelDeliveryActivity] touchMode=true
09-08 09:12:40.199 18286 18286 D LOCATION_SERVICE: LocationListener gps
09-08 09:12:40.199 18286 18286 D LOCATION_SERVICE: LocationListener network
09-08 09:12:40.200 18286 18286 D LOCATION_SERVICE: onCreate
09-08 09:12:40.201 18286 18286 D LOCATION_SERVICE: initializeLocationManager
09-08 09:12:40.208 18286 18286 D LOCATION_SERVICE: onStartCommand
09-08 09:12:40.225 18286 18286 D ViewRootImpl@989704a[CancelDeliveryActivity]: dispatchAttachedToWindow
09-08 09:12:40.279 18286 18286 D ViewRootImpl@989704a[CancelDeliveryActivity]: Relayout returned: oldFrame=[0,0][0,0] newFrame=[0,0][768,1024] result=0x27 surface={isValid=true -1809975296} surfaceGenerationChanged=true
09-08 09:12:40.279 18286 18286 D ViewRootImpl@989704a[CancelDeliveryActivity]: mHardwareRenderer.initialize() mSurface={isValid=true -1809975296} hwInitialized=true
09-08 09:12:40.293 18286 18286 D ScrollView: onsize change changed
09-08 09:12:40.340 18286 18286 D ViewRootImpl@989704a[CancelDeliveryActivity]: MSG_RESIZED_REPORT: frame=Rect(0, 0 - 768, 1024) ci=Rect(0, 24 - 0, 0) vi=Rect(0, 24 - 0, 0) or=1
09-08 09:12:40.340 18286 18286 D ViewRootImpl@989704a[CancelDeliveryActivity]: MSG_WINDOW_FOCUS_CHANGED 1
09-08 09:12:40.340 18286 18286 D ViewRootImpl@989704a[CancelDeliveryActivity]: mHardwareRenderer.initializeIfNeeded()#2 mSurface={isValid=true -1809975296}
09-08 09:12:40.345 18286 18286 V InputMethodManager: Starting input: tba=android.view.inputmethod.EditorInfo@728961c nm : cz.gienger.mobile ic=null
09-08 09:12:40.345 18286 18286 I InputMethodManager: startInputInner - mService.startInputOrWindowGainedFocus
09-08 09:12:40.354 18286 18286 D InputTransport: Input channel constructed: fd=64
09-08 09:12:40.354 18286 18286 D InputTransport: Input channel destroyed: fd=80
09-08 09:12:40.400 18286 18869 D OpenGLRenderer: endAllActiveAnimators on 0xa938e800 (RippleDrawable) with handle 0x959ffcd0
09-08 09:12:40.400 18286 18286 D ViewRootImpl@de65200[MainActivity]: mHardwareRenderer.destroy()#1
09-08 09:12:40.411 18286 18286 D ViewRootImpl@de65200[MainActivity]: Relayout returned: oldFrame=[0,0][768,1024] newFrame=[0,0][768,1024] result=0x5 surface={isValid=false 0} surfaceGenerationChanged=true
09-08 09:12:40.792 18286 18286 D ViewRootImpl@de65200[MainActivity]: Relayout returned: oldFrame=[0,0][768,1024] newFrame=[0,0][768,1024] result=0x5 surface={isValid=false 0} surfaceGenerationChanged=false
09-08 09:12:41.279 18286 18286 D ViewRootImpl@989704a[CancelDeliveryActivity]: ViewPostImeInputStage processPointer 0
09-08 09:12:41.341 18286 18286 D ViewRootImpl@989704a[CancelDeliveryActivity]: ViewPostImeInputStage processPointer 1
09-08 09:12:41.979 18286 18286 D ViewRootImpl@989704a[CancelDeliveryActivity]: ViewPostImeInputStage processPointer 0
09-08 09:12:42.059 18286 18286 D ViewRootImpl@989704a[CancelDeliveryActivity]: ViewPostImeInputStage processPointer 1
09-08 09:12:43.424 18286 18286 D ViewRootImpl@989704a[CancelDeliveryActivity]: ViewPostImeInputStage processPointer 0
09-08 09:12:43.481 18286 18286 D ViewRootImpl@989704a[CancelDeliveryActivity]: ViewPostImeInputStage processPointer 1
09-08 09:12:44.264 18286 18286 D ViewRootImpl@989704a[CancelDeliveryActivity]: ViewPostImeInputStage processPointer 0
09-08 09:12:44.345 18286 18286 D ViewRootImpl@989704a[CancelDeliveryActivity]: ViewPostImeInputStage processPointer 1
09-08 09:12:44.359 18286 18286 D UNDELIVERED: Reason ID = 10, Comment =
09-08 09:12:44.507 18286 19610 D MESSAGE_SERVICE: ACTION_COMPRESS_AND_UPLOAD
09-08 09:12:44.508 18286 18286 D ViewRootImpl@989704a[CancelDeliveryActivity]: MSG_WINDOW_FOCUS_CHANGED 0
09-08 09:12:44.556 18286 18286 D ViewRootImpl@de65200[MainActivity]: mHardwareRenderer.destroy()#4
09-08 09:12:44.556 18286 18286 D ViewRootImpl@de65200[MainActivity]: dispatchDetachedFromWindow
09-08 09:12:44.566 18286 18286 D InputTransport: Input channel destroyed: fd=85
09-08 09:12:44.785 18286 18286 D ViewRootImpl@813f57c[MainActivity]: ThreadedRenderer.create() translucent=false
09-08 09:12:44.788 18286 18286 D InputTransport: Input channel constructed: fd=77
09-08 09:12:44.789 18286 18286 D ViewRootImpl@813f57c[MainActivity]: setView = DecorView@f337e05[MainActivity] touchMode=true
09-08 09:12:44.791 18286 18286 D ViewRootImpl@813f57c[MainActivity]: dispatchAttachedToWindow
09-08 09:12:44.856 18286 18286 D ViewRootImpl@813f57c[MainActivity]: Relayout returned: oldFrame=[0,0][0,0] newFrame=[0,0][768,1024] result=0x27 surface={isValid=true -1783764992} surfaceGenerationChanged=true
09-08 09:12:44.857 18286 18286 D ViewRootImpl@813f57c[MainActivity]: mHardwareRenderer.initialize() mSurface={isValid=true -1783764992} hwInitialized=true
09-08 09:12:44.941 18286 18286 D AbsListView: in onLayout changed
09-08 09:12:44.957 18286 18869 D OpenGLRenderer: endAllActiveAnimators on 0x97336380 (RippleDrawable) with handle 0x95f5efe0
09-08 09:12:44.957 18286 18286 D ViewRootImpl@989704a[CancelDeliveryActivity]: mHardwareRenderer.destroy()#1
09-08 09:12:44.963 18286 18286 D ViewRootImpl@989704a[CancelDeliveryActivity]: Relayout returned: oldFrame=[0,0][768,1024] newFrame=[0,0][768,1024] result=0x5 surface={isValid=false 0} surfaceGenerationChanged=true
09-08 09:12:45.031 18286 18286 D ViewRootImpl@813f57c[MainActivity]: MSG_RESIZED_REPORT: frame=Rect(0, 0 - 768, 1024) ci=Rect(0, 24 - 0, 0) vi=Rect(0, 24 - 0, 0) or=1
09-08 09:12:45.031 18286 18286 D ViewRootImpl@813f57c[MainActivity]: MSG_WINDOW_FOCUS_CHANGED 1
09-08 09:12:45.031 18286 18286 D ViewRootImpl@813f57c[MainActivity]: mHardwareRenderer.initializeIfNeeded()#2 mSurface={isValid=true -1783764992}
09-08 09:12:45.033 18286 18286 V InputMethodManager: Starting input: tba=android.view.inputmethod.EditorInfo@95abe21 nm : cz.gienger.mobile ic=null
09-08 09:12:45.033 18286 18286 I InputMethodManager: startInputInner - mService.startInputOrWindowGainedFocus
09-08 09:12:45.042 18286 18286 D InputTransport: Input channel constructed: fd=65
09-08 09:12:45.042 18286 18286 D InputTransport: Input channel destroyed: fd=64
09-08 09:12:45.234 18286 19610 D FILE_MANAGER: Serializing delivery /data/user/0/cz.gienger.mobile/files/finished/130AT1180325416/130AT1180325416.xml
09-08 09:12:45.234 18286 19610 D FILE_MANAGER: Null files:
09-08 09:12:45.357 18286 19610 D MYINTERCEPTOR: /GiengerService.svc/sendorder
09-08 09:12:45.358 18286 19610 D OkHttp : --> POST https://testsaig1.gienger.cz/GiengerService.svc/sendorder http/1.1
09-08 09:12:45.358 18286 19610 D OkHttp : Content-Type: text/raw
09-08 09:12:45.358 18286 19610 D OkHttp : Content-Length: 2872
09-08 09:12:45.358 18286 19610 D OkHttp : filename: 130AT1180325416.xml
09-08 09:12:45.358 18286 19610 D OkHttp : Checksum: 384022ebf6f664d673def8796a1fea20
09-08 09:12:45.358 18286 19610 D OkHttp : token: 3cc200aaafc8e594659d057e535383be
09-08 09:12:45.358 18286 19610 D OkHttp : --> END POST
09-08 09:12:45.649 18286 19610 D OkHttp : <-- 200 OK https://testsaig1.gienger.cz/GiengerService.svc/sendorder (291ms)
09-08 09:12:45.650 18286 19610 D OkHttp : Connection: Keep-Alive
09-08 09:12:45.650 18286 19610 D OkHttp : Content-Length: 175
09-08 09:12:45.650 18286 19610 D OkHttp : Date: Sat, 08 Sep 2018 07:12:45 GMT
09-08 09:12:45.650 18286 19610 D OkHttp : Content-Type: application/xml; charset=utf-8
09-08 09:12:45.650 18286 19610 D OkHttp : Server: Microsoft-IIS/10.0
09-08 09:12:45.651 18286 19610 D OkHttp : X-Powered-By: ASP.NET
09-08 09:12:45.651 18286 19610 D OkHttp : <-- END HTTP
09-08 09:12:45.656 18286 19610 D sendOrder_SUCCESS: 200
09-08 09:12:45.696 18286 18286 D ViewRootImpl@813f57c[MainActivity]: ViewPostImeInputStage processPointer 0
09-08 09:12:45.697 18286 19610 D MESSAGE_SERVICE: ACTION_RESEND_ORDERS
09-08 09:12:46.017 18286 18286 D AbsListView: in onLayout changed
09-08 09:12:46.272 18286 18286 D AbsListView: in onLayout changed
09-08 09:12:46.284 18286 18286 D ViewRootImpl@813f57c[MainActivity]: ViewPostImeInputStage processPointer 1
09-08 09:12:46.321 18286 18286 D Graph : removeVertex() : insertDummyVertex, because there is no ancestor.
09-08 09:12:46.330 18286 18286 D TextView: SYANI: Clipboard API is calling: clearFilter()
09-08 09:12:46.330 18286 18286 D TextView: SYANI: Clipboard API is calling: unregisterClipboardEventListener()
09-08 09:12:46.339 18286 18286 D ViewRootImpl@989704a[CancelDeliveryActivity]: mHardwareRenderer.destroy()#4
09-08 09:12:46.339 18286 18286 D ViewRootImpl@989704a[CancelDeliveryActivity]: dispatchDetachedFromWindow
09-08 09:12:46.346 18286 18286 D InputTransport: Input channel destroyed: fd=63
09-08 09:12:46.347 18286 18286 D LOCATION_SERVICE: onDestroy
09-08 09:12:47.125 18286 18286 D ViewRootImpl@813f57c[MainActivity]: ViewPostImeInputStage processPointer 0
09-08 09:12:47.184 18286 18286 D AbsListView: reportScrollStateChange() newState : 1
09-08 09:12:47.589 18286 18286 D ViewRootImpl@813f57c[MainActivity]: ViewPostImeInputStage processPointer 1
09-08 09:12:47.589 18286 18286 D AbsListView: onTouchUp() mTouchMode : 3
09-08 09:12:47.589 18286 18286 D AbsListView: onTouchUp() TOUCH_MODE_SCROLL initialVelocity : -621
09-08 09:12:47.590 18286 18286 D AbsListView: reportScrollStateChange() newState : 2
09-08 09:12:47.976 18286 18286 D ViewRootImpl@813f57c[MainActivity]: ViewPostImeInputStage processPointer 0
09-08 09:12:48.017 18286 18286 D AbsListView: reportScrollStateChange() newState : 0
09-08 09:12:48.018 18286 18286 D AbsListView: reportScrollStateChange() newState : 1
09-08 09:12:48.430 18286 18286 D ViewRootImpl@813f57c[MainActivity]: ViewPostImeInputStage processPointer 1
09-08 09:12:48.430 18286 18286 D AbsListView: onTouchUp() mTouchMode : 3
09-08 09:12:48.430 18286 18286 D AbsListView: onTouchUp() TOUCH_MODE_SCROLL initialVelocity : -52
09-08 09:12:48.430 18286 18286 D AbsListView: reportScrollStateChange() newState : 2
09-08 09:12:48.520 18286 18286 D AbsListView: reportScrollStateChange() newState : 0
09-08 09:12:48.690 18286 18286 D ViewRootImpl@813f57c[MainActivity]: ViewPostImeInputStage processPointer 0
09-08 09:12:48.738 18286 18286 D AbsListView: reportScrollStateChange() newState : 1
09-08 09:12:48.977 18286 18286 D ViewRootImpl@813f57c[MainActivity]: ViewPostImeInputStage processPointer 1
09-08 09:12:48.977 18286 18286 D AbsListView: onTouchUp() mTouchMode : 3
09-08 09:12:48.977 18286 18286 D AbsListView: onTouchUp() TOUCH_MODE_SCROLL initialVelocity : -60
09-08 09:12:48.977 18286 18286 D AbsListView: reportScrollStateChange() newState : 2
09-08 09:12:49.071 18286 18286 D AbsListView: reportScrollStateChange() newState : 0
09-08 09:12:49.301 18286 18286 D ViewRootImpl@813f57c[MainActivity]: ViewPostImeInputStage processPointer 0
09-08 09:12:49.355 18286 18286 D AbsListView: reportScrollStateChange() newState : 1
09-08 09:12:49.783 18286 18286 D ViewRootImpl@813f57c[MainActivity]: ViewPostImeInputStage processPointer 1
09-08 09:12:49.783 18286 18286 D AbsListView: onTouchUp() mTouchMode : 3
09-08 09:12:49.784 18286 18286 D AbsListView: onTouchUp() TOUCH_MODE_SCROLL initialVelocity : -8
09-08 09:12:49.784 18286 18286 D AbsListView: reportScrollStateChange() newState : 0
09-08 09:12:49.983 18286 18286 D ViewRootImpl@813f57c[MainActivity]: ViewPostImeInputStage processPointer 0
09-08 09:12:50.056 18286 18286 D AbsListView: reportScrollStateChange() newState : 1
09-08 09:12:50.698 18286 18286 D ViewRootImpl@813f57c[MainActivity]: ViewPostImeInputStage processPointer 1
09-08 09:12:50.698 18286 18286 D AbsListView: onTouchUp() mTouchMode : 3
09-08 09:12:50.698 18286 18286 D AbsListView: onTouchUp() TOUCH_MODE_SCROLL initialVelocity : 4603
09-08 09:12:50.698 18286 18286 D AbsListView: reportScrollStateChange() newState : 2
09-08 09:12:51.183 18286 18286 D ViewRootImpl@813f57c[MainActivity]: ViewPostImeInputStage processPointer 0
09-08 09:12:51.225 18286 18286 D AbsListView: reportScrollStateChange() newState : 0
09-08 09:12:51.227 18286 18286 D AbsListView: reportScrollStateChange() newState : 1
09-08 09:12:51.977 18286 18286 D ViewRootImpl@813f57c[MainActivity]: ViewPostImeInputStage processPointer 1
09-08 09:12:51.977 18286 18286 D AbsListView: onTouchUp() mTouchMode : 3
09-08 09:12:51.977 18286 18286 D AbsListView: onTouchUp() TOUCH_MODE_SCROLL initialVelocity : -32
09-08 09:12:51.977 18286 18286 D AbsListView: reportScrollStateChange() newState : 0
09-08 09:12:52.506 18286 18286 D ViewRootImpl@813f57c[MainActivity]: ViewPostImeInputStage processPointer 0
09-08 09:12:52.600 18286 18286 D ViewRootImpl@813f57c[MainActivity]: ViewPostImeInputStage processPointer 1
09-08 09:12:52.621 18286 18286 D item_click: viewId = 2131820758, position = 8
09-08 09:12:52.667 18286 18286 D ViewRootImpl@813f57c[MainActivity]: MSG_WINDOW_FOCUS_CHANGED 0
09-08 09:12:52.724 18286 18286 D ScrollView: initGoToTop
09-08 09:12:52.786 18286 18286 D ViewRootImpl@4b32cf5[CancelDeliveryActivity]: ThreadedRenderer.create() translucent=false
09-08 09:12:52.790 18286 18286 D InputTransport: Input channel constructed: fd=63
09-08 09:12:52.790 18286 18286 D ViewRootImpl@4b32cf5[CancelDeliveryActivity]: setView = DecorView@27afa8a[CancelDeliveryActivity] touchMode=true
09-08 09:12:52.791 18286 18286 D LOCATION_SERVICE: LocationListener gps
09-08 09:12:52.792 18286 18286 D LOCATION_SERVICE: LocationListener network
09-08 09:12:52.793 18286 18286 D LOCATION_SERVICE: onCreate
09-08 09:12:52.793 18286 18286 D LOCATION_SERVICE: initializeLocationManager
09-08 09:12:52.802 18286 18286 D LOCATION_SERVICE: onStartCommand
09-08 09:12:52.810 18286 18286 D ViewRootImpl@4b32cf5[CancelDeliveryActivity]: dispatchAttachedToWindow
09-08 09:12:52.838 18286 18286 D ViewRootImpl@4b32cf5[CancelDeliveryActivity]: Relayout returned: oldFrame=[0,0][0,0] newFrame=[0,0][768,1024] result=0x27 surface={isValid=true -1813796864} surfaceGenerationChanged=true
09-08 09:12:52.838 18286 18286 D ViewRootImpl@4b32cf5[CancelDeliveryActivity]: mHardwareRenderer.initialize() mSurface={isValid=true -1813796864} hwInitialized=true
09-08 09:12:52.845 18286 18286 D ScrollView: onsize change changed
09-08 09:12:52.892 18286 18286 D ViewRootImpl@4b32cf5[CancelDeliveryActivity]: MSG_RESIZED_REPORT: frame=Rect(0, 0 - 768, 1024) ci=Rect(0, 24 - 0, 0) vi=Rect(0, 24 - 0, 0) or=1
09-08 09:12:52.892 18286 18286 D ViewRootImpl@4b32cf5[CancelDeliveryActivity]: MSG_WINDOW_FOCUS_CHANGED 1
09-08 09:12:52.893 18286 18286 D ViewRootImpl@4b32cf5[CancelDeliveryActivity]: mHardwareRenderer.initializeIfNeeded()#2 mSurface={isValid=true -1813796864}
09-08 09:12:52.897 18286 18286 V InputMethodManager: Starting input: tba=android.view.inputmethod.EditorInfo@bae992e nm : cz.gienger.mobile ic=null
09-08 09:12:52.898 18286 18286 I InputMethodManager: startInputInner - mService.startInputOrWindowGainedFocus
09-08 09:12:52.911 18286 18286 D InputTransport: Input channel constructed: fd=64
09-08 09:12:52.911 18286 18286 D InputTransport: Input channel destroyed: fd=65
09-08 09:12:52.951 18286 18869 D OpenGLRenderer: endAllActiveAnimators on 0x96968980 (RippleDrawable) with handle 0x94299990
09-08 09:12:52.951 18286 18286 D ViewRootImpl@813f57c[MainActivity]: mHardwareRenderer.destroy()#1
09-08 09:12:52.959 18286 18286 D ViewRootImpl@813f57c[MainActivity]: Relayout returned: oldFrame=[0,0][768,1024] newFrame=[0,0][768,1024] result=0x5 surface={isValid=false 0} surfaceGenerationChanged=true
09-08 09:12:53.296 18286 18286 D LOCATION_SERVICE: onLocationChanged: Location[network 49,279630,17,869595 acc=164 et=+19h30m2s597ms alt=0.0 vel=0.0 bear=0.0 {Bundle[mParcelledData.dataSize=80]}]
09-08 09:12:53.337 18286 18286 D ViewRootImpl@813f57c[MainActivity]: Relayout returned: oldFrame=[0,0][768,1024] newFrame=[0,0][768,1024] result=0x5 surface={isValid=false 0} surfaceGenerationChanged=false
09-08 09:12:53.852 18286 18286 D ViewRootImpl@4b32cf5[CancelDeliveryActivity]: ViewPostImeInputStage processPointer 0
09-08 09:12:53.926 18286 18286 D ViewRootImpl@4b32cf5[CancelDeliveryActivity]: ViewPostImeInputStage processPointer 1
09-08 09:12:54.638 18286 18286 D ViewRootImpl@4b32cf5[CancelDeliveryActivity]: ViewPostImeInputStage processPointer 0
09-08 09:12:54.732 18286 18286 D ViewRootImpl@4b32cf5[CancelDeliveryActivity]: ViewPostImeInputStage processPointer 1
09-08 09:12:54.747 18286 18286 D UNDELIVERED: Reason ID = 8, Comment =
09-08 09:12:54.847 18286 18286 D ViewRootImpl@4b32cf5[CancelDeliveryActivity]: MSG_WINDOW_FOCUS_CHANGED 0
09-08 09:12:54.850 18286 19617 D MESSAGE_SERVICE: ACTION_COMPRESS_AND_UPLOAD
09-08 09:12:54.883 18286 18286 D ViewRootImpl@813f57c[MainActivity]: mHardwareRenderer.destroy()#4
09-08 09:12:54.883 18286 18286 D ViewRootImpl@813f57c[MainActivity]: dispatchDetachedFromWindow
09-08 09:12:54.891 18286 18286 D InputTransport: Input channel destroyed: fd=77
09-08 09:12:55.093 18286 18286 D ViewRootImpl@2ba145a[MainActivity]: ThreadedRenderer.create() translucent=false
09-08 09:12:55.096 18286 18286 D InputTransport: Input channel constructed: fd=69
09-08 09:12:55.097 18286 18286 D ViewRootImpl@2ba145a[MainActivity]: setView = DecorView@30a468b[MainActivity] touchMode=true
09-08 09:12:55.099 18286 18286 D ViewRootImpl@2ba145a[MainActivity]: dispatchAttachedToWindow
09-08 09:12:55.164 18286 18286 D ViewRootImpl@2ba145a[MainActivity]: Relayout returned: oldFrame=[0,0][0,0] newFrame=[0,0][768,1024] result=0x27 surface={isValid=true -1768560640} surfaceGenerationChanged=true
09-08 09:12:55.165 18286 18286 D ViewRootImpl@2ba145a[MainActivity]: mHardwareRenderer.initialize() mSurface={isValid=true -1768560640} hwInitialized=true
09-08 09:12:55.254 18286 18286 D AbsListView: in onLayout changed
09-08 09:12:55.275 18286 18869 D OpenGLRenderer: endAllActiveAnimators on 0xa938c880 (RippleDrawable) with handle 0x959ffe90
09-08 09:12:55.276 18286 18286 D ViewRootImpl@4b32cf5[CancelDeliveryActivity]: mHardwareRenderer.destroy()#1
09-08 09:12:55.282 18286 18286 D ViewRootImpl@4b32cf5[CancelDeliveryActivity]: Relayout returned: oldFrame=[0,0][768,1024] newFrame=[0,0][768,1024] result=0x5 surface={isValid=false 0} surfaceGenerationChanged=true
09-08 09:12:55.360 18286 18286 D ViewRootImpl@2ba145a[MainActivity]: MSG_RESIZED_REPORT: frame=Rect(0, 0 - 768, 1024) ci=Rect(0, 24 - 0, 0) vi=Rect(0, 24 - 0, 0) or=1
09-08 09:12:55.360 18286 18286 D ViewRootImpl@2ba145a[MainActivity]: MSG_WINDOW_FOCUS_CHANGED 1
09-08 09:12:55.361 18286 18286 D ViewRootImpl@2ba145a[MainActivity]: mHardwareRenderer.initializeIfNeeded()#2 mSurface={isValid=true -1768560640}
09-08 09:12:55.362 18286 18286 V InputMethodManager: Starting input: tba=android.view.inputmethod.EditorInfo@26b4a07 nm : cz.gienger.mobile ic=null
09-08 09:12:55.362 18286 18286 I InputMethodManager: startInputInner - mService.startInputOrWindowGainedFocus
09-08 09:12:55.374 18286 18286 D InputTransport: Input channel constructed: fd=68
09-08 09:12:55.374 18286 18286 D InputTransport: Input channel destroyed: fd=64
09-08 09:12:55.567 18286 19617 D FILE_MANAGER: Serializing delivery /data/user/0/cz.gienger.mobile/files/finished/130AT1180325417/130AT1180325417.xml
09-08 09:12:55.567 18286 19617 D FILE_MANAGER: Null files:
09-08 09:12:55.693 18286 19617 D MYINTERCEPTOR: /GiengerService.svc/sendorder
09-08 09:12:55.694 18286 19617 D OkHttp : --> POST https://testsaig1.gienger.cz/GiengerService.svc/sendorder http/1.1
09-08 09:12:55.694 18286 19617 D OkHttp : Content-Type: text/raw
09-08 09:12:55.694 18286 19617 D OkHttp : Content-Length: 4002
09-08 09:12:55.694 18286 19617 D OkHttp : filename: 130AT1180325417.xml
09-08 09:12:55.694 18286 19617 D OkHttp : Checksum: 08225aae6d4a0fb8ba7c57cd70ea9bc0
09-08 09:12:55.694 18286 19617 D OkHttp : token: 3cc200aaafc8e594659d057e535383be
09-08 09:12:55.694 18286 19617 D OkHttp : --> END POST
09-08 09:12:55.972 18286 19617 D OkHttp : <-- 200 OK https://testsaig1.gienger.cz/GiengerService.svc/sendorder (277ms)
09-08 09:12:55.973 18286 19617 D OkHttp : Connection: Keep-Alive
09-08 09:12:55.973 18286 19617 D OkHttp : Content-Length: 175
09-08 09:12:55.973 18286 19617 D OkHttp : Date: Sat, 08 Sep 2018 07:12:55 GMT
09-08 09:12:55.973 18286 19617 D OkHttp : Content-Type: application/xml; charset=utf-8
09-08 09:12:55.973 18286 19617 D OkHttp : Server: Microsoft-IIS/10.0
09-08 09:12:55.974 18286 19617 D OkHttp : X-Powered-By: ASP.NET
09-08 09:12:55.974 18286 19617 D OkHttp : <-- END HTTP
09-08 09:12:55.980 18286 19617 D sendOrder_SUCCESS: 200
09-08 09:12:56.035 18286 19617 D MESSAGE_SERVICE: ACTION_RESEND_ORDERS
09-08 09:12:56.322 18286 18286 D AbsListView: in onLayout changed
09-08 09:12:56.563 18286 18286 D AbsListView: in onLayout changed
09-08 09:12:56.628 18286 18286 D TextView: SYANI: Clipboard API is calling: clearFilter()
09-08 09:12:56.628 18286 18286 D TextView: SYANI: Clipboard API is calling: unregisterClipboardEventListener()
09-08 09:12:56.636 18286 18286 D ViewRootImpl@4b32cf5[CancelDeliveryActivity]: mHardwareRenderer.destroy()#4
09-08 09:12:56.636 18286 18286 D ViewRootImpl@4b32cf5[CancelDeliveryActivity]: dispatchDetachedFromWindow
09-08 09:12:56.644 18286 18286 D InputTransport: Input channel destroyed: fd=63
09-08 09:12:56.644 18286 18286 D ViewRootImpl@2ba145a[MainActivity]: ViewPostImeInputStage processPointer 0
09-08 09:12:56.645 18286 18286 D LOCATION_SERVICE: onDestroy
09-08 09:12:56.687 18286 18286 D AbsListView: reportScrollStateChange() newState : 1
09-08 09:12:57.371 18286 18286 D ViewRootImpl@2ba145a[MainActivity]: ViewPostImeInputStage processPointer 1
09-08 09:12:57.371 18286 18286 D AbsListView: onTouchUp() mTouchMode : 3
09-08 09:12:57.371 18286 18286 D AbsListView: onTouchUp() TOUCH_MODE_SCROLL initialVelocity : 0
09-08 09:12:57.371 18286 18286 D AbsListView: reportScrollStateChange() newState : 0
09-08 09:13:00.223 18286 18286 D ViewRootImpl@2ba145a[MainActivity]: ViewPostImeInputStage processPointer 0
09-08 09:13:00.268 18286 18286 D ViewRootImpl@2ba145a[MainActivity]: ViewPostImeInputStage processPointer 1
09-08 09:13:00.286 18286 18286 D item_click: viewId = 2131820756, position = 9
09-08 09:13:00.333 18286 18286 D ViewRootImpl@2ba145a[MainActivity]: MSG_WINDOW_FOCUS_CHANGED 0
09-08 09:13:00.464 18286 18286 D ViewRootImpl@ac713ad[DeliverActivity]: ThreadedRenderer.create() translucent=false
09-08 09:13:00.468 18286 18286 D InputTransport: Input channel constructed: fd=60
09-08 09:13:00.468 18286 18286 D ViewRootImpl@ac713ad[DeliverActivity]: setView = DecorView@39046e2[DeliverActivity] touchMode=true
09-08 09:13:00.469 18286 18286 D LOCATION_SERVICE: LocationListener gps
09-08 09:13:00.471 18286 18286 D LOCATION_SERVICE: LocationListener network
09-08 09:13:00.472 18286 18286 D Graph : removeVertex() : insertDummyVertex, because there is no ancestor.
09-08 09:13:00.472 18286 18286 D LOCATION_SERVICE: onCreate
09-08 09:13:00.472 18286 18286 D LOCATION_SERVICE: initializeLocationManager
09-08 09:13:00.481 18286 18297 I art : Background sticky concurrent mark sweep GC freed 227718(9MB) AllocSpace objects, 10(200KB) LOS objects, 47% free, 10MB/19MB, paused 1.458ms total 108.706ms
09-08 09:13:00.484 18286 18286 D LOCATION_SERVICE: onStartCommand
09-08 09:13:00.506 18286 18286 D ViewRootImpl@ac713ad[DeliverActivity]: dispatchAttachedToWindow
09-08 09:13:00.539 18286 18286 D ViewRootImpl@ac713ad[DeliverActivity]: Relayout returned: oldFrame=[0,0][0,0] newFrame=[0,0][768,1024] result=0x27 surface={isValid=true -1812467712} surfaceGenerationChanged=true
09-08 09:13:00.540 18286 18286 D ViewRootImpl@ac713ad[DeliverActivity]: mHardwareRenderer.initialize() mSurface={isValid=true -1812467712} hwInitialized=true
09-08 09:13:00.572 18286 18286 D ViewRootImpl@ac713ad[DeliverActivity]: MSG_RESIZED_REPORT: frame=Rect(0, 0 - 768, 1024) ci=Rect(0, 24 - 0, 0) vi=Rect(0, 24 - 0, 0) or=1
09-08 09:13:00.572 18286 18286 D ViewRootImpl@ac713ad[DeliverActivity]: MSG_WINDOW_FOCUS_CHANGED 1
09-08 09:13:00.573 18286 18286 D ViewRootImpl@ac713ad[DeliverActivity]: mHardwareRenderer.initializeIfNeeded()#2 mSurface={isValid=true -1812467712}
09-08 09:13:00.574 18286 18286 V InputMethodManager: Starting input: tba=android.view.inputmethod.EditorInfo@88984eb nm : cz.gienger.mobile ic=null
09-08 09:13:00.574 18286 18286 I InputMethodManager: startInputInner - mService.startInputOrWindowGainedFocus
09-08 09:13:00.586 18286 18286 D InputTransport: Input channel constructed: fd=65
09-08 09:13:00.586 18286 18286 D InputTransport: Input channel destroyed: fd=68
09-08 09:13:00.598 18286 19608 D FILE_MANAGER: Copying file /data/user/0/cz.gienger.mobile/files/delivery/130AT1180325840/130AT1180325840.pdf to /storage/emulated/0/130AT1180325840.pdf
09-08 09:13:00.621 18286 18869 D OpenGLRenderer: endAllActiveAnimators on 0x9693af00 (RippleDrawable) with handle 0xa3413050
09-08 09:13:00.621 18286 18286 D ViewRootImpl@2ba145a[MainActivity]: mHardwareRenderer.destroy()#1
09-08 09:13:00.629 18286 18286 D ViewRootImpl@2ba145a[MainActivity]: Relayout returned: oldFrame=[0,0][768,1024] newFrame=[0,0][768,1024] result=0x5 surface={isValid=false 0} surfaceGenerationChanged=true
09-08 09:13:01.037 18286 18286 D ViewRootImpl@2ba145a[MainActivity]: Relayout returned: oldFrame=[0,0][768,1024] newFrame=[0,0][768,1024] result=0x5 surface={isValid=false 0} surfaceGenerationChanged=false
09-08 09:13:01.104 18286 19608 D FILE_MANAGER: copy ok
09-08 09:13:03.036 18286 18286 D ViewRootImpl@ac713ad[DeliverActivity]: ViewPostImeInputStage processKey 0
09-08 09:13:03.108 18286 18286 D ViewRootImpl@ac713ad[DeliverActivity]: ViewPostImeInputStage processKey 1
09-08 09:13:03.357 18286 18286 D ViewRootImpl@2ba145a[MainActivity]: Relayout returned: oldFrame=[0,0][768,1024] newFrame=[0,0][768,1024] result=0x7 surface={isValid=true -1805029376} surfaceGenerationChanged=true
09-08 09:13:03.357 18286 18286 D ViewRootImpl@2ba145a[MainActivity]: mHardwareRenderer.initialize() mSurface={isValid=true -1805029376} hwInitialized=true
09-08 09:13:03.429 18286 18286 D AbsListView: in onLayout changed
09-08 09:13:03.452 18286 18286 D ViewRootImpl@2ba145a[MainActivity]: MSG_WINDOW_FOCUS_CHANGED 1
09-08 09:13:03.452 18286 18286 D ViewRootImpl@2ba145a[MainActivity]: mHardwareRenderer.initializeIfNeeded()#2 mSurface={isValid=true -1805029376}
09-08 09:13:03.454 18286 18286 V InputMethodManager: Starting input: tba=android.view.inputmethod.EditorInfo@bf3ee23 nm : cz.gienger.mobile ic=null
09-08 09:13:03.454 18286 18286 I InputMethodManager: startInputInner - mService.startInputOrWindowGainedFocus
09-08 09:13:03.468 18286 18286 D InputTransport: Input channel constructed: fd=68
09-08 09:13:03.468 18286 18286 D InputTransport: Input channel destroyed: fd=65
09-08 09:13:03.506 18286 18286 D ViewRootImpl@ac713ad[DeliverActivity]: mHardwareRenderer.destroy()#1
09-08 09:13:03.516 18286 18286 D ViewRootImpl@ac713ad[DeliverActivity]: Relayout returned: oldFrame=[0,0][768,1024] newFrame=[0,0][768,1024] result=0x5 surface={isValid=false 0} surfaceGenerationChanged=true
09-08 09:13:03.516 18286 18286 D ViewRootImpl@ac713ad[DeliverActivity]: MSG_WINDOW_FOCUS_CHANGED 0
09-08 09:13:03.895 18286 18286 D ViewRootImpl@ac713ad[DeliverActivity]: mHardwareRenderer.destroy()#4
09-08 09:13:03.895 18286 18286 D ViewRootImpl@ac713ad[DeliverActivity]: dispatchDetachedFromWindow
09-08 09:13:03.903 18286 18286 D InputTransport: Input channel destroyed: fd=60
09-08 09:13:03.903 18286 18286 D LOCATION_SERVICE: onDestroy
09-08 09:13:13.784 18286 18286 D ViewRootImpl@2ba145a[MainActivity]: ViewPostImeInputStage processPointer 0
09-08 09:13:13.842 18286 18286 D ViewRootImpl@2ba145a[MainActivity]: ViewPostImeInputStage processPointer 1
09-08 09:13:13.852 18286 18286 D item_click: viewId = 2131820760, position = 9
09-08 09:13:13.856 18286 18286 E cz.gienger.mobile.poaz.configuration.GlobalConfiguration: java.lang.NumberFormatException: null
09-08 09:13:13.856 18286 18286 E cz.gienger.mobile.poaz.configuration.GlobalConfiguration: at java.lang.Integer.parseInt(Integer.java:483)
09-08 09:13:13.856 18286 18286 E cz.gienger.mobile.poaz.configuration.GlobalConfiguration: at java.lang.Integer.parseInt(Integer.java:556)
09-08 09:13:13.856 18286 18286 E cz.gienger.mobile.poaz.configuration.GlobalConfiguration: at cz.gienger.mobile.poaz.configuration.GlobalConfiguration.getPriceTypeEnum(GlobalConfiguration.java:140)
09-08 09:13:13.856 18286 18286 E cz.gienger.mobile.poaz.configuration.GlobalConfiguration: at cz.gienger.mobile.poaz.configuration.GlobalConfiguration.setValues(GlobalConfiguration.java:97)
09-08 09:13:13.856 18286 18286 E cz.gienger.mobile.poaz.configuration.GlobalConfiguration: at cz.gienger.mobile.poaz.configuration.GlobalConfiguration.(GlobalConfiguration.java:36)
09-08 09:13:13.856 18286 18286 E cz.gienger.mobile.poaz.configuration.GlobalConfiguration: at cz.gienger.mobile.poaz.configuration.GlobalConfiguration.get(GlobalConfiguration.java:41)
09-08 09:13:13.856 18286 18286 E cz.gienger.mobile.poaz.configuration.GlobalConfiguration: at cz.gienger.mobile.activity.MainActivity$BroadcastReceiver.onReceive(MainActivity.java:310)
09-08 09:13:13.856 18286 18286 E cz.gienger.mobile.poaz.configuration.GlobalConfiguration: at android.app.LoadedApk$ReceiverDispatcher$Args.run(LoadedApk.java:1185)
09-08 09:13:13.856 18286 18286 E cz.gienger.mobile.poaz.configuration.GlobalConfiguration: at android.os.Handler.handleCallback(Handler.java:751)
09-08 09:13:13.856 18286 18286 E cz.gienger.mobile.poaz.configuration.GlobalConfiguration: at android.os.Handler.dispatchMessage(Handler.java:95)
09-08 09:13:13.856 18286 18286 E cz.gienger.mobile.poaz.configuration.GlobalConfiguration: at android.os.Looper.loop(Looper.java:154)
09-08 09:13:13.856 18286 18286 E cz.gienger.mobile.poaz.configuration.GlobalConfiguration: at android.app.ActivityThread.main(ActivityThread.java:6823)
09-08 09:13:13.856 18286 18286 E cz.gienger.mobile.poaz.configuration.GlobalConfiguration: at java.lang.reflect.Method.invoke(Native Method)
09-08 09:13:13.856 18286 18286 E cz.gienger.mobile.poaz.configuration.GlobalConfiguration: at com.android.internal.os.ZygoteInit$MethodAndArgsCaller.run(ZygoteInit.java:1563)
09-08 09:13:13.856 18286 18286 E cz.gienger.mobile.poaz.configuration.GlobalConfiguration: at com.android.internal.os.ZygoteInit.main(ZygoteInit.java:1451)
09-08 09:13:13.906 18286 18286 D ViewRootImpl@2ba145a[MainActivity]: MSG_WINDOW_FOCUS_CHANGED 0
09-08 09:13:13.990 18286 18286 E cz.gienger.mobile.poaz.configuration.GlobalConfiguration: java.lang.NumberFormatException: null
09-08 09:13:13.990 18286 18286 E cz.gienger.mobile.poaz.configuration.GlobalConfiguration: at java.lang.Integer.parseInt(Integer.java:483)
09-08 09:13:13.990 18286 18286 E cz.gienger.mobile.poaz.configuration.GlobalConfiguration: at java.lang.Integer.parseInt(Integer.java:556)
09-08 09:13:13.990 18286 18286 E cz.gienger.mobile.poaz.configuration.GlobalConfiguration: at cz.gienger.mobile.poaz.configuration.GlobalConfiguration.getPriceTypeEnum(GlobalConfiguration.java:140)
09-08 09:13:13.990 18286 18286 E cz.gienger.mobile.poaz.configuration.GlobalConfiguration: at cz.gienger.mobile.poaz.configuration.GlobalConfiguration.setValues(GlobalConfiguration.java:97)
09-08 09:13:13.990 18286 18286 E cz.gienger.mobile.poaz.configuration.GlobalConfiguration: at cz.gienger.mobile.poaz.configuration.GlobalConfiguration.(GlobalConfiguration.java:36)
09-08 09:13:13.990 18286 18286 E cz.gienger.mobile.poaz.configuration.GlobalConfiguration: at cz.gienger.mobile.poaz.configuration.GlobalConfiguration.get(GlobalConfiguration.java:41)
09-08 09:13:13.990 18286 18286 E cz.gienger.mobile.poaz.configuration.GlobalConfiguration: at cz.gienger.mobile.poaz.fragments.CategoryListFragment.onResume(CategoryListFragment.java:159)
09-08 09:13:13.990 18286 18286 E cz.gienger.mobile.poaz.configuration.GlobalConfiguration: at android.support.v4.app.Fragment.performResume(Fragment.java:2294)
09-08 09:13:13.990 18286 18286 E cz.gienger.mobile.poaz.configuration.GlobalConfiguration: at android.support.v4.app.FragmentManagerImpl.moveToState(FragmentManager.java:1387)
09-08 09:13:13.990 18286 18286 E cz.gienger.mobile.poaz.configuration.GlobalConfiguration: at android.support.v4.app.FragmentManagerImpl.moveFragmentToExpectedState(FragmentManager.java:1569)
09-08 09:13:13.990 18286 18286 E cz.gienger.mobile.poaz.configuration.GlobalConfiguration: at android.support.v4.app.FragmentManagerImpl.moveToState(FragmentManager.java:1636)
09-08 09:13:13.990 18286 18286 E cz.gienger.mobile.poaz.configuration.GlobalConfiguration: at android.support.v4.app.FragmentManagerImpl.dispatchResume(FragmentManager.java:2991)
09-08 09:13:13.990 18286 18286 E cz.gienger.mobile.poaz.configuration.GlobalConfiguration: at android.support.v4.app.FragmentController.dispatchResume(FragmentController.java:214)
09-08 09:13:13.990 18286 18286 E cz.gienger.mobile.poaz.configuration.GlobalConfiguration: at android.support.v4.app.FragmentActivity.onResumeFragments(FragmentActivity.java:509)
09-08 09:13:13.990 18286 18286 E cz.gienger.mobile.poaz.configuration.GlobalConfiguration: at android.support.v4.app.FragmentActivity.onPostResume(FragmentActivity.java:498)
09-08 09:13:13.990 18286 18286 E cz.gienger.mobile.poaz.configuration.GlobalConfiguration: at android.support.v7.app.AppCompatActivity.onPostResume(AppCompatActivity.java:172)
09-08 09:13:13.990 18286 18286 E cz.gienger.mobile.poaz.configuration.GlobalConfiguration: at android.app.Activity.performResume(Activity.java:7166)
09-08 09:13:13.990 18286 18286 E cz.gienger.mobile.poaz.configuration.GlobalConfiguration: at android.app.ActivityThread.performResumeActivity(ActivityThread.java:3850)
09-08 09:13:13.990 18286 18286 E cz.gienger.mobile.poaz.configuration.GlobalConfiguration: at android.app.ActivityThread.handleResumeActivity(ActivityThread.java:3914)
09-08 09:13:13.990 18286 18286 E cz.gienger.mobile.poaz.configuration.GlobalConfiguration: at android.app.ActivityThread.handleLaunchActivity(ActivityThread.java:3070)
09-08 09:13:13.990 18286 18286 E cz.gienger.mobile.poaz.configuration.GlobalConfiguration: at android.app.ActivityThread.-wrap14(ActivityThread.java)
09-08 09:13:13.990 18286 18286 E cz.gienger.mobile.poaz.configuration.GlobalConfiguration: at android.app.ActivityThread$H.handleMessage(ActivityThread.java:1659)
09-08 09:13:13.990 18286 18286 E cz.gienger.mobile.poaz.configuration.GlobalConfiguration: at android.os.Handler.dispatchMessage(Handler.java:102)
09-08 09:13:13.990 18286 18286 E cz.gienger.mobile.poaz.configuration.GlobalConfiguration: at android.os.Looper.loop(Looper.java:154)
09-08 09:13:13.990 18286 18286 E cz.gienger.mobile.poaz.configuration.GlobalConfiguration: at android.app.ActivityThread.main(ActivityThread.java:6823)
09-08 09:13:13.990 18286 18286 E cz.gienger.mobile.poaz.configuration.GlobalConfiguration: at java.lang.reflect.Method.invoke(Native Method)
09-08 09:13:13.990 18286 18286 E cz.gienger.mobile.poaz.configuration.GlobalConfiguration: at com.android.internal.os.ZygoteInit$MethodAndArgsCaller.run(ZygoteInit.java:1563)
09-08 09:13:13.990 18286 18286 E cz.gienger.mobile.poaz.configuration.GlobalConfiguration: at com.android.internal.os.ZygoteInit.main(ZygoteInit.java:1451)
09-08 09:13:13.995 18286 18286 D ViewRootImpl@36e5181[CategoryListActivity]: ThreadedRenderer.create() translucent=false
09-08 09:13:13.998 18286 18286 D InputTransport: Input channel constructed: fd=60
09-08 09:13:13.998 18286 18286 D ViewRootImpl@36e5181[CategoryListActivity]: setView = DecorView@d943226[CategoryListActivity] touchMode=true
09-08 09:13:13.999 18286 18286 D LOCATION_SERVICE: LocationListener gps
09-08 09:13:14.000 18286 18286 D LOCATION_SERVICE: LocationListener network
09-08 09:13:14.001 18286 18286 D LOCATION_SERVICE: onCreate
09-08 09:13:14.001 18286 18286 D LOCATION_SERVICE: initializeLocationManager
09-08 09:13:14.009 18286 18286 D LOCATION_SERVICE: onStartCommand
09-08 09:13:14.011 18286 18286 D ViewRootImpl@36e5181[CategoryListActivity]: dispatchAttachedToWindow
09-08 09:13:14.052 18286 18286 D ViewRootImpl@36e5181[CategoryListActivity]: Relayout returned: oldFrame=[0,0][0,0] newFrame=[0,0][768,1024] result=0x27 surface={isValid=true -1813749760} surfaceGenerationChanged=true
09-08 09:13:14.052 18286 18286 D ViewRootImpl@36e5181[CategoryListActivity]: mHardwareRenderer.initialize() mSurface={isValid=true -1813749760} hwInitialized=true
09-08 09:13:14.176 18286 18286 E cz.gienger.mobile.poaz.configuration.GlobalConfiguration: java.lang.NumberFormatException: null
09-08 09:13:14.176 18286 18286 E cz.gienger.mobile.poaz.configuration.GlobalConfiguration: at java.lang.Integer.parseInt(Integer.java:483)
09-08 09:13:14.176 18286 18286 E cz.gienger.mobile.poaz.configuration.GlobalConfiguration: at java.lang.Integer.parseInt(Integer.java:556)
09-08 09:13:14.176 18286 18286 E cz.gienger.mobile.poaz.configuration.GlobalConfiguration: at cz.gienger.mobile.poaz.configuration.GlobalConfiguration.getPriceTypeEnum(GlobalConfiguration.java:140)
09-08 09:13:14.176 18286 18286 E cz.gienger.mobile.poaz.configuration.GlobalConfiguration: at cz.gienger.mobile.poaz.configuration.GlobalConfiguration.setValues(GlobalConfiguration.java:97)
09-08 09:13:14.176 18286 18286 E cz.gienger.mobile.poaz.configuration.GlobalConfiguration: at cz.gienger.mobile.poaz.configuration.GlobalConfiguration.(GlobalConfiguration.java:36)
09-08 09:13:14.176 18286 18286 E cz.gienger.mobile.poaz.configuration.GlobalConfiguration: at cz.gienger.mobile.poaz.configuration.GlobalConfiguration.get(GlobalConfiguration.java:41)
09-08 09:13:14.176 18286 18286 E cz.gienger.mobile.poaz.configuration.GlobalConfiguration: at cz.gienger.mobile.poaz.activities.PoazActivityBase.initPriceSwitch(PoazActivityBase.java:313)
09-08 09:13:14.176 18286 18286 E cz.gienger.mobile.poaz.configuration.GlobalConfiguration: at cz.gienger.mobile.poaz.activities.PoazActivityBase.onCreateOptionsMenu(PoazActivityBase.java:143)
09-08 09:13:14.176 18286 18286 E cz.gienger.mobile.poaz.configuration.GlobalConfiguration: at android.app.Activity.onCreatePanelMenu(Activity.java:3328)
09-08 09:13:14.176 18286 18286 E cz.gienger.mobile.poaz.configuration.GlobalConfiguration: at android.support.v4.app.FragmentActivity.onCreatePanelMenu(FragmentActivity.java:362)
09-08 09:13:14.176 18286 18286 E cz.gienger.mobile.poaz.configuration.GlobalConfiguration: at android.support.v7.view.WindowCallbackWrapper.onCreatePanelMenu(WindowCallbackWrapper.java:98)
09-08 09:13:14.176 18286 18286 E cz.gienger.mobile.poaz.configuration.GlobalConfiguration: at android.support.v7.app.AppCompatDelegateImplBase$AppCompatWindowCallbackBase.onCreatePanelMenu(AppCompatDelegateImplBase.java:335)
09-08 09:13:14.176 18286 18286 E cz.gienger.mobile.poaz.configuration.GlobalConfiguration: at android.support.v7.app.AppCompatDelegateImplV9.preparePanel(AppCompatDelegateImplV9.java:1368)
09-08 09:13:14.176 18286 18286 E cz.gienger.mobile.poaz.configuration.GlobalConfiguration: at android.support.v7.app.AppCompatDelegateImplV9.doInvalidatePanelMenu(AppCompatDelegateImplV9.java:1648)
09-08 09:13:14.176 18286 18286 E cz.gienger.mobile.poaz.configuration.GlobalConfiguration: at android.support.v7.app.AppCompatDelegateImplV9$1.run(AppCompatDelegateImplV9.java:140)
09-08 09:13:14.176 18286 18286 E cz.gienger.mobile.poaz.configuration.GlobalConfiguration: at android.os.Handler.handleCallback(Handler.java:751)
09-08 09:13:14.176 18286 18286 E cz.gienger.mobile.poaz.configuration.GlobalConfiguration: at android.os.Handler.dispatchMessage(Handler.java:95)
09-08 09:13:14.176 18286 18286 E cz.gienger.mobile.poaz.configuration.GlobalConfiguration: at android.os.Looper.loop(Looper.java:154)
09-08 09:13:14.176 18286 18286 E cz.gienger.mobile.poaz.configuration.GlobalConfiguration: at android.app.ActivityThread.main(ActivityThread.java:6823)
09-08 09:13:14.176 18286 18286 E cz.gienger.mobile.poaz.configuration.GlobalConfiguration: at java.lang.reflect.Method.invoke(Native Method)
09-08 09:13:14.176 18286 18286 E cz.gienger.mobile.poaz.configuration.GlobalConfiguration: at com.android.internal.os.ZygoteInit$MethodAndArgsCaller.run(ZygoteInit.java:1563)
09-08 09:13:14.176 18286 18286 E cz.gienger.mobile.poaz.configuration.GlobalConfiguration: at com.android.internal.os.ZygoteInit.main(ZygoteInit.java:1451)
09-08 09:13:14.185 18286 18286 D ViewRootImpl@36e5181[CategoryListActivity]: MSG_RESIZED_REPORT: frame=Rect(0, 0 - 768, 1024) ci=Rect(0, 24 - 0, 0) vi=Rect(0, 24 - 0, 0) or=1
09-08 09:13:14.185 18286 18286 D ViewRootImpl@36e5181[CategoryListActivity]: MSG_WINDOW_FOCUS_CHANGED 1
09-08 09:13:14.186 18286 18286 D ViewRootImpl@36e5181[CategoryListActivity]: mHardwareRenderer.initializeIfNeeded()#2 mSurface={isValid=true -1813749760}
09-08 09:13:14.187 18286 18286 V InputMethodManager: Starting input: tba=android.view.inputmethod.EditorInfo@846747a nm : cz.gienger.mobile ic=null
09-08 09:13:14.187 18286 18286 I InputMethodManager: startInputInner - mService.startInputOrWindowGainedFocus
09-08 09:13:14.188 18286 18286 D InputTransport: Input channel constructed: fd=65
09-08 09:13:14.188 18286 18286 D InputTransport: Input channel destroyed: fd=68
09-08 09:13:14.249 18286 18869 D OpenGLRenderer: endAllActiveAnimators on 0x95585300 (RippleDrawable) with handle 0x9697fd40
09-08 09:13:14.249 18286 18286 D ViewRootImpl@2ba145a[MainActivity]: mHardwareRenderer.destroy()#1
09-08 09:13:14.255 18286 18286 D ViewRootImpl@2ba145a[MainActivity]: Relayout returned: oldFrame=[0,0][768,1024] newFrame=[0,0][768,1024] result=0x5 surface={isValid=false 0} surfaceGenerationChanged=true
09-08 09:13:14.669 18286 18286 D ViewRootImpl@2ba145a[MainActivity]: Relayout returned: oldFrame=[0,0][768,1024] newFrame=[0,0][768,1024] result=0x5 surface={isValid=false 0} surfaceGenerationChanged=false
09-08 09:13:15.383 18286 18286 D ViewRootImpl@36e5181[CategoryListActivity]: ViewPostImeInputStage processPointer 0
09-08 09:13:15.440 18286 18286 D ViewRootImpl@36e5181[CategoryListActivity]: ViewPostImeInputStage processPointer 1
09-08 09:13:15.448 18286 18286 E cz.gienger.mobile.poaz.configuration.GlobalConfiguration: java.lang.NumberFormatException: null
09-08 09:13:15.448 18286 18286 E cz.gienger.mobile.poaz.configuration.GlobalConfiguration: at java.lang.Integer.parseInt(Integer.java:483)
09-08 09:13:15.448 18286 18286 E cz.gienger.mobile.poaz.configuration.GlobalConfiguration: at java.lang.Integer.parseInt(Integer.java:556)
09-08 09:13:15.448 18286 18286 E cz.gienger.mobile.poaz.configuration.GlobalConfiguration: at cz.gienger.mobile.poaz.configuration.GlobalConfiguration.getPriceTypeEnum(GlobalConfiguration.java:140)
09-08 09:13:15.448 18286 18286 E cz.gienger.mobile.poaz.configuration.GlobalConfiguration: at cz.gienger.mobile.poaz.configuration.GlobalConfiguration.setValues(GlobalConfiguration.java:97)
09-08 09:13:15.448 18286 18286 E cz.gienger.mobile.poaz.configuration.GlobalConfiguration: at cz.gienger.mobile.poaz.configuration.GlobalConfiguration.(GlobalConfiguration.java:36)
09-08 09:13:15.448 18286 18286 E cz.gienger.mobile.poaz.configuration.GlobalConfiguration: at cz.gienger.mobile.poaz.configuration.GlobalConfiguration.get(GlobalConfiguration.java:41)
09-08 09:13:15.448 18286 18286 E cz.gienger.mobile.poaz.configuration.GlobalConfiguration: at cz.gienger.mobile.poaz.adapters.CategoryListAdapter.restrictCategoryFilterToCurrentPriceType(CategoryListAdapter.java:117)
