09-08 09:15:35.980 18286 18286 D InputManager: setPointerIconType iconId = 20001, callingPid = 18286
09-08 09:15:36.050 18286 18286 D ViewRootImpl@7b809d7[AddArticleToCartActivity]: ViewPostImeInputStage processPointer 1
09-08 09:15:36.055 18286 18286 D ViewRootImpl: updatePointerIcon pointerType = 20001, calling pid = 18286
09-08 09:15:36.055 18286 18286 D InputManager: setPointerIconType iconId = 20001, callingPid = 18286
09-08 09:15:36.056 18286 18286 D ViewRootImpl: updatePointerIcon pointerType = 20001, calling pid = 18286
09-08 09:15:36.056 18286 18286 D InputManager: setPointerIconType iconId = 20001, callingPid = 18286
09-08 09:15:36.061 18286 18286 V InputMethodManager: Starting input: tba=android.view.inputmethod.EditorInfo@667e519 nm : cz.gienger.mobile ic=com.android.internal.widget.EditableInputConnection@c6059de
09-08 09:15:36.061 18286 18286 I InputMethodManager: startInputInner - mService.startInputOrWindowGainedFocus
09-08 09:15:36.064 18286 18286 D InputTransport: Input channel constructed: fd=85
09-08 09:15:36.064 18286 18286 D InputTransport: Input channel destroyed: fd=75
09-08 09:15:36.148 18286 18286 D ViewRootImpl@45163e1[ArticleListActivity]: mHardwareRenderer.destroy()#1
09-08 09:15:36.163 18286 18286 D ViewRootImpl@45163e1[ArticleListActivity]: Relayout returned: oldFrame=[0,0][768,1024] newFrame=[0,0][768,1024] result=0x1 surface={isValid=false 0} surfaceGenerationChanged=false
09-08 09:15:36.176 18286 18286 D LOCATION_SERVICE: onStatusChanged: gps
09-08 09:15:36.190 18286 18286 D ViewRootImpl@45163e1[ArticleListActivity]: Relayout returned: oldFrame=[0,0][768,1024] newFrame=[0,0][768,1024] result=0x7 surface={isValid=true -1812994048} surfaceGenerationChanged=true
09-08 09:15:36.191 18286 18286 D ViewRootImpl@45163e1[ArticleListActivity]: mHardwareRenderer.initialize() mSurface={isValid=true -1812994048} hwInitialized=true
09-08 09:15:36.317 18286 18286 D ViewRootImpl@7b809d7[AddArticleToCartActivity]: MSG_WINDOW_FOCUS_CHANGED 0
09-08 09:15:36.321 18286 18286 D ViewRootImpl@45163e1[ArticleListActivity]: MSG_RESIZED_REPORT: frame=Rect(0, 0 - 768, 1024) ci=Rect(0, 24 - 0, 320) vi=Rect(0, 24 - 0, 320) or=1
09-08 09:15:36.321 18286 18286 D ViewRootImpl@45163e1[ArticleListActivity]: MSG_WINDOW_FOCUS_CHANGED 1
09-08 09:15:36.321 18286 18286 D ViewRootImpl@45163e1[ArticleListActivity]: mHardwareRenderer.initializeIfNeeded()#2 mSurface={isValid=true -1812994048}
09-08 09:15:36.323 18286 18286 V InputMethodManager: Starting input: tba=android.view.inputmethod.EditorInfo@88470db nm : cz.gienger.mobile ic=null
09-08 09:15:36.323 18286 18286 I InputMethodManager: startInputInner - mService.startInputOrWindowGainedFocus
09-08 09:15:36.326 18286 18286 D InputTransport: Input channel constructed: fd=89
09-08 09:15:36.326 18286 18286 D InputTransport: Input channel destroyed: fd=85
09-08 09:15:36.407 18286 18869 D OpenGLRenderer: endAllActiveAnimators on 0x93cf0780 (RippleDrawable) with handle 0x95f749f0
09-08 09:15:36.408 18286 18286 D ViewRootImpl@7b809d7[AddArticleToCartActivity]: mHardwareRenderer.destroy()#1
09-08 09:15:36.416 18286 18286 D ViewRootImpl@7b809d7[AddArticleToCartActivity]: Relayout returned: oldFrame=[0,0][768,1024] newFrame=[0,0][768,1024] result=0x5 surface={isValid=false 0} surfaceGenerationChanged=true
09-08 09:15:36.418 18286 18286 W IInputConnectionWrapper: finishComposingText on inactive InputConnection
09-08 09:15:36.418 18286 18286 W IInputConnectionWrapper: performPrivateCommand on inactive InputConnection
09-08 09:15:36.427 18286 18286 W IInputConnectionWrapper: finishComposingText on inactive InputConnection
09-08 09:15:36.515 18286 18286 D ViewRootImpl@45163e1[ArticleListActivity]: MSG_RESIZED: frame=Rect(0, 0 - 768, 1024) ci=Rect(0, 24 - 0, 0) vi=Rect(0, 24 - 0, 0) or=1
09-08 09:15:36.539 18286 18286 D ViewRootImpl@45163e1[ArticleListActivity]: Relayout returned: oldFrame=[0,0][768,1024] newFrame=[0,0][768,1024] result=0x1 surface={isValid=true -1812994048} surfaceGenerationChanged=false
09-08 09:15:36.807 18286 18286 D TextView: SYANI: Clipboard API is calling: clearFilter()
09-08 09:15:36.807 18286 18286 D TextView: SYANI: Clipboard API is calling: unregisterClipboardEventListener()
09-08 09:15:36.813 18286 18286 D TextView: SYANI: Clipboard API is calling: clearFilter()
09-08 09:15:36.813 18286 18286 D TextView: SYANI: Clipboard API is calling: unregisterClipboardEventListener()
09-08 09:15:36.818 18286 18286 D ViewRootImpl@7b809d7[AddArticleToCartActivity]: mHardwareRenderer.destroy()#4
09-08 09:15:36.818 18286 18286 D ViewRootImpl@7b809d7[AddArticleToCartActivity]: dispatchDetachedFromWindow
09-08 09:15:36.831 18286 18286 D InputTransport: Input channel destroyed: fd=69
09-08 09:15:37.133 18286 18286 D LOCATION_SERVICE: onStatusChanged: gps
09-08 09:15:37.547 18286 18286 D ViewRootImpl: updatePointerIcon pointerType = 20001, calling pid = 18286
09-08 09:15:37.548 18286 18286 D InputManager: setPointerIconType iconId = 20001, callingPid = 18286
09-08 09:15:37.550 18286 18286 D ViewRootImpl: updatePointerIcon pointerType = 20001, calling pid = 18286
09-08 09:15:37.550 18286 18286 D InputManager: setPointerIconType iconId = 20001, callingPid = 18286
09-08 09:15:37.586 18286 18286 D ViewRootImpl@45163e1[ArticleListActivity]: ViewPostImeInputStage processPointer 0
09-08 09:15:37.587 18286 18286 D ViewRootImpl: updatePointerIcon pointerType = 20001, calling pid = 18286
09-08 09:15:37.587 18286 18286 D InputManager: setPointerIconType iconId = 20001, callingPid = 18286
09-08 09:15:37.617 18286 18286 D ViewRootImpl@45163e1[ArticleListActivity]: ViewPostImeInputStage processPointer 1
09-08 09:15:37.618 18286 18286 D ViewRootImpl: updatePointerIcon pointerType = 20001, calling pid = 18286
09-08 09:15:37.619 18286 18286 D InputManager: setPointerIconType iconId = 20001, callingPid = 18286
09-08 09:15:37.619 18286 18286 D ViewRootImpl: updatePointerIcon pointerType = 20001, calling pid = 18286
09-08 09:15:37.620 18286 18286 D InputManager: setPointerIconType iconId = 20001, callingPid = 18286
09-08 09:15:37.665 18286 18286 D ViewRootImpl@45163e1[ArticleListActivity]: MSG_WINDOW_FOCUS_CHANGED 0
09-08 09:15:37.810 18286 18286 D ViewRootImpl@fbfd5c2[CartActivity]: ThreadedRenderer.create() translucent=false
09-08 09:15:37.813 18286 18286 D InputTransport: Input channel constructed: fd=69
09-08 09:15:37.814 18286 18286 D ViewRootImpl@fbfd5c2[CartActivity]: setView = DecorView@ddb4fd3[CartActivity] touchMode=true
09-08 09:15:37.816 18286 18286 D ViewRootImpl@fbfd5c2[CartActivity]: dispatchAttachedToWindow
09-08 09:15:37.857 18286 18286 D ViewRootImpl@fbfd5c2[CartActivity]: Relayout returned: oldFrame=[0,0][0,0] newFrame=[0,0][768,1024] result=0x27 surface={isValid=true -1803593728} surfaceGenerationChanged=true
09-08 09:15:37.858 18286 18286 D ViewRootImpl@fbfd5c2[CartActivity]: mHardwareRenderer.initialize() mSurface={isValid=true -1803593728} hwInitialized=true
09-08 09:15:37.915 18286 18286 D AbsListView: in onLayout changed
09-08 09:15:37.957 18286 18286 D ViewRootImpl@fbfd5c2[CartActivity]: MSG_RESIZED_REPORT: frame=Rect(0, 0 - 768, 1024) ci=Rect(0, 24 - 0, 0) vi=Rect(0, 24 - 0, 0) or=1
09-08 09:15:37.957 18286 18286 D ViewRootImpl@fbfd5c2[CartActivity]: MSG_WINDOW_FOCUS_CHANGED 1
09-08 09:15:37.957 18286 18286 D ViewRootImpl@fbfd5c2[CartActivity]: mHardwareRenderer.initializeIfNeeded()#2 mSurface={isValid=true -1803593728}
09-08 09:15:37.974 18286 18286 V InputMethodManager: Starting input: tba=android.view.inputmethod.EditorInfo@a2cfef6 nm : cz.gienger.mobile ic=null
09-08 09:15:37.974 18286 18286 I InputMethodManager: startInputInner - mService.startInputOrWindowGainedFocus
09-08 09:15:37.976 18286 18286 D InputTransport: Input channel constructed: fd=70
09-08 09:15:37.976 18286 18286 D InputTransport: Input channel destroyed: fd=89
09-08 09:15:38.014 18286 18869 D OpenGLRenderer: endAllActiveAnimators on 0x94ce4000 (RippleDrawable) with handle 0x95f74a60
09-08 09:15:38.014 18286 18286 D ViewRootImpl@45163e1[ArticleListActivity]: mHardwareRenderer.destroy()#1
09-08 09:15:38.023 18286 18286 D ViewRootImpl@45163e1[ArticleListActivity]: Relayout returned: oldFrame=[0,0][768,1024] newFrame=[0,0][768,1024] result=0x5 surface={isValid=false 0} surfaceGenerationChanged=true
09-08 09:15:38.133 18286 18286 D LOCATION_SERVICE: onStatusChanged: gps
09-08 09:15:38.467 18286 18286 D ViewRootImpl@45163e1[ArticleListActivity]: Relayout returned: oldFrame=[0,0][768,1024] newFrame=[0,0][768,1024] result=0x5 surface={isValid=false 0} surfaceGenerationChanged=false --------- beginning of system
09-08 09:15:39.190 18286 18286 W dogbel : handleMotionEvent enter
09-08 09:15:39.190 18286 18286 W dogbel : handleMotionEvent enter 2
09-08 09:15:39.190 18286 18286 D DirectPenInput: handleMotionEvent ACTION_HOVER_ENTER
09-08 09:15:39.191 18286 18286 D DirectPenInput: canStartDirectPenInput() : false
09-08 09:15:39.191 18286 18286 D DirectPenInput: state : 0.1.0.9. 31bb2f7
09-08 09:15:39.201 18286 18286 D ViewRootImpl: updatePointerIcon pointerType = 20002, calling pid = 18286
09-08 09:15:39.201 18286 18286 D InputManager: setPointerIconType iconId = 20002, callingPid = 18286
09-08 09:15:39.204 18286 18286 D ViewRootImpl: updatePointerIcon pointerType = 20002, calling pid = 18286
09-08 09:15:39.204 18286 18286 D InputManager: setPointerIconType iconId = 20002, callingPid = 18286
09-08 09:15:39.215 18286 18286 W dogbel : handleMotionEvent enter
09-08 09:15:39.215 18286 18286 W dogbel : handleMotionEvent enter 2
09-08 09:15:39.231 18286 18286 W dogbel : handleMotionEvent enter
09-08 09:15:39.231 18286 18286 W dogbel : handleMotionEvent enter 2
09-08 09:15:39.234 18286 18286 W dogbel : handleMotionEvent enter
09-08 09:15:39.235 18286 18286 W dogbel : handleMotionEvent enter 2
09-08 09:15:39.235 18286 18286 D DirectPenInput: handleMotionEvent ACTION_HOVER_EXIT
09-08 09:15:39.235 18286 18286 D DirectPenInput: state : 0.1.0.10. 31bb2f7
09-08 09:15:39.237 18286 18286 D ViewRootImpl: updatePointerIcon pointerType = 20001, calling pid = 18286
09-08 09:15:39.237 18286 18286 D InputManager: setPointerIconType iconId = 20001, callingPid = 18286
09-08 09:15:39.251 18286 18286 W dogbel : handleMotionEvent enter
09-08 09:15:39.251 18286 18286 W dogbel : handleMotionEvent enter 2
09-08 09:15:39.251 18286 18286 D DirectPenInput: handleMotionEvent ACTION_HOVER_ENTER
09-08 09:15:39.251 18286 18286 D DirectPenInput: canStartDirectPenInput() : false
09-08 09:15:39.251 18286 18286 D DirectPenInput: state : 0.1.0.9. 55ca564
09-08 09:15:39.257 18286 18286 W dogbel : handleMotionEvent enter
09-08 09:15:39.257 18286 18286 W dogbel : handleMotionEvent enter 2
09-08 09:15:39.258 18286 18286 D ViewRootImpl: updatePointerIcon pointerType = 20002, calling pid = 18286
09-08 09:15:39.259 18286 18286 D InputManager: setPointerIconType iconId = 20002, callingPid = 18286
09-08 09:15:39.266 18286 18286 W dogbel : handleMotionEvent enter
09-08 09:15:39.266 18286 18286 W dogbel : handleMotionEvent enter 2
09-08 09:15:39.282 18286 18286 W dogbel : handleMotionEvent enter
09-08 09:15:39.282 18286 18286 W dogbel : handleMotionEvent enter 2
09-08 09:15:39.282 18286 18286 D DirectPenInput: handleMotionEvent ACTION_HOVER_ENTER
09-08 09:15:39.283 18286 18286 D DirectPenInput: canStartDirectPenInput() : false
09-08 09:15:39.283 18286 18286 D DirectPenInput: state : 0.1.0.9. 22f13cd
09-08 09:15:39.288 18286 18286 W dogbel : handleMotionEvent enter
09-08 09:15:39.288 18286 18286 W dogbel : handleMotionEvent enter 2
09-08 09:15:39.291 18286 18286 W dogbel : handleMotionEvent enter
09-08 09:15:39.291 18286 18286 W dogbel : handleMotionEvent enter 2
09-08 09:15:39.292 18286 18286 W dogbel : handleMotionEvent enter
09-08 09:15:39.292 18286 18286 W dogbel : handleMotionEvent enter 2
09-08 09:15:39.292 18286 18286 D DirectPenInput: handleMotionEvent ACTION_HOVER_EXIT
09-08 09:15:39.292 18286 18286 D DirectPenInput: state : 0.1.0.10. 55ca564
09-08 09:15:39.299 18286 18286 W dogbel : handleMotionEvent enter
09-08 09:15:39.299 18286 18286 W dogbel : handleMotionEvent enter 2
09-08 09:15:39.317 18286 18286 W dogbel : handleMotionEvent enter
09-08 09:15:39.317 18286 18286 W dogbel : handleMotionEvent enter 2
09-08 09:15:39.332 18286 18286 W dogbel : handleMotionEvent enter
09-08 09:15:39.332 18286 18286 W dogbel : handleMotionEvent enter 2
09-08 09:15:39.348 18286 18286 W dogbel : handleMotionEvent enter
09-08 09:15:39.348 18286 18286 W dogbel : handleMotionEvent enter 2
09-08 09:15:39.350 18286 18286 W dogbel : handleMotionEvent enter
09-08 09:15:39.350 18286 18286 W dogbel : handleMotionEvent enter 2
09-08 09:15:39.350 18286 18286 D DirectPenInput: handleMotionEvent ACTION_HOVER_EXIT
09-08 09:15:39.350 18286 18286 D DirectPenInput: state : 0.1.0.10. 22f13cd
09-08 09:15:39.353 18286 18286 D ViewRootImpl: updatePointerIcon pointerType = 20001, calling pid = 18286
09-08 09:15:39.354 18286 18286 D InputManager: setPointerIconType iconId = 20001, callingPid = 18286
09-08 09:15:39.366 18286 18286 W dogbel : handleMotionEvent enter
09-08 09:15:39.366 18286 18286 W dogbel : handleMotionEvent enter 2
09-08 09:15:39.366 18286 18286 D DirectPenInput: handleMotionEvent ACTION_HOVER_ENTER
09-08 09:15:39.366 18286 18286 D DirectPenInput: canStartDirectPenInput() : false
09-08 09:15:39.367 18286 18286 D DirectPenInput: state : 0.1.0.9. 3a21482
09-08 09:15:39.373 18286 18286 W dogbel : handleMotionEvent enter
09-08 09:15:39.373 18286 18286 W dogbel : handleMotionEvent enter 2
09-08 09:15:39.375 18286 18286 D ViewRootImpl: updatePointerIcon pointerType = 20002, calling pid = 18286
09-08 09:15:39.375 18286 18286 D InputManager: setPointerIconType iconId = 20002, callingPid = 18286
09-08 09:15:39.382 18286 18286 W dogbel : handleMotionEvent enter
09-08 09:15:39.382 18286 18286 W dogbel : handleMotionEvent enter 2
09-08 09:15:39.399 18286 18286 W dogbel : handleMotionEvent enter
09-08 09:15:39.399 18286 18286 W dogbel : handleMotionEvent enter 2
09-08 09:15:39.416 18286 18286 W dogbel : handleMotionEvent enter
09-08 09:15:39.416 18286 18286 W dogbel : handleMotionEvent enter 2
09-08 09:15:39.433 18286 18286 W dogbel : handleMotionEvent enter
09-08 09:15:39.433 18286 18286 W dogbel : handleMotionEvent enter 2
09-08 09:15:39.443 18286 18286 W dogbel : handleMotionEvent enter
09-08 09:15:39.444 18286 18286 W dogbel : handleMotionEvent enter 2
09-08 09:15:39.447 18286 18286 W dogbel : handleMotionEvent enter
09-08 09:15:39.447 18286 18286 W dogbel : handleMotionEvent enter 2
09-08 09:15:39.447 18286 18286 D DirectPenInput: handleMotionEvent ACTION_HOVER_EXIT
09-08 09:15:39.447 18286 18286 D DirectPenInput: state : 0.1.0.10. 3a21482
09-08 09:15:39.450 18286 18286 D ViewRootImpl@fbfd5c2[CartActivity]: ViewPostImeInputStage processPointer 0
09-08 09:15:39.451 18286 18286 W dogbel : handleMotionEvent enter
09-08 09:15:39.451 18286 18286 W dogbel : handleMotionEvent enter 2
09-08 09:15:39.451 18286 18286 D DirectPenInput: state : 0.1.0.0. 3a21482
09-08 09:15:39.451 18286 18286 D ViewRootImpl: updatePointerIcon pointerType = 20002, calling pid = 18286
09-08 09:15:39.452 18286 18286 D InputManager: setPointerIconType iconId = 20002, callingPid = 18286
09-08 09:15:39.453 18286 18286 W dogbel : handleMotionEvent enter
09-08 09:15:39.453 18286 18286 W dogbel : handleMotionEvent enter 2
09-08 09:15:39.453 18286 18286 D DirectPenInput: state : 0.1.0.2. 3a21482
09-08 09:15:39.465 18286 18286 W dogbel : handleMotionEvent enter
09-08 09:15:39.466 18286 18286 W dogbel : handleMotionEvent enter 2
09-08 09:15:39.466 18286 18286 D DirectPenInput: state : 0.1.0.2. 3a21482
09-08 09:15:39.484 18286 18286 W dogbel : handleMotionEvent enter
09-08 09:15:39.484 18286 18286 W dogbel : handleMotionEvent enter 2
09-08 09:15:39.484 18286 18286 D DirectPenInput: state : 0.1.0.2. 3a21482
09-08 09:15:39.499 18286 18286 W dogbel : handleMotionEvent enter
09-08 09:15:39.499 18286 18286 W dogbel : handleMotionEvent enter 2
09-08 09:15:39.499 18286 18286 D DirectPenInput: state : 0.1.0.2. 3a21482
09-08 09:15:39.515 18286 18286 W dogbel : handleMotionEvent enter
09-08 09:15:39.516 18286 18286 W dogbel : handleMotionEvent enter 2
09-08 09:15:39.516 18286 18286 D DirectPenInput: state : 0.1.0.2. 3a21482
09-08 09:15:39.516 18286 18286 D ViewRootImpl@fbfd5c2[CartActivity]: ViewPostImeInputStage processPointer 1
09-08 09:15:39.517 18286 18286 W dogbel : handleMotionEvent enter
09-08 09:15:39.517 18286 18286 W dogbel : handleMotionEvent enter 2
09-08 09:15:39.517 18286 18286 D DirectPenInput: state : 0.1.0.1. 3a21482
09-08 09:15:39.527 18286 18286 V InputMethodManager: Starting input: tba=android.view.inputmethod.EditorInfo@3261fc9 nm : cz.gienger.mobile ic=com.android.internal.widget.EditableInputConnection@360f6ce
09-08 09:15:39.527 18286 18286 I InputMethodManager: startInputInner - mService.startInputOrWindowGainedFocus
09-08 09:15:39.529 18286 18286 D InputTransport: Input channel constructed: fd=98
09-08 09:15:39.529 18286 18286 D InputTransport: Input channel destroyed: fd=70
09-08 09:15:39.529 18286 18286 D InputMethodManager: SSI - flag : 0 Pid : 18286 view : cz.gienger.mobile
09-08 09:15:39.533 18286 18286 W dogbel : handleMotionEvent enter
09-08 09:15:39.533 18286 18286 W dogbel : handleMotionEvent enter 2
09-08 09:15:39.533 18286 18286 D DirectPenInput: handleMotionEvent ACTION_HOVER_ENTER
09-08 09:15:39.534 18286 18286 D DirectPenInput: canStartDirectPenInput() : false
09-08 09:15:39.534 18286 18286 D DirectPenInput: state : 0.1.0.9. 3a21482
09-08 09:15:39.539 18286 18286 D ViewRootImpl: updatePointerIcon pointerType = 20002, calling pid = 18286
09-08 09:15:39.540 18286 18286 D InputManager: setPointerIconType iconId = 20002, callingPid = 18286
09-08 09:15:39.541 18286 18286 D ViewRootImpl: updatePointerIcon pointerType = 20002, calling pid = 18286
09-08 09:15:39.541 18286 18286 D InputManager: setPointerIconType iconId = 20002, callingPid = 18286
09-08 09:15:39.547 18286 18286 W dogbel : handleMotionEvent enter
09-08 09:15:39.547 18286 18286 W dogbel : handleMotionEvent enter 2
09-08 09:15:39.566 18286 18286 W dogbel : handleMotionEvent enter
09-08 09:15:39.566 18286 18286 W dogbel : handleMotionEvent enter 2
09-08 09:15:39.580 18286 18286 W dogbel : handleMotionEvent enter
09-08 09:15:39.580 18286 18286 W dogbel : handleMotionEvent enter 2
09-08 09:15:39.582 18286 18286 W dogbel : handleMotionEvent enter
09-08 09:15:39.582 18286 18286 W dogbel : handleMotionEvent enter 2
09-08 09:15:39.582 18286 18286 D DirectPenInput: handleMotionEvent ACTION_HOVER_EXIT
09-08 09:15:39.582 18286 18286 D DirectPenInput: state : 0.1.0.10. 3a21482
09-08 09:15:39.845 18286 18286 D ViewRootImpl@fbfd5c2[CartActivity]: MSG_RESIZED: frame=Rect(0, 0 - 768, 1024) ci=Rect(0, 24 - 0, 359) vi=Rect(0, 24 - 0, 359) or=1
09-08 09:15:39.863 18286 18286 D ViewRootImpl@fbfd5c2[CartActivity]: Relayout returned: oldFrame=[0,0][768,1024] newFrame=[0,0][768,1024] result=0x1 surface={isValid=true -1803593728} surfaceGenerationChanged=false
09-08 09:15:39.877 18286 18286 D AbsListView: in onLayout changed
09-08 09:15:40.132 18286 18286 D LOCATION_SERVICE: onStatusChanged: gps
09-08 09:15:41.131 18286 18286 D LOCATION_SERVICE: onStatusChanged: gps
09-08 09:15:41.481 18286 18286 D ViewRootImpl@fbfd5c2[CartActivity]: ViewPostImeInputStage processPointer 0
09-08 09:15:41.555 18286 18286 D ViewRootImpl@fbfd5c2[CartActivity]: ViewPostImeInputStage processPointer 1
09-08 09:15:41.573 18286 18286 V InputMethodManager: Starting input: tba=android.view.inputmethod.EditorInfo@c5cc3f5 nm : cz.gienger.mobile ic=com.android.internal.widget.EditableInputConnection@bb2458a
09-08 09:15:41.574 18286 18286 I InputMethodManager: startInputInner - mService.startInputOrWindowGainedFocus
09-08 09:15:41.575 18286 18286 D InputTransport: Input channel constructed: fd=70
09-08 09:15:41.575 18286 18286 D InputTransport: Input channel destroyed: fd=98
09-08 09:15:41.575 18286 18286 D InputMethodManager: SSI - flag : 0 Pid : 18286 view : cz.gienger.mobile
09-08 09:15:41.581 18286 18286 W IInputConnectionWrapper: finishComposingText on inactive InputConnection
09-08 09:15:42.138 18286 18286 D LOCATION_SERVICE: onStatusChanged: gps
09-08 09:15:42.550 18286 18286 D ViewRootImpl@fbfd5c2[CartActivity]: ViewPostImeInputStage processPointer 0
09-08 09:15:42.599 18286 18286 D ViewRootImpl@fbfd5c2[CartActivity]: ViewPostImeInputStage processPointer 1
09-08 09:15:42.627 18286 18286 V InputMethodManager: Starting input: tba=android.view.inputmethod.EditorInfo@8bea5c4 nm : cz.gienger.mobile ic=com.android.internal.widget.EditableInputConnection@9467cad
09-08 09:15:42.628 18286 18286 I InputMethodManager: startInputInner - mService.startInputOrWindowGainedFocus
09-08 09:15:42.629 18286 18286 D InputTransport: Input channel constructed: fd=98
09-08 09:15:42.629 18286 18286 D InputTransport: Input channel destroyed: fd=70
09-08 09:15:42.630 18286 18286 D InputMethodManager: SSI - flag : 0 Pid : 18286 view : cz.gienger.mobile
09-08 09:15:42.635 18286 18286 W IInputConnectionWrapper: setComposingText on inactive InputConnection
09-08 09:15:42.635 18286 18286 W IInputConnectionWrapper: finishComposingText on inactive InputConnection
09-08 09:15:43.142 18286 18286 D LOCATION_SERVICE: onStatusChanged: gps
09-08 09:15:43.707 18286 18286 D ViewRootImpl@fbfd5c2[CartActivity]: ViewPostImeInputStage processPointer 0
09-08 09:15:43.766 18286 18286 D ViewRootImpl@fbfd5c2[CartActivity]: ViewPostImeInputStage processPointer 1
09-08 09:15:43.767 18286 18286 D AbsListView: onTouchUp() mTouchMode : 0
09-08 09:15:43.884 18286 18286 D ViewRootImpl@fbfd5c2[CartActivity]: ViewPostImeInputStage processPointer 0
09-08 09:15:43.911 18286 18286 D ViewRootImpl@fbfd5c2[CartActivity]: ViewPostImeInputStage processPointer 1
09-08 09:15:43.912 18286 18286 D InputMethodManager: SSI - flag : 0 Pid : 18286 view : cz.gienger.mobile
09-08 09:15:43.934 18286 18286 D ViewRootImpl@dfb36a9[PopupWindow:9e25a30]: ThreadedRenderer.create() translucent=true
09-08 09:15:43.938 18286 18286 D InputTransport: Input channel constructed: fd=70
09-08 09:15:43.938 18286 18286 D ViewRootImpl@dfb36a9[PopupWindow:9e25a30]: setView = android.widget.PopupWindow$PopupDecorView{e53f42e V.E...... ......I. 0,0-0,0} touchMode=true
09-08 09:15:43.945 18286 18286 D ViewRootImpl@dfb36a9[PopupWindow:9e25a30]: dispatchAttachedToWindow
09-08 09:15:43.989 18286 18286 D ViewRootImpl@dfb36a9[PopupWindow:9e25a30]: Relayout returned: oldFrame=[0,0][0,0] newFrame=[14,292][44,328] result=0x27 surface={isValid=true -1812994048} surfaceGenerationChanged=true
09-08 09:15:43.990 18286 18286 D ViewRootImpl@dfb36a9[PopupWindow:9e25a30]: mHardwareRenderer.initialize() mSurface={isValid=true -1812994048} hwInitialized=true
09-08 09:15:44.008 18286 18286 D ViewRootImpl@dfb36a9[PopupWindow:9e25a30]: MSG_RESIZED_REPORT: frame=Rect(14, 292 - 44, 328) ci=Rect(0, 0 - 0, 0) vi=Rect(0, 0 - 0, 0) or=1
09-08 09:15:44.133 18286 18286 D LOCATION_SERVICE: onStatusChanged: gps
09-08 09:15:45.133 18286 18286 D LOCATION_SERVICE: onStatusChanged: gps
09-08 09:15:45.695 18286 18286 D ViewRootImpl@fbfd5c2[CartActivity]: ViewPostImeInputStage processPointer 0
09-08 09:15:45.780 18286 18286 D ViewRootImpl@fbfd5c2[CartActivity]: ViewPostImeInputStage processPointer 1
09-08 09:15:45.803 18286 18286 V InputMethodManager: Starting input: tba=android.view.inputmethod.EditorInfo@d2f253a nm : cz.gienger.mobile ic=com.android.internal.widget.EditableInputConnection@f46b5eb
09-08 09:15:45.803 18286 18286 I InputMethodManager: startInputInner - mService.startInputOrWindowGainedFocus
09-08 09:15:45.805 18286 18286 D InputTransport: Input channel constructed: fd=106
09-08 09:15:45.805 18286 18286 D InputTransport: Input channel destroyed: fd=98
09-08 09:15:45.805 18286 18286 D InputMethodManager: SSI - flag : 0 Pid : 18286 view : cz.gienger.mobile
09-08 09:15:45.809 18286 18286 W IInputConnectionWrapper: finishComposingText on inactive InputConnection
09-08 09:15:45.981 18286 18286 D ViewRootImpl@dfb36a9[PopupWindow:9e25a30]: mHardwareRenderer.destroy()#4
09-08 09:15:45.981 18286 18286 D ViewRootImpl@dfb36a9[PopupWindow:9e25a30]: dispatchDetachedFromWindow
09-08 09:15:45.994 18286 18286 D InputTransport: Input channel destroyed: fd=70
09-08 09:15:46.136 18286 18286 D LOCATION_SERVICE: onStatusChanged: gps
09-08 09:15:47.133 18286 18286 D LOCATION_SERVICE: onStatusChanged: gps
09-08 09:15:47.409 18286 18286 D ViewRootImpl@fbfd5c2[CartActivity]: ViewPostImeInputStage processPointer 0
09-08 09:15:47.482 18286 18286 D ViewRootImpl@fbfd5c2[CartActivity]: ViewPostImeInputStage processPointer 1
09-08 09:15:47.529 18286 18286 D ScrollView: initGoToTop
09-08 09:15:47.534 18286 18286 D ScrollView: initGoToTop
09-08 09:15:47.543 18286 18286 D ViewRootImpl@29cb3a7[CartActivity]: ThreadedRenderer.create() translucent=true
09-08 09:15:47.550 18286 18286 D InputTransport: Input channel constructed: fd=70
09-08 09:15:47.550 18286 18286 D ViewRootImpl@29cb3a7[CartActivity]: setView = DecorView@59f9054[CartActivity] touchMode=true
09-08 09:15:47.553 18286 18286 D ViewRootImpl@29cb3a7[CartActivity]: dispatchAttachedToWindow
09-08 09:15:47.594 18286 18286 D ViewRootImpl@29cb3a7[CartActivity]: Relayout returned: oldFrame=[0,0][0,0] newFrame=[194,258][574,790] result=0x27 surface={isValid=true -1805756416} surfaceGenerationChanged=true
09-08 09:15:47.595 18286 18286 D ViewRootImpl@29cb3a7[CartActivity]: mHardwareRenderer.initialize() mSurface={isValid=true -1805756416} hwInitialized=true
09-08 09:15:47.604 18286 18286 D ScrollView: onsize change changed
09-08 09:15:47.605 18286 18286 D ViewRootImpl@29cb3a7[CartActivity]: MSG_WINDOW_FOCUS_CHANGED 1
09-08 09:15:47.605 18286 18286 D ViewRootImpl@29cb3a7[CartActivity]: mHardwareRenderer.initializeIfNeeded()#2 mSurface={isValid=true -1805756416}
09-08 09:15:47.637 18286 18286 D ViewRootImpl@29cb3a7[CartActivity]: MSG_RESIZED_REPORT: frame=Rect(194, 258 - 574, 790) ci=Rect(0, 0 - 0, 0) vi=Rect(0, 0 - 0, 0) or=1
09-08 09:15:47.663 18286 18286 D ViewRootImpl@fbfd5c2[CartActivity]: MSG_WINDOW_FOCUS_CHANGED 0
09-08 09:15:48.131 18286 18286 D LOCATION_SERVICE: onStatusChanged: gps
09-08 09:15:48.481 18286 18286 D ViewRootImpl@29cb3a7[CartActivity]: ViewPostImeInputStage processPointer 0
09-08 09:15:48.553 18286 18286 D ViewRootImpl@29cb3a7[CartActivity]: ViewPostImeInputStage processPointer 1
09-08 09:15:49.172 18286 18286 D ViewRootImpl@29cb3a7[CartActivity]: ViewPostImeInputStage processPointer 0
09-08 09:15:49.243 18286 18286 D ViewRootImpl@29cb3a7[CartActivity]: ViewPostImeInputStage processPointer 1
09-08 09:15:49.304 18286 18286 D ViewRootImpl@29cb3a7[CartActivity]: mHardwareRenderer.destroy()#4
09-08 09:15:49.305 18286 18286 D ViewRootImpl@29cb3a7[CartActivity]: dispatchDetachedFromWindow
09-08 09:15:49.318 18286 18286 D InputTransport: Input channel destroyed: fd=70
09-08 09:15:49.326 18286 18286 D ViewRootImpl@fbfd5c2[CartActivity]: MSG_WINDOW_FOCUS_CHANGED 1
09-08 09:15:49.326 18286 18286 D ViewRootImpl@fbfd5c2[CartActivity]: mHardwareRenderer.initializeIfNeeded()#2 mSurface={isValid=true -1803593728}
09-08 09:15:49.342 18286 18286 E ViewRootImpl: sendUserActionEvent() returned.
09-08 09:15:50.134 18286 18286 D LOCATION_SERVICE: onStatusChanged: gps
09-08 09:15:50.293 18286 18286 D ViewRootImpl@fbfd5c2[CartActivity]: ViewPostImeInputStage processPointer 0
09-08 09:15:50.372 18286 18286 D ViewRootImpl@fbfd5c2[CartActivity]: ViewPostImeInputStage processPointer 1
09-08 09:15:50.372 18286 18286 D AbsListView: onTouchUp() mTouchMode : 0
09-08 09:15:51.131 18286 18286 D LOCATION_SERVICE: onStatusChanged: gps
09-08 09:15:51.179 18286 18286 D ViewRootImpl@fbfd5c2[CartActivity]: ViewPostImeInputStage processPointer 0
09-08 09:15:51.273 18286 18286 D ViewRootImpl@fbfd5c2[CartActivity]: ViewPostImeInputStage processPointer 1
09-08 09:15:52.107 18286 18286 D ViewRootImpl@fbfd5c2[CartActivity]: ViewPostImeInputStage processPointer 0
09-08 09:15:52.178 18286 18286 D ViewRootImpl@fbfd5c2[CartActivity]: ViewPostImeInputStage processPointer 1
09-08 09:15:52.207 18286 18286 D ScrollView: initGoToTop
09-08 09:15:52.212 18286 18286 D ScrollView: initGoToTop
09-08 09:15:52.221 18286 18286 D ViewRootImpl@74268c8[CartActivity]: ThreadedRenderer.create() translucent=true
09-08 09:15:52.228 18286 18286 D InputTransport: Input channel constructed: fd=70
09-08 09:15:52.228 18286 18286 D ViewRootImpl@74268c8[CartActivity]: setView = DecorView@5e3bd61[CartActivity] touchMode=true
09-08 09:15:52.230 18286 18286 D ViewRootImpl@74268c8[CartActivity]: dispatchAttachedToWindow
09-08 09:15:52.270 18286 18286 D ViewRootImpl@74268c8[CartActivity]: Relayout returned: oldFrame=[0,0][0,0] newFrame=[94,24][674,1024] result=0x27 surface={isValid=true -1776216064} surfaceGenerationChanged=true
09-08 09:15:52.271 18286 18286 D ViewRootImpl@74268c8[CartActivity]: mHardwareRenderer.initialize() mSurface={isValid=true -1776216064} hwInitialized=true
09-08 09:15:52.345 18286 18286 D AbsListView: in onLayout changed
09-08 09:15:52.345 18286 18286 D ScrollView: onsize change changed
09-08 09:15:52.358 18286 18286 D ViewRootImpl@74268c8[CartActivity]: MSG_WINDOW_FOCUS_CHANGED 1
09-08 09:15:52.358 18286 18286 D ViewRootImpl@74268c8[CartActivity]: mHardwareRenderer.initializeIfNeeded()#2 mSurface={isValid=true -1776216064}
09-08 09:15:52.359 18286 18286 V InputMethodManager: Not IME target window, ignoring
09-08 09:15:52.403 18286 18286 D ViewRootImpl@74268c8[CartActivity]: MSG_RESIZED_REPORT: frame=Rect(94, 24 - 674, 1024) ci=Rect(0, 0 - 0, 0) vi=Rect(0, 0 - 0, 0) or=1
09-08 09:15:52.455 18286 18286 D ViewRootImpl@fbfd5c2[CartActivity]: MSG_WINDOW_FOCUS_CHANGED 0
09-08 09:15:53.368 18286 18286 D ViewRootImpl@74268c8[CartActivity]: ViewPostImeInputStage processPointer 0
09-08 09:15:53.444 18286 18286 D ViewRootImpl@74268c8[CartActivity]: ViewPostImeInputStage processPointer 1
09-08 09:15:54.461 18286 18286 D ViewRootImpl@74268c8[CartActivity]: ViewPostImeInputStage processPointer 0
09-08 09:15:54.508 18286 18286 D ViewRootImpl@74268c8[CartActivity]: ViewPostImeInputStage processPointer 1
09-08 09:15:54.566 18286 18286 D ViewRootImpl@74268c8[CartActivity]: mHardwareRenderer.destroy()#4
09-08 09:15:54.566 18286 18286 D ViewRootImpl@74268c8[CartActivity]: dispatchDetachedFromWindow
09-08 09:15:54.576 18286 18286 D InputTransport: Input channel destroyed: fd=70
09-08 09:15:54.583 18286 18286 D ViewRootImpl@fbfd5c2[CartActivity]: MSG_WINDOW_FOCUS_CHANGED 1
09-08 09:15:54.584 18286 18286 D ViewRootImpl@fbfd5c2[CartActivity]: mHardwareRenderer.initializeIfNeeded()#2 mSurface={isValid=true -1803593728}
09-08 09:15:54.597 18286 18286 E ViewRootImpl: sendUserActionEvent() returned.
09-08 09:15:55.130 18286 18286 D LOCATION_SERVICE: onStatusChanged: gps
09-08 09:15:57.130 18286 18286 D LOCATION_SERVICE: onStatusChanged: gps
09-08 09:15:58.133 18286 18286 D LOCATION_SERVICE: onStatusChanged: gps
09-08 09:15:59.834 18286 18286 D ViewRootImpl@fbfd5c2[CartActivity]: ViewPostImeInputStage processPointer 0
09-08 09:15:59.911 18286 18286 D AbsListView: reportScrollStateChange() newState : 1
09-08 09:16:00.150 18286 18286 D LOCATION_SERVICE: onStatusChanged: gps
09-08 09:16:00.168 18286 18286 D ViewRootImpl@fbfd5c2[CartActivity]: ViewPostImeInputStage processPointer 1
09-08 09:16:00.168 18286 18286 D AbsListView: onTouchUp() mTouchMode : 3
09-08 09:16:00.168 18286 18286 D AbsListView: onTouchUp() TOUCH_MODE_SCROLL initialVelocity : 0
09-08 09:16:00.168 18286 18286 D AbsListView: reportScrollStateChange() newState : 0
09-08 09:16:00.656 18286 18286 D ViewRootImpl@fbfd5c2[CartActivity]: ViewPostImeInputStage processPointer 0
09-08 09:16:00.762 18286 18286 D ViewRootImpl@fbfd5c2[CartActivity]: ViewPostImeInputStage processPointer 1
09-08 09:16:00.770 18286 18286 D View : requestFocusFromTouch
09-08 09:16:00.793 18286 18286 D ScrollView: initGoToTop
09-08 09:16:00.798 18286 18286 D ScrollView: initGoToTop
09-08 09:16:00.806 18286 18286 D ViewRootImpl@7231700[CartActivity]: ThreadedRenderer.create() translucent=true
09-08 09:16:00.812 18286 18286 D InputTransport: Input channel constructed: fd=70
09-08 09:16:00.813 18286 18286 D ViewRootImpl@7231700[CartActivity]: setView = DecorView@4f2fb39[CartActivity] touchMode=false
09-08 09:16:00.814 18286 18286 V InputMethodManager: Starting input: tba=android.view.inputmethod.EditorInfo@b16857e nm : cz.gienger.mobile ic=null
09-08 09:16:00.814 18286 18286 I InputMethodManager: startInputInner - mService.startInputOrWindowGainedFocus
09-08 09:16:00.815 18286 18286 D InputTransport: Input channel constructed: fd=98
09-08 09:16:00.816 18286 18286 D InputTransport: Input channel destroyed: fd=106
09-08 09:16:00.819 18286 18286 D ViewRootImpl@7231700[CartActivity]: dispatchAttachedToWindow
09-08 09:16:00.856 18286 18286 D ViewRootImpl@7231700[CartActivity]: Relayout returned: oldFrame=[0,0][0,0] newFrame=[108,450][660,597] result=0x26 surface={isValid=true -1781663744} surfaceGenerationChanged=true
09-08 09:16:00.857 18286 18286 D ViewRootImpl@7231700[CartActivity]: mHardwareRenderer.initialize() mSurface={isValid=true -1781663744} hwInitialized=true
09-08 09:16:00.860 18286 18286 D ScrollView: onsize change changed
09-08 09:16:00.860 18286 18286 D ScrollView: onsize change changed
09-08 09:16:00.861 18286 18286 D ViewRootImpl@7231700[CartActivity]: MSG_WINDOW_FOCUS_CHANGED 1
09-08 09:16:00.861 18286 18286 D ViewRootImpl@7231700[CartActivity]: mHardwareRenderer.initializeIfNeeded()#2 mSurface={isValid=true -1781663744}
09-08 09:16:00.867 18286 18286 V InputMethodManager: Not IME target window, ignoring
09-08 09:16:00.867 18286 18286 W IInputConnectionWrapper: finishComposingText on inactive InputConnection
09-08 09:16:00.885 18286 18286 D ViewRootImpl@7231700[CartActivity]: MSG_RESIZED_REPORT: frame=Rect(108, 450 - 660, 597) ci=Rect(0, 0 - 0, 0) vi=Rect(0, 0 - 0, 0) or=1
09-08 09:16:00.911 18286 18286 D ViewRootImpl@fbfd5c2[CartActivity]: MSG_WINDOW_FOCUS_CHANGED 0
09-08 09:16:01.147 18286 18286 D LOCATION_SERVICE: onStatusChanged: gps
09-08 09:16:01.637 18286 18286 D ViewRootImpl@7231700[CartActivity]: ViewPostImeInputStage processPointer 0
09-08 09:16:01.718 18286 18286 D ViewRootImpl@7231700[CartActivity]: ViewPostImeInputStage processPointer 1
09-08 09:16:01.755 18286 18286 D ScrollView: initGoToTop
09-08 09:16:01.760 18286 18286 D ScrollView: initGoToTop
09-08 09:16:01.771 18286 18286 D ViewRootImpl@1fd3563[CartActivity]: ThreadedRenderer.create() translucent=true
09-08 09:16:01.777 18286 18286 D InputTransport: Input channel constructed: fd=106
09-08 09:16:01.777 18286 18286 D ViewRootImpl@1fd3563[CartActivity]: setView = DecorView@ca61560[CartActivity] touchMode=true
09-08 09:16:01.792 18286 18869 D OpenGLRenderer: endAllActiveAnimators on 0x93c68680 (RippleDrawable) with handle 0x94cd4a60
09-08 09:16:01.792 18286 18286 D ViewRootImpl@7231700[CartActivity]: mHardwareRenderer.destroy()#4
09-08 09:16:01.792 18286 18286 D ViewRootImpl@7231700[CartActivity]: dispatchDetachedFromWindow
09-08 09:16:01.812 18286 18286 D InputTransport: Input channel destroyed: fd=70
09-08 09:16:01.814 18286 18286 D ViewRootImpl@1fd3563[CartActivity]: dispatchAttachedToWindow
09-08 09:16:01.849 18286 18286 D ViewRootImpl@1fd3563[CartActivity]: Relayout returned: oldFrame=[0,0][0,0] newFrame=[108,466][660,582] result=0x27 surface={isValid=true -1781663744} surfaceGenerationChanged=true
09-08 09:16:01.851 18286 18286 D ViewRootImpl@1fd3563[CartActivity]: mHardwareRenderer.initialize() mSurface={isValid=true -1781663744} hwInitialized=true
09-08 09:16:01.855 18286 18286 D ViewRootImpl@1fd3563[CartActivity]: MSG_WINDOW_FOCUS_CHANGED 1
09-08 09:16:01.855 18286 18286 D ViewRootImpl@1fd3563[CartActivity]: mHardwareRenderer.initializeIfNeeded()#2 mSurface={isValid=true -1781663744}
09-08 09:16:01.870 18286 18286 D ViewRootImpl@1fd3563[CartActivity]: MSG_RESIZED_REPORT: frame=Rect(108, 466 - 660, 582) ci=Rect(0, 0 - 0, 0) vi=Rect(0, 0 - 0, 0) or=1
09-08 09:16:01.892 18286 18286 E ViewRootImpl: sendUserActionEvent() returned.
09-08 09:16:02.070 18286 18297 I art : Background partial concurrent mark sweep GC freed 167917(7MB) AllocSpace objects, 18(2MB) LOS objects, 46% free, 13MB/25MB, paused 1.516ms total 150.367ms
09-08 09:16:02.940 18286 18297 I art : Background sticky concurrent mark sweep GC freed 428288(12MB) AllocSpace objects, 2(56KB) LOS objects, 34% free, 16MB/25MB, paused 1.071ms total 112.357ms
09-08 09:16:03.137 18286 18286 D LOCATION_SERVICE: onStatusChanged: gps
09-08 09:16:03.718 18286 18297 I art : Background partial concurrent mark sweep GC freed 332349(10MB) AllocSpace objects, 13(420KB) LOS objects, 41% free, 16MB/28MB, paused 1.191ms total 157.249ms
09-08 09:16:04.137 18286 18286 D LOCATION_SERVICE: onStatusChanged: gps
09-08 09:16:05.139 18286 18286 D LOCATION_SERVICE: onStatusChanged: gps
09-08 09:16:05.224 18286 18286 D ViewRootImpl@1fd3563[CartActivity]: mHardwareRenderer.destroy()#4
09-08 09:16:05.224 18286 18286 D ViewRootImpl@1fd3563[CartActivity]: dispatchDetachedFromWindow
09-08 09:16:05.237 18286 18286 D InputTransport: Input channel destroyed: fd=106
09-08 09:16:05.273 18286 18286 D ViewRootImpl@fbfd5c2[CartActivity]: MSG_WINDOW_FOCUS_CHANGED 1
09-08 09:16:05.274 18286 18286 V InputMethodManager: Not IME target window, ignoring
09-08 09:16:05.274 18286 18286 D ViewRootImpl@fbfd5c2[CartActivity]: mHardwareRenderer.initializeIfNeeded()#2 mSurface={isValid=true -1803593728}
09-08 09:16:05.283 18286 18286 V InputMethodManager: Starting input: tba=android.view.inputmethod.EditorInfo@16b2269 nm : cz.gienger.mobile ic=null
09-08 09:16:05.284 18286 18286 I InputMethodManager: startInputInner - mService.startInputOrWindowGainedFocus
09-08 09:16:05.286 18286 18286 D InputTransport: Input channel constructed: fd=70
09-08 09:16:05.286 18286 18286 D InputTransport: Input channel destroyed: fd=98
09-08 09:16:05.286 18286 18286 E ViewRootImpl: sendUserActionEvent() returned.
09-08 09:16:05.286 18286 18286 D ViewRootImpl@fbfd5c2[CartActivity]: MSG_WINDOW_FOCUS_CHANGED 0
09-08 09:16:06.130 18286 18286 D LOCATION_SERVICE: onStatusChanged: gps
09-08 09:16:06.294 18286 18286 D ViewRootImpl@fbfd5c2[CartActivity]: mHardwareRenderer.destroy()#1
09-08 09:16:06.306 18286 18286 D ViewRootImpl@fbfd5c2[CartActivity]: Relayout returned: oldFrame=[0,0][768,1024] newFrame=[0,0][768,1024] result=0x5 surface={isValid=false 0} surfaceGenerationChanged=true
09-08 09:16:06.307 18286 18286 D InputTransport: Input channel destroyed: fd=70
09-08 09:16:06.716 18286 18286 D ViewRootImpl@fbfd5c2[CartActivity]: Relayout returned: oldFrame=[0,0][768,1024] newFrame=[0,0][768,1024] result=0x5 surface={isValid=false 0} surfaceGenerationChanged=false
09-08 09:16:08.136 18286 18286 D LOCATION_SERVICE: onStatusChanged: gps
09-08 09:16:09.134 18286 18286 D LOCATION_SERVICE: onStatusChanged: gps
09-08 09:16:10.130 18286 18286 D LOCATION_SERVICE: onStatusChanged: gps
09-08 09:16:11.132 18286 18286 D LOCATION_SERVICE: onStatusChanged: gps
09-08 09:16:13.143 18286 18286 D LOCATION_SERVICE: onStatusChanged: gps
09-08 09:16:14.132 18286 18286 D LOCATION_SERVICE: onStatusChanged: gps
09-08 09:16:16.132 18286 18286 D LOCATION_SERVICE: onStatusChanged: gps
09-08 09:16:17.130 18286 18286 D LOCATION_SERVICE: onStatusChanged: gps
09-08 09:16:20.136 18286 18286 D LOCATION_SERVICE: onStatusChanged: gps
09-08 09:16:21.134 18286 18286 D LOCATION_SERVICE: onStatusChanged: gps
09-08 09:16:26.130 18286 18286 D LOCATION_SERVICE: onStatusChanged: gps
09-08 09:16:29.134 18286 18286 D LOCATION_SERVICE: onStatusChanged: gps
09-08 09:16:30.134 18286 18286 D LOCATION_SERVICE: onStatusChanged: gps
09-08 09:16:31.134 18286 18286 D LOCATION_SERVICE: onStatusChanged: gps
09-08 09:16:32.130 18286 18286 D LOCATION_SERVICE: onStatusChanged: gps
09-08 09:16:33.130 18286 18286 D LOCATION_SERVICE: onStatusChanged: gps
09-08 09:16:35.132 18286 18286 D LOCATION_SERVICE: onStatusChanged: gps
09-08 09:16:37.131 18286 18286 D LOCATION_SERVICE: onStatusChanged: gps
09-08 09:16:38.141 18286 18286 D LOCATION_SERVICE: onStatusChanged: gps
09-08 09:16:38.972 18286 18286 D Graph : removeVertex() : insertDummyVertex, because there is no ancestor.
09-08 09:16:39.009 18286 18286 D ViewRootImpl@54dcf6f[PdfArchiveActivity]: ThreadedRenderer.create() translucent=true
09-08 09:16:39.013 18286 18286 D InputTransport: Input channel constructed: fd=62
09-08 09:16:39.013 18286 18286 D ViewRootImpl@54dcf6f[PdfArchiveActivity]: setView = DecorView@62f547c[PdfArchiveActivity] touchMode=true
09-08 09:16:39.016 18286 18286 D ViewRootImpl@54dcf6f[PdfArchiveActivity]: dispatchAttachedToWindow
09-08 09:16:39.040 18286 18286 D ViewRootImpl@54dcf6f[PdfArchiveActivity]: Relayout returned: oldFrame=[0,0][0,0] newFrame=[241,456][527,568] result=0x27 surface={isValid=true -1789396992} surfaceGenerationChanged=true
09-08 09:16:39.041 18286 18286 D ViewRootImpl@54dcf6f[PdfArchiveActivity]: mHardwareRenderer.initialize() mSurface={isValid=true -1789396992} hwInitialized=true
09-08 09:16:39.044 18286 18286 D ViewRootImpl@54dcf6f[PdfArchiveActivity]: MSG_RESIZED_REPORT: frame=Rect(241, 456 - 527, 568) ci=Rect(0, 0 - 0, 0) vi=Rect(0, 0 - 0, 0) or=1
09-08 09:16:39.045 18286 18286 D ViewRootImpl@54dcf6f[PdfArchiveActivity]: MSG_WINDOW_FOCUS_CHANGED 1
09-08 09:16:39.045 18286 18286 D ViewRootImpl@54dcf6f[PdfArchiveActivity]: mHardwareRenderer.initializeIfNeeded()#2 mSurface={isValid=true -1789396992}
09-08 09:16:39.045 18286 18286 V InputMethodManager: Starting input: tba=android.view.inputmethod.EditorInfo@1ccf105 nm : cz.gienger.mobile ic=null
09-08 09:16:39.045 18286 18286 I InputMethodManager: startInputInner - mService.startInputOrWindowGainedFocus
09-08 09:16:39.047 18286 18286 D InputTransport: Input channel constructed: fd=70
09-08 09:16:39.148 18286 18286 D LOCATION_SERVICE: onStatusChanged: gps
09-08 09:16:40.134 18286 18286 D ViewRootImpl@54dcf6f[PdfArchiveActivity]: mHardwareRenderer.destroy()#1
09-08 09:16:40.153 18286 18286 D ViewRootImpl@54dcf6f[PdfArchiveActivity]: Relayout returned: oldFrame=[241,456][527,568] newFrame=[241,456][527,568] result=0x5 surface={isValid=false 0} surfaceGenerationChanged=true
09-08 09:16:40.153 18286 18286 D ViewRootImpl@54dcf6f[PdfArchiveActivity]: MSG_WINDOW_FOCUS_CHANGED 0
09-08 09:16:40.154 18286 18286 D LOCATION_SERVICE: onStatusChanged: gps
09-08 09:16:40.167 18286 18286 D ViewRootImpl@fbfd5c2[CartActivity]: mHardwareRenderer.destroy()#1
09-08 09:16:40.173 18286 18286 D ViewRootImpl@fbfd5c2[CartActivity]: Relayout returned: oldFrame=[0,0][768,1024] newFrame=[0,0][768,1024] result=0x1 surface={isValid=false 0} surfaceGenerationChanged=false
09-08 09:16:40.346 18286 18286 D InputTransport: Input channel destroyed: fd=70
09-08 09:16:40.359 18286 18286 D ViewRootImpl@fbfd5c2[CartActivity]: Relayout returned: oldFrame=[0,0][768,1024] newFrame=[0,0][768,1024] result=0x7 surface={isValid=true -1789396992} surfaceGenerationChanged=true
09-08 09:16:40.360 18286 18286 D ViewRootImpl@fbfd5c2[CartActivity]: mHardwareRenderer.initialize() mSurface={isValid=true -1789396992} hwInitialized=true
09-08 09:16:40.374 18286 18286 D AbsListView: in onLayout changed
09-08 09:16:40.395 18286 18286 D ViewRootImpl@4bcae03[CategoryListActivity]: mHardwareRenderer.destroy()#4
09-08 09:16:40.395 18286 18286 D ViewRootImpl@4bcae03[CategoryListActivity]: dispatchDetachedFromWindow
09-08 09:16:40.404 18286 18286 D InputTransport: Input channel destroyed: fd=63
09-08 09:16:40.410 18286 19853 D MYINTERCEPTOR: /GiengerService.svc/uploadfinishedorder
09-08 09:16:40.411 18286 19853 D OkHttp : --> POST https://testsaig1.gienger.cz/GiengerService.svc/uploadfinishedorder http/1.1
09-08 09:16:40.411 18286 19853 D OkHttp : Content-Type: text/raw
09-08 09:16:40.411 18286 19853 D OkHttp : Content-Length: 282679
09-08 09:16:40.411 18286 19853 D OkHttp : filename: aea42167-99fd-4940-888b-189fd4afa97b.xml
09-08 09:16:40.411 18286 19853 D OkHttp : Checksum: 04336f1c29f2edaf84ed861aafa094c4
09-08 09:16:40.411 18286 19853 D OkHttp : token: 3cc200aaafc8e594659d057e535383be
09-08 09:16:40.411 18286 19853 D OkHttp : state: CZ
09-08 09:16:40.411 18286 19853 D OkHttp : --> END POST
09-08 09:16:40.423 18286 18286 D ViewRootImpl@45163e1[ArticleListActivity]: mHardwareRenderer.destroy()#4
09-08 09:16:40.423 18286 18286 D ViewRootImpl@45163e1[ArticleListActivity]: dispatchDetachedFromWindow
09-08 09:16:40.430 18286 18286 D InputTransport: Input channel destroyed: fd=65
09-08 09:16:40.474 18286 18286 D LOCATION_SERVICE: onDestroy
09-08 09:16:40.720 18286 18286 D ViewRootImpl@a8defcf[MainActivity]: Relayout returned: oldFrame=[0,0][768,1024] newFrame=[0,0][768,1024] result=0x7 surface={isValid=true -1789302784} surfaceGenerationChanged=true
09-08 09:16:40.721 18286 18286 D ViewRootImpl@a8defcf[MainActivity]: mHardwareRenderer.initialize() mSurface={isValid=true -1789302784} hwInitialized=true
09-08 09:16:40.796 18286 18286 D AbsListView: in onLayout changed
09-08 09:16:40.827 18286 18286 D ViewRootImpl@a8defcf[MainActivity]: MSG_WINDOW_FOCUS_CHANGED 1
09-08 09:16:40.827 18286 18286 D ViewRootImpl@a8defcf[MainActivity]: mHardwareRenderer.initializeIfNeeded()#2 mSurface={isValid=true -1789302784}
09-08 09:16:40.830 18286 18286 V InputMethodManager: Starting input: tba=android.view.inputmethod.EditorInfo@fff25fc nm : cz.gienger.mobile ic=null
09-08 09:16:40.831 18286 18286 I InputMethodManager: startInputInner - mService.startInputOrWindowGainedFocus
09-08 09:16:40.856 18286 18286 D InputTransport: Input channel constructed: fd=65
09-08 09:16:40.916 18286 18286 D ViewRootImpl@fbfd5c2[CartActivity]: mHardwareRenderer.destroy()#1
09-08 09:16:40.931 18286 18286 D ViewRootImpl@fbfd5c2[CartActivity]: Relayout returned: oldFrame=[0,0][768,1024] newFrame=[0,0][768,1024] result=0x5 surface={isValid=false 0} surfaceGenerationChanged=true
09-08 09:16:40.949 18286 18286 D ViewRootImpl@54dcf6f[PdfArchiveActivity]: mHardwareRenderer.destroy()#4
09-08 09:16:40.949 18286 18286 D ViewRootImpl@54dcf6f[PdfArchiveActivity]: dispatchDetachedFromWindow
09-08 09:16:40.959 18286 18286 D InputTransport: Input channel destroyed: fd=62
09-08 09:16:41.071 18286 19853 D OkHttp : <-- 200 OK https://testsaig1.gienger.cz/GiengerService.svc/uploadfinishedorder (659ms)
09-08 09:16:41.071 18286 19853 D OkHttp : Connection: Keep-Alive
09-08 09:16:41.071 18286 19853 D OkHttp : Content-Length: 175
09-08 09:16:41.071 18286 19853 D OkHttp : Date: Sat, 08 Sep 2018 07:16:40 GMT
09-08 09:16:41.071 18286 19853 D OkHttp : Content-Type: application/xml; charset=utf-8
09-08 09:16:41.071 18286 19853 D OkHttp : Server: Microsoft-IIS/10.0
09-08 09:16:41.071 18286 19853 D OkHttp : X-Powered-By: ASP.NET
09-08 09:16:41.071 18286 19853 D OkHttp : <-- END HTTP
09-08 09:16:41.287 18286 18286 D TextView: SYANI: Clipboard API is calling: clearFilter()
09-08 09:16:41.287 18286 18286 D TextView: SYANI: Clipboard API is calling: unregisterClipboardEventListener()
09-08 09:16:41.288 18286 18286 D DirectPenInput: Finish : true
09-08 09:16:41.288 18286 18286 D TextView: SYANI: Clipboard API is calling: clearFilter()
09-08 09:16:41.288 18286 18286 D TextView: SYANI: Clipboard API is calling: unregisterClipboardEventListener()
09-08 09:16:41.289 18286 18286 D DirectPenInput: Finish : true
09-08 09:16:41.289 18286 18286 D TextView: SYANI: Clipboard API is calling: clearFilter()
09-08 09:16:41.289 18286 18286 D TextView: SYANI: Clipboard API is calling: unregisterClipboardEventListener()
09-08 09:16:41.291 18286 18286 D DirectPenInput: Finish : true
09-08 09:16:41.291 18286 18286 D TextView: SYANI: Clipboard API is calling: clearFilter()
09-08 09:16:41.291 18286 18286 D TextView: SYANI: Clipboard API is calling: unregisterClipboardEventListener()
09-08 09:16:41.292 18286 18286 D DirectPenInput: Finish : true
09-08 09:16:41.292 18286 18286 D TextView: SYANI: Clipboard API is calling: clearFilter()
09-08 09:16:41.292 18286 18286 D TextView: SYANI: Clipboard API is calling: unregisterClipboardEventListener()
09-08 09:16:41.297 18286 18286 D TextView: SYANI: Clipboard API is calling: clearFilter()
09-08 09:16:41.297 18286 18286 D TextView: SYANI: Clipboard API is calling: unregisterClipboardEventListener()
09-08 09:16:41.299 18286 18286 D TextView: SYANI: Clipboard API is calling: clearFilter()
09-08 09:16:41.299 18286 18286 D TextView: SYANI: Clipboard API is calling: unregisterClipboardEventListener()
09-08 09:16:41.301 18286 18286 D TextView: SYANI: Clipboard API is calling: clearFilter()
09-08 09:16:41.301 18286 18286 D TextView: SYANI: Clipboard API is calling: unregisterClipboardEventListener()
09-08 09:16:41.305 18286 18286 D TextView: SYANI: Clipboard API is calling: clearFilter()
09-08 09:16:41.305 18286 18286 D TextView: SYANI: Clipboard API is calling: unregisterClipboardEventListener()
09-08 09:16:41.312 18286 18286 D ViewRootImpl@fbfd5c2[CartActivity]: mHardwareRenderer.destroy()#4
09-08 09:16:41.312 18286 18286 D ViewRootImpl@fbfd5c2[CartActivity]: dispatchDetachedFromWindow
09-08 09:16:41.323 18286 18286 D InputTransport: Input channel destroyed: fd=69
09-08 09:16:41.915 18286 18286 D ViewRootImpl: updatePointerIcon pointerType = 20001, calling pid = 18286
09-08 09:16:41.915 18286 18286 D InputManager: setPointerIconType iconId = 20001, callingPid = 18286
09-08 09:16:41.917 18286 18286 D ViewRootImpl: updatePointerIcon pointerType = 20001, calling pid = 18286
09-08 09:16:41.918 18286 18286 D InputManager: setPointerIconType iconId = 20001, callingPid = 18286
09-08 09:16:42.010 18286 18286 D ViewRootImpl@a8defcf[MainActivity]: ViewPostImeInputStage processPointer 0
09-08 09:16:42.010 18286 18286 D ViewRootImpl: updatePointerIcon pointerType = 20001, calling pid = 18286
09-08 09:16:42.011 18286 18286 D InputManager: setPointerIconType iconId = 20001, callingPid = 18286
09-08 09:16:42.038 18286 18286 D AbsListView: reportScrollStateChange() newState : 1
09-08 09:16:42.376 18286 18286 D ViewRootImpl@a8defcf[MainActivity]: ViewPostImeInputStage processPointer 1
