08-29 13:02:04.998 15216 15216 D ViewRootImpl@c2caeec[CategoryListActivity]: mHardwareRenderer.destroy()#4
08-29 13:02:04.998 15216 15216 D ViewRootImpl@c2caeec[CategoryListActivity]: dispatchDetachedFromWindow
08-29 13:02:05.006 15216 15216 D InputTransport: Input channel destroyed: fd=66
08-29 13:02:05.025 15216 15216 D ViewRootImpl@e3ba711[ArticleListActivity]: mHardwareRenderer.destroy()#4
08-29 13:02:05.026 15216 15216 D ViewRootImpl@e3ba711[ArticleListActivity]: dispatchDetachedFromWindow
08-29 13:02:05.031 15216 15216 D InputTransport: Input channel destroyed: fd=61
08-29 13:02:05.077 15216 15216 D LOCATION_SERVICE: onDestroy
08-29 13:02:05.202 15216 15216 D ViewRootImpl@8ea20df[MainActivity]: Relayout returned: oldFrame=[0,0][768,1024] newFrame=[0,0][768,1024] result=0x7 surface={isValid=true -1945657344} surfaceGenerationChanged=true
08-29 13:02:05.202 15216 15216 D ViewRootImpl@8ea20df[MainActivity]: mHardwareRenderer.initialize() mSurface={isValid=true -1945657344} hwInitialized=true
08-29 13:02:05.252 15216 15216 D AbsListView: in onLayout changed
08-29 13:02:05.278 15216 15216 D ViewRootImpl@8ea20df[MainActivity]: MSG_WINDOW_FOCUS_CHANGED 1
08-29 13:02:05.278 15216 15216 D ViewRootImpl@8ea20df[MainActivity]: mHardwareRenderer.initializeIfNeeded()#2 mSurface={isValid=true -1945657344}
08-29 13:02:05.279 15216 15216 V InputMethodManager: Starting input: tba=android.view.inputmethod.EditorInfo@7e30e91 nm : cz.gienger.mobile ic=null
08-29 13:02:05.279 15216 15216 I InputMethodManager: startInputInner - mService.startInputOrWindowGainedFocus
08-29 13:02:05.304 15216 15216 D InputTransport: Input channel constructed: fd=74
08-29 13:02:05.368 15216 15216 D ViewRootImpl@769f4ed[CartActivity]: mHardwareRenderer.destroy()#1
08-29 13:02:05.378 15216 15216 D ViewRootImpl@769f4ed[CartActivity]: Relayout returned: oldFrame=[0,0][768,1024] newFrame=[0,0][768,1024] result=0x5 surface={isValid=false 0} surfaceGenerationChanged=true
08-29 13:02:05.388 15216 15216 D ViewRootImpl@b061e68[PdfArchiveActivity]: mHardwareRenderer.destroy()#4
08-29 13:02:05.388 15216 15216 D ViewRootImpl@b061e68[PdfArchiveActivity]: dispatchDetachedFromWindow
08-29 13:02:05.395 15216 15216 D InputTransport: Input channel destroyed: fd=64
08-29 13:02:05.717 15216 15216 D TextView: SYANI: Clipboard API is calling: clearFilter()
08-29 13:02:05.718 15216 15216 D TextView: SYANI: Clipboard API is calling: unregisterClipboardEventListener()
08-29 13:02:05.720 15216 15216 D DirectPenInput: Finish : true
08-29 13:02:05.720 15216 15216 D TextView: SYANI: Clipboard API is calling: clearFilter()
08-29 13:02:05.720 15216 15216 D TextView: SYANI: Clipboard API is calling: unregisterClipboardEventListener()
08-29 13:02:05.722 15216 15216 D TextView: SYANI: Clipboard API is calling: clearFilter()
08-29 13:02:05.722 15216 15216 D TextView: SYANI: Clipboard API is calling: unregisterClipboardEventListener()
08-29 13:02:05.722 15216 15216 D TextView: SYANI: Clipboard API is calling: clearFilter()
08-29 13:02:05.722 15216 15216 D TextView: SYANI: Clipboard API is calling: unregisterClipboardEventListener()
08-29 13:02:05.723 15216 15216 D TextView: SYANI: Clipboard API is calling: clearFilter()
08-29 13:02:05.723 15216 15216 D TextView: SYANI: Clipboard API is calling: unregisterClipboardEventListener()
08-29 13:02:05.728 15216 15216 D TextView: SYANI: Clipboard API is calling: clearFilter()
08-29 13:02:05.728 15216 15216 D TextView: SYANI: Clipboard API is calling: unregisterClipboardEventListener()
08-29 13:02:05.730 15216 15216 D TextView: SYANI: Clipboard API is calling: clearFilter()
08-29 13:02:05.730 15216 15216 D TextView: SYANI: Clipboard API is calling: unregisterClipboardEventListener()
08-29 13:02:05.732 15216 15216 D TextView: SYANI: Clipboard API is calling: clearFilter()
08-29 13:02:05.732 15216 15216 D TextView: SYANI: Clipboard API is calling: unregisterClipboardEventListener()
08-29 13:02:05.735 15216 15216 D TextView: SYANI: Clipboard API is calling: clearFilter()
08-29 13:02:05.736 15216 15216 D TextView: SYANI: Clipboard API is calling: unregisterClipboardEventListener()
08-29 13:02:05.743 15216 15216 D ViewRootImpl@769f4ed[CartActivity]: mHardwareRenderer.destroy()#4
08-29 13:02:05.743 15216 15216 D ViewRootImpl@769f4ed[CartActivity]: dispatchDetachedFromWindow
08-29 13:02:05.750 15216 15216 D InputTransport: Input channel destroyed: fd=67
08-29 13:02:06.234 15216 18872 D OkHttp : <-- 200 https://testsaig1.gienger.cz/GiengerService.svc/uploadfinishedorder (1238ms)
08-29 13:02:06.234 15216 18872 D OkHttp : content-type: application/xml; charset=utf-8
08-29 13:02:06.234 15216 18872 D OkHttp : server: Microsoft-IIS/10.0
08-29 13:02:06.234 15216 18872 D OkHttp : x-powered-by: ASP.NET
08-29 13:02:06.234 15216 18872 D OkHttp : date: Wed, 29 Aug 2018 11:02:03 GMT
08-29 13:02:06.235 15216 18872 D OkHttp : content-length: 175
08-29 13:02:06.235 15216 18872 D OkHttp : <-- END HTTP
08-29 13:02:06.499 15216 15216 D ViewRootImpl: updatePointerIcon pointerType = 20001, calling pid = 15216
08-29 13:02:06.500 15216 15216 D InputManager: setPointerIconType iconId = 20001, callingPid = 15216
08-29 13:02:06.501 15216 15216 D ViewRootImpl: updatePointerIcon pointerType = 20001, calling pid = 15216
08-29 13:02:06.502 15216 15216 D InputManager: setPointerIconType iconId = 20001, callingPid = 15216
08-29 13:02:06.974 15216 15216 D ViewRootImpl: updatePointerIcon pointerType = 20001, calling pid = 15216
08-29 13:02:06.975 15216 15216 D InputManager: setPointerIconType iconId = 20001, callingPid = 15216
08-29 13:02:07.315 15216 15216 D ViewRootImpl@8ea20df[MainActivity]: ViewPostImeInputStage processPointer 0
08-29 13:02:07.317 15216 15216 D ViewRootImpl: updatePointerIcon pointerType = 20001, calling pid = 15216
08-29 13:02:07.317 15216 15216 D InputManager: setPointerIconType iconId = 20001, callingPid = 15216
08-29 13:02:07.355 15216 15216 D ViewRootImpl@8ea20df[MainActivity]: ViewPostImeInputStage processPointer 1
08-29 13:02:07.362 15216 15216 D ViewRootImpl: updatePointerIcon pointerType = 20001, calling pid = 15216
08-29 13:02:07.362 15216 15216 D InputManager: setPointerIconType iconId = 20001, callingPid = 15216
08-29 13:02:07.364 15216 15216 D ViewRootImpl: updatePointerIcon pointerType = 20001, calling pid = 15216
08-29 13:02:07.364 15216 15216 D InputManager: setPointerIconType iconId = 20001, callingPid = 15216
08-29 13:02:07.382 15216 15216 D item_click: viewId = 2131820758, position = 0
08-29 13:02:07.445 15216 15216 D ViewRootImpl@8ea20df[MainActivity]: MSG_WINDOW_FOCUS_CHANGED 0
08-29 13:02:07.501 15216 15216 D ScrollView: initGoToTop
08-29 13:02:07.569 15216 15216 D ViewRootImpl@7c45c8b[CancelDeliveryActivity]: ThreadedRenderer.create() translucent=false
08-29 13:02:07.573 15216 15216 D InputTransport: Input channel constructed: fd=70
08-29 13:02:07.573 15216 15216 D ViewRootImpl@7c45c8b[CancelDeliveryActivity]: setView = DecorView@14ff168[CancelDeliveryActivity] touchMode=true
08-29 13:02:07.575 15216 15216 D LOCATION_SERVICE: LocationListener gps
08-29 13:02:07.576 15216 15216 D LOCATION_SERVICE: LocationListener network
08-29 13:02:07.577 15216 15216 D LOCATION_SERVICE: onCreate
08-29 13:02:07.577 15216 15216 D LOCATION_SERVICE: initializeLocationManager
08-29 13:02:07.592 15216 15216 D LOCATION_SERVICE: onStartCommand
08-29 13:02:07.597 15216 15216 D ViewRootImpl@7c45c8b[CancelDeliveryActivity]: dispatchAttachedToWindow
08-29 13:02:07.654 15216 15216 D ViewRootImpl@7c45c8b[CancelDeliveryActivity]: Relayout returned: oldFrame=[0,0][0,0] newFrame=[0,0][768,1024] result=0x27 surface={isValid=true -1901205504} surfaceGenerationChanged=true
08-29 13:02:07.654 15216 15216 D ViewRootImpl@7c45c8b[CancelDeliveryActivity]: mHardwareRenderer.initialize() mSurface={isValid=true -1901205504} hwInitialized=true
08-29 13:02:07.659 15216 15216 D ScrollView: onsize change changed
08-29 13:02:07.698 15216 15216 D ViewRootImpl@7c45c8b[CancelDeliveryActivity]: MSG_RESIZED_REPORT: frame=Rect(0, 0 - 768, 1024) ci=Rect(0, 24 - 0, 0) vi=Rect(0, 24 - 0, 0) or=1
08-29 13:02:07.698 15216 15216 D ViewRootImpl@7c45c8b[CancelDeliveryActivity]: MSG_WINDOW_FOCUS_CHANGED 1
08-29 13:02:07.698 15216 15216 D ViewRootImpl@7c45c8b[CancelDeliveryActivity]: mHardwareRenderer.initializeIfNeeded()#2 mSurface={isValid=true -1901205504}
08-29 13:02:07.703 15216 15216 V InputMethodManager: Starting input: tba=android.view.inputmethod.EditorInfo@f4d8b5f nm : cz.gienger.mobile ic=null
08-29 13:02:07.703 15216 15216 I InputMethodManager: startInputInner - mService.startInputOrWindowGainedFocus
08-29 13:02:07.715 15216 15216 D InputTransport: Input channel constructed: fd=71
08-29 13:02:07.715 15216 15216 D InputTransport: Input channel destroyed: fd=74
08-29 13:02:07.754 15216 15233 D OpenGLRenderer: endAllActiveAnimators on 0x8b2d3500 (RippleDrawable) with handle 0x8ac2acf0
08-29 13:02:07.754 15216 15216 D ViewRootImpl@8ea20df[MainActivity]: mHardwareRenderer.destroy()#1
08-29 13:02:07.768 15216 15216 D ViewRootImpl@8ea20df[MainActivity]: Relayout returned: oldFrame=[0,0][768,1024] newFrame=[0,0][768,1024] result=0x5 surface={isValid=false 0} surfaceGenerationChanged=true
08-29 13:02:08.148 15216 15216 D ViewRootImpl@8ea20df[MainActivity]: Relayout returned: oldFrame=[0,0][768,1024] newFrame=[0,0][768,1024] result=0x5 surface={isValid=false 0} surfaceGenerationChanged=false
08-29 13:02:08.425 15216 15216 D ViewRootImpl: updatePointerIcon pointerType = 20001, calling pid = 15216
08-29 13:02:08.425 15216 15216 D InputManager: setPointerIconType iconId = 20001, callingPid = 15216
08-29 13:02:08.427 15216 15216 D ViewRootImpl: updatePointerIcon pointerType = 20001, calling pid = 15216
08-29 13:02:08.427 15216 15216 D InputManager: setPointerIconType iconId = 20001, callingPid = 15216
08-29 13:02:08.900 15216 15216 D LOCATION_SERVICE: onLocationChanged: Location[network 49,191115,17,534387 acc=21 et=+5d4h29m34s415ms alt=0.0 vel=0.0 bear=0.0 {Bundle[mParcelledData.dataSize=80]}]
08-29 13:02:09.001 15216 15216 D ViewRootImpl@7c45c8b[CancelDeliveryActivity]: ViewPostImeInputStage processPointer 0
08-29 13:02:09.002 15216 15216 D ViewRootImpl: updatePointerIcon pointerType = 20001, calling pid = 15216
08-29 13:02:09.003 15216 15216 D InputManager: setPointerIconType iconId = 20001, callingPid = 15216
08-29 13:02:09.059 15216 15216 D ViewRootImpl@7c45c8b[CancelDeliveryActivity]: ViewPostImeInputStage processPointer 1
08-29 13:02:09.065 15216 15216 D ViewRootImpl: updatePointerIcon pointerType = 20001, calling pid = 15216
08-29 13:02:09.066 15216 15216 D InputManager: setPointerIconType iconId = 20001, callingPid = 15216
08-29 13:02:09.067 15216 15216 D ViewRootImpl: updatePointerIcon pointerType = 20001, calling pid = 15216
08-29 13:02:09.067 15216 15216 D InputManager: setPointerIconType iconId = 20001, callingPid = 15216
08-29 13:02:09.815 15216 15216 D ViewRootImpl: updatePointerIcon pointerType = 20001, calling pid = 15216
08-29 13:02:09.816 15216 15216 D InputManager: setPointerIconType iconId = 20001, callingPid = 15216
08-29 13:02:09.998 15216 15216 D ViewRootImpl@7c45c8b[CancelDeliveryActivity]: ViewPostImeInputStage processPointer 0
08-29 13:02:09.999 15216 15216 D ViewRootImpl: updatePointerIcon pointerType = 20001, calling pid = 15216
08-29 13:02:10.000 15216 15216 D InputManager: setPointerIconType iconId = 20001, callingPid = 15216
08-29 13:02:10.057 15216 15216 D ViewRootImpl@7c45c8b[CancelDeliveryActivity]: ViewPostImeInputStage processPointer 1
08-29 13:02:10.063 15216 15216 D ViewRootImpl: updatePointerIcon pointerType = 20001, calling pid = 15216
08-29 13:02:10.064 15216 15216 D InputManager: setPointerIconType iconId = 20001, callingPid = 15216
08-29 13:02:10.064 15216 15216 D ViewRootImpl: updatePointerIcon pointerType = 20001, calling pid = 15216
08-29 13:02:10.065 15216 15216 D InputManager: setPointerIconType iconId = 20001, callingPid = 15216
08-29 13:02:10.083 15216 15216 D UNDELIVERED: Reason ID = 10, Comment =
08-29 13:02:10.243 15216 18879 D MESSAGE_SERVICE: ACTION_COMPRESS_AND_UPLOAD
08-29 13:02:10.244 15216 15216 D ViewRootImpl@7c45c8b[CancelDeliveryActivity]: MSG_WINDOW_FOCUS_CHANGED 0
08-29 13:02:10.286 15216 15216 D ViewRootImpl@8ea20df[MainActivity]: mHardwareRenderer.destroy()#4
08-29 13:02:10.286 15216 15216 D ViewRootImpl@8ea20df[MainActivity]: dispatchDetachedFromWindow
08-29 13:02:10.292 15216 15216 D InputTransport: Input channel destroyed: fd=75
08-29 13:02:10.404 15216 15216 D ViewRootImpl@cf0d61b[MainActivity]: ThreadedRenderer.create() translucent=false
08-29 13:02:10.407 15216 15216 D InputTransport: Input channel constructed: fd=76
08-29 13:02:10.407 15216 15216 D ViewRootImpl@cf0d61b[MainActivity]: setView = DecorView@7a993b8[MainActivity] touchMode=true
08-29 13:02:10.410 15216 15216 D ViewRootImpl@cf0d61b[MainActivity]: dispatchAttachedToWindow
08-29 13:02:10.466 15216 15216 D ViewRootImpl@cf0d61b[MainActivity]: Relayout returned: oldFrame=[0,0][0,0] newFrame=[0,0][768,1024] result=0x27 surface={isValid=true -1925120000} surfaceGenerationChanged=true
08-29 13:02:10.466 15216 15216 D ViewRootImpl@cf0d61b[MainActivity]: mHardwareRenderer.initialize() mSurface={isValid=true -1925120000} hwInitialized=true
08-29 13:02:10.521 15216 15216 D AbsListView: in onLayout changed
08-29 13:02:10.538 15216 15233 D OpenGLRenderer: endAllActiveAnimators on 0x8c814500 (RippleDrawable) with handle 0x8d688950
08-29 13:02:10.538 15216 15216 D ViewRootImpl@7c45c8b[CancelDeliveryActivity]: mHardwareRenderer.destroy()#1
08-29 13:02:10.546 15216 15216 D ViewRootImpl@7c45c8b[CancelDeliveryActivity]: Relayout returned: oldFrame=[0,0][768,1024] newFrame=[0,0][768,1024] result=0x5 surface={isValid=false 0} surfaceGenerationChanged=true
08-29 13:02:10.602 15216 15216 D ViewRootImpl@cf0d61b[MainActivity]: MSG_RESIZED_REPORT: frame=Rect(0, 0 - 768, 1024) ci=Rect(0, 24 - 0, 0) vi=Rect(0, 24 - 0, 0) or=1
08-29 13:02:10.602 15216 15216 D ViewRootImpl@cf0d61b[MainActivity]: MSG_WINDOW_FOCUS_CHANGED 1
08-29 13:02:10.602 15216 15216 D ViewRootImpl@cf0d61b[MainActivity]: mHardwareRenderer.initializeIfNeeded()#2 mSurface={isValid=true -1925120000}
08-29 13:02:10.604 15216 15216 V InputMethodManager: Starting input: tba=android.view.inputmethod.EditorInfo@7b931fd nm : cz.gienger.mobile ic=null
08-29 13:02:10.604 15216 15216 I InputMethodManager: startInputInner - mService.startInputOrWindowGainedFocus
08-29 13:02:10.612 15216 15216 D InputTransport: Input channel constructed: fd=67
08-29 13:02:10.612 15216 15216 D InputTransport: Input channel destroyed: fd=71
08-29 13:02:10.970 15216 18879 D FILE_MANAGER: Serializing delivery /data/user/0/cz.gienger.mobile/files/finished/130AT1180325847/130AT1180325847.xml
08-29 13:02:10.970 15216 18879 D FILE_MANAGER: Null files:
08-29 13:02:11.096 15216 18879 D MYINTERCEPTOR: /GiengerService.svc/sendorder
08-29 13:02:11.097 15216 18879 D OkHttp : --> POST https://testsaig1.gienger.cz/GiengerService.svc/sendorder http/1.1
08-29 13:02:11.097 15216 18879 D OkHttp : Content-Type: text/raw
08-29 13:02:11.097 15216 18879 D OkHttp : Content-Length: 5332
08-29 13:02:11.097 15216 18879 D OkHttp : filename: 130AT1180325847.xml
08-29 13:02:11.097 15216 18879 D OkHttp : Checksum: 209172e45d30bf06037ff8364a3d4f19
08-29 13:02:11.097 15216 18879 D OkHttp : token: 7415db8299a4a8ffd237742020bfad2f
08-29 13:02:11.097 15216 18879 D OkHttp : --> END POST
08-29 13:02:11.583 15216 18879 D OkHttp : <-- 200 https://testsaig1.gienger.cz/GiengerService.svc/sendorder (485ms)
08-29 13:02:11.587 15216 18879 D OkHttp : content-type: application/xml; charset=utf-8
08-29 13:02:11.587 15216 18879 D OkHttp : server: Microsoft-IIS/10.0
08-29 13:02:11.587 15216 18879 D OkHttp : x-powered-by: ASP.NET
08-29 13:02:11.587 15216 18879 D OkHttp : date: Wed, 29 Aug 2018 11:02:09 GMT
08-29 13:02:11.587 15216 18879 D OkHttp : content-length: 175
08-29 13:02:11.587 15216 18879 D OkHttp : <-- END HTTP
08-29 13:02:11.594 15216 18879 D sendOrder_SUCCESS: 200
08-29 13:02:11.638 15216 18879 D MESSAGE_SERVICE: ACTION_RESEND_ORDERS
08-29 13:02:11.746 15216 15216 D ViewRootImpl: updatePointerIcon pointerType = 20001, calling pid = 15216
08-29 13:02:11.746 15216 15216 D InputManager: setPointerIconType iconId = 20001, callingPid = 15216
08-29 13:02:11.747 15216 15216 D ViewRootImpl: updatePointerIcon pointerType = 20001, calling pid = 15216
08-29 13:02:11.748 15216 15216 D InputManager: setPointerIconType iconId = 20001, callingPid = 15216
08-29 13:02:11.824 15216 15216 D AbsListView: in onLayout changed
08-29 13:02:11.997 15216 15216 D AbsListView: in onLayout changed
08-29 13:02:12.059 15216 15216 D Graph : removeVertex() : insertDummyVertex, because there is no ancestor.
08-29 13:02:12.071 15216 15216 D TextView: SYANI: Clipboard API is calling: clearFilter()
08-29 13:02:12.072 15216 15216 D TextView: SYANI: Clipboard API is calling: unregisterClipboardEventListener()
08-29 13:02:12.075 15216 15226 I art : Background partial concurrent mark sweep GC freed 91192(4MB) AllocSpace objects, 9(180KB) LOS objects, 59% free, 8MB/20MB, paused 922us total 106.491ms
08-29 13:02:12.084 15216 15216 D ViewRootImpl@7c45c8b[CancelDeliveryActivity]: mHardwareRenderer.destroy()#4
08-29 13:02:12.084 15216 15216 D ViewRootImpl@7c45c8b[CancelDeliveryActivity]: dispatchDetachedFromWindow
08-29 13:02:12.098 15216 15216 D InputTransport: Input channel destroyed: fd=70
08-29 13:02:12.100 15216 15216 D LOCATION_SERVICE: onDestroy
08-29 13:02:12.487 15216 15216 D ViewRootImpl@cf0d61b[MainActivity]: ViewPostImeInputStage processPointer 0
08-29 13:02:12.488 15216 15216 D ViewRootImpl: updatePointerIcon pointerType = 20001, calling pid = 15216
08-29 13:02:12.488 15216 15216 D InputManager: setPointerIconType iconId = 20001, callingPid = 15216
08-29 13:02:12.520 15216 15216 D AbsListView: reportScrollStateChange() newState : 1
08-29 13:02:12.776 15216 15216 D ViewRootImpl@cf0d61b[MainActivity]: ViewPostImeInputStage processPointer 1
08-29 13:02:12.776 15216 15216 D AbsListView: onTouchUp() mTouchMode : 3
08-29 13:02:12.776 15216 15216 D AbsListView: onTouchUp() TOUCH_MODE_SCROLL initialVelocity : 455
08-29 13:02:12.776 15216 15216 D AbsListView: reportScrollStateChange() newState : 2
08-29 13:02:12.778 15216 15216 D ViewRootImpl: updatePointerIcon pointerType = 20001, calling pid = 15216
08-29 13:02:12.778 15216 15216 D InputManager: setPointerIconType iconId = 20001, callingPid = 15216
08-29 13:02:12.778 15216 15216 D ViewRootImpl: updatePointerIcon pointerType = 20001, calling pid = 15216
08-29 13:02:12.779 15216 15216 D InputManager: setPointerIconType iconId = 20001, callingPid = 15216
08-29 13:02:13.134 15216 15216 D AbsListView: reportScrollStateChange() newState : 0
08-29 13:02:13.556 15216 15216 D ViewRootImpl@cf0d61b[MainActivity]: ViewPostImeInputStage processPointer 0
08-29 13:02:13.557 15216 15216 D ViewRootImpl: updatePointerIcon pointerType = 20001, calling pid = 15216
08-29 13:02:13.558 15216 15216 D InputManager: setPointerIconType iconId = 20001, callingPid = 15216
08-29 13:02:13.605 15216 15216 D ViewRootImpl@cf0d61b[MainActivity]: ViewPostImeInputStage processPointer 1
08-29 13:02:13.613 15216 15216 D ViewRootImpl: updatePointerIcon pointerType = 20001, calling pid = 15216
08-29 13:02:13.614 15216 15216 D InputManager: setPointerIconType iconId = 20001, callingPid = 15216
08-29 13:02:13.614 15216 15216 D ViewRootImpl: updatePointerIcon pointerType = 20001, calling pid = 15216
08-29 13:02:13.615 15216 15216 D InputManager: setPointerIconType iconId = 20001, callingPid = 15216
08-29 13:02:13.632 15216 15216 D item_click: viewId = 2131820758, position = 2
08-29 13:02:13.689 15216 15216 D ViewRootImpl@cf0d61b[MainActivity]: MSG_WINDOW_FOCUS_CHANGED 0
08-29 13:02:13.748 15216 15216 D ScrollView: initGoToTop
08-29 13:02:13.822 15216 15216 D ViewRootImpl@4bb544d[CancelDeliveryActivity]: ThreadedRenderer.create() translucent=false
08-29 13:02:13.825 15216 15216 D InputTransport: Input channel constructed: fd=71
08-29 13:02:13.825 15216 15216 D ViewRootImpl@4bb544d[CancelDeliveryActivity]: setView = DecorView@8008b02[CancelDeliveryActivity] touchMode=true
08-29 13:02:13.834 15216 15216 D ViewRootImpl@4bb544d[CancelDeliveryActivity]: dispatchAttachedToWindow
08-29 13:02:13.865 15216 15216 D ViewRootImpl@4bb544d[CancelDeliveryActivity]: Relayout returned: oldFrame=[0,0][0,0] newFrame=[0,0][768,1024] result=0x27 surface={isValid=true -1918144512} surfaceGenerationChanged=true
08-29 13:02:13.866 15216 15216 D ViewRootImpl@4bb544d[CancelDeliveryActivity]: mHardwareRenderer.initialize() mSurface={isValid=true -1918144512} hwInitialized=true
08-29 13:02:13.869 15216 15216 D ScrollView: onsize change changed
08-29 13:02:13.871 15216 15216 D LOCATION_SERVICE: LocationListener gps
08-29 13:02:13.871 15216 15216 D LOCATION_SERVICE: LocationListener network
08-29 13:02:13.873 15216 15216 D LOCATION_SERVICE: onCreate
08-29 13:02:13.873 15216 15216 D LOCATION_SERVICE: initializeLocationManager
08-29 13:02:13.884 15216 15216 D LOCATION_SERVICE: onStartCommand
08-29 13:02:13.928 15216 15216 D ViewRootImpl@4bb544d[CancelDeliveryActivity]: MSG_RESIZED_REPORT: frame=Rect(0, 0 - 768, 1024) ci=Rect(0, 24 - 0, 0) vi=Rect(0, 24 - 0, 0) or=1
08-29 13:02:13.929 15216 15216 D ViewRootImpl@4bb544d[CancelDeliveryActivity]: MSG_WINDOW_FOCUS_CHANGED 1
08-29 13:02:13.929 15216 15216 D ViewRootImpl@4bb544d[CancelDeliveryActivity]: mHardwareRenderer.initializeIfNeeded()#2 mSurface={isValid=true -1918144512}
08-29 13:02:13.933 15216 15216 V InputMethodManager: Starting input: tba=android.view.inputmethod.EditorInfo@4ad5781 nm : cz.gienger.mobile ic=null
08-29 13:02:13.933 15216 15216 I InputMethodManager: startInputInner - mService.startInputOrWindowGainedFocus
08-29 13:02:13.944 15216 15216 D InputTransport: Input channel constructed: fd=74
08-29 13:02:13.944 15216 15216 D InputTransport: Input channel destroyed: fd=67
08-29 13:02:13.992 15216 15233 D OpenGLRenderer: endAllActiveAnimators on 0x8b2c5f80 (RippleDrawable) with handle 0x8ac2a880
08-29 13:02:13.992 15216 15216 D ViewRootImpl@cf0d61b[MainActivity]: mHardwareRenderer.destroy()#1
08-29 13:02:13.999 15216 15216 D ViewRootImpl@cf0d61b[MainActivity]: Relayout returned: oldFrame=[0,0][768,1024] newFrame=[0,0][768,1024] result=0x5 surface={isValid=false 0} surfaceGenerationChanged=true
08-29 13:02:14.363 15216 15216 D ViewRootImpl@cf0d61b[MainActivity]: Relayout returned: oldFrame=[0,0][768,1024] newFrame=[0,0][768,1024] result=0x5 surface={isValid=false 0} surfaceGenerationChanged=false
08-29 13:02:14.680 15216 15216 D ViewRootImpl: updatePointerIcon pointerType = 20001, calling pid = 15216
08-29 13:02:14.681 15216 15216 D InputManager: setPointerIconType iconId = 20001, callingPid = 15216
08-29 13:02:14.683 15216 15216 D ViewRootImpl: updatePointerIcon pointerType = 20001, calling pid = 15216
08-29 13:02:14.683 15216 15216 D InputManager: setPointerIconType iconId = 20001, callingPid = 15216
08-29 13:02:15.084 15216 15216 D ViewRootImpl@4bb544d[CancelDeliveryActivity]: ViewPostImeInputStage processPointer 0
08-29 13:02:15.086 15216 15216 D ViewRootImpl: updatePointerIcon pointerType = 20001, calling pid = 15216
08-29 13:02:15.086 15216 15216 D InputManager: setPointerIconType iconId = 20001, callingPid = 15216
08-29 13:02:15.140 15216 15216 D ViewRootImpl@4bb544d[CancelDeliveryActivity]: ViewPostImeInputStage processPointer 1
08-29 13:02:15.148 15216 15216 D ViewRootImpl: updatePointerIcon pointerType = 20001, calling pid = 15216
08-29 13:02:15.148 15216 15216 D InputManager: setPointerIconType iconId = 20001, callingPid = 15216
08-29 13:02:15.149 15216 15216 D ViewRootImpl: updatePointerIcon pointerType = 20001, calling pid = 15216
08-29 13:02:15.149 15216 15216 D InputManager: setPointerIconType iconId = 20001, callingPid = 15216
08-29 13:02:15.707 15216 15216 D ViewRootImpl: updatePointerIcon pointerType = 20001, calling pid = 15216
08-29 13:02:15.708 15216 15216 D InputManager: setPointerIconType iconId = 20001, callingPid = 15216
08-29 13:02:15.869 15216 15216 D ViewRootImpl@4bb544d[CancelDeliveryActivity]: ViewPostImeInputStage processPointer 0
08-29 13:02:15.870 15216 15216 D ViewRootImpl: updatePointerIcon pointerType = 20001, calling pid = 15216
08-29 13:02:15.870 15216 15216 D InputManager: setPointerIconType iconId = 20001, callingPid = 15216
08-29 13:02:15.902 15216 15216 D ViewRootImpl@4bb544d[CancelDeliveryActivity]: ViewPostImeInputStage processPointer 1
08-29 13:02:15.908 15216 15216 D ViewRootImpl: updatePointerIcon pointerType = 20001, calling pid = 15216
08-29 13:02:15.908 15216 15216 D InputManager: setPointerIconType iconId = 20001, callingPid = 15216
08-29 13:02:15.909 15216 15216 D ViewRootImpl: updatePointerIcon pointerType = 20001, calling pid = 15216
08-29 13:02:15.910 15216 15216 D InputManager: setPointerIconType iconId = 20001, callingPid = 15216
08-29 13:02:15.923 15216 15216 D UNDELIVERED: Reason ID = 8, Comment =
08-29 13:02:16.020 15216 15216 D ViewRootImpl@4bb544d[CancelDeliveryActivity]: MSG_WINDOW_FOCUS_CHANGED 0
08-29 13:02:16.023 15216 18886 D MESSAGE_SERVICE: ACTION_COMPRESS_AND_UPLOAD
08-29 13:02:16.078 15216 15216 D ViewRootImpl@cf0d61b[MainActivity]: mHardwareRenderer.destroy()#4
08-29 13:02:16.078 15216 15216 D ViewRootImpl@cf0d61b[MainActivity]: dispatchDetachedFromWindow
08-29 13:02:16.085 15216 15216 D InputTransport: Input channel destroyed: fd=76
08-29 13:02:16.205 15216 15216 D ViewRootImpl@abd9d5d[MainActivity]: ThreadedRenderer.create() translucent=false
08-29 13:02:16.209 15216 15216 D InputTransport: Input channel constructed: fd=72
08-29 13:02:16.209 15216 15216 D ViewRootImpl@abd9d5d[MainActivity]: setView = DecorView@b9c86d2[MainActivity] touchMode=true
08-29 13:02:16.211 15216 15216 D ViewRootImpl@abd9d5d[MainActivity]: dispatchAttachedToWindow
08-29 13:02:16.270 15216 15216 D ViewRootImpl@abd9d5d[MainActivity]: Relayout returned: oldFrame=[0,0][0,0] newFrame=[0,0][768,1024] result=0x27 surface={isValid=true -1915826176} surfaceGenerationChanged=true
08-29 13:02:16.270 15216 15216 D ViewRootImpl@abd9d5d[MainActivity]: mHardwareRenderer.initialize() mSurface={isValid=true -1915826176} hwInitialized=true
08-29 13:02:16.326 15216 15216 D AbsListView: in onLayout changed
08-29 13:02:16.339 15216 15233 D OpenGLRenderer: endAllActiveAnimators on 0x8af27200 (RippleDrawable) with handle 0x8b0a3a90
08-29 13:02:16.339 15216 15216 D ViewRootImpl@4bb544d[CancelDeliveryActivity]: mHardwareRenderer.destroy()#1
08-29 13:02:16.348 15216 15216 D ViewRootImpl@4bb544d[CancelDeliveryActivity]: Relayout returned: oldFrame=[0,0][768,1024] newFrame=[0,0][768,1024] result=0x5 surface={isValid=false 0} surfaceGenerationChanged=true
08-29 13:02:16.403 15216 15216 D ViewRootImpl@abd9d5d[MainActivity]: MSG_RESIZED_REPORT: frame=Rect(0, 0 - 768, 1024) ci=Rect(0, 24 - 0, 0) vi=Rect(0, 24 - 0, 0) or=1
08-29 13:02:16.403 15216 15216 D ViewRootImpl@abd9d5d[MainActivity]: MSG_WINDOW_FOCUS_CHANGED 1
08-29 13:02:16.403 15216 15216 D ViewRootImpl@abd9d5d[MainActivity]: mHardwareRenderer.initializeIfNeeded()#2 mSurface={isValid=true -1915826176}
08-29 13:02:16.405 15216 15216 V InputMethodManager: Starting input: tba=android.view.inputmethod.EditorInfo@82fc866 nm : cz.gienger.mobile ic=null
08-29 13:02:16.405 15216 15216 I InputMethodManager: startInputInner - mService.startInputOrWindowGainedFocus
08-29 13:02:16.414 15216 15216 D InputTransport: Input channel constructed: fd=70
08-29 13:02:16.414 15216 15216 D InputTransport: Input channel destroyed: fd=74
08-29 13:02:16.744 15216 18886 D FILE_MANAGER: Serializing delivery /data/user/0/cz.gienger.mobile/files/finished/130AT1180324980/130AT1180324980.xml
08-29 13:02:16.744 15216 18886 D FILE_MANAGER: Null files:
08-29 13:02:16.858 15216 18886 D MYINTERCEPTOR: /GiengerService.svc/sendorder
08-29 13:02:16.859 15216 18886 D OkHttp : --> POST https://testsaig1.gienger.cz/GiengerService.svc/sendorder http/1.1
08-29 13:02:16.859 15216 18886 D OkHttp : Content-Type: text/raw
08-29 13:02:16.860 15216 18886 D OkHttp : Content-Length: 3711
08-29 13:02:16.860 15216 18886 D OkHttp : filename: 130AT1180324980.xml
08-29 13:02:16.860 15216 18886 D OkHttp : Checksum: 5820978b2b9f067403febf08acbd30a6
08-29 13:02:16.860 15216 18886 D OkHttp : token: 7415db8299a4a8ffd237742020bfad2f
08-29 13:02:16.860 15216 18886 D OkHttp : --> END POST
08-29 13:02:17.416 15216 18886 D OkHttp : <-- 200 https://testsaig1.gienger.cz/GiengerService.svc/sendorder (555ms)
08-29 13:02:17.416 15216 18886 D OkHttp : content-type: application/xml; charset=utf-8
08-29 13:02:17.416 15216 18886 D OkHttp : server: Microsoft-IIS/10.0
08-29 13:02:17.416 15216 18886 D OkHttp : x-powered-by: ASP.NET
08-29 13:02:17.416 15216 18886 D OkHttp : date: Wed, 29 Aug 2018 11:02:14 GMT
08-29 13:02:17.417 15216 18886 D OkHttp : content-length: 175
08-29 13:02:17.417 15216 18886 D OkHttp : <-- END HTTP
08-29 13:02:17.424 15216 18886 D sendOrder_SUCCESS: 200
08-29 13:02:17.528 15216 18886 D MESSAGE_SERVICE: ACTION_RESEND_ORDERS
08-29 13:02:17.666 15216 15216 D AbsListView: in onLayout changed
08-29 13:02:17.751 15216 15216 D ViewRootImpl@abd9d5d[MainActivity]: MSG_WINDOW_FOCUS_CHANGED 0
08-29 13:02:17.895 15216 15216 D AbsListView: in onLayout changed
08-29 13:02:17.961 15216 15216 D ScrollView: initGoToTop
08-29 13:02:17.966 15216 15216 D ScrollView: initGoToTop
08-29 13:02:17.973 15216 15216 D ViewRootImpl@22e1719[MainActivity]: ThreadedRenderer.create() translucent=true
08-29 13:02:17.979 15216 15216 D InputTransport: Input channel constructed: fd=68
08-29 13:02:17.979 15216 15216 D ViewRootImpl@22e1719[MainActivity]: setView = DecorView@effa3de[MainActivity] touchMode=true
08-29 13:02:18.022 15216 15216 D ViewRootImpl@5bc01b7[MainActivity]: ThreadedRenderer.create() translucent=false
08-29 13:02:18.025 15216 15216 D InputTransport: Input channel constructed: fd=84
08-29 13:02:18.025 15216 15216 D ViewRootImpl@5bc01b7[MainActivity]: setView = DecorView@41cad24[MainActivity] touchMode=true
08-29 13:02:18.044 15216 15216 D ViewRootImpl@abd9d5d[MainActivity]: mHardwareRenderer.destroy()#1
08-29 13:02:18.055 15216 15216 D ViewRootImpl@abd9d5d[MainActivity]: Relayout returned: oldFrame=[0,0][768,1024] newFrame=[0,0][768,1024] result=0x5 surface={isValid=false 0} surfaceGenerationChanged=true
08-29 13:02:18.056 15216 15216 D ViewRootImpl@22e1719[MainActivity]: dispatchAttachedToWindow
08-29 13:02:18.095 15216 15216 D ViewRootImpl@22e1719[MainActivity]: Relayout returned: oldFrame=[0,0][0,0] newFrame=[94,415][674,633] result=0x27 surface={isValid=true -1915826176} surfaceGenerationChanged=true
08-29 13:02:18.095 15216 15216 D ViewRootImpl@22e1719[MainActivity]: mHardwareRenderer.initialize() mSurface={isValid=true -1915826176} hwInitialized=true
08-29 13:02:18.102 15216 15216 D ScrollView: onsize change changed
08-29 13:02:18.103 15216 15216 D ViewRootImpl@5bc01b7[MainActivity]: dispatchAttachedToWindow
08-29 13:02:18.142 15216 15216 D ViewRootImpl@5bc01b7[MainActivity]: Relayout returned: oldFrame=[0,0][0,0] newFrame=[0,0][768,1024] result=0x7 surface={isValid=true -1913296896} surfaceGenerationChanged=true
08-29 13:02:18.143 15216 15216 D ViewRootImpl@5bc01b7[MainActivity]: mHardwareRenderer.initialize() mSurface={isValid=true -1913296896} hwInitialized=true
08-29 13:02:18.194 15216 15216 D AbsListView: in onLayout changed
08-29 13:02:18.195 15216 15216 D ViewRootImpl@22e1719[MainActivity]: MSG_WINDOW_FOCUS_CHANGED 1
08-29 13:02:18.196 15216 15216 D ViewRootImpl@22e1719[MainActivity]: mHardwareRenderer.initializeIfNeeded()#2 mSurface={isValid=true -1915826176}
08-29 13:02:18.252 15216 15216 D ViewRootImpl@22e1719[MainActivity]: updatePointerIcon called with position out of bounds
08-29 13:02:18.252 15216 15216 D ViewRootImpl@22e1719[MainActivity]: updatePointerIcon called with position out of bounds
08-29 13:02:18.252 15216 15216 D ViewRootImpl@22e1719[MainActivity]: MSG_RESIZED_REPORT: frame=Rect(94, 415 - 674, 633) ci=Rect(0, 0 - 0, 0) vi=Rect(0, 0 - 0, 0) or=1
08-29 13:02:18.260 15216 15216 D ViewRootImpl@5bc01b7[MainActivity]: MSG_RESIZED_REPORT: frame=Rect(0, 0 - 768, 1024) ci=Rect(0, 24 - 0, 0) vi=Rect(0, 24 - 0, 0) or=1
08-29 13:02:18.260 15216 15216 D ViewRootImpl@22e1719[MainActivity]: updatePointerIcon called with position out of bounds
08-29 13:02:18.282 15216 15216 D ViewRootImpl@22e1719[MainActivity]: updatePointerIcon called with position out of bounds
08-29 13:02:18.327 15216 15216 D ViewRootImpl@abd9d5d[MainActivity]: mHardwareRenderer.destroy()#4
08-29 13:02:18.327 15216 15216 D ViewRootImpl@abd9d5d[MainActivity]: dispatchDetachedFromWindow
08-29 13:02:18.334 15216 15216 D InputTransport: Input channel destroyed: fd=72
08-29 13:02:18.361 15216 15216 D TextView: SYANI: Clipboard API is calling: clearFilter()
08-29 13:02:18.361 15216 15216 D TextView: SYANI: Clipboard API is calling: unregisterClipboardEventListener()
08-29 13:02:18.377 15216 15216 D ViewRootImpl@4bb544d[CancelDeliveryActivity]: mHardwareRenderer.destroy()#4
08-29 13:02:18.377 15216 15216 D ViewRootImpl@4bb544d[CancelDeliveryActivity]: dispatchDetachedFromWindow
08-29 13:02:18.388 15216 15216 D InputTransport: Input channel destroyed: fd=71
08-29 13:02:18.389 15216 15216 D ViewRootImpl@22e1719[MainActivity]: updatePointerIcon called with position out of bounds
08-29 13:02:18.390 15216 15216 D LOCATION_SERVICE: onDestroy
08-29 13:02:21.067 15216 15216 D ViewRootImpl: updatePointerIcon pointerType = 20001, calling pid = 15216
08-29 13:02:21.067 15216 15216 D InputManager: setPointerIconType iconId = 20001, callingPid = 15216
08-29 13:02:22.799 15216 15216 D ViewRootImpl: updatePointerIcon pointerType = 20001, calling pid = 15216
08-29 13:02:22.800 15216 15216 D InputManager: setPointerIconType iconId = 20001, callingPid = 15216
08-29 13:03:05.228 15216 15216 D ViewRootImpl@5bc01b7[MainActivity]: MSG_RESIZED_REPORT: frame=Rect(0, 0 - 768, 1024) ci=Rect(0, 24 - 0, 0) vi=Rect(0, 24 - 0, 0) or=1
08-29 13:03:05.229 15216 15216 D ViewRootImpl@22e1719[MainActivity]: MSG_RESIZED_REPORT: frame=Rect(94, 415 - 674, 633) ci=Rect(0, 0 - 0, 0) vi=Rect(0, 0 - 0, 0) or=1
08-29 13:03:05.275 15216 15216 D ViewRootImpl@5bc01b7[MainActivity]: Relayout returned: oldFrame=[0,0][768,1024] newFrame=[0,0][768,1024] result=0x1 surface={isValid=true -1913296896} surfaceGenerationChanged=false
08-29 13:03:05.333 15216 15216 D AbsListView: in onLayout changed
08-29 13:03:19.744 15216 15216 D ViewRootImpl: updatePointerIcon pointerType = 20001, calling pid = 15216
08-29 13:03:19.744 15216 15216 D InputManager: setPointerIconType iconId = 20001, callingPid = 15216
08-29 13:03:22.711 15216 15216 D ViewRootImpl@22e1719[MainActivity]: ViewPostImeInputStage processPointer 0
08-29 13:03:22.712 15216 15216 D ViewRootImpl: updatePointerIcon pointerType = 20001, calling pid = 15216
08-29 13:03:22.712 15216 15216 D InputManager: setPointerIconType iconId = 20001, callingPid = 15216
08-29 13:03:22.789 15216 15216 D ViewRootImpl@22e1719[MainActivity]: ViewPostImeInputStage processPointer 1
08-29 13:03:22.796 15216 15216 D ViewRootImpl: updatePointerIcon pointerType = 20001, calling pid = 15216
08-29 13:03:22.796 15216 15216 D InputManager: setPointerIconType iconId = 20001, callingPid = 15216
08-29 13:03:22.797 15216 15216 D ViewRootImpl: updatePointerIcon pointerType = 20001, calling pid = 15216
08-29 13:03:22.797 15216 15216 D InputManager: setPointerIconType iconId = 20001, callingPid = 15216
08-29 13:03:22.873 15216 15216 D ViewRootImpl@22e1719[MainActivity]: mHardwareRenderer.destroy()#4
08-29 13:03:22.873 15216 15216 D ViewRootImpl@22e1719[MainActivity]: dispatchDetachedFromWindow
08-29 13:03:22.881 15216 15216 D InputTransport: Input channel destroyed: fd=68
08-29 13:03:22.887 15216 15216 D InputTransport: Input channel constructed: fd=68
08-29 13:03:22.887 15216 15216 D ViewRootImpl@9a5a40d[Toast]: setView = android.widget.LinearLayout{290ffc2 V.E...... ......I. 0,0-0,0} touchMode=true
08-29 13:03:22.888 15216 15216 V Toast : Text: Nani in android.widget.Toast$TN@7b631d3
08-29 13:03:22.888 15216 15216 E ViewRootImpl: sendUserActionEvent() returned.
08-29 13:03:22.915 15216 15216 D ViewRootImpl: updatePointerIcon pointerType = 20001, calling pid = 15216
08-29 13:03:22.915 15216 15216 D InputManager: setPointerIconType iconId = 20001, callingPid = 15216
08-29 13:03:22.918 15216 15216 D ViewRootImpl@9a5a40d[Toast]: dispatchAttachedToWindow
08-29 13:03:22.946 15216 15216 D ViewRootImpl@9a5a40d[Toast]: Relayout returned: oldFrame=[0,0][0,0] newFrame=[194,916][574,960] result=0x27 surface={isValid=true -1915826176} surfaceGenerationChanged=true
08-29 13:03:22.986 15216 15216 D ViewRootImpl@c86f36e[LogcatActivity]: ThreadedRenderer.create() translucent=true
08-29 13:03:22.991 15216 15216 D InputTransport: Input channel constructed: fd=73
08-29 13:03:22.991 15216 15216 D ViewRootImpl@c86f36e[LogcatActivity]: setView = DecorView@d421a9c[LogcatActivity] touchMode=true
08-29 13:03:22.994 15216 15216 D ViewRootImpl@9a5a40d[Toast]: MSG_RESIZED_REPORT: frame=Rect(194, 916 - 574, 960) ci=Rect(0, 0 - 0, 0) vi=Rect(0, 0 - 0, 0) or=1
08-29 13:03:23.001 15216 15216 D ViewRootImpl@c86f36e[LogcatActivity]: dispatchAttachedToWindow
08-29 13:03:23.031 15216 15216 D ViewRootImpl@c86f36e[LogcatActivity]: Relayout returned: oldFrame=[0,0][0,0] newFrame=[237,468][531,580] result=0x27 surface={isValid=true -1957955584} surfaceGenerationChanged=true
08-29 13:03:23.032 15216 15216 D ViewRootImpl@c86f36e[LogcatActivity]: mHardwareRenderer.initialize() mSurface={isValid=true -1957955584} hwInitialized=true
08-29 13:03:23.035 15216 15216 D ViewRootImpl@c86f36e[LogcatActivity]: MSG_RESIZED_REPORT: frame=Rect(237, 468 - 531, 580) ci=Rect(0, 0 - 0, 0) vi=Rect(0, 0 - 0, 0) or=1
08-29 13:03:23.046 15216 15216 D ViewRootImpl@c86f36e[LogcatActivity]: MSG_WINDOW_FOCUS_CHANGED 1
08-29 13:03:23.046 15216 15216 D ViewRootImpl@c86f36e[LogcatActivity]: mHardwareRenderer.initializeIfNeeded()#2 mSurface={isValid=true -1957955584}
08-29 13:03:23.047 15216 15216 V InputMethodManager: Starting input: tba=android.view.inputmethod.EditorInfo@2a6e4ff nm : cz.gienger.mobile ic=null
08-29 13:03:23.047 15216 15216 I InputMethodManager: startInputInner - mService.startInputOrWindowGainedFocus
08-29 13:03:23.060 15216 15216 D InputTransport: Input channel constructed: fd=78
08-29 13:03:23.061 15216 15216 D InputTransport: Input channel destroyed: fd=70