--------- beginning of main
08-29 12:03:43.697 15216 17066 D MYINTERCEPTOR: /GiengerService.svc/sendlog
08-29 12:03:43.698 15216 17066 D OkHttp : --> POST https://testsaig1.gienger.cz/GiengerService.svc/sendlog http/1.1
08-29 12:03:43.698 15216 17066 D OkHttp : Content-Type: text/raw
08-29 12:03:43.698 15216 17066 D OkHttp : Content-Length: 222926
08-29 12:03:43.698 15216 17066 D OkHttp : filename: logcat_7be540931fcaf9f3_2018_08_29_120343.txt
08-29 12:03:43.699 15216 17066 D OkHttp : Checksum: 6488d5ce48d89fadc88e2738d934df9a
08-29 12:03:43.699 15216 17066 D OkHttp : token: 6f2aff3552ab24eed0027f570712fbc0
08-29 12:03:43.699 15216 17066 D OkHttp : --> END POST
08-29 12:03:43.728 15216 15216 D ViewRootImpl@54b1ecb[LogcatActivity]: Relayout returned: oldFrame=[237,468][531,580] newFrame=[267,468][500,580] result=0x21 surface={isValid=true -1963591680} surfaceGenerationChanged=false
08-29 12:03:43.729 15216 15216 D ViewRootImpl@54b1ecb[LogcatActivity]: mHardwareRenderer.updateSurface() mSurface={isValid=true -1963591680}
08-29 12:03:44.002 15216 17066 D OkHttp : <-- 200 https://testsaig1.gienger.cz/GiengerService.svc/sendlog (303ms)
08-29 12:03:44.003 15216 17066 D OkHttp : content-type: application/xml; charset=utf-8
08-29 12:03:44.003 15216 17066 D OkHttp : server: Microsoft-IIS/10.0
08-29 12:03:44.003 15216 17066 D OkHttp : x-powered-by: ASP.NET
08-29 12:03:44.003 15216 17066 D OkHttp : date: Wed, 29 Aug 2018 10:03:41 GMT
08-29 12:03:44.003 15216 17066 D OkHttp : content-length: 175
08-29 12:03:44.003 15216 17066 D OkHttp : <-- END HTTP
08-29 12:03:44.086 15216 17047 D MYINTERCEPTOR: /GiengerService.svc/logout
08-29 12:03:44.087 15216 17047 D OkHttp : --> POST https://testsaig1.gienger.cz/GiengerService.svc/logout http/1.1
08-29 12:03:44.087 15216 17047 D OkHttp : Content-Type: application/xml; charset=UTF-8
08-29 12:03:44.087 15216 17047 D OkHttp : Content-Length: 268
08-29 12:03:44.087 15216 17047 D OkHttp : token: 6f2aff3552ab24eed0027f570712fbc0
08-29 12:03:44.087 15216 17047 D OkHttp : --> END POST
08-29 12:03:44.096 15216 15216 D ViewRootImpl@8ea20df[MainActivity]: MSG_WINDOW_FOCUS_CHANGED 1
08-29 12:03:44.096 15216 15216 D ViewRootImpl@8ea20df[MainActivity]: mHardwareRenderer.initializeIfNeeded()#2 mSurface={isValid=true -1924876288}
08-29 12:03:44.097 15216 15216 V InputMethodManager: Starting input: tba=android.view.inputmethod.EditorInfo@98f8bee nm : cz.gienger.mobile ic=null
08-29 12:03:44.097 15216 15216 I InputMethodManager: startInputInner - mService.startInputOrWindowGainedFocus
08-29 12:03:44.099 15216 15216 D InputTransport: Input channel constructed: fd=89
08-29 12:03:44.099 15216 15216 D InputTransport: Input channel destroyed: fd=80
08-29 12:03:44.105 15216 15216 D ViewRootImpl@54b1ecb[LogcatActivity]: mHardwareRenderer.destroy()#1
08-29 12:03:44.112 15216 15216 D ViewRootImpl@54b1ecb[LogcatActivity]: Relayout returned: oldFrame=[267,468][500,580] newFrame=[267,468][500,580] result=0x5 surface={isValid=false 0} surfaceGenerationChanged=true
08-29 12:03:44.115 15216 15216 D ViewRootImpl@54b1ecb[LogcatActivity]: MSG_WINDOW_FOCUS_CHANGED 0
08-29 12:03:44.171 15216 15216 D ViewRootImpl@54b1ecb[LogcatActivity]: mHardwareRenderer.destroy()#4
08-29 12:03:44.172 15216 15216 D ViewRootImpl@54b1ecb[LogcatActivity]: dispatchDetachedFromWindow
08-29 12:03:44.175 15216 17047 D OkHttp : <-- 200 https://testsaig1.gienger.cz/GiengerService.svc/logout (87ms)
08-29 12:03:44.175 15216 17047 D OkHttp : server: Microsoft-IIS/10.0
08-29 12:03:44.175 15216 17047 D OkHttp : x-powered-by: ASP.NET
08-29 12:03:44.175 15216 17047 D OkHttp : date: Wed, 29 Aug 2018 10:03:41 GMT
08-29 12:03:44.175 15216 17047 D OkHttp : content-length: 0
08-29 12:03:44.175 15216 17047 D OkHttp : <-- END HTTP
08-29 12:03:44.177 15216 17047 D ALARM_REUPLOAD: cancelling alarm
08-29 12:03:44.177 15216 15216 D InputTransport: Input channel destroyed: fd=71
08-29 12:03:44.209 15216 17047 D DELETING_DIRECTORY: /data/user/0/cz.gienger.mobile/files/delivery
08-29 12:03:44.209 15216 17047 D DELETING_DIRECTORY: exists /data/user/0/cz.gienger.mobile/files/delivery
08-29 12:03:44.210 15216 17047 D DELETING_DIRECTORY: /data/user/0/cz.gienger.mobile/files/delivery/130AT1180325847
08-29 12:03:44.210 15216 17047 D DELETING_DIRECTORY: exists /data/user/0/cz.gienger.mobile/files/delivery/130AT1180325847
08-29 12:03:44.211 15216 17047 D DELETING_DIRECTORY: /data/user/0/cz.gienger.mobile/files/delivery/130AT1180325847/corrections
08-29 12:03:44.211 15216 17047 D DELETING_DIRECTORY: exists /data/user/0/cz.gienger.mobile/files/delivery/130AT1180325847/corrections
08-29 12:03:44.212 15216 17047 D DELETING_DIRECTORY: file deleted /data/user/0/cz.gienger.mobile/files/delivery/130AT1180325847/130AT1180325847.pdf
08-29 12:03:44.212 15216 17047 D DELETING_DIRECTORY: /data/user/0/cz.gienger.mobile/files/delivery/130AT1180325848
08-29 12:03:44.212 15216 17047 D DELETING_DIRECTORY: exists /data/user/0/cz.gienger.mobile/files/delivery/130AT1180325848
08-29 12:03:44.212 15216 17047 D DELETING_DIRECTORY: /data/user/0/cz.gienger.mobile/files/delivery/130AT1180325848/corrections
08-29 12:03:44.212 15216 17047 D DELETING_DIRECTORY: exists /data/user/0/cz.gienger.mobile/files/delivery/130AT1180325848/corrections
08-29 12:03:44.213 15216 17047 D DELETING_DIRECTORY: file deleted /data/user/0/cz.gienger.mobile/files/delivery/130AT1180325848/130AT1180325848.pdf
08-29 12:03:44.213 15216 17047 D DELETING_DIRECTORY: /data/user/0/cz.gienger.mobile/files/delivery/130AT1180324980
08-29 12:03:44.213 15216 17047 D DELETING_DIRECTORY: exists /data/user/0/cz.gienger.mobile/files/delivery/130AT1180324980
08-29 12:03:44.214 15216 17047 D DELETING_DIRECTORY: /data/user/0/cz.gienger.mobile/files/delivery/130AT1180324980/corrections
08-29 12:03:44.214 15216 17047 D DELETING_DIRECTORY: exists /data/user/0/cz.gienger.mobile/files/delivery/130AT1180324980/corrections
08-29 12:03:44.214 15216 17047 D DELETING_DIRECTORY: file deleted /data/user/0/cz.gienger.mobile/files/delivery/130AT1180324980/130AT1180324980.pdf
08-29 12:03:44.215 15216 17047 D DELETING_DIRECTORY: /data/user/0/cz.gienger.mobile/files/finished
08-29 12:03:44.231 15216 15216 D ViewRootImpl@8ea20df[MainActivity]: MSG_WINDOW_FOCUS_CHANGED 0
08-29 12:03:44.291 15216 15216 D FILES : /data/user/0/cz.gienger.mobile/files/delivery
08-29 12:03:44.296 15216 15216 D ScrollView: initGoToTop
08-29 12:03:44.343 15216 15216 D ViewRootImpl@ee1c875[LoginActivity]: ThreadedRenderer.create() translucent=false
08-29 12:03:44.347 15216 15216 D InputTransport: Input channel constructed: fd=72
08-29 12:03:44.347 15216 15216 D ViewRootImpl@ee1c875[LoginActivity]: setView = DecorView@b4300a[LoginActivity] touchMode=true
08-29 12:03:44.355 15216 15216 D ViewRootImpl@ee1c875[LoginActivity]: dispatchAttachedToWindow
08-29 12:03:44.377 15216 15216 D ViewRootImpl@ee1c875[LoginActivity]: Relayout returned: oldFrame=[0,0][0,0] newFrame=[0,0][768,1024] result=0x27 surface={isValid=true -1963593728} surfaceGenerationChanged=true
08-29 12:03:44.378 15216 15216 D ViewRootImpl@ee1c875[LoginActivity]: mHardwareRenderer.initialize() mSurface={isValid=true -1963593728} hwInitialized=true
08-29 12:03:44.383 15216 15216 D ScrollView: onsize change changed
08-29 12:03:44.404 15216 15216 D ViewRootImpl@ee1c875[LoginActivity]: MSG_RESIZED_REPORT: frame=Rect(0, 0 - 768, 1024) ci=Rect(0, 24 - 0, 0) vi=Rect(0, 24 - 0, 0) or=1
08-29 12:03:44.404 15216 15216 D ViewRootImpl@ee1c875[LoginActivity]: MSG_WINDOW_FOCUS_CHANGED 1
08-29 12:03:44.404 15216 15216 D ViewRootImpl@ee1c875[LoginActivity]: mHardwareRenderer.initializeIfNeeded()#2 mSurface={isValid=true -1963593728}
08-29 12:03:44.417 15216 15216 V InputMethodManager: Starting input: tba=android.view.inputmethod.EditorInfo@8d2b662 nm : cz.gienger.mobile ic=com.android.internal.widget.EditableInputConnection@715b3f3
08-29 12:03:44.417 15216 15216 I InputMethodManager: startInputInner - mService.startInputOrWindowGainedFocus
08-29 12:03:44.423 15216 15216 D InputTransport: Input channel constructed: fd=80
08-29 12:03:44.423 15216 15216 D InputTransport: Input channel destroyed: fd=89
08-29 12:03:44.459 15216 15216 D ViewRootImpl@8ea20df[MainActivity]: mHardwareRenderer.destroy()#1
08-29 12:03:44.465 15216 15216 D ViewRootImpl@8ea20df[MainActivity]: Relayout returned: oldFrame=[0,0][768,1024] newFrame=[0,0][768,1024] result=0x5 surface={isValid=false 0} surfaceGenerationChanged=true
08-29 12:03:44.831 15216 15216 D ViewRootImpl@ee1c875[LoginActivity]: MSG_RESIZED: frame=Rect(0, 0 - 768, 1024) ci=Rect(0, 24 - 0, 320) vi=Rect(0, 24 - 0, 320) or=1
08-29 12:03:44.851 15216 15216 D ViewRootImpl@ee1c875[LoginActivity]: Relayout returned: oldFrame=[0,0][768,1024] newFrame=[0,0][768,1024] result=0x1 surface={isValid=true -1963593728} surfaceGenerationChanged=false
08-29 12:03:44.855 15216 15216 D ScrollView: onsize change changed
08-29 12:03:44.881 15216 15216 D ViewRootImpl@8ea20df[MainActivity]: Relayout returned: oldFrame=[0,0][768,1024] newFrame=[0,0][768,1024] result=0x5 surface={isValid=false 0} surfaceGenerationChanged=false
08-29 12:04:23.315 15216 15216 V InputMethodManager: Starting input: tba=android.view.inputmethod.EditorInfo@545cfdc nm : cz.gienger.mobile ic=com.android.internal.widget.EditableInputConnection@436b8e5
08-29 12:04:23.315 15216 15216 I InputMethodManager: startInputInner - mService.startInputOrWindowGainedFocus
08-29 12:04:23.317 15216 15216 D InputTransport: Input channel constructed: fd=69
08-29 12:04:23.317 15216 15216 D InputTransport: Input channel destroyed: fd=80
08-29 12:04:23.318 15216 15216 W IInputConnectionWrapper: performPrivateCommand on inactive InputConnection
08-29 12:04:23.322 15216 15216 W IInputConnectionWrapper: finishComposingText on inactive InputConnection
08-29 12:04:23.343 15216 15216 W IInputConnectionWrapper: performPrivateCommand on inactive InputConnection
08-29 12:04:23.439 15216 15216 W IInputConnectionWrapper: getCursorCapsMode on inactive InputConnection
08-29 12:04:23.521 15216 15216 W IInputConnectionWrapper: getCursorCapsMode on inactive InputConnection
08-29 12:04:23.579 15216 15216 W IInputConnectionWrapper: getSelectedText on inactive InputConnection
08-29 12:04:23.581 15216 15216 W IInputConnectionWrapper: getTextBeforeCursor on inactive InputConnection
08-29 12:04:23.582 15216 15216 W IInputConnectionWrapper: getTextAfterCursor on inactive InputConnection
08-29 12:06:22.825 15216 15216 V InputMethodManager: Starting input: tba=android.view.inputmethod.EditorInfo@dc0afba nm : cz.gienger.mobile ic=com.android.internal.widget.EditableInputConnection@471ae6b
08-29 12:06:22.825 15216 15216 I InputMethodManager: startInputInner - mService.startInputOrWindowGainedFocus
08-29 12:06:22.831 15216 15216 D InputTransport: Input channel constructed: fd=68
08-29 12:06:22.831 15216 15216 D InputTransport: Input channel destroyed: fd=69
08-29 12:06:22.868 15216 15216 W IInputConnectionWrapper: performPrivateCommand on inactive InputConnection
08-29 12:06:22.908 15216 15216 D ViewRootImpl@ee1c875[LoginActivity]: Relayout returned: oldFrame=[0,0][768,1024] newFrame=[0,0][768,1024] result=0x1 surface={isValid=true -1963593728} surfaceGenerationChanged=false
08-29 12:06:22.912 15216 15216 W IInputConnectionWrapper: finishComposingText on inactive InputConnection
08-29 12:06:22.913 15216 15216 D ViewRootImpl@ee1c875[LoginActivity]: MSG_RESIZED_REPORT: frame=Rect(0, 0 - 768, 1024) ci=Rect(0, 24 - 0, 320) vi=Rect(0, 24 - 0, 320) or=1
08-29 12:06:27.700 15216 15216 D ViewRootImpl@ee1c875[LoginActivity]: ViewPostImeInputStage processKey 0
08-29 12:06:27.703 15216 15216 D ViewRootImpl@ee1c875[LoginActivity]: ViewPostImeInputStage processKey 1
08-29 12:06:29.373 15216 15216 D ViewRootImpl@ee1c875[LoginActivity]: ViewPostImeInputStage processPointer 0
08-29 12:06:29.424 15216 15216 D ViewRootImpl@ee1c875[LoginActivity]: ViewPostImeInputStage processPointer 1
08-29 12:06:29.438 15216 15216 V InputMethodManager: Starting input: tba=android.view.inputmethod.EditorInfo@1ba0d86 nm : cz.gienger.mobile ic=com.android.internal.widget.EditableInputConnection@7fac647
08-29 12:06:29.439 15216 15216 I InputMethodManager: startInputInner - mService.startInputOrWindowGainedFocus
08-29 12:06:29.444 15216 15216 D InputTransport: Input channel constructed: fd=69
08-29 12:06:29.444 15216 15216 D InputTransport: Input channel destroyed: fd=68
08-29 12:06:29.444 15216 15216 D InputMethodManager: SSI - flag : 0 Pid : 15216 view : cz.gienger.mobile
08-29 12:06:29.447 15216 15216 W IInputConnectionWrapper: performPrivateCommand on inactive InputConnection
08-29 12:06:29.447 15216 15216 W IInputConnectionWrapper: finishComposingText on inactive InputConnection
08-29 12:06:36.858 15216 15216 D ViewRootImpl@ee1c875[LoginActivity]: ViewPostImeInputStage processPointer 0
08-29 12:06:36.929 15216 15216 D ViewRootImpl@ee1c875[LoginActivity]: ViewPostImeInputStage processPointer 1
08-29 12:06:36.967 15216 15216 D ScrollView: initGoToTop
08-29 12:06:36.971 15216 15216 D ScrollView: initGoToTop
08-29 12:06:36.979 15216 15216 D ViewRootImpl@cf35c6c[LoginActivity]: ThreadedRenderer.create() translucent=true
08-29 12:06:36.984 15216 15216 D InputTransport: Input channel constructed: fd=68
08-29 12:06:36.984 15216 15216 D ViewRootImpl@cf35c6c[LoginActivity]: setView = DecorView@14f7235[LoginActivity] touchMode=true
08-29 12:06:36.992 15216 15216 D ViewRootImpl@cf35c6c[LoginActivity]: dispatchAttachedToWindow
08-29 12:06:36.993 15216 17153 D MYINTERCEPTOR: /GiengerService.svc/oauth
08-29 12:06:36.993 15216 17153 D OkHttp : --> POST https://testsaig1.gienger.cz/GiengerService.svc/oauth http/1.1
08-29 12:06:36.993 15216 17153 D OkHttp : Content-Type: application/xml; charset=UTF-8
08-29 12:06:36.993 15216 17153 D OkHttp : Content-Length: 298
08-29 12:06:36.993 15216 17153 D OkHttp : --> END POST
08-29 12:06:37.018 15216 15216 D ViewRootImpl@cf35c6c[LoginActivity]: Relayout returned: oldFrame=[0,0][0,0] newFrame=[108,466][660,582] result=0x27 surface={isValid=true -1912295424} surfaceGenerationChanged=true
08-29 12:06:37.019 15216 15216 D ViewRootImpl@cf35c6c[LoginActivity]: mHardwareRenderer.initialize() mSurface={isValid=true -1912295424} hwInitialized=true
08-29 12:06:37.037 15216 15216 D ViewRootImpl@cf35c6c[LoginActivity]: MSG_WINDOW_FOCUS_CHANGED 1
08-29 12:06:37.037 15216 15216 D ViewRootImpl@cf35c6c[LoginActivity]: mHardwareRenderer.initializeIfNeeded()#2 mSurface={isValid=true -1912295424}
08-29 12:06:37.053 15216 15216 D ViewRootImpl@cf35c6c[LoginActivity]: MSG_RESIZED_REPORT: frame=Rect(108, 466 - 660, 582) ci=Rect(0, 0 - 0, 0) vi=Rect(0, 0 - 0, 0) or=1
08-29 12:06:37.074 15216 15216 D ViewRootImpl@ee1c875[LoginActivity]: MSG_WINDOW_FOCUS_CHANGED 0
08-29 12:07:20.724 15216 15216 D ViewRootImpl@ee1c875[LoginActivity]: MSG_RESIZED_REPORT: frame=Rect(0, 0 - 768, 1024) ci=Rect(0, 24 - 0, 320) vi=Rect(0, 24 - 0, 320) or=1
08-29 12:07:20.724 15216 15216 D ViewRootImpl@cf35c6c[LoginActivity]: MSG_RESIZED_REPORT: frame=Rect(108, 466 - 660, 582) ci=Rect(0, 0 - 0, 0) vi=Rect(0, 0 - 0, 0) or=1
08-29 12:07:37.004 15216 17153 D OkHttp : <-- HTTP FAILED: java.net.SocketTimeoutException: timeout
08-29 12:07:37.012 15216 15216 E LOGIN_FAILED: java.net.SocketTimeoutException: timeout
08-29 12:07:37.041 15216 15216 D ViewRootImpl@cf35c6c[LoginActivity]: mHardwareRenderer.destroy()#4
08-29 12:07:37.041 15216 15216 D ViewRootImpl@cf35c6c[LoginActivity]: dispatchDetachedFromWindow
08-29 12:07:37.054 15216 15216 D InputTransport: Input channel destroyed: fd=68
08-29 12:07:37.082 15216 15216 D ViewRootImpl@ee1c875[LoginActivity]: MSG_WINDOW_FOCUS_CHANGED 1
08-29 12:07:37.082 15216 15216 D ViewRootImpl@ee1c875[LoginActivity]: mHardwareRenderer.initializeIfNeeded()#2 mSurface={isValid=true -1963593728}
08-29 12:07:37.098 15216 15216 V InputMethodManager: Starting input: tba=android.view.inputmethod.EditorInfo@520a794 nm : cz.gienger.mobile ic=com.android.internal.widget.EditableInputConnection@26ea23d
08-29 12:07:37.099 15216 15216 I InputMethodManager: startInputInner - mService.startInputOrWindowGainedFocus
08-29 12:07:37.105 15216 15216 D InputTransport: Input channel constructed: fd=68
08-29 12:07:37.105 15216 15216 D InputTransport: Input channel destroyed: fd=69
08-29 12:07:37.105 15216 15216 E ViewRootImpl: sendUserActionEvent() returned.
08-29 12:07:37.116 15216 15216 W IInputConnectionWrapper: performPrivateCommand on inactive InputConnection
08-29 12:07:37.116 15216 15216 W IInputConnectionWrapper: finishComposingText on inactive InputConnection
08-29 12:07:42.097 15216 15216 D ViewRootImpl@ee1c875[LoginActivity]: MSG_WINDOW_FOCUS_CHANGED 0
08-29 12:07:42.191 15216 15216 D ViewRootImpl@ee1c875[LoginActivity]: mHardwareRenderer.destroy()#1
08-29 12:07:42.200 15216 15216 D ViewRootImpl@ee1c875[LoginActivity]: Relayout returned: oldFrame=[0,0][768,1024] newFrame=[0,0][768,1024] result=0x5 surface={isValid=false 0} surfaceGenerationChanged=true
08-29 12:07:42.229 15216 15216 D InputTransport: Input channel destroyed: fd=68
08-29 12:07:42.241 15216 15216 W IInputConnectionWrapper: finishComposingText on inactive InputConnection
08-29 12:07:42.241 15216 15216 W IInputConnectionWrapper: performPrivateCommand on inactive InputConnection
08-29 12:07:42.252 15216 15216 W IInputConnectionWrapper: reportFullscreenMode on inexistent InputConnection
08-29 12:07:42.252 15216 15216 W IInputConnectionWrapper: finishComposingText on inactive InputConnection
08-29 12:07:42.272 15216 15216 D ViewRootImpl@ee1c875[LoginActivity]: mHardwareRenderer.destroy()#1
08-29 12:07:42.283 15216 15216 D ViewRootImpl@ee1c875[LoginActivity]: Relayout returned: oldFrame=[0,0][768,1024] newFrame=[0,0][768,1024] result=0x1 surface={isValid=false 0} surfaceGenerationChanged=false
08-29 12:08:03.811 15216 15216 D TextView: SYANI: Clipboard API is calling: clearFilter()
08-29 12:08:03.811 15216 15216 D TextView: SYANI: Clipboard API is calling: unregisterClipboardEventListener()
08-29 12:08:03.816 15216 15216 D TextView: SYANI: Clipboard API is calling: clearFilter()
08-29 12:08:03.816 15216 15216 D TextView: SYANI: Clipboard API is calling: unregisterClipboardEventListener()
08-29 12:08:03.823 15216 15216 D Graph : removeVertex() : insertDummyVertex, because there is no ancestor.
08-29 12:08:03.823 15216 15216 D Graph : removeVertex() : insertDummyVertex, because there is no ancestor.
08-29 12:08:03.833 15216 15216 D ViewRootImpl@ee1c875[LoginActivity]: mHardwareRenderer.destroy()#4
08-29 12:08:03.834 15216 15216 D ViewRootImpl@ee1c875[LoginActivity]: dispatchDetachedFromWindow
08-29 12:08:03.843 15216 15216 D InputTransport: Input channel destroyed: fd=72
08-29 12:08:03.843 15216 15216 E ViewRootImpl: sendUserActionEvent() returned.
08-29 12:08:03.873 15216 15216 D ViewRootImpl@8ea20df[MainActivity]: mHardwareRenderer.destroy()#1
08-29 12:08:03.885 15216 15216 D ViewRootImpl@8ea20df[MainActivity]: Relayout returned: oldFrame=[0,0][768,1024] newFrame=[0,0][768,1024] result=0x1 surface={isValid=false 0} surfaceGenerationChanged=false
08-29 12:08:03.968 15216 15216 D FILES : /data/user/0/cz.gienger.mobile/files/delivery
08-29 12:08:03.973 15216 15216 D ScrollView: initGoToTop
08-29 12:08:04.002 15216 15216 D ViewRootImpl@f16009a[LoginActivity]: ThreadedRenderer.create() translucent=false
08-29 12:08:04.006 15216 15216 D InputTransport: Input channel constructed: fd=64
08-29 12:08:04.006 15216 15216 D ViewRootImpl@f16009a[LoginActivity]: setView = DecorView@1a95dcb[LoginActivity] touchMode=true
08-29 12:08:04.020 15216 15216 D ViewRootImpl@f16009a[LoginActivity]: dispatchAttachedToWindow
08-29 12:08:04.045 15216 15216 D ViewRootImpl@f16009a[LoginActivity]: Relayout returned: oldFrame=[0,0][0,0] newFrame=[0,0][768,1024] result=0x27 surface={isValid=true -1912616960} surfaceGenerationChanged=true
08-29 12:08:04.045 15216 15216 D ViewRootImpl@f16009a[LoginActivity]: mHardwareRenderer.initialize() mSurface={isValid=true -1912616960} hwInitialized=true
08-29 12:08:04.050 15216 15216 D ScrollView: onsize change changed
08-29 12:08:04.072 15216 15216 D ViewRootImpl@f16009a[LoginActivity]: MSG_RESIZED_REPORT: frame=Rect(0, 0 - 768, 1024) ci=Rect(0, 24 - 0, 0) vi=Rect(0, 24 - 0, 0) or=1
08-29 12:08:04.072 15216 15216 D ViewRootImpl@f16009a[LoginActivity]: MSG_WINDOW_FOCUS_CHANGED 1
08-29 12:08:04.072 15216 15216 D ViewRootImpl@f16009a[LoginActivity]: mHardwareRenderer.initializeIfNeeded()#2 mSurface={isValid=true -1912616960}
08-29 12:08:04.083 15216 15216 V InputMethodManager: Starting input: tba=android.view.inputmethod.EditorInfo@9e5bb43 nm : cz.gienger.mobile ic=com.android.internal.widget.EditableInputConnection@eb155c0
08-29 12:08:04.083 15216 15216 I InputMethodManager: startInputInner - mService.startInputOrWindowGainedFocus
08-29 12:08:04.089 15216 15216 D InputTransport: Input channel constructed: fd=68
08-29 12:08:04.115 15216 15216 D ViewRootImpl@8ea20df[MainActivity]: mHardwareRenderer.destroy()#1
08-29 12:08:04.130 15216 15216 D ViewRootImpl@8ea20df[MainActivity]: Relayout returned: oldFrame=[0,0][768,1024] newFrame=[0,0][768,1024] result=0x1 surface={isValid=false 0} surfaceGenerationChanged=false
08-29 12:08:04.408 15216 15216 D ViewRootImpl@f16009a[LoginActivity]: MSG_RESIZED: frame=Rect(0, 0 - 768, 1024) ci=Rect(0, 24 - 0, 320) vi=Rect(0, 24 - 0, 320) or=1
08-29 12:08:04.427 15216 15216 D ViewRootImpl@f16009a[LoginActivity]: Relayout returned: oldFrame=[0,0][768,1024] newFrame=[0,0][768,1024] result=0x1 surface={isValid=true -1912616960} surfaceGenerationChanged=false
08-29 12:08:04.430 15216 15216 D ScrollView: onsize change changed
08-29 12:08:13.148 15216 15216 D ViewRootImpl@f16009a[LoginActivity]: ViewPostImeInputStage processPointer 0
08-29 12:08:13.207 15216 15216 D ViewRootImpl@f16009a[LoginActivity]: ViewPostImeInputStage processPointer 1
08-29 12:08:13.219 15216 15216 V InputMethodManager: Starting input: tba=android.view.inputmethod.EditorInfo@7b14fbb nm : cz.gienger.mobile ic=com.android.internal.widget.EditableInputConnection@26c1cd8
08-29 12:08:13.220 15216 15216 I InputMethodManager: startInputInner - mService.startInputOrWindowGainedFocus
08-29 12:08:13.224 15216 15216 D InputTransport: Input channel constructed: fd=78
08-29 12:08:13.225 15216 15216 D InputTransport: Input channel destroyed: fd=68
08-29 12:08:13.225 15216 15216 D InputMethodManager: SSI - flag : 0 Pid : 15216 view : cz.gienger.mobile
08-29 12:08:13.230 15216 15216 W IInputConnectionWrapper: performPrivateCommand on inactive InputConnection
08-29 12:08:13.230 15216 15216 W IInputConnectionWrapper: finishComposingText on inactive InputConnection
08-29 12:08:17.882 15216 15216 D ViewRootImpl@f16009a[LoginActivity]: ViewPostImeInputStage processPointer 0
08-29 12:08:17.943 15216 15216 D ViewRootImpl@f16009a[LoginActivity]: ViewPostImeInputStage processPointer 1
08-29 12:08:17.976 15216 15216 D ScrollView: initGoToTop
08-29 12:08:17.981 15216 15216 D ScrollView: initGoToTop
08-29 12:08:17.989 15216 15216 D ViewRootImpl@5e0b349[LoginActivity]: ThreadedRenderer.create() translucent=true
08-29 12:08:17.995 15216 15216 D InputTransport: Input channel constructed: fd=72
08-29 12:08:17.995 15216 15216 D ViewRootImpl@5e0b349[LoginActivity]: setView = DecorView@ac2c44e[LoginActivity] touchMode=true
08-29 12:08:18.003 15216 17153 D MYINTERCEPTOR: /GiengerService.svc/oauth
08-29 12:08:18.003 15216 17153 D OkHttp : --> POST https://testsaig1.gienger.cz/GiengerService.svc/oauth http/1.1
08-29 12:08:18.003 15216 17153 D OkHttp : Content-Type: application/xml; charset=UTF-8
08-29 12:08:18.003 15216 17153 D OkHttp : Content-Length: 298
08-29 12:08:18.003 15216 17153 D OkHttp : --> END POST
08-29 12:08:18.004 15216 15216 D ViewRootImpl@5e0b349[LoginActivity]: dispatchAttachedToWindow
08-29 12:08:18.024 15216 15216 D ViewRootImpl@5e0b349[LoginActivity]: Relayout returned: oldFrame=[0,0][0,0] newFrame=[108,466][660,582] result=0x27 surface={isValid=true -1964007424} surfaceGenerationChanged=true
08-29 12:08:18.024 15216 15216 D ViewRootImpl@5e0b349[LoginActivity]: mHardwareRenderer.initialize() mSurface={isValid=true -1964007424} hwInitialized=true
08-29 12:08:18.038 15216 15216 D ViewRootImpl@5e0b349[LoginActivity]: MSG_WINDOW_FOCUS_CHANGED 1
08-29 12:08:18.038 15216 15216 D ViewRootImpl@5e0b349[LoginActivity]: mHardwareRenderer.initializeIfNeeded()#2 mSurface={isValid=true -1964007424}
08-29 12:08:18.052 15216 15216 D ViewRootImpl@5e0b349[LoginActivity]: MSG_RESIZED_REPORT: frame=Rect(108, 466 - 660, 582) ci=Rect(0, 0 - 0, 0) vi=Rect(0, 0 - 0, 0) or=1
08-29 12:08:18.097 15216 15216 D ViewRootImpl@f16009a[LoginActivity]: MSG_WINDOW_FOCUS_CHANGED 0
08-29 12:08:35.575 15216 17153 D OkHttp : <-- 200 https://testsaig1.gienger.cz/GiengerService.svc/oauth (17570ms)
08-29 12:08:35.575 15216 17153 D OkHttp : content-type: application/xml; charset=utf-8
08-29 12:08:35.575 15216 17153 D OkHttp : server: Microsoft-IIS/10.0
08-29 12:08:35.575 15216 17153 D OkHttp : x-powered-by: ASP.NET
08-29 12:08:35.575 15216 17153 D OkHttp : date: Wed, 29 Aug 2018 10:08:33 GMT
08-29 12:08:35.576 15216 17153 D OkHttp : content-length: 292
08-29 12:08:35.576 15216 17153 D OkHttp : <-- END HTTP
08-29 12:08:35.597 15216 17153 D MYINTERCEPTOR: /GiengerService.svc/userinfo
08-29 12:08:35.597 15216 17153 D OkHttp : --> POST https://testsaig1.gienger.cz/GiengerService.svc/userinfo http/1.1
08-29 12:08:35.597 15216 17153 D OkHttp : Content-Type: application/xml; charset=UTF-8
08-29 12:08:35.598 15216 17153 D OkHttp : Content-Length: 139
08-29 12:08:35.598 15216 17153 D OkHttp : token: 1e4498345484ae2c87bb478183b32785
08-29 12:08:35.598 15216 17153 D OkHttp : --> END POST
08-29 12:08:35.993 15216 17153 D OkHttp : <-- 200 https://testsaig1.gienger.cz/GiengerService.svc/userinfo (394ms)
08-29 12:08:35.993 15216 17153 D OkHttp : content-type: application/xml; charset=utf-8
08-29 12:08:35.993 15216 17153 D OkHttp : server: Microsoft-IIS/10.0
08-29 12:08:35.994 15216 17153 D OkHttp : x-powered-by: ASP.NET
08-29 12:08:35.994 15216 17153 D OkHttp : date: Wed, 29 Aug 2018 10:08:33 GMT
08-29 12:08:35.994 15216 17153 D OkHttp : content-length: 190
08-29 12:08:35.994 15216 17153 D OkHttp : <-- END HTTP
08-29 12:08:36.037 15216 15216 D ScrollView: initGoToTop
08-29 12:08:36.044 15216 15216 D ScrollView: initGoToTop
08-29 12:08:36.055 15216 15216 D ViewRootImpl@d210aba[LoginActivity]: ThreadedRenderer.create() translucent=true
08-29 12:08:36.061 15216 15216 D InputTransport: Input channel constructed: fd=87
08-29 12:08:36.061 15216 15216 D ViewRootImpl@d210aba[LoginActivity]: setView = DecorView@e326d6b[LoginActivity] touchMode=true
08-29 12:08:36.074 15216 15216 D ViewRootImpl@5e0b349[LoginActivity]: mHardwareRenderer.destroy()#4
08-29 12:08:36.074 15216 15216 D ViewRootImpl@5e0b349[LoginActivity]: dispatchDetachedFromWindow
08-29 12:08:36.089 15216 15216 D InputTransport: Input channel destroyed: fd=72
08-29 12:08:36.103 15216 15216 D ViewRootImpl@f16009a[LoginActivity]: Relayout returned: oldFrame=[0,0][768,1024] newFrame=[0,0][768,1024] result=0x1 surface={isValid=true -1912616960} surfaceGenerationChanged=false
08-29 12:08:36.112 15216 15216 D ViewRootImpl@d210aba[LoginActivity]: dispatchAttachedToWindow
08-29 12:08:36.150 15216 15216 D ViewRootImpl@d210aba[LoginActivity]: Relayout returned: oldFrame=[0,0][0,0] newFrame=[108,423][660,624] result=0x27 surface={isValid=true -1964007424} surfaceGenerationChanged=true
08-29 12:08:36.151 15216 15216 D ViewRootImpl@d210aba[LoginActivity]: mHardwareRenderer.initialize() mSurface={isValid=true -1964007424} hwInitialized=true
08-29 12:08:36.157 15216 15216 D ScrollView: onsize change changed
08-29 12:08:36.157 15216 15216 D ScrollView: onsize change changed
08-29 12:08:36.158 15216 15216 D ViewRootImpl@d210aba[LoginActivity]: MSG_WINDOW_FOCUS_CHANGED 1
08-29 12:08:36.159 15216 15216 D ViewRootImpl@d210aba[LoginActivity]: mHardwareRenderer.initializeIfNeeded()#2 mSurface={isValid=true -1964007424}
08-29 12:08:36.171 15216 15216 D ViewRootImpl@d210aba[LoginActivity]: MSG_RESIZED_REPORT: frame=Rect(108, 423 - 660, 624) ci=Rect(0, 0 - 0, 0) vi=Rect(0, 0 - 0, 0) or=1
08-29 12:08:36.194 15216 15216 E ViewRootImpl: sendUserActionEvent() returned.
08-29 12:08:38.552 15216 15216 D ViewRootImpl@d210aba[LoginActivity]: ViewPostImeInputStage processPointer 0
08-29 12:08:38.633 15216 15216 D ViewRootImpl@d210aba[LoginActivity]: ViewPostImeInputStage processPointer 1
08-29 12:08:38.657 15216 15216 D ViewRootImpl@d210aba[LoginActivity]: mHardwareRenderer.destroy()#4
08-29 12:08:38.657 15216 15216 D ViewRootImpl@d210aba[LoginActivity]: dispatchDetachedFromWindow
08-29 12:08:38.669 15216 15216 D InputTransport: Input channel destroyed: fd=87
08-29 12:08:38.687 15216 17153 D MYINTERCEPTOR: /GiengerService.svc/manifests
08-29 12:08:38.687 15216 17153 D OkHttp : --> GET https://testsaig1.gienger.cz/GiengerService.svc/manifests http/1.1
08-29 12:08:38.688 15216 17153 D OkHttp : state: SK
08-29 12:08:38.688 15216 17153 D OkHttp : token: 1e4498345484ae2c87bb478183b32785
08-29 12:08:38.688 15216 17153 D OkHttp : --> END GET
08-29 12:08:38.699 15216 15216 D TextView: SYANI: Clipboard API is calling: clearFilter()
08-29 12:08:38.699 15216 15216 D TextView: SYANI: Clipboard API is calling: unregisterClipboardEventListener()
08-29 12:08:38.701 15216 15216 D TextView: SYANI: Clipboard API is calling: clearFilter()
08-29 12:08:38.701 15216 15216 D TextView: SYANI: Clipboard API is calling: unregisterClipboardEventListener()
08-29 12:08:38.709 15216 15216 D ViewRootImpl@f16009a[LoginActivity]: mHardwareRenderer.destroy()#4
08-29 12:08:38.709 15216 15216 D ViewRootImpl@f16009a[LoginActivity]: dispatchDetachedFromWindow
08-29 12:08:38.710 15216 15216 D InputTransport: Input channel destroyed: fd=64
08-29 12:08:38.743 15216 15216 D FILES : /data/user/0/cz.gienger.mobile/files/delivery
08-29 12:08:38.761 15216 17317 D MYINTERCEPTOR: /GiengerService.svc/manifests
08-29 12:08:38.762 15216 17317 D OkHttp : --> GET https://testsaig1.gienger.cz/GiengerService.svc/manifests http/1.1
08-29 12:08:38.763 15216 17317 D OkHttp : state: SK
08-29 12:08:38.763 15216 17317 D OkHttp : token: 1e4498345484ae2c87bb478183b32785
08-29 12:08:38.763 15216 17317 D OkHttp : --> END GET
08-29 12:08:38.782 15216 17318 D MYINTERCEPTOR: /GiengerService.svc/manifests
08-29 12:08:38.783 15216 17318 D OkHttp : --> GET https://testsaig1.gienger.cz/GiengerService.svc/manifests http/1.1
08-29 12:08:38.784 15216 17318 D OkHttp : state: SK
08-29 12:08:38.784 15216 17318 D OkHttp : token: 1e4498345484ae2c87bb478183b32785
08-29 12:08:38.784 15216 17318 D OkHttp : --> END GET
08-29 12:08:38.785 15216 15216 D ViewRootImpl@860f0b8[LoginActivity]: ThreadedRenderer.create() translucent=false
08-29 12:08:38.788 15216 15216 D InputTransport: Input channel constructed: fd=64
08-29 12:08:38.788 15216 15216 D ViewRootImpl@860f0b8[LoginActivity]: setView = DecorView@eebe91[LoginActivity] touchMode=true
08-29 12:08:38.790 15216 15216 D ViewRootImpl@860f0b8[LoginActivity]: dispatchAttachedToWindow
08-29 12:08:38.811 15216 17153 D OkHttp : <-- 200 https://testsaig1.gienger.cz/GiengerService.svc/manifests (123ms)
08-29 12:08:38.811 15216 17153 D OkHttp : content-type: application/xml; charset=utf-8
08-29 12:08:38.811 15216 17153 D OkHttp : server: Microsoft-IIS/10.0
08-29 12:08:38.811 15216 17153 D OkHttp : x-powered-by: ASP.NET
08-29 12:08:38.811 15216 17153 D OkHttp : date: Wed, 29 Aug 2018 10:08:36 GMT
08-29 12:08:38.811 15216 17153 D OkHttp : content-length: 1100
08-29 12:08:38.812 15216 17153 D OkHttp : <-- END HTTP
08-29 12:08:38.824 15216 15216 D ViewRootImpl@860f0b8[LoginActivity]: Relayout returned: oldFrame=[0,0][0,0] newFrame=[0,0][768,1024] result=0x27 surface={isValid=true -1961283584} surfaceGenerationChanged=true
08-29 12:08:38.824 15216 15216 D ViewRootImpl@860f0b8[LoginActivity]: mHardwareRenderer.initialize() mSurface={isValid=true -1961283584} hwInitialized=true
08-29 12:08:38.827 15216 15216 D AbsListView: in onLayout changed
08-29 12:08:38.828 15216 15216 E ViewRootImpl: sendUserActionEvent() returned.
08-29 12:08:38.828 15216 15216 E ViewRootImpl: sendUserActionEvent() returned.
08-29 12:08:38.856 15216 15216 D DOWNLOAD_MANIFESTS: success
08-29 12:08:38.862 15216 15216 D ViewRootImpl@860f0b8[LoginActivity]: MSG_RESIZED_REPORT: frame=Rect(0, 0 - 768, 1024) ci=Rect(0, 24 - 0, 320) vi=Rect(0, 24 - 0, 320) or=1
08-29 12:08:38.863 15216 15216 D ViewRootImpl@860f0b8[LoginActivity]: MSG_WINDOW_FOCUS_CHANGED 1
08-29 12:08:38.863 15216 15216 D ViewRootImpl@860f0b8[LoginActivity]: mHardwareRenderer.initializeIfNeeded()#2 mSurface={isValid=true -1961283584}
08-29 12:08:38.864 15216 15216 V InputMethodManager: Starting input: tba=android.view.inputmethod.EditorInfo@57c782 nm : cz.gienger.mobile ic=null
08-29 12:08:38.864 15216 15216 I InputMethodManager: startInputInner - mService.startInputOrWindowGainedFocus
08-29 12:08:38.888 15216 15216 D InputTransport: Input channel constructed: fd=68
08-29 12:08:38.888 15216 15216 D InputTransport: Input channel destroyed: fd=78
08-29 12:08:38.894 15216 15216 E ViewRootImpl: sendUserActionEvent() returned.
08-29 12:08:38.896 15216 15216 W IInputConnectionWrapper: finishComposingText on inactive InputConnection
08-29 12:08:38.896 15216 15216 W IInputConnectionWrapper: performPrivateCommand on inactive InputConnection
08-29 12:08:38.913 15216 15216 W IInputConnectionWrapper: finishComposingText on inactive InputConnection
08-29 12:08:38.931 15216 17317 D OkHttp : <-- 200 https://testsaig1.gienger.cz/GiengerService.svc/manifests (168ms)
08-29 12:08:38.931 15216 17318 D OkHttp : <-- 200 https://testsaig1.gienger.cz/GiengerService.svc/manifests (146ms)
08-29 12:08:38.931 15216 17317 D OkHttp : content-type: application/xml; charset=utf-8
08-29 12:08:38.931 15216 17317 D OkHttp : server: Microsoft-IIS/10.0
08-29 12:08:38.931 15216 17318 D OkHttp : content-type: application/xml; charset=utf-8
08-29 12:08:38.931 15216 17317 D OkHttp : x-powered-by: ASP.NET
08-29 12:08:38.931 15216 17318 D OkHttp : server: Microsoft-IIS/10.0
08-29 12:08:38.932 15216 17318 D OkHttp : x-powered-by: ASP.NET
08-29 12:08:38.932 15216 17317 D OkHttp : date: Wed, 29 Aug 2018 10:08:36 GMT
08-29 12:08:38.932 15216 17317 D OkHttp : content-length: 1100
08-29 12:08:38.932 15216 17318 D OkHttp : date: Wed, 29 Aug 2018 10:08:36 GMT
08-29 12:08:38.932 15216 17317 D OkHttp : <-- END HTTP
08-29 12:08:38.932 15216 17318 D OkHttp : content-length: 1100
08-29 12:08:38.932 15216 17318 D OkHttp : <-- END HTTP
08-29 12:08:38.947 15216 15216 D DOWNLOAD_MANIFESTS: success
08-29 12:08:38.955 15216 15216 D ViewRootImpl@860f0b8[LoginActivity]: MSG_RESIZED: frame=Rect(0, 0 - 768, 1024) ci=Rect(0, 24 - 0, 0) vi=Rect(0, 24 - 0, 0) or=1
08-29 12:08:38.970 15216 15216 D ViewRootImpl@860f0b8[LoginActivity]: Relayout returned: oldFrame=[0,0][768,1024] newFrame=[0,0][768,1024] result=0x1 surface={isValid=true -1961283584} surfaceGenerationChanged=false
08-29 12:08:38.972 15216 15216 D AbsListView: in onLayout changed
08-29 12:08:38.978 15216 15216 D DOWNLOAD_MANIFESTS: success
08-29 12:08:39.035 15216 15216 V InputMethodManager: Starting input: tba=android.view.inputmethod.EditorInfo@5c688fe nm : cz.gienger.mobile ic=null
08-29 12:08:39.035 15216 15216 I InputMethodManager: startInputInner - mService.startInputOrWindowGainedFocus
08-29 12:08:39.036 15216 15216 D InputTransport: Input channel constructed: fd=78
08-29 12:08:39.036 15216 15216 D InputTransport: Input channel destroyed: fd=68
08-29 12:08:40.337 15216 15216 D ViewRootImpl@860f0b8[LoginActivity]: ViewPostImeInputStage processPointer 0
08-29 12:08:40.408 15216 15216 D ViewRootImpl@860f0b8[LoginActivity]: ViewPostImeInputStage processPointer 1
08-29 12:08:40.408 15216 15216 D AbsListView: onTouchUp() mTouchMode : 0
08-29 12:08:41.270 15216 15216 D ViewRootImpl@860f0b8[LoginActivity]: ViewPostImeInputStage processPointer 0
08-29 12:08:41.344 15216 15216 D ViewRootImpl@860f0b8[LoginActivity]: ViewPostImeInputStage processPointer 1
08-29 12:08:41.360 15216 15216 D InputMethodManager: HSIFW - flag : 0 Pid : 15216
08-29 12:08:41.374 15216 15216 D AbsListView: in onLayout changed
08-29 12:08:42.870 15216 15216 D ViewRootImpl@860f0b8[LoginActivity]: ViewPostImeInputStage processPointer 0
08-29 12:08:42.940 15216 15216 D ViewRootImpl@860f0b8[LoginActivity]: ViewPostImeInputStage processPointer 1
08-29 12:08:42.941 15216 15216 D AbsListView: onTouchUp() mTouchMode : 0
08-29 12:08:43.762 15216 15216 D ViewRootImpl@860f0b8[LoginActivity]: ViewPostImeInputStage processPointer 0
08-29 12:08:43.836 15216 15216 D ViewRootImpl@860f0b8[LoginActivity]: ViewPostImeInputStage processPointer 1
08-29 12:08:43.862 15216 15216 D ScrollView: initGoToTop
08-29 12:08:43.867 15216 15216 D ScrollView: initGoToTop
08-29 12:08:43.875 15216 15216 D ViewRootImpl@788dced[LoginActivity]: ThreadedRenderer.create() translucent=true
08-29 12:08:43.881 15216 15216 D InputTransport: Input channel constructed: fd=72
08-29 12:08:43.881 15216 15216 D ViewRootImpl@788dced[LoginActivity]: setView = DecorView@4e47722[LoginActivity] touchMode=true
08-29 12:08:43.882 15216 17318 D MYINTERCEPTOR: /GiengerService.svc/manifestinfo
08-29 12:08:43.883 15216 17318 D OkHttp : --> POST https://testsaig1.gienger.cz/GiengerService.svc/manifestinfo http/1.1
08-29 12:08:43.883 15216 17318 D OkHttp : Content-Length: 0
08-29 12:08:43.883 15216 17318 D OkHttp : state: SK
08-29 12:08:43.883 15216 17318 D OkHttp : id: P02_trasa_P02-03_ranni_30_07_2018
08-29 12:08:43.883 15216 17318 D OkHttp : token: 1e4498345484ae2c87bb478183b32785
08-29 12:08:43.883 15216 17318 D OkHttp : --> END POST
08-29 12:08:43.884 15216 15216 D ViewRootImpl@788dced[LoginActivity]: dispatchAttachedToWindow
08-29 12:08:43.915 15216 15216 D ViewRootImpl@788dced[LoginActivity]: Relayout returned: oldFrame=[0,0][0,0] newFrame=[108,466][660,582] result=0x27 surface={isValid=true -1956739072} surfaceGenerationChanged=true
08-29 12:08:43.915 15216 15216 D ViewRootImpl@788dced[LoginActivity]: mHardwareRenderer.initialize() mSurface={isValid=true -1956739072} hwInitialized=true
08-29 12:08:43.931 15216 15216 D ViewRootImpl@788dced[LoginActivity]: MSG_WINDOW_FOCUS_CHANGED 1
08-29 12:08:43.931 15216 15216 D ViewRootImpl@788dced[LoginActivity]: mHardwareRenderer.initializeIfNeeded()#2 mSurface={isValid=true -1956739072}
08-29 12:08:43.944 15216 15216 D ViewRootImpl@788dced[LoginActivity]: MSG_RESIZED_REPORT: frame=Rect(108, 466 - 660, 582) ci=Rect(0, 0 - 0, 0) vi=Rect(0, 0 - 0, 0) or=1
08-29 12:08:43.965 15216 15216 D ViewRootImpl@860f0b8[LoginActivity]: MSG_WINDOW_FOCUS_CHANGED 0
08-29 12:08:44.021 15216 17318 D OkHttp : <-- 200 https://testsaig1.gienger.cz/GiengerService.svc/manifestinfo (137ms)
08-29 12:08:44.021 15216 17318 D OkHttp : content-type: application/xml; charset=utf-8
08-29 12:08:44.021 15216 17318 D OkHttp : server: Microsoft-IIS/10.0
08-29 12:08:44.021 15216 17318 D OkHttp : x-powered-by: ASP.NET
08-29 12:08:44.021 15216 17318 D OkHttp : date: Wed, 29 Aug 2018 10:08:41 GMT
08-29 12:08:44.021 15216 17318 D OkHttp : content-length: 387
08-29 12:08:44.021 15216 17318 D OkHttp : <-- END HTTP
08-29 12:08:44.051 15216 17324 D MYINTERCEPTOR: /GiengerService.svc/corrections
08-29 12:08:44.053 15216 17324 D OkHttp : --> GET https://testsaig1.gienger.cz/GiengerService.svc/corrections http/1.1
08-29 12:08:44.053 15216 17324 D OkHttp : token: 1e4498345484ae2c87bb478183b32785
08-29 12:08:44.053 15216 17324 D OkHttp : --> END GET
08-29 12:08:44.171 15216 17324 D OkHttp : <-- 200 https://testsaig1.gienger.cz/GiengerService.svc/corrections (117ms)
08-29 12:08:44.171 15216 17324 D OkHttp : content-type: application/xml; charset=utf-8
08-29 12:08:44.172 15216 17324 D OkHttp : server: Microsoft-IIS/10.0
08-29 12:08:44.172 15216 17324 D OkHttp : x-powered-by: ASP.NET
08-29 12:08:44.172 15216 17324 D OkHttp : date: Wed, 29 Aug 2018 10:08:41 GMT
08-29 12:08:44.172 15216 17324 D OkHttp : content-length: 1267
08-29 12:08:44.172 15216 17324 D OkHttp : <-- END HTTP
08-29 12:08:44.188 15216 17324 D MYINTERCEPTOR: /GiengerService.svc/getorder
08-29 12:08:44.190 15216 17324 D OkHttp : --> POST https://testsaig1.gienger.cz/GiengerService.svc/getorder http/1.1
08-29 12:08:44.190 15216 17324 D OkHttp : Content-Length: 0
08-29 12:08:44.190 15216 17324 D OkHttp : name: 130RT1180402180.xml
08-29 12:08:44.190 15216 17324 D OkHttp : token: 1e4498345484ae2c87bb478183b32785
08-29 12:08:44.190 15216 17324 D OkHttp : --> END POST
08-29 12:08:44.323 15216 17324 D OkHttp : <-- 200 https://testsaig1.gienger.cz/GiengerService.svc/getorder (132ms)
08-29 12:08:44.323 15216 17324 D OkHttp : content-type: application/xml; charset=utf-8
08-29 12:08:44.323 15216 17324 D OkHttp : server: Microsoft-IIS/10.0
08-29 12:08:44.323 15216 17324 D OkHttp : checksum: 10c4bcb112352a1080563e7c222af2c2
08-29 12:08:44.323 15216 17324 D OkHttp : x-powered-by: ASP.NET
08-29 12:08:44.324 15216 17324 D OkHttp : date: Wed, 29 Aug 2018 10:08:41 GMT
08-29 12:08:44.324 15216 17324 D OkHttp : content-length: 153783
08-29 12:08:44.324 15216 17324 D OkHttp : <-- END HTTP
08-29 12:08:44.524 15216 17324 D MYINTERCEPTOR: /GiengerService.svc/getorder
08-29 12:08:44.525 15216 17324 D OkHttp : --> POST https://testsaig1.gienger.cz/GiengerService.svc/getorder http/1.1
08-29 12:08:44.525 15216 17324 D OkHttp : Content-Length: 0
08-29 12:08:44.525 15216 17324 D OkHttp : name: 130PT1180605315.xml
08-29 12:08:44.526 15216 17324 D OkHttp : token: 1e4498345484ae2c87bb478183b32785
08-29 12:08:44.526 15216 17324 D OkHttp : --> END POST
08-29 12:08:44.552 15216 17324 D OkHttp : <-- 200 https://testsaig1.gienger.cz/GiengerService.svc/getorder (26ms)
08-29 12:08:44.553 15216 17324 D OkHttp : content-type: application/xml; charset=utf-8
08-29 12:08:44.553 15216 17324 D OkHttp : server: Microsoft-IIS/10.0
08-29 12:08:44.553 15216 17324 D OkHttp : checksum: 41a8624a5514e967a8268235aa3b5da0
08-29 12:08:44.553 15216 17324 D OkHttp : x-powered-by: ASP.NET
08-29 12:08:44.553 15216 17324 D OkHttp : date: Wed, 29 Aug 2018 10:08:41 GMT
08-29 12:08:44.553 15216 17324 D OkHttp : content-length: 158770
08-29 12:08:44.553 15216 17324 D OkHttp : <-- END HTTP
08-29 12:08:44.620 15216 17324 D MYINTERCEPTOR: /GiengerService.svc/getorder
08-29 12:08:44.621 15216 17324 D OkHttp : --> POST https://testsaig1.gienger.cz/GiengerService.svc/getorder http/1.1
08-29 12:08:44.621 15216 17324 D OkHttp : Content-Length: 0
08-29 12:08:44.621 15216 17324 D OkHttp : name: 130PT1180605359.xml
08-29 12:08:44.621 15216 17324 D OkHttp : token: 1e4498345484ae2c87bb478183b32785
08-29 12:08:44.621 15216 17324 D OkHttp : --> END POST
08-29 12:08:44.659 15216 17324 D OkHttp : <-- 200 https://testsaig1.gienger.cz/GiengerService.svc/getorder (38ms)
08-29 12:08:44.659 15216 17324 D OkHttp : content-type: application/xml; charset=utf-8
08-29 12:08:44.659 15216 17324 D OkHttp : server: Microsoft-IIS/10.0
08-29 12:08:44.660 15216 17324 D OkHttp : checksum: 82f6c4d2f6503f61a27b50678bae7f9f
08-29 12:08:44.660 15216 17324 D OkHttp : x-powered-by: ASP.NET
08-29 12:08:44.660 15216 17324 D OkHttp : date: Wed, 29 Aug 2018 10:08:41 GMT
08-29 12:08:44.660 15216 17324 D OkHttp : content-length: 158722
08-29 12:08:44.660 15216 17324 D OkHttp : <-- END HTTP
08-29 12:08:44.735 15216 17324 D MYINTERCEPTOR: /GiengerService.svc/getorder
08-29 12:08:44.736 15216 17324 D OkHttp : --> POST https://testsaig1.gienger.cz/GiengerService.svc/getorder http/1.1
08-29 12:08:44.736 15216 17324 D OkHttp : Content-Length: 0
08-29 12:08:44.736 15216 17324 D OkHttp : name: 130PT1180305402.xml
08-29 12:08:44.736 15216 17324 D OkHttp : token: 1e4498345484ae2c87bb478183b32785
08-29 12:08:44.736 15216 17324 D OkHttp : --> END POST
08-29 12:08:44.778 15216 17324 D OkHttp : <-- 200 https://testsaig1.gienger.cz/GiengerService.svc/getorder (41ms)
08-29 12:08:44.779 15216 17324 D OkHttp : content-type: application/xml; charset=utf-8
08-29 12:08:44.779 15216 17324 D OkHttp : server: Microsoft-IIS/10.0
08-29 12:08:44.779 15216 17324 D OkHttp : checksum: ef5c39138f8bd15a4b47c37196d40d9b
08-29 12:08:44.781 15216 17324 D OkHttp : x-powered-by: ASP.NET
08-29 12:08:44.781 15216 17324 D OkHttp : date: Wed, 29 Aug 2018 10:08:41 GMT
08-29 12:08:44.782 15216 17324 D OkHttp : content-length: 186789
08-29 12:08:44.782 15216 17324 D OkHttp : <-- END HTTP
08-29 12:08:44.873 15216 17324 D MYINTERCEPTOR: /GiengerService.svc/getorder
08-29 12:08:44.874 15216 17324 D OkHttp : --> POST https://testsaig1.gienger.cz/GiengerService.svc/getorder http/1.1
08-29 12:08:44.874 15216 17324 D OkHttp : Content-Length: 0
08-29 12:08:44.874 15216 17324 D OkHttp : name: 130RT1180207078.xml
08-29 12:08:44.874 15216 17324 D OkHttp : token: 1e4498345484ae2c87bb478183b32785
08-29 12:08:44.874 15216 17324 D OkHttp : --> END POST
08-29 12:08:44.904 15216 17324 D OkHttp : <-- 200 https://testsaig1.gienger.cz/GiengerService.svc/getorder (29ms)
08-29 12:08:44.905 15216 17324 D OkHttp : content-type: application/xml; charset=utf-8
08-29 12:08:44.905 15216 17324 D OkHttp : server: Microsoft-IIS/10.0
08-29 12:08:44.905 15216 17324 D OkHttp : checksum: ffd88840afdba4913fb767ce61b0057b
08-29 12:08:44.905 15216 17324 D OkHttp : x-powered-by: ASP.NET
08-29 12:08:44.905 15216 17324 D OkHttp : date: Wed, 29 Aug 2018 10:08:41 GMT
08-29 12:08:44.905 15216 17324 D OkHttp : content-length: 158679
08-29 12:08:44.905 15216 17324 D OkHttp : <-- END HTTP
08-29 12:08:44.973 15216 17324 D MYINTERCEPTOR: /GiengerService.svc/getorder
08-29 12:08:44.974 15216 17324 D OkHttp : --> POST https://testsaig1.gienger.cz/GiengerService.svc/getorder http/1.1
08-29 12:08:44.974 15216 17324 D OkHttp : Content-Length: 0
08-29 12:08:44.974 15216 17324 D OkHttp : name: 130PT1180305301.xml
08-29 12:08:44.974 15216 17324 D OkHttp : token: 1e4498345484ae2c87bb478183b32785
08-29 12:08:44.974 15216 17324 D OkHttp : --> END POST
08-29 12:08:45.260 15216 17324 D OkHttp : <-- 200 https://testsaig1.gienger.cz/GiengerService.svc/getorder (285ms)
08-29 12:08:45.260 15216 17324 D OkHttp : content-type: application/xml; charset=utf-8
08-29 12:08:45.260 15216 17324 D OkHttp : server: Microsoft-IIS/10.0
08-29 12:08:45.262 15216 17324 D OkHttp : checksum: 1efaa307d9be703d075b368a344d04a4
08-29 12:08:45.262 15216 17324 D OkHttp : x-powered-by: ASP.NET
08-29 12:08:45.262 15216 17324 D OkHttp : date: Wed, 29 Aug 2018 10:08:42 GMT
08-29 12:08:45.262 15216 17324 D OkHttp : content-length: 183791
08-29 12:08:45.262 15216 17324 D OkHttp : <-- END HTTP
08-29 12:08:45.361 15216 17324 D MYINTERCEPTOR: /GiengerService.svc/getorder
08-29 12:08:45.362 15216 17324 D OkHttp : --> POST https://testsaig1.gienger.cz/GiengerService.svc/getorder http/1.1
08-29 12:08:45.362 15216 17324 D OkHttp : Content-Length: 0
08-29 12:08:45.362 15216 17324 D OkHttp : name: 130PT1180305117.xml
08-29 12:08:45.362 15216 17324 D OkHttp : token: 1e4498345484ae2c87bb478183b32785
08-29 12:08:45.362 15216 17324 D OkHttp : --> END POST
08-29 12:08:45.456 15216 17324 D OkHttp : <-- 200 https://testsaig1.gienger.cz/GiengerService.svc/getorder (94ms)
08-29 12:08:45.457 15216 17324 D OkHttp : content-type: application/xml; charset=utf-8
08-29 12:08:45.457 15216 17324 D OkHttp : server: Microsoft-IIS/10.0
08-29 12:08:45.457 15216 17324 D OkHttp : checksum: 02e7fc6ec0d161d8c9b27e75780a6d25
08-29 12:08:45.457 15216 17324 D OkHttp : x-powered-by: ASP.NET
08-29 12:08:45.457 15216 17324 D OkHttp : date: Wed, 29 Aug 2018 10:08:42 GMT
08-29 12:08:45.458 15216 17324 D OkHttp : content-length: 160948
08-29 12:08:45.458 15216 17324 D OkHttp : <-- END HTTP
08-29 12:08:45.539 15216 17324 D MYINTERCEPTOR: /GiengerService.svc/getorder
08-29 12:08:45.540 15216 17324 D OkHttp : --> POST https://testsaig1.gienger.cz/GiengerService.svc/getorder http/1.1
08-29 12:08:45.540 15216 17324 D OkHttp : Content-Length: 0
08-29 12:08:45.540 15216 17324 D OkHttp : name: 130PT1180305384.xml
08-29 12:08:45.540 15216 17324 D OkHttp : token: 1e4498345484ae2c87bb478183b32785
08-29 12:08:45.540 15216 17324 D OkHttp : --> END POST
08-29 12:08:45.782 15216 17324 D OkHttp : <-- 200 https://testsaig1.gienger.cz/GiengerService.svc/getorder (241ms)
08-29 12:08:45.782 15216 17324 D OkHttp : content-type: application/xml; charset=utf-8
08-29 12:08:45.783 15216 17324 D OkHttp : server: Microsoft-IIS/10.0
08-29 12:08:45.783 15216 17324 D OkHttp : checksum: 70149e7b6540ef181b52fab370207416
08-29 12:08:45.783 15216 17324 D OkHttp : x-powered-by: ASP.NET
08-29 12:08:45.783 15216 17324 D OkHttp : date: Wed, 29 Aug 2018 10:08:42 GMT
08-29 12:08:45.784 15216 17324 D OkHttp : content-length: 165146
08-29 12:08:45.784 15216 17324 D OkHttp : <-- END HTTP
08-29 12:08:45.877 15216 17324 D MYINTERCEPTOR: /GiengerService.svc/getorder
08-29 12:08:45.878 15216 17324 D OkHttp : --> POST https://testsaig1.gienger.cz/GiengerService.svc/getorder http/1.1
08-29 12:08:45.878 15216 17324 D OkHttp : Content-Length: 0
08-29 12:08:45.878 15216 17324 D OkHttp : name: 130PT1180605316.xml
08-29 12:08:45.878 15216 17324 D OkHttp : token: 1e4498345484ae2c87bb478183b32785
08-29 12:08:45.878 15216 17324 D OkHttp : --> END POST
08-29 12:08:45.986 15216 17324 D OkHttp : <-- 200 https://testsaig1.gienger.cz/GiengerService.svc/getorder (107ms)
08-29 12:08:45.987 15216 17324 D OkHttp : content-type: application/xml; charset=utf-8
08-29 12:08:45.987 15216 17324 D OkHttp : server: Microsoft-IIS/10.0
08-29 12:08:45.987 15216 17324 D OkHttp : checksum: fe626a2f05a59a689513cb3f2bed20a2
08-29 12:08:45.987 15216 17324 D OkHttp : x-powered-by: ASP.NET
08-29 12:08:45.987 15216 17324 D OkHttp : date: Wed, 29 Aug 2018 10:08:42 GMT
08-29 12:08:45.988 15216 17324 D OkHttp : content-length: 158859
08-29 12:08:45.988 15216 17324 D OkHttp : <-- END HTTP
08-29 12:08:46.091 15216 15216 D ViewRootImpl@788dced[LoginActivity]: mHardwareRenderer.destroy()#4
08-29 12:08:46.091 15216 15216 D ViewRootImpl@788dced[LoginActivity]: dispatchDetachedFromWindow
08-29 12:08:46.099 15216 15216 D InputTransport: Input channel destroyed: fd=72
