--------- beginning of main
08-29 11:55:42.474 15216 15216 D ViewRootImpl@5215e46[LogcatActivity]: Relayout returned: oldFrame=[237,468][531,580] newFrame=[267,468][500,580] result=0x21 surface={isValid=true -1920595968} surfaceGenerationChanged=false
08-29 11:55:42.476 15216 15216 D ViewRootImpl@5215e46[LogcatActivity]: mHardwareRenderer.updateSurface() mSurface={isValid=true -1920595968}
08-29 11:55:43.181 15216 16653 D OkHttp : <-- 200 https://testsaig1.gienger.cz/GiengerService.svc/sendlog (742ms)
08-29 11:55:43.181 15216 16653 D OkHttp : content-type: application/xml; charset=utf-8
08-29 11:55:43.181 15216 16653 D OkHttp : server: Microsoft-IIS/10.0
08-29 11:55:43.182 15216 16653 D OkHttp : x-powered-by: ASP.NET
08-29 11:55:43.182 15216 16653 D OkHttp : date: Wed, 29 Aug 2018 09:55:40 GMT
08-29 11:55:43.182 15216 16653 D OkHttp : content-length: 175
08-29 11:55:43.182 15216 16653 D OkHttp : <-- END HTTP
08-29 11:55:43.263 15216 15216 D ViewRootImpl@8ea20df[MainActivity]: MSG_WINDOW_FOCUS_CHANGED 1
08-29 11:55:43.263 15216 15216 D ViewRootImpl@8ea20df[MainActivity]: mHardwareRenderer.initializeIfNeeded()#2 mSurface={isValid=true -1920894976}
08-29 11:55:43.265 15216 15216 V InputMethodManager: Starting input: tba=android.view.inputmethod.EditorInfo@e8e9cce nm : cz.gienger.mobile ic=null
08-29 11:55:43.265 15216 15216 I InputMethodManager: startInputInner - mService.startInputOrWindowGainedFocus
08-29 11:55:43.267 15216 15216 D InputTransport: Input channel constructed: fd=70
08-29 11:55:43.267 15216 15216 D InputTransport: Input channel destroyed: fd=69
08-29 11:55:43.267 15216 15216 D ViewRootImpl@5215e46[LogcatActivity]: MSG_WINDOW_FOCUS_CHANGED 0
08-29 11:55:43.279 15216 15216 D ViewRootImpl@5215e46[LogcatActivity]: mHardwareRenderer.destroy()#1
08-29 11:55:43.288 15216 15216 D ViewRootImpl@5215e46[LogcatActivity]: Relayout returned: oldFrame=[267,468][500,580] newFrame=[267,468][500,580] result=0x5 surface={isValid=false 0} surfaceGenerationChanged=true
08-29 11:55:43.316 15216 15216 D ScrollView: initGoToTop
08-29 11:55:43.326 15216 15216 D ViewRootImpl@aa1cb8a[MainActivity]: ThreadedRenderer.create() translucent=true
08-29 11:55:43.331 15216 15216 D InputTransport: Input channel constructed: fd=66
08-29 11:55:43.331 15216 15216 D ViewRootImpl@aa1cb8a[MainActivity]: setView = DecorView@9a3e5fb[MainActivity] touchMode=true
08-29 11:55:43.333 15216 15216 D ViewRootImpl@aa1cb8a[MainActivity]: dispatchAttachedToWindow
08-29 11:55:43.375 15216 15216 D ViewRootImpl@aa1cb8a[MainActivity]: Relayout returned: oldFrame=[0,0][0,0] newFrame=[108,423][660,624] result=0x27 surface={isValid=true -1914869760} surfaceGenerationChanged=true
08-29 11:55:43.375 15216 15216 D ViewRootImpl@aa1cb8a[MainActivity]: mHardwareRenderer.initialize() mSurface={isValid=true -1914869760} hwInitialized=true
08-29 11:55:43.380 15216 15216 D ScrollView: onsize change changed
08-29 11:55:43.381 15216 15216 D ViewRootImpl@aa1cb8a[MainActivity]: MSG_WINDOW_FOCUS_CHANGED 1
08-29 11:55:43.381 15216 15216 D ViewRootImpl@aa1cb8a[MainActivity]: mHardwareRenderer.initializeIfNeeded()#2 mSurface={isValid=true -1914869760}
08-29 11:55:43.389 15216 15216 D ViewRootImpl@aa1cb8a[MainActivity]: MSG_RESIZED_REPORT: frame=Rect(108, 423 - 660, 624) ci=Rect(0, 0 - 0, 0) vi=Rect(0, 0 - 0, 0) or=1
08-29 11:55:43.408 15216 15216 D ViewRootImpl@8ea20df[MainActivity]: MSG_WINDOW_FOCUS_CHANGED 0
08-29 11:55:43.476 15216 15216 D ViewRootImpl@5215e46[LogcatActivity]: mHardwareRenderer.destroy()#4
08-29 11:55:43.476 15216 15216 D ViewRootImpl@5215e46[LogcatActivity]: dispatchDetachedFromWindow
08-29 11:55:43.505 15216 15216 D InputTransport: Input channel destroyed: fd=67
08-29 11:55:47.015 15216 15216 D ViewRootImpl@aa1cb8a[MainActivity]: ViewPostImeInputStage processPointer 0
08-29 11:55:47.119 15216 15216 D ViewRootImpl@aa1cb8a[MainActivity]: ViewPostImeInputStage processPointer 1
08-29 11:55:47.148 15216 15216 D ViewRootImpl@aa1cb8a[MainActivity]: mHardwareRenderer.destroy()#4
08-29 11:55:47.148 15216 15216 D ViewRootImpl@aa1cb8a[MainActivity]: dispatchDetachedFromWindow
08-29 11:55:47.156 15216 15216 D InputTransport: Input channel destroyed: fd=66
08-29 11:55:47.156 15216 15216 D ViewRootImpl@8ea20df[MainActivity]: MSG_WINDOW_FOCUS_CHANGED 1
08-29 11:55:47.157 15216 15216 D ViewRootImpl@8ea20df[MainActivity]: mHardwareRenderer.initializeIfNeeded()#2 mSurface={isValid=true -1920894976}
08-29 11:55:47.160 15216 15216 E ViewRootImpl: sendUserActionEvent() returned.
08-29 11:55:48.260 15216 15216 D ViewRootImpl@8ea20df[MainActivity]: ViewPostImeInputStage processPointer 0
08-29 11:55:48.311 15216 15216 D AbsListView: reportScrollStateChange() newState : 1
08-29 11:55:48.712 15216 15216 D ViewRootImpl@8ea20df[MainActivity]: ViewPostImeInputStage processPointer 1
08-29 11:55:48.713 15216 15216 D AbsListView: onTouchUp() mTouchMode : 3
08-29 11:55:48.713 15216 15216 D AbsListView: onTouchUp() TOUCH_MODE_SCROLL initialVelocity : 257
08-29 11:55:48.713 15216 15216 D AbsListView: reportScrollStateChange() newState : 2
08-29 11:55:48.945 15216 15216 D AbsListView: reportScrollStateChange() newState : 0
08-29 11:55:49.322 15216 15216 D ViewRootImpl@8ea20df[MainActivity]: ViewPostImeInputStage processPointer 0
08-29 11:55:49.383 15216 15216 D AbsListView: reportScrollStateChange() newState : 1
08-29 11:55:49.600 15216 15216 D ViewRootImpl@8ea20df[MainActivity]: ViewPostImeInputStage processPointer 1
08-29 11:55:49.600 15216 15216 D AbsListView: onTouchUp() mTouchMode : 3
08-29 11:55:49.600 15216 15216 D AbsListView: onTouchUp() TOUCH_MODE_SCROLL initialVelocity : -652
08-29 11:55:49.600 15216 15216 D AbsListView: reportScrollStateChange() newState : 2
08-29 11:55:50.030 15216 15216 D AbsListView: reportScrollStateChange() newState : 0
08-29 11:56:29.330 15216 15216 V InputMethodManager: Starting input: tba=android.view.inputmethod.EditorInfo@168e792 nm : cz.gienger.mobile ic=null
08-29 11:56:29.330 15216 15216 I InputMethodManager: startInputInner - mService.startInputOrWindowGainedFocus
08-29 11:56:29.331 15216 15216 D InputTransport: Input channel constructed: fd=66
08-29 11:56:29.331 15216 15216 D InputTransport: Input channel destroyed: fd=70
08-29 11:57:49.236 15216 15216 V InputMethodManager: Starting input: tba=android.view.inputmethod.EditorInfo@d254563 nm : cz.gienger.mobile ic=null
08-29 11:57:49.236 15216 15216 I InputMethodManager: startInputInner - mService.startInputOrWindowGainedFocus
08-29 11:57:49.238 15216 15216 D InputTransport: Input channel constructed: fd=63
08-29 11:57:49.238 15216 15216 D InputTransport: Input channel destroyed: fd=66
08-29 11:57:49.492 15216 15216 D ViewRootImpl@8ea20df[MainActivity]: Relayout returned: oldFrame=[0,0][768,1024] newFrame=[0,0][768,1024] result=0x1 surface={isValid=true -1920894976} surfaceGenerationChanged=false
08-29 11:57:49.580 15216 15216 D AbsListView: in onLayout changed
08-29 11:57:49.603 15216 15216 D ViewRootImpl@8ea20df[MainActivity]: MSG_RESIZED_REPORT: frame=Rect(0, 0 - 768, 1024) ci=Rect(0, 24 - 0, 0) vi=Rect(0, 24 - 0, 0) or=1
08-29 11:58:29.670 15216 15216 V InputMethodManager: Starting input: tba=android.view.inputmethod.EditorInfo@ec17daa nm : cz.gienger.mobile ic=null
08-29 11:58:29.671 15216 15216 I InputMethodManager: startInputInner - mService.startInputOrWindowGainedFocus
08-29 11:58:29.672 15216 15216 D InputTransport: Input channel constructed: fd=64
08-29 11:58:29.672 15216 15216 D InputTransport: Input channel destroyed: fd=63
08-29 11:59:32.219 15216 15216 V InputMethodManager: Starting input: tba=android.view.inputmethod.EditorInfo@8287d9b nm : cz.gienger.mobile ic=null
08-29 11:59:32.219 15216 15216 I InputMethodManager: startInputInner - mService.startInputOrWindowGainedFocus
08-29 11:59:32.220 15216 15216 D InputTransport: Input channel constructed: fd=63
08-29 11:59:32.220 15216 15216 D InputTransport: Input channel destroyed: fd=64
08-29 11:59:32.552 15216 15216 D AbsListView: in onLayout changed
08-29 11:59:32.574 15216 15216 D ViewRootImpl@8ea20df[MainActivity]: MSG_RESIZED_REPORT: frame=Rect(0, 0 - 768, 1024) ci=Rect(0, 24 - 0, 0) vi=Rect(0, 24 - 0, 0) or=1
08-29 11:59:33.367 15216 15216 D ViewRootImpl@8ea20df[MainActivity]: ViewPostImeInputStage processPointer 0
08-29 11:59:33.430 15216 15216 D AbsListView: reportScrollStateChange() newState : 1
08-29 11:59:33.526 15216 15216 D ViewRootImpl@8ea20df[MainActivity]: ViewPostImeInputStage processPointer 1
08-29 11:59:33.526 15216 15216 D AbsListView: onTouchUp() mTouchMode : 3
08-29 11:59:33.526 15216 15216 D AbsListView: onTouchUp() TOUCH_MODE_SCROLL initialVelocity : -1944
08-29 11:59:33.526 15216 15216 D AbsListView: reportScrollStateChange() newState : 2
08-29 11:59:33.698 15216 15216 D AbsListView: reportScrollStateChange() newState : 0
08-29 11:59:33.849 15216 15216 D ViewRootImpl@8ea20df[MainActivity]: ViewPostImeInputStage processPointer 0
08-29 11:59:33.883 15216 15216 D AbsListView: reportScrollStateChange() newState : 1
08-29 11:59:33.944 15216 15216 D ViewRootImpl@8ea20df[MainActivity]: ViewPostImeInputStage processPointer 1
08-29 11:59:33.944 15216 15216 D AbsListView: onTouchUp() mTouchMode : 3
08-29 11:59:33.944 15216 15216 D AbsListView: onTouchUp() TOUCH_MODE_SCROLL initialVelocity : 3589
08-29 11:59:33.944 15216 15216 D AbsListView: reportScrollStateChange() newState : 2
08-29 11:59:34.249 15216 15216 D AbsListView: reportScrollStateChange() newState : 0
08-29 11:59:34.510 15216 15216 D ViewRootImpl@8ea20df[MainActivity]: ViewPostImeInputStage processPointer 0
08-29 11:59:34.533 15216 15216 D AbsListView: reportScrollStateChange() newState : 1
08-29 11:59:34.617 15216 15216 D ViewRootImpl@8ea20df[MainActivity]: ViewPostImeInputStage processPointer 1
08-29 11:59:34.617 15216 15216 D AbsListView: onTouchUp() mTouchMode : 3
08-29 11:59:34.617 15216 15216 D AbsListView: onTouchUp() TOUCH_MODE_SCROLL initialVelocity : 0
08-29 11:59:34.617 15216 15216 D AbsListView: reportScrollStateChange() newState : 0
08-29 11:59:43.703 15216 15216 D ViewRootImpl@8ea20df[MainActivity]: MSG_WINDOW_FOCUS_CHANGED 0
08-29 11:59:43.731 15216 15216 D ViewRootImpl@8ea20df[MainActivity]: mHardwareRenderer.destroy()#1
08-29 11:59:43.740 15216 15216 D ViewRootImpl@8ea20df[MainActivity]: Relayout returned: oldFrame=[0,0][768,1024] newFrame=[0,0][768,1024] result=0x5 surface={isValid=false 0} surfaceGenerationChanged=true
08-29 11:59:43.762 15216 15216 D InputTransport: Input channel destroyed: fd=63
08-29 11:59:43.809 15216 15216 D ViewRootImpl@8ea20df[MainActivity]: mHardwareRenderer.destroy()#1
08-29 11:59:43.816 15216 15216 D ViewRootImpl@8ea20df[MainActivity]: Relayout returned: oldFrame=[0,0][768,1024] newFrame=[0,0][768,1024] result=0x1 surface={isValid=false 0} surfaceGenerationChanged=false
08-29 11:59:46.569 15216 15216 D ScrollView: initGoToTop
08-29 11:59:46.599 15216 15216 D ViewRootImpl@83668a[ExportActivity]: ThreadedRenderer.create() translucent=false
08-29 11:59:46.602 15216 15216 D InputTransport: Input channel constructed: fd=61
08-29 11:59:46.602 15216 15216 D ViewRootImpl@83668a[ExportActivity]: setView = DecorView@9ece4fb[ExportActivity] touchMode=true
08-29 11:59:46.611 15216 15216 D ViewRootImpl@83668a[ExportActivity]: dispatchAttachedToWindow
08-29 11:59:46.651 15216 15216 D ViewRootImpl@83668a[ExportActivity]: Relayout returned: oldFrame=[0,0][0,0] newFrame=[0,0][768,1024] result=0x27 surface={isValid=true -1915095040} surfaceGenerationChanged=true
08-29 11:59:46.651 15216 15216 D ViewRootImpl@83668a[ExportActivity]: mHardwareRenderer.initialize() mSurface={isValid=true -1915095040} hwInitialized=true
08-29 11:59:46.658 15216 15216 D ScrollView: onsize change changed
08-29 11:59:46.684 15216 15216 D ViewRootImpl@83668a[ExportActivity]: MSG_RESIZED_REPORT: frame=Rect(0, 0 - 768, 1024) ci=Rect(0, 24 - 0, 0) vi=Rect(0, 24 - 0, 0) or=1
08-29 11:59:46.684 15216 15216 D ViewRootImpl@83668a[ExportActivity]: MSG_WINDOW_FOCUS_CHANGED 1
08-29 11:59:46.684 15216 15216 D ViewRootImpl@83668a[ExportActivity]: mHardwareRenderer.initializeIfNeeded()#2 mSurface={isValid=true -1915095040}
08-29 11:59:46.685 15216 15216 V InputMethodManager: Starting input: tba=android.view.inputmethod.EditorInfo@cc42918 nm : cz.gienger.mobile ic=null
08-29 11:59:46.685 15216 15216 I InputMethodManager: startInputInner - mService.startInputOrWindowGainedFocus
08-29 11:59:46.691 15216 15216 D InputTransport: Input channel constructed: fd=63
08-29 11:59:48.626 15216 15216 D ViewRootImpl@83668a[ExportActivity]: ViewPostImeInputStage processPointer 0
08-29 11:59:48.675 15216 15216 D ViewRootImpl@83668a[ExportActivity]: ViewPostImeInputStage processPointer 1
08-29 11:59:48.708 15216 15216 D ScrollView: initGoToTop
08-29 11:59:48.716 15216 15216 D ViewRootImpl@c77a292[ExportActivity]: ThreadedRenderer.create() translucent=true
08-29 11:59:48.721 15216 15216 D InputTransport: Input channel constructed: fd=72
08-29 11:59:48.721 15216 15216 D ViewRootImpl@c77a292[ExportActivity]: setView = DecorView@164e463[ExportActivity] touchMode=true
08-29 11:59:48.723 15216 15216 D ViewRootImpl@c77a292[ExportActivity]: dispatchAttachedToWindow
08-29 11:59:48.757 15216 15216 D ViewRootImpl@c77a292[ExportActivity]: Relayout returned: oldFrame=[0,0][0,0] newFrame=[94,423][674,624] result=0x27 surface={isValid=true -1917259776} surfaceGenerationChanged=true
08-29 11:59:48.758 15216 15216 D ViewRootImpl@c77a292[ExportActivity]: mHardwareRenderer.initialize() mSurface={isValid=true -1917259776} hwInitialized=true
08-29 11:59:48.761 15216 15216 D ScrollView: onsize change changed
08-29 11:59:48.773 15216 15216 D ViewRootImpl@c77a292[ExportActivity]: MSG_WINDOW_FOCUS_CHANGED 1
08-29 11:59:48.773 15216 15216 D ViewRootImpl@c77a292[ExportActivity]: mHardwareRenderer.initializeIfNeeded()#2 mSurface={isValid=true -1917259776}
08-29 11:59:48.796 15216 15216 D ViewRootImpl@c77a292[ExportActivity]: MSG_RESIZED_REPORT: frame=Rect(94, 423 - 674, 624) ci=Rect(0, 0 - 0, 0) vi=Rect(0, 0 - 0, 0) or=1
08-29 11:59:48.826 15216 15216 D ViewRootImpl@83668a[ExportActivity]: MSG_WINDOW_FOCUS_CHANGED 0
08-29 11:59:51.653 15216 15216 D ViewRootImpl@c77a292[ExportActivity]: ViewPostImeInputStage processPointer 0
08-29 11:59:51.725 15216 15216 D ViewRootImpl@c77a292[ExportActivity]: ViewPostImeInputStage processPointer 1
08-29 11:59:51.771 15216 15216 D ScrollView: initGoToTop
08-29 11:59:51.778 15216 15216 D ScrollView: initGoToTop
08-29 11:59:51.787 15216 15216 D ViewRootImpl@13cc6c0[ExportActivity]: ThreadedRenderer.create() translucent=true
08-29 11:59:51.793 15216 15216 D InputTransport: Input channel constructed: fd=81
08-29 11:59:51.795 15216 15216 D ViewRootImpl@13cc6c0[ExportActivity]: setView = DecorView@3ef4ff9[ExportActivity] touchMode=true
08-29 11:59:51.799 15216 16775 D ALARM_REUPLOAD: cancelling alarm
08-29 11:59:51.815 15216 15216 D ViewRootImpl@c77a292[ExportActivity]: mHardwareRenderer.destroy()#4
08-29 11:59:51.815 15216 15216 D ViewRootImpl@c77a292[ExportActivity]: dispatchDetachedFromWindow
08-29 11:59:51.829 15216 15216 D InputTransport: Input channel destroyed: fd=72
08-29 11:59:51.831 15216 15216 D ViewRootImpl@13cc6c0[ExportActivity]: dispatchAttachedToWindow
08-29 11:59:51.859 15216 16776 D DELETING_DIRECTORY: /data/user/0/cz.gienger.mobile/files/delivery
08-29 11:59:51.860 15216 16776 D DELETING_DIRECTORY: exists /data/user/0/cz.gienger.mobile/files/delivery
08-29 11:59:51.860 15216 16776 D DELETING_DIRECTORY: /data/user/0/cz.gienger.mobile/files/delivery/130AT1180325847
08-29 11:59:51.860 15216 16776 D DELETING_DIRECTORY: exists /data/user/0/cz.gienger.mobile/files/delivery/130AT1180325847
08-29 11:59:51.860 15216 16776 D DELETING_DIRECTORY: /data/user/0/cz.gienger.mobile/files/delivery/130AT1180325847/corrections
08-29 11:59:51.861 15216 16776 D DELETING_DIRECTORY: exists /data/user/0/cz.gienger.mobile/files/delivery/130AT1180325847/corrections
08-29 11:59:51.861 15216 16776 D DELETING_DIRECTORY: file deleted /data/user/0/cz.gienger.mobile/files/delivery/130AT1180325847/130AT1180325847.pdf
08-29 11:59:51.862 15216 16776 D DELETING_DIRECTORY: /data/user/0/cz.gienger.mobile/files/delivery/130AT1180325848
08-29 11:59:51.862 15216 16776 D DELETING_DIRECTORY: exists /data/user/0/cz.gienger.mobile/files/delivery/130AT1180325848
08-29 11:59:51.862 15216 16776 D DELETING_DIRECTORY: /data/user/0/cz.gienger.mobile/files/delivery/130AT1180325848/corrections
08-29 11:59:51.862 15216 16776 D DELETING_DIRECTORY: exists /data/user/0/cz.gienger.mobile/files/delivery/130AT1180325848/corrections
08-29 11:59:51.863 15216 16776 D DELETING_DIRECTORY: file deleted /data/user/0/cz.gienger.mobile/files/delivery/130AT1180325848/130AT1180325848.pdf
08-29 11:59:51.863 15216 16776 D DELETING_DIRECTORY: /data/user/0/cz.gienger.mobile/files/delivery/130AT1180324980
08-29 11:59:51.863 15216 16776 D DELETING_DIRECTORY: exists /data/user/0/cz.gienger.mobile/files/delivery/130AT1180324980
08-29 11:59:51.863 15216 16776 D DELETING_DIRECTORY: /data/user/0/cz.gienger.mobile/files/delivery/130AT1180324980/corrections
08-29 11:59:51.863 15216 16776 D DELETING_DIRECTORY: exists /data/user/0/cz.gienger.mobile/files/delivery/130AT1180324980/corrections
08-29 11:59:51.864 15216 16776 D DELETING_DIRECTORY: file deleted /data/user/0/cz.gienger.mobile/files/delivery/130AT1180324980/130AT1180324980.pdf
08-29 11:59:51.864 15216 16776 D DELETING_DIRECTORY: /data/user/0/cz.gienger.mobile/files/delivery/130PT1180406252
08-29 11:59:51.864 15216 16776 D DELETING_DIRECTORY: exists /data/user/0/cz.gienger.mobile/files/delivery/130PT1180406252
08-29 11:59:51.865 15216 16776 D DELETING_DIRECTORY: /data/user/0/cz.gienger.mobile/files/delivery/130PT1180406252/corrections
08-29 11:59:51.865 15216 16776 D DELETING_DIRECTORY: exists /data/user/0/cz.gienger.mobile/files/delivery/130PT1180406252/corrections
08-29 11:59:51.865 15216 16776 D DELETING_DIRECTORY: /data/user/0/cz.gienger.mobile/files/delivery/130PT1180406296
08-29 11:59:51.865 15216 16776 D DELETING_DIRECTORY: exists /data/user/0/cz.gienger.mobile/files/delivery/130PT1180406296
08-29 11:59:51.865 15216 15216 D ViewRootImpl@13cc6c0[ExportActivity]: Relayout returned: oldFrame=[0,0][0,0] newFrame=[108,466][660,582] result=0x27 surface={isValid=true -1917259776} surfaceGenerationChanged=true
08-29 11:59:51.866 15216 16776 D DELETING_DIRECTORY: /data/user/0/cz.gienger.mobile/files/delivery/130PT1180406296/corrections
08-29 11:59:51.866 15216 16776 D DELETING_DIRECTORY: exists /data/user/0/cz.gienger.mobile/files/delivery/130PT1180406296/corrections
08-29 11:59:51.866 15216 15216 D ViewRootImpl@13cc6c0[ExportActivity]: mHardwareRenderer.initialize() mSurface={isValid=true -1917259776} hwInitialized=true
08-29 11:59:51.866 15216 16776 D DELETING_DIRECTORY: /data/user/0/cz.gienger.mobile/files/delivery/130PT1180406305
08-29 11:59:51.866 15216 16776 D DELETING_DIRECTORY: exists /data/user/0/cz.gienger.mobile/files/delivery/130PT1180406305
08-29 11:59:51.867 15216 16776 D DELETING_DIRECTORY: /data/user/0/cz.gienger.mobile/files/delivery/130PT1180406305/corrections
08-29 11:59:51.867 15216 16776 D DELETING_DIRECTORY: exists /data/user/0/cz.gienger.mobile/files/delivery/130PT1180406305/corrections
08-29 11:59:51.867 15216 16776 D DELETING_DIRECTORY: /data/user/0/cz.gienger.mobile/files/delivery/130PT1180305386
08-29 11:59:51.867 15216 16776 D DELETING_DIRECTORY: exists /data/user/0/cz.gienger.mobile/files/delivery/130PT1180305386
08-29 11:59:51.868 15216 16776 D DELETING_DIRECTORY: /data/user/0/cz.gienger.mobile/files/delivery/130PT1180305386/corrections
08-29 11:59:51.868 15216 16776 D DELETING_DIRECTORY: exists /data/user/0/cz.gienger.mobile/files/delivery/130PT1180305386/corrections
08-29 11:59:51.868 15216 16776 D DELETING_DIRECTORY: file deleted /data/user/0/cz.gienger.mobile/files/delivery/130PT1180305386/130PT1180305386.pdf
08-29 11:59:51.869 15216 16776 D DELETING_DIRECTORY: /data/user/0/cz.gienger.mobile/files/delivery/130PT1180210395
08-29 11:59:51.870 15216 16776 D DELETING_DIRECTORY: exists /data/user/0/cz.gienger.mobile/files/delivery/130PT1180210395
08-29 11:59:51.870 15216 16776 D DELETING_DIRECTORY: /data/user/0/cz.gienger.mobile/files/delivery/130PT1180210395/corrections
08-29 11:59:51.870 15216 16776 D DELETING_DIRECTORY: exists /data/user/0/cz.gienger.mobile/files/delivery/130PT1180210395/corrections
08-29 11:59:51.871 15216 15216 D ViewRootImpl@13cc6c0[ExportActivity]: MSG_WINDOW_FOCUS_CHANGED 1
08-29 11:59:51.871 15216 16776 D DELETING_DIRECTORY: file deleted /data/user/0/cz.gienger.mobile/files/delivery/130PT1180210395/130PT1180210395.pdf
08-29 11:59:51.871 15216 16776 D DELETING_DIRECTORY: /data/user/0/cz.gienger.mobile/files/delivery/130PT1180208735
08-29 11:59:51.871 15216 16776 D DELETING_DIRECTORY: exists /data/user/0/cz.gienger.mobile/files/delivery/130PT1180208735
08-29 11:59:51.872 15216 16776 D DELETING_DIRECTORY: /data/user/0/cz.gienger.mobile/files/delivery/130PT1180208735/corrections
08-29 11:59:51.872 15216 16776 D DELETING_DIRECTORY: exists /data/user/0/cz.gienger.mobile/files/delivery/130PT1180208735/corrections
08-29 11:59:51.872 15216 16776 D DELETING_DIRECTORY: file deleted /data/user/0/cz.gienger.mobile/files/delivery/130PT1180208735/130PT1180208735.pdf
08-29 11:59:51.873 15216 16776 D DELETING_DIRECTORY: /data/user/0/cz.gienger.mobile/files/finished
08-29 11:59:51.873 15216 16776 D DELETING_DIRECTORY: exists /data/user/0/cz.gienger.mobile/files/finished
08-29 11:59:51.875 15216 16776 D DELETING_DIRECTORY: /data/user/0/cz.gienger.mobile/files/finished/130PT1180406252
08-29 11:59:51.875 15216 16776 D DELETING_DIRECTORY: exists /data/user/0/cz.gienger.mobile/files/finished/130PT1180406252
08-29 11:59:51.875 15216 15216 D ViewRootImpl@13cc6c0[ExportActivity]: mHardwareRenderer.initializeIfNeeded()#2 mSurface={isValid=true -1917259776}
08-29 11:59:51.875 15216 16776 D DELETING_DIRECTORY: file deleted /data/user/0/cz.gienger.mobile/files/finished/130PT1180406252/130PT1180406252.pdf
08-29 11:59:51.876 15216 16776 D DELETING_DIRECTORY: file deleted /data/user/0/cz.gienger.mobile/files/finished/130PT1180406252/130PT1180406252.xml
08-29 11:59:51.876 15216 16776 D DELETING_DIRECTORY: /data/user/0/cz.gienger.mobile/files/finished/130PT1180406296
08-29 11:59:51.876 15216 16776 D DELETING_DIRECTORY: exists /data/user/0/cz.gienger.mobile/files/finished/130PT1180406296
08-29 11:59:51.877 15216 16776 D DELETING_DIRECTORY: file deleted /data/user/0/cz.gienger.mobile/files/finished/130PT1180406296/130PT1180406296.pdf
08-29 11:59:51.877 15216 16776 D DELETING_DIRECTORY: file deleted /data/user/0/cz.gienger.mobile/files/finished/130PT1180406296/130PT1180406296.xml
08-29 11:59:51.877 15216 16776 D DELETING_DIRECTORY: /data/user/0/cz.gienger.mobile/files/finished/130PT1180406305
08-29 11:59:51.877 15216 16776 D DELETING_DIRECTORY: exists /data/user/0/cz.gienger.mobile/files/finished/130PT1180406305
08-29 11:59:51.878 15216 16776 D DELETING_DIRECTORY: file deleted /data/user/0/cz.gienger.mobile/files/finished/130PT1180406305/130PT1180406305.pdf
08-29 11:59:51.878 15216 16776 D DELETING_DIRECTORY: file deleted /data/user/0/cz.gienger.mobile/files/finished/130PT1180406305/130PT1180406305.xml
08-29 11:59:51.901 15216 15216 D ViewRootImpl@13cc6c0[ExportActivity]: mHardwareRenderer.destroy()#4
08-29 11:59:51.901 15216 15216 D ViewRootImpl@13cc6c0[ExportActivity]: dispatchDetachedFromWindow
08-29 11:59:51.911 15216 15216 D InputTransport: Input channel destroyed: fd=81
08-29 11:59:51.919 15216 15216 E ViewRootImpl: sendUserActionEvent() returned.
08-29 11:59:51.919 15216 15216 D ViewRootImpl@83668a[ExportActivity]: MSG_WINDOW_FOCUS_CHANGED 1
08-29 11:59:51.919 15216 15216 D ViewRootImpl@83668a[ExportActivity]: mHardwareRenderer.initializeIfNeeded()#2 mSurface={isValid=true -1915095040}
08-29 11:59:51.921 15216 15216 E ViewRootImpl: sendUserActionEvent() returned.
08-29 11:59:54.731 15216 15216 D ViewRootImpl@83668a[ExportActivity]: MSG_WINDOW_FOCUS_CHANGED 0
08-29 11:59:54.868 15216 15216 D InputTransport: Input channel destroyed: fd=63
08-29 11:59:54.901 15216 15216 D ViewRootImpl@83668a[ExportActivity]: mHardwareRenderer.destroy()#1
08-29 11:59:54.915 15216 15216 D ViewRootImpl@83668a[ExportActivity]: Relayout returned: oldFrame=[0,0][768,1024] newFrame=[0,0][768,1024] result=0x5 surface={isValid=false 0} surfaceGenerationChanged=true
08-29 11:59:54.939 15216 15216 D ViewRootImpl@83668a[ExportActivity]: mHardwareRenderer.destroy()#4
08-29 11:59:54.939 15216 15216 D ViewRootImpl@83668a[ExportActivity]: dispatchDetachedFromWindow
08-29 11:59:54.944 15216 15216 D InputTransport: Input channel destroyed: fd=61
08-29 11:59:56.036 15216 15216 D ViewRootImpl@8ea20df[MainActivity]: mHardwareRenderer.destroy()#1
08-29 11:59:56.048 15216 15216 D ViewRootImpl@8ea20df[MainActivity]: Relayout returned: oldFrame=[0,0][768,1024] newFrame=[0,0][768,1024] result=0x1 surface={isValid=false 0} surfaceGenerationChanged=false
08-29 11:59:56.144 15216 15216 D FILES : /data/user/0/cz.gienger.mobile/files/delivery
08-29 11:59:56.150 15216 15216 D ScrollView: initGoToTop
08-29 11:59:56.182 15216 15216 D ViewRootImpl@54633ba[LoginActivity]: ThreadedRenderer.create() translucent=false
08-29 11:59:56.187 15216 15216 D InputTransport: Input channel constructed: fd=61
08-29 11:59:56.187 15216 15216 D ViewRootImpl@54633ba[LoginActivity]: setView = DecorView@e82e26b[LoginActivity] touchMode=true
08-29 11:59:56.200 15216 15216 D ViewRootImpl@54633ba[LoginActivity]: dispatchAttachedToWindow
08-29 11:59:56.221 15216 15216 D ViewRootImpl@54633ba[LoginActivity]: Relayout returned: oldFrame=[0,0][0,0] newFrame=[0,0][768,1024] result=0x27 surface={isValid=true -1916801024} surfaceGenerationChanged=true
08-29 11:59:56.222 15216 15216 D ViewRootImpl@54633ba[LoginActivity]: mHardwareRenderer.initialize() mSurface={isValid=true -1916801024} hwInitialized=true
08-29 11:59:56.228 15216 15216 D ScrollView: onsize change changed
08-29 11:59:56.256 15216 15216 D ViewRootImpl@54633ba[LoginActivity]: MSG_RESIZED_REPORT: frame=Rect(0, 0 - 768, 1024) ci=Rect(0, 24 - 0, 0) vi=Rect(0, 24 - 0, 0) or=1
08-29 11:59:56.256 15216 15216 D ViewRootImpl@54633ba[LoginActivity]: MSG_WINDOW_FOCUS_CHANGED 1
08-29 11:59:56.256 15216 15216 D ViewRootImpl@54633ba[LoginActivity]: mHardwareRenderer.initializeIfNeeded()#2 mSurface={isValid=true -1916801024}
08-29 11:59:56.267 15216 15216 V InputMethodManager: Starting input: tba=android.view.inputmethod.EditorInfo@a9733e3 nm : cz.gienger.mobile ic=com.android.internal.widget.EditableInputConnection@8c271e0
08-29 11:59:56.267 15216 15216 I InputMethodManager: startInputInner - mService.startInputOrWindowGainedFocus
08-29 11:59:56.277 15216 15216 D InputTransport: Input channel constructed: fd=63
08-29 11:59:56.300 15216 15216 D ViewRootImpl@8ea20df[MainActivity]: mHardwareRenderer.destroy()#1
08-29 11:59:56.309 15216 15216 D ViewRootImpl@8ea20df[MainActivity]: Relayout returned: oldFrame=[0,0][768,1024] newFrame=[0,0][768,1024] result=0x5 surface={isValid=false 0} surfaceGenerationChanged=false
08-29 11:59:56.589 15216 15216 D ViewRootImpl@54633ba[LoginActivity]: MSG_RESIZED: frame=Rect(0, 0 - 768, 1024) ci=Rect(0, 24 - 0, 320) vi=Rect(0, 24 - 0, 320) or=1
08-29 11:59:56.608 15216 15216 D ViewRootImpl@54633ba[LoginActivity]: Relayout returned: oldFrame=[0,0][768,1024] newFrame=[0,0][768,1024] result=0x1 surface={isValid=true -1916801024} surfaceGenerationChanged=false
08-29 11:59:56.610 15216 15216 D ScrollView: onsize change changed
08-29 12:00:06.059 15216 15216 D ViewRootImpl@54633ba[LoginActivity]: ViewPostImeInputStage processPointer 0
08-29 12:00:06.120 15216 15216 D ViewRootImpl@54633ba[LoginActivity]: ViewPostImeInputStage processPointer 1
08-29 12:00:06.145 15216 15216 V InputMethodManager: Starting input: tba=android.view.inputmethod.EditorInfo@dc09cf8 nm : cz.gienger.mobile ic=com.android.internal.widget.EditableInputConnection@aa695d1
08-29 12:00:06.145 15216 15216 I InputMethodManager: startInputInner - mService.startInputOrWindowGainedFocus
08-29 12:00:06.147 15216 15216 D InputTransport: Input channel constructed: fd=72
08-29 12:00:06.147 15216 15216 D InputTransport: Input channel destroyed: fd=63
08-29 12:00:06.147 15216 15216 D InputMethodManager: SSI - flag : 0 Pid : 15216 view : cz.gienger.mobile
08-29 12:00:06.153 15216 15216 W IInputConnectionWrapper: performPrivateCommand on inactive InputConnection
08-29 12:00:06.154 15216 15216 W IInputConnectionWrapper: finishComposingText on inactive InputConnection
08-29 12:00:12.064 15216 15216 D ViewRootImpl@54633ba[LoginActivity]: ViewPostImeInputStage processPointer 0
08-29 12:00:12.136 15216 15216 D ViewRootImpl@54633ba[LoginActivity]: ViewPostImeInputStage processPointer 1
08-29 12:00:12.166 15216 15216 D ScrollView: initGoToTop
08-29 12:00:12.173 15216 15216 D ScrollView: initGoToTop
08-29 12:00:12.181 15216 15216 D ViewRootImpl@9639922[LoginActivity]: ThreadedRenderer.create() translucent=true
08-29 12:00:12.187 15216 15216 D InputTransport: Input channel constructed: fd=67
08-29 12:00:12.187 15216 15216 D ViewRootImpl@9639922[LoginActivity]: setView = DecorView@a5cbfb3[LoginActivity] touchMode=true
08-29 12:00:12.197 15216 16815 D MYINTERCEPTOR: /GiengerService.svc/oauth
08-29 12:00:12.197 15216 15216 D ViewRootImpl@9639922[LoginActivity]: dispatchAttachedToWindow
08-29 12:00:12.197 15216 16815 D OkHttp : --> POST https://testsaig1.gienger.cz/GiengerService.svc/oauth http/1.1
08-29 12:00:12.197 15216 16815 D OkHttp : Content-Type: application/xml; charset=UTF-8
08-29 12:00:12.197 15216 16815 D OkHttp : Content-Length: 299
08-29 12:00:12.197 15216 16815 D OkHttp : --> END POST
08-29 12:00:12.226 15216 15216 D ViewRootImpl@9639922[LoginActivity]: Relayout returned: oldFrame=[0,0][0,0] newFrame=[108,466][660,582] result=0x27 surface={isValid=true -1917052928} surfaceGenerationChanged=true
08-29 12:00:12.227 15216 15216 D ViewRootImpl@9639922[LoginActivity]: mHardwareRenderer.initialize() mSurface={isValid=true -1917052928} hwInitialized=true
08-29 12:00:12.241 15216 15216 D ViewRootImpl@9639922[LoginActivity]: MSG_WINDOW_FOCUS_CHANGED 1
08-29 12:00:12.242 15216 15216 D ViewRootImpl@9639922[LoginActivity]: mHardwareRenderer.initializeIfNeeded()#2 mSurface={isValid=true -1917052928}
08-29 12:00:12.270 15216 15216 D ViewRootImpl@9639922[LoginActivity]: MSG_RESIZED_REPORT: frame=Rect(108, 466 - 660, 582) ci=Rect(0, 0 - 0, 0) vi=Rect(0, 0 - 0, 0) or=1
08-29 12:00:12.270 15216 15226 I art : Background sticky concurrent mark sweep GC freed 131270(6MB) AllocSpace objects, 6(120KB) LOS objects, 37% free, 11MB/17MB, paused 883us total 105.030ms
08-29 12:00:12.295 15216 15216 D ViewRootImpl@54633ba[LoginActivity]: MSG_WINDOW_FOCUS_CHANGED 0
08-29 12:00:12.713 15216 16815 D OkHttp : <-- 200 https://testsaig1.gienger.cz/GiengerService.svc/oauth (515ms)
08-29 12:00:12.714 15216 16815 D OkHttp : content-type: application/xml; charset=utf-8
08-29 12:00:12.714 15216 16815 D OkHttp : server: Microsoft-IIS/10.0
08-29 12:00:12.714 15216 16815 D OkHttp : x-powered-by: ASP.NET
08-29 12:00:12.714 15216 16815 D OkHttp : date: Wed, 29 Aug 2018 10:00:10 GMT
08-29 12:00:12.714 15216 16815 D OkHttp : content-length: 292
08-29 12:00:12.714 15216 16815 D OkHttp : <-- END HTTP
08-29 12:00:12.744 15216 16815 D MYINTERCEPTOR: /GiengerService.svc/userinfo
08-29 12:00:12.745 15216 16815 D OkHttp : --> POST https://testsaig1.gienger.cz/GiengerService.svc/userinfo http/1.1
08-29 12:00:12.745 15216 16815 D OkHttp : Content-Type: application/xml; charset=UTF-8
08-29 12:00:12.745 15216 16815 D OkHttp : Content-Length: 140
08-29 12:00:12.746 15216 16815 D OkHttp : token: e17289d8f793d39f42368f176735afaf
08-29 12:00:12.746 15216 16815 D OkHttp : --> END POST
08-29 12:00:13.012 15216 16815 D OkHttp : <-- 200 https://testsaig1.gienger.cz/GiengerService.svc/userinfo (265ms)
08-29 12:00:13.012 15216 16815 D OkHttp : content-type: application/xml; charset=utf-8
08-29 12:00:13.012 15216 16815 D OkHttp : server: Microsoft-IIS/10.0
08-29 12:00:13.012 15216 16815 D OkHttp : x-powered-by: ASP.NET
08-29 12:00:13.012 15216 16815 D OkHttp : date: Wed, 29 Aug 2018 10:00:10 GMT
08-29 12:00:13.013 15216 16815 D OkHttp : content-length: 194
08-29 12:00:13.013 15216 16815 D OkHttp : <-- END HTTP
08-29 12:00:13.047 15216 15216 D ScrollView: initGoToTop
08-29 12:00:13.053 15216 15216 D ScrollView: initGoToTop
08-29 12:00:13.064 15216 15216 D ViewRootImpl@e94eb01[LoginActivity]: ThreadedRenderer.create() translucent=true
08-29 12:00:13.069 15216 15216 D InputTransport: Input channel constructed: fd=84
08-29 12:00:13.069 15216 15216 D ViewRootImpl@e94eb01[LoginActivity]: setView = DecorView@8c88da6[LoginActivity] touchMode=true
08-29 12:00:13.108 15216 15216 D ViewRootImpl@9639922[LoginActivity]: mHardwareRenderer.destroy()#4
08-29 12:00:13.108 15216 15216 D ViewRootImpl@9639922[LoginActivity]: dispatchDetachedFromWindow
08-29 12:00:13.122 15216 15216 D InputTransport: Input channel destroyed: fd=67
08-29 12:00:13.132 15216 15216 D ViewRootImpl@54633ba[LoginActivity]: Relayout returned: oldFrame=[0,0][768,1024] newFrame=[0,0][768,1024] result=0x1 surface={isValid=true -1916801024} surfaceGenerationChanged=false
08-29 12:00:13.141 15216 15216 D ViewRootImpl@e94eb01[LoginActivity]: dispatchAttachedToWindow
08-29 12:00:13.177 15216 15216 D ViewRootImpl@e94eb01[LoginActivity]: Relayout returned: oldFrame=[0,0][0,0] newFrame=[108,423][660,624] result=0x27 surface={isValid=true -1917257728} surfaceGenerationChanged=true
08-29 12:00:13.177 15216 15216 D ViewRootImpl@e94eb01[LoginActivity]: mHardwareRenderer.initialize() mSurface={isValid=true -1917257728} hwInitialized=true
08-29 12:00:13.181 15216 15216 D ScrollView: onsize change changed
08-29 12:00:13.181 15216 15216 D ScrollView: onsize change changed
08-29 12:00:13.182 15216 15216 D ViewRootImpl@e94eb01[LoginActivity]: MSG_WINDOW_FOCUS_CHANGED 1
08-29 12:00:13.182 15216 15216 D ViewRootImpl@e94eb01[LoginActivity]: mHardwareRenderer.initializeIfNeeded()#2 mSurface={isValid=true -1917257728}
08-29 12:00:13.194 15216 15216 D ViewRootImpl@e94eb01[LoginActivity]: MSG_RESIZED_REPORT: frame=Rect(108, 423 - 660, 624) ci=Rect(0, 0 - 0, 0) vi=Rect(0, 0 - 0, 0) or=1
08-29 12:00:13.209 15216 15216 E ViewRootImpl: sendUserActionEvent() returned.
08-29 12:00:14.371 15216 15216 D ViewRootImpl@e94eb01[LoginActivity]: ViewPostImeInputStage processPointer 0
08-29 12:00:14.431 15216 15216 D ViewRootImpl@e94eb01[LoginActivity]: ViewPostImeInputStage processPointer 1
08-29 12:00:14.459 15216 15216 D ViewRootImpl@e94eb01[LoginActivity]: mHardwareRenderer.destroy()#4
08-29 12:00:14.459 15216 15216 D ViewRootImpl@e94eb01[LoginActivity]: dispatchDetachedFromWindow
08-29 12:00:14.469 15216 15216 D InputTransport: Input channel destroyed: fd=84
08-29 12:00:14.488 15216 16815 D MYINTERCEPTOR: /GiengerService.svc/manifests
08-29 12:00:14.488 15216 16815 D OkHttp : --> GET https://testsaig1.gienger.cz/GiengerService.svc/manifests http/1.1
08-29 12:00:14.489 15216 16815 D OkHttp : state: CZ
08-29 12:00:14.489 15216 16815 D OkHttp : token: e17289d8f793d39f42368f176735afaf
08-29 12:00:14.489 15216 16815 D OkHttp : --> END GET
08-29 12:00:14.499 15216 15216 D Graph : removeVertex() : insertDummyVertex, because there is no ancestor.
08-29 12:00:14.500 15216 15216 D TextView: SYANI: Clipboard API is calling: clearFilter()
08-29 12:00:14.501 15216 15216 D TextView: SYANI: Clipboard API is calling: unregisterClipboardEventListener()
08-29 12:00:14.503 15216 15216 D TextView: SYANI: Clipboard API is calling: clearFilter()
08-29 12:00:14.504 15216 15216 D TextView: SYANI: Clipboard API is calling: unregisterClipboardEventListener()
08-29 12:00:14.519 15216 15216 D ViewRootImpl@54633ba[LoginActivity]: mHardwareRenderer.destroy()#4
08-29 12:00:14.519 15216 15216 D ViewRootImpl@54633ba[LoginActivity]: dispatchDetachedFromWindow
08-29 12:00:14.520 15216 15216 D InputTransport: Input channel destroyed: fd=61
08-29 12:00:14.544 15216 16815 D OkHttp : <-- 200 https://testsaig1.gienger.cz/GiengerService.svc/manifests (54ms)
08-29 12:00:14.544 15216 16815 D OkHttp : content-type: application/xml; charset=utf-8
08-29 12:00:14.545 15216 16815 D OkHttp : server: Microsoft-IIS/10.0
08-29 12:00:14.545 15216 16815 D OkHttp : x-powered-by: ASP.NET
08-29 12:00:14.545 15216 16815 D OkHttp : date: Wed, 29 Aug 2018 10:00:12 GMT
08-29 12:00:14.545 15216 16815 D OkHttp : content-length: 11360
08-29 12:00:14.545 15216 16815 D OkHttp : <-- END HTTP
08-29 12:00:14.559 15216 15216 D FILES : /data/user/0/cz.gienger.mobile/files/delivery
08-29 12:00:14.580 15216 16826 D MYINTERCEPTOR: /GiengerService.svc/manifests
08-29 12:00:14.581 15216 16826 D OkHttp : --> GET https://testsaig1.gienger.cz/GiengerService.svc/manifests http/1.1
08-29 12:00:14.581 15216 16826 D OkHttp : state: CZ
08-29 12:00:14.582 15216 16826 D OkHttp : token: e17289d8f793d39f42368f176735afaf
08-29 12:00:14.582 15216 16826 D OkHttp : --> END GET
08-29 12:00:14.592 15216 16815 D MYINTERCEPTOR: /GiengerService.svc/manifests
08-29 12:00:14.593 15216 16815 D OkHttp : --> GET https://testsaig1.gienger.cz/GiengerService.svc/manifests http/1.1
08-29 12:00:14.594 15216 16815 D OkHttp : state: CZ
08-29 12:00:14.594 15216 16815 D OkHttp : token: e17289d8f793d39f42368f176735afaf
08-29 12:00:14.594 15216 16815 D OkHttp : --> END GET
08-29 12:00:14.600 15216 15216 D ViewRootImpl@df5849a[LoginActivity]: ThreadedRenderer.create() translucent=false
08-29 12:00:14.604 15216 15216 D InputTransport: Input channel constructed: fd=61
08-29 12:00:14.604 15216 15216 D ViewRootImpl@df5849a[LoginActivity]: setView = DecorView@90c91cb[LoginActivity] touchMode=true
08-29 12:00:14.609 15216 15216 D ViewRootImpl@df5849a[LoginActivity]: dispatchAttachedToWindow
08-29 12:00:14.630 15216 15216 D ViewRootImpl@df5849a[LoginActivity]: Relayout returned: oldFrame=[0,0][0,0] newFrame=[0,0][768,1024] result=0x27 surface={isValid=true -1923207168} surfaceGenerationChanged=true
08-29 12:00:14.630 15216 15216 D ViewRootImpl@df5849a[LoginActivity]: mHardwareRenderer.initialize() mSurface={isValid=true -1923207168} hwInitialized=true
08-29 12:00:14.634 15216 15216 D AbsListView: in onLayout changed
08-29 12:00:14.635 15216 15216 E ViewRootImpl: sendUserActionEvent() returned.
08-29 12:00:14.635 15216 15216 E ViewRootImpl: sendUserActionEvent() returned.
08-29 12:00:14.635 15216 15216 D DOWNLOAD_MANIFESTS: success
08-29 12:00:14.636 15216 16826 D OkHttp : <-- 200 https://testsaig1.gienger.cz/GiengerService.svc/manifests (54ms)
08-29 12:00:14.636 15216 16826 D OkHttp : content-type: application/xml; charset=utf-8
08-29 12:00:14.637 15216 16826 D OkHttp : server: Microsoft-IIS/10.0
08-29 12:00:14.637 15216 16826 D OkHttp : x-powered-by: ASP.NET
08-29 12:00:14.637 15216 16826 D OkHttp : date: Wed, 29 Aug 2018 10:00:12 GMT
08-29 12:00:14.637 15216 16826 D OkHttp : content-length: 11360
08-29 12:00:14.637 15216 16826 D OkHttp : <-- END HTTP
08-29 12:00:14.658 15216 16815 D OkHttp : <-- 200 https://testsaig1.gienger.cz/GiengerService.svc/manifests (64ms)
08-29 12:00:14.659 15216 16815 D OkHttp : content-type: application/xml; charset=utf-8
08-29 12:00:14.659 15216 16815 D OkHttp : server: Microsoft-IIS/10.0
08-29 12:00:14.659 15216 16815 D OkHttp : x-powered-by: ASP.NET
08-29 12:00:14.659 15216 16815 D OkHttp : date: Wed, 29 Aug 2018 10:00:12 GMT
08-29 12:00:14.659 15216 16815 D OkHttp : content-length: 11360
08-29 12:00:14.659 15216 16815 D OkHttp : <-- END HTTP
08-29 12:00:14.680 15216 15216 D ViewRootImpl@df5849a[LoginActivity]: MSG_RESIZED_REPORT: frame=Rect(0, 0 - 768, 1024) ci=Rect(0, 24 - 0, 320) vi=Rect(0, 24 - 0, 320) or=1
08-29 12:00:14.680 15216 15216 D ViewRootImpl@df5849a[LoginActivity]: MSG_WINDOW_FOCUS_CHANGED 1
08-29 12:00:14.681 15216 15216 D ViewRootImpl@df5849a[LoginActivity]: mHardwareRenderer.initializeIfNeeded()#2 mSurface={isValid=true -1923207168}
08-29 12:00:14.682 15216 15216 V InputMethodManager: Starting input: tba=android.view.inputmethod.EditorInfo@8556c54 nm : cz.gienger.mobile ic=null
08-29 12:00:14.682 15216 15216 I InputMethodManager: startInputInner - mService.startInputOrWindowGainedFocus
08-29 12:00:14.692 15216 15216 D InputTransport: Input channel constructed: fd=64
08-29 12:00:14.692 15216 15216 D InputTransport: Input channel destroyed: fd=72
08-29 12:00:14.706 15216 15216 D DOWNLOAD_MANIFESTS: success
08-29 12:00:14.717 15216 15216 E ViewRootImpl: sendUserActionEvent() returned.
08-29 12:00:14.718 15216 15216 D DOWNLOAD_MANIFESTS: success
08-29 12:00:14.733 15216 15216 W IInputConnectionWrapper: finishComposingText on inactive InputConnection
08-29 12:00:14.733 15216 15216 W IInputConnectionWrapper: performPrivateCommand on inactive InputConnection
08-29 12:00:14.733 15216 15216 W IInputConnectionWrapper: finishComposingText on inactive InputConnection
08-29 12:00:14.846 15216 15216 V InputMethodManager: Starting input: tba=android.view.inputmethod.EditorInfo@58c7015 nm : cz.gienger.mobile ic=null
08-29 12:00:14.846 15216 15216 I InputMethodManager: startInputInner - mService.startInputOrWindowGainedFocus
08-29 12:00:14.847 15216 15216 D InputTransport: Input channel constructed: fd=68
08-29 12:00:14.847 15216 15216 D InputTransport: Input channel destroyed: fd=64
08-29 12:00:14.847 15216 15216 D ViewRootImpl@df5849a[LoginActivity]: MSG_RESIZED: frame=Rect(0, 0 - 768, 1024) ci=Rect(0, 24 - 0, 0) vi=Rect(0, 24 - 0, 0) or=1
08-29 12:00:14.860 15216 15216 D ViewRootImpl@df5849a[LoginActivity]: Relayout returned: oldFrame=[0,0][768,1024] newFrame=[0,0][768,1024] result=0x1 surface={isValid=true -1923207168} surfaceGenerationChanged=false
08-29 12:00:14.939 15216 15216 D AbsListView: in onLayout changed
08-29 12:00:16.149 15216 15216 D ViewRootImpl@df5849a[LoginActivity]: ViewPostImeInputStage processPointer 0
08-29 12:00:16.197 15216 15216 D ViewRootImpl@df5849a[LoginActivity]: ViewPostImeInputStage processPointer 1
08-29 12:00:16.198 15216 15216 D AbsListView: onTouchUp() mTouchMode : 0
08-29 12:00:16.922 15216 15216 D ViewRootImpl@df5849a[LoginActivity]: ViewPostImeInputStage processPointer 0
08-29 12:00:16.972 15216 15216 D ViewRootImpl@df5849a[LoginActivity]: ViewPostImeInputStage processPointer 1
08-29 12:00:16.991 15216 15216 D InputMethodManager: HSIFW - flag : 0 Pid : 15216
08-29 12:00:17.029 15216 15216 D AbsListView: in onLayout changed
08-29 12:00:18.766 15216 15216 D ViewRootImpl@df5849a[LoginActivity]: ViewPostImeInputStage processPointer 0
08-29 12:00:18.816 15216 15216 D ViewRootImpl@df5849a[LoginActivity]: ViewPostImeInputStage processPointer 1
08-29 12:00:18.816 15216 15216 D AbsListView: onTouchUp() mTouchMode : 0
08-29 12:00:19.634 15216 15216 D ViewRootImpl@df5849a[LoginActivity]: ViewPostImeInputStage processPointer 0
08-29 12:00:19.705 15216 15216 D ViewRootImpl@df5849a[LoginActivity]: ViewPostImeInputStage processPointer 1
08-29 12:00:19.728 15216 15216 D ScrollView: initGoToTop
08-29 12:00:19.732 15216 15216 D ScrollView: initGoToTop
08-29 12:00:19.742 15216 15216 D ViewRootImpl@7ba295[LoginActivity]: ThreadedRenderer.create() translucent=true
08-29 12:00:19.749 15216 15216 D InputTransport: Input channel constructed: fd=73
08-29 12:00:19.749 15216 15216 D ViewRootImpl@7ba295[LoginActivity]: setView = DecorView@46bcfaa[LoginActivity] touchMode=true
08-29 12:00:19.750 15216 16815 D MYINTERCEPTOR: /GiengerService.svc/manifestinfo
08-29 12:00:19.751 15216 16815 D OkHttp : --> POST https://testsaig1.gienger.cz/GiengerService.svc/manifestinfo http/1.1
08-29 12:00:19.751 15216 16815 D OkHttp : Content-Length: 0
08-29 12:00:19.751 15216 16815 D OkHttp : state: CZ
08-29 12:00:19.751 15216 16815 D OkHttp : id: A03_trasa_A03-02_1_ranni_30_07_2018
08-29 12:00:19.752 15216 16815 D OkHttp : token: e17289d8f793d39f42368f176735afaf
08-29 12:00:19.752 15216 16815 D OkHttp : --> END POST
08-29 12:00:19.752 15216 15216 D ViewRootImpl@7ba295[LoginActivity]: dispatchAttachedToWindow
08-29 12:00:19.786 15216 16815 D OkHttp : <-- 200 https://testsaig1.gienger.cz/GiengerService.svc/manifestinfo (33ms)
08-29 12:00:19.786 15216 16815 D OkHttp : content-type: application/xml; charset=utf-8
08-29 12:00:19.786 15216 16815 D OkHttp : server: Microsoft-IIS/10.0
08-29 12:00:19.786 15216 16815 D OkHttp : x-powered-by: ASP.NET
08-29 12:00:19.786 15216 16815 D OkHttp : date: Wed, 29 Aug 2018 10:00:17 GMT
08-29 12:00:19.786 15216 16815 D OkHttp : content-length: 183
08-29 12:00:19.786 15216 16815 D OkHttp : <-- END HTTP
08-29 12:00:19.792 15216 15216 D ViewRootImpl@7ba295[LoginActivity]: Relayout returned: oldFrame=[0,0][0,0] newFrame=[108,466][660,582] result=0x27 surface={isValid=true -1945700352} surfaceGenerationChanged=true
08-29 12:00:19.805 15216 15216 D ViewRootImpl@7ba295[LoginActivity]: mHardwareRenderer.initialize() mSurface={isValid=true -1945700352} hwInitialized=true
08-29 12:00:19.820 15216 15216 D ViewRootImpl@7ba295[LoginActivity]: MSG_WINDOW_FOCUS_CHANGED 1
08-29 12:00:19.820 15216 15216 D ViewRootImpl@7ba295[LoginActivity]: mHardwareRenderer.initializeIfNeeded()#2 mSurface={isValid=true -1945700352}
08-29 12:00:19.838 15216 15216 D ViewRootImpl@7ba295[LoginActivity]: MSG_RESIZED_REPORT: frame=Rect(108, 466 - 660, 582) ci=Rect(0, 0 - 0, 0) vi=Rect(0, 0 - 0, 0) or=1
08-29 12:00:19.848 15216 16831 D MYINTERCEPTOR: /GiengerService.svc/corrections
08-29 12:00:19.850 15216 15226 I art : Background partial concurrent mark sweep GC freed 176370(8MB) AllocSpace objects, 26(704KB) LOS objects, 56% free, 9MB/21MB, paused 1.137ms total 142.707ms
08-29 12:00:19.852 15216 16831 D OkHttp : --> GET https://testsaig1.gienger.cz/GiengerService.svc/corrections http/1.1
08-29 12:00:19.852 15216 16831 D OkHttp : token: e17289d8f793d39f42368f176735afaf
08-29 12:00:19.852 15216 16831 D OkHttp : --> END GET
08-29 12:00:19.860 15216 15216 D ViewRootImpl@df5849a[LoginActivity]: MSG_WINDOW_FOCUS_CHANGED 0
08-29 12:00:19.876 15216 16831 D OkHttp : <-- 200 https://testsaig1.gienger.cz/GiengerService.svc/corrections (23ms)
08-29 12:00:19.876 15216 16831 D OkHttp : content-type: application/xml; charset=utf-8
08-29 12:00:19.876 15216 16831 D OkHttp : server: Microsoft-IIS/10.0
08-29 12:00:19.877 15216 16831 D OkHttp : x-powered-by: ASP.NET
08-29 12:00:19.877 15216 16831 D OkHttp : date: Wed, 29 Aug 2018 10:00:17 GMT
08-29 12:00:19.877 15216 16831 D OkHttp : content-length: 1267
08-29 12:00:19.877 15216 16831 D OkHttp : <-- END HTTP
08-29 12:00:19.982 15216 16831 D MYINTERCEPTOR: /GiengerService.svc/getorder
08-29 12:00:19.983 15216 16831 D OkHttp : --> POST https://testsaig1.gienger.cz/GiengerService.svc/getorder http/1.1
08-29 12:00:19.984 15216 16831 D OkHttp : Content-Length: 0
08-29 12:00:19.984 15216 16831 D OkHttp : name: 130AT1180325847.xml
08-29 12:00:19.984 15216 16831 D OkHttp : token: e17289d8f793d39f42368f176735afaf
08-29 12:00:19.984 15216 16831 D OkHttp : --> END POST
08-29 12:00:20.057 15216 16831 D OkHttp : <-- 200 https://testsaig1.gienger.cz/GiengerService.svc/getorder (72ms)
08-29 12:00:20.057 15216 16831 D OkHttp : content-type: application/xml; charset=utf-8
08-29 12:00:20.057 15216 16831 D OkHttp : server: Microsoft-IIS/10.0
08-29 12:00:20.057 15216 16831 D OkHttp : checksum: 3b0d08dd9380ed3dc2a336228c747e1a
08-29 12:00:20.058 15216 16831 D OkHttp : x-powered-by: ASP.NET
08-29 12:00:20.058 15216 16831 D OkHttp : date: Wed, 29 Aug 2018 10:00:17 GMT
08-29 12:00:20.058 15216 16831 D OkHttp : content-length: 169627
08-29 12:00:20.058 15216 16831 D OkHttp : <-- END HTTP
08-29 12:00:20.259 15216 16831 D MYINTERCEPTOR: /GiengerService.svc/getorder
08-29 12:00:20.260 15216 16831 D OkHttp : --> POST https://testsaig1.gienger.cz/GiengerService.svc/getorder http/1.1
08-29 12:00:20.260 15216 16831 D OkHttp : Content-Length: 0
08-29 12:00:20.260 15216 16831 D OkHttp : name: 130AT1180325848.xml
08-29 12:00:20.260 15216 16831 D OkHttp : token: e17289d8f793d39f42368f176735afaf
08-29 12:00:20.260 15216 16831 D OkHttp : --> END POST
08-29 12:00:20.320 15216 16831 D OkHttp : <-- 200 https://testsaig1.gienger.cz/GiengerService.svc/getorder (58ms)
08-29 12:00:20.320 15216 16831 D OkHttp : content-type: application/xml; charset=utf-8
08-29 12:00:20.320 15216 16831 D OkHttp : server: Microsoft-IIS/10.0
08-29 12:00:20.320 15216 16831 D OkHttp : checksum: de941dce18157380c7635fe971b8cb33
08-29 12:00:20.321 15216 16831 D OkHttp : x-powered-by: ASP.NET
08-29 12:00:20.321 15216 16831 D OkHttp : date: Wed, 29 Aug 2018 10:00:17 GMT
08-29 12:00:20.321 15216 16831 D OkHttp : content-length: 184257
08-29 12:00:20.321 15216 16831 D OkHttp : <-- END HTTP
08-29 12:00:20.539 15216 16831 D MYINTERCEPTOR: /GiengerService.svc/getorder
08-29 12:00:20.540 15216 16831 D OkHttp : --> POST https://testsaig1.gienger.cz/GiengerService.svc/getorder http/1.1
08-29 12:00:20.540 15216 16831 D OkHttp : Content-Length: 0
08-29 12:00:20.540 15216 16831 D OkHttp : name: 130AT1180324980.xml
08-29 12:00:20.541 15216 16831 D OkHttp : token: e17289d8f793d39f42368f176735afaf
08-29 12:00:20.541 15216 16831 D OkHttp : --> END POST
08-29 12:00:20.583 15216 16831 D OkHttp : <-- 200 https://testsaig1.gienger.cz/GiengerService.svc/getorder (42ms)
08-29 12:00:20.583 15216 16831 D OkHttp : content-type: application/xml; charset=utf-8
08-29 12:00:20.583 15216 16831 D OkHttp : server: Microsoft-IIS/10.0
08-29 12:00:20.583 15216 16831 D OkHttp : checksum: 05407bd1f387b72cf348fe67d21b7d31
08-29 12:00:20.584 15216 16831 D OkHttp : x-powered-by: ASP.NET
08-29 12:00:20.584 15216 16831 D OkHttp : date: Wed, 29 Aug 2018 10:00:17 GMT
08-29 12:00:20.584 15216 16831 D OkHttp : content-length: 165500
08-29 12:00:20.584 15216 16831 D OkHttp : <-- END HTTP
08-29 12:00:20.775 15216 15216 D ViewRootImpl@7ba295[LoginActivity]: mHardwareRenderer.destroy()#4
08-29 12:00:20.775 15216 15216 D ViewRootImpl@7ba295[LoginActivity]: dispatchDetachedFromWindow
08-29 12:00:20.783 15216 15216 D InputTransport: Input channel destroyed: fd=73
08-29 12:00:20.783 15216 15216 D ViewRootImpl@df5849a[LoginActivity]: MSG_WINDOW_FOCUS_CHANGED 1
