08-29 12:03:14.999 15216 15216 D ViewRootImpl@c9e06e[CartActivity]: mHardwareRenderer.destroy()#4
08-29 12:03:14.999 15216 15216 D ViewRootImpl@c9e06e[CartActivity]: dispatchDetachedFromWindow
08-29 12:03:15.009 15216 15216 D InputTransport: Input channel destroyed: fd=73
08-29 12:03:15.017 15216 15216 D ViewRootImpl@e10740f[CartActivity]: MSG_WINDOW_FOCUS_CHANGED 1
08-29 12:03:15.017 15216 15216 D ViewRootImpl@e10740f[CartActivity]: mHardwareRenderer.initializeIfNeeded()#2 mSurface={isValid=true -1955719168}
08-29 12:03:15.038 15216 15216 E ViewRootImpl: sendUserActionEvent() returned.
08-29 12:03:15.946 15216 15216 D ViewRootImpl@e10740f[CartActivity]: ViewPostImeInputStage processPointer 0
08-29 12:03:15.993 15216 15216 D AbsListView: reportScrollStateChange() newState : 1
08-29 12:03:16.172 15216 15216 D ViewRootImpl@e10740f[CartActivity]: ViewPostImeInputStage processPointer 1
08-29 12:03:16.172 15216 15216 D AbsListView: onTouchUp() mTouchMode : 3
08-29 12:03:16.172 15216 15216 D AbsListView: onTouchUp() TOUCH_MODE_SCROLL initialVelocity : -961
08-29 12:03:16.172 15216 15216 D AbsListView: reportScrollStateChange() newState : 0
08-29 12:03:16.930 15216 15216 D ViewRootImpl@e10740f[CartActivity]: ViewPostImeInputStage processPointer 0
08-29 12:03:16.999 15216 15216 D ViewRootImpl@e10740f[CartActivity]: ViewPostImeInputStage processPointer 1
08-29 12:03:17.017 15216 15216 D View : requestFocusFromTouch
08-29 12:03:17.040 15216 15216 D ScrollView: initGoToTop
08-29 12:03:17.043 15216 15216 D ScrollView: initGoToTop
08-29 12:03:17.050 15216 15216 D ViewRootImpl@ed5fec1[CartActivity]: ThreadedRenderer.create() translucent=true
08-29 12:03:17.057 15216 15216 D InputTransport: Input channel constructed: fd=63
08-29 12:03:17.057 15216 15216 D ViewRootImpl@ed5fec1[CartActivity]: setView = DecorView@f027666[CartActivity] touchMode=false
08-29 12:03:17.059 15216 15216 V InputMethodManager: Starting input: tba=android.view.inputmethod.EditorInfo@d03ada7 nm : cz.gienger.mobile ic=null
08-29 12:03:17.059 15216 15216 I InputMethodManager: startInputInner - mService.startInputOrWindowGainedFocus
08-29 12:03:17.061 15216 15216 D InputTransport: Input channel constructed: fd=73
08-29 12:03:17.061 15216 15216 D InputTransport: Input channel destroyed: fd=68
08-29 12:03:17.064 15216 15216 D ViewRootImpl@ed5fec1[CartActivity]: dispatchAttachedToWindow
08-29 12:03:17.102 15216 15216 D ViewRootImpl@ed5fec1[CartActivity]: Relayout returned: oldFrame=[0,0][0,0] newFrame=[108,450][660,597] result=0x26 surface={isValid=true -1912295424} surfaceGenerationChanged=true
08-29 12:03:17.102 15216 15216 D ViewRootImpl@ed5fec1[CartActivity]: mHardwareRenderer.initialize() mSurface={isValid=true -1912295424} hwInitialized=true
08-29 12:03:17.105 15216 15216 D ScrollView: onsize change changed
08-29 12:03:17.105 15216 15216 D ScrollView: onsize change changed
08-29 12:03:17.107 15216 15216 D ViewRootImpl@ed5fec1[CartActivity]: MSG_WINDOW_FOCUS_CHANGED 1
08-29 12:03:17.108 15216 15216 D ViewRootImpl@ed5fec1[CartActivity]: mHardwareRenderer.initializeIfNeeded()#2 mSurface={isValid=true -1912295424}
08-29 12:03:17.108 15216 15216 V InputMethodManager: Not IME target window, ignoring
08-29 12:03:17.108 15216 15216 W IInputConnectionWrapper: finishComposingText on inactive InputConnection
08-29 12:03:17.124 15216 15216 D ViewRootImpl@ed5fec1[CartActivity]: MSG_RESIZED_REPORT: frame=Rect(108, 450 - 660, 597) ci=Rect(0, 0 - 0, 0) vi=Rect(0, 0 - 0, 0) or=1
08-29 12:03:17.159 15216 15216 D ViewRootImpl@e10740f[CartActivity]: MSG_WINDOW_FOCUS_CHANGED 0
08-29 12:03:19.225 15216 15216 D ViewRootImpl@ed5fec1[CartActivity]: ViewPostImeInputStage processPointer 0
08-29 12:03:19.271 15216 15216 D ViewRootImpl@ed5fec1[CartActivity]: ViewPostImeInputStage processPointer 1
08-29 12:03:19.305 15216 15216 D ScrollView: initGoToTop
08-29 12:03:19.310 15216 15216 D ScrollView: initGoToTop
08-29 12:03:19.318 15216 15216 D ViewRootImpl@ac7c608[CartActivity]: ThreadedRenderer.create() translucent=true
08-29 12:03:19.324 15216 15216 D InputTransport: Input channel constructed: fd=87
08-29 12:03:19.325 15216 15216 D ViewRootImpl@ac7c608[CartActivity]: setView = DecorView@795f1a1[CartActivity] touchMode=true
08-29 12:03:19.339 15216 15233 D OpenGLRenderer: endAllActiveAnimators on 0x8d5e5f80 (RippleDrawable) with handle 0x8dad3250
08-29 12:03:19.339 15216 15216 D ViewRootImpl@ed5fec1[CartActivity]: mHardwareRenderer.destroy()#4
08-29 12:03:19.340 15216 15216 D ViewRootImpl@ed5fec1[CartActivity]: dispatchDetachedFromWindow
08-29 12:03:19.355 15216 15216 D InputTransport: Input channel destroyed: fd=63
08-29 12:03:19.356 15216 15216 D ViewRootImpl@ac7c608[CartActivity]: dispatchAttachedToWindow
08-29 12:03:19.396 15216 15216 D ViewRootImpl@ac7c608[CartActivity]: Relayout returned: oldFrame=[0,0][0,0] newFrame=[108,466][660,582] result=0x27 surface={isValid=true -1964005376} surfaceGenerationChanged=true
08-29 12:03:19.397 15216 15216 D ViewRootImpl@ac7c608[CartActivity]: mHardwareRenderer.initialize() mSurface={isValid=true -1964005376} hwInitialized=true
08-29 12:03:19.406 15216 15216 D ViewRootImpl@ac7c608[CartActivity]: MSG_WINDOW_FOCUS_CHANGED 1
08-29 12:03:19.406 15216 15216 D ViewRootImpl@ac7c608[CartActivity]: mHardwareRenderer.initializeIfNeeded()#2 mSurface={isValid=true -1964005376}
08-29 12:03:19.420 15216 15216 D ViewRootImpl@ac7c608[CartActivity]: MSG_RESIZED_REPORT: frame=Rect(108, 466 - 660, 582) ci=Rect(0, 0 - 0, 0) vi=Rect(0, 0 - 0, 0) or=1
08-29 12:03:19.449 15216 15216 E ViewRootImpl: sendUserActionEvent() returned.
08-29 12:03:20.677 15216 15226 I art : Background partial concurrent mark sweep GC freed 309979(10MB) AllocSpace objects, 4(112KB) LOS objects, 52% free, 10MB/22MB, paused 1.006ms total 132.358ms
08-29 12:03:21.064 15216 16836 W PdfBoxAndroid: Call PDFBoxResourceLoader.init() first to decrease resource load time
08-29 12:03:21.888 15216 15226 I art : Background partial concurrent mark sweep GC freed 275407(8MB) AllocSpace objects, 9(320KB) LOS objects, 42% free, 15MB/27MB, paused 1.025ms total 141.410ms
08-29 12:03:22.730 15216 15216 D ViewRootImpl@ac7c608[CartActivity]: MSG_WINDOW_FOCUS_CHANGED 1
08-29 12:03:22.730 15216 15216 D ViewRootImpl@ac7c608[CartActivity]: mHardwareRenderer.initializeIfNeeded()#2 mSurface={isValid=true -1964005376}
08-29 12:03:23.421 15216 15226 I art : Background partial concurrent mark sweep GC freed 271709(7MB) AllocSpace objects, 6(1184KB) LOS objects, 39% free, 20MB/33MB, paused 1.740ms total 155.149ms
08-29 12:03:24.173 15216 15216 D ViewRootImpl@ac7c608[CartActivity]: mHardwareRenderer.destroy()#4
08-29 12:03:24.173 15216 15216 D ViewRootImpl@ac7c608[CartActivity]: dispatchDetachedFromWindow
08-29 12:03:24.190 15216 15216 D InputTransport: Input channel destroyed: fd=87
08-29 12:03:24.238 15216 15216 D ViewRootImpl@e10740f[CartActivity]: MSG_WINDOW_FOCUS_CHANGED 1
08-29 12:03:24.238 15216 15216 V InputMethodManager: Not IME target window, ignoring
08-29 12:03:24.240 15216 15216 D ViewRootImpl@e10740f[CartActivity]: mHardwareRenderer.initializeIfNeeded()#2 mSurface={isValid=true -1955719168}
08-29 12:03:24.251 15216 15216 V InputMethodManager: Starting input: tba=android.view.inputmethod.EditorInfo@f0dacdc nm : cz.gienger.mobile ic=null
08-29 12:03:24.251 15216 15216 I InputMethodManager: startInputInner - mService.startInputOrWindowGainedFocus
08-29 12:03:24.267 15216 15216 D InputTransport: Input channel constructed: fd=68
08-29 12:03:24.267 15216 15216 D InputTransport: Input channel destroyed: fd=73
08-29 12:03:24.268 15216 15216 E ViewRootImpl: sendUserActionEvent() returned.
08-29 12:03:24.304 15216 15216 D ViewRootImpl@e10740f[CartActivity]: MSG_WINDOW_FOCUS_CHANGED 0
08-29 12:03:24.401 15216 15233 D OpenGLRenderer: endAllActiveAnimators on 0x8dc9a780 (RippleDrawable) with handle 0x8add03f0
08-29 12:03:24.401 15216 15216 D ViewRootImpl@e10740f[CartActivity]: mHardwareRenderer.destroy()#1
08-29 12:03:24.420 15216 15216 D ViewRootImpl@e10740f[CartActivity]: Relayout returned: oldFrame=[0,0][768,1024] newFrame=[0,0][768,1024] result=0x5 surface={isValid=false 0} surfaceGenerationChanged=true
08-29 12:03:25.585 15216 15216 D InputTransport: Input channel destroyed: fd=68
08-29 12:03:25.649 15216 15216 D ViewRootImpl@e10740f[CartActivity]: Relayout returned: oldFrame=[0,0][768,1024] newFrame=[0,0][768,1024] result=0x5 surface={isValid=false 0} surfaceGenerationChanged=false
08-29 12:03:36.261 15216 15216 D ViewRootImpl@99e7f4b[PdfArchiveActivity]: ThreadedRenderer.create() translucent=true
08-29 12:03:36.264 15216 15216 D InputTransport: Input channel constructed: fd=61
08-29 12:03:36.264 15216 15216 D ViewRootImpl@99e7f4b[PdfArchiveActivity]: setView = DecorView@2473d28[PdfArchiveActivity] touchMode=true
08-29 12:03:36.269 15216 15216 D ViewRootImpl@99e7f4b[PdfArchiveActivity]: dispatchAttachedToWindow
08-29 12:03:36.294 15216 15216 D ViewRootImpl@99e7f4b[PdfArchiveActivity]: Relayout returned: oldFrame=[0,0][0,0] newFrame=[241,456][527,568] result=0x27 surface={isValid=true -1912629248} surfaceGenerationChanged=true
08-29 12:03:36.295 15216 15216 D ViewRootImpl@99e7f4b[PdfArchiveActivity]: mHardwareRenderer.initialize() mSurface={isValid=true -1912629248} hwInitialized=true
08-29 12:03:36.298 15216 15216 D ViewRootImpl@99e7f4b[PdfArchiveActivity]: MSG_RESIZED_REPORT: frame=Rect(241, 456 - 527, 568) ci=Rect(0, 0 - 0, 0) vi=Rect(0, 0 - 0, 0) or=1
08-29 12:03:36.299 15216 15216 D ViewRootImpl@99e7f4b[PdfArchiveActivity]: MSG_WINDOW_FOCUS_CHANGED 1
08-29 12:03:36.299 15216 15216 D ViewRootImpl@99e7f4b[PdfArchiveActivity]: mHardwareRenderer.initializeIfNeeded()#2 mSurface={isValid=true -1912629248}
08-29 12:03:36.300 15216 15216 V InputMethodManager: Starting input: tba=android.view.inputmethod.EditorInfo@1e76a41 nm : cz.gienger.mobile ic=null
08-29 12:03:36.300 15216 15216 I InputMethodManager: startInputInner - mService.startInputOrWindowGainedFocus
08-29 12:03:36.305 15216 15216 D InputTransport: Input channel constructed: fd=68
08-29 12:03:37.372 15216 15216 D ViewRootImpl@99e7f4b[PdfArchiveActivity]: mHardwareRenderer.destroy()#1
08-29 12:03:37.384 15216 15216 D ViewRootImpl@99e7f4b[PdfArchiveActivity]: Relayout returned: oldFrame=[241,456][527,568] newFrame=[241,456][527,568] result=0x5 surface={isValid=false 0} surfaceGenerationChanged=true
08-29 12:03:37.384 15216 15216 D ViewRootImpl@99e7f4b[PdfArchiveActivity]: MSG_WINDOW_FOCUS_CHANGED 0
08-29 12:03:37.386 15216 15216 D ViewRootImpl@e10740f[CartActivity]: mHardwareRenderer.destroy()#1
08-29 12:03:37.397 15216 15216 D ViewRootImpl@e10740f[CartActivity]: Relayout returned: oldFrame=[0,0][768,1024] newFrame=[0,0][768,1024] result=0x1 surface={isValid=false 0} surfaceGenerationChanged=false
08-29 12:03:37.498 15216 15216 E cz.gienger.mobile.poaz.configuration.GlobalConfiguration: java.lang.NumberFormatException: null
08-29 12:03:37.498 15216 15216 E cz.gienger.mobile.poaz.configuration.GlobalConfiguration: at java.lang.Integer.parseInt(Integer.java:483)
08-29 12:03:37.498 15216 15216 E cz.gienger.mobile.poaz.configuration.GlobalConfiguration: at java.lang.Integer.parseInt(Integer.java:556)
08-29 12:03:37.498 15216 15216 E cz.gienger.mobile.poaz.configuration.GlobalConfiguration: at cz.gienger.mobile.poaz.configuration.GlobalConfiguration.getPriceTypeEnum(GlobalConfiguration.java:140)
08-29 12:03:37.498 15216 15216 E cz.gienger.mobile.poaz.configuration.GlobalConfiguration: at cz.gienger.mobile.poaz.configuration.GlobalConfiguration.setValues(GlobalConfiguration.java:97)
08-29 12:03:37.498 15216 15216 E cz.gienger.mobile.poaz.configuration.GlobalConfiguration: at cz.gienger.mobile.poaz.configuration.GlobalConfiguration.(GlobalConfiguration.java:36)
08-29 12:03:37.498 15216 15216 E cz.gienger.mobile.poaz.configuration.GlobalConfiguration: at cz.gienger.mobile.poaz.configuration.GlobalConfiguration.get(GlobalConfiguration.java:41)
08-29 12:03:37.498 15216 15216 E cz.gienger.mobile.poaz.configuration.GlobalConfiguration: at cz.gienger.mobile.poaz.activities.PoazActivityBase.initPriceSwitch(PoazActivityBase.java:313)
08-29 12:03:37.498 15216 15216 E cz.gienger.mobile.poaz.configuration.GlobalConfiguration: at cz.gienger.mobile.poaz.activities.PoazActivityBase.onResume(PoazActivityBase.java:301)
08-29 12:03:37.498 15216 15216 E cz.gienger.mobile.poaz.configuration.GlobalConfiguration: at android.app.Instrumentation.callActivityOnResume(Instrumentation.java:1277)
08-29 12:03:37.498 15216 15216 E cz.gienger.mobile.poaz.configuration.GlobalConfiguration: at android.app.Activity.performResume(Activity.java:7142)
08-29 12:03:37.498 15216 15216 E cz.gienger.mobile.poaz.configuration.GlobalConfiguration: at android.app.ActivityThread.performResumeActivity(ActivityThread.java:3850)
08-29 12:03:37.498 15216 15216 E cz.gienger.mobile.poaz.configuration.GlobalConfiguration: at android.app.ActivityThread.handleResumeActivity(ActivityThread.java:3914)
08-29 12:03:37.498 15216 15216 E cz.gienger.mobile.poaz.configuration.GlobalConfiguration: at android.app.ActivityThread$H.handleMessage(ActivityThread.java:1709)
08-29 12:03:37.498 15216 15216 E cz.gienger.mobile.poaz.configuration.GlobalConfiguration: at android.os.Handler.dispatchMessage(Handler.java:102)
08-29 12:03:37.498 15216 15216 E cz.gienger.mobile.poaz.configuration.GlobalConfiguration: at android.os.Looper.loop(Looper.java:154)
08-29 12:03:37.498 15216 15216 E cz.gienger.mobile.poaz.configuration.GlobalConfiguration: at android.app.ActivityThread.main(ActivityThread.java:6823)
08-29 12:03:37.498 15216 15216 E cz.gienger.mobile.poaz.configuration.GlobalConfiguration: at java.lang.reflect.Method.invoke(Native Method)
08-29 12:03:37.498 15216 15216 E cz.gienger.mobile.poaz.configuration.GlobalConfiguration: at com.android.internal.os.ZygoteInit$MethodAndArgsCaller.run(ZygoteInit.java:1563)
08-29 12:03:37.498 15216 15216 E cz.gienger.mobile.poaz.configuration.GlobalConfiguration: at com.android.internal.os.ZygoteInit.main(ZygoteInit.java:1451)
08-29 12:03:37.537 15216 15216 D InputTransport: Input channel destroyed: fd=68
08-29 12:03:37.553 15216 15216 D ViewRootImpl@14002a[CategoryListActivity]: mHardwareRenderer.destroy()#4
08-29 12:03:37.553 15216 15216 D ViewRootImpl@14002a[CategoryListActivity]: dispatchDetachedFromWindow
08-29 12:03:37.559 15216 17051 D MYINTERCEPTOR: /GiengerService.svc/uploadfinishedorder
08-29 12:03:37.560 15216 17051 D OkHttp : --> POST https://testsaig1.gienger.cz/GiengerService.svc/uploadfinishedorder http/1.1
08-29 12:03:37.561 15216 17051 D OkHttp : Content-Type: text/raw
08-29 12:03:37.561 15216 17051 D OkHttp : Content-Length: 107178
08-29 12:03:37.561 15216 17051 D OkHttp : filename: 894244de-a1ec-4364-be48-ac8d950a1dbc.xml
08-29 12:03:37.561 15216 17051 D OkHttp : Checksum: 4b3dacf587ffdcd58de7e506650ec22a
08-29 12:03:37.561 15216 17051 D OkHttp : token: 6f2aff3552ab24eed0027f570712fbc0
08-29 12:03:37.561 15216 17051 D OkHttp : state: CZ
08-29 12:03:37.561 15216 17051 D OkHttp : --> END POST
08-29 12:03:37.562 15216 15216 D InputTransport: Input channel destroyed: fd=66
08-29 12:03:37.592 15216 15216 D ViewRootImpl@75534ac[ArticleListActivity]: mHardwareRenderer.destroy()#4
08-29 12:03:37.592 15216 15216 D ViewRootImpl@75534ac[ArticleListActivity]: dispatchDetachedFromWindow
08-29 12:03:37.601 15216 15216 D InputTransport: Input channel destroyed: fd=78
08-29 12:03:37.647 15216 15216 D ViewRootImpl@e10740f[CartActivity]: Relayout returned: oldFrame=[0,0][768,1024] newFrame=[0,0][768,1024] result=0x7 surface={isValid=true -1912629248} surfaceGenerationChanged=true
08-29 12:03:37.650 15216 15216 D ViewRootImpl@e10740f[CartActivity]: mHardwareRenderer.initialize() mSurface={isValid=true -1912629248} hwInitialized=true
08-29 12:03:37.667 15216 15216 D AbsListView: in onLayout changed
08-29 12:03:37.672 15216 15216 D LOCATION_SERVICE: onDestroy
08-29 12:03:37.673 15216 17051 D OkHttp : <-- 200 https://testsaig1.gienger.cz/GiengerService.svc/uploadfinishedorder (111ms)
08-29 12:03:37.673 15216 17051 D OkHttp : content-type: application/xml; charset=utf-8
08-29 12:03:37.673 15216 17051 D OkHttp : server: Microsoft-IIS/10.0
08-29 12:03:37.673 15216 17051 D OkHttp : x-powered-by: ASP.NET
08-29 12:03:37.673 15216 17051 D OkHttp : date: Wed, 29 Aug 2018 10:03:35 GMT
08-29 12:03:37.673 15216 17051 D OkHttp : content-length: 175
08-29 12:03:37.673 15216 17051 D OkHttp : <-- END HTTP
08-29 12:03:37.819 15216 15216 D ViewRootImpl@8ea20df[MainActivity]: Relayout returned: oldFrame=[0,0][768,1024] newFrame=[0,0][768,1024] result=0x7 surface={isValid=true -1924876288} surfaceGenerationChanged=true
08-29 12:03:37.820 15216 15216 D ViewRootImpl@8ea20df[MainActivity]: mHardwareRenderer.initialize() mSurface={isValid=true -1924876288} hwInitialized=true
08-29 12:03:37.878 15216 15216 D AbsListView: in onLayout changed
08-29 12:03:37.898 15216 15216 D ViewRootImpl@8ea20df[MainActivity]: MSG_WINDOW_FOCUS_CHANGED 1
08-29 12:03:37.899 15216 15216 D ViewRootImpl@8ea20df[MainActivity]: mHardwareRenderer.initializeIfNeeded()#2 mSurface={isValid=true -1924876288}
08-29 12:03:37.900 15216 15216 V InputMethodManager: Starting input: tba=android.view.inputmethod.EditorInfo@b9f460 nm : cz.gienger.mobile ic=null
08-29 12:03:37.900 15216 15216 I InputMethodManager: startInputInner - mService.startInputOrWindowGainedFocus
08-29 12:03:37.927 15216 15216 D InputTransport: Input channel constructed: fd=66
08-29 12:03:37.956 15216 15216 D ViewRootImpl@e10740f[CartActivity]: mHardwareRenderer.destroy()#1
08-29 12:03:37.967 15216 15216 D ViewRootImpl@e10740f[CartActivity]: Relayout returned: oldFrame=[0,0][768,1024] newFrame=[0,0][768,1024] result=0x5 surface={isValid=false 0} surfaceGenerationChanged=true
08-29 12:03:37.985 15216 15216 D ViewRootImpl@99e7f4b[PdfArchiveActivity]: mHardwareRenderer.destroy()#4
08-29 12:03:37.985 15216 15216 D ViewRootImpl@99e7f4b[PdfArchiveActivity]: dispatchDetachedFromWindow
08-29 12:03:37.994 15216 15216 D InputTransport: Input channel destroyed: fd=61
08-29 12:03:38.337 15216 15216 D TextView: SYANI: Clipboard API is calling: clearFilter()
08-29 12:03:38.337 15216 15216 D TextView: SYANI: Clipboard API is calling: unregisterClipboardEventListener()
08-29 12:03:38.339 15216 15216 D TextView: SYANI: Clipboard API is calling: clearFilter()
08-29 12:03:38.339 15216 15216 D TextView: SYANI: Clipboard API is calling: unregisterClipboardEventListener()
08-29 12:03:38.340 15216 15216 D TextView: SYANI: Clipboard API is calling: clearFilter()
08-29 12:03:38.340 15216 15216 D TextView: SYANI: Clipboard API is calling: unregisterClipboardEventListener()
08-29 12:03:38.341 15216 15216 D TextView: SYANI: Clipboard API is calling: clearFilter()
08-29 12:03:38.341 15216 15216 D TextView: SYANI: Clipboard API is calling: unregisterClipboardEventListener()
08-29 12:03:38.342 15216 15216 D TextView: SYANI: Clipboard API is calling: clearFilter()
08-29 12:03:38.342 15216 15216 D TextView: SYANI: Clipboard API is calling: unregisterClipboardEventListener()
08-29 12:03:38.348 15216 15216 D TextView: SYANI: Clipboard API is calling: clearFilter()
08-29 12:03:38.348 15216 15216 D TextView: SYANI: Clipboard API is calling: unregisterClipboardEventListener()
08-29 12:03:38.350 15216 15216 D TextView: SYANI: Clipboard API is calling: clearFilter()
08-29 12:03:38.350 15216 15216 D TextView: SYANI: Clipboard API is calling: unregisterClipboardEventListener()
08-29 12:03:38.352 15216 15216 D TextView: SYANI: Clipboard API is calling: clearFilter()
08-29 12:03:38.352 15216 15216 D TextView: SYANI: Clipboard API is calling: unregisterClipboardEventListener()
08-29 12:03:38.355 15216 15216 D TextView: SYANI: Clipboard API is calling: clearFilter()
08-29 12:03:38.355 15216 15216 D TextView: SYANI: Clipboard API is calling: unregisterClipboardEventListener()
08-29 12:03:38.364 15216 15216 D ViewRootImpl@e10740f[CartActivity]: mHardwareRenderer.destroy()#4
08-29 12:03:38.364 15216 15216 D ViewRootImpl@e10740f[CartActivity]: dispatchDetachedFromWindow
08-29 12:03:38.377 15216 15216 D InputTransport: Input channel destroyed: fd=67
08-29 12:03:43.298 15216 15216 D ViewRootImpl@8ea20df[MainActivity]: ViewPostImeInputStage processPointer 0
08-29 12:03:43.402 15216 15216 D ViewRootImpl@8ea20df[MainActivity]: ViewPostImeInputStage processPointer 1
08-29 12:03:43.454 15216 15216 D ViewRootImpl@8ea20df[MainActivity]: MSG_WINDOW_FOCUS_CHANGED 0
08-29 12:03:43.514 15216 15216 D ViewRootImpl@54b1ecb[LogcatActivity]: ThreadedRenderer.create() translucent=true
08-29 12:03:43.517 15216 15216 D InputTransport: Input channel constructed: fd=71
08-29 12:03:43.517 15216 15216 D ViewRootImpl@54b1ecb[LogcatActivity]: setView = DecorView@2a7d5c1[LogcatActivity] touchMode=true
08-29 12:03:43.519 15216 15216 D ViewRootImpl@54b1ecb[LogcatActivity]: dispatchAttachedToWindow
08-29 12:03:43.543 15216 15216 D ViewRootImpl@54b1ecb[LogcatActivity]: Relayout returned: oldFrame=[0,0][0,0] newFrame=[237,468][531,580] result=0x27 surface={isValid=true -1963591680} surfaceGenerationChanged=true
08-29 12:03:43.544 15216 15216 D ViewRootImpl@54b1ecb[LogcatActivity]: mHardwareRenderer.initialize() mSurface={isValid=true -1963591680} hwInitialized=true
08-29 12:03:43.560 15216 15216 D ViewRootImpl@54b1ecb[LogcatActivity]: MSG_RESIZED_REPORT: frame=Rect(237, 468 - 531, 580) ci=Rect(0, 0 - 0, 0) vi=Rect(0, 0 - 0, 0) or=1
08-29 12:03:43.560 15216 15216 D ViewRootImpl@54b1ecb[LogcatActivity]: MSG_WINDOW_FOCUS_CHANGED 1
08-29 12:03:43.561 15216 15216 D ViewRootImpl@54b1ecb[LogcatActivity]: mHardwareRenderer.initializeIfNeeded()#2 mSurface={isValid=true -1963591680}
08-29 12:03:43.561 15216 15216 V InputMethodManager: Starting input: tba=android.view.inputmethod.EditorInfo@d3e89d8 nm : cz.gienger.mobile ic=null
08-29 12:03:43.562 15216 15216 I InputMethodManager: startInputInner - mService.startInputOrWindowGainedFocus
08-29 12:03:43.572 15216 15216 D InputTransport: Input channel constructed: fd=80
08-29 12:03:43.572 15216 15216 D InputTransport: Input channel destroyed: fd=66