08-29 12:00:20.784 15216 15216 D ViewRootImpl@df5849a[LoginActivity]: mHardwareRenderer.initializeIfNeeded()#2 mSurface={isValid=true -1923207168}
08-29 12:00:20.785 15216 15216 V InputMethodManager: Starting input: tba=android.view.inputmethod.EditorInfo@2ef775a nm : cz.gienger.mobile ic=null
08-29 12:00:20.785 15216 15216 I InputMethodManager: startInputInner - mService.startInputOrWindowGainedFocus
08-29 12:00:20.786 15216 15216 D InputTransport: Input channel constructed: fd=73
08-29 12:00:20.786 15216 15216 D InputTransport: Input channel destroyed: fd=68
08-29 12:00:20.787 15216 15216 E ViewRootImpl: sendUserActionEvent() returned.
08-29 12:00:20.806 15216 15216 D AbsListView: in onLayout changed
08-29 12:00:20.868 15216 15216 D AbsListView: in onLayout changed
08-29 12:00:22.107 15216 15216 D ViewRootImpl@df5849a[LoginActivity]: ViewPostImeInputStage processPointer 0
08-29 12:00:22.168 15216 15216 D ViewRootImpl@df5849a[LoginActivity]: ViewPostImeInputStage processPointer 1
08-29 12:00:22.192 15216 15216 D ScrollView: initGoToTop
08-29 12:00:22.196 15216 15216 D ScrollView: initGoToTop
08-29 12:00:22.204 15216 15216 D ViewRootImpl@4914f36[LoginActivity]: ThreadedRenderer.create() translucent=true
08-29 12:00:22.209 15216 15216 D InputTransport: Input channel constructed: fd=68
08-29 12:00:22.209 15216 15216 D ViewRootImpl@4914f36[LoginActivity]: setView = DecorView@1c55e37[LoginActivity] touchMode=true
08-29 12:00:22.210 15216 15216 D ViewRootImpl@4914f36[LoginActivity]: dispatchAttachedToWindow
08-29 12:00:22.230 15216 15216 D ViewRootImpl@4914f36[LoginActivity]: Relayout returned: oldFrame=[0,0][0,0] newFrame=[108,450][660,597] result=0x27 surface={isValid=true -1920894976} surfaceGenerationChanged=true
08-29 12:00:22.230 15216 15216 D ViewRootImpl@4914f36[LoginActivity]: mHardwareRenderer.initialize() mSurface={isValid=true -1920894976} hwInitialized=true
08-29 12:00:22.233 15216 15216 D ScrollView: onsize change changed
08-29 12:00:22.233 15216 15216 D ScrollView: onsize change changed
08-29 12:00:22.242 15216 15216 D ViewRootImpl@4914f36[LoginActivity]: MSG_WINDOW_FOCUS_CHANGED 1
08-29 12:00:22.242 15216 15216 D ViewRootImpl@4914f36[LoginActivity]: mHardwareRenderer.initializeIfNeeded()#2 mSurface={isValid=true -1920894976}
08-29 12:00:22.260 15216 15216 D ViewRootImpl@4914f36[LoginActivity]: MSG_RESIZED_REPORT: frame=Rect(108, 450 - 660, 597) ci=Rect(0, 0 - 0, 0) vi=Rect(0, 0 - 0, 0) or=1
08-29 12:00:22.275 15216 15216 D ViewRootImpl@df5849a[LoginActivity]: MSG_WINDOW_FOCUS_CHANGED 0
08-29 12:00:23.852 15216 15216 D ViewRootImpl@4914f36[LoginActivity]: ViewPostImeInputStage processPointer 0
08-29 12:00:23.926 15216 15216 D ViewRootImpl@4914f36[LoginActivity]: ViewPostImeInputStage processPointer 1
08-29 12:00:23.959 15216 15216 D ScrollView: initGoToTop
08-29 12:00:23.964 15216 15216 D ScrollView: initGoToTop
08-29 12:00:23.971 15216 15216 D ViewRootImpl@6134672[LoginActivity]: ThreadedRenderer.create() translucent=true
08-29 12:00:23.976 15216 15216 D InputTransport: Input channel constructed: fd=84
08-29 12:00:23.976 15216 15216 D ViewRootImpl@6134672[LoginActivity]: setView = DecorView@3d7eac3[LoginActivity] touchMode=true
08-29 12:00:23.978 15216 16815 D MYINTERCEPTOR: /GiengerService.svc/assign/A03_trasa_A03-02_1_ranni_30_07_2018
08-29 12:00:23.978 15216 16815 D OkHttp : --> POST https://testsaig1.gienger.cz/GiengerService.svc/assign/A03_trasa_A03-02_1_ranni_30_07_2018 http/1.1
08-29 12:00:23.978 15216 16815 D OkHttp : Content-Length: 0
08-29 12:00:23.978 15216 16815 D OkHttp : token: e17289d8f793d39f42368f176735afaf
08-29 12:00:23.978 15216 16815 D OkHttp : --> END POST
08-29 12:00:23.986 15216 15216 D ViewRootImpl@4914f36[LoginActivity]: mHardwareRenderer.destroy()#4
08-29 12:00:23.986 15216 15216 D ViewRootImpl@4914f36[LoginActivity]: dispatchDetachedFromWindow
08-29 12:00:24.002 15216 15216 D InputTransport: Input channel destroyed: fd=68
08-29 12:00:24.003 15216 15216 D ViewRootImpl@6134672[LoginActivity]: dispatchAttachedToWindow
08-29 12:00:24.014 15216 16815 D OkHttp : <-- 403 https://testsaig1.gienger.cz/GiengerService.svc/assign/A03_trasa_A03-02_1_ranni_30_07_2018 (34ms)
08-29 12:00:24.014 15216 16815 D OkHttp : content-type: application/xml; charset=utf-8
08-29 12:00:24.014 15216 16815 D OkHttp : server: Microsoft-IIS/10.0
08-29 12:00:24.014 15216 16815 D OkHttp : x-powered-by: ASP.NET
08-29 12:00:24.014 15216 16815 D OkHttp : date: Wed, 29 Aug 2018 10:00:21 GMT
08-29 12:00:24.015 15216 16815 D OkHttp : content-length: 86
08-29 12:00:24.015 15216 16815 D OkHttp : <-- END HTTP
08-29 12:00:24.036 15216 15216 D ViewRootImpl@6134672[LoginActivity]: Relayout returned: oldFrame=[0,0][0,0] newFrame=[108,466][660,582] result=0x27 surface={isValid=true -1920894976} surfaceGenerationChanged=true
08-29 12:00:24.037 15216 15216 D ViewRootImpl@6134672[LoginActivity]: mHardwareRenderer.initialize() mSurface={isValid=true -1920894976} hwInitialized=true
08-29 12:00:24.040 15216 15216 D ViewRootImpl@6134672[LoginActivity]: MSG_WINDOW_FOCUS_CHANGED 1
08-29 12:00:24.041 15216 15216 D ViewRootImpl@6134672[LoginActivity]: mHardwareRenderer.initializeIfNeeded()#2 mSurface={isValid=true -1920894976}
08-29 12:00:24.072 15216 15216 D ViewRootImpl@6134672[LoginActivity]: mHardwareRenderer.destroy()#4
08-29 12:00:24.072 15216 15216 D ViewRootImpl@6134672[LoginActivity]: dispatchDetachedFromWindow
08-29 12:00:24.086 15216 15216 D InputTransport: Input channel destroyed: fd=84
08-29 12:00:24.100 15216 15216 D ScrollView: initGoToTop
08-29 12:00:24.105 15216 15216 D ScrollView: initGoToTop
08-29 12:00:24.114 15216 15216 D ViewRootImpl@522eb21[LoginActivity]: ThreadedRenderer.create() translucent=true
08-29 12:00:24.120 15216 15216 D InputTransport: Input channel constructed: fd=68
08-29 12:00:24.121 15216 15216 D ViewRootImpl@522eb21[LoginActivity]: setView = DecorView@85b46[LoginActivity] touchMode=true
08-29 12:00:24.122 15216 15216 D ViewRootImpl@522eb21[LoginActivity]: dispatchAttachedToWindow
08-29 12:00:24.156 15216 15216 D ViewRootImpl@522eb21[LoginActivity]: Relayout returned: oldFrame=[0,0][0,0] newFrame=[94,423][674,624] result=0x27 surface={isValid=true -1913255936} surfaceGenerationChanged=true
08-29 12:00:24.156 15216 15216 D ViewRootImpl@522eb21[LoginActivity]: mHardwareRenderer.initialize() mSurface={isValid=true -1913255936} hwInitialized=true
08-29 12:00:24.160 15216 15216 D ScrollView: onsize change changed
08-29 12:00:24.161 15216 15216 D ScrollView: onsize change changed
08-29 12:00:24.161 15216 15216 E ViewRootImpl: sendUserActionEvent() returned.
08-29 12:00:24.161 15216 15216 D ViewRootImpl@df5849a[LoginActivity]: MSG_WINDOW_FOCUS_CHANGED 1
08-29 12:00:24.161 15216 15216 D ViewRootImpl@df5849a[LoginActivity]: mHardwareRenderer.initializeIfNeeded()#2 mSurface={isValid=true -1923207168}
08-29 12:00:24.165 15216 15216 E ViewRootImpl: sendUserActionEvent() returned.
08-29 12:00:24.166 15216 15216 D ViewRootImpl@522eb21[LoginActivity]: MSG_WINDOW_FOCUS_CHANGED 1
08-29 12:00:24.166 15216 15216 D ViewRootImpl@522eb21[LoginActivity]: mHardwareRenderer.initializeIfNeeded()#2 mSurface={isValid=true -1913255936}
08-29 12:00:24.180 15216 15216 D ViewRootImpl@522eb21[LoginActivity]: MSG_RESIZED_REPORT: frame=Rect(94, 423 - 674, 624) ci=Rect(0, 0 - 0, 0) vi=Rect(0, 0 - 0, 0) or=1
08-29 12:00:24.201 15216 15216 D ViewRootImpl@df5849a[LoginActivity]: MSG_WINDOW_FOCUS_CHANGED 0
08-29 12:00:37.750 15216 15216 D ViewRootImpl@522eb21[LoginActivity]: ViewPostImeInputStage processPointer 0
08-29 12:00:37.799 15216 15216 D ViewRootImpl@522eb21[LoginActivity]: ViewPostImeInputStage processPointer 1
08-29 12:00:37.825 15216 15216 D ViewRootImpl@522eb21[LoginActivity]: mHardwareRenderer.destroy()#4
08-29 12:00:37.825 15216 15216 D ViewRootImpl@522eb21[LoginActivity]: dispatchDetachedFromWindow
08-29 12:00:37.833 15216 15216 D InputTransport: Input channel destroyed: fd=68
08-29 12:00:37.833 15216 15216 D ViewRootImpl@df5849a[LoginActivity]: MSG_WINDOW_FOCUS_CHANGED 1
08-29 12:00:37.834 15216 15216 D ViewRootImpl@df5849a[LoginActivity]: mHardwareRenderer.initializeIfNeeded()#2 mSurface={isValid=true -1923207168}
08-29 12:00:37.835 15216 15216 E ViewRootImpl: sendUserActionEvent() returned.
08-29 12:00:38.595 15216 15216 D ViewRootImpl@df5849a[LoginActivity]: ViewPostImeInputStage processPointer 0
08-29 12:00:38.652 15216 15216 D ViewRootImpl@df5849a[LoginActivity]: ViewPostImeInputStage processPointer 1
08-29 12:00:38.668 15216 16836 D MYINTERCEPTOR: /GiengerService.svc/logout
08-29 12:00:38.669 15216 16836 D OkHttp : --> POST https://testsaig1.gienger.cz/GiengerService.svc/logout http/1.1
08-29 12:00:38.669 15216 16836 D OkHttp : Content-Type: application/xml; charset=UTF-8
08-29 12:00:38.669 15216 16836 D OkHttp : Content-Length: 268
08-29 12:00:38.670 15216 16836 D OkHttp : token: e17289d8f793d39f42368f176735afaf
08-29 12:00:38.670 15216 16836 D OkHttp : --> END POST
08-29 12:00:38.706 15216 16836 D OkHttp : <-- 200 https://testsaig1.gienger.cz/GiengerService.svc/logout (36ms)
08-29 12:00:38.707 15216 16836 D OkHttp : server: Microsoft-IIS/10.0
08-29 12:00:38.707 15216 16836 D OkHttp : x-powered-by: ASP.NET
08-29 12:00:38.707 15216 16836 D OkHttp : date: Wed, 29 Aug 2018 10:00:36 GMT
08-29 12:00:38.707 15216 16836 D OkHttp : content-length: 0
08-29 12:00:38.707 15216 16836 D OkHttp : <-- END HTTP
08-29 12:00:38.719 15216 15216 D InputMethodManager: HSIFW - flag : 0 Pid : 15216
08-29 12:00:38.754 15216 15216 D AbsListView: in onLayout changed
08-29 12:00:38.763 15216 15216 D ScrollView: initGoToTop
08-29 12:00:38.792 15216 15216 D ScrollView: onsize change changed
08-29 12:00:39.874 15216 15216 D ViewRootImpl@df5849a[LoginActivity]: ViewPostImeInputStage processPointer 0
08-29 12:00:39.933 15216 15216 D ViewRootImpl@df5849a[LoginActivity]: ViewPostImeInputStage processPointer 1
08-29 12:00:39.945 15216 15216 V InputMethodManager: Starting input: tba=android.view.inputmethod.EditorInfo@936fe81 nm : cz.gienger.mobile ic=com.android.internal.widget.EditableInputConnection@6bbdb26
08-29 12:00:39.945 15216 15216 I InputMethodManager: startInputInner - mService.startInputOrWindowGainedFocus
08-29 12:00:39.947 15216 15216 D InputTransport: Input channel constructed: fd=68
08-29 12:00:39.947 15216 15216 D InputTransport: Input channel destroyed: fd=73
08-29 12:00:39.947 15216 15216 D InputMethodManager: SSI - flag : 0 Pid : 15216 view : cz.gienger.mobile
08-29 12:00:40.250 15216 15216 D ViewRootImpl@df5849a[LoginActivity]: MSG_RESIZED: frame=Rect(0, 0 - 768, 1024) ci=Rect(0, 24 - 0, 320) vi=Rect(0, 24 - 0, 320) or=1
08-29 12:00:40.271 15216 15216 D ViewRootImpl@df5849a[LoginActivity]: Relayout returned: oldFrame=[0,0][768,1024] newFrame=[0,0][768,1024] result=0x1 surface={isValid=true -1923207168} surfaceGenerationChanged=false
08-29 12:00:40.275 15216 15216 D ScrollView: onsize change changed
08-29 12:00:43.966 15216 15216 D ViewRootImpl@df5849a[LoginActivity]: ViewPostImeInputStage processPointer 0
08-29 12:00:44.017 15216 15216 D ViewRootImpl@df5849a[LoginActivity]: ViewPostImeInputStage processPointer 1
08-29 12:00:44.029 15216 15216 V InputMethodManager: Starting input: tba=android.view.inputmethod.EditorInfo@90928fe nm : cz.gienger.mobile ic=com.android.internal.widget.EditableInputConnection@5d8085f
08-29 12:00:44.029 15216 15216 I InputMethodManager: startInputInner - mService.startInputOrWindowGainedFocus
08-29 12:00:44.031 15216 15216 D InputTransport: Input channel constructed: fd=73
08-29 12:00:44.031 15216 15216 D InputTransport: Input channel destroyed: fd=68
08-29 12:00:44.031 15216 15216 D InputMethodManager: SSI - flag : 0 Pid : 15216 view : cz.gienger.mobile
08-29 12:00:44.037 15216 15216 W IInputConnectionWrapper: performPrivateCommand on inactive InputConnection
08-29 12:00:44.037 15216 15216 W IInputConnectionWrapper: finishComposingText on inactive InputConnection
08-29 12:00:54.845 15216 15216 D ViewRootImpl@df5849a[LoginActivity]: ViewPostImeInputStage processPointer 0
08-29 12:00:54.928 15216 15216 D ViewRootImpl@df5849a[LoginActivity]: ViewPostImeInputStage processPointer 1
08-29 12:00:54.950 15216 15216 D ScrollView: initGoToTop
08-29 12:00:54.954 15216 15216 D ScrollView: initGoToTop
08-29 12:00:54.961 15216 15216 D ViewRootImpl@62c4cc8[LoginActivity]: ThreadedRenderer.create() translucent=true
08-29 12:00:54.967 15216 15216 D InputTransport: Input channel constructed: fd=68
08-29 12:00:54.967 15216 15216 D ViewRootImpl@62c4cc8[LoginActivity]: setView = DecorView@af1d161[LoginActivity] touchMode=true
08-29 12:00:54.975 15216 16815 D MYINTERCEPTOR: /GiengerService.svc/oauth
08-29 12:00:54.976 15216 16815 D OkHttp : --> POST https://testsaig1.gienger.cz/GiengerService.svc/oauth http/1.1
08-29 12:00:54.976 15216 16815 D OkHttp : Content-Type: application/xml; charset=UTF-8
08-29 12:00:54.976 15216 16815 D OkHttp : Content-Length: 298
08-29 12:00:54.976 15216 16815 D OkHttp : --> END POST
08-29 12:00:54.976 15216 15216 D ViewRootImpl@62c4cc8[LoginActivity]: dispatchAttachedToWindow
08-29 12:00:55.001 15216 16815 D OkHttp : <-- 200 https://testsaig1.gienger.cz/GiengerService.svc/oauth (24ms)
08-29 12:00:55.001 15216 16815 D OkHttp : content-type: application/xml; charset=utf-8
08-29 12:00:55.001 15216 16815 D OkHttp : server: Microsoft-IIS/10.0
08-29 12:00:55.001 15216 16815 D OkHttp : x-powered-by: ASP.NET
08-29 12:00:55.001 15216 16815 D OkHttp : date: Wed, 29 Aug 2018 10:00:52 GMT
08-29 12:00:55.001 15216 16815 D OkHttp : content-length: 292
08-29 12:00:55.001 15216 16815 D OkHttp : <-- END HTTP
08-29 12:00:55.006 15216 15216 D ViewRootImpl@62c4cc8[LoginActivity]: Relayout returned: oldFrame=[0,0][0,0] newFrame=[108,466][660,582] result=0x27 surface={isValid=true -1912295424} surfaceGenerationChanged=true
08-29 12:00:55.007 15216 15216 D ViewRootImpl@62c4cc8[LoginActivity]: mHardwareRenderer.initialize() mSurface={isValid=true -1912295424} hwInitialized=true
08-29 12:00:55.021 15216 15216 D ViewRootImpl@62c4cc8[LoginActivity]: MSG_WINDOW_FOCUS_CHANGED 1
08-29 12:00:55.021 15216 15216 D ViewRootImpl@62c4cc8[LoginActivity]: mHardwareRenderer.initializeIfNeeded()#2 mSurface={isValid=true -1912295424}
08-29 12:00:55.039 15216 15216 D ViewRootImpl@62c4cc8[LoginActivity]: MSG_RESIZED_REPORT: frame=Rect(108, 466 - 660, 582) ci=Rect(0, 0 - 0, 0) vi=Rect(0, 0 - 0, 0) or=1
08-29 12:00:55.044 15216 16815 D MYINTERCEPTOR: /GiengerService.svc/userinfo
08-29 12:00:55.044 15216 16815 D OkHttp : --> POST https://testsaig1.gienger.cz/GiengerService.svc/userinfo http/1.1
08-29 12:00:55.044 15216 16815 D OkHttp : Content-Type: application/xml; charset=UTF-8
08-29 12:00:55.044 15216 16815 D OkHttp : Content-Length: 139
08-29 12:00:55.044 15216 16815 D OkHttp : token: 6f2aff3552ab24eed0027f570712fbc0
08-29 12:00:55.045 15216 16815 D OkHttp : --> END POST
08-29 12:00:55.067 15216 15221 I art : Do full code cache collection, code=210KB, data=249KB
08-29 12:00:55.069 15216 15221 I art : Starting a blocking GC JitCodeCache
08-29 12:00:55.070 15216 15221 I art : After code cache collection, code=201KB, data=202KB
08-29 12:00:55.073 15216 15216 D ViewRootImpl@df5849a[LoginActivity]: MSG_WINDOW_FOCUS_CHANGED 0
08-29 12:00:55.079 15216 16815 D OkHttp : <-- 200 https://testsaig1.gienger.cz/GiengerService.svc/userinfo (34ms)
08-29 12:00:55.080 15216 16815 D OkHttp : content-type: application/xml; charset=utf-8
08-29 12:00:55.080 15216 16815 D OkHttp : server: Microsoft-IIS/10.0
08-29 12:00:55.080 15216 16815 D OkHttp : x-powered-by: ASP.NET
08-29 12:00:55.080 15216 16815 D OkHttp : date: Wed, 29 Aug 2018 10:00:52 GMT
08-29 12:00:55.080 15216 16815 D OkHttp : content-length: 195
08-29 12:00:55.080 15216 16815 D OkHttp : <-- END HTTP
08-29 12:00:55.119 15216 15216 D ScrollView: initGoToTop
08-29 12:00:55.123 15216 15216 D ScrollView: initGoToTop
08-29 12:00:55.139 15216 15216 D ViewRootImpl@c64b5d4[LoginActivity]: ThreadedRenderer.create() translucent=true
08-29 12:00:55.166 15216 15216 D InputTransport: Input channel constructed: fd=87
08-29 12:00:55.166 15216 15216 D ViewRootImpl@c64b5d4[LoginActivity]: setView = DecorView@c40337d[LoginActivity] touchMode=true
08-29 12:00:55.206 15216 15216 D ViewRootImpl@62c4cc8[LoginActivity]: mHardwareRenderer.destroy()#4
08-29 12:00:55.206 15216 15216 D ViewRootImpl@62c4cc8[LoginActivity]: dispatchDetachedFromWindow
08-29 12:00:55.228 15216 15216 D InputTransport: Input channel destroyed: fd=68
08-29 12:00:55.242 15216 15216 D ViewRootImpl@df5849a[LoginActivity]: Relayout returned: oldFrame=[0,0][768,1024] newFrame=[0,0][768,1024] result=0x1 surface={isValid=true -1923207168} surfaceGenerationChanged=false
08-29 12:00:55.246 15216 15216 D ViewRootImpl@c64b5d4[LoginActivity]: dispatchAttachedToWindow
08-29 12:00:55.296 15216 15216 D ViewRootImpl@c64b5d4[LoginActivity]: Relayout returned: oldFrame=[0,0][0,0] newFrame=[108,423][660,624] result=0x27 surface={isValid=true -1912295424} surfaceGenerationChanged=true
08-29 12:00:55.297 15216 15216 D ViewRootImpl@c64b5d4[LoginActivity]: mHardwareRenderer.initialize() mSurface={isValid=true -1912295424} hwInitialized=true
08-29 12:00:55.302 15216 15216 D ScrollView: onsize change changed
08-29 12:00:55.302 15216 15216 D ScrollView: onsize change changed
08-29 12:00:55.306 15216 15216 D ViewRootImpl@c64b5d4[LoginActivity]: MSG_WINDOW_FOCUS_CHANGED 1
08-29 12:00:55.307 15216 15216 D ViewRootImpl@c64b5d4[LoginActivity]: mHardwareRenderer.initializeIfNeeded()#2 mSurface={isValid=true -1912295424}
08-29 12:00:55.326 15216 15216 D ViewRootImpl@c64b5d4[LoginActivity]: MSG_RESIZED_REPORT: frame=Rect(108, 423 - 660, 624) ci=Rect(0, 0 - 0, 0) vi=Rect(0, 0 - 0, 0) or=1
08-29 12:00:55.346 15216 15216 E ViewRootImpl: sendUserActionEvent() returned.
08-29 12:00:56.238 15216 15216 D ViewRootImpl@c64b5d4[LoginActivity]: ViewPostImeInputStage processPointer 0
08-29 12:00:56.344 15216 15216 D ViewRootImpl@c64b5d4[LoginActivity]: ViewPostImeInputStage processPointer 1
08-29 12:00:56.370 15216 15216 D ViewRootImpl@c64b5d4[LoginActivity]: mHardwareRenderer.destroy()#4
08-29 12:00:56.370 15216 15216 D ViewRootImpl@c64b5d4[LoginActivity]: dispatchDetachedFromWindow
08-29 12:00:56.379 15216 15216 D InputTransport: Input channel destroyed: fd=87
08-29 12:00:56.395 15216 16815 D MYINTERCEPTOR: /GiengerService.svc/manifests
08-29 12:00:56.396 15216 16815 D OkHttp : --> GET https://testsaig1.gienger.cz/GiengerService.svc/manifests http/1.1
08-29 12:00:56.397 15216 16815 D OkHttp : state: CZ
08-29 12:00:56.398 15216 16815 D OkHttp : token: 6f2aff3552ab24eed0027f570712fbc0
08-29 12:00:56.399 15216 16815 D OkHttp : --> END GET
08-29 12:00:56.401 15216 15216 D Graph : removeVertex() : insertDummyVertex, because there is no ancestor.
08-29 12:00:56.403 15216 15216 D TextView: SYANI: Clipboard API is calling: clearFilter()
08-29 12:00:56.403 15216 15216 D TextView: SYANI: Clipboard API is calling: unregisterClipboardEventListener()
08-29 12:00:56.403 15216 15216 D TextView: SYANI: Clipboard API is calling: clearFilter()
08-29 12:00:56.403 15216 15216 D TextView: SYANI: Clipboard API is calling: unregisterClipboardEventListener()
08-29 12:00:56.412 15216 15216 D ViewRootImpl@df5849a[LoginActivity]: mHardwareRenderer.destroy()#4
08-29 12:00:56.412 15216 15216 D ViewRootImpl@df5849a[LoginActivity]: dispatchDetachedFromWindow
08-29 12:00:56.413 15216 15216 D InputTransport: Input channel destroyed: fd=61
08-29 12:00:56.438 15216 15216 D FILES : /data/user/0/cz.gienger.mobile/files/delivery
08-29 12:00:56.438 15216 15216 D FILES : /data/user/0/cz.gienger.mobile/files/delivery/130AT1180325847
08-29 12:00:56.438 15216 15216 D FILES : /data/user/0/cz.gienger.mobile/files/delivery/130AT1180325847/corrections
08-29 12:00:56.438 15216 15216 D FILES : /data/user/0/cz.gienger.mobile/files/delivery/130AT1180325847/130AT1180325847.pdf
08-29 12:00:56.439 15216 15216 D FILES : /data/user/0/cz.gienger.mobile/files/delivery/130AT1180325848
08-29 12:00:56.439 15216 15216 D FILES : /data/user/0/cz.gienger.mobile/files/delivery/130AT1180325848/corrections
08-29 12:00:56.439 15216 15216 D FILES : /data/user/0/cz.gienger.mobile/files/delivery/130AT1180325848/130AT1180325848.pdf
08-29 12:00:56.439 15216 15216 D FILES : /data/user/0/cz.gienger.mobile/files/delivery/130AT1180324980
08-29 12:00:56.439 15216 15216 D FILES : /data/user/0/cz.gienger.mobile/files/delivery/130AT1180324980/corrections
08-29 12:00:56.439 15216 15216 D FILES : /data/user/0/cz.gienger.mobile/files/delivery/130AT1180324980/130AT1180324980.pdf
08-29 12:00:56.451 15216 16826 D MYINTERCEPTOR: /GiengerService.svc/manifests
08-29 12:00:56.452 15216 16826 D OkHttp : --> GET https://testsaig1.gienger.cz/GiengerService.svc/manifests http/1.1
08-29 12:00:56.452 15216 16826 D OkHttp : state: CZ
08-29 12:00:56.452 15216 16826 D OkHttp : token: 6f2aff3552ab24eed0027f570712fbc0
08-29 12:00:56.452 15216 16826 D OkHttp : --> END GET
08-29 12:00:56.468 15216 16815 D OkHttp : <-- 200 https://testsaig1.gienger.cz/GiengerService.svc/manifests (69ms)
08-29 12:00:56.468 15216 16815 D OkHttp : content-type: application/xml; charset=utf-8
08-29 12:00:56.468 15216 16815 D OkHttp : server: Microsoft-IIS/10.0
08-29 12:00:56.468 15216 16815 D OkHttp : x-powered-by: ASP.NET
08-29 12:00:56.469 15216 16815 D OkHttp : date: Wed, 29 Aug 2018 10:00:54 GMT
08-29 12:00:56.469 15216 16815 D OkHttp : content-length: 11360
08-29 12:00:56.469 15216 16815 D OkHttp : <-- END HTTP
08-29 12:00:56.474 15216 16863 D MYINTERCEPTOR: /GiengerService.svc/manifests
08-29 12:00:56.475 15216 16863 D OkHttp : --> GET https://testsaig1.gienger.cz/GiengerService.svc/manifests http/1.1
08-29 12:00:56.475 15216 16863 D OkHttp : state: CZ
08-29 12:00:56.475 15216 16863 D OkHttp : token: 6f2aff3552ab24eed0027f570712fbc0
08-29 12:00:56.475 15216 16863 D OkHttp : --> END GET
08-29 12:00:56.477 15216 15216 D ViewRootImpl@d2daae7[LoginActivity]: ThreadedRenderer.create() translucent=false
08-29 12:00:56.487 15216 15216 D InputTransport: Input channel constructed: fd=61
08-29 12:00:56.487 15216 15216 D ViewRootImpl@d2daae7[LoginActivity]: setView = DecorView@c2e5694[LoginActivity] touchMode=true
08-29 12:00:56.491 15216 15216 D ViewRootImpl@d2daae7[LoginActivity]: dispatchAttachedToWindow
08-29 12:00:56.494 15216 16826 D OkHttp : <-- 200 https://testsaig1.gienger.cz/GiengerService.svc/manifests (41ms)
08-29 12:00:56.494 15216 16826 D OkHttp : content-type: application/xml; charset=utf-8
08-29 12:00:56.495 15216 16826 D OkHttp : server: Microsoft-IIS/10.0
08-29 12:00:56.495 15216 16826 D OkHttp : x-powered-by: ASP.NET
08-29 12:00:56.495 15216 16826 D OkHttp : date: Wed, 29 Aug 2018 10:00:54 GMT
08-29 12:00:56.495 15216 16826 D OkHttp : content-length: 11360
08-29 12:00:56.495 15216 16826 D OkHttp : <-- END HTTP
08-29 12:00:56.500 15216 16863 D OkHttp : <-- 200 https://testsaig1.gienger.cz/GiengerService.svc/manifests (25ms)
08-29 12:00:56.501 15216 16863 D OkHttp : content-type: application/xml; charset=utf-8
08-29 12:00:56.501 15216 16863 D OkHttp : server: Microsoft-IIS/10.0
08-29 12:00:56.501 15216 16863 D OkHttp : x-powered-by: ASP.NET
08-29 12:00:56.501 15216 16863 D OkHttp : date: Wed, 29 Aug 2018 10:00:54 GMT
08-29 12:00:56.501 15216 16863 D OkHttp : content-length: 11360
08-29 12:00:56.501 15216 16863 D OkHttp : <-- END HTTP
08-29 12:00:56.525 15216 15216 D ViewRootImpl@d2daae7[LoginActivity]: Relayout returned: oldFrame=[0,0][0,0] newFrame=[0,0][768,1024] result=0x27 surface={isValid=true -1925074944} surfaceGenerationChanged=true
08-29 12:00:56.526 15216 15216 D ViewRootImpl@d2daae7[LoginActivity]: mHardwareRenderer.initialize() mSurface={isValid=true -1925074944} hwInitialized=true
08-29 12:00:56.528 15216 15216 D AbsListView: in onLayout changed
08-29 12:00:56.529 15216 15216 E ViewRootImpl: sendUserActionEvent() returned.
08-29 12:00:56.529 15216 15216 E ViewRootImpl: sendUserActionEvent() returned.
08-29 12:00:56.558 15216 15216 D DOWNLOAD_MANIFESTS: success
08-29 12:00:56.575 15216 15216 D ViewRootImpl@d2daae7[LoginActivity]: MSG_RESIZED_REPORT: frame=Rect(0, 0 - 768, 1024) ci=Rect(0, 24 - 0, 320) vi=Rect(0, 24 - 0, 320) or=1
08-29 12:00:56.575 15216 15216 D DOWNLOAD_MANIFESTS: success
08-29 12:00:56.588 15216 15216 D ViewRootImpl@d2daae7[LoginActivity]: MSG_WINDOW_FOCUS_CHANGED 1
08-29 12:00:56.588 15216 15216 D ViewRootImpl@d2daae7[LoginActivity]: mHardwareRenderer.initializeIfNeeded()#2 mSurface={isValid=true -1925074944}
08-29 12:00:56.593 15216 15216 V InputMethodManager: Starting input: tba=android.view.inputmethod.EditorInfo@c22d839 nm : cz.gienger.mobile ic=null
08-29 12:00:56.593 15216 15216 I InputMethodManager: startInputInner - mService.startInputOrWindowGainedFocus
08-29 12:00:56.597 15216 15216 D InputTransport: Input channel constructed: fd=64
08-29 12:00:56.597 15216 15216 D InputTransport: Input channel destroyed: fd=73
08-29 12:00:56.597 15216 15216 D DOWNLOAD_MANIFESTS: success
08-29 12:00:56.731 15216 15216 E ViewRootImpl: sendUserActionEvent() returned.
08-29 12:00:56.732 15216 15216 V InputMethodManager: Starting input: tba=android.view.inputmethod.EditorInfo@872a438 nm : cz.gienger.mobile ic=null
08-29 12:00:56.732 15216 15216 I InputMethodManager: startInputInner - mService.startInputOrWindowGainedFocus
08-29 12:00:56.734 15216 15216 D InputTransport: Input channel constructed: fd=68
08-29 12:00:56.734 15216 15216 D InputTransport: Input channel destroyed: fd=64
08-29 12:00:56.734 15216 15216 W IInputConnectionWrapper: finishComposingText on inactive InputConnection
08-29 12:00:56.735 15216 15216 W IInputConnectionWrapper: performPrivateCommand on inactive InputConnection
08-29 12:00:56.735 15216 15216 W IInputConnectionWrapper: finishComposingText on inactive InputConnection
08-29 12:00:56.737 15216 15216 D ViewRootImpl@d2daae7[LoginActivity]: MSG_RESIZED: frame=Rect(0, 0 - 768, 1024) ci=Rect(0, 24 - 0, 0) vi=Rect(0, 24 - 0, 0) or=1
08-29 12:00:56.759 15216 15216 D ViewRootImpl@d2daae7[LoginActivity]: Relayout returned: oldFrame=[0,0][768,1024] newFrame=[0,0][768,1024] result=0x1 surface={isValid=true -1925074944} surfaceGenerationChanged=false
08-29 12:00:56.838 15216 15216 D AbsListView: in onLayout changed
08-29 12:00:57.784 15216 15216 D ViewRootImpl@d2daae7[LoginActivity]: ViewPostImeInputStage processPointer 0
08-29 12:00:57.832 15216 15216 D ViewRootImpl@d2daae7[LoginActivity]: ViewPostImeInputStage processPointer 1
08-29 12:00:57.832 15216 15216 D AbsListView: onTouchUp() mTouchMode : 0
08-29 12:00:58.517 15216 15216 D ViewRootImpl@d2daae7[LoginActivity]: ViewPostImeInputStage processPointer 0
08-29 12:00:58.590 15216 15216 D ViewRootImpl@d2daae7[LoginActivity]: ViewPostImeInputStage processPointer 1
08-29 12:00:58.609 15216 15216 D InputMethodManager: HSIFW - flag : 0 Pid : 15216
08-29 12:00:58.644 15216 15216 D AbsListView: in onLayout changed
08-29 12:00:59.826 15216 15216 D ViewRootImpl@d2daae7[LoginActivity]: ViewPostImeInputStage processPointer 0
08-29 12:00:59.885 15216 15216 D ViewRootImpl@d2daae7[LoginActivity]: ViewPostImeInputStage processPointer 1
08-29 12:00:59.885 15216 15216 D AbsListView: onTouchUp() mTouchMode : 0
08-29 12:01:00.735 15216 15216 D ViewRootImpl@d2daae7[LoginActivity]: ViewPostImeInputStage processPointer 0
08-29 12:01:00.797 15216 15216 D ViewRootImpl@d2daae7[LoginActivity]: ViewPostImeInputStage processPointer 1
08-29 12:01:00.815 15216 15216 D ScrollView: initGoToTop
08-29 12:01:00.819 15216 15216 D ScrollView: initGoToTop
08-29 12:01:00.827 15216 15216 D ViewRootImpl@64a01f7[LoginActivity]: ThreadedRenderer.create() translucent=true
08-29 12:01:00.834 15216 15216 D InputTransport: Input channel constructed: fd=73
08-29 12:01:00.834 15216 15216 D ViewRootImpl@64a01f7[LoginActivity]: setView = DecorView@6264864[LoginActivity] touchMode=true
08-29 12:01:00.835 15216 16863 D MYINTERCEPTOR: /GiengerService.svc/manifestinfo
08-29 12:01:00.836 15216 16863 D OkHttp : --> POST https://testsaig1.gienger.cz/GiengerService.svc/manifestinfo http/1.1
08-29 12:01:00.836 15216 16863 D OkHttp : Content-Length: 0
08-29 12:01:00.836 15216 16863 D OkHttp : state: CZ
08-29 12:01:00.836 15216 16863 D OkHttp : id: A03_trasa_A03-02_1_ranni_30_07_2018
08-29 12:01:00.836 15216 16863 D OkHttp : token: 6f2aff3552ab24eed0027f570712fbc0
08-29 12:01:00.836 15216 16863 D OkHttp : --> END POST
08-29 12:01:00.836 15216 15216 D ViewRootImpl@64a01f7[LoginActivity]: dispatchAttachedToWindow
08-29 12:01:00.865 15216 15216 D ViewRootImpl@64a01f7[LoginActivity]: Relayout returned: oldFrame=[0,0][0,0] newFrame=[108,466][660,582] result=0x27 surface={isValid=true -1923205120} surfaceGenerationChanged=true
08-29 12:01:00.866 15216 15216 D ViewRootImpl@64a01f7[LoginActivity]: mHardwareRenderer.initialize() mSurface={isValid=true -1923205120} hwInitialized=true
08-29 12:01:00.866 15216 16863 D OkHttp : <-- 200 https://testsaig1.gienger.cz/GiengerService.svc/manifestinfo (30ms)
08-29 12:01:00.867 15216 16863 D OkHttp : content-type: application/xml; charset=utf-8
08-29 12:01:00.867 15216 16863 D OkHttp : server: Microsoft-IIS/10.0
08-29 12:01:00.867 15216 16863 D OkHttp : x-powered-by: ASP.NET
08-29 12:01:00.867 15216 16863 D OkHttp : date: Wed, 29 Aug 2018 10:00:58 GMT
08-29 12:01:00.867 15216 16863 D OkHttp : content-length: 183
08-29 12:01:00.867 15216 16863 D OkHttp : <-- END HTTP
08-29 12:01:00.878 15216 15216 D ViewRootImpl@64a01f7[LoginActivity]: MSG_WINDOW_FOCUS_CHANGED 1
08-29 12:01:00.878 15216 15216 D ViewRootImpl@64a01f7[LoginActivity]: mHardwareRenderer.initializeIfNeeded()#2 mSurface={isValid=true -1923205120}
08-29 12:01:00.890 15216 15216 D ViewRootImpl@64a01f7[LoginActivity]: MSG_RESIZED_REPORT: frame=Rect(108, 466 - 660, 582) ci=Rect(0, 0 - 0, 0) vi=Rect(0, 0 - 0, 0) or=1
08-29 12:01:00.900 15216 16868 D MYINTERCEPTOR: /GiengerService.svc/corrections
08-29 12:01:00.902 15216 16868 D OkHttp : --> GET https://testsaig1.gienger.cz/GiengerService.svc/corrections http/1.1
08-29 12:01:00.902 15216 16868 D OkHttp : token: 6f2aff3552ab24eed0027f570712fbc0
08-29 12:01:00.902 15216 16868 D OkHttp : --> END GET
08-29 12:01:00.922 15216 16868 D OkHttp : <-- 200 https://testsaig1.gienger.cz/GiengerService.svc/corrections (19ms)
08-29 12:01:00.922 15216 16868 D OkHttp : content-type: application/xml; charset=utf-8
08-29 12:01:00.922 15216 16868 D OkHttp : server: Microsoft-IIS/10.0
08-29 12:01:00.922 15216 16868 D OkHttp : x-powered-by: ASP.NET
08-29 12:01:00.922 15216 16868 D OkHttp : date: Wed, 29 Aug 2018 10:00:58 GMT
08-29 12:01:00.923 15216 16868 D OkHttp : content-length: 1267
08-29 12:01:00.923 15216 16868 D OkHttp : <-- END HTTP
08-29 12:01:00.932 15216 15216 D ViewRootImpl@d2daae7[LoginActivity]: MSG_WINDOW_FOCUS_CHANGED 0
08-29 12:01:00.936 15216 16868 D MYINTERCEPTOR: /GiengerService.svc/getorder
08-29 12:01:00.936 15216 16868 D OkHttp : --> POST https://testsaig1.gienger.cz/GiengerService.svc/getorder http/1.1
08-29 12:01:00.936 15216 16868 D OkHttp : Content-Length: 0
08-29 12:01:00.936 15216 16868 D OkHttp : name: 130AT1180325847.xml
08-29 12:01:00.937 15216 16868 D OkHttp : token: 6f2aff3552ab24eed0027f570712fbc0
08-29 12:01:00.937 15216 16868 D OkHttp : --> END POST
08-29 12:01:00.982 15216 16868 D OkHttp : <-- 200 https://testsaig1.gienger.cz/GiengerService.svc/getorder (44ms)
08-29 12:01:00.982 15216 16868 D OkHttp : content-type: application/xml; charset=utf-8
08-29 12:01:00.983 15216 16868 D OkHttp : server: Microsoft-IIS/10.0
08-29 12:01:00.983 15216 16868 D OkHttp : checksum: 3b0d08dd9380ed3dc2a336228c747e1a
08-29 12:01:00.983 15216 16868 D OkHttp : x-powered-by: ASP.NET
08-29 12:01:00.983 15216 16868 D OkHttp : date: Wed, 29 Aug 2018 10:00:58 GMT
08-29 12:01:00.983 15216 16868 D OkHttp : content-length: 169627
08-29 12:01:00.983 15216 16868 D OkHttp : <-- END HTTP
08-29 12:01:01.155 15216 16868 D MYINTERCEPTOR: /GiengerService.svc/getorder
08-29 12:01:01.156 15216 16868 D OkHttp : --> POST https://testsaig1.gienger.cz/GiengerService.svc/getorder http/1.1
08-29 12:01:01.156 15216 16868 D OkHttp : Content-Length: 0
08-29 12:01:01.156 15216 16868 D OkHttp : name: 130AT1180325848.xml
08-29 12:01:01.156 15216 16868 D OkHttp : token: 6f2aff3552ab24eed0027f570712fbc0
08-29 12:01:01.156 15216 16868 D OkHttp : --> END POST
08-29 12:01:01.209 15216 16868 D OkHttp : <-- 200 https://testsaig1.gienger.cz/GiengerService.svc/getorder (52ms)
08-29 12:01:01.209 15216 16868 D OkHttp : content-type: application/xml; charset=utf-8
08-29 12:01:01.209 15216 16868 D OkHttp : server: Microsoft-IIS/10.0
08-29 12:01:01.210 15216 16868 D OkHttp : checksum: de941dce18157380c7635fe971b8cb33
08-29 12:01:01.210 15216 16868 D OkHttp : x-powered-by: ASP.NET
08-29 12:01:01.210 15216 16868 D OkHttp : date: Wed, 29 Aug 2018 10:00:58 GMT
08-29 12:01:01.210 15216 16868 D OkHttp : content-length: 184257
08-29 12:01:01.210 15216 16868 D OkHttp : <-- END HTTP
08-29 12:01:01.397 15216 16868 D MYINTERCEPTOR: /GiengerService.svc/getorder
08-29 12:01:01.398 15216 16868 D OkHttp : --> POST https://testsaig1.gienger.cz/GiengerService.svc/getorder http/1.1
08-29 12:01:01.398 15216 16868 D OkHttp : Content-Length: 0
08-29 12:01:01.398 15216 16868 D OkHttp : name: 130AT1180324980.xml
08-29 12:01:01.398 15216 16868 D OkHttp : token: 6f2aff3552ab24eed0027f570712fbc0
08-29 12:01:01.399 15216 16868 D OkHttp : --> END POST
08-29 12:01:01.479 15216 16868 D OkHttp : <-- 200 https://testsaig1.gienger.cz/GiengerService.svc/getorder (79ms)
08-29 12:01:01.480 15216 16868 D OkHttp : content-type: application/xml; charset=utf-8
08-29 12:01:01.480 15216 16868 D OkHttp : server: Microsoft-IIS/10.0
08-29 12:01:01.480 15216 16868 D OkHttp : checksum: 05407bd1f387b72cf348fe67d21b7d31
08-29 12:01:01.480 15216 16868 D OkHttp : x-powered-by: ASP.NET
08-29 12:01:01.480 15216 16868 D OkHttp : date: Wed, 29 Aug 2018 10:00:58 GMT
08-29 12:01:01.480 15216 16868 D OkHttp : content-length: 165500
08-29 12:01:01.481 15216 16868 D OkHttp : <-- END HTTP
08-29 12:01:02.374 15216 15216 D ViewRootImpl@64a01f7[LoginActivity]: mHardwareRenderer.destroy()#4
08-29 12:01:02.375 15216 15216 D ViewRootImpl@64a01f7[LoginActivity]: dispatchDetachedFromWindow
08-29 12:01:02.384 15216 15216 D InputTransport: Input channel destroyed: fd=73
08-29 12:01:02.385 15216 15216 D ViewRootImpl@d2daae7[LoginActivity]: MSG_WINDOW_FOCUS_CHANGED 1
08-29 12:01:02.385 15216 15216 D ViewRootImpl@d2daae7[LoginActivity]: mHardwareRenderer.initializeIfNeeded()#2 mSurface={isValid=true -1925074944}
08-29 12:01:02.387 15216 15216 V InputMethodManager: Starting input: tba=android.view.inputmethod.EditorInfo@ede9294 nm : cz.gienger.mobile ic=null
08-29 12:01:02.387 15216 15216 I InputMethodManager: startInputInner - mService.startInputOrWindowGainedFocus
08-29 12:01:02.389 15216 15216 D InputTransport: Input channel constructed: fd=73
08-29 12:01:02.389 15216 15216 D InputTransport: Input channel destroyed: fd=68
08-29 12:01:02.389 15216 15216 E ViewRootImpl: sendUserActionEvent() returned.
08-29 12:01:02.418 15216 15216 D AbsListView: in onLayout changed
08-29 12:01:02.430 15216 15226 I art : Background partial concurrent mark sweep GC freed 145149(6MB) AllocSpace objects, 46(5MB) LOS objects, 53% free, 10MB/22MB, paused 1.017ms total 141.944ms
08-29 12:01:02.557 15216 15216 D AbsListView: in onLayout changed
08-29 12:01:03.339 15216 15216 D ViewRootImpl@d2daae7[LoginActivity]: ViewPostImeInputStage processPointer 0
08-29 12:01:03.399 15216 15216 D ViewRootImpl@d2daae7[LoginActivity]: ViewPostImeInputStage processPointer 1
08-29 12:01:03.418 15216 15216 D ScrollView: initGoToTop
08-29 12:01:03.421 15216 15216 D ScrollView: initGoToTop
08-29 12:01:03.429 15216 15216 D ViewRootImpl@b28390[LoginActivity]: ThreadedRenderer.create() translucent=true
08-29 12:01:03.435 15216 15216 D InputTransport: Input channel constructed: fd=68
08-29 12:01:03.435 15216 15216 D ViewRootImpl@b28390[LoginActivity]: setView = DecorView@1781489[LoginActivity] touchMode=true
08-29 12:01:03.436 15216 15216 D ViewRootImpl@b28390[LoginActivity]: dispatchAttachedToWindow
08-29 12:01:03.456 15216 15216 D ViewRootImpl@b28390[LoginActivity]: Relayout returned: oldFrame=[0,0][0,0] newFrame=[108,450][660,597] result=0x27 surface={isValid=true -1912629248} surfaceGenerationChanged=true
08-29 12:01:03.456 15216 15216 D ViewRootImpl@b28390[LoginActivity]: mHardwareRenderer.initialize() mSurface={isValid=true -1912629248} hwInitialized=true
08-29 12:01:03.458 15216 15216 D ScrollView: onsize change changed
08-29 12:01:03.458 15216 15216 D ScrollView: onsize change changed
08-29 12:01:03.472 15216 15216 D ViewRootImpl@b28390[LoginActivity]: MSG_WINDOW_FOCUS_CHANGED 1
08-29 12:01:03.472 15216 15216 D ViewRootImpl@b28390[LoginActivity]: mHardwareRenderer.initializeIfNeeded()#2 mSurface={isValid=true -1912629248}
08-29 12:01:03.496 15216 15216 D ViewRootImpl@b28390[LoginActivity]: MSG_RESIZED_REPORT: frame=Rect(108, 450 - 660, 597) ci=Rect(0, 0 - 0, 0) vi=Rect(0, 0 - 0, 0) or=1
08-29 12:01:03.508 15216 15216 D ViewRootImpl@d2daae7[LoginActivity]: MSG_WINDOW_FOCUS_CHANGED 0
08-29 12:01:04.330 15216 15216 D ViewRootImpl@b28390[LoginActivity]: ViewPostImeInputStage processPointer 0
08-29 12:01:04.392 15216 15216 D ViewRootImpl@b28390[LoginActivity]: ViewPostImeInputStage processPointer 1
08-29 12:01:04.423 15216 15216 D ScrollView: initGoToTop
08-29 12:01:04.427 15216 15216 D ScrollView: initGoToTop
08-29 12:01:04.435 15216 15216 D ViewRootImpl@b2958ec[LoginActivity]: ThreadedRenderer.create() translucent=true
08-29 12:01:04.440 15216 15216 D InputTransport: Input channel constructed: fd=76
08-29 12:01:04.440 15216 15216 D ViewRootImpl@b2958ec[LoginActivity]: setView = DecorView@c3af4b5[LoginActivity] touchMode=true
08-29 12:01:04.441 15216 16863 D MYINTERCEPTOR: /GiengerService.svc/assign/A03_trasa_A03-02_1_ranni_30_07_2018
08-29 12:01:04.442 15216 16863 D OkHttp : --> POST https://testsaig1.gienger.cz/GiengerService.svc/assign/A03_trasa_A03-02_1_ranni_30_07_2018 http/1.1
08-29 12:01:04.442 15216 16863 D OkHttp : Content-Length: 0
08-29 12:01:04.442 15216 16863 D OkHttp : token: 6f2aff3552ab24eed0027f570712fbc0
08-29 12:01:04.442 15216 16863 D OkHttp : --> END POST
08-29 12:01:04.449 15216 15216 D ViewRootImpl@b28390[LoginActivity]: mHardwareRenderer.destroy()#4
08-29 12:01:04.449 15216 15216 D ViewRootImpl@b28390[LoginActivity]: dispatchDetachedFromWindow
08-29 12:01:04.458 15216 15216 D InputTransport: Input channel destroyed: fd=68
08-29 12:01:04.459 15216 15216 D ViewRootImpl@b2958ec[LoginActivity]: dispatchAttachedToWindow
08-29 12:01:04.466 15216 16863 D OkHttp : <-- 200 https://testsaig1.gienger.cz/GiengerService.svc/assign/A03_trasa_A03-02_1_ranni_30_07_2018 (24ms)
08-29 12:01:04.467 15216 16863 D OkHttp : content-type: application/xml; charset=utf-8
08-29 12:01:04.467 15216 16863 D OkHttp : server: Microsoft-IIS/10.0
08-29 12:01:04.467 15216 16863 D OkHttp : x-powered-by: ASP.NET
08-29 12:01:04.467 15216 16863 D OkHttp : date: Wed, 29 Aug 2018 10:01:02 GMT
08-29 12:01:04.467 15216 16863 D OkHttp : content-length: 187
08-29 12:01:04.467 15216 16863 D OkHttp : <-- END HTTP
08-29 12:01:04.494 15216 15216 D ViewRootImpl@b2958ec[LoginActivity]: Relayout returned: oldFrame=[0,0][0,0] newFrame=[108,466][660,582] result=0x27 surface={isValid=true -1912629248} surfaceGenerationChanged=true
08-29 12:01:04.494 15216 15216 D ViewRootImpl@b2958ec[LoginActivity]: mHardwareRenderer.initialize() mSurface={isValid=true -1912629248} hwInitialized=true
08-29 12:01:04.498 15216 15216 D ViewRootImpl@b2958ec[LoginActivity]: MSG_WINDOW_FOCUS_CHANGED 1
08-29 12:01:04.498 15216 15216 D ViewRootImpl@b2958ec[LoginActivity]: mHardwareRenderer.initializeIfNeeded()#2 mSurface={isValid=true -1912629248}
08-29 12:01:04.526 15216 15216 D ViewRootImpl@b2958ec[LoginActivity]: mHardwareRenderer.destroy()#4
08-29 12:01:04.526 15216 15216 D ViewRootImpl@b2958ec[LoginActivity]: dispatchDetachedFromWindow
08-29 12:01:04.538 15216 15216 D InputTransport: Input channel destroyed: fd=76
08-29 12:01:04.544 15216 15216 D ALARM_REUPLOAD: alarm already scheduled
08-29 12:01:04.568 15216 15216 D ScrollView: initGoToTop
08-29 12:01:04.573 15216 15216 D ScrollView: initGoToTop
08-29 12:01:04.582 15216 15216 D ViewRootImpl@772606f[LoginActivity]: ThreadedRenderer.create() translucent=true
08-29 12:01:04.591 15216 15216 D InputTransport: Input channel constructed: fd=68
08-29 12:01:04.591 15216 15216 D ViewRootImpl@772606f[LoginActivity]: setView = DecorView@9ef117c[LoginActivity] touchMode=true
08-29 12:01:04.593 15216 15216 D ViewRootImpl@772606f[LoginActivity]: dispatchAttachedToWindow
08-29 12:01:04.593 15216 16836 D MYINTERCEPTOR: /GiengerService.svc/metadata
08-29 12:01:04.594 15216 16836 D OkHttp : --> GET https://testsaig1.gienger.cz/GiengerService.svc/metadata http/1.1
08-29 12:01:04.594 15216 16836 D OkHttp : token: 6f2aff3552ab24eed0027f570712fbc0
08-29 12:01:04.594 15216 16836 D OkHttp : state: CZ
08-29 12:01:04.594 15216 16836 D OkHttp : --> END GET
08-29 12:01:04.626 15216 15216 D ViewRootImpl@772606f[LoginActivity]: Relayout returned: oldFrame=[0,0][0,0] newFrame=[108,466][660,582] result=0x27 surface={isValid=true -1923100672} surfaceGenerationChanged=true
08-29 12:01:04.627 15216 15216 D ViewRootImpl@772606f[LoginActivity]: mHardwareRenderer.initialize() mSurface={isValid=true -1923100672} hwInitialized=true
08-29 12:01:04.630 15216 15216 E ViewRootImpl: sendUserActionEvent() returned.
08-29 12:01:04.630 15216 15216 D ViewRootImpl@d2daae7[LoginActivity]: MSG_WINDOW_FOCUS_CHANGED 1
08-29 12:01:04.630 15216 15216 D ViewRootImpl@d2daae7[LoginActivity]: mHardwareRenderer.initializeIfNeeded()#2 mSurface={isValid=true -1925074944}
08-29 12:01:04.633 15216 15216 E ViewRootImpl: sendUserActionEvent() returned.
08-29 12:01:04.633 15216 15216 D ViewRootImpl@772606f[LoginActivity]: MSG_WINDOW_FOCUS_CHANGED 1
08-29 12:01:04.633 15216 15216 D ViewRootImpl@772606f[LoginActivity]: mHardwareRenderer.initializeIfNeeded()#2 mSurface={isValid=true -1923100672}
08-29 12:01:04.646 15216 15216 D ViewRootImpl@772606f[LoginActivity]: MSG_RESIZED_REPORT: frame=Rect(108, 466 - 660, 582) ci=Rect(0, 0 - 0, 0) vi=Rect(0, 0 - 0, 0) or=1
08-29 12:01:04.667 15216 15216 D ViewRootImpl@d2daae7[LoginActivity]: MSG_WINDOW_FOCUS_CHANGED 0
08-29 12:01:05.374 15216 16836 D OkHttp : <-- 200 https://testsaig1.gienger.cz/GiengerService.svc/metadata (779ms)
08-29 12:01:05.374 15216 16836 D OkHttp : content-type: application/xml; charset=utf-8
08-29 12:01:05.375 15216 16836 D OkHttp : server: Microsoft-IIS/10.0
08-29 12:01:05.375 15216 16836 D OkHttp : x-powered-by: ASP.NET
08-29 12:01:05.375 15216 16836 D OkHttp : date: Wed, 29 Aug 2018 10:01:02 GMT
08-29 12:01:05.375 15216 16836 D OkHttp : content-length: 550
08-29 12:01:05.375 15216 16836 D OkHttp : <-- END HTTP
08-29 12:01:05.394 15216 16836 E cz.gienger.mobile.poaz.configuration.GlobalConfiguration: java.lang.NumberFormatException: null
08-29 12:01:05.394 15216 16836 E cz.gienger.mobile.poaz.configuration.GlobalConfiguration: at java.lang.Integer.parseInt(Integer.java:483)
08-29 12:01:05.394 15216 16836 E cz.gienger.mobile.poaz.configuration.GlobalConfiguration: at java.lang.Integer.parseInt(Integer.java:556)
08-29 12:01:05.394 15216 16836 E cz.gienger.mobile.poaz.configuration.GlobalConfiguration: at cz.gienger.mobile.poaz.configuration.GlobalConfiguration.getPriceTypeEnum(GlobalConfiguration.java:140)
08-29 12:01:05.394 15216 16836 E cz.gienger.mobile.poaz.configuration.GlobalConfiguration: at cz.gienger.mobile.poaz.configuration.GlobalConfiguration.setValues(GlobalConfiguration.java:97)
08-29 12:01:05.394 15216 16836 E cz.gienger.mobile.poaz.configuration.GlobalConfiguration: at cz.gienger.mobile.poaz.configuration.GlobalConfiguration.(GlobalConfiguration.java:36)
08-29 12:01:05.394 15216 16836 E cz.gienger.mobile.poaz.configuration.GlobalConfiguration: at cz.gienger.mobile.poaz.configuration.GlobalConfiguration.get(GlobalConfiguration.java:41)
08-29 12:01:05.394 15216 16836 E cz.gienger.mobile.poaz.configuration.GlobalConfiguration: at cz.gienger.mobile.poaz.database.PoazDatabaseSync.syncLibraries(PoazDatabaseSync.java:68)
08-29 12:01:05.394 15216 16836 E cz.gienger.mobile.poaz.configuration.GlobalConfiguration: at cz.gienger.mobile.poaz.database.PoazDatabaseSync.Sync(PoazDatabaseSync.java:56)
08-29 12:01:05.394 15216 16836 E cz.gienger.mobile.poaz.configuration.GlobalConfiguration: at cz.gienger.mobile.poaz.database.PoazInitializationTask.doInBackground(PoazInitializationTask.java:74)
08-29 12:01:05.394 15216 16836 E cz.gienger.mobile.poaz.configuration.GlobalConfiguration: at cz.gienger.mobile.poaz.database.PoazInitializationTask.doInBackground(PoazInitializationTask.java:36)
08-29 12:01:05.394 15216 16836 E cz.gienger.mobile.poaz.configuration.GlobalConfiguration: at android.os.AsyncTask$2.call(AsyncTask.java:305)
08-29 12:01:05.394 15216 16836 E cz.gienger.mobile.poaz.configuration.GlobalConfiguration: at java.util.concurrent.FutureTask.run(FutureTask.java:237)
08-29 12:01:05.394 15216 16836 E cz.gienger.mobile.poaz.configuration.GlobalConfiguration: at android.os.AsyncTask$SerialExecutor$1.run(AsyncTask.java:243)
08-29 12:01:05.394 15216 16836 E cz.gienger.mobile.poaz.configuration.GlobalConfiguration: at java.util.concurrent.ThreadPoolExecutor.runWorker(ThreadPoolExecutor.java:1133)
08-29 12:01:05.394 15216 16836 E cz.gienger.mobile.poaz.configuration.GlobalConfiguration: at java.util.concurrent.ThreadPoolExecutor$Worker.run(ThreadPoolExecutor.java:607)
08-29 12:01:05.394 15216 16836 E cz.gienger.mobile.poaz.configuration.GlobalConfiguration: at java.lang.Thread.run(Thread.java:762)
08-29 12:01:05.400 15216 16836 D MYINTERCEPTOR: /GiengerService.svc/categories
08-29 12:01:05.401 15216 16836 D OkHttp : --> GET https://testsaig1.gienger.cz/GiengerService.svc/categories http/1.1
08-29 12:01:05.401 15216 16836 D OkHttp : token: 6f2aff3552ab24eed0027f570712fbc0
08-29 12:01:05.402 15216 16836 D OkHttp : state: CZ
08-29 12:01:05.402 15216 16836 D OkHttp : --> END GET
08-29 12:01:05.442 15216 16836 D OkHttp : <-- 200 https://testsaig1.gienger.cz/GiengerService.svc/categories (39ms)
08-29 12:01:05.442 15216 16836 D OkHttp : content-type: application/xml; charset=utf-8
08-29 12:01:05.443 15216 16836 D OkHttp : server: Microsoft-IIS/10.0
08-29 12:01:05.443 15216 16836 D OkHttp : x-powered-by: ASP.NET
08-29 12:01:05.443 15216 16836 D OkHttp : date: Wed, 29 Aug 2018 10:01:02 GMT
08-29 12:01:05.443 15216 16836 D OkHttp : content-length: 59548
08-29 12:01:05.443 15216 16836 D OkHttp : <-- END HTTP
08-29 12:01:05.661 15216 16836 D MYINTERCEPTOR: /GiengerService.svc/articles
08-29 12:01:05.662 15216 16836 D OkHttp : --> GET https://testsaig1.gienger.cz/GiengerService.svc/articles http/1.1
08-29 12:01:05.662 15216 16836 D OkHttp : token: 6f2aff3552ab24eed0027f570712fbc0
08-29 12:01:05.662 15216 16836 D OkHttp : state: CZ
08-29 12:01:05.662 15216 16836 D OkHttp : --> END GET
08-29 12:01:06.510 15216 16836 D OkHttp : <-- 200 https://testsaig1.gienger.cz/GiengerService.svc/articles (847ms)
08-29 12:01:06.511 15216 16836 D OkHttp : content-type: application/octet-stream
08-29 12:01:06.511 15216 16836 D OkHttp : server: Microsoft-IIS/10.0
08-29 12:01:06.511 15216 16836 D OkHttp : x-powered-by: ASP.NET
08-29 12:01:06.511 15216 16836 D OkHttp : date: Wed, 29 Aug 2018 10:01:03 GMT
08-29 12:01:06.511 15216 16836 D OkHttp : <-- END HTTP
08-29 12:01:12.170 15216 15226 I art : Background partial concurrent mark sweep GC freed 199807(10MB) AllocSpace objects, 13(1744KB) LOS objects, 52% free, 10MB/22MB, paused 1.314ms total 117.345ms
08-29 12:01:17.348 15216 15226 I art : Background sticky concurrent mark sweep GC freed 191052(11MB) AllocSpace objects, 0(0B) LOS objects, 46% free, 12MB/22MB, paused 1.443ms total 109.715ms
08-29 12:01:18.934 15216 15226 I art : Background sticky concurrent mark sweep GC freed 185323(10MB) AllocSpace objects, 0(0B) LOS objects, 45% free, 12MB/22MB, paused 10.658ms total 115.763ms
08-29 12:01:20.570 15216 15226 I art : Background sticky concurrent mark sweep GC freed 178911(10MB) AllocSpace objects, 0(0B) LOS objects, 43% free, 13MB/22MB, paused 1.444ms total 106.083ms
08-29 12:01:22.001 15216 15226 I art : Background sticky concurrent mark sweep GC freed 169943(10MB) AllocSpace objects, 0(0B) LOS objects, 41% free, 13MB/22MB, paused 1.789ms total 106.666ms
08-29 12:01:23.437 15216 15226 I art : Background sticky concurrent mark sweep GC freed 165090(9MB) AllocSpace objects, 0(0B) LOS objects, 39% free, 13MB/22MB, paused 1.827ms total 105.121ms
08-29 12:01:24.850 15216 15226 I art : Background sticky concurrent mark sweep GC freed 156947(9MB) AllocSpace objects, 0(0B) LOS objects, 38% free, 14MB/22MB, paused 1.405ms total 114.903ms
08-29 12:01:26.255 15216 15226 I art : Background partial concurrent mark sweep GC freed 300130(15MB) AllocSpace objects, 2(88KB) LOS objects, 59% free, 8MB/20MB, paused 1.476ms total 132.017ms
08-29 12:01:28.131 15216 15226 I art : Background sticky concurrent mark sweep GC freed 204742(12MB) AllocSpace objects, 0(0B) LOS objects, 56% free, 8MB/20MB, paused 1.604ms total 103.210ms
08-29 12:01:29.821 15216 15226 I art : Background sticky concurrent mark sweep GC freed 197077(11MB) AllocSpace objects, 0(0B) LOS objects, 54% free, 9MB/20MB, paused 1.443ms total 100.897ms
08-29 12:01:31.436 15216 15226 I art : Background sticky concurrent mark sweep GC freed 193481(11MB) AllocSpace objects, 0(0B) LOS objects, 52% free, 9MB/20MB, paused 1.438ms total 104.038ms
08-29 12:01:33.019 15216 15226 I art : Background sticky concurrent mark sweep GC freed 184980(10MB) AllocSpace objects, 0(0B) LOS objects, 50% free, 10MB/20MB, paused 1.664ms total 107.586ms
08-29 12:01:34.593 15216 15226 I art : Background sticky concurrent mark sweep GC freed 176450(10MB) AllocSpace objects, 0(0B) LOS objects, 48% free, 10MB/20MB, paused 1.362ms total 102.094ms
