--------- beginning of main
08-29 11:38:10.950 13635 13635 I : SS_ART_lib [I]: permission is absent: /data/app/cz.gienger.mobile-1/base.apk
08-29 11:38:10.950 13635 13635 I : SS_ART_lib [I]: access to SS denied
08-29 11:39:04.941 15216 15216 I SELinux : SELinux: seapp_context_lookup: seinfo=untrusted, level=s0:c512,c768, pkgname=cz.gienger.mobile
08-29 11:39:05.096 15216 15216 W System : ClassLoader referenced unknown path: /data/app/cz.gienger.mobile-1/lib/arm
08-29 11:39:05.208 15216 15216 W art : Before Android 4.1, method android.graphics.PorterDuffColorFilter android.support.graphics.drawable.VectorDrawableCompat.updateTintFilter(android.graphics.PorterDuffColorFilter, android.content.res.ColorStateList, android.graphics.PorterDuff$Mode) would have incorrectly overridden the package-private method in android.graphics.drawable.Drawable
08-29 11:39:05.406 15216 15216 D FILES : /data/user/0/cz.gienger.mobile/files/delivery
08-29 11:39:05.416 15216 15216 D ScrollView: initGoToTop
08-29 11:39:05.515 15216 15216 D ViewRootImpl@9eae99a[LoginActivity]: ThreadedRenderer.create() translucent=false
08-29 11:39:05.519 15216 15216 D InputTransport: Input channel constructed: fd=59
08-29 11:39:05.519 15216 15216 D ViewRootImpl@9eae99a[LoginActivity]: setView = DecorView@34e92cb[LoginActivity] touchMode=true
08-29 11:39:05.542 15216 15216 D ViewRootImpl@9eae99a[LoginActivity]: dispatchAttachedToWindow
08-29 11:39:05.587 15216 15216 D ViewRootImpl@9eae99a[LoginActivity]: Relayout returned: oldFrame=[0,0][0,0] newFrame=[0,0][768,1024] result=0x27 surface={isValid=true -1897621504} surfaceGenerationChanged=true
08-29 11:39:05.587 15216 15216 D ViewRootImpl@9eae99a[LoginActivity]: mHardwareRenderer.initialize() mSurface={isValid=true -1897621504} hwInitialized=true
08-29 11:39:05.600 15216 15233 I Adreno-EGL: : EGL 1.4 QUALCOMM build: Nondeterministic_AU_msm8916_32_LA.BR.1.2.9_RB1__release_AU (I750f7f2fa6)
08-29 11:39:05.600 15216 15233 I Adreno-EGL: OpenGL ES Shader Compiler Version: XE031.09.00.03
08-29 11:39:05.600 15216 15233 I Adreno-EGL: Build Date: 02/18/17 Sat 08-29 11:39:05.600 15216 15233 I Adreno-EGL: Local Branch:
08-29 11:39:05.600 15216 15233 I Adreno-EGL: Remote Branch: quic/LA.BR.1.2.9_rb1.12
08-29 11:39:05.600 15216 15233 I Adreno-EGL: Local Patches: NONE
08-29 11:39:05.600 15216 15233 I Adreno-EGL: Reconstruct Branch: NOTHING
08-29 11:39:05.606 15216 15216 D ScrollView: onsize change changed
08-29 11:39:05.612 15216 15233 I OpenGLRenderer: Initialized EGL, version 1.4
08-29 11:39:05.612 15216 15233 D OpenGLRenderer: Swap behavior 1
08-29 11:39:05.612 15216 15233 W Adreno-EGL: : EGL_BAD_ATTRIBUTE
08-29 11:39:05.612 15216 15233 I OpenGLRenderer: KHR Debugger is Disabled - EGL_BAD_ATTRIBUTE
08-29 11:39:05.935 15216 15216 D ViewRootImpl@9eae99a[LoginActivity]: MSG_RESIZED_REPORT: frame=Rect(0, 0 - 768, 1024) ci=Rect(0, 24 - 0, 0) vi=Rect(0, 24 - 0, 0) or=1
08-29 11:39:05.935 15216 15216 D ViewRootImpl@9eae99a[LoginActivity]: MSG_WINDOW_FOCUS_CHANGED 1
08-29 11:39:05.936 15216 15216 D ViewRootImpl@9eae99a[LoginActivity]: mHardwareRenderer.initializeIfNeeded()#2 mSurface={isValid=true -1897621504}
08-29 11:39:05.965 15216 15216 V InputMethodManager: Starting input: tba=android.view.inputmethod.EditorInfo@b746e87 nm : cz.gienger.mobile ic=com.android.internal.widget.EditableInputConnection@daa61b4
08-29 11:39:05.965 15216 15216 I InputMethodManager: startInputInner - mService.startInputOrWindowGainedFocus
08-29 11:39:05.975 15216 15227 D InputTransport: Input channel constructed: fd=62
08-29 11:39:05.988 15216 15216 V InputMethodManager: Starting input: tba=android.view.inputmethod.EditorInfo@88a1dd nm : cz.gienger.mobile ic=com.android.internal.widget.EditableInputConnection@96c7152
08-29 11:39:06.699 15216 15216 D ViewRootImpl@9eae99a[LoginActivity]: MSG_RESIZED: frame=Rect(0, 0 - 768, 1024) ci=Rect(0, 24 - 0, 320) vi=Rect(0, 24 - 0, 320) or=1
08-29 11:39:06.722 15216 15216 D ViewRootImpl@9eae99a[LoginActivity]: Relayout returned: oldFrame=[0,0][768,1024] newFrame=[0,0][768,1024] result=0x1 surface={isValid=true -1897621504} surfaceGenerationChanged=false
08-29 11:39:06.725 15216 15216 D ScrollView: onsize change changed
08-29 11:39:09.425 15216 15216 D ViewRootImpl@9eae99a[LoginActivity]: ViewPostImeInputStage processPointer 0
08-29 11:39:09.486 15216 15216 D ViewRootImpl@9eae99a[LoginActivity]: ViewPostImeInputStage processPointer 1
08-29 11:39:09.520 15216 15216 V InputMethodManager: Starting input: tba=android.view.inputmethod.EditorInfo@9343011 nm : cz.gienger.mobile ic=com.android.internal.widget.EditableInputConnection@3d576
08-29 11:39:09.520 15216 15216 I InputMethodManager: startInputInner - mService.startInputOrWindowGainedFocus
08-29 11:39:09.522 15216 15216 D InputTransport: Input channel constructed: fd=71
08-29 11:39:09.522 15216 15216 D InputTransport: Input channel destroyed: fd=62
08-29 11:39:09.522 15216 15216 D InputMethodManager: SSI - flag : 0 Pid : 15216 view : cz.gienger.mobile
08-29 11:39:09.528 15216 15216 W IInputConnectionWrapper: performPrivateCommand on inactive InputConnection
08-29 11:39:09.528 15216 15216 W IInputConnectionWrapper: finishComposingText on inactive InputConnection
08-29 11:39:13.818 15216 15216 D ViewRootImpl@9eae99a[LoginActivity]: ViewPostImeInputStage processPointer 0
08-29 11:39:13.889 15216 15216 D ViewRootImpl@9eae99a[LoginActivity]: ViewPostImeInputStage processPointer 1
08-29 11:39:13.964 15216 15216 D ScrollView: initGoToTop
08-29 11:39:13.972 15216 15216 D ScrollView: initGoToTop
08-29 11:39:13.986 15216 15216 D ViewRootImpl@8560ce5[LoginActivity]: ThreadedRenderer.create() translucent=true
08-29 11:39:13.992 15216 15216 D InputTransport: Input channel constructed: fd=66
08-29 11:39:13.992 15216 15216 D ViewRootImpl@8560ce5[LoginActivity]: setView = DecorView@2af73ba[LoginActivity] touchMode=true
08-29 11:39:14.023 15216 15216 D NetworkSecurityConfig: No Network Security Config specified, using platform default
08-29 11:39:14.089 15216 15216 D ViewRootImpl@8560ce5[LoginActivity]: dispatchAttachedToWindow
08-29 11:39:14.094 15216 15268 D MYINTERCEPTOR: /GiengerService.svc/oauth
08-29 11:39:14.101 15216 15268 D OkHttp : --> POST https://testsaig1.gienger.cz/GiengerService.svc/oauth http/1.1
08-29 11:39:14.101 15216 15268 D OkHttp : Content-Type: application/xml; charset=UTF-8
08-29 11:39:14.101 15216 15268 D OkHttp : Content-Length: 298
08-29 11:39:14.101 15216 15268 D OkHttp : --> END POST
08-29 11:39:14.125 15216 15216 D ViewRootImpl@8560ce5[LoginActivity]: Relayout returned: oldFrame=[0,0][0,0] newFrame=[108,466][660,582] result=0x27 surface={isValid=true -1912123392} surfaceGenerationChanged=true
08-29 11:39:14.127 15216 15216 D ViewRootImpl@8560ce5[LoginActivity]: mHardwareRenderer.initialize() mSurface={isValid=true -1912123392} hwInitialized=true
08-29 11:39:14.179 15216 15216 D ViewRootImpl@8560ce5[LoginActivity]: MSG_WINDOW_FOCUS_CHANGED 1
08-29 11:39:14.180 15216 15216 D ViewRootImpl@8560ce5[LoginActivity]: mHardwareRenderer.initializeIfNeeded()#2 mSurface={isValid=true -1912123392}
08-29 11:39:14.323 15216 15216 D ViewRootImpl@8560ce5[LoginActivity]: MSG_RESIZED_REPORT: frame=Rect(108, 466 - 660, 582) ci=Rect(0, 0 - 0, 0) vi=Rect(0, 0 - 0, 0) or=1
08-29 11:39:14.343 15216 15216 D ViewRootImpl@9eae99a[LoginActivity]: MSG_WINDOW_FOCUS_CHANGED 0
08-29 11:39:21.096 15216 15268 D OkHttp : <-- 200 https://testsaig1.gienger.cz/GiengerService.svc/oauth (6994ms)
08-29 11:39:21.096 15216 15268 D OkHttp : content-type: application/xml; charset=utf-8
08-29 11:39:21.096 15216 15268 D OkHttp : server: Microsoft-IIS/10.0
08-29 11:39:21.096 15216 15268 D OkHttp : x-powered-by: ASP.NET
08-29 11:39:21.096 15216 15268 D OkHttp : date: Wed, 29 Aug 2018 09:39:18 GMT
08-29 11:39:21.096 15216 15268 D OkHttp : content-length: 292
08-29 11:39:21.096 15216 15268 D OkHttp : <-- END HTTP
08-29 11:39:21.145 15216 15268 D MYINTERCEPTOR: /GiengerService.svc/userinfo
08-29 11:39:21.145 15216 15268 D OkHttp : --> POST https://testsaig1.gienger.cz/GiengerService.svc/userinfo http/1.1
08-29 11:39:21.145 15216 15268 D OkHttp : Content-Type: application/xml; charset=UTF-8
08-29 11:39:21.145 15216 15268 D OkHttp : Content-Length: 139
08-29 11:39:21.145 15216 15268 D OkHttp : token: bb9a8671b6ffc25d21d37e4973711886
08-29 11:39:21.145 15216 15268 D OkHttp : --> END POST
08-29 11:39:21.384 15216 15268 D OkHttp : <-- 200 https://testsaig1.gienger.cz/GiengerService.svc/userinfo (239ms)
08-29 11:39:21.385 15216 15268 D OkHttp : content-type: application/xml; charset=utf-8
08-29 11:39:21.385 15216 15268 D OkHttp : server: Microsoft-IIS/10.0
08-29 11:39:21.385 15216 15268 D OkHttp : x-powered-by: ASP.NET
08-29 11:39:21.385 15216 15268 D OkHttp : date: Wed, 29 Aug 2018 09:39:18 GMT
08-29 11:39:21.385 15216 15268 D OkHttp : content-length: 195
08-29 11:39:21.385 15216 15268 D OkHttp : <-- END HTTP
08-29 11:39:21.450 15216 15216 D ScrollView: initGoToTop
08-29 11:39:21.455 15216 15216 D ScrollView: initGoToTop
08-29 11:39:21.466 15216 15216 D ViewRootImpl@7093b91[LoginActivity]: ThreadedRenderer.create() translucent=true
08-29 11:39:21.471 15216 15216 D InputTransport: Input channel constructed: fd=83
08-29 11:39:21.471 15216 15216 D ViewRootImpl@7093b91[LoginActivity]: setView = DecorView@23abaf6[LoginActivity] touchMode=true
08-29 11:39:21.489 15216 15216 D ViewRootImpl@8560ce5[LoginActivity]: mHardwareRenderer.destroy()#4
08-29 11:39:21.489 15216 15216 D ViewRootImpl@8560ce5[LoginActivity]: dispatchDetachedFromWindow
08-29 11:39:21.501 15216 15216 D InputTransport: Input channel destroyed: fd=66
08-29 11:39:21.510 15216 15216 D ViewRootImpl@9eae99a[LoginActivity]: Relayout returned: oldFrame=[0,0][768,1024] newFrame=[0,0][768,1024] result=0x1 surface={isValid=true -1897621504} surfaceGenerationChanged=false
08-29 11:39:21.521 15216 15216 D ViewRootImpl@7093b91[LoginActivity]: dispatchAttachedToWindow
08-29 11:39:21.556 15216 15216 D ViewRootImpl@7093b91[LoginActivity]: Relayout returned: oldFrame=[0,0][0,0] newFrame=[108,423][660,624] result=0x27 surface={isValid=true -1912123392} surfaceGenerationChanged=true
08-29 11:39:21.556 15216 15216 D ViewRootImpl@7093b91[LoginActivity]: mHardwareRenderer.initialize() mSurface={isValid=true -1912123392} hwInitialized=true
08-29 11:39:21.560 15216 15216 D ScrollView: onsize change changed
08-29 11:39:21.560 15216 15216 D ScrollView: onsize change changed
08-29 11:39:21.561 15216 15216 D ViewRootImpl@7093b91[LoginActivity]: MSG_WINDOW_FOCUS_CHANGED 1
08-29 11:39:21.561 15216 15216 D ViewRootImpl@7093b91[LoginActivity]: mHardwareRenderer.initializeIfNeeded()#2 mSurface={isValid=true -1912123392}
08-29 11:39:21.617 15216 15216 D ViewRootImpl@7093b91[LoginActivity]: MSG_RESIZED_REPORT: frame=Rect(108, 423 - 660, 624) ci=Rect(0, 0 - 0, 0) vi=Rect(0, 0 - 0, 0) or=1
08-29 11:39:21.628 15216 15216 E ViewRootImpl: sendUserActionEvent() returned.
08-29 11:39:22.617 15216 15216 D ViewRootImpl@7093b91[LoginActivity]: ViewPostImeInputStage processPointer 0
08-29 11:39:22.734 15216 15216 D ViewRootImpl@7093b91[LoginActivity]: ViewPostImeInputStage processPointer 1
08-29 11:39:22.751 15216 15216 D ViewRootImpl@7093b91[LoginActivity]: mHardwareRenderer.destroy()#4
08-29 11:39:22.751 15216 15216 D ViewRootImpl@7093b91[LoginActivity]: dispatchDetachedFromWindow
08-29 11:39:22.762 15216 15216 D InputTransport: Input channel destroyed: fd=83
08-29 11:39:22.809 15216 15268 D MYINTERCEPTOR: /GiengerService.svc/manifests
08-29 11:39:22.819 15216 15268 D OkHttp : --> GET https://testsaig1.gienger.cz/GiengerService.svc/manifests http/1.1
08-29 11:39:22.819 15216 15268 D OkHttp : state: CZ
08-29 11:39:22.819 15216 15268 D OkHttp : token: bb9a8671b6ffc25d21d37e4973711886
08-29 11:39:22.819 15216 15268 D OkHttp : --> END GET
08-29 11:39:22.823 15216 15216 D TextView: SYANI: Clipboard API is calling: clearFilter()
08-29 11:39:22.824 15216 15216 D TextView: SYANI: Clipboard API is calling: unregisterClipboardEventListener()
08-29 11:39:22.827 15216 15216 D TextView: SYANI: Clipboard API is calling: clearFilter()
08-29 11:39:22.827 15216 15216 D TextView: SYANI: Clipboard API is calling: unregisterClipboardEventListener()
08-29 11:39:22.842 15216 15216 D ViewRootImpl@9eae99a[LoginActivity]: mHardwareRenderer.destroy()#4
08-29 11:39:22.842 15216 15216 D ViewRootImpl@9eae99a[LoginActivity]: dispatchDetachedFromWindow
08-29 11:39:22.847 15216 15216 D InputTransport: Input channel destroyed: fd=59
08-29 11:39:22.882 15216 15216 D FILES : /data/user/0/cz.gienger.mobile/files/delivery
08-29 11:39:22.903 15216 15279 D MYINTERCEPTOR: /GiengerService.svc/manifests
08-29 11:39:22.909 15216 15279 D OkHttp : --> GET https://testsaig1.gienger.cz/GiengerService.svc/manifests http/1.1
08-29 11:39:22.910 15216 15279 D OkHttp : state: CZ
08-29 11:39:22.910 15216 15279 D OkHttp : token: bb9a8671b6ffc25d21d37e4973711886
08-29 11:39:22.910 15216 15279 D OkHttp : --> END GET
08-29 11:39:22.917 15216 15280 D MYINTERCEPTOR: /GiengerService.svc/manifests
08-29 11:39:22.923 15216 15280 D OkHttp : --> GET https://testsaig1.gienger.cz/GiengerService.svc/manifests http/1.1
08-29 11:39:22.923 15216 15280 D OkHttp : state: CZ
08-29 11:39:22.923 15216 15280 D OkHttp : token: bb9a8671b6ffc25d21d37e4973711886
08-29 11:39:22.923 15216 15280 D OkHttp : --> END GET
08-29 11:39:22.924 15216 15216 D ViewRootImpl@bf65d8e[LoginActivity]: ThreadedRenderer.create() translucent=false
08-29 11:39:22.927 15216 15216 D InputTransport: Input channel constructed: fd=61
08-29 11:39:22.928 15216 15216 D ViewRootImpl@bf65d8e[LoginActivity]: setView = DecorView@23b49af[LoginActivity] touchMode=true
08-29 11:39:22.932 15216 15216 D ViewRootImpl@bf65d8e[LoginActivity]: dispatchAttachedToWindow
08-29 11:39:22.976 15216 15216 D ViewRootImpl@bf65d8e[LoginActivity]: Relayout returned: oldFrame=[0,0][0,0] newFrame=[0,0][768,1024] result=0x27 surface={isValid=true -1912619008} surfaceGenerationChanged=true
08-29 11:39:22.976 15216 15216 D ViewRootImpl@bf65d8e[LoginActivity]: mHardwareRenderer.initialize() mSurface={isValid=true -1912619008} hwInitialized=true
08-29 11:39:22.983 15216 15216 D AbsListView: in onLayout changed
08-29 11:39:22.984 15216 15216 E ViewRootImpl: sendUserActionEvent() returned.
08-29 11:39:22.984 15216 15216 E ViewRootImpl: sendUserActionEvent() returned.
08-29 11:39:23.015 15216 15216 D ViewRootImpl@bf65d8e[LoginActivity]: MSG_RESIZED_REPORT: frame=Rect(0, 0 - 768, 1024) ci=Rect(0, 24 - 0, 320) vi=Rect(0, 24 - 0, 320) or=1
08-29 11:39:23.016 15216 15216 D ViewRootImpl@bf65d8e[LoginActivity]: MSG_WINDOW_FOCUS_CHANGED 1
08-29 11:39:23.016 15216 15216 D ViewRootImpl@bf65d8e[LoginActivity]: mHardwareRenderer.initializeIfNeeded()#2 mSurface={isValid=true -1912619008}
08-29 11:39:23.018 15216 15216 V InputMethodManager: Starting input: tba=android.view.inputmethod.EditorInfo@e935da8 nm : cz.gienger.mobile ic=null
08-29 11:39:23.018 15216 15216 I InputMethodManager: startInputInner - mService.startInputOrWindowGainedFocus
08-29 11:39:23.031 15216 15216 D InputTransport: Input channel constructed: fd=63
08-29 11:39:23.031 15216 15216 D InputTransport: Input channel destroyed: fd=71
08-29 11:39:23.048 15216 15216 E ViewRootImpl: sendUserActionEvent() returned.
08-29 11:39:23.049 15216 15216 W IInputConnectionWrapper: finishComposingText on inactive InputConnection
08-29 11:39:23.049 15216 15216 W IInputConnectionWrapper: performPrivateCommand on inactive InputConnection
08-29 11:39:23.070 15216 15216 W IInputConnectionWrapper: finishComposingText on inactive InputConnection
08-29 11:39:23.103 15216 15216 D ViewRootImpl@bf65d8e[LoginActivity]: MSG_RESIZED: frame=Rect(0, 0 - 768, 1024) ci=Rect(0, 24 - 0, 0) vi=Rect(0, 24 - 0, 0) or=1
08-29 11:39:23.126 15216 15216 D ViewRootImpl@bf65d8e[LoginActivity]: Relayout returned: oldFrame=[0,0][768,1024] newFrame=[0,0][768,1024] result=0x1 surface={isValid=true -1912619008} surfaceGenerationChanged=false
08-29 11:39:23.128 15216 15216 D AbsListView: in onLayout changed
08-29 11:39:23.160 15216 15221 I art : Do partial code cache collection, code=21KB, data=30KB
08-29 11:39:23.161 15216 15221 I art : After code cache collection, code=21KB, data=30KB
08-29 11:39:23.161 15216 15221 I art : Increasing code cache capacity to 128KB
08-29 11:39:23.245 15216 15268 D OkHttp : <-- 200 https://testsaig1.gienger.cz/GiengerService.svc/manifests (426ms)
08-29 11:39:23.245 15216 15268 D OkHttp : content-type: application/xml; charset=utf-8
08-29 11:39:23.245 15216 15268 D OkHttp : server: Microsoft-IIS/10.0
08-29 11:39:23.245 15216 15268 D OkHttp : x-powered-by: ASP.NET
08-29 11:39:23.245 15216 15268 D OkHttp : date: Wed, 29 Aug 2018 09:39:20 GMT
08-29 11:39:23.246 15216 15268 D OkHttp : content-length: 11360
08-29 11:39:23.246 15216 15268 D OkHttp : <-- END HTTP
08-29 11:39:23.354 15216 15280 D OkHttp : <-- 200 https://testsaig1.gienger.cz/GiengerService.svc/manifests (430ms)
08-29 11:39:23.354 15216 15280 D OkHttp : content-type: application/xml; charset=utf-8
08-29 11:39:23.354 15216 15280 D OkHttp : server: Microsoft-IIS/10.0
08-29 11:39:23.354 15216 15280 D OkHttp : x-powered-by: ASP.NET
08-29 11:39:23.354 15216 15280 D OkHttp : date: Wed, 29 Aug 2018 09:39:20 GMT
08-29 11:39:23.354 15216 15280 D OkHttp : content-length: 11360
08-29 11:39:23.354 15216 15280 D OkHttp : <-- END HTTP
08-29 11:39:23.356 15216 15279 D OkHttp : <-- 200 https://testsaig1.gienger.cz/GiengerService.svc/manifests (445ms)
08-29 11:39:23.356 15216 15279 D OkHttp : content-type: application/xml; charset=utf-8
08-29 11:39:23.356 15216 15279 D OkHttp : server: Microsoft-IIS/10.0
08-29 11:39:23.356 15216 15279 D OkHttp : x-powered-by: ASP.NET
08-29 11:39:23.356 15216 15279 D OkHttp : date: Wed, 29 Aug 2018 09:39:20 GMT
08-29 11:39:23.356 15216 15279 D OkHttp : content-length: 11360
08-29 11:39:23.356 15216 15279 D OkHttp : <-- END HTTP
08-29 11:39:23.410 15216 15216 D DOWNLOAD_MANIFESTS: success
08-29 11:39:23.496 15216 15216 D DOWNLOAD_MANIFESTS: success
08-29 11:39:23.553 15216 15216 D DOWNLOAD_MANIFESTS: success
08-29 11:39:23.723 15216 15221 I art : Do partial code cache collection, code=55KB, data=61KB
08-29 11:39:23.725 15216 15221 I art : After code cache collection, code=53KB, data=60KB
08-29 11:39:23.725 15216 15221 I art : Increasing code cache capacity to 256KB
08-29 11:39:23.876 15216 15216 V InputMethodManager: Starting input: tba=android.view.inputmethod.EditorInfo@e1ed7df nm : cz.gienger.mobile ic=null
08-29 11:39:23.876 15216 15216 I InputMethodManager: startInputInner - mService.startInputOrWindowGainedFocus
08-29 11:39:23.877 15216 15216 D InputTransport: Input channel constructed: fd=75
08-29 11:39:23.877 15216 15216 D InputTransport: Input channel destroyed: fd=63
08-29 11:39:25.231 15216 15216 D ViewRootImpl@bf65d8e[LoginActivity]: ViewPostImeInputStage processPointer 0
08-29 11:39:25.291 15216 15216 D ViewRootImpl@bf65d8e[LoginActivity]: ViewPostImeInputStage processPointer 1
08-29 11:39:25.292 15216 15216 D AbsListView: onTouchUp() mTouchMode : 0
08-29 11:39:26.167 15216 15216 D ViewRootImpl@bf65d8e[LoginActivity]: ViewPostImeInputStage processPointer 0
08-29 11:39:26.250 15216 15216 D ViewRootImpl@bf65d8e[LoginActivity]: ViewPostImeInputStage processPointer 1
08-29 11:39:26.287 15216 15216 D InputMethodManager: HSIFW - flag : 0 Pid : 15216
08-29 11:39:26.329 15216 15216 D AbsListView: in onLayout changed
08-29 11:39:33.216 15216 15216 D ViewRootImpl@bf65d8e[LoginActivity]: ViewPostImeInputStage processPointer 0
08-29 11:39:33.256 15216 15216 D ViewRootImpl@bf65d8e[LoginActivity]: ViewPostImeInputStage processPointer 1
08-29 11:39:33.256 15216 15216 D AbsListView: onTouchUp() mTouchMode : 0
08-29 11:39:34.235 15216 15216 D ViewRootImpl@bf65d8e[LoginActivity]: ViewPostImeInputStage processPointer 0
08-29 11:39:34.318 15216 15216 D ViewRootImpl@bf65d8e[LoginActivity]: ViewPostImeInputStage processPointer 1
08-29 11:39:34.342 15216 15216 D ScrollView: initGoToTop
08-29 11:39:34.348 15216 15216 D ScrollView: initGoToTop
08-29 11:39:34.357 15216 15216 D ViewRootImpl@2c85b33[LoginActivity]: ThreadedRenderer.create() translucent=true
08-29 11:39:34.363 15216 15216 D InputTransport: Input channel constructed: fd=67
08-29 11:39:34.363 15216 15216 D ViewRootImpl@2c85b33[LoginActivity]: setView = DecorView@78a8ef0[LoginActivity] touchMode=true
08-29 11:39:34.367 15216 15279 D MYINTERCEPTOR: /GiengerService.svc/manifestinfo
08-29 11:39:34.369 15216 15279 D OkHttp : --> POST https://testsaig1.gienger.cz/GiengerService.svc/manifestinfo http/1.1
08-29 11:39:34.369 15216 15216 D ViewRootImpl@2c85b33[LoginActivity]: dispatchAttachedToWindow
08-29 11:39:34.369 15216 15279 D OkHttp : Content-Length: 0
08-29 11:39:34.369 15216 15279 D OkHttp : state: CZ
08-29 11:39:34.369 15216 15279 D OkHttp : id: A03_trasa_A03-02_1_ranni_30_07_2018
08-29 11:39:34.369 15216 15279 D OkHttp : token: bb9a8671b6ffc25d21d37e4973711886
08-29 11:39:34.369 15216 15279 D OkHttp : --> END POST
08-29 11:39:34.401 15216 15216 D ViewRootImpl@2c85b33[LoginActivity]: Relayout returned: oldFrame=[0,0][0,0] newFrame=[108,466][660,582] result=0x27 surface={isValid=true -1937557504} surfaceGenerationChanged=true
08-29 11:39:34.401 15216 15216 D ViewRootImpl@2c85b33[LoginActivity]: mHardwareRenderer.initialize() mSurface={isValid=true -1937557504} hwInitialized=true
08-29 11:39:34.420 15216 15216 D ViewRootImpl@2c85b33[LoginActivity]: MSG_WINDOW_FOCUS_CHANGED 1
08-29 11:39:34.421 15216 15216 D ViewRootImpl@2c85b33[LoginActivity]: mHardwareRenderer.initializeIfNeeded()#2 mSurface={isValid=true -1937557504}
08-29 11:39:34.440 15216 15216 D ViewRootImpl@2c85b33[LoginActivity]: MSG_RESIZED_REPORT: frame=Rect(108, 466 - 660, 582) ci=Rect(0, 0 - 0, 0) vi=Rect(0, 0 - 0, 0) or=1
08-29 11:39:34.457 15216 15216 D ViewRootImpl@bf65d8e[LoginActivity]: MSG_WINDOW_FOCUS_CHANGED 0
08-29 11:39:34.494 15216 15279 D OkHttp : <-- 200 https://testsaig1.gienger.cz/GiengerService.svc/manifestinfo (124ms)
08-29 11:39:34.494 15216 15279 D OkHttp : content-type: application/xml; charset=utf-8
08-29 11:39:34.494 15216 15279 D OkHttp : server: Microsoft-IIS/10.0
08-29 11:39:34.494 15216 15279 D OkHttp : x-powered-by: ASP.NET
08-29 11:39:34.494 15216 15279 D OkHttp : date: Wed, 29 Aug 2018 09:39:32 GMT
08-29 11:39:34.494 15216 15279 D OkHttp : content-length: 183
08-29 11:39:34.494 15216 15279 D OkHttp : <-- END HTTP
08-29 11:39:34.540 15216 15495 D MYINTERCEPTOR: /GiengerService.svc/corrections
08-29 11:39:34.548 15216 15495 D OkHttp : --> GET https://testsaig1.gienger.cz/GiengerService.svc/corrections http/1.1
08-29 11:39:34.548 15216 15495 D OkHttp : token: bb9a8671b6ffc25d21d37e4973711886
08-29 11:39:34.548 15216 15495 D OkHttp : --> END GET
08-29 11:39:34.685 15216 15495 D OkHttp : <-- 200 https://testsaig1.gienger.cz/GiengerService.svc/corrections (136ms)
08-29 11:39:34.685 15216 15495 D OkHttp : content-type: application/xml; charset=utf-8
08-29 11:39:34.685 15216 15495 D OkHttp : server: Microsoft-IIS/10.0
08-29 11:39:34.685 15216 15495 D OkHttp : x-powered-by: ASP.NET
08-29 11:39:34.685 15216 15495 D OkHttp : date: Wed, 29 Aug 2018 09:39:32 GMT
08-29 11:39:34.685 15216 15495 D OkHttp : content-length: 1267
08-29 11:39:34.685 15216 15495 D OkHttp : <-- END HTTP
08-29 11:39:34.736 15216 15495 D MYINTERCEPTOR: /GiengerService.svc/getorder
08-29 11:39:34.738 15216 15495 D OkHttp : --> POST https://testsaig1.gienger.cz/GiengerService.svc/getorder http/1.1
08-29 11:39:34.738 15216 15495 D OkHttp : Content-Length: 0
08-29 11:39:34.738 15216 15495 D OkHttp : name: 130AT1180325847.xml
08-29 11:39:34.738 15216 15495 D OkHttp : token: bb9a8671b6ffc25d21d37e4973711886
08-29 11:39:34.738 15216 15495 D OkHttp : --> END POST
08-29 11:39:34.872 15216 15495 D OkHttp : <-- 200 https://testsaig1.gienger.cz/GiengerService.svc/getorder (132ms)
08-29 11:39:34.872 15216 15495 D OkHttp : content-type: application/xml; charset=utf-8
08-29 11:39:34.872 15216 15495 D OkHttp : server: Microsoft-IIS/10.0
08-29 11:39:34.872 15216 15495 D OkHttp : checksum: 3b0d08dd9380ed3dc2a336228c747e1a
08-29 11:39:34.872 15216 15495 D OkHttp : x-powered-by: ASP.NET
08-29 11:39:34.872 15216 15495 D OkHttp : date: Wed, 29 Aug 2018 09:39:32 GMT
08-29 11:39:34.872 15216 15495 D OkHttp : content-length: 169627
08-29 11:39:34.872 15216 15495 D OkHttp : <-- END HTTP
08-29 11:39:35.121 15216 15495 D MYINTERCEPTOR: /GiengerService.svc/getorder
08-29 11:39:35.126 15216 15495 D OkHttp : --> POST https://testsaig1.gienger.cz/GiengerService.svc/getorder http/1.1
08-29 11:39:35.126 15216 15495 D OkHttp : Content-Length: 0
08-29 11:39:35.126 15216 15495 D OkHttp : name: 130AT1180325848.xml
08-29 11:39:35.126 15216 15495 D OkHttp : token: bb9a8671b6ffc25d21d37e4973711886
08-29 11:39:35.126 15216 15495 D OkHttp : --> END POST
08-29 11:39:35.318 15216 15495 D OkHttp : <-- 200 https://testsaig1.gienger.cz/GiengerService.svc/getorder (191ms)
08-29 11:39:35.318 15216 15495 D OkHttp : content-type: application/xml; charset=utf-8
08-29 11:39:35.318 15216 15495 D OkHttp : server: Microsoft-IIS/10.0
08-29 11:39:35.318 15216 15495 D OkHttp : checksum: de941dce18157380c7635fe971b8cb33
08-29 11:39:35.319 15216 15495 D OkHttp : x-powered-by: ASP.NET
08-29 11:39:35.319 15216 15495 D OkHttp : date: Wed, 29 Aug 2018 09:39:32 GMT
08-29 11:39:35.319 15216 15495 D OkHttp : content-length: 184257
08-29 11:39:35.319 15216 15495 D OkHttp : <-- END HTTP
08-29 11:39:35.533 15216 15226 I art : Background partial concurrent mark sweep GC freed 141500(5MB) AllocSpace objects, 41(3MB) LOS objects, 61% free, 7MB/19MB, paused 6.110ms total 119.682ms
08-29 11:39:35.570 15216 15495 D MYINTERCEPTOR: /GiengerService.svc/getorder
08-29 11:39:35.572 15216 15495 D OkHttp : --> POST https://testsaig1.gienger.cz/GiengerService.svc/getorder http/1.1
08-29 11:39:35.572 15216 15495 D OkHttp : Content-Length: 0
08-29 11:39:35.572 15216 15495 D OkHttp : name: 130AT1180324980.xml
08-29 11:39:35.572 15216 15495 D OkHttp : token: bb9a8671b6ffc25d21d37e4973711886
08-29 11:39:35.572 15216 15495 D OkHttp : --> END POST
08-29 11:39:35.659 15216 15495 D OkHttp : <-- 200 https://testsaig1.gienger.cz/GiengerService.svc/getorder (86ms)
08-29 11:39:35.659 15216 15495 D OkHttp : content-type: application/xml; charset=utf-8
08-29 11:39:35.659 15216 15495 D OkHttp : server: Microsoft-IIS/10.0
08-29 11:39:35.659 15216 15495 D OkHttp : checksum: 05407bd1f387b72cf348fe67d21b7d31
08-29 11:39:35.659 15216 15495 D OkHttp : x-powered-by: ASP.NET
08-29 11:39:35.659 15216 15495 D OkHttp : date: Wed, 29 Aug 2018 09:39:33 GMT
08-29 11:39:35.659 15216 15495 D OkHttp : content-length: 165500
08-29 11:39:35.659 15216 15495 D OkHttp : <-- END HTTP
08-29 11:39:35.828 15216 15216 D ViewRootImpl@2c85b33[LoginActivity]: mHardwareRenderer.destroy()#4
08-29 11:39:35.828 15216 15216 D ViewRootImpl@2c85b33[LoginActivity]: dispatchDetachedFromWindow
08-29 11:39:35.836 15216 15216 D InputTransport: Input channel destroyed: fd=67
08-29 11:39:35.837 15216 15216 D ViewRootImpl@bf65d8e[LoginActivity]: MSG_WINDOW_FOCUS_CHANGED 1
08-29 11:39:35.837 15216 15216 D ViewRootImpl@bf65d8e[LoginActivity]: mHardwareRenderer.initializeIfNeeded()#2 mSurface={isValid=true -1912619008}
08-29 11:39:35.839 15216 15216 V InputMethodManager: Starting input: tba=android.view.inputmethod.EditorInfo@6710914 nm : cz.gienger.mobile ic=null
08-29 11:39:35.839 15216 15216 I InputMethodManager: startInputInner - mService.startInputOrWindowGainedFocus
08-29 11:39:35.840 15216 15216 D InputTransport: Input channel constructed: fd=67
08-29 11:39:35.840 15216 15216 D InputTransport: Input channel destroyed: fd=75
08-29 11:39:35.840 15216 15216 E ViewRootImpl: sendUserActionEvent() returned.
08-29 11:39:35.884 15216 15216 D AbsListView: in onLayout changed
08-29 11:39:35.975 15216 15216 D AbsListView: in onLayout changed
08-29 11:39:37.716 15216 15216 D ViewRootImpl@bf65d8e[LoginActivity]: ViewPostImeInputStage processPointer 0
08-29 11:39:37.786 15216 15216 D ViewRootImpl@bf65d8e[LoginActivity]: ViewPostImeInputStage processPointer 1
08-29 11:39:37.831 15216 15216 D ScrollView: initGoToTop
08-29 11:39:37.836 15216 15216 D ScrollView: initGoToTop
08-29 11:39:37.846 15216 15216 D ViewRootImpl@1e2b109[LoginActivity]: ThreadedRenderer.create() translucent=true
08-29 11:39:37.851 15216 15216 D InputTransport: Input channel constructed: fd=75
08-29 11:39:37.851 15216 15216 D ViewRootImpl@1e2b109[LoginActivity]: setView = DecorView@56c4f0e[LoginActivity] touchMode=true
08-29 11:39:37.855 15216 15216 D ViewRootImpl@1e2b109[LoginActivity]: dispatchAttachedToWindow
08-29 11:39:37.891 15216 15216 D ViewRootImpl@1e2b109[LoginActivity]: Relayout returned: oldFrame=[0,0][0,0] newFrame=[108,450][660,597] result=0x27 surface={isValid=true -1912526848} surfaceGenerationChanged=true
08-29 11:39:37.891 15216 15216 D ViewRootImpl@1e2b109[LoginActivity]: mHardwareRenderer.initialize() mSurface={isValid=true -1912526848} hwInitialized=true
08-29 11:39:37.895 15216 15216 D ScrollView: onsize change changed
08-29 11:39:37.895 15216 15216 D ScrollView: onsize change changed
08-29 11:39:37.896 15216 15216 D ViewRootImpl@1e2b109[LoginActivity]: MSG_WINDOW_FOCUS_CHANGED 1
08-29 11:39:37.896 15216 15216 D ViewRootImpl@1e2b109[LoginActivity]: mHardwareRenderer.initializeIfNeeded()#2 mSurface={isValid=true -1912526848}
08-29 11:39:37.908 15216 15216 D ViewRootImpl@1e2b109[LoginActivity]: MSG_RESIZED_REPORT: frame=Rect(108, 450 - 660, 597) ci=Rect(0, 0 - 0, 0) vi=Rect(0, 0 - 0, 0) or=1
08-29 11:39:37.927 15216 15216 D ViewRootImpl@bf65d8e[LoginActivity]: MSG_WINDOW_FOCUS_CHANGED 0
08-29 11:39:39.425 15216 15216 D ViewRootImpl@1e2b109[LoginActivity]: ViewPostImeInputStage processPointer 0
08-29 11:39:39.541 15216 15216 D ViewRootImpl@1e2b109[LoginActivity]: ViewPostImeInputStage processPointer 1
08-29 11:39:39.596 15216 15216 D ScrollView: initGoToTop
08-29 11:39:39.602 15216 15216 D ScrollView: initGoToTop
08-29 11:39:39.645 15216 15216 D ViewRootImpl@11c4658[LoginActivity]: ThreadedRenderer.create() translucent=true
08-29 11:39:39.650 15216 15216 D InputTransport: Input channel constructed: fd=83
08-29 11:39:39.650 15216 15216 D ViewRootImpl@11c4658[LoginActivity]: setView = DecorView@688f3b1[LoginActivity] touchMode=true
08-29 11:39:39.654 15216 15279 D MYINTERCEPTOR: /GiengerService.svc/assign/A03_trasa_A03-02_1_ranni_30_07_2018
08-29 11:39:39.655 15216 15279 D OkHttp : --> POST https://testsaig1.gienger.cz/GiengerService.svc/assign/A03_trasa_A03-02_1_ranni_30_07_2018 http/1.1
08-29 11:39:39.655 15216 15279 D OkHttp : Content-Length: 0
08-29 11:39:39.655 15216 15279 D OkHttp : token: bb9a8671b6ffc25d21d37e4973711886
08-29 11:39:39.656 15216 15279 D OkHttp : --> END POST
08-29 11:39:39.667 15216 15233 D OpenGLRenderer: endAllActiveAnimators on 0x8e70c980 (RippleDrawable) with handle 0x9ad12c50
08-29 11:39:39.667 15216 15216 D ViewRootImpl@1e2b109[LoginActivity]: mHardwareRenderer.destroy()#4
08-29 11:39:39.667 15216 15216 D ViewRootImpl@1e2b109[LoginActivity]: dispatchDetachedFromWindow
08-29 11:39:39.677 15216 15216 D InputTransport: Input channel destroyed: fd=75
08-29 11:39:39.679 15216 15216 D ViewRootImpl@11c4658[LoginActivity]: dispatchAttachedToWindow
08-29 11:39:39.699 15216 15216 D ViewRootImpl@11c4658[LoginActivity]: Relayout returned: oldFrame=[0,0][0,0] newFrame=[108,466][660,582] result=0x27 surface={isValid=true -1912526848} surfaceGenerationChanged=true
08-29 11:39:39.700 15216 15216 D ViewRootImpl@11c4658[LoginActivity]: mHardwareRenderer.initialize() mSurface={isValid=true -1912526848} hwInitialized=true
08-29 11:39:39.704 15216 15216 D ViewRootImpl@11c4658[LoginActivity]: MSG_WINDOW_FOCUS_CHANGED 1
08-29 11:39:39.704 15216 15216 D ViewRootImpl@11c4658[LoginActivity]: mHardwareRenderer.initializeIfNeeded()#2 mSurface={isValid=true -1912526848}
08-29 11:39:39.713 15216 15216 D ViewRootImpl@11c4658[LoginActivity]: MSG_RESIZED_REPORT: frame=Rect(108, 466 - 660, 582) ci=Rect(0, 0 - 0, 0) vi=Rect(0, 0 - 0, 0) or=1
08-29 11:39:39.740 15216 15216 E ViewRootImpl: sendUserActionEvent() returned.
08-29 11:39:40.314 15216 15279 D OkHttp : <-- 403 https://testsaig1.gienger.cz/GiengerService.svc/assign/A03_trasa_A03-02_1_ranni_30_07_2018 (657ms)
08-29 11:39:40.314 15216 15279 D OkHttp : content-type: application/xml; charset=utf-8
08-29 11:39:40.314 15216 15279 D OkHttp : server: Microsoft-IIS/10.0
08-29 11:39:40.314 15216 15279 D OkHttp : x-powered-by: ASP.NET
08-29 11:39:40.314 15216 15279 D OkHttp : date: Wed, 29 Aug 2018 09:39:37 GMT
08-29 11:39:40.314 15216 15279 D OkHttp : content-length: 86
08-29 11:39:40.314 15216 15279 D OkHttp : <-- END HTTP
08-29 11:39:40.340 15216 15216 D ViewRootImpl@11c4658[LoginActivity]: mHardwareRenderer.destroy()#4
08-29 11:39:40.340 15216 15216 D ViewRootImpl@11c4658[LoginActivity]: dispatchDetachedFromWindow
08-29 11:39:40.348 15216 15216 D InputTransport: Input channel destroyed: fd=83
08-29 11:39:40.364 15216 15216 D ScrollView: initGoToTop
08-29 11:39:40.374 15216 15216 D ScrollView: initGoToTop
08-29 11:39:40.383 15216 15216 D ViewRootImpl@c9b3615[LoginActivity]: ThreadedRenderer.create() translucent=true
08-29 11:39:40.389 15216 15216 D InputTransport: Input channel constructed: fd=75
08-29 11:39:40.389 15216 15216 D ViewRootImpl@c9b3615[LoginActivity]: setView = DecorView@1ce9d2a[LoginActivity] touchMode=true
08-29 11:39:40.391 15216 15216 D ViewRootImpl@c9b3615[LoginActivity]: dispatchAttachedToWindow
08-29 11:39:40.432 15216 15216 D ViewRootImpl@c9b3615[LoginActivity]: Relayout returned: oldFrame=[0,0][0,0] newFrame=[94,423][674,624] result=0x27 surface={isValid=true -1913311232} surfaceGenerationChanged=true
08-29 11:39:40.432 15216 15216 D ViewRootImpl@c9b3615[LoginActivity]: mHardwareRenderer.initialize() mSurface={isValid=true -1913311232} hwInitialized=true
08-29 11:39:40.436 15216 15216 D ScrollView: onsize change changed
08-29 11:39:40.436 15216 15216 D ScrollView: onsize change changed
08-29 11:39:40.436 15216 15216 D ViewRootImpl@bf65d8e[LoginActivity]: MSG_WINDOW_FOCUS_CHANGED 1
08-29 11:39:40.436 15216 15216 D ViewRootImpl@bf65d8e[LoginActivity]: mHardwareRenderer.initializeIfNeeded()#2 mSurface={isValid=true -1912619008}
08-29 11:39:40.443 15216 15216 E ViewRootImpl: sendUserActionEvent() returned.
08-29 11:39:40.444 15216 15216 D ViewRootImpl@c9b3615[LoginActivity]: MSG_WINDOW_FOCUS_CHANGED 1
08-29 11:39:40.444 15216 15216 D ViewRootImpl@c9b3615[LoginActivity]: mHardwareRenderer.initializeIfNeeded()#2 mSurface={isValid=true -1913311232}
08-29 11:39:40.461 15216 15216 D ViewRootImpl@c9b3615[LoginActivity]: MSG_RESIZED_REPORT: frame=Rect(94, 423 - 674, 624) ci=Rect(0, 0 - 0, 0) vi=Rect(0, 0 - 0, 0) or=1
08-29 11:39:40.470 15216 15216 D ViewRootImpl@bf65d8e[LoginActivity]: MSG_WINDOW_FOCUS_CHANGED 0
08-29 11:39:42.151 15216 15216 D ViewRootImpl@c9b3615[LoginActivity]: ViewPostImeInputStage processPointer 0
08-29 11:39:42.252 15216 15216 D ViewRootImpl@c9b3615[LoginActivity]: ViewPostImeInputStage processPointer 1
08-29 11:39:42.276 15216 15216 D ViewRootImpl@c9b3615[LoginActivity]: mHardwareRenderer.destroy()#4
08-29 11:39:42.276 15216 15216 D ViewRootImpl@c9b3615[LoginActivity]: dispatchDetachedFromWindow
08-29 11:39:42.287 15216 15216 D InputTransport: Input channel destroyed: fd=75
08-29 11:39:42.287 15216 15216 D ViewRootImpl@bf65d8e[LoginActivity]: MSG_WINDOW_FOCUS_CHANGED 1
08-29 11:39:42.287 15216 15216 D ViewRootImpl@bf65d8e[LoginActivity]: mHardwareRenderer.initializeIfNeeded()#2 mSurface={isValid=true -1912619008}
08-29 11:39:42.289 15216 15216 E ViewRootImpl: sendUserActionEvent() returned.
08-29 11:40:22.149 15216 15216 V InputMethodManager: Starting input: tba=android.view.inputmethod.EditorInfo@4b9d0b8 nm : cz.gienger.mobile ic=null
08-29 11:40:22.149 15216 15216 I InputMethodManager: startInputInner - mService.startInputOrWindowGainedFocus
08-29 11:40:22.153 15216 15216 D InputTransport: Input channel constructed: fd=75
08-29 11:40:22.153 15216 15216 D InputTransport: Input channel destroyed: fd=67
08-29 11:41:06.845 15216 15216 V InputMethodManager: Starting input: tba=android.view.inputmethod.EditorInfo@93610ef nm : cz.gienger.mobile ic=null
08-29 11:41:06.845 15216 15216 I InputMethodManager: startInputInner - mService.startInputOrWindowGainedFocus
08-29 11:41:06.846 15216 15216 D InputTransport: Input channel constructed: fd=67
08-29 11:41:06.847 15216 15216 D InputTransport: Input channel destroyed: fd=75
08-29 11:41:06.965 15216 15216 D ViewRootImpl@bf65d8e[LoginActivity]: MSG_RESIZED_REPORT: frame=Rect(0, 0 - 768, 1024) ci=Rect(0, 24 - 0, 0) vi=Rect(0, 24 - 0, 0) or=1
08-29 11:41:06.976 15216 15216 D ViewRootImpl@bf65d8e[LoginActivity]: Relayout returned: oldFrame=[0,0][768,1024] newFrame=[0,0][768,1024] result=0x1 surface={isValid=true -1912619008} surfaceGenerationChanged=false
08-29 11:41:08.586 15216 15216 D ViewRootImpl@bf65d8e[LoginActivity]: ViewPostImeInputStage processPointer 0
08-29 11:41:08.678 15216 15216 D ViewRootImpl@bf65d8e[LoginActivity]: ViewPostImeInputStage processPointer 1
08-29 11:41:08.707 15216 15216 D InputMethodManager: HSIFW - flag : 0 Pid : 15216
08-29 11:41:08.745 15216 15216 D AbsListView: in onLayout changed
08-29 11:41:10.321 15216 15216 D ViewRootImpl@bf65d8e[LoginActivity]: ViewPostImeInputStage processPointer 0
08-29 11:41:10.389 15216 15216 D ViewRootImpl@bf65d8e[LoginActivity]: ViewPostImeInputStage processPointer 1
08-29 11:41:10.420 15216 15878 D MYINTERCEPTOR: /GiengerService.svc/logout
08-29 11:41:10.422 15216 15878 D OkHttp : --> POST https://testsaig1.gienger.cz/GiengerService.svc/logout http/1.1
08-29 11:41:10.422 15216 15878 D OkHttp : Content-Type: application/xml; charset=UTF-8
08-29 11:41:10.422 15216 15878 D OkHttp : Content-Length: 268
08-29 11:41:10.422 15216 15878 D OkHttp : token: bb9a8671b6ffc25d21d37e4973711886
08-29 11:41:10.422 15216 15878 D OkHttp : --> END POST
08-29 11:41:10.534 15216 15878 D OkHttp : <-- 200 https://testsaig1.gienger.cz/GiengerService.svc/logout (111ms)
08-29 11:41:10.535 15216 15878 D OkHttp : server: Microsoft-IIS/10.0
08-29 11:41:10.535 15216 15878 D OkHttp : x-powered-by: ASP.NET
08-29 11:41:10.535 15216 15878 D OkHttp : date: Wed, 29 Aug 2018 09:41:08 GMT
08-29 11:41:10.535 15216 15878 D OkHttp : content-length: 0
08-29 11:41:10.535 15216 15878 D OkHttp : <-- END HTTP
08-29 11:41:10.567 15216 15216 D ScrollView: initGoToTop
08-29 11:41:10.601 15216 15216 D ScrollView: onsize change changed
08-29 11:41:50.329 15216 15216 V InputMethodManager: Starting input: tba=android.view.inputmethod.EditorInfo@de2c629 nm : cz.gienger.mobile ic=null
08-29 11:41:50.329 15216 15216 I InputMethodManager: startInputInner - mService.startInputOrWindowGainedFocus
08-29 11:41:50.331 15216 15216 D InputTransport: Input channel constructed: fd=75
08-29 11:41:50.331 15216 15216 D InputTransport: Input channel destroyed: fd=67
08-29 11:44:40.384 15216 15216 V InputMethodManager: Starting input: tba=android.view.inputmethod.EditorInfo@ea50dae nm : cz.gienger.mobile ic=null
08-29 11:44:40.384 15216 15216 I InputMethodManager: startInputInner - mService.startInputOrWindowGainedFocus
08-29 11:44:40.385 15216 15216 D InputTransport: Input channel constructed: fd=67
08-29 11:44:40.385 15216 15216 D InputTransport: Input channel destroyed: fd=75
08-29 11:44:40.437 15216 15216 D ViewRootImpl@bf65d8e[LoginActivity]: MSG_RESIZED_REPORT: frame=Rect(0, 0 - 768, 1024) ci=Rect(0, 24 - 0, 0) vi=Rect(0, 24 - 0, 0) or=1
08-29 11:45:19.266 15216 15216 D ViewRootImpl@bf65d8e[LoginActivity]: ViewPostImeInputStage processPointer 0
08-29 11:45:19.303 15216 15216 D ViewRootImpl@bf65d8e[LoginActivity]: ViewPostImeInputStage processPointer 1
08-29 11:45:19.321 15216 15216 V InputMethodManager: Starting input: tba=android.view.inputmethod.EditorInfo@73856ba nm : cz.gienger.mobile ic=com.android.internal.widget.EditableInputConnection@b45c96b
08-29 11:45:19.321 15216 15216 I InputMethodManager: startInputInner - mService.startInputOrWindowGainedFocus
08-29 11:45:19.324 15216 15216 D InputTransport: Input channel constructed: fd=72
08-29 11:45:19.324 15216 15216 D InputTransport: Input channel destroyed: fd=67
08-29 11:45:19.324 15216 15216 D InputMethodManager: SSI - flag : 0 Pid : 15216 view : cz.gienger.mobile
08-29 11:45:19.657 15216 15216 D ViewRootImpl@bf65d8e[LoginActivity]: MSG_RESIZED: frame=Rect(0, 0 - 768, 1024) ci=Rect(0, 24 - 0, 320) vi=Rect(0, 24 - 0, 320) or=1
08-29 11:45:19.670 15216 15216 D ViewRootImpl@bf65d8e[LoginActivity]: Relayout returned: oldFrame=[0,0][768,1024] newFrame=[0,0][768,1024] result=0x1 surface={isValid=true -1912619008} surfaceGenerationChanged=false
08-29 11:45:19.674 15216 15216 D ScrollView: onsize change changed
08-29 11:45:59.285 15216 15216 V InputMethodManager: Starting input: tba=android.view.inputmethod.EditorInfo@967629d nm : cz.gienger.mobile ic=com.android.internal.widget.EditableInputConnection@37f0312
08-29 11:45:59.285 15216 15216 I InputMethodManager: startInputInner - mService.startInputOrWindowGainedFocus
08-29 11:45:59.295 15216 15216 D InputTransport: Input channel constructed: fd=67
08-29 11:45:59.295 15216 15216 D InputTransport: Input channel destroyed: fd=72
08-29 11:45:59.295 15216 15216 W IInputConnectionWrapper: performPrivateCommand on inactive InputConnection
08-29 11:45:59.295 15216 15216 W IInputConnectionWrapper: finishComposingText on inactive InputConnection
08-29 11:45:59.312 15216 15216 W IInputConnectionWrapper: performPrivateCommand on inactive InputConnection
08-29 11:45:59.415 15216 15216 W IInputConnectionWrapper: getCursorCapsMode on inactive InputConnection
08-29 11:45:59.514 15216 15216 W IInputConnectionWrapper: getCursorCapsMode on inactive InputConnection
08-29 11:45:59.559 15216 15216 W IInputConnectionWrapper: getSelectedText on inactive InputConnection
08-29 11:45:59.560 15216 15216 W IInputConnectionWrapper: getTextBeforeCursor on inactive InputConnection
08-29 11:45:59.561 15216 15216 W IInputConnectionWrapper: getTextAfterCursor on inactive InputConnection
08-29 11:46:00.503 15216 15216 V InputMethodManager: Starting input: tba=android.view.inputmethod.EditorInfo@1effae3 nm : cz.gienger.mobile ic=com.android.internal.widget.EditableInputConnection@312ce0
08-29 11:46:00.503 15216 15216 I InputMethodManager: startInputInner - mService.startInputOrWindowGainedFocus
08-29 11:46:00.505 15216 15216 D InputTransport: Input channel constructed: fd=72
08-29 11:46:00.505 15216 15216 D InputTransport: Input channel destroyed: fd=67
08-29 11:46:00.531 15216 15216 W IInputConnectionWrapper: performPrivateCommand on inactive InputConnection
08-29 11:46:00.549 15216 15216 W IInputConnectionWrapper: finishComposingText on inactive InputConnection
08-29 11:46:00.559 15216 15216 D ViewRootImpl@bf65d8e[LoginActivity]: MSG_RESIZED_REPORT: frame=Rect(0, 0 - 768, 1024) ci=Rect(0, 24 - 0, 320) vi=Rect(0, 24 - 0, 320) or=1
08-29 11:46:01.535 15216 15216 D ViewRootImpl@bf65d8e[LoginActivity]: ViewPostImeInputStage processPointer 0
08-29 11:46:01.607 15216 15216 D ViewRootImpl@bf65d8e[LoginActivity]: ViewPostImeInputStage processPointer 1
08-29 11:46:01.609 15216 15216 D InputMethodManager: SSI - flag : 0 Pid : 15216 view : cz.gienger.mobile
08-29 11:46:12.192 15216 15216 D ViewRootImpl@bf65d8e[LoginActivity]: ViewPostImeInputStage processPointer 0
08-29 11:46:12.563 15216 15216 D ViewRootImpl@bf65d8e[LoginActivity]: ViewPostImeInputStage processPointer 1
08-29 11:46:25.568 15216 15216 D ViewRootImpl@bf65d8e[LoginActivity]: ViewPostImeInputStage processPointer 0
08-29 11:46:25.639 15216 15216 D ViewRootImpl@bf65d8e[LoginActivity]: ViewPostImeInputStage processPointer 1
08-29 11:46:25.656 15216 15216 V InputMethodManager: Starting input: tba=android.view.inputmethod.EditorInfo@c2c370c nm : cz.gienger.mobile ic=com.android.internal.widget.EditableInputConnection@6e14855
08-29 11:46:25.656 15216 15216 I InputMethodManager: startInputInner - mService.startInputOrWindowGainedFocus
08-29 11:46:25.658 15216 15216 D InputTransport: Input channel constructed: fd=67
08-29 11:46:25.658 15216 15216 D InputTransport: Input channel destroyed: fd=72
08-29 11:46:25.659 15216 15216 D InputMethodManager: SSI - flag : 0 Pid : 15216 view : cz.gienger.mobile
08-29 11:46:25.665 15216 15216 W IInputConnectionWrapper: performPrivateCommand on inactive InputConnection
08-29 11:46:25.665 15216 15216 W IInputConnectionWrapper: finishComposingText on inactive InputConnection
08-29 11:46:28.570 15216 15216 D ViewRootImpl@bf65d8e[LoginActivity]: ViewPostImeInputStage processPointer 0
08-29 11:46:28.640 15216 15216 D ViewRootImpl@bf65d8e[LoginActivity]: ViewPostImeInputStage processPointer 1
08-29 11:46:28.665 15216 15216 D ScrollView: initGoToTop
08-29 11:46:28.669 15216 15216 D ScrollView: initGoToTop
08-29 11:46:28.677 15216 15216 D ViewRootImpl@8315de6[LoginActivity]: ThreadedRenderer.create() translucent=true
08-29 11:46:28.682 15216 15216 D InputTransport: Input channel constructed: fd=72
08-29 11:46:28.682 15216 15216 D ViewRootImpl@8315de6[LoginActivity]: setView = DecorView@d853f27[LoginActivity] touchMode=true
08-29 11:46:28.692 15216 16003 D MYINTERCEPTOR: /GiengerService.svc/oauth
08-29 11:46:28.692 15216 15216 D ViewRootImpl@8315de6[LoginActivity]: dispatchAttachedToWindow
08-29 11:46:28.693 15216 16003 D OkHttp : --> POST https://testsaig1.gienger.cz/GiengerService.svc/oauth http/1.1
08-29 11:46:28.693 15216 16003 D OkHttp : Content-Type: application/xml; charset=UTF-8
08-29 11:46:28.693 15216 16003 D OkHttp : Content-Length: 298
08-29 11:46:28.693 15216 16003 D OkHttp : --> END POST
08-29 11:46:28.718 15216 15216 D ViewRootImpl@8315de6[LoginActivity]: Relayout returned: oldFrame=[0,0][0,0] newFrame=[108,466][660,582] result=0x27 surface={isValid=true -1937620992} surfaceGenerationChanged=true
08-29 11:46:28.718 15216 15216 D ViewRootImpl@8315de6[LoginActivity]: mHardwareRenderer.initialize() mSurface={isValid=true -1937620992} hwInitialized=true
08-29 11:46:28.734 15216 15216 D ViewRootImpl@8315de6[LoginActivity]: MSG_WINDOW_FOCUS_CHANGED 1
08-29 11:46:28.734 15216 15216 D ViewRootImpl@8315de6[LoginActivity]: mHardwareRenderer.initializeIfNeeded()#2 mSurface={isValid=true -1937620992}
08-29 11:46:28.752 15216 15216 D ViewRootImpl@8315de6[LoginActivity]: MSG_RESIZED_REPORT: frame=Rect(108, 466 - 660, 582) ci=Rect(0, 0 - 0, 0) vi=Rect(0, 0 - 0, 0) or=1
08-29 11:46:28.771 15216 15216 D ViewRootImpl@bf65d8e[LoginActivity]: MSG_WINDOW_FOCUS_CHANGED 0
08-29 11:46:29.187 15216 16003 D OkHttp : <-- 200 https://testsaig1.gienger.cz/GiengerService.svc/oauth (493ms)
08-29 11:46:29.187 15216 16003 D OkHttp : content-type: application/xml; charset=utf-8
08-29 11:46:29.188 15216 16003 D OkHttp : server: Microsoft-IIS/10.0
08-29 11:46:29.188 15216 16003 D OkHttp : x-powered-by: ASP.NET
08-29 11:46:29.188 15216 16003 D OkHttp : date: Wed, 29 Aug 2018 09:46:26 GMT
08-29 11:46:29.188 15216 16003 D OkHttp : content-length: 292
08-29 11:46:29.188 15216 16003 D OkHttp : <-- END HTTP
08-29 11:46:29.206 15216 16003 D MYINTERCEPTOR: /GiengerService.svc/userinfo
08-29 11:46:29.206 15216 16003 D OkHttp : --> POST https://testsaig1.gienger.cz/GiengerService.svc/userinfo http/1.1
08-29 11:46:29.206 15216 16003 D OkHttp : Content-Type: application/xml; charset=UTF-8
08-29 11:46:29.206 15216 16003 D OkHttp : Content-Length: 139
08-29 11:46:29.206 15216 16003 D OkHttp : token: 842c57811f4e08b6820aa903348eb802
08-29 11:46:29.207 15216 16003 D OkHttp : --> END POST
08-29 11:46:29.485 15216 16003 D OkHttp : <-- 200 https://testsaig1.gienger.cz/GiengerService.svc/userinfo (278ms)
08-29 11:46:29.486 15216 16003 D OkHttp : content-type: application/xml; charset=utf-8
08-29 11:46:29.486 15216 16003 D OkHttp : server: Microsoft-IIS/10.0
08-29 11:46:29.486 15216 16003 D OkHttp : x-powered-by: ASP.NET
08-29 11:46:29.486 15216 16003 D OkHttp : date: Wed, 29 Aug 2018 09:46:26 GMT
08-29 11:46:29.487 15216 16003 D OkHttp : content-length: 195
08-29 11:46:29.487 15216 16003 D OkHttp : <-- END HTTP
08-29 11:46:29.533 15216 15216 D ScrollView: initGoToTop
08-29 11:46:29.539 15216 15216 D ScrollView: initGoToTop
08-29 11:46:29.556 15216 15216 D ViewRootImpl@a53f959[LoginActivity]: ThreadedRenderer.create() translucent=true
08-29 11:46:29.561 15216 15216 D InputTransport: Input channel constructed: fd=83
08-29 11:46:29.562 15216 15216 D ViewRootImpl@a53f959[LoginActivity]: setView = DecorView@f90791e[LoginActivity] touchMode=true
08-29 11:46:29.574 15216 15216 D ViewRootImpl@8315de6[LoginActivity]: mHardwareRenderer.destroy()#4
08-29 11:46:29.574 15216 15216 D ViewRootImpl@8315de6[LoginActivity]: dispatchDetachedFromWindow
08-29 11:46:29.590 15216 15216 D InputTransport: Input channel destroyed: fd=72
08-29 11:46:29.604 15216 15216 D ViewRootImpl@bf65d8e[LoginActivity]: Relayout returned: oldFrame=[0,0][768,1024] newFrame=[0,0][768,1024] result=0x1 surface={isValid=true -1912619008} surfaceGenerationChanged=false
08-29 11:46:29.610 15216 15216 D ViewRootImpl@a53f959[LoginActivity]: dispatchAttachedToWindow
08-29 11:46:29.642 15216 15216 D ViewRootImpl@a53f959[LoginActivity]: Relayout returned: oldFrame=[0,0][0,0] newFrame=[108,423][660,624] result=0x27 surface={isValid=true -1937620992} surfaceGenerationChanged=true
08-29 11:46:29.643 15216 15216 D ViewRootImpl@a53f959[LoginActivity]: mHardwareRenderer.initialize() mSurface={isValid=true -1937620992} hwInitialized=true
08-29 11:46:29.649 15216 15216 D ScrollView: onsize change changed
08-29 11:46:29.650 15216 15216 D ScrollView: onsize change changed
08-29 11:46:29.652 15216 15216 D ViewRootImpl@a53f959[LoginActivity]: MSG_WINDOW_FOCUS_CHANGED 1
08-29 11:46:29.652 15216 15216 D ViewRootImpl@a53f959[LoginActivity]: mHardwareRenderer.initializeIfNeeded()#2 mSurface={isValid=true -1937620992}
08-29 11:46:29.667 15216 15216 D ViewRootImpl@a53f959[LoginActivity]: MSG_RESIZED_REPORT: frame=Rect(108, 423 - 660, 624) ci=Rect(0, 0 - 0, 0) vi=Rect(0, 0 - 0, 0) or=1
08-29 11:46:29.687 15216 15216 E ViewRootImpl: sendUserActionEvent() returned.
