08-29 11:46:30.247 15216 15216 D ViewRootImpl@a53f959[LoginActivity]: ViewPostImeInputStage processPointer 0
08-29 11:46:30.350 15216 15216 D ViewRootImpl@a53f959[LoginActivity]: ViewPostImeInputStage processPointer 1
08-29 11:46:30.383 15216 15216 D ViewRootImpl@a53f959[LoginActivity]: mHardwareRenderer.destroy()#4
08-29 11:46:30.383 15216 15216 D ViewRootImpl@a53f959[LoginActivity]: dispatchDetachedFromWindow
08-29 11:46:30.393 15216 15216 D InputTransport: Input channel destroyed: fd=83
08-29 11:46:30.416 15216 16003 D MYINTERCEPTOR: /GiengerService.svc/manifests
08-29 11:46:30.417 15216 16003 D OkHttp : --> GET https://testsaig1.gienger.cz/GiengerService.svc/manifests http/1.1
08-29 11:46:30.418 15216 16003 D OkHttp : state: CZ
08-29 11:46:30.418 15216 16003 D OkHttp : token: 842c57811f4e08b6820aa903348eb802
08-29 11:46:30.418 15216 16003 D OkHttp : --> END GET
08-29 11:46:30.426 15216 15216 D TextView: SYANI: Clipboard API is calling: clearFilter()
08-29 11:46:30.426 15216 15216 D TextView: SYANI: Clipboard API is calling: unregisterClipboardEventListener()
08-29 11:46:30.428 15216 15216 D TextView: SYANI: Clipboard API is calling: clearFilter()
08-29 11:46:30.428 15216 15216 D TextView: SYANI: Clipboard API is calling: unregisterClipboardEventListener()
08-29 11:46:30.441 15216 15216 D ViewRootImpl@bf65d8e[LoginActivity]: mHardwareRenderer.destroy()#4
08-29 11:46:30.442 15216 15216 D ViewRootImpl@bf65d8e[LoginActivity]: dispatchDetachedFromWindow
08-29 11:46:30.443 15216 15216 D InputTransport: Input channel destroyed: fd=61
08-29 11:46:30.473 15216 15216 D FILES : /data/user/0/cz.gienger.mobile/files/delivery
08-29 11:46:30.481 15216 15216 D FILES : /data/user/0/cz.gienger.mobile/files/delivery/130AT1180325847
08-29 11:46:30.482 15216 15216 D FILES : /data/user/0/cz.gienger.mobile/files/delivery/130AT1180325847/corrections
08-29 11:46:30.482 15216 15216 D FILES : /data/user/0/cz.gienger.mobile/files/delivery/130AT1180325847/130AT1180325847.pdf
08-29 11:46:30.483 15216 15216 D FILES : /data/user/0/cz.gienger.mobile/files/delivery/130AT1180325848
08-29 11:46:30.483 15216 15216 D FILES : /data/user/0/cz.gienger.mobile/files/delivery/130AT1180325848/corrections
08-29 11:46:30.483 15216 15216 D FILES : /data/user/0/cz.gienger.mobile/files/delivery/130AT1180325848/130AT1180325848.pdf
08-29 11:46:30.483 15216 15216 D FILES : /data/user/0/cz.gienger.mobile/files/delivery/130AT1180324980
08-29 11:46:30.484 15216 15216 D FILES : /data/user/0/cz.gienger.mobile/files/delivery/130AT1180324980/corrections
08-29 11:46:30.484 15216 15216 D FILES : /data/user/0/cz.gienger.mobile/files/delivery/130AT1180324980/130AT1180324980.pdf
08-29 11:46:30.505 15216 16011 D MYINTERCEPTOR: /GiengerService.svc/manifests
08-29 11:46:30.506 15216 16011 D OkHttp : --> GET https://testsaig1.gienger.cz/GiengerService.svc/manifests http/1.1
08-29 11:46:30.507 15216 16011 D OkHttp : state: CZ
08-29 11:46:30.507 15216 16011 D OkHttp : token: 842c57811f4e08b6820aa903348eb802
08-29 11:46:30.507 15216 16011 D OkHttp : --> END GET
08-29 11:46:30.524 15216 16012 D MYINTERCEPTOR: /GiengerService.svc/manifests
08-29 11:46:30.525 15216 16012 D OkHttp : --> GET https://testsaig1.gienger.cz/GiengerService.svc/manifests http/1.1
08-29 11:46:30.526 15216 16012 D OkHttp : state: CZ
08-29 11:46:30.526 15216 16012 D OkHttp : token: 842c57811f4e08b6820aa903348eb802
08-29 11:46:30.526 15216 16012 D OkHttp : --> END GET
08-29 11:46:30.535 15216 15216 D ViewRootImpl@c7be092[LoginActivity]: ThreadedRenderer.create() translucent=false
08-29 11:46:30.539 15216 15216 D InputTransport: Input channel constructed: fd=61
08-29 11:46:30.539 15216 15216 D ViewRootImpl@c7be092[LoginActivity]: setView = DecorView@2174a63[LoginActivity] touchMode=true
08-29 11:46:30.542 15216 15216 D ViewRootImpl@c7be092[LoginActivity]: dispatchAttachedToWindow
08-29 11:46:30.578 15216 15216 D ViewRootImpl@c7be092[LoginActivity]: Relayout returned: oldFrame=[0,0][0,0] newFrame=[0,0][768,1024] result=0x27 surface={isValid=true -1923342336} surfaceGenerationChanged=true
08-29 11:46:30.578 15216 15216 D ViewRootImpl@c7be092[LoginActivity]: mHardwareRenderer.initialize() mSurface={isValid=true -1923342336} hwInitialized=true
08-29 11:46:30.593 15216 15216 D AbsListView: in onLayout changed
08-29 11:46:30.594 15216 15216 E ViewRootImpl: sendUserActionEvent() returned.
08-29 11:46:30.594 15216 15216 E ViewRootImpl: sendUserActionEvent() returned.
08-29 11:46:30.621 15216 15216 D ViewRootImpl@c7be092[LoginActivity]: MSG_RESIZED_REPORT: frame=Rect(0, 0 - 768, 1024) ci=Rect(0, 24 - 0, 320) vi=Rect(0, 24 - 0, 320) or=1
08-29 11:46:30.621 15216 15216 D ViewRootImpl@c7be092[LoginActivity]: MSG_WINDOW_FOCUS_CHANGED 1
08-29 11:46:30.621 15216 15216 D ViewRootImpl@c7be092[LoginActivity]: mHardwareRenderer.initializeIfNeeded()#2 mSurface={isValid=true -1923342336}
08-29 11:46:30.622 15216 15216 V InputMethodManager: Starting input: tba=android.view.inputmethod.EditorInfo@366288c nm : cz.gienger.mobile ic=null
08-29 11:46:30.622 15216 15216 I InputMethodManager: startInputInner - mService.startInputOrWindowGainedFocus
08-29 11:46:30.645 15216 15216 D InputTransport: Input channel constructed: fd=64
08-29 11:46:30.645 15216 15216 D InputTransport: Input channel destroyed: fd=67
08-29 11:46:30.659 15216 15216 E ViewRootImpl: sendUserActionEvent() returned.
08-29 11:46:30.661 15216 15216 W IInputConnectionWrapper: finishComposingText on inactive InputConnection
08-29 11:46:30.661 15216 15216 W IInputConnectionWrapper: performPrivateCommand on inactive InputConnection
08-29 11:46:30.661 15216 15216 W IInputConnectionWrapper: finishComposingText on inactive InputConnection
08-29 11:46:30.703 15216 15216 D ViewRootImpl@c7be092[LoginActivity]: MSG_RESIZED: frame=Rect(0, 0 - 768, 1024) ci=Rect(0, 24 - 0, 0) vi=Rect(0, 24 - 0, 0) or=1
08-29 11:46:30.724 15216 15216 D ViewRootImpl@c7be092[LoginActivity]: Relayout returned: oldFrame=[0,0][768,1024] newFrame=[0,0][768,1024] result=0x1 surface={isValid=true -1923342336} surfaceGenerationChanged=false
08-29 11:46:30.726 15216 15216 D AbsListView: in onLayout changed
08-29 11:46:30.796 15216 16003 D OkHttp : <-- 200 https://testsaig1.gienger.cz/GiengerService.svc/manifests (377ms)
08-29 11:46:30.796 15216 16011 D OkHttp : <-- 200 https://testsaig1.gienger.cz/GiengerService.svc/manifests (289ms)
08-29 11:46:30.796 15216 16003 D OkHttp : content-type: application/xml; charset=utf-8
08-29 11:46:30.796 15216 16003 D OkHttp : server: Microsoft-IIS/10.0
08-29 11:46:30.796 15216 16011 D OkHttp : content-type: application/xml; charset=utf-8
08-29 11:46:30.796 15216 16003 D OkHttp : x-powered-by: ASP.NET
08-29 11:46:30.796 15216 16011 D OkHttp : server: Microsoft-IIS/10.0
08-29 11:46:30.796 15216 16003 D OkHttp : date: Wed, 29 Aug 2018 09:46:28 GMT
08-29 11:46:30.796 15216 16011 D OkHttp : x-powered-by: ASP.NET
08-29 11:46:30.796 15216 16003 D OkHttp : content-length: 11360
08-29 11:46:30.796 15216 16011 D OkHttp : date: Wed, 29 Aug 2018 09:46:28 GMT
08-29 11:46:30.796 15216 16003 D OkHttp : <-- END HTTP
08-29 11:46:30.797 15216 16011 D OkHttp : content-length: 11360
08-29 11:46:30.797 15216 16011 D OkHttp : <-- END HTTP
08-29 11:46:30.846 15216 15221 I art : Do full code cache collection, code=101KB, data=125KB
08-29 11:46:30.847 15216 15221 I art : Starting a blocking GC JitCodeCache
08-29 11:46:30.847 15216 15221 I art : After code cache collection, code=96KB, data=102KB
08-29 11:46:30.901 15216 15216 D DOWNLOAD_MANIFESTS: success
08-29 11:46:30.919 15216 15216 D DOWNLOAD_MANIFESTS: success
08-29 11:46:30.954 15216 16012 D OkHttp : <-- 200 https://testsaig1.gienger.cz/GiengerService.svc/manifests (428ms)
08-29 11:46:30.954 15216 16012 D OkHttp : content-type: application/xml; charset=utf-8
08-29 11:46:30.954 15216 16012 D OkHttp : server: Microsoft-IIS/10.0
08-29 11:46:30.955 15216 16012 D OkHttp : x-powered-by: ASP.NET
08-29 11:46:30.955 15216 16012 D OkHttp : date: Wed, 29 Aug 2018 09:46:28 GMT
08-29 11:46:30.955 15216 16012 D OkHttp : content-length: 11360
08-29 11:46:30.955 15216 16012 D OkHttp : <-- END HTTP
08-29 11:46:31.039 15216 15216 D DOWNLOAD_MANIFESTS: success
08-29 11:46:31.239 15216 15216 V InputMethodManager: Starting input: tba=android.view.inputmethod.EditorInfo@4c91f52 nm : cz.gienger.mobile ic=null
08-29 11:46:31.240 15216 15216 I InputMethodManager: startInputInner - mService.startInputOrWindowGainedFocus
08-29 11:46:31.241 15216 15216 D InputTransport: Input channel constructed: fd=73
08-29 11:46:31.241 15216 15216 D InputTransport: Input channel destroyed: fd=64
08-29 11:46:32.004 15216 15216 D ViewRootImpl@c7be092[LoginActivity]: ViewPostImeInputStage processPointer 0
08-29 11:46:32.074 15216 15216 D ViewRootImpl@c7be092[LoginActivity]: ViewPostImeInputStage processPointer 1
08-29 11:46:32.074 15216 15216 D AbsListView: onTouchUp() mTouchMode : 0
08-29 11:46:32.824 15216 15216 D ViewRootImpl@c7be092[LoginActivity]: ViewPostImeInputStage processPointer 0
08-29 11:46:32.887 15216 15216 D ViewRootImpl@c7be092[LoginActivity]: ViewPostImeInputStage processPointer 1
08-29 11:46:32.912 15216 15216 D InputMethodManager: HSIFW - flag : 0 Pid : 15216
08-29 11:46:32.947 15216 15216 D AbsListView: in onLayout changed
08-29 11:46:33.806 15216 15216 D ViewRootImpl@c7be092[LoginActivity]: ViewPostImeInputStage processPointer 0
08-29 11:46:33.886 15216 15216 D ViewRootImpl@c7be092[LoginActivity]: ViewPostImeInputStage processPointer 1
08-29 11:46:33.887 15216 15216 D AbsListView: onTouchUp() mTouchMode : 0
08-29 11:46:34.565 15216 15216 D ViewRootImpl@c7be092[LoginActivity]: ViewPostImeInputStage processPointer 0
08-29 11:46:34.646 15216 15216 D ViewRootImpl@c7be092[LoginActivity]: ViewPostImeInputStage processPointer 1
08-29 11:46:34.666 15216 15216 D ScrollView: initGoToTop
08-29 11:46:34.671 15216 15216 D ScrollView: initGoToTop
08-29 11:46:34.682 15216 15216 D ViewRootImpl@16c0637[LoginActivity]: ThreadedRenderer.create() translucent=true
08-29 11:46:34.688 15216 15216 D InputTransport: Input channel constructed: fd=67
08-29 11:46:34.688 15216 15216 D ViewRootImpl@16c0637[LoginActivity]: setView = DecorView@a6d97a4[LoginActivity] touchMode=true
08-29 11:46:34.690 15216 16012 D MYINTERCEPTOR: /GiengerService.svc/manifestinfo
08-29 11:46:34.692 15216 16012 D OkHttp : --> POST https://testsaig1.gienger.cz/GiengerService.svc/manifestinfo http/1.1
08-29 11:46:34.692 15216 16012 D OkHttp : Content-Length: 0
08-29 11:46:34.692 15216 16012 D OkHttp : state: CZ
08-29 11:46:34.692 15216 16012 D OkHttp : id: A03_trasa_A03-02_1_ranni_30_07_2018
08-29 11:46:34.692 15216 16012 D OkHttp : token: 842c57811f4e08b6820aa903348eb802
08-29 11:46:34.692 15216 16012 D OkHttp : --> END POST
08-29 11:46:34.692 15216 15216 D ViewRootImpl@16c0637[LoginActivity]: dispatchAttachedToWindow
08-29 11:46:34.718 15216 15216 D ViewRootImpl@16c0637[LoginActivity]: Relayout returned: oldFrame=[0,0][0,0] newFrame=[108,466][660,582] result=0x27 surface={isValid=true -1923340288} surfaceGenerationChanged=true
08-29 11:46:34.718 15216 15216 D ViewRootImpl@16c0637[LoginActivity]: mHardwareRenderer.initialize() mSurface={isValid=true -1923340288} hwInitialized=true
08-29 11:46:34.724 15216 15216 D ViewRootImpl@16c0637[LoginActivity]: MSG_WINDOW_FOCUS_CHANGED 1
08-29 11:46:34.724 15216 15216 D ViewRootImpl@16c0637[LoginActivity]: mHardwareRenderer.initializeIfNeeded()#2 mSurface={isValid=true -1923340288}
08-29 11:46:34.738 15216 15216 D ViewRootImpl@16c0637[LoginActivity]: MSG_RESIZED_REPORT: frame=Rect(108, 466 - 660, 582) ci=Rect(0, 0 - 0, 0) vi=Rect(0, 0 - 0, 0) or=1
08-29 11:46:34.763 15216 15216 D ViewRootImpl@c7be092[LoginActivity]: MSG_WINDOW_FOCUS_CHANGED 0
08-29 11:46:34.834 15216 16012 D OkHttp : <-- 200 https://testsaig1.gienger.cz/GiengerService.svc/manifestinfo (142ms)
08-29 11:46:34.835 15216 16012 D OkHttp : content-type: application/xml; charset=utf-8
08-29 11:46:34.835 15216 16012 D OkHttp : server: Microsoft-IIS/10.0
08-29 11:46:34.835 15216 16012 D OkHttp : x-powered-by: ASP.NET
08-29 11:46:34.835 15216 16012 D OkHttp : date: Wed, 29 Aug 2018 09:46:32 GMT
08-29 11:46:34.835 15216 16012 D OkHttp : content-length: 183
08-29 11:46:34.835 15216 16012 D OkHttp : <-- END HTTP
08-29 11:46:34.851 15216 16017 D MYINTERCEPTOR: /GiengerService.svc/corrections
08-29 11:46:34.852 15216 16017 D OkHttp : --> GET https://testsaig1.gienger.cz/GiengerService.svc/corrections http/1.1
08-29 11:46:34.852 15216 16017 D OkHttp : token: 842c57811f4e08b6820aa903348eb802
08-29 11:46:34.852 15216 16017 D OkHttp : --> END GET
08-29 11:46:35.016 15216 16017 D OkHttp : <-- 200 https://testsaig1.gienger.cz/GiengerService.svc/corrections (163ms)
08-29 11:46:35.016 15216 16017 D OkHttp : content-type: application/xml; charset=utf-8
08-29 11:46:35.017 15216 16017 D OkHttp : server: Microsoft-IIS/10.0
08-29 11:46:35.017 15216 16017 D OkHttp : x-powered-by: ASP.NET
08-29 11:46:35.017 15216 16017 D OkHttp : date: Wed, 29 Aug 2018 09:46:32 GMT
08-29 11:46:35.017 15216 16017 D OkHttp : content-length: 1267
08-29 11:46:35.017 15216 16017 D OkHttp : <-- END HTTP
08-29 11:46:35.036 15216 16017 D MYINTERCEPTOR: /GiengerService.svc/getorder
08-29 11:46:35.037 15216 16017 D OkHttp : --> POST https://testsaig1.gienger.cz/GiengerService.svc/getorder http/1.1
08-29 11:46:35.037 15216 16017 D OkHttp : Content-Length: 0
08-29 11:46:35.037 15216 16017 D OkHttp : name: 130AT1180325847.xml
08-29 11:46:35.037 15216 16017 D OkHttp : token: 842c57811f4e08b6820aa903348eb802
08-29 11:46:35.037 15216 16017 D OkHttp : --> END POST
08-29 11:46:35.326 15216 16017 D OkHttp : <-- 200 https://testsaig1.gienger.cz/GiengerService.svc/getorder (287ms)
08-29 11:46:35.326 15216 16017 D OkHttp : content-type: application/xml; charset=utf-8
08-29 11:46:35.326 15216 16017 D OkHttp : server: Microsoft-IIS/10.0
08-29 11:46:35.326 15216 16017 D OkHttp : checksum: 3b0d08dd9380ed3dc2a336228c747e1a
08-29 11:46:35.327 15216 16017 D OkHttp : x-powered-by: ASP.NET
08-29 11:46:35.327 15216 16017 D OkHttp : date: Wed, 29 Aug 2018 09:46:32 GMT
08-29 11:46:35.327 15216 16017 D OkHttp : content-length: 169627
08-29 11:46:35.327 15216 16017 D OkHttp : <-- END HTTP
08-29 11:46:37.091 15216 16017 D MYINTERCEPTOR: /GiengerService.svc/getorder
08-29 11:46:37.092 15216 16017 D OkHttp : --> POST https://testsaig1.gienger.cz/GiengerService.svc/getorder http/1.1
08-29 11:46:37.092 15216 16017 D OkHttp : Content-Length: 0
08-29 11:46:37.092 15216 16017 D OkHttp : name: 130AT1180325848.xml
08-29 11:46:37.092 15216 16017 D OkHttp : token: 842c57811f4e08b6820aa903348eb802
08-29 11:46:37.093 15216 16017 D OkHttp : --> END POST
08-29 11:46:37.357 15216 16017 D OkHttp : <-- 200 https://testsaig1.gienger.cz/GiengerService.svc/getorder (264ms)
08-29 11:46:37.358 15216 16017 D OkHttp : content-type: application/xml; charset=utf-8
08-29 11:46:37.358 15216 16017 D OkHttp : server: Microsoft-IIS/10.0
08-29 11:46:37.358 15216 16017 D OkHttp : checksum: de941dce18157380c7635fe971b8cb33
08-29 11:46:37.358 15216 16017 D OkHttp : x-powered-by: ASP.NET
08-29 11:46:37.358 15216 16017 D OkHttp : date: Wed, 29 Aug 2018 09:46:34 GMT
08-29 11:46:37.358 15216 16017 D OkHttp : content-length: 184257
08-29 11:46:37.358 15216 16017 D OkHttp : <-- END HTTP
08-29 11:46:37.872 15216 16017 D MYINTERCEPTOR: /GiengerService.svc/getorder
08-29 11:46:37.874 15216 16017 D OkHttp : --> POST https://testsaig1.gienger.cz/GiengerService.svc/getorder http/1.1
08-29 11:46:37.874 15216 16017 D OkHttp : Content-Length: 0
08-29 11:46:37.874 15216 16017 D OkHttp : name: 130AT1180324980.xml
08-29 11:46:37.874 15216 16017 D OkHttp : token: 842c57811f4e08b6820aa903348eb802
08-29 11:46:37.874 15216 16017 D OkHttp : --> END POST
08-29 11:46:38.057 15216 16017 D OkHttp : <-- 200 https://testsaig1.gienger.cz/GiengerService.svc/getorder (182ms)
08-29 11:46:38.057 15216 16017 D OkHttp : content-type: application/xml; charset=utf-8
08-29 11:46:38.057 15216 16017 D OkHttp : server: Microsoft-IIS/10.0
08-29 11:46:38.057 15216 16017 D OkHttp : checksum: 05407bd1f387b72cf348fe67d21b7d31
08-29 11:46:38.057 15216 16017 D OkHttp : x-powered-by: ASP.NET
08-29 11:46:38.057 15216 16017 D OkHttp : date: Wed, 29 Aug 2018 09:46:34 GMT
08-29 11:46:38.058 15216 16017 D OkHttp : content-length: 165500
08-29 11:46:38.058 15216 16017 D OkHttp : <-- END HTTP
08-29 11:46:39.215 15216 15216 D ViewRootImpl@16c0637[LoginActivity]: mHardwareRenderer.destroy()#4
08-29 11:46:39.215 15216 15216 D ViewRootImpl@16c0637[LoginActivity]: dispatchDetachedFromWindow
08-29 11:46:39.230 15216 15216 D InputTransport: Input channel destroyed: fd=67
08-29 11:46:39.231 15216 15216 D ViewRootImpl@c7be092[LoginActivity]: MSG_WINDOW_FOCUS_CHANGED 1
08-29 11:46:39.231 15216 15216 D ViewRootImpl@c7be092[LoginActivity]: mHardwareRenderer.initializeIfNeeded()#2 mSurface={isValid=true -1923342336}
08-29 11:46:39.234 15216 15216 V InputMethodManager: Starting input: tba=android.view.inputmethod.EditorInfo@43831d4 nm : cz.gienger.mobile ic=null
08-29 11:46:39.234 15216 15216 I InputMethodManager: startInputInner - mService.startInputOrWindowGainedFocus
08-29 11:46:39.235 15216 15216 D InputTransport: Input channel constructed: fd=67
08-29 11:46:39.236 15216 15216 D InputTransport: Input channel destroyed: fd=73
08-29 11:46:39.236 15216 15216 E ViewRootImpl: sendUserActionEvent() returned.
08-29 11:46:39.263 15216 15216 D AbsListView: in onLayout changed
08-29 11:46:39.377 15216 15216 D AbsListView: in onLayout changed
08-29 11:46:40.652 15216 15216 D ViewRootImpl@c7be092[LoginActivity]: ViewPostImeInputStage processPointer 0
08-29 11:46:40.735 15216 15216 D ViewRootImpl@c7be092[LoginActivity]: ViewPostImeInputStage processPointer 1
08-29 11:46:40.765 15216 15216 D ScrollView: initGoToTop
08-29 11:46:40.771 15216 15216 D ScrollView: initGoToTop
08-29 11:46:40.778 15216 15216 D ViewRootImpl@4c52f82[LoginActivity]: ThreadedRenderer.create() translucent=true
08-29 11:46:40.784 15216 15216 D InputTransport: Input channel constructed: fd=73
08-29 11:46:40.784 15216 15216 D ViewRootImpl@4c52f82[LoginActivity]: setView = DecorView@cfb0693[LoginActivity] touchMode=true
08-29 11:46:40.785 15216 15216 D ViewRootImpl@4c52f82[LoginActivity]: dispatchAttachedToWindow
08-29 11:46:40.812 15216 15216 D ViewRootImpl@4c52f82[LoginActivity]: Relayout returned: oldFrame=[0,0][0,0] newFrame=[108,450][660,597] result=0x27 surface={isValid=true -1901172736} surfaceGenerationChanged=true
08-29 11:46:40.812 15216 15216 D ViewRootImpl@4c52f82[LoginActivity]: mHardwareRenderer.initialize() mSurface={isValid=true -1901172736} hwInitialized=true
08-29 11:46:40.816 15216 15216 D ScrollView: onsize change changed
08-29 11:46:40.816 15216 15216 D ScrollView: onsize change changed
08-29 11:46:40.829 15216 15216 D ViewRootImpl@4c52f82[LoginActivity]: MSG_WINDOW_FOCUS_CHANGED 1
08-29 11:46:40.829 15216 15216 D ViewRootImpl@4c52f82[LoginActivity]: mHardwareRenderer.initializeIfNeeded()#2 mSurface={isValid=true -1901172736}
08-29 11:46:40.845 15216 15216 D ViewRootImpl@4c52f82[LoginActivity]: MSG_RESIZED_REPORT: frame=Rect(108, 450 - 660, 597) ci=Rect(0, 0 - 0, 0) vi=Rect(0, 0 - 0, 0) or=1
08-29 11:46:40.865 15216 15216 D ViewRootImpl@c7be092[LoginActivity]: MSG_WINDOW_FOCUS_CHANGED 0
08-29 11:46:42.696 15216 15216 D ViewRootImpl@4c52f82[LoginActivity]: ViewPostImeInputStage processPointer 0
08-29 11:46:42.791 15216 15216 D ViewRootImpl@4c52f82[LoginActivity]: ViewPostImeInputStage processPointer 1
08-29 11:46:42.819 15216 15216 D ScrollView: initGoToTop
08-29 11:46:42.823 15216 15216 D ScrollView: initGoToTop
08-29 11:46:42.832 15216 15216 D ViewRootImpl@1ddd294[LoginActivity]: ThreadedRenderer.create() translucent=true
08-29 11:46:42.837 15216 15216 D InputTransport: Input channel constructed: fd=83
08-29 11:46:42.837 15216 15216 D ViewRootImpl@1ddd294[LoginActivity]: setView = DecorView@413f13d[LoginActivity] touchMode=true
08-29 11:46:42.839 15216 16012 D MYINTERCEPTOR: /GiengerService.svc/assign/A03_trasa_A03-02_1_ranni_30_07_2018
08-29 11:46:42.840 15216 16012 D OkHttp : --> POST https://testsaig1.gienger.cz/GiengerService.svc/assign/A03_trasa_A03-02_1_ranni_30_07_2018 http/1.1
08-29 11:46:42.840 15216 16012 D OkHttp : Content-Length: 0
08-29 11:46:42.840 15216 16012 D OkHttp : token: 842c57811f4e08b6820aa903348eb802
08-29 11:46:42.840 15216 16012 D OkHttp : --> END POST
08-29 11:46:42.849 15216 15216 D ViewRootImpl@4c52f82[LoginActivity]: mHardwareRenderer.destroy()#4
08-29 11:46:42.849 15216 15216 D ViewRootImpl@4c52f82[LoginActivity]: dispatchDetachedFromWindow
08-29 11:46:42.860 15216 15216 D InputTransport: Input channel destroyed: fd=73
08-29 11:46:42.863 15216 15216 D ViewRootImpl@1ddd294[LoginActivity]: dispatchAttachedToWindow
08-29 11:46:42.888 15216 15216 D ViewRootImpl@1ddd294[LoginActivity]: Relayout returned: oldFrame=[0,0][0,0] newFrame=[108,466][660,582] result=0x27 surface={isValid=true -1901172736} surfaceGenerationChanged=true
08-29 11:46:42.888 15216 15216 D ViewRootImpl@1ddd294[LoginActivity]: mHardwareRenderer.initialize() mSurface={isValid=true -1901172736} hwInitialized=true
08-29 11:46:42.892 15216 15216 D ViewRootImpl@1ddd294[LoginActivity]: MSG_WINDOW_FOCUS_CHANGED 1
08-29 11:46:42.894 15216 15216 D ViewRootImpl@1ddd294[LoginActivity]: mHardwareRenderer.initializeIfNeeded()#2 mSurface={isValid=true -1901172736}
08-29 11:46:42.908 15216 15216 D ViewRootImpl@1ddd294[LoginActivity]: MSG_RESIZED_REPORT: frame=Rect(108, 466 - 660, 582) ci=Rect(0, 0 - 0, 0) vi=Rect(0, 0 - 0, 0) or=1
08-29 11:46:42.928 15216 15216 E ViewRootImpl: sendUserActionEvent() returned.
08-29 11:46:42.974 15216 16012 D OkHttp : <-- 403 https://testsaig1.gienger.cz/GiengerService.svc/assign/A03_trasa_A03-02_1_ranni_30_07_2018 (133ms)
08-29 11:46:42.974 15216 16012 D OkHttp : content-type: application/xml; charset=utf-8
08-29 11:46:42.974 15216 16012 D OkHttp : server: Microsoft-IIS/10.0
08-29 11:46:42.974 15216 16012 D OkHttp : x-powered-by: ASP.NET
08-29 11:46:42.974 15216 16012 D OkHttp : date: Wed, 29 Aug 2018 09:46:40 GMT
08-29 11:46:42.974 15216 16012 D OkHttp : content-length: 86
08-29 11:46:42.974 15216 16012 D OkHttp : <-- END HTTP
08-29 11:46:43.009 15216 15216 D ViewRootImpl@1ddd294[LoginActivity]: mHardwareRenderer.destroy()#4
08-29 11:46:43.009 15216 15216 D ViewRootImpl@1ddd294[LoginActivity]: dispatchDetachedFromWindow
08-29 11:46:43.020 15216 15216 D InputTransport: Input channel destroyed: fd=83
08-29 11:46:43.037 15216 15216 D ScrollView: initGoToTop
08-29 11:46:43.042 15216 15216 D ScrollView: initGoToTop
08-29 11:46:43.056 15216 15216 D ViewRootImpl@6bf94eb[LoginActivity]: ThreadedRenderer.create() translucent=true
08-29 11:46:43.070 15216 15216 D InputTransport: Input channel constructed: fd=73
08-29 11:46:43.070 15216 15216 D ViewRootImpl@6bf94eb[LoginActivity]: setView = DecorView@7b43248[LoginActivity] touchMode=true
08-29 11:46:43.071 15216 15216 D ViewRootImpl@6bf94eb[LoginActivity]: dispatchAttachedToWindow
08-29 11:46:43.105 15216 15216 D ViewRootImpl@6bf94eb[LoginActivity]: Relayout returned: oldFrame=[0,0][0,0] newFrame=[94,423][674,624] result=0x27 surface={isValid=true -1697204224} surfaceGenerationChanged=true
08-29 11:46:43.105 15216 15216 D ViewRootImpl@6bf94eb[LoginActivity]: mHardwareRenderer.initialize() mSurface={isValid=true -1697204224} hwInitialized=true
08-29 11:46:43.112 15216 15216 D ScrollView: onsize change changed
08-29 11:46:43.113 15216 15216 D ScrollView: onsize change changed
08-29 11:46:43.113 15216 15216 D ViewRootImpl@c7be092[LoginActivity]: MSG_WINDOW_FOCUS_CHANGED 1
08-29 11:46:43.113 15216 15216 D ViewRootImpl@c7be092[LoginActivity]: mHardwareRenderer.initializeIfNeeded()#2 mSurface={isValid=true -1923342336}
08-29 11:46:43.115 15216 15216 E ViewRootImpl: sendUserActionEvent() returned.
08-29 11:46:43.116 15216 15216 D ViewRootImpl@6bf94eb[LoginActivity]: MSG_WINDOW_FOCUS_CHANGED 1
08-29 11:46:43.116 15216 15216 D ViewRootImpl@6bf94eb[LoginActivity]: mHardwareRenderer.initializeIfNeeded()#2 mSurface={isValid=true -1697204224}
08-29 11:46:43.126 15216 15216 D ViewRootImpl@6bf94eb[LoginActivity]: MSG_RESIZED_REPORT: frame=Rect(94, 423 - 674, 624) ci=Rect(0, 0 - 0, 0) vi=Rect(0, 0 - 0, 0) or=1
08-29 11:46:43.143 15216 15216 D ViewRootImpl@c7be092[LoginActivity]: MSG_WINDOW_FOCUS_CHANGED 0
08-29 11:46:45.904 15216 15216 D ViewRootImpl@6bf94eb[LoginActivity]: ViewPostImeInputStage processPointer 0
08-29 11:46:45.971 15216 15216 D ViewRootImpl@6bf94eb[LoginActivity]: ViewPostImeInputStage processPointer 1
08-29 11:46:45.996 15216 15216 D ViewRootImpl@6bf94eb[LoginActivity]: mHardwareRenderer.destroy()#4
08-29 11:46:45.996 15216 15216 D ViewRootImpl@6bf94eb[LoginActivity]: dispatchDetachedFromWindow
08-29 11:46:46.007 15216 15216 D InputTransport: Input channel destroyed: fd=73
08-29 11:46:46.008 15216 15216 D ViewRootImpl@c7be092[LoginActivity]: MSG_WINDOW_FOCUS_CHANGED 1
08-29 11:46:46.008 15216 15216 D ViewRootImpl@c7be092[LoginActivity]: mHardwareRenderer.initializeIfNeeded()#2 mSurface={isValid=true -1923342336}
08-29 11:46:46.010 15216 15216 E ViewRootImpl: sendUserActionEvent() returned.
08-29 11:46:53.024 15216 15216 D ViewRootImpl@c7be092[LoginActivity]: ViewPostImeInputStage processPointer 0
08-29 11:46:53.071 15216 15216 D ViewRootImpl@c7be092[LoginActivity]: ViewPostImeInputStage processPointer 1
08-29 11:46:53.102 15216 15216 D InputMethodManager: HSIFW - flag : 0 Pid : 15216
08-29 11:46:53.147 15216 15216 D AbsListView: in onLayout changed
08-29 11:46:53.222 15216 15226 I art : Background partial concurrent mark sweep GC freed 70655(3MB) AllocSpace objects, 48(8MB) LOS objects, 59% free, 8MB/20MB, paused 1.313ms total 113.388ms
08-29 11:46:54.265 15216 15216 D ViewRootImpl@c7be092[LoginActivity]: ViewPostImeInputStage processPointer 0
08-29 11:46:54.344 15216 15216 D ViewRootImpl@c7be092[LoginActivity]: ViewPostImeInputStage processPointer 1
08-29 11:46:54.362 15216 16023 D MYINTERCEPTOR: /GiengerService.svc/logout
08-29 11:46:54.363 15216 16023 D OkHttp : --> POST https://testsaig1.gienger.cz/GiengerService.svc/logout http/1.1
08-29 11:46:54.363 15216 16023 D OkHttp : Content-Type: application/xml; charset=UTF-8
08-29 11:46:54.363 15216 16023 D OkHttp : Content-Length: 268
08-29 11:46:54.363 15216 16023 D OkHttp : token: 842c57811f4e08b6820aa903348eb802
08-29 11:46:54.363 15216 16023 D OkHttp : --> END POST
08-29 11:46:54.495 15216 16023 D OkHttp : <-- 200 https://testsaig1.gienger.cz/GiengerService.svc/logout (131ms)
08-29 11:46:54.495 15216 16023 D OkHttp : server: Microsoft-IIS/10.0
08-29 11:46:54.495 15216 16023 D OkHttp : x-powered-by: ASP.NET
08-29 11:46:54.495 15216 16023 D OkHttp : date: Wed, 29 Aug 2018 09:46:52 GMT
08-29 11:46:54.495 15216 16023 D OkHttp : content-length: 0
08-29 11:46:54.495 15216 16023 D OkHttp : <-- END HTTP
08-29 11:46:54.504 15216 15216 D ScrollView: initGoToTop
08-29 11:46:54.552 15216 15216 D ScrollView: onsize change changed
08-29 11:46:55.637 15216 15216 D ViewRootImpl@c7be092[LoginActivity]: ViewPostImeInputStage processPointer 0
08-29 11:46:55.695 15216 15216 D ViewRootImpl@c7be092[LoginActivity]: ViewPostImeInputStage processPointer 1
08-29 11:46:55.707 15216 15216 V InputMethodManager: Starting input: tba=android.view.inputmethod.EditorInfo@cee65e6 nm : cz.gienger.mobile ic=com.android.internal.widget.EditableInputConnection@a71a727
08-29 11:46:55.707 15216 15216 I InputMethodManager: startInputInner - mService.startInputOrWindowGainedFocus
08-29 11:46:55.709 15216 15216 D InputTransport: Input channel constructed: fd=73
08-29 11:46:55.709 15216 15216 D InputTransport: Input channel destroyed: fd=67
08-29 11:46:55.709 15216 15216 D InputMethodManager: SSI - flag : 0 Pid : 15216 view : cz.gienger.mobile
08-29 11:46:55.990 15216 15216 D ViewRootImpl@c7be092[LoginActivity]: MSG_RESIZED: frame=Rect(0, 0 - 768, 1024) ci=Rect(0, 24 - 0, 320) vi=Rect(0, 24 - 0, 320) or=1
08-29 11:46:56.016 15216 15216 D ViewRootImpl@c7be092[LoginActivity]: Relayout returned: oldFrame=[0,0][768,1024] newFrame=[0,0][768,1024] result=0x1 surface={isValid=true -1923342336} surfaceGenerationChanged=false
08-29 11:46:56.019 15216 15216 D ScrollView: onsize change changed
08-29 11:47:06.142 15216 15216 D ViewRootImpl@c7be092[LoginActivity]: ViewPostImeInputStage processPointer 0
08-29 11:47:06.224 15216 15216 D ViewRootImpl@c7be092[LoginActivity]: ViewPostImeInputStage processPointer 1
08-29 11:47:06.237 15216 15216 V InputMethodManager: Starting input: tba=android.view.inputmethod.EditorInfo@c0a541f nm : cz.gienger.mobile ic=com.android.internal.widget.EditableInputConnection@501736c
08-29 11:47:06.237 15216 15216 I InputMethodManager: startInputInner - mService.startInputOrWindowGainedFocus
08-29 11:47:06.240 15216 15216 D InputTransport: Input channel constructed: fd=67
08-29 11:47:06.240 15216 15216 D InputTransport: Input channel destroyed: fd=73
08-29 11:47:06.240 15216 15216 D InputMethodManager: SSI - flag : 0 Pid : 15216 view : cz.gienger.mobile
08-29 11:47:06.245 15216 15216 W IInputConnectionWrapper: performPrivateCommand on inactive InputConnection
08-29 11:47:06.246 15216 15216 W IInputConnectionWrapper: finishComposingText on inactive InputConnection
08-29 11:47:13.953 15216 15216 D ViewRootImpl@c7be092[LoginActivity]: ViewPostImeInputStage processPointer 0
08-29 11:47:14.035 15216 15216 D ViewRootImpl@c7be092[LoginActivity]: ViewPostImeInputStage processPointer 1
08-29 11:47:14.068 15216 15216 D ScrollView: initGoToTop
08-29 11:47:14.072 15216 15216 D ScrollView: initGoToTop
08-29 11:47:14.081 15216 15216 D ViewRootImpl@f512159[LoginActivity]: ThreadedRenderer.create() translucent=true
08-29 11:47:14.088 15216 15216 D InputTransport: Input channel constructed: fd=73
08-29 11:47:14.088 15216 15216 D ViewRootImpl@f512159[LoginActivity]: setView = DecorView@18a811e[LoginActivity] touchMode=true
08-29 11:47:14.095 15216 16012 D MYINTERCEPTOR: /GiengerService.svc/oauth
08-29 11:47:14.095 15216 16012 D OkHttp : --> POST https://testsaig1.gienger.cz/GiengerService.svc/oauth http/1.1
08-29 11:47:14.095 15216 16012 D OkHttp : Content-Type: application/xml; charset=UTF-8
08-29 11:47:14.095 15216 16012 D OkHttp : Content-Length: 298
08-29 11:47:14.096 15216 16012 D OkHttp : --> END POST
08-29 11:47:14.096 15216 15216 D ViewRootImpl@f512159[LoginActivity]: dispatchAttachedToWindow
08-29 11:47:14.121 15216 15216 D ViewRootImpl@f512159[LoginActivity]: Relayout returned: oldFrame=[0,0][0,0] newFrame=[108,466][660,582] result=0x27 surface={isValid=true -1923340288} surfaceGenerationChanged=true
08-29 11:47:14.121 15216 15216 D ViewRootImpl@f512159[LoginActivity]: mHardwareRenderer.initialize() mSurface={isValid=true -1923340288} hwInitialized=true
08-29 11:47:14.141 15216 15216 D ViewRootImpl@f512159[LoginActivity]: MSG_WINDOW_FOCUS_CHANGED 1
08-29 11:47:14.142 15216 15216 D ViewRootImpl@f512159[LoginActivity]: mHardwareRenderer.initializeIfNeeded()#2 mSurface={isValid=true -1923340288}
08-29 11:47:14.154 15216 16012 D OkHttp : <-- 200 https://testsaig1.gienger.cz/GiengerService.svc/oauth (58ms)
08-29 11:47:14.155 15216 16012 D OkHttp : content-type: application/xml; charset=utf-8
08-29 11:47:14.155 15216 16012 D OkHttp : server: Microsoft-IIS/10.0
08-29 11:47:14.155 15216 16012 D OkHttp : x-powered-by: ASP.NET
08-29 11:47:14.155 15216 16012 D OkHttp : date: Wed, 29 Aug 2018 09:47:11 GMT
08-29 11:47:14.155 15216 16012 D OkHttp : content-length: 292
08-29 11:47:14.155 15216 16012 D OkHttp : <-- END HTTP
08-29 11:47:14.156 15216 15216 D ViewRootImpl@f512159[LoginActivity]: MSG_RESIZED_REPORT: frame=Rect(108, 466 - 660, 582) ci=Rect(0, 0 - 0, 0) vi=Rect(0, 0 - 0, 0) or=1
08-29 11:47:14.181 15216 15216 D ViewRootImpl@c7be092[LoginActivity]: MSG_WINDOW_FOCUS_CHANGED 0
08-29 11:47:14.182 15216 16012 D MYINTERCEPTOR: /GiengerService.svc/userinfo
08-29 11:47:14.182 15216 16012 D OkHttp : --> POST https://testsaig1.gienger.cz/GiengerService.svc/userinfo http/1.1
08-29 11:47:14.182 15216 16012 D OkHttp : Content-Type: application/xml; charset=UTF-8
08-29 11:47:14.182 15216 16012 D OkHttp : Content-Length: 139
08-29 11:47:14.182 15216 16012 D OkHttp : token: d5de223f19e3ed2d1d5f7f5a90244812
08-29 11:47:14.182 15216 16012 D OkHttp : --> END POST
08-29 11:47:14.214 15216 16012 D OkHttp : <-- 200 https://testsaig1.gienger.cz/GiengerService.svc/userinfo (32ms)
08-29 11:47:14.215 15216 16012 D OkHttp : content-type: application/xml; charset=utf-8
08-29 11:47:14.215 15216 16012 D OkHttp : server: Microsoft-IIS/10.0
08-29 11:47:14.215 15216 16012 D OkHttp : x-powered-by: ASP.NET
08-29 11:47:14.215 15216 16012 D OkHttp : date: Wed, 29 Aug 2018 09:47:11 GMT
08-29 11:47:14.215 15216 16012 D OkHttp : content-length: 196
08-29 11:47:14.215 15216 16012 D OkHttp : <-- END HTTP
08-29 11:47:14.255 15216 15216 D ScrollView: initGoToTop
08-29 11:47:14.261 15216 15216 D ScrollView: initGoToTop
08-29 11:47:14.288 15216 15216 D ViewRootImpl@da1a6f5[LoginActivity]: ThreadedRenderer.create() translucent=true
08-29 11:47:14.310 15216 15216 D InputTransport: Input channel constructed: fd=83
08-29 11:47:14.310 15216 15216 D ViewRootImpl@da1a6f5[LoginActivity]: setView = DecorView@530ec8a[LoginActivity] touchMode=true
08-29 11:47:14.359 15216 15216 D ViewRootImpl@f512159[LoginActivity]: mHardwareRenderer.destroy()#4
08-29 11:47:14.359 15216 15216 D ViewRootImpl@f512159[LoginActivity]: dispatchDetachedFromWindow
08-29 11:47:14.369 15216 15216 D InputTransport: Input channel destroyed: fd=73
08-29 11:47:14.388 15216 15216 D ViewRootImpl@c7be092[LoginActivity]: Relayout returned: oldFrame=[0,0][768,1024] newFrame=[0,0][768,1024] result=0x1 surface={isValid=true -1923342336} surfaceGenerationChanged=false
08-29 11:47:14.393 15216 15216 D ViewRootImpl@da1a6f5[LoginActivity]: dispatchAttachedToWindow
08-29 11:47:14.445 15216 15216 D ViewRootImpl@da1a6f5[LoginActivity]: Relayout returned: oldFrame=[0,0][0,0] newFrame=[108,423][660,624] result=0x27 surface={isValid=true -1923340288} surfaceGenerationChanged=true
08-29 11:47:14.446 15216 15216 D ViewRootImpl@da1a6f5[LoginActivity]: mHardwareRenderer.initialize() mSurface={isValid=true -1923340288} hwInitialized=true
08-29 11:47:14.452 15216 15216 D ScrollView: onsize change changed
08-29 11:47:14.452 15216 15216 D ScrollView: onsize change changed
08-29 11:47:14.453 15216 15216 D ViewRootImpl@da1a6f5[LoginActivity]: MSG_WINDOW_FOCUS_CHANGED 1
08-29 11:47:14.454 15216 15216 D ViewRootImpl@da1a6f5[LoginActivity]: mHardwareRenderer.initializeIfNeeded()#2 mSurface={isValid=true -1923340288}
08-29 11:47:14.485 15216 15216 D ViewRootImpl@da1a6f5[LoginActivity]: MSG_RESIZED_REPORT: frame=Rect(108, 423 - 660, 624) ci=Rect(0, 0 - 0, 0) vi=Rect(0, 0 - 0, 0) or=1
08-29 11:47:14.502 15216 15216 E ViewRootImpl: sendUserActionEvent() returned.
08-29 11:47:15.219 15216 15216 D ViewRootImpl@da1a6f5[LoginActivity]: ViewPostImeInputStage processPointer 0
08-29 11:47:15.298 15216 15216 D ViewRootImpl@da1a6f5[LoginActivity]: ViewPostImeInputStage processPointer 1
08-29 11:47:15.312 15216 15216 D ViewRootImpl@da1a6f5[LoginActivity]: mHardwareRenderer.destroy()#4
08-29 11:47:15.312 15216 15216 D ViewRootImpl@da1a6f5[LoginActivity]: dispatchDetachedFromWindow
08-29 11:47:15.320 15216 15216 D InputTransport: Input channel destroyed: fd=83
08-29 11:47:15.339 15216 16012 D MYINTERCEPTOR: /GiengerService.svc/manifests
08-29 11:47:15.340 15216 16012 D OkHttp : --> GET https://testsaig1.gienger.cz/GiengerService.svc/manifests http/1.1
08-29 11:47:15.341 15216 16012 D OkHttp : state: SK
08-29 11:47:15.341 15216 16012 D OkHttp : token: d5de223f19e3ed2d1d5f7f5a90244812
08-29 11:47:15.341 15216 16012 D OkHttp : --> END GET
08-29 11:47:15.346 15216 15216 D TextView: SYANI: Clipboard API is calling: clearFilter()
08-29 11:47:15.347 15216 15216 D TextView: SYANI: Clipboard API is calling: unregisterClipboardEventListener()
08-29 11:47:15.347 15216 15216 D TextView: SYANI: Clipboard API is calling: clearFilter()
08-29 11:47:15.347 15216 15216 D TextView: SYANI: Clipboard API is calling: unregisterClipboardEventListener()
08-29 11:47:15.360 15216 15216 D ViewRootImpl@c7be092[LoginActivity]: mHardwareRenderer.destroy()#4
08-29 11:47:15.360 15216 15216 D ViewRootImpl@c7be092[LoginActivity]: dispatchDetachedFromWindow
08-29 11:47:15.362 15216 15216 D InputTransport: Input channel destroyed: fd=61
08-29 11:47:15.421 15216 15216 D FILES : /data/user/0/cz.gienger.mobile/files/delivery
08-29 11:47:15.422 15216 15216 D FILES : /data/user/0/cz.gienger.mobile/files/delivery/130AT1180325847
08-29 11:47:15.422 15216 15216 D FILES : /data/user/0/cz.gienger.mobile/files/delivery/130AT1180325847/corrections
08-29 11:47:15.422 15216 15216 D FILES : /data/user/0/cz.gienger.mobile/files/delivery/130AT1180325847/130AT1180325847.pdf
08-29 11:47:15.422 15216 15216 D FILES : /data/user/0/cz.gienger.mobile/files/delivery/130AT1180325848
08-29 11:47:15.422 15216 15216 D FILES : /data/user/0/cz.gienger.mobile/files/delivery/130AT1180325848/corrections
08-29 11:47:15.422 15216 15216 D FILES : /data/user/0/cz.gienger.mobile/files/delivery/130AT1180325848/130AT1180325848.pdf
08-29 11:47:15.423 15216 15216 D FILES : /data/user/0/cz.gienger.mobile/files/delivery/130AT1180324980
08-29 11:47:15.423 15216 15216 D FILES : /data/user/0/cz.gienger.mobile/files/delivery/130AT1180324980/corrections
08-29 11:47:15.423 15216 15216 D FILES : /data/user/0/cz.gienger.mobile/files/delivery/130AT1180324980/130AT1180324980.pdf
08-29 11:47:15.443 15216 16012 D OkHttp : <-- 200 https://testsaig1.gienger.cz/GiengerService.svc/manifests (102ms)
08-29 11:47:15.444 15216 16012 D OkHttp : content-type: application/xml; charset=utf-8
08-29 11:47:15.444 15216 16012 D OkHttp : server: Microsoft-IIS/10.0
08-29 11:47:15.444 15216 16012 D OkHttp : x-powered-by: ASP.NET
08-29 11:47:15.444 15216 16012 D OkHttp : date: Wed, 29 Aug 2018 09:47:13 GMT
08-29 11:47:15.444 15216 16012 D OkHttp : content-length: 1226
08-29 11:47:15.444 15216 16012 D OkHttp : <-- END HTTP
08-29 11:47:15.449 15216 16003 D MYINTERCEPTOR: /GiengerService.svc/manifests
08-29 11:47:15.451 15216 16003 D OkHttp : --> GET https://testsaig1.gienger.cz/GiengerService.svc/manifests http/1.1
08-29 11:47:15.451 15216 16003 D OkHttp : state: SK
08-29 11:47:15.451 15216 16003 D OkHttp : token: d5de223f19e3ed2d1d5f7f5a90244812
08-29 11:47:15.451 15216 16003 D OkHttp : --> END GET
08-29 11:47:15.470 15216 16012 D MYINTERCEPTOR: /GiengerService.svc/manifests
08-29 11:47:15.472 15216 16012 D OkHttp : --> GET https://testsaig1.gienger.cz/GiengerService.svc/manifests http/1.1
08-29 11:47:15.473 15216 16012 D OkHttp : state: SK
08-29 11:47:15.473 15216 16012 D OkHttp : token: d5de223f19e3ed2d1d5f7f5a90244812
08-29 11:47:15.473 15216 16012 D OkHttp : --> END GET
08-29 11:47:15.478 15216 15216 D ViewRootImpl@4d95125[LoginActivity]: ThreadedRenderer.create() translucent=false
08-29 11:47:15.481 15216 15216 D InputTransport: Input channel constructed: fd=61
08-29 11:47:15.481 15216 15216 D ViewRootImpl@4d95125[LoginActivity]: setView = DecorView@edf02fa[LoginActivity] touchMode=true
08-29 11:47:15.484 15216 15216 D ViewRootImpl@4d95125[LoginActivity]: dispatchAttachedToWindow
08-29 11:47:15.484 15216 16003 D OkHttp : <-- 200 https://testsaig1.gienger.cz/GiengerService.svc/manifests (32ms)
08-29 11:47:15.484 15216 16003 D OkHttp : content-type: application/xml; charset=utf-8
08-29 11:47:15.485 15216 16003 D OkHttp : server: Microsoft-IIS/10.0
08-29 11:47:15.485 15216 16003 D OkHttp : x-powered-by: ASP.NET
08-29 11:47:15.485 15216 16003 D OkHttp : date: Wed, 29 Aug 2018 09:47:13 GMT
08-29 11:47:15.485 15216 16003 D OkHttp : content-length: 1226
08-29 11:47:15.485 15216 16003 D OkHttp : <-- END HTTP
08-29 11:47:15.503 15216 16012 D OkHttp : <-- 200 https://testsaig1.gienger.cz/GiengerService.svc/manifests (29ms)
08-29 11:47:15.503 15216 16012 D OkHttp : content-type: application/xml; charset=utf-8
08-29 11:47:15.503 15216 16012 D OkHttp : server: Microsoft-IIS/10.0
08-29 11:47:15.503 15216 16012 D OkHttp : x-powered-by: ASP.NET
08-29 11:47:15.503 15216 16012 D OkHttp : date: Wed, 29 Aug 2018 09:47:13 GMT
08-29 11:47:15.503 15216 16012 D OkHttp : content-length: 1226
08-29 11:47:15.503 15216 16012 D OkHttp : <-- END HTTP
08-29 11:47:15.561 15216 15216 D ViewRootImpl@4d95125[LoginActivity]: Relayout returned: oldFrame=[0,0][0,0] newFrame=[0,0][768,1024] result=0x27 surface={isValid=true -1923244032} surfaceGenerationChanged=true
08-29 11:47:15.561 15216 15216 D ViewRootImpl@4d95125[LoginActivity]: mHardwareRenderer.initialize() mSurface={isValid=true -1923244032} hwInitialized=true
08-29 11:47:15.567 15216 15216 D AbsListView: in onLayout changed
08-29 11:47:15.568 15216 15216 E ViewRootImpl: sendUserActionEvent() returned.
08-29 11:47:15.568 15216 15216 E ViewRootImpl: sendUserActionEvent() returned.
08-29 11:47:15.568 15216 15216 D DOWNLOAD_MANIFESTS: success
08-29 11:47:15.598 15216 15216 D DOWNLOAD_MANIFESTS: success
08-29 11:47:15.621 15216 15216 D ViewRootImpl@4d95125[LoginActivity]: MSG_RESIZED_REPORT: frame=Rect(0, 0 - 768, 1024) ci=Rect(0, 24 - 0, 320) vi=Rect(0, 24 - 0, 320) or=1
08-29 11:47:15.621 15216 15216 D ViewRootImpl@4d95125[LoginActivity]: MSG_WINDOW_FOCUS_CHANGED 1
08-29 11:47:15.621 15216 15216 D ViewRootImpl@4d95125[LoginActivity]: mHardwareRenderer.initializeIfNeeded()#2 mSurface={isValid=true -1923244032}
08-29 11:47:15.623 15216 15216 V InputMethodManager: Starting input: tba=android.view.inputmethod.EditorInfo@ede9c87 nm : cz.gienger.mobile ic=null
08-29 11:47:15.623 15216 15216 I InputMethodManager: startInputInner - mService.startInputOrWindowGainedFocus
08-29 11:47:15.633 15216 15216 D InputTransport: Input channel constructed: fd=64
08-29 11:47:15.633 15216 15216 D InputTransport: Input channel destroyed: fd=67
08-29 11:47:15.634 15216 15216 D DOWNLOAD_MANIFESTS: success
08-29 11:47:15.710 15216 15216 V InputMethodManager: Starting input: tba=android.view.inputmethod.EditorInfo@39dfe93 nm : cz.gienger.mobile ic=null
08-29 11:47:15.710 15216 15216 I InputMethodManager: startInputInner - mService.startInputOrWindowGainedFocus
08-29 11:47:15.712 15216 15216 D InputTransport: Input channel constructed: fd=67
08-29 11:47:15.712 15216 15216 D InputTransport: Input channel destroyed: fd=64
08-29 11:47:15.712 15216 15216 E ViewRootImpl: sendUserActionEvent() returned.
08-29 11:47:15.712 15216 15216 W IInputConnectionWrapper: finishComposingText on inactive InputConnection
08-29 11:47:15.712 15216 15216 W IInputConnectionWrapper: performPrivateCommand on inactive InputConnection
08-29 11:47:15.712 15216 15216 W IInputConnectionWrapper: finishComposingText on inactive InputConnection
08-29 11:47:15.712 15216 15216 D ViewRootImpl@4d95125[LoginActivity]: MSG_RESIZED: frame=Rect(0, 0 - 768, 1024) ci=Rect(0, 24 - 0, 0) vi=Rect(0, 24 - 0, 0) or=1
08-29 11:47:15.722 15216 15216 D ViewRootImpl@4d95125[LoginActivity]: Relayout returned: oldFrame=[0,0][768,1024] newFrame=[0,0][768,1024] result=0x1 surface={isValid=true -1923244032} surfaceGenerationChanged=false
08-29 11:47:15.724 15216 15216 D AbsListView: in onLayout changed
08-29 11:47:19.106 15216 15216 D ViewRootImpl@4d95125[LoginActivity]: ViewPostImeInputStage processPointer 0
08-29 11:47:19.174 15216 15216 D ViewRootImpl@4d95125[LoginActivity]: ViewPostImeInputStage processPointer 1
08-29 11:47:19.175 15216 15216 D AbsListView: onTouchUp() mTouchMode : 0
08-29 11:47:20.933 15216 15216 D ViewRootImpl@4d95125[LoginActivity]: ViewPostImeInputStage processPointer 0
08-29 11:47:21.003 15216 15216 D ViewRootImpl@4d95125[LoginActivity]: ViewPostImeInputStage processPointer 1
08-29 11:47:21.044 15216 15216 D InputMethodManager: HSIFW - flag : 0 Pid : 15216
08-29 11:47:21.071 15216 15216 D AbsListView: in onLayout changed
08-29 11:47:22.957 15216 15216 D ViewRootImpl@4d95125[LoginActivity]: ViewPostImeInputStage processPointer 0
08-29 11:47:23.017 15216 15216 D ViewRootImpl@4d95125[LoginActivity]: ViewPostImeInputStage processPointer 1
08-29 11:47:23.017 15216 15216 D AbsListView: onTouchUp() mTouchMode : 0
08-29 11:47:23.841 15216 15216 D ViewRootImpl@4d95125[LoginActivity]: ViewPostImeInputStage processPointer 0
08-29 11:47:23.922 15216 15216 D ViewRootImpl@4d95125[LoginActivity]: ViewPostImeInputStage processPointer 1
08-29 11:47:23.960 15216 15216 D ScrollView: initGoToTop
08-29 11:47:23.965 15216 15216 D ScrollView: initGoToTop
08-29 11:47:23.975 15216 15216 D ViewRootImpl@771f9f2[LoginActivity]: ThreadedRenderer.create() translucent=true
08-29 11:47:23.982 15216 15216 D InputTransport: Input channel constructed: fd=73
08-29 11:47:23.982 15216 15216 D ViewRootImpl@771f9f2[LoginActivity]: setView = DecorView@8db5843[LoginActivity] touchMode=true
08-29 11:47:23.984 15216 16012 D MYINTERCEPTOR: /GiengerService.svc/manifestinfo
08-29 11:47:23.985 15216 16012 D OkHttp : --> POST https://testsaig1.gienger.cz/GiengerService.svc/manifestinfo http/1.1
08-29 11:47:23.985 15216 16012 D OkHttp : Content-Length: 0
08-29 11:47:23.985 15216 16012 D OkHttp : state: SK
08-29 11:47:23.985 15216 16012 D OkHttp : id: P02_trasa_P02-01_ranni_30_07_2018
08-29 11:47:23.985 15216 16012 D OkHttp : token: d5de223f19e3ed2d1d5f7f5a90244812
08-29 11:47:23.985 15216 16012 D OkHttp : --> END POST
08-29 11:47:23.985 15216 15216 D ViewRootImpl@771f9f2[LoginActivity]: dispatchAttachedToWindow
08-29 11:47:24.009 15216 15216 D ViewRootImpl@771f9f2[LoginActivity]: Relayout returned: oldFrame=[0,0][0,0] newFrame=[108,466][660,582] result=0x27 surface={isValid=true -1904945152} surfaceGenerationChanged=true
08-29 11:47:24.009 15216 15216 D ViewRootImpl@771f9f2[LoginActivity]: mHardwareRenderer.initialize() mSurface={isValid=true -1904945152} hwInitialized=true
08-29 11:47:24.023 15216 15216 D ViewRootImpl@771f9f2[LoginActivity]: MSG_WINDOW_FOCUS_CHANGED 1
08-29 11:47:24.023 15216 15216 D ViewRootImpl@771f9f2[LoginActivity]: mHardwareRenderer.initializeIfNeeded()#2 mSurface={isValid=true -1904945152}
08-29 11:47:24.027 15216 16012 D OkHttp : <-- 200 https://testsaig1.gienger.cz/GiengerService.svc/manifestinfo (41ms)
08-29 11:47:24.027 15216 16012 D OkHttp : content-type: application/xml; charset=utf-8
08-29 11:47:24.027 15216 16012 D OkHttp : server: Microsoft-IIS/10.0
08-29 11:47:24.027 15216 16012 D OkHttp : x-powered-by: ASP.NET
08-29 11:47:24.028 15216 16012 D OkHttp : date: Wed, 29 Aug 2018 09:47:21 GMT
08-29 11:47:24.028 15216 16012 D OkHttp : content-length: 285
08-29 11:47:24.028 15216 16012 D OkHttp : <-- END HTTP
08-29 11:47:24.044 15216 15216 D ViewRootImpl@771f9f2[LoginActivity]: MSG_RESIZED_REPORT: frame=Rect(108, 466 - 660, 582) ci=Rect(0, 0 - 0, 0) vi=Rect(0, 0 - 0, 0) or=1
08-29 11:47:24.072 15216 16056 D MYINTERCEPTOR: /GiengerService.svc/corrections
08-29 11:47:24.073 15216 16056 D OkHttp : --> GET https://testsaig1.gienger.cz/GiengerService.svc/corrections http/1.1
08-29 11:47:24.073 15216 16056 D OkHttp : token: d5de223f19e3ed2d1d5f7f5a90244812
08-29 11:47:24.074 15216 16056 D OkHttp : --> END GET
08-29 11:47:24.075 15216 15216 D ViewRootImpl@4d95125[LoginActivity]: MSG_WINDOW_FOCUS_CHANGED 0
08-29 11:47:24.133 15216 16056 D OkHttp : <-- 200 https://testsaig1.gienger.cz/GiengerService.svc/corrections (58ms)
08-29 11:47:24.133 15216 16056 D OkHttp : content-type: application/xml; charset=utf-8
08-29 11:47:24.133 15216 16056 D OkHttp : server: Microsoft-IIS/10.0
08-29 11:47:24.133 15216 16056 D OkHttp : x-powered-by: ASP.NET
08-29 11:47:24.133 15216 16056 D OkHttp : date: Wed, 29 Aug 2018 09:47:21 GMT
08-29 11:47:24.133 15216 16056 D OkHttp : content-length: 1267
08-29 11:47:24.133 15216 16056 D OkHttp : <-- END HTTP
08-29 11:47:24.158 15216 16056 D MYINTERCEPTOR: /GiengerService.svc/getorder
08-29 11:47:24.160 15216 16056 D OkHttp : --> POST https://testsaig1.gienger.cz/GiengerService.svc/getorder http/1.1
08-29 11:47:24.160 15216 16056 D OkHttp : Content-Length: 0
08-29 11:47:24.160 15216 16056 D OkHttp : name: 130PT1180406252.xml
08-29 11:47:24.160 15216 16056 D OkHttp : token: d5de223f19e3ed2d1d5f7f5a90244812
08-29 11:47:24.160 15216 16056 D OkHttp : --> END POST
08-29 11:47:24.165 15216 15221 I art : Do partial code cache collection, code=108KB, data=124KB
08-29 11:47:24.168 15216 15221 I art : After code cache collection, code=107KB, data=124KB
08-29 11:47:24.168 15216 15221 I art : Increasing code cache capacity to 512KB
08-29 11:47:24.197 15216 16056 D OkHttp : <-- 200 https://testsaig1.gienger.cz/GiengerService.svc/getorder (36ms)
08-29 11:47:24.197 15216 16056 D OkHttp : content-type: application/xml; charset=utf-8
08-29 11:47:24.197 15216 16056 D OkHttp : server: Microsoft-IIS/10.0
08-29 11:47:24.197 15216 16056 D OkHttp : checksum: a0960417bfb583eedf723b4eae2e2e5f
08-29 11:47:24.197 15216 16056 D OkHttp : x-powered-by: ASP.NET
08-29 11:47:24.197 15216 16056 D OkHttp : date: Wed, 29 Aug 2018 09:47:21 GMT
08-29 11:47:24.198 15216 16056 D OkHttp : content-length: 160803
08-29 11:47:24.198 15216 16056 D OkHttp : <-- END HTTP
08-29 11:47:24.716 15216 16056 D MYINTERCEPTOR: /GiengerService.svc/getorder
08-29 11:47:24.718 15216 16056 D OkHttp : --> POST https://testsaig1.gienger.cz/GiengerService.svc/getorder http/1.1
08-29 11:47:24.719 15216 16056 D OkHttp : Content-Length: 0
08-29 11:47:24.719 15216 16056 D OkHttp : name: 130PT1180406296.xml
08-29 11:47:24.719 15216 16056 D OkHttp : token: d5de223f19e3ed2d1d5f7f5a90244812
08-29 11:47:24.719 15216 16056 D OkHttp : --> END POST
08-29 11:47:24.819 15216 16056 D OkHttp : <-- 200 https://testsaig1.gienger.cz/GiengerService.svc/getorder (99ms)
08-29 11:47:24.819 15216 16056 D OkHttp : content-type: application/xml; charset=utf-8
08-29 11:47:24.819 15216 16056 D OkHttp : server: Microsoft-IIS/10.0
08-29 11:47:24.819 15216 16056 D OkHttp : checksum: 420329a113aa8ec29efbcac61968a823
08-29 11:47:24.819 15216 16056 D OkHttp : x-powered-by: ASP.NET
08-29 11:47:24.820 15216 16056 D OkHttp : date: Wed, 29 Aug 2018 09:47:21 GMT
08-29 11:47:24.820 15216 16056 D OkHttp : content-length: 163515
