08-29 11:47:24.820 15216 16056 D OkHttp : <-- END HTTP
08-29 11:47:25.380 15216 16056 D MYINTERCEPTOR: /GiengerService.svc/getorder
08-29 11:47:25.382 15216 16056 D OkHttp : --> POST https://testsaig1.gienger.cz/GiengerService.svc/getorder http/1.1
08-29 11:47:25.382 15216 16056 D OkHttp : Content-Length: 0
08-29 11:47:25.382 15216 16056 D OkHttp : name: 130PT1180406305.xml
08-29 11:47:25.382 15216 16056 D OkHttp : token: d5de223f19e3ed2d1d5f7f5a90244812
08-29 11:47:25.382 15216 16056 D OkHttp : --> END POST
08-29 11:47:25.433 15216 16056 D OkHttp : <-- 200 https://testsaig1.gienger.cz/GiengerService.svc/getorder (49ms)
08-29 11:47:25.433 15216 16056 D OkHttp : content-type: application/xml; charset=utf-8
08-29 11:47:25.433 15216 16056 D OkHttp : server: Microsoft-IIS/10.0
08-29 11:47:25.433 15216 16056 D OkHttp : checksum: 3eae22495b046201888995921501c91e
08-29 11:47:25.433 15216 16056 D OkHttp : x-powered-by: ASP.NET
08-29 11:47:25.433 15216 16056 D OkHttp : date: Wed, 29 Aug 2018 09:47:23 GMT
08-29 11:47:25.433 15216 16056 D OkHttp : content-length: 160095
08-29 11:47:25.433 15216 16056 D OkHttp : <-- END HTTP
08-29 11:47:25.817 15216 16056 D MYINTERCEPTOR: /GiengerService.svc/getorder
08-29 11:47:25.818 15216 16056 D OkHttp : --> POST https://testsaig1.gienger.cz/GiengerService.svc/getorder http/1.1
08-29 11:47:25.819 15216 16056 D OkHttp : Content-Length: 0
08-29 11:47:25.819 15216 16056 D OkHttp : name: 130PT1180305386.xml
08-29 11:47:25.819 15216 16056 D OkHttp : token: d5de223f19e3ed2d1d5f7f5a90244812
08-29 11:47:25.819 15216 16056 D OkHttp : --> END POST
08-29 11:47:25.876 15216 16056 D OkHttp : <-- 200 https://testsaig1.gienger.cz/GiengerService.svc/getorder (57ms)
08-29 11:47:25.876 15216 16056 D OkHttp : content-type: application/xml; charset=utf-8
08-29 11:47:25.877 15216 16056 D OkHttp : server: Microsoft-IIS/10.0
08-29 11:47:25.877 15216 16056 D OkHttp : checksum: 864ee24a02f892f8a35beb431f822036
08-29 11:47:25.877 15216 16056 D OkHttp : x-powered-by: ASP.NET
08-29 11:47:25.877 15216 16056 D OkHttp : date: Wed, 29 Aug 2018 09:47:23 GMT
08-29 11:47:25.877 15216 16056 D OkHttp : content-length: 196940
08-29 11:47:25.877 15216 16056 D OkHttp : <-- END HTTP
08-29 11:47:26.313 15216 16056 D MYINTERCEPTOR: /GiengerService.svc/getorder
08-29 11:47:26.314 15216 16056 D OkHttp : --> POST https://testsaig1.gienger.cz/GiengerService.svc/getorder http/1.1
08-29 11:47:26.314 15216 16056 D OkHttp : Content-Length: 0
08-29 11:47:26.315 15216 16056 D OkHttp : name: 130PT1180210395.xml
08-29 11:47:26.315 15216 16056 D OkHttp : token: d5de223f19e3ed2d1d5f7f5a90244812
08-29 11:47:26.315 15216 16056 D OkHttp : --> END POST
08-29 11:47:26.414 15216 16056 D OkHttp : <-- 200 https://testsaig1.gienger.cz/GiengerService.svc/getorder (98ms)
08-29 11:47:26.414 15216 16056 D OkHttp : content-type: application/xml; charset=utf-8
08-29 11:47:26.415 15216 16056 D OkHttp : server: Microsoft-IIS/10.0
08-29 11:47:26.415 15216 16056 D OkHttp : checksum: 14d3f86f1957d7d4bbd7582793707a0c
08-29 11:47:26.415 15216 16056 D OkHttp : x-powered-by: ASP.NET
08-29 11:47:26.415 15216 16056 D OkHttp : date: Wed, 29 Aug 2018 09:47:23 GMT
08-29 11:47:26.415 15216 16056 D OkHttp : content-length: 174632
08-29 11:47:26.416 15216 16056 D OkHttp : <-- END HTTP
08-29 11:47:26.802 15216 16056 D MYINTERCEPTOR: /GiengerService.svc/getorder
08-29 11:47:26.804 15216 16056 D OkHttp : --> POST https://testsaig1.gienger.cz/GiengerService.svc/getorder http/1.1
08-29 11:47:26.804 15216 16056 D OkHttp : Content-Length: 0
08-29 11:47:26.804 15216 16056 D OkHttp : name: 130PT1180208735.xml
08-29 11:47:26.804 15216 16056 D OkHttp : token: d5de223f19e3ed2d1d5f7f5a90244812
08-29 11:47:26.804 15216 16056 D OkHttp : --> END POST
08-29 11:47:26.857 15216 16056 D OkHttp : <-- 200 https://testsaig1.gienger.cz/GiengerService.svc/getorder (52ms)
08-29 11:47:26.857 15216 16056 D OkHttp : content-type: application/xml; charset=utf-8
08-29 11:47:26.857 15216 16056 D OkHttp : server: Microsoft-IIS/10.0
08-29 11:47:26.857 15216 16056 D OkHttp : checksum: e295ca8adfa2c66fc9a5d53dca6a41f8
08-29 11:47:26.858 15216 16056 D OkHttp : x-powered-by: ASP.NET
08-29 11:47:26.858 15216 16056 D OkHttp : date: Wed, 29 Aug 2018 09:47:24 GMT
08-29 11:47:26.858 15216 16056 D OkHttp : content-length: 184255
08-29 11:47:26.858 15216 16056 D OkHttp : <-- END HTTP
08-29 11:47:27.653 15216 15216 D ViewRootImpl@771f9f2[LoginActivity]: mHardwareRenderer.destroy()#4
08-29 11:47:27.653 15216 15216 D ViewRootImpl@771f9f2[LoginActivity]: dispatchDetachedFromWindow
08-29 11:47:27.665 15216 15216 D InputTransport: Input channel destroyed: fd=73
08-29 11:47:27.665 15216 15216 D ViewRootImpl@4d95125[LoginActivity]: MSG_WINDOW_FOCUS_CHANGED 1
08-29 11:47:27.665 15216 15216 D ViewRootImpl@4d95125[LoginActivity]: mHardwareRenderer.initializeIfNeeded()#2 mSurface={isValid=true -1923244032}
08-29 11:47:27.667 15216 15216 V InputMethodManager: Starting input: tba=android.view.inputmethod.EditorInfo@2f2d833 nm : cz.gienger.mobile ic=null
08-29 11:47:27.667 15216 15216 I InputMethodManager: startInputInner - mService.startInputOrWindowGainedFocus
08-29 11:47:27.669 15216 15216 D InputTransport: Input channel constructed: fd=73
08-29 11:47:27.669 15216 15216 D InputTransport: Input channel destroyed: fd=67
08-29 11:47:27.669 15216 15216 E ViewRootImpl: sendUserActionEvent() returned.
08-29 11:47:27.699 15216 15216 D AbsListView: in onLayout changed
08-29 11:47:27.861 15216 15216 D AbsListView: in onLayout changed
08-29 11:47:29.345 15216 15216 D ViewRootImpl@4d95125[LoginActivity]: ViewPostImeInputStage processPointer 0
08-29 11:47:29.456 15216 15216 D ViewRootImpl@4d95125[LoginActivity]: ViewPostImeInputStage processPointer 1
08-29 11:47:29.480 15216 15216 D ScrollView: initGoToTop
08-29 11:47:29.484 15216 15216 D ScrollView: initGoToTop
08-29 11:47:29.493 15216 15216 D ViewRootImpl@cd812f1[LoginActivity]: ThreadedRenderer.create() translucent=true
08-29 11:47:29.499 15216 15216 D InputTransport: Input channel constructed: fd=67
08-29 11:47:29.499 15216 15216 D ViewRootImpl@cd812f1[LoginActivity]: setView = DecorView@52baed6[LoginActivity] touchMode=true
08-29 11:47:29.503 15216 15216 D ViewRootImpl@cd812f1[LoginActivity]: dispatchAttachedToWindow
08-29 11:47:29.539 15216 15216 D ViewRootImpl@cd812f1[LoginActivity]: Relayout returned: oldFrame=[0,0][0,0] newFrame=[108,450][660,597] result=0x27 surface={isValid=true -1913255936} surfaceGenerationChanged=true
08-29 11:47:29.540 15216 15216 D ViewRootImpl@cd812f1[LoginActivity]: mHardwareRenderer.initialize() mSurface={isValid=true -1913255936} hwInitialized=true
08-29 11:47:29.543 15216 15216 D ScrollView: onsize change changed
08-29 11:47:29.543 15216 15216 D ScrollView: onsize change changed
08-29 11:47:29.543 15216 15216 D ViewRootImpl@cd812f1[LoginActivity]: MSG_WINDOW_FOCUS_CHANGED 1
08-29 11:47:29.544 15216 15216 D ViewRootImpl@cd812f1[LoginActivity]: mHardwareRenderer.initializeIfNeeded()#2 mSurface={isValid=true -1913255936}
08-29 11:47:29.562 15216 15216 D ViewRootImpl@cd812f1[LoginActivity]: MSG_RESIZED_REPORT: frame=Rect(108, 450 - 660, 597) ci=Rect(0, 0 - 0, 0) vi=Rect(0, 0 - 0, 0) or=1
08-29 11:47:29.582 15216 15216 D ViewRootImpl@4d95125[LoginActivity]: MSG_WINDOW_FOCUS_CHANGED 0
08-29 11:47:30.757 15216 15216 D ViewRootImpl@cd812f1[LoginActivity]: ViewPostImeInputStage processPointer 0
08-29 11:47:30.824 15216 15216 D ViewRootImpl@cd812f1[LoginActivity]: ViewPostImeInputStage processPointer 1
08-29 11:47:30.856 15216 15216 D ScrollView: initGoToTop
08-29 11:47:30.860 15216 15216 D ScrollView: initGoToTop
08-29 11:47:30.868 15216 15216 D ViewRootImpl@6eb7986[LoginActivity]: ThreadedRenderer.create() translucent=true
08-29 11:47:30.874 15216 15216 D InputTransport: Input channel constructed: fd=75
08-29 11:47:30.874 15216 15216 D ViewRootImpl@6eb7986[LoginActivity]: setView = DecorView@4edc247[LoginActivity] touchMode=true
08-29 11:47:30.876 15216 16012 D MYINTERCEPTOR: /GiengerService.svc/assign/P02_trasa_P02-01_ranni_30_07_2018
08-29 11:47:30.877 15216 16012 D OkHttp : --> POST https://testsaig1.gienger.cz/GiengerService.svc/assign/P02_trasa_P02-01_ranni_30_07_2018 http/1.1
08-29 11:47:30.877 15216 16012 D OkHttp : Content-Length: 0
08-29 11:47:30.877 15216 16012 D OkHttp : token: d5de223f19e3ed2d1d5f7f5a90244812
08-29 11:47:30.877 15216 16012 D OkHttp : --> END POST
08-29 11:47:30.885 15216 15216 D ViewRootImpl@cd812f1[LoginActivity]: mHardwareRenderer.destroy()#4
08-29 11:47:30.885 15216 15216 D ViewRootImpl@cd812f1[LoginActivity]: dispatchDetachedFromWindow
08-29 11:47:30.895 15216 15216 D InputTransport: Input channel destroyed: fd=67
08-29 11:47:30.897 15216 15216 D ViewRootImpl@6eb7986[LoginActivity]: dispatchAttachedToWindow
08-29 11:47:30.927 15216 15216 D ViewRootImpl@6eb7986[LoginActivity]: Relayout returned: oldFrame=[0,0][0,0] newFrame=[108,466][660,582] result=0x27 surface={isValid=true -1913255936} surfaceGenerationChanged=true
08-29 11:47:30.929 15216 15216 D ViewRootImpl@6eb7986[LoginActivity]: mHardwareRenderer.initialize() mSurface={isValid=true -1913255936} hwInitialized=true
08-29 11:47:30.932 15216 15216 D ViewRootImpl@6eb7986[LoginActivity]: MSG_WINDOW_FOCUS_CHANGED 1
08-29 11:47:30.932 15216 15216 D ViewRootImpl@6eb7986[LoginActivity]: mHardwareRenderer.initializeIfNeeded()#2 mSurface={isValid=true -1913255936}
08-29 11:47:30.941 15216 15216 D ViewRootImpl@6eb7986[LoginActivity]: MSG_RESIZED_REPORT: frame=Rect(108, 466 - 660, 582) ci=Rect(0, 0 - 0, 0) vi=Rect(0, 0 - 0, 0) or=1
08-29 11:47:30.955 15216 15216 E ViewRootImpl: sendUserActionEvent() returned.
08-29 11:47:31.287 15216 16012 D OkHttp : <-- 200 https://testsaig1.gienger.cz/GiengerService.svc/assign/P02_trasa_P02-01_ranni_30_07_2018 (410ms)
08-29 11:47:31.288 15216 16012 D OkHttp : content-type: application/xml; charset=utf-8
08-29 11:47:31.288 15216 16012 D OkHttp : server: Microsoft-IIS/10.0
08-29 11:47:31.288 15216 16012 D OkHttp : x-powered-by: ASP.NET
08-29 11:47:31.288 15216 16012 D OkHttp : date: Wed, 29 Aug 2018 09:47:28 GMT
08-29 11:47:31.288 15216 16012 D OkHttp : content-length: 187
08-29 11:47:31.288 15216 16012 D OkHttp : <-- END HTTP
08-29 11:47:31.319 15216 15216 D ViewRootImpl@6eb7986[LoginActivity]: mHardwareRenderer.destroy()#4
08-29 11:47:31.319 15216 15216 D ViewRootImpl@6eb7986[LoginActivity]: dispatchDetachedFromWindow
08-29 11:47:31.331 15216 15216 D InputTransport: Input channel destroyed: fd=75
08-29 11:47:31.345 15216 15216 D ALARM_REUPLOAD: scheduling alarm
08-29 11:47:31.382 15216 15216 D ScrollView: initGoToTop
08-29 11:47:31.391 15216 15216 D ScrollView: initGoToTop
08-29 11:47:31.403 15216 15216 D ViewRootImpl@b470eed[LoginActivity]: ThreadedRenderer.create() translucent=true
08-29 11:47:31.409 15216 15216 D InputTransport: Input channel constructed: fd=67
08-29 11:47:31.409 15216 15216 D ViewRootImpl@b470eed[LoginActivity]: setView = DecorView@c1bc122[LoginActivity] touchMode=true
08-29 11:47:31.413 15216 15216 D ViewRootImpl@b470eed[LoginActivity]: dispatchAttachedToWindow
08-29 11:47:31.422 15216 16060 D MYINTERCEPTOR: /GiengerService.svc/metadata
08-29 11:47:31.426 15216 16060 D OkHttp : --> GET https://testsaig1.gienger.cz/GiengerService.svc/metadata http/1.1
08-29 11:47:31.427 15216 16060 D OkHttp : token: d5de223f19e3ed2d1d5f7f5a90244812
08-29 11:47:31.427 15216 16060 D OkHttp : state: SK
08-29 11:47:31.427 15216 16060 D OkHttp : --> END GET
08-29 11:47:31.443 15216 15216 D ViewRootImpl@b470eed[LoginActivity]: Relayout returned: oldFrame=[0,0][0,0] newFrame=[108,466][660,582] result=0x27 surface={isValid=true -1946413056} surfaceGenerationChanged=true
08-29 11:47:31.443 15216 15216 D ViewRootImpl@b470eed[LoginActivity]: mHardwareRenderer.initialize() mSurface={isValid=true -1946413056} hwInitialized=true
08-29 11:47:31.447 15216 15216 D ViewRootImpl@4d95125[LoginActivity]: MSG_WINDOW_FOCUS_CHANGED 1
08-29 11:47:31.448 15216 15216 D ViewRootImpl@4d95125[LoginActivity]: mHardwareRenderer.initializeIfNeeded()#2 mSurface={isValid=true -1923244032}
08-29 11:47:31.449 15216 15216 E ViewRootImpl: sendUserActionEvent() returned.
08-29 11:47:31.451 15216 15216 D ViewRootImpl@b470eed[LoginActivity]: MSG_WINDOW_FOCUS_CHANGED 1
08-29 11:47:31.451 15216 15216 D ViewRootImpl@b470eed[LoginActivity]: mHardwareRenderer.initializeIfNeeded()#2 mSurface={isValid=true -1946413056}
08-29 11:47:31.462 15216 15216 D ViewRootImpl@b470eed[LoginActivity]: MSG_RESIZED_REPORT: frame=Rect(108, 466 - 660, 582) ci=Rect(0, 0 - 0, 0) vi=Rect(0, 0 - 0, 0) or=1
08-29 11:47:31.484 15216 15216 D ViewRootImpl@4d95125[LoginActivity]: MSG_WINDOW_FOCUS_CHANGED 0
08-29 11:47:32.308 15216 16060 D OkHttp : <-- 200 https://testsaig1.gienger.cz/GiengerService.svc/metadata (881ms)
08-29 11:47:32.308 15216 16060 D OkHttp : content-type: application/xml; charset=utf-8
08-29 11:47:32.308 15216 16060 D OkHttp : server: Microsoft-IIS/10.0
08-29 11:47:32.309 15216 16060 D OkHttp : x-powered-by: ASP.NET
08-29 11:47:32.309 15216 16060 D OkHttp : date: Wed, 29 Aug 2018 09:47:29 GMT
08-29 11:47:32.309 15216 16060 D OkHttp : content-length: 424
08-29 11:47:32.309 15216 16060 D OkHttp : <-- END HTTP
08-29 11:47:32.444 15216 16060 E cz.gienger.mobile.poaz.configuration.GlobalConfiguration: java.lang.NumberFormatException: null
08-29 11:47:32.444 15216 16060 E cz.gienger.mobile.poaz.configuration.GlobalConfiguration: at java.lang.Integer.parseInt(Integer.java:483)
08-29 11:47:32.444 15216 16060 E cz.gienger.mobile.poaz.configuration.GlobalConfiguration: at java.lang.Integer.parseInt(Integer.java:556)
08-29 11:47:32.444 15216 16060 E cz.gienger.mobile.poaz.configuration.GlobalConfiguration: at cz.gienger.mobile.poaz.configuration.GlobalConfiguration.getPriceTypeEnum(GlobalConfiguration.java:140)
08-29 11:47:32.444 15216 16060 E cz.gienger.mobile.poaz.configuration.GlobalConfiguration: at cz.gienger.mobile.poaz.configuration.GlobalConfiguration.setValues(GlobalConfiguration.java:97)
08-29 11:47:32.444 15216 16060 E cz.gienger.mobile.poaz.configuration.GlobalConfiguration: at cz.gienger.mobile.poaz.configuration.GlobalConfiguration.(GlobalConfiguration.java:36)
08-29 11:47:32.444 15216 16060 E cz.gienger.mobile.poaz.configuration.GlobalConfiguration: at cz.gienger.mobile.poaz.configuration.GlobalConfiguration.get(GlobalConfiguration.java:41)
08-29 11:47:32.444 15216 16060 E cz.gienger.mobile.poaz.configuration.GlobalConfiguration: at cz.gienger.mobile.poaz.database.PoazDatabaseSync.syncLibraries(PoazDatabaseSync.java:68)
08-29 11:47:32.444 15216 16060 E cz.gienger.mobile.poaz.configuration.GlobalConfiguration: at cz.gienger.mobile.poaz.database.PoazDatabaseSync.Sync(PoazDatabaseSync.java:56)
08-29 11:47:32.444 15216 16060 E cz.gienger.mobile.poaz.configuration.GlobalConfiguration: at cz.gienger.mobile.poaz.database.PoazInitializationTask.doInBackground(PoazInitializationTask.java:74)
08-29 11:47:32.444 15216 16060 E cz.gienger.mobile.poaz.configuration.GlobalConfiguration: at cz.gienger.mobile.poaz.database.PoazInitializationTask.doInBackground(PoazInitializationTask.java:36)
08-29 11:47:32.444 15216 16060 E cz.gienger.mobile.poaz.configuration.GlobalConfiguration: at android.os.AsyncTask$2.call(AsyncTask.java:305)
08-29 11:47:32.444 15216 16060 E cz.gienger.mobile.poaz.configuration.GlobalConfiguration: at java.util.concurrent.FutureTask.run(FutureTask.java:237)
08-29 11:47:32.444 15216 16060 E cz.gienger.mobile.poaz.configuration.GlobalConfiguration: at android.os.AsyncTask$SerialExecutor$1.run(AsyncTask.java:243)
08-29 11:47:32.444 15216 16060 E cz.gienger.mobile.poaz.configuration.GlobalConfiguration: at java.util.concurrent.ThreadPoolExecutor.runWorker(ThreadPoolExecutor.java:1133)
08-29 11:47:32.444 15216 16060 E cz.gienger.mobile.poaz.configuration.GlobalConfiguration: at java.util.concurrent.ThreadPoolExecutor$Worker.run(ThreadPoolExecutor.java:607)
08-29 11:47:32.444 15216 16060 E cz.gienger.mobile.poaz.configuration.GlobalConfiguration: at java.lang.Thread.run(Thread.java:762)
08-29 11:47:32.455 15216 16060 D MYINTERCEPTOR: /GiengerService.svc/categories
08-29 11:47:32.458 15216 16060 D OkHttp : --> GET https://testsaig1.gienger.cz/GiengerService.svc/categories http/1.1
08-29 11:47:32.458 15216 16060 D OkHttp : token: d5de223f19e3ed2d1d5f7f5a90244812
08-29 11:47:32.458 15216 16060 D OkHttp : state: SK
08-29 11:47:32.458 15216 16060 D OkHttp : --> END GET
08-29 11:47:32.596 15216 16060 D OkHttp : <-- 200 https://testsaig1.gienger.cz/GiengerService.svc/categories (137ms)
08-29 11:47:32.596 15216 16060 D OkHttp : content-type: application/xml; charset=utf-8
08-29 11:47:32.596 15216 16060 D OkHttp : server: Microsoft-IIS/10.0
08-29 11:47:32.596 15216 16060 D OkHttp : x-powered-by: ASP.NET
08-29 11:47:32.597 15216 16060 D OkHttp : date: Wed, 29 Aug 2018 09:47:29 GMT
08-29 11:47:32.597 15216 16060 D OkHttp : content-length: 51834
08-29 11:47:32.597 15216 16060 D OkHttp : <-- END HTTP
08-29 11:47:32.769 15216 15226 I art : Background partial concurrent mark sweep GC freed 169937(7MB) AllocSpace objects, 50(7MB) LOS objects, 67% free, 5MB/17MB, paused 1.566ms total 133.196ms
08-29 11:47:32.890 15216 16060 D MYINTERCEPTOR: /GiengerService.svc/articles
08-29 11:47:32.891 15216 16060 D OkHttp : --> GET https://testsaig1.gienger.cz/GiengerService.svc/articles http/1.1
08-29 11:47:32.891 15216 16060 D OkHttp : token: d5de223f19e3ed2d1d5f7f5a90244812
08-29 11:47:32.891 15216 16060 D OkHttp : state: SK
08-29 11:47:32.891 15216 16060 D OkHttp : --> END GET
08-29 11:47:33.346 15216 16060 D OkHttp : <-- 200 https://testsaig1.gienger.cz/GiengerService.svc/articles (454ms)
08-29 11:47:33.346 15216 16060 D OkHttp : content-type: application/octet-stream
08-29 11:47:33.346 15216 16060 D OkHttp : server: Microsoft-IIS/10.0
08-29 11:47:33.347 15216 16060 D OkHttp : x-powered-by: ASP.NET
08-29 11:47:33.347 15216 16060 D OkHttp : date: Wed, 29 Aug 2018 09:47:30 GMT
08-29 11:47:33.347 15216 16060 D OkHttp : <-- END HTTP
08-29 11:47:33.379 15216 16060 D MYINTERCEPTOR: /GiengerService.svc/prices
08-29 11:47:33.381 15216 16060 D OkHttp : --> GET https://testsaig1.gienger.cz/GiengerService.svc/prices http/1.1
08-29 11:47:33.381 15216 16060 D OkHttp : token: d5de223f19e3ed2d1d5f7f5a90244812
08-29 11:47:33.381 15216 16060 D OkHttp : state: SK
08-29 11:47:33.381 15216 16060 D OkHttp : --> END GET
08-29 11:47:33.535 15216 16060 D OkHttp : <-- 200 https://testsaig1.gienger.cz/GiengerService.svc/prices (153ms)
08-29 11:47:33.535 15216 16060 D OkHttp : content-type: application/octet-stream
08-29 11:47:33.535 15216 16060 D OkHttp : server: Microsoft-IIS/10.0
08-29 11:47:33.535 15216 16060 D OkHttp : x-powered-by: ASP.NET
08-29 11:47:33.535 15216 16060 D OkHttp : date: Wed, 29 Aug 2018 09:47:30 GMT
08-29 11:47:33.535 15216 16060 D OkHttp : <-- END HTTP
08-29 11:47:33.745 15216 15216 D ViewRootImpl@b470eed[LoginActivity]: mHardwareRenderer.destroy()#4
08-29 11:47:33.745 15216 15216 D ViewRootImpl@b470eed[LoginActivity]: dispatchDetachedFromWindow
08-29 11:47:33.760 15216 15216 D InputTransport: Input channel destroyed: fd=67
08-29 11:47:33.791 15216 15216 D ViewRootImpl@4d95125[LoginActivity]: MSG_WINDOW_FOCUS_CHANGED 1
08-29 11:47:33.791 15216 15216 D ViewRootImpl@4d95125[LoginActivity]: mHardwareRenderer.initializeIfNeeded()#2 mSurface={isValid=true -1923244032}
08-29 11:47:33.795 15216 15216 E ViewRootImpl: sendUserActionEvent() returned.
08-29 11:47:34.078 15216 15216 D ViewRootImpl@8ea20df[MainActivity]: ThreadedRenderer.create() translucent=false
08-29 11:47:34.082 15216 15216 D InputTransport: Input channel constructed: fd=75
08-29 11:47:34.082 15216 15216 D ViewRootImpl@8ea20df[MainActivity]: setView = DecorView@d2e212c[MainActivity] touchMode=true
08-29 11:47:34.091 15216 15216 D ViewRootImpl@8ea20df[MainActivity]: dispatchAttachedToWindow
08-29 11:47:34.182 15216 15216 D ViewRootImpl@8ea20df[MainActivity]: Relayout returned: oldFrame=[0,0][0,0] newFrame=[0,0][768,1024] result=0x27 surface={isValid=true -1946413056} surfaceGenerationChanged=true
08-29 11:47:34.182 15216 15216 D ViewRootImpl@8ea20df[MainActivity]: mHardwareRenderer.initialize() mSurface={isValid=true -1946413056} hwInitialized=true
08-29 11:47:34.259 15216 15216 D AbsListView: in onLayout changed
08-29 11:47:34.321 15216 15216 D ViewRootImpl@8ea20df[MainActivity]: MSG_RESIZED_REPORT: frame=Rect(0, 0 - 768, 1024) ci=Rect(0, 24 - 0, 0) vi=Rect(0, 24 - 0, 0) or=1
08-29 11:47:34.321 15216 15216 D ViewRootImpl@8ea20df[MainActivity]: MSG_WINDOW_FOCUS_CHANGED 1
08-29 11:47:34.321 15216 15216 D ViewRootImpl@8ea20df[MainActivity]: mHardwareRenderer.initializeIfNeeded()#2 mSurface={isValid=true -1946413056}
08-29 11:47:34.325 15216 15216 V InputMethodManager: Starting input: tba=android.view.inputmethod.EditorInfo@d3b8ae4 nm : cz.gienger.mobile ic=null
08-29 11:47:34.325 15216 15216 I InputMethodManager: startInputInner - mService.startInputOrWindowGainedFocus
08-29 11:47:34.361 15216 15216 D InputTransport: Input channel constructed: fd=77
08-29 11:47:34.361 15216 15216 D InputTransport: Input channel destroyed: fd=73
08-29 11:47:34.378 15216 15216 D ViewRootImpl@4d95125[LoginActivity]: MSG_WINDOW_FOCUS_CHANGED 0
08-29 11:47:34.401 15216 15216 D ViewRootImpl@4d95125[LoginActivity]: mHardwareRenderer.destroy()#1
08-29 11:47:34.416 15216 15216 D ViewRootImpl@4d95125[LoginActivity]: Relayout returned: oldFrame=[0,0][768,1024] newFrame=[0,0][768,1024] result=0x5 surface={isValid=false 0} surfaceGenerationChanged=true
08-29 11:47:34.793 15216 15216 D ViewRootImpl@4d95125[LoginActivity]: mHardwareRenderer.destroy()#4
08-29 11:47:34.793 15216 15216 D ViewRootImpl@4d95125[LoginActivity]: dispatchDetachedFromWindow
08-29 11:47:34.803 15216 15216 D InputTransport: Input channel destroyed: fd=61
08-29 11:47:35.513 15216 15216 D ViewRootImpl@8ea20df[MainActivity]: ViewPostImeInputStage processPointer 0
08-29 11:47:35.593 15216 15216 D AbsListView: reportScrollStateChange() newState : 1
08-29 11:47:35.789 15216 15216 D ViewRootImpl@8ea20df[MainActivity]: ViewPostImeInputStage processPointer 1
08-29 11:47:35.789 15216 15216 D AbsListView: onTouchUp() mTouchMode : 3
08-29 11:47:35.789 15216 15216 D AbsListView: onTouchUp() TOUCH_MODE_SCROLL initialVelocity : -1285
08-29 11:47:35.790 15216 15216 D AbsListView: reportScrollStateChange() newState : 2
08-29 11:47:36.299 15216 15216 D ViewRootImpl@8ea20df[MainActivity]: ViewPostImeInputStage processPointer 0
08-29 11:47:36.340 15216 15216 D AbsListView: reportScrollStateChange() newState : 0
08-29 11:47:36.341 15216 15216 D AbsListView: reportScrollStateChange() newState : 1
08-29 11:47:36.455 15216 15216 D ViewRootImpl@8ea20df[MainActivity]: ViewPostImeInputStage processPointer 1
08-29 11:47:36.456 15216 15216 D AbsListView: onTouchUp() mTouchMode : 3
08-29 11:47:36.456 15216 15216 D AbsListView: onTouchUp() TOUCH_MODE_SCROLL initialVelocity : 4936
08-29 11:47:36.456 15216 15216 D AbsListView: reportScrollStateChange() newState : 2
08-29 11:47:36.661 15216 15216 D AbsListView: reportScrollStateChange() newState : 0
08-29 11:47:37.476 15216 15216 D ViewRootImpl@8ea20df[MainActivity]: ViewPostImeInputStage processPointer 0
08-29 11:47:37.497 15216 15216 D AbsListView: reportScrollStateChange() newState : 1
08-29 11:47:38.274 15216 15216 D ViewRootImpl@8ea20df[MainActivity]: ViewPostImeInputStage processPointer 1
08-29 11:47:38.274 15216 15216 D AbsListView: onTouchUp() mTouchMode : 3
08-29 11:47:38.274 15216 15216 D AbsListView: onTouchUp() TOUCH_MODE_SCROLL initialVelocity : 137
08-29 11:47:38.274 15216 15216 D AbsListView: reportScrollStateChange() newState : 2
08-29 11:47:38.433 15216 15216 D AbsListView: reportScrollStateChange() newState : 0
08-29 11:47:40.087 15216 15216 D ViewRootImpl@8ea20df[MainActivity]: ViewPostImeInputStage processPointer 0
08-29 11:47:40.150 15216 15216 D AbsListView: reportScrollStateChange() newState : 1
08-29 11:47:40.255 15216 15216 D ViewRootImpl@8ea20df[MainActivity]: ViewPostImeInputStage processPointer 1
08-29 11:47:40.255 15216 15216 D AbsListView: onTouchUp() mTouchMode : 3
08-29 11:47:40.256 15216 15216 D AbsListView: onTouchUp() TOUCH_MODE_SCROLL initialVelocity : 0
08-29 11:47:40.256 15216 15216 D AbsListView: reportScrollStateChange() newState : 0
08-29 11:47:44.730 15216 15216 D ViewRootImpl@8ea20df[MainActivity]: ViewPostImeInputStage processPointer 0
08-29 11:47:44.763 15216 15216 D AbsListView: reportScrollStateChange() newState : 1
08-29 11:47:45.150 15216 15216 D ViewRootImpl@8ea20df[MainActivity]: ViewPostImeInputStage processPointer 1
08-29 11:47:45.151 15216 15216 D AbsListView: onTouchUp() mTouchMode : 3
08-29 11:47:45.151 15216 15216 D AbsListView: onTouchUp() TOUCH_MODE_SCROLL initialVelocity : 0
08-29 11:47:45.151 15216 15216 D AbsListView: reportScrollStateChange() newState : 0
08-29 11:47:45.771 15216 15216 D ViewRootImpl@8ea20df[MainActivity]: ViewPostImeInputStage processPointer 0
08-29 11:47:45.816 15216 15216 D AbsListView: reportScrollStateChange() newState : 1
08-29 11:47:46.168 15216 15216 D ViewRootImpl@8ea20df[MainActivity]: ViewPostImeInputStage processPointer 1
08-29 11:47:46.168 15216 15216 D AbsListView: onTouchUp() mTouchMode : 3
08-29 11:47:46.168 15216 15216 D AbsListView: onTouchUp() TOUCH_MODE_SCROLL initialVelocity : -440
08-29 11:47:46.168 15216 15216 D AbsListView: reportScrollStateChange() newState : 2
08-29 11:47:46.502 15216 15216 D AbsListView: reportScrollStateChange() newState : 0
08-29 11:47:46.674 15216 15216 D ViewRootImpl@8ea20df[MainActivity]: ViewPostImeInputStage processPointer 0
08-29 11:47:46.717 15216 15216 D AbsListView: reportScrollStateChange() newState : 1
08-29 11:47:46.796 15216 15216 D ViewRootImpl@8ea20df[MainActivity]: ViewPostImeInputStage processPointer 1
08-29 11:47:46.796 15216 15216 D AbsListView: onTouchUp() mTouchMode : 3
08-29 11:47:46.796 15216 15216 D AbsListView: onTouchUp() TOUCH_MODE_SCROLL initialVelocity : -4570
08-29 11:47:46.796 15216 15216 D AbsListView: reportScrollStateChange() newState : 2
08-29 11:47:46.950 15216 15216 D AbsListView: reportScrollStateChange() newState : 0
08-29 11:48:19.570 15216 15216 D ViewRootImpl@8ea20df[MainActivity]: ViewPostImeInputStage processPointer 0
08-29 11:48:19.607 15216 15216 D AbsListView: reportScrollStateChange() newState : 1
08-29 11:48:19.761 15216 15216 D ViewRootImpl@8ea20df[MainActivity]: ViewPostImeInputStage processPointer 1
08-29 11:48:19.761 15216 15216 D AbsListView: onTouchUp() mTouchMode : 3
08-29 11:48:19.761 15216 15216 D AbsListView: onTouchUp() TOUCH_MODE_SCROLL initialVelocity : 0
08-29 11:48:19.761 15216 15216 D AbsListView: reportScrollStateChange() newState : 0
08-29 11:48:20.353 15216 15216 D ViewRootImpl@8ea20df[MainActivity]: ViewPostImeInputStage processPointer 0
08-29 11:48:20.395 15216 15216 D AbsListView: reportScrollStateChange() newState : 1
08-29 11:48:20.502 15216 15216 D ViewRootImpl@8ea20df[MainActivity]: ViewPostImeInputStage processPointer 1
08-29 11:48:20.502 15216 15216 D AbsListView: onTouchUp() mTouchMode : 3
08-29 11:48:20.502 15216 15216 D AbsListView: onTouchUp() TOUCH_MODE_SCROLL initialVelocity : 3829
08-29 11:48:20.502 15216 15216 D AbsListView: reportScrollStateChange() newState : 2
08-29 11:48:20.761 15216 15216 D AbsListView: reportScrollStateChange() newState : 0
08-29 11:48:21.758 15216 15216 D ViewRootImpl@8ea20df[MainActivity]: ViewPostImeInputStage processKey 0
08-29 11:48:21.823 15216 15216 D MediaSessionHelper: dispatched volume adjustment
08-29 11:48:21.825 15216 15216 D ViewRootImpl@8ea20df[MainActivity]: ViewPostImeInputStage processKey 1
08-29 11:48:21.848 15216 15216 D MediaSessionHelper: dispatched volume adjustment
08-29 11:48:24.797 15216 15216 D ViewRootImpl@8ea20df[MainActivity]: ViewPostImeInputStage processPointer 0
08-29 11:48:24.853 15216 15216 D ViewRootImpl@8ea20df[MainActivity]: ViewPostImeInputStage processPointer 1
08-29 11:48:24.862 15216 15216 D item_click: viewId = 2131820758, position = 0
08-29 11:48:24.915 15216 15216 D ViewRootImpl@8ea20df[MainActivity]: MSG_WINDOW_FOCUS_CHANGED 0
08-29 11:48:25.129 15216 15216 D ViewRootImpl@d458638[BatchUploadActivity]: ThreadedRenderer.create() translucent=false
08-29 11:48:25.132 15216 15216 D InputTransport: Input channel constructed: fd=66
08-29 11:48:25.133 15216 15216 D ViewRootImpl@d458638[BatchUploadActivity]: setView = DecorView@ccf6611[BatchUploadActivity] touchMode=true
08-29 11:48:25.135 15216 15216 D LOCATION_SERVICE: LocationListener gps
08-29 11:48:25.136 15216 15216 D LOCATION_SERVICE: LocationListener network
08-29 11:48:25.137 15216 15216 D LOCATION_SERVICE: onCreate
08-29 11:48:25.137 15216 15216 D LOCATION_SERVICE: initializeLocationManager
08-29 11:48:25.152 15216 15216 D LOCATION_SERVICE: onStartCommand
08-29 11:48:25.159 15216 15216 D ViewRootImpl@d458638[BatchUploadActivity]: dispatchAttachedToWindow
08-29 11:48:25.179 15216 15216 D ViewRootImpl@d458638[BatchUploadActivity]: Relayout returned: oldFrame=[0,0][0,0] newFrame=[0,0][768,1024] result=0x7 surface={isValid=true -1923207168} surfaceGenerationChanged=true
08-29 11:48:25.180 15216 15216 D ViewRootImpl@d458638[BatchUploadActivity]: mHardwareRenderer.initialize() mSurface={isValid=true -1923207168} hwInitialized=true
08-29 11:48:25.279 15216 15216 D AbsListView: in onLayout changed
08-29 11:48:25.315 15216 15216 D ViewRootImpl@d458638[BatchUploadActivity]: MSG_RESIZED_REPORT: frame=Rect(0, 0 - 768, 1024) ci=Rect(0, 24 - 0, 0) vi=Rect(0, 24 - 0, 0) or=1
08-29 11:48:25.315 15216 15216 D ViewRootImpl@d458638[BatchUploadActivity]: MSG_WINDOW_FOCUS_CHANGED 1
08-29 11:48:25.315 15216 15216 D ViewRootImpl@d458638[BatchUploadActivity]: mHardwareRenderer.initializeIfNeeded()#2 mSurface={isValid=true -1923207168}
08-29 11:48:25.320 15216 15216 V InputMethodManager: Starting input: tba=android.view.inputmethod.EditorInfo@5c9ee2e nm : cz.gienger.mobile ic=null
08-29 11:48:25.320 15216 15216 I InputMethodManager: startInputInner - mService.startInputOrWindowGainedFocus
08-29 11:48:25.330 15216 15216 D InputTransport: Input channel constructed: fd=67
08-29 11:48:25.330 15216 15216 D InputTransport: Input channel destroyed: fd=77
08-29 11:48:25.366 15216 15233 D OpenGLRenderer: endAllActiveAnimators on 0x8ee21180 (RippleDrawable) with handle 0x8df718f0
08-29 11:48:25.367 15216 15216 D ViewRootImpl@8ea20df[MainActivity]: mHardwareRenderer.destroy()#1
08-29 11:48:25.381 15216 15216 D ViewRootImpl@8ea20df[MainActivity]: Relayout returned: oldFrame=[0,0][768,1024] newFrame=[0,0][768,1024] result=0x5 surface={isValid=false 0} surfaceGenerationChanged=true
08-29 11:48:25.797 15216 15216 D ViewRootImpl@8ea20df[MainActivity]: Relayout returned: oldFrame=[0,0][768,1024] newFrame=[0,0][768,1024] result=0x5 surface={isValid=false 0} surfaceGenerationChanged=false
08-29 11:48:25.834 15216 15216 D LOCATION_SERVICE: onLocationChanged: Location[network 49,191090,17,534523 acc=22 et=+5d3h15m51s348ms alt=0.0 vel=0.0 bear=0.0 {Bundle[mParcelledData.dataSize=80]}]
08-29 11:48:26.652 15216 15216 D ViewRootImpl@d458638[BatchUploadActivity]: ViewPostImeInputStage processPointer 0
08-29 11:48:26.699 15216 15216 D ViewRootImpl@d458638[BatchUploadActivity]: ViewPostImeInputStage processPointer 1
08-29 11:48:26.699 15216 15216 D AbsListView: onTouchUp() mTouchMode : 0
08-29 11:48:27.013 15216 15216 D ViewRootImpl@d458638[BatchUploadActivity]: ViewPostImeInputStage processPointer 0
08-29 11:48:27.062 15216 15216 D ViewRootImpl@d458638[BatchUploadActivity]: ViewPostImeInputStage processPointer 1
08-29 11:48:27.063 15216 15216 D AbsListView: onTouchUp() mTouchMode : 0
08-29 11:48:27.346 15216 15216 D ViewRootImpl@d458638[BatchUploadActivity]: ViewPostImeInputStage processPointer 0
08-29 11:48:27.408 15216 15216 D ViewRootImpl@d458638[BatchUploadActivity]: ViewPostImeInputStage processPointer 1
08-29 11:48:27.408 15216 15216 D AbsListView: onTouchUp() mTouchMode : 0
08-29 11:48:28.331 15216 15216 D ViewRootImpl@d458638[BatchUploadActivity]: ViewPostImeInputStage processPointer 0
08-29 11:48:28.393 15216 15216 D ViewRootImpl@d458638[BatchUploadActivity]: ViewPostImeInputStage processPointer 1
08-29 11:48:28.433 15216 15216 D ScrollView: initGoToTop
08-29 11:48:28.444 15216 15216 D ViewRootImpl@149ed9c[BatchUploadActivity]: ThreadedRenderer.create() translucent=true
08-29 11:48:28.449 15216 15216 D InputTransport: Input channel constructed: fd=77
08-29 11:48:28.450 15216 15216 D ViewRootImpl@149ed9c[BatchUploadActivity]: setView = DecorView@587e3a5[BatchUploadActivity] touchMode=true
08-29 11:48:28.451 15216 15216 D ViewRootImpl@149ed9c[BatchUploadActivity]: dispatchAttachedToWindow
08-29 11:48:28.486 15216 15216 D ViewRootImpl@149ed9c[BatchUploadActivity]: Relayout returned: oldFrame=[0,0][0,0] newFrame=[94,423][674,624] result=0x27 surface={isValid=true -1945896960} surfaceGenerationChanged=true
08-29 11:48:28.487 15216 15216 D ViewRootImpl@149ed9c[BatchUploadActivity]: mHardwareRenderer.initialize() mSurface={isValid=true -1945896960} hwInitialized=true
08-29 11:48:28.492 15216 15216 D ScrollView: onsize change changed
08-29 11:48:28.517 15216 15216 D ViewRootImpl@149ed9c[BatchUploadActivity]: MSG_WINDOW_FOCUS_CHANGED 1
08-29 11:48:28.518 15216 15216 D ViewRootImpl@149ed9c[BatchUploadActivity]: mHardwareRenderer.initializeIfNeeded()#2 mSurface={isValid=true -1945896960}
08-29 11:48:28.570 15216 15216 D ViewRootImpl@149ed9c[BatchUploadActivity]: MSG_RESIZED_REPORT: frame=Rect(94, 423 - 674, 624) ci=Rect(0, 0 - 0, 0) vi=Rect(0, 0 - 0, 0) or=1
08-29 11:48:28.591 15216 15216 D ViewRootImpl@d458638[BatchUploadActivity]: MSG_WINDOW_FOCUS_CHANGED 0
08-29 11:48:29.249 15216 15216 D ViewRootImpl@149ed9c[BatchUploadActivity]: ViewPostImeInputStage processPointer 0
08-29 11:48:29.331 15216 15216 D ViewRootImpl@149ed9c[BatchUploadActivity]: ViewPostImeInputStage processPointer 1
08-29 11:48:29.375 15216 15216 D ViewRootImpl@149ed9c[BatchUploadActivity]: mHardwareRenderer.destroy()#4
08-29 11:48:29.375 15216 15216 D ViewRootImpl@149ed9c[BatchUploadActivity]: dispatchDetachedFromWindow
08-29 11:48:29.386 15216 15216 D InputTransport: Input channel destroyed: fd=77
08-29 11:48:29.416 15216 15216 E ViewRootImpl: sendUserActionEvent() returned.
08-29 11:48:29.422 15216 16076 D MESSAGE_SERVICE: ACTION_BATCH_UPLOAD
08-29 11:48:29.572 15216 15216 D ViewRootImpl@8ea20df[MainActivity]: Relayout returned: oldFrame=[0,0][768,1024] newFrame=[0,0][768,1024] result=0x7 surface={isValid=true -1920894976} surfaceGenerationChanged=true
08-29 11:48:29.572 15216 15216 D ViewRootImpl@8ea20df[MainActivity]: mHardwareRenderer.initialize() mSurface={isValid=true -1920894976} hwInitialized=true
08-29 11:48:29.658 15216 15216 D AbsListView: in onLayout changed
08-29 11:48:29.691 15216 15216 D ViewRootImpl@8ea20df[MainActivity]: MSG_WINDOW_FOCUS_CHANGED 1
08-29 11:48:29.692 15216 15216 D ViewRootImpl@8ea20df[MainActivity]: mHardwareRenderer.initializeIfNeeded()#2 mSurface={isValid=true -1920894976}
08-29 11:48:29.694 15216 15216 V InputMethodManager: Starting input: tba=android.view.inputmethod.EditorInfo@c5d7287 nm : cz.gienger.mobile ic=null
08-29 11:48:29.694 15216 15216 I InputMethodManager: startInputInner - mService.startInputOrWindowGainedFocus
08-29 11:48:29.716 15216 15216 D InputTransport: Input channel constructed: fd=79
08-29 11:48:29.716 15216 15216 D InputTransport: Input channel destroyed: fd=67
08-29 11:48:29.788 15216 15216 D ViewRootImpl@d458638[BatchUploadActivity]: mHardwareRenderer.destroy()#1
08-29 11:48:29.803 15216 15216 D ViewRootImpl@d458638[BatchUploadActivity]: Relayout returned: oldFrame=[0,0][768,1024] newFrame=[0,0][768,1024] result=0x5 surface={isValid=false 0} surfaceGenerationChanged=true
08-29 11:48:30.144 15216 16076 D FILE_MANAGER: Serializing delivery /data/user/0/cz.gienger.mobile/files/finished/130PT1180406252/130PT1180406252.xml
08-29 11:48:30.144 15216 16076 D FILE_MANAGER: Null files:
08-29 11:48:31.049 15216 16076 D FILE_MANAGER: Serializing delivery /data/user/0/cz.gienger.mobile/files/finished/130PT1180406296/130PT1180406296.xml
08-29 11:48:31.049 15216 16076 D FILE_MANAGER: Null files:
08-29 11:48:31.947 15216 16076 D FILE_MANAGER: Serializing delivery /data/user/0/cz.gienger.mobile/files/finished/130PT1180406305/130PT1180406305.xml
08-29 11:48:31.947 15216 16076 D FILE_MANAGER: Null files:
08-29 11:48:32.127 15216 16076 D MYINTERCEPTOR: /GiengerService.svc/sendorder
08-29 11:48:32.128 15216 16076 D OkHttp : --> POST https://testsaig1.gienger.cz/GiengerService.svc/sendorder http/1.1
08-29 11:48:32.128 15216 16076 D OkHttp : Content-Type: text/raw
08-29 11:48:32.128 15216 16076 D OkHttp : Content-Length: 3162
08-29 11:48:32.128 15216 16076 D OkHttp : filename: 130PT1180406252.xml
08-29 11:48:32.128 15216 16076 D OkHttp : Checksum: 1fc7985e092451aea73307fa3ecc988e
08-29 11:48:32.128 15216 16076 D OkHttp : token: d5de223f19e3ed2d1d5f7f5a90244812
08-29 11:48:32.128 15216 16076 D OkHttp : --> END POST
08-29 11:48:32.657 15216 16076 D OkHttp : <-- 200 https://testsaig1.gienger.cz/GiengerService.svc/sendorder (528ms)
08-29 11:48:32.657 15216 16076 D OkHttp : content-type: application/xml; charset=utf-8
08-29 11:48:32.657 15216 16076 D OkHttp : server: Microsoft-IIS/10.0
08-29 11:48:32.657 15216 16076 D OkHttp : x-powered-by: ASP.NET
08-29 11:48:32.657 15216 16076 D OkHttp : date: Wed, 29 Aug 2018 09:48:30 GMT
08-29 11:48:32.657 15216 16076 D OkHttp : content-length: 175
08-29 11:48:32.657 15216 16076 D OkHttp : <-- END HTTP
08-29 11:48:32.672 15216 16076 D sendOrder_SUCCESS: 200
08-29 11:48:32.711 15216 16076 D MYINTERCEPTOR: /GiengerService.svc/sendorder
08-29 11:48:32.713 15216 16076 D OkHttp : --> POST https://testsaig1.gienger.cz/GiengerService.svc/sendorder http/1.1
08-29 11:48:32.713 15216 16076 D OkHttp : Content-Type: text/raw
08-29 11:48:32.713 15216 16076 D OkHttp : Content-Length: 4189
08-29 11:48:32.713 15216 16076 D OkHttp : filename: 130PT1180406296.xml
08-29 11:48:32.713 15216 16076 D OkHttp : Checksum: bbfd7c6da7ed5b7aa9ccf3060f526782
08-29 11:48:32.713 15216 16076 D OkHttp : token: d5de223f19e3ed2d1d5f7f5a90244812
08-29 11:48:32.713 15216 16076 D OkHttp : --> END POST
08-29 11:48:32.926 15216 16076 D OkHttp : <-- 200 https://testsaig1.gienger.cz/GiengerService.svc/sendorder (212ms)
08-29 11:48:32.926 15216 16076 D OkHttp : content-type: application/xml; charset=utf-8
08-29 11:48:32.926 15216 16076 D OkHttp : server: Microsoft-IIS/10.0
08-29 11:48:32.926 15216 16076 D OkHttp : x-powered-by: ASP.NET
08-29 11:48:32.927 15216 16076 D OkHttp : date: Wed, 29 Aug 2018 09:48:30 GMT
08-29 11:48:32.927 15216 16076 D OkHttp : content-length: 175
08-29 11:48:32.927 15216 16076 D OkHttp : <-- END HTTP
08-29 11:48:32.930 15216 16076 D sendOrder_SUCCESS: 200
08-29 11:48:32.969 15216 16076 D MYINTERCEPTOR: /GiengerService.svc/sendorder
08-29 11:48:32.972 15216 16076 D OkHttp : --> POST https://testsaig1.gienger.cz/GiengerService.svc/sendorder http/1.1
08-29 11:48:32.972 15216 16076 D OkHttp : Content-Type: text/raw
08-29 11:48:32.973 15216 16076 D OkHttp : Content-Length: 3143
08-29 11:48:32.973 15216 16076 D OkHttp : filename: 130PT1180406305.xml
08-29 11:48:32.973 15216 16076 D OkHttp : Checksum: 6c103aeaf10860c88290bb428654b793
08-29 11:48:32.973 15216 16076 D OkHttp : token: d5de223f19e3ed2d1d5f7f5a90244812
08-29 11:48:32.973 15216 16076 D OkHttp : --> END POST
08-29 11:48:33.115 15216 16076 D OkHttp : <-- 200 https://testsaig1.gienger.cz/GiengerService.svc/sendorder (141ms)
08-29 11:48:33.115 15216 16076 D OkHttp : content-type: application/xml; charset=utf-8
08-29 11:48:33.115 15216 16076 D OkHttp : server: Microsoft-IIS/10.0
08-29 11:48:33.115 15216 16076 D OkHttp : x-powered-by: ASP.NET
08-29 11:48:33.115 15216 16076 D OkHttp : date: Wed, 29 Aug 2018 09:48:30 GMT
08-29 11:48:33.115 15216 16076 D OkHttp : content-length: 175
08-29 11:48:33.116 15216 16076 D OkHttp : <-- END HTTP
08-29 11:48:33.122 15216 16076 D sendOrder_SUCCESS: 200
08-29 11:48:33.441 15216 15216 D AbsListView: in onLayout changed
08-29 11:48:33.501 15216 15216 D TextView: SYANI: Clipboard API is calling: clearFilter()
08-29 11:48:33.501 15216 15216 D TextView: SYANI: Clipboard API is calling: unregisterClipboardEventListener()
08-29 11:48:33.524 15216 15216 D ViewRootImpl@d458638[BatchUploadActivity]: mHardwareRenderer.destroy()#4
08-29 11:48:33.524 15216 15216 D ViewRootImpl@d458638[BatchUploadActivity]: dispatchDetachedFromWindow
08-29 11:48:33.533 15216 15216 D InputTransport: Input channel destroyed: fd=66
08-29 11:48:33.534 15216 15216 D LOCATION_SERVICE: onDestroy
08-29 11:48:34.246 15216 15216 D ViewRootImpl@8ea20df[MainActivity]: ViewPostImeInputStage processPointer 0
08-29 11:48:34.284 15216 15216 D AbsListView: reportScrollStateChange() newState : 1
08-29 11:48:34.687 15216 15216 D ViewRootImpl@8ea20df[MainActivity]: ViewPostImeInputStage processPointer 1
08-29 11:48:34.687 15216 15216 D AbsListView: onTouchUp() mTouchMode : 3
08-29 11:48:34.687 15216 15216 D AbsListView: onTouchUp() TOUCH_MODE_SCROLL initialVelocity : 9
08-29 11:48:34.688 15216 15216 D AbsListView: reportScrollStateChange() newState : 0
08-29 11:48:36.070 15216 15216 D ViewRootImpl@8ea20df[MainActivity]: ViewPostImeInputStage processPointer 0
08-29 11:48:36.110 15216 15216 D AbsListView: reportScrollStateChange() newState : 1
08-29 11:48:36.771 15216 15216 D ViewRootImpl@8ea20df[MainActivity]: ViewPostImeInputStage processPointer 1
08-29 11:48:36.771 15216 15216 D AbsListView: onTouchUp() mTouchMode : 3
08-29 11:48:36.771 15216 15216 D AbsListView: onTouchUp() TOUCH_MODE_SCROLL initialVelocity : 9
08-29 11:48:36.771 15216 15216 D AbsListView: reportScrollStateChange() newState : 0
08-29 11:48:37.475 15216 15216 D ViewRootImpl@8ea20df[MainActivity]: ViewPostImeInputStage processPointer 0
08-29 11:48:37.519 15216 15216 D ViewRootImpl@8ea20df[MainActivity]: ViewPostImeInputStage processPointer 1
08-29 11:48:37.536 15216 15216 D item_click: viewId = 2131820760, position = 3
08-29 11:48:37.541 15216 15216 E cz.gienger.mobile.poaz.configuration.GlobalConfiguration: java.lang.NumberFormatException: null
08-29 11:48:37.541 15216 15216 E cz.gienger.mobile.poaz.configuration.GlobalConfiguration: at java.lang.Integer.parseInt(Integer.java:483)
08-29 11:48:37.541 15216 15216 E cz.gienger.mobile.poaz.configuration.GlobalConfiguration: at java.lang.Integer.parseInt(Integer.java:556)
08-29 11:48:37.541 15216 15216 E cz.gienger.mobile.poaz.configuration.GlobalConfiguration: at cz.gienger.mobile.poaz.configuration.GlobalConfiguration.getPriceTypeEnum(GlobalConfiguration.java:140)
08-29 11:48:37.541 15216 15216 E cz.gienger.mobile.poaz.configuration.GlobalConfiguration: at cz.gienger.mobile.poaz.configuration.GlobalConfiguration.setValues(GlobalConfiguration.java:97)
08-29 11:48:37.541 15216 15216 E cz.gienger.mobile.poaz.configuration.GlobalConfiguration: at cz.gienger.mobile.poaz.configuration.GlobalConfiguration.(GlobalConfiguration.java:36)
08-29 11:48:37.541 15216 15216 E cz.gienger.mobile.poaz.configuration.GlobalConfiguration: at cz.gienger.mobile.poaz.configuration.GlobalConfiguration.get(GlobalConfiguration.java:41)
08-29 11:48:37.541 15216 15216 E cz.gienger.mobile.poaz.configuration.GlobalConfiguration: at cz.gienger.mobile.activity.MainActivity$BroadcastReceiver.onReceive(MainActivity.java:310)
08-29 11:48:37.541 15216 15216 E cz.gienger.mobile.poaz.configuration.GlobalConfiguration: at android.app.LoadedApk$ReceiverDispatcher$Args.run(LoadedApk.java:1185)
08-29 11:48:37.541 15216 15216 E cz.gienger.mobile.poaz.configuration.GlobalConfiguration: at android.os.Handler.handleCallback(Handler.java:751)
08-29 11:48:37.541 15216 15216 E cz.gienger.mobile.poaz.configuration.GlobalConfiguration: at android.os.Handler.dispatchMessage(Handler.java:95)
08-29 11:48:37.541 15216 15216 E cz.gienger.mobile.poaz.configuration.GlobalConfiguration: at android.os.Looper.loop(Looper.java:154)
08-29 11:48:37.541 15216 15216 E cz.gienger.mobile.poaz.configuration.GlobalConfiguration: at android.app.ActivityThread.main(ActivityThread.java:6823)
08-29 11:48:37.541 15216 15216 E cz.gienger.mobile.poaz.configuration.GlobalConfiguration: at java.lang.reflect.Method.invoke(Native Method)
08-29 11:48:37.541 15216 15216 E cz.gienger.mobile.poaz.configuration.GlobalConfiguration: at com.android.internal.os.ZygoteInit$MethodAndArgsCaller.run(ZygoteInit.java:1563)
08-29 11:48:37.541 15216 15216 E cz.gienger.mobile.poaz.configuration.GlobalConfiguration: at com.android.internal.os.ZygoteInit.main(ZygoteInit.java:1451)
08-29 11:48:37.554 15216 15216 D ScrollView: initGoToTop
08-29 11:48:37.559 15216 15216 D ScrollView: initGoToTop
08-29 11:48:37.567 15216 15216 D ViewRootImpl@364673c[MainActivity]: ThreadedRenderer.create() translucent=true
08-29 11:48:37.573 15216 15216 D InputTransport: Input channel constructed: fd=66
08-29 11:48:37.573 15216 15216 D ViewRootImpl@364673c[MainActivity]: setView = DecorView@d9c6cc5[MainActivity] touchMode=true
08-29 11:48:37.574 15216 15216 D ViewRootImpl@364673c[MainActivity]: dispatchAttachedToWindow
08-29 11:48:37.606 15216 15216 D ViewRootImpl@364673c[MainActivity]: Relayout returned: oldFrame=[0,0][0,0] newFrame=[108,450][660,597] result=0x27 surface={isValid=true -1913315328} surfaceGenerationChanged=true
08-29 11:48:37.606 15216 15216 D ViewRootImpl@364673c[MainActivity]: mHardwareRenderer.initialize() mSurface={isValid=true -1913315328} hwInitialized=true
08-29 11:48:37.609 15216 15216 D ScrollView: onsize change changed
08-29 11:48:37.609 15216 15216 D ScrollView: onsize change changed
08-29 11:48:37.624 15216 15216 D ViewRootImpl@364673c[MainActivity]: MSG_WINDOW_FOCUS_CHANGED 1
08-29 11:48:37.624 15216 15216 D ViewRootImpl@364673c[MainActivity]: mHardwareRenderer.initializeIfNeeded()#2 mSurface={isValid=true -1913315328}
08-29 11:48:37.645 15216 15216 D ViewRootImpl@364673c[MainActivity]: MSG_RESIZED_REPORT: frame=Rect(108, 450 - 660, 597) ci=Rect(0, 0 - 0, 0) vi=Rect(0, 0 - 0, 0) or=1
08-29 11:48:37.671 15216 15216 D ViewRootImpl@8ea20df[MainActivity]: MSG_WINDOW_FOCUS_CHANGED 0
08-29 11:48:41.909 15216 15216 D ViewRootImpl@364673c[MainActivity]: ViewPostImeInputStage processPointer 0
08-29 11:48:41.978 15216 15216 D ViewRootImpl@364673c[MainActivity]: ViewPostImeInputStage processPointer 1
08-29 11:48:42.011 15216 15216 D ViewRootImpl@364673c[MainActivity]: mHardwareRenderer.destroy()#4
08-29 11:48:42.011 15216 15216 D ViewRootImpl@364673c[MainActivity]: dispatchDetachedFromWindow
08-29 11:48:42.020 15216 15216 D InputTransport: Input channel destroyed: fd=66
08-29 11:48:42.020 15216 15216 D ViewRootImpl@8ea20df[MainActivity]: MSG_WINDOW_FOCUS_CHANGED 1
08-29 11:48:42.020 15216 15216 D ViewRootImpl@8ea20df[MainActivity]: mHardwareRenderer.initializeIfNeeded()#2 mSurface={isValid=true -1920894976}
08-29 11:48:42.024 15216 15216 V InputMethodManager: Starting input: tba=android.view.inputmethod.EditorInfo@11d354b nm : cz.gienger.mobile ic=null
08-29 11:48:42.024 15216 15216 I InputMethodManager: startInputInner - mService.startInputOrWindowGainedFocus
08-29 11:48:42.027 15216 15216 D InputTransport: Input channel constructed: fd=66
08-29 11:48:42.027 15216 15216 D InputTransport: Input channel destroyed: fd=79
08-29 11:48:42.027 15216 15216 E ViewRootImpl: sendUserActionEvent() returned.
08-29 11:48:43.244 15216 15216 D ViewRootImpl@8ea20df[MainActivity]: ViewPostImeInputStage processPointer 0
08-29 11:48:43.314 15216 15216 D ViewRootImpl@8ea20df[MainActivity]: ViewPostImeInputStage processPointer 1
08-29 11:48:43.332 15216 15216 D item_click: viewId = 2131820760, position = 3
08-29 11:48:43.338 15216 15216 E cz.gienger.mobile.poaz.configuration.GlobalConfiguration: java.lang.NumberFormatException: null
08-29 11:48:43.338 15216 15216 E cz.gienger.mobile.poaz.configuration.GlobalConfiguration: at java.lang.Integer.parseInt(Integer.java:483)
08-29 11:48:43.338 15216 15216 E cz.gienger.mobile.poaz.configuration.GlobalConfiguration: at java.lang.Integer.parseInt(Integer.java:556)
08-29 11:48:43.338 15216 15216 E cz.gienger.mobile.poaz.configuration.GlobalConfiguration: at cz.gienger.mobile.poaz.configuration.GlobalConfiguration.getPriceTypeEnum(GlobalConfiguration.java:140)
08-29 11:48:43.338 15216 15216 E cz.gienger.mobile.poaz.configuration.GlobalConfiguration: at cz.gienger.mobile.poaz.configuration.GlobalConfiguration.setValues(GlobalConfiguration.java:97)
08-29 11:48:43.338 15216 15216 E cz.gienger.mobile.poaz.configuration.GlobalConfiguration: at cz.gienger.mobile.poaz.configuration.GlobalConfiguration.(GlobalConfiguration.java:36)
08-29 11:48:43.338 15216 15216 E cz.gienger.mobile.poaz.configuration.GlobalConfiguration: at cz.gienger.mobile.poaz.configuration.GlobalConfiguration.get(GlobalConfiguration.java:41)
08-29 11:48:43.338 15216 15216 E cz.gienger.mobile.poaz.configuration.GlobalConfiguration: at cz.gienger.mobile.activity.MainActivity$BroadcastReceiver.onReceive(MainActivity.java:310)
08-29 11:48:43.338 15216 15216 E cz.gienger.mobile.poaz.configuration.GlobalConfiguration: at android.app.LoadedApk$ReceiverDispatcher$Args.run(LoadedApk.java:1185)
08-29 11:48:43.338 15216 15216 E cz.gienger.mobile.poaz.configuration.GlobalConfiguration: at android.os.Handler.handleCallback(Handler.java:751)
08-29 11:48:43.338 15216 15216 E cz.gienger.mobile.poaz.configuration.GlobalConfiguration: at android.os.Handler.dispatchMessage(Handler.java:95)
08-29 11:48:43.338 15216 15216 E cz.gienger.mobile.poaz.configuration.GlobalConfiguration: at android.os.Looper.loop(Looper.java:154)
08-29 11:48:43.338 15216 15216 E cz.gienger.mobile.poaz.configuration.GlobalConfiguration: at android.app.ActivityThread.main(ActivityThread.java:6823)
08-29 11:48:43.338 15216 15216 E cz.gienger.mobile.poaz.configuration.GlobalConfiguration: at java.lang.reflect.Method.invoke(Native Method)
08-29 11:48:43.338 15216 15216 E cz.gienger.mobile.poaz.configuration.GlobalConfiguration: at com.android.internal.os.ZygoteInit$MethodAndArgsCaller.run(ZygoteInit.java:1563)
