08-22 12:08:28.374 7640 7640 D ViewRootImpl@5fe26b6[MainActivity]: setView = DecorView@3c61fb7[MainActivity] touchMode=true
08-22 12:08:28.386 7640 7640 D ViewRootImpl@5fe26b6[MainActivity]: dispatchAttachedToWindow
08-22 12:08:28.461 7640 7640 D ViewRootImpl@5fe26b6[MainActivity]: Relayout returned: oldFrame=[0,0][0,0] newFrame=[0,0][768,1024] result=0x27 surface={isValid=true -1912637440} surfaceGenerationChanged=true
08-22 12:08:28.462 7640 7640 D ViewRootImpl@5fe26b6[MainActivity]: mHardwareRenderer.initialize() mSurface={isValid=true -1912637440} hwInitialized=true
08-22 12:08:28.525 7640 7640 D AbsListView: in onLayout changed
08-22 12:08:28.579 7640 7645 I art : Do full code cache collection, code=104KB, data=125KB
08-22 12:08:28.580 7640 7645 I art : Starting a blocking GC JitCodeCache
08-22 12:08:28.580 7640 7645 I art : After code cache collection, code=92KB, data=96KB
08-22 12:08:28.594 7640 7640 D ViewRootImpl@5fe26b6[MainActivity]: MSG_RESIZED_REPORT: frame=Rect(0, 0 - 768, 1024) ci=Rect(0, 24 - 0, 0) vi=Rect(0, 24 - 0, 0) or=1
08-22 12:08:28.594 7640 7640 D ViewRootImpl@5fe26b6[MainActivity]: MSG_WINDOW_FOCUS_CHANGED 1
08-22 12:08:28.594 7640 7640 D ViewRootImpl@5fe26b6[MainActivity]: mHardwareRenderer.initializeIfNeeded()#2 mSurface={isValid=true -1912637440}
08-22 12:08:28.597 7640 7640 V InputMethodManager: Starting input: tba=android.view.inputmethod.EditorInfo@68b255f nm : cz.gienger.mobile ic=null
08-22 12:08:28.597 7640 7640 I InputMethodManager: startInputInner - mService.startInputOrWindowGainedFocus
08-22 12:08:28.623 7640 7640 D InputTransport: Input channel constructed: fd=80
08-22 12:08:28.623 7640 7640 D InputTransport: Input channel destroyed: fd=67
08-22 12:08:28.631 7640 7640 D ViewRootImpl@2207db8[LoginActivity]: MSG_WINDOW_FOCUS_CHANGED 0
08-22 12:08:28.655 7640 7640 D ViewRootImpl@2207db8[LoginActivity]: mHardwareRenderer.destroy()#1
08-22 12:08:28.664 7640 7640 D ViewRootImpl@2207db8[LoginActivity]: Relayout returned: oldFrame=[0,0][768,1024] newFrame=[0,0][768,1024] result=0x5 surface={isValid=false 0} surfaceGenerationChanged=true
08-22 12:08:29.039 7640 7645 I art : Do partial code cache collection, code=93KB, data=96KB
08-22 12:08:29.041 7640 7645 I art : After code cache collection, code=93KB, data=96KB
08-22 12:08:29.041 7640 7645 I art : Increasing code cache capacity to 512KB
08-22 12:08:29.058 7640 7640 D ViewRootImpl@2207db8[LoginActivity]: mHardwareRenderer.destroy()#4
08-22 12:08:29.058 7640 7640 D ViewRootImpl@2207db8[LoginActivity]: dispatchDetachedFromWindow
08-22 12:08:29.065 7640 7640 D InputTransport: Input channel destroyed: fd=61
08-22 12:08:30.362 7640 7640 D ViewRootImpl@5fe26b6[MainActivity]: ViewPostImeInputStage processPointer 0
08-22 12:08:30.392 7640 7640 D AbsListView: reportScrollStateChange() newState : 1
08-22 12:08:30.759 7640 7640 D ViewRootImpl@5fe26b6[MainActivity]: ViewPostImeInputStage processPointer 1
08-22 12:08:30.759 7640 7640 D AbsListView: onTouchUp() mTouchMode : 3
08-22 12:08:30.760 7640 7640 D AbsListView: onTouchUp() TOUCH_MODE_SCROLL initialVelocity : -660
08-22 12:08:30.763 7640 7640 D AbsListView: reportScrollStateChange() newState : 2
08-22 12:08:30.958 7640 7640 D AbsListView: reportScrollStateChange() newState : 0
08-22 12:08:31.057 7640 7640 D ViewRootImpl@5fe26b6[MainActivity]: ViewPostImeInputStage processPointer 0
08-22 12:08:31.110 7640 7640 D AbsListView: reportScrollStateChange() newState : 1
08-22 12:08:31.206 7640 7640 D ViewRootImpl@5fe26b6[MainActivity]: ViewPostImeInputStage processPointer 1
08-22 12:08:31.206 7640 7640 D AbsListView: onTouchUp() mTouchMode : 3
08-22 12:08:31.206 7640 7640 D AbsListView: onTouchUp() TOUCH_MODE_SCROLL initialVelocity : -2710
08-22 12:08:31.206 7640 7640 D AbsListView: reportScrollStateChange() newState : 0
08-22 12:08:31.599 7640 7640 D ViewRootImpl@5fe26b6[MainActivity]: ViewPostImeInputStage processPointer 0
08-22 12:08:31.627 7640 7640 D AbsListView: reportScrollStateChange() newState : 1
08-22 12:08:31.936 7640 7640 D ViewRootImpl@5fe26b6[MainActivity]: ViewPostImeInputStage processPointer 1
08-22 12:08:31.936 7640 7640 D AbsListView: onTouchUp() mTouchMode : 3
08-22 12:08:31.936 7640 7640 D AbsListView: onTouchUp() TOUCH_MODE_SCROLL initialVelocity : 3443
08-22 12:08:31.936 7640 7640 D AbsListView: reportScrollStateChange() newState : 2
08-22 12:08:32.161 7640 7640 D AbsListView: reportScrollStateChange() newState : 0
08-22 12:09:11.604 7640 7640 V InputMethodManager: Starting input: tba=android.view.inputmethod.EditorInfo@51c0bac nm : cz.gienger.mobile ic=null
08-22 12:09:11.604 7640 7640 I InputMethodManager: startInputInner - mService.startInputOrWindowGainedFocus
08-22 12:09:11.606 7640 7640 D InputTransport: Input channel constructed: fd=64
08-22 12:09:11.606 7640 7640 D InputTransport: Input channel destroyed: fd=80
08-22 12:09:32.978 7640 7640 V InputMethodManager: Starting input: tba=android.view.inputmethod.EditorInfo@b879075 nm : cz.gienger.mobile ic=null
08-22 12:09:32.978 7640 7640 I InputMethodManager: startInputInner - mService.startInputOrWindowGainedFocus
08-22 12:09:32.980 7640 7640 D InputTransport: Input channel constructed: fd=66
08-22 12:09:32.980 7640 7640 D InputTransport: Input channel destroyed: fd=64
08-22 12:09:33.170 7640 7640 D ViewRootImpl@5fe26b6[MainActivity]: MSG_RESIZED_REPORT: frame=Rect(0, 0 - 768, 1024) ci=Rect(0, 24 - 0, 0) vi=Rect(0, 24 - 0, 0) or=1
08-22 12:09:33.220 7640 7640 D ViewRootImpl@5fe26b6[MainActivity]: Relayout returned: oldFrame=[0,0][768,1024] newFrame=[0,0][768,1024] result=0x1 surface={isValid=true -1912637440} surfaceGenerationChanged=false
08-22 12:09:33.287 7640 7640 D AbsListView: in onLayout changed
08-22 12:10:37.086 7640 7640 D AbsListView: in onLayout changed
08-22 12:10:37.105 7640 7640 D ViewRootImpl@5fe26b6[MainActivity]: MSG_RESIZED_REPORT: frame=Rect(0, 0 - 768, 1024) ci=Rect(0, 24 - 0, 0) vi=Rect(0, 24 - 0, 0) or=1
08-22 12:10:38.026 7640 7640 D ViewRootImpl@5fe26b6[MainActivity]: ViewPostImeInputStage processPointer 0
08-22 12:10:38.071 7640 7640 D AbsListView: reportScrollStateChange() newState : 1
08-22 12:10:38.138 7640 7640 D ViewRootImpl@5fe26b6[MainActivity]: ViewPostImeInputStage processKey 0
08-22 12:10:38.506 7640 7640 D ViewRootImpl@5fe26b6[MainActivity]: ViewPostImeInputStage processPointer 0
08-22 12:10:38.626 7640 7640 D ViewRootImpl@5fe26b6[MainActivity]: ViewPostImeInputStage processKey 0
08-22 12:10:38.693 7640 7640 D ViewRootImpl@5fe26b6[MainActivity]: ViewPostImeInputStage processKey 0
08-22 12:10:38.725 7640 7640 D ViewRootImpl@5fe26b6[MainActivity]: ViewPostImeInputStage processKey 0
08-22 12:10:38.753 7640 7640 D ViewRootImpl@5fe26b6[MainActivity]: ViewPostImeInputStage processPointer 1
08-22 12:10:38.754 7640 7640 D AbsListView: onTouchUp() mTouchMode : 3
08-22 12:10:38.754 7640 7640 D AbsListView: onTouchUp() TOUCH_MODE_SCROLL initialVelocity : 614
08-22 12:10:38.754 7640 7640 D AbsListView: reportScrollStateChange() newState : 0
08-22 12:10:38.772 7640 7640 D ViewRootImpl@5fe26b6[MainActivity]: ViewPostImeInputStage processKey 0
08-22 12:10:38.822 7640 7640 D ViewRootImpl@5fe26b6[MainActivity]: ViewPostImeInputStage processKey 0
08-22 12:10:38.847 7640 7640 D ViewRootImpl@5fe26b6[MainActivity]: ViewPostImeInputStage processKey 1
08-22 12:10:38.878 7640 7640 D ViewRootImpl@5fe26b6[MainActivity]: MSG_WINDOW_FOCUS_CHANGED 0
08-22 12:10:38.977 7640 7640 D InputTransport: Input channel destroyed: fd=66
08-22 12:10:39.056 7640 7640 D ViewRootImpl@5fe26b6[MainActivity]: mHardwareRenderer.destroy()#1
08-22 12:10:39.067 7640 7640 D ViewRootImpl@5fe26b6[MainActivity]: Relayout returned: oldFrame=[0,0][768,1024] newFrame=[0,0][768,1024] result=0x5 surface={isValid=false 0} surfaceGenerationChanged=true
08-22 12:10:39.315 7640 7640 D ViewRootImpl@5fe26b6[MainActivity]: mHardwareRenderer.destroy()#4
08-22 12:10:39.315 7640 7640 D ViewRootImpl@5fe26b6[MainActivity]: dispatchDetachedFromWindow
08-22 12:10:39.321 7640 7640 D InputTransport: Input channel destroyed: fd=78
08-22 12:10:40.528 7640 7640 D ViewRootImpl@5d42b73[MainActivity]: ThreadedRenderer.create() translucent=false
08-22 12:10:40.532 7640 7640 D InputTransport: Input channel constructed: fd=61
08-22 12:10:40.532 7640 7640 D ViewRootImpl@5d42b73[MainActivity]: setView = DecorView@e85ba30[MainActivity] touchMode=true
08-22 12:10:40.541 7640 7926 D MESSAGE_SERVICE: ACTION_RESEND_ORDERS
08-22 12:10:40.544 7640 7640 D ViewRootImpl@5d42b73[MainActivity]: dispatchAttachedToWindow
08-22 12:10:40.602 7640 7640 D ViewRootImpl@5d42b73[MainActivity]: Relayout returned: oldFrame=[0,0][0,0] newFrame=[0,0][768,1024] result=0x27 surface={isValid=true -1959376896} surfaceGenerationChanged=true
08-22 12:10:40.602 7640 7640 D ViewRootImpl@5d42b73[MainActivity]: mHardwareRenderer.initialize() mSurface={isValid=true -1959376896} hwInitialized=true
08-22 12:10:40.682 7640 7640 D AbsListView: in onLayout changed
08-22 12:10:40.749 7640 7640 D ViewRootImpl@5d42b73[MainActivity]: MSG_RESIZED_REPORT: frame=Rect(0, 0 - 768, 1024) ci=Rect(0, 24 - 0, 0) vi=Rect(0, 24 - 0, 0) or=1
08-22 12:10:40.749 7640 7640 D ViewRootImpl@5d42b73[MainActivity]: MSG_WINDOW_FOCUS_CHANGED 1
08-22 12:10:40.749 7640 7640 D ViewRootImpl@5d42b73[MainActivity]: mHardwareRenderer.initializeIfNeeded()#2 mSurface={isValid=true -1959376896}
08-22 12:10:40.751 7640 7640 V InputMethodManager: Starting input: tba=android.view.inputmethod.EditorInfo@ff3ddc6 nm : cz.gienger.mobile ic=null
08-22 12:10:40.751 7640 7640 I InputMethodManager: startInputInner - mService.startInputOrWindowGainedFocus
08-22 12:10:40.758 7640 7640 D InputTransport: Input channel constructed: fd=66
08-22 12:10:40.938 7640 7640 D AbsListView: in onLayout changed
08-22 12:10:41.844 7640 7640 D ViewRootImpl@5d42b73[MainActivity]: ViewPostImeInputStage processPointer 0
08-22 12:10:41.913 7640 7640 D AbsListView: reportScrollStateChange() newState : 1
08-22 12:10:42.299 7640 7640 D ViewRootImpl@5d42b73[MainActivity]: ViewPostImeInputStage processPointer 1
08-22 12:10:42.299 7640 7640 D AbsListView: onTouchUp() mTouchMode : 3
08-22 12:10:42.299 7640 7640 D AbsListView: onTouchUp() TOUCH_MODE_SCROLL initialVelocity : -84
08-22 12:10:42.299 7640 7640 D AbsListView: reportScrollStateChange() newState : 2
08-22 12:10:42.414 7640 7640 D AbsListView: reportScrollStateChange() newState : 0
08-22 12:10:42.654 7640 7640 D ViewRootImpl@5d42b73[MainActivity]: ViewPostImeInputStage processPointer 0
08-22 12:10:42.749 7640 7640 D AbsListView: reportScrollStateChange() newState : 1
08-22 12:10:42.898 7640 7640 D ViewRootImpl@5d42b73[MainActivity]: ViewPostImeInputStage processPointer 1
08-22 12:10:42.900 7640 7640 D AbsListView: onTouchUp() mTouchMode : 3
08-22 12:10:42.900 7640 7640 D AbsListView: onTouchUp() TOUCH_MODE_SCROLL initialVelocity : -42
08-22 12:10:42.900 7640 7640 D AbsListView: reportScrollStateChange() newState : 0
08-22 12:10:43.220 7640 7640 D ViewRootImpl@5d42b73[MainActivity]: ViewPostImeInputStage processPointer 0
08-22 12:10:43.301 7640 7640 D AbsListView: reportScrollStateChange() newState : 1
08-22 12:10:43.390 7640 7640 D ViewRootImpl@5d42b73[MainActivity]: ViewPostImeInputStage processPointer 1
08-22 12:10:43.390 7640 7640 D AbsListView: onTouchUp() mTouchMode : 3
08-22 12:10:43.390 7640 7640 D AbsListView: onTouchUp() TOUCH_MODE_SCROLL initialVelocity : -1092
08-22 12:10:43.390 7640 7640 D AbsListView: reportScrollStateChange() newState : 2
08-22 12:10:43.567 7640 7640 D AbsListView: reportScrollStateChange() newState : 0
08-22 12:10:43.753 7640 7640 D ViewRootImpl@5d42b73[MainActivity]: ViewPostImeInputStage processPointer 0
08-22 12:10:43.817 7640 7640 D AbsListView: reportScrollStateChange() newState : 1
08-22 12:10:43.910 7640 7640 D ViewRootImpl@5d42b73[MainActivity]: ViewPostImeInputStage processPointer 1
08-22 12:10:43.910 7640 7640 D AbsListView: onTouchUp() mTouchMode : 3
08-22 12:10:43.910 7640 7640 D AbsListView: onTouchUp() TOUCH_MODE_SCROLL initialVelocity : 0
08-22 12:10:43.910 7640 7640 D AbsListView: reportScrollStateChange() newState : 0
08-22 12:10:44.484 7640 7640 D ViewRootImpl@5d42b73[MainActivity]: ViewPostImeInputStage processPointer 0
08-22 12:10:44.503 7640 7640 D AbsListView: reportScrollStateChange() newState : 1
08-22 12:10:44.556 7640 7640 D ViewRootImpl@5d42b73[MainActivity]: ViewPostImeInputStage processPointer 1
08-22 12:10:44.557 7640 7640 D AbsListView: onTouchUp() mTouchMode : 3
08-22 12:10:44.557 7640 7640 D AbsListView: onTouchUp() TOUCH_MODE_SCROLL initialVelocity : 2346
08-22 12:10:44.557 7640 7640 D AbsListView: reportScrollStateChange() newState : 2
08-22 12:10:44.853 7640 7640 D AbsListView: reportScrollStateChange() newState : 0
08-22 12:10:44.930 7640 7640 D ViewRootImpl@5d42b73[MainActivity]: ViewPostImeInputStage processPointer 0
08-22 12:10:44.987 7640 7640 D AbsListView: reportScrollStateChange() newState : 1
08-22 12:10:45.092 7640 7640 D ViewRootImpl@5d42b73[MainActivity]: ViewPostImeInputStage processPointer 1
08-22 12:10:45.092 7640 7640 D AbsListView: onTouchUp() mTouchMode : 3
08-22 12:10:45.092 7640 7640 D AbsListView: onTouchUp() TOUCH_MODE_SCROLL initialVelocity : 0
08-22 12:10:45.092 7640 7640 D AbsListView: reportScrollStateChange() newState : 0
08-22 12:24:27.231 7640 7996 D MESSAGE_SERVICE: ACTION_RESEND_ORDERS
08-22 12:38:12.936 7640 8073 D MESSAGE_SERVICE: ACTION_RESEND_ORDERS
08-22 12:48:58.381 7640 7640 D ViewRootImpl@5d42b73[MainActivity]: MSG_RESIZED_REPORT: frame=Rect(0, 0 - 768, 1024) ci=Rect(0, 24 - 0, 0) vi=Rect(0, 24 - 0, 0) or=1
08-22 12:48:58.434 7640 7640 D ViewRootImpl@5d42b73[MainActivity]: Relayout returned: oldFrame=[0,0][768,1024] newFrame=[0,0][768,1024] result=0x1 surface={isValid=true -1959376896} surfaceGenerationChanged=false
08-22 12:48:58.496 7640 7640 D AbsListView: in onLayout changed
08-22 12:48:59.772 7640 7640 D ViewRootImpl@5d42b73[MainActivity]: ViewPostImeInputStage processPointer 0
08-22 12:48:59.806 7640 7640 D AbsListView: reportScrollStateChange() newState : 1
08-22 12:49:00.020 7640 7640 D ViewRootImpl@5d42b73[MainActivity]: ViewPostImeInputStage processPointer 1
08-22 12:49:00.020 7640 7640 D AbsListView: onTouchUp() mTouchMode : 3
08-22 12:49:00.020 7640 7640 D AbsListView: onTouchUp() TOUCH_MODE_SCROLL initialVelocity : 0
08-22 12:49:00.020 7640 7640 D AbsListView: reportScrollStateChange() newState : 0
08-22 12:49:00.348 7640 7640 D ViewRootImpl@5d42b73[MainActivity]: ViewPostImeInputStage processPointer 0
08-22 12:49:00.391 7640 7640 D AbsListView: reportScrollStateChange() newState : 1
08-22 12:49:00.662 7640 7640 D ViewRootImpl@5d42b73[MainActivity]: ViewPostImeInputStage processPointer 1
08-22 12:49:00.662 7640 7640 D AbsListView: onTouchUp() mTouchMode : 3
08-22 12:49:00.662 7640 7640 D AbsListView: onTouchUp() TOUCH_MODE_SCROLL initialVelocity : -538
08-22 12:49:00.662 7640 7640 D AbsListView: reportScrollStateChange() newState : 2
08-22 12:49:01.043 7640 7640 D AbsListView: reportScrollStateChange() newState : 0
08-22 12:49:01.160 7640 7640 D ViewRootImpl@5d42b73[MainActivity]: ViewPostImeInputStage processPointer 0
08-22 12:49:01.209 7640 7640 D AbsListView: reportScrollStateChange() newState : 1
08-22 12:49:01.293 7640 7640 D ViewRootImpl@5d42b73[MainActivity]: ViewPostImeInputStage processPointer 1
08-22 12:49:01.294 7640 7640 D AbsListView: onTouchUp() mTouchMode : 3
08-22 12:49:01.294 7640 7640 D AbsListView: onTouchUp() TOUCH_MODE_SCROLL initialVelocity : 0
08-22 12:49:01.294 7640 7640 D AbsListView: reportScrollStateChange() newState : 0
08-22 12:49:03.711 7640 7640 D ViewRootImpl@5d42b73[MainActivity]: ViewPostImeInputStage processPointer 0
08-22 12:49:03.750 7640 7640 D AbsListView: reportScrollStateChange() newState : 1
08-22 12:49:04.185 7640 7640 D ViewRootImpl@5d42b73[MainActivity]: ViewPostImeInputStage processPointer 1
08-22 12:49:04.185 7640 7640 D AbsListView: onTouchUp() mTouchMode : 3
08-22 12:49:04.185 7640 7640 D AbsListView: onTouchUp() TOUCH_MODE_SCROLL initialVelocity : 0
08-22 12:49:04.185 7640 7640 D AbsListView: reportScrollStateChange() newState : 0
08-22 12:49:04.583 7640 7640 D ViewRootImpl@5d42b73[MainActivity]: ViewPostImeInputStage processPointer 0
08-22 12:49:04.652 7640 7640 D AbsListView: reportScrollStateChange() newState : 1
08-22 12:49:04.952 7640 7640 D ViewRootImpl@5d42b73[MainActivity]: ViewPostImeInputStage processPointer 1
08-22 12:49:04.952 7640 7640 D AbsListView: onTouchUp() mTouchMode : 3
08-22 12:49:04.952 7640 7640 D AbsListView: onTouchUp() TOUCH_MODE_SCROLL initialVelocity : 442
08-22 12:49:04.952 7640 7640 D AbsListView: reportScrollStateChange() newState : 2
08-22 12:49:05.285 7640 7640 D AbsListView: reportScrollStateChange() newState : 0
08-22 12:49:17.444 7640 7640 D ViewRootImpl@5d42b73[MainActivity]: ViewPostImeInputStage processPointer 0
08-22 12:49:17.462 7640 7640 D AbsListView: reportScrollStateChange() newState : 1
08-22 12:49:17.933 7640 7640 D ViewRootImpl@5d42b73[MainActivity]: ViewPostImeInputStage processPointer 1
08-22 12:49:17.934 7640 7640 D AbsListView: onTouchUp() mTouchMode : 3
08-22 12:49:17.934 7640 7640 D AbsListView: onTouchUp() TOUCH_MODE_SCROLL initialVelocity : 2527
08-22 12:49:17.934 7640 7640 D AbsListView: reportScrollStateChange() newState : 2
08-22 12:49:18.116 7640 7640 D AbsListView: reportScrollStateChange() newState : 0
08-22 12:49:20.602 7640 7640 D ViewRootImpl@5d42b73[MainActivity]: ViewPostImeInputStage processPointer 0
08-22 12:49:20.660 7640 7640 D ViewRootImpl@5d42b73[MainActivity]: ViewPostImeInputStage processPointer 1
08-22 12:49:20.675 7640 7640 D item_click: viewId = 2131820760, position = 0
08-22 12:49:20.759 7640 7640 D ViewRootImpl@5d42b73[MainActivity]: MSG_WINDOW_FOCUS_CHANGED 0
08-22 12:49:20.934 7640 7640 D ViewRootImpl@2a74400[CategoryListActivity]: ThreadedRenderer.create() translucent=false
08-22 12:49:20.936 7640 7640 D InputTransport: Input channel constructed: fd=72
08-22 12:49:20.937 7640 7640 D ViewRootImpl@2a74400[CategoryListActivity]: setView = DecorView@ff02439[CategoryListActivity] touchMode=true
08-22 12:49:20.938 7640 7640 D LOCATION_SERVICE: LocationListener gps
08-22 12:49:20.939 7640 7640 D LOCATION_SERVICE: LocationListener network
08-22 12:49:20.940 7640 7640 D LOCATION_SERVICE: onCreate
08-22 12:49:20.941 7640 7640 D LOCATION_SERVICE: initializeLocationManager
08-22 12:49:20.956 7640 7640 D LOCATION_SERVICE: onStartCommand
08-22 12:49:20.964 7640 7640 D ViewRootImpl@2a74400[CategoryListActivity]: dispatchAttachedToWindow
08-22 12:49:20.993 7640 7640 D ViewRootImpl@2a74400[CategoryListActivity]: Relayout returned: oldFrame=[0,0][0,0] newFrame=[0,0][768,1024] result=0x27 surface={isValid=true -1956808704} surfaceGenerationChanged=true
08-22 12:49:20.993 7640 7640 D ViewRootImpl@2a74400[CategoryListActivity]: mHardwareRenderer.initialize() mSurface={isValid=true -1956808704} hwInitialized=true
08-22 12:49:21.170 7640 7640 D ViewRootImpl@2a74400[CategoryListActivity]: MSG_RESIZED_REPORT: frame=Rect(0, 0 - 768, 1024) ci=Rect(0, 24 - 0, 0) vi=Rect(0, 24 - 0, 0) or=1
08-22 12:49:21.170 7640 7640 D ViewRootImpl@2a74400[CategoryListActivity]: MSG_WINDOW_FOCUS_CHANGED 1
08-22 12:49:21.170 7640 7640 D ViewRootImpl@2a74400[CategoryListActivity]: mHardwareRenderer.initializeIfNeeded()#2 mSurface={isValid=true -1956808704}
08-22 12:49:21.172 7640 7640 V InputMethodManager: Starting input: tba=android.view.inputmethod.EditorInfo@aabe23 nm : cz.gienger.mobile ic=null
08-22 12:49:21.172 7640 7640 I InputMethodManager: startInputInner - mService.startInputOrWindowGainedFocus
08-22 12:49:21.173 7640 7640 D InputTransport: Input channel constructed: fd=73
08-22 12:49:21.173 7640 7640 D InputTransport: Input channel destroyed: fd=66
08-22 12:49:21.175 7640 7640 D LOCATION_SERVICE: onLocationChanged: Location[network 49,191070,17,534572 acc=21 et=+51m53s347ms alt=0.0 vel=0.0 bear=0.0 {Bundle[mParcelledData.dataSize=80]}]
08-22 12:49:21.258 7640 7657 D OpenGLRenderer: endAllActiveAnimators on 0x8e16d080 (RippleDrawable) with handle 0x8b45e700
08-22 12:49:21.258 7640 7640 D ViewRootImpl@5d42b73[MainActivity]: mHardwareRenderer.destroy()#1
08-22 12:49:21.279 7640 7640 D ViewRootImpl@5d42b73[MainActivity]: Relayout returned: oldFrame=[0,0][768,1024] newFrame=[0,0][768,1024] result=0x5 surface={isValid=false 0} surfaceGenerationChanged=true
08-22 12:49:21.678 7640 7640 D ViewRootImpl@5d42b73[MainActivity]: Relayout returned: oldFrame=[0,0][768,1024] newFrame=[0,0][768,1024] result=0x5 surface={isValid=false 0} surfaceGenerationChanged=false
08-22 12:49:25.670 7640 7640 D ViewRootImpl@2a74400[CategoryListActivity]: ViewPostImeInputStage processPointer 0
08-22 12:49:25.695 7640 7640 D ViewRootImpl@2a74400[CategoryListActivity]: ViewPostImeInputStage processPointer 1
08-22 12:49:27.203 7640 7640 D ViewRootImpl@2a74400[CategoryListActivity]: ViewPostImeInputStage processPointer 0
08-22 12:49:27.273 7640 7640 D ViewRootImpl@2a74400[CategoryListActivity]: ViewPostImeInputStage processPointer 1
08-22 12:49:28.598 7640 7640 D ViewRootImpl@2a74400[CategoryListActivity]: ViewPostImeInputStage processPointer 0
08-22 12:49:28.656 7640 7640 D ViewRootImpl@2a74400[CategoryListActivity]: ViewPostImeInputStage processPointer 1
08-22 12:49:28.685 7640 7640 D ViewRootImpl@2a74400[CategoryListActivity]: MSG_WINDOW_FOCUS_CHANGED 0
08-22 12:49:28.805 7640 7640 D ViewRootImpl@a715c98[ArticleListActivity]: ThreadedRenderer.create() translucent=false
08-22 12:49:28.808 7640 7640 D InputTransport: Input channel constructed: fd=64
08-22 12:49:28.808 7640 7640 D ViewRootImpl@a715c98[ArticleListActivity]: setView = DecorView@20aecf1[ArticleListActivity] touchMode=true
08-22 12:49:28.822 7640 7640 D ViewRootImpl@a715c98[ArticleListActivity]: dispatchAttachedToWindow
08-22 12:49:28.846 7640 7640 D ViewRootImpl@a715c98[ArticleListActivity]: Relayout returned: oldFrame=[0,0][0,0] newFrame=[0,0][768,1024] result=0x27 surface={isValid=true -1958744064} surfaceGenerationChanged=true
08-22 12:49:28.846 7640 7640 D ViewRootImpl@a715c98[ArticleListActivity]: mHardwareRenderer.initialize() mSurface={isValid=true -1958744064} hwInitialized=true
08-22 12:49:29.077 7640 7640 W View : requestLayout() improperly called by android.support.v7.widget.AppCompatTextView{e929b17 V.ED..... ......ID 0,0-0,18 #7f11012a app:id/tv_fragment_poaz_article_list_header_catalog_price_product_count} during layout: running second layout pass
08-22 12:49:29.077 7640 7640 I ViewRootImpl@a715c98[ArticleListActivity]: requestLayout is already in process
08-22 12:49:29.077 7640 7640 W View : requestLayout() improperly called by android.support.v7.widget.AppCompatTextView{a773b04 V.ED..... ......ID 12,0-12,18 #7f11012b app:id/tv_fragment_poaz_article_list_header_special_price_product_count} during layout: running second layout pass
08-22 12:49:29.094 7640 7640 D ViewRootImpl@a715c98[ArticleListActivity]: MSG_RESIZED_REPORT: frame=Rect(0, 0 - 768, 1024) ci=Rect(0, 24 - 0, 0) vi=Rect(0, 24 - 0, 0) or=1
08-22 12:49:29.094 7640 7640 D ViewRootImpl@a715c98[ArticleListActivity]: MSG_WINDOW_FOCUS_CHANGED 1
08-22 12:49:29.095 7640 7640 D ViewRootImpl@a715c98[ArticleListActivity]: mHardwareRenderer.initializeIfNeeded()#2 mSurface={isValid=true -1958744064}
08-22 12:49:29.096 7640 7640 V InputMethodManager: Starting input: tba=android.view.inputmethod.EditorInfo@ef7d60f nm : cz.gienger.mobile ic=null
08-22 12:49:29.096 7640 7640 I InputMethodManager: startInputInner - mService.startInputOrWindowGainedFocus
08-22 12:49:29.098 7640 7640 D InputTransport: Input channel constructed: fd=67
08-22 12:49:29.098 7640 7640 D InputTransport: Input channel destroyed: fd=73
08-22 12:49:29.169 7640 7640 D ViewRootImpl@2a74400[CategoryListActivity]: mHardwareRenderer.destroy()#1
08-22 12:49:29.184 7640 7640 D ViewRootImpl@2a74400[CategoryListActivity]: Relayout returned: oldFrame=[0,0][768,1024] newFrame=[0,0][768,1024] result=0x5 surface={isValid=false 0} surfaceGenerationChanged=true
08-22 12:49:29.594 7640 7640 D ViewRootImpl@2a74400[CategoryListActivity]: Relayout returned: oldFrame=[0,0][768,1024] newFrame=[0,0][768,1024] result=0x5 surface={isValid=false 0} surfaceGenerationChanged=false
08-22 12:49:30.297 7640 7640 D ViewRootImpl@a715c98[ArticleListActivity]: ViewPostImeInputStage processPointer 0
08-22 12:49:30.693 7640 7640 D ViewRootImpl@a715c98[ArticleListActivity]: ViewPostImeInputStage processPointer 1
08-22 12:49:31.299 7640 7640 D ViewRootImpl@a715c98[ArticleListActivity]: ViewPostImeInputStage processPointer 0
08-22 12:49:31.617 7640 7640 D ViewRootImpl@a715c98[ArticleListActivity]: ViewPostImeInputStage processPointer 1
08-22 12:49:32.164 7640 7640 D ViewRootImpl@a715c98[ArticleListActivity]: ViewPostImeInputStage processPointer 0
08-22 12:49:32.214 7640 7640 D ViewRootImpl@a715c98[ArticleListActivity]: ViewPostImeInputStage processPointer 1
08-22 12:49:32.244 7640 7640 D ViewRootImpl@a715c98[ArticleListActivity]: MSG_WINDOW_FOCUS_CHANGED 0
08-22 12:49:32.373 7640 7640 D ViewRootImpl@77ea4bf[AddArticleToCartActivity]: ThreadedRenderer.create() translucent=false
08-22 12:49:32.378 7640 7640 D InputTransport: Input channel constructed: fd=66
08-22 12:49:32.378 7640 7640 D ViewRootImpl@77ea4bf[AddArticleToCartActivity]: setView = DecorView@1d8878c[AddArticleToCartActivity] touchMode=true
08-22 12:49:32.389 7640 7640 D ViewRootImpl@77ea4bf[AddArticleToCartActivity]: dispatchAttachedToWindow
08-22 12:49:32.426 7640 7640 D ViewRootImpl@77ea4bf[AddArticleToCartActivity]: Relayout returned: oldFrame=[0,0][0,0] newFrame=[0,0][768,1024] result=0x27 surface={isValid=true -1951803392} surfaceGenerationChanged=true
08-22 12:49:32.427 7640 7640 D ViewRootImpl@77ea4bf[AddArticleToCartActivity]: mHardwareRenderer.initialize() mSurface={isValid=true -1951803392} hwInitialized=true
08-22 12:49:32.484 7640 7640 D ViewRootImpl@77ea4bf[AddArticleToCartActivity]: MSG_RESIZED_REPORT: frame=Rect(0, 0 - 768, 1024) ci=Rect(0, 24 - 0, 0) vi=Rect(0, 24 - 0, 0) or=1
08-22 12:49:32.484 7640 7640 D ViewRootImpl@77ea4bf[AddArticleToCartActivity]: MSG_WINDOW_FOCUS_CHANGED 1
08-22 12:49:32.485 7640 7640 D ViewRootImpl@77ea4bf[AddArticleToCartActivity]: mHardwareRenderer.initializeIfNeeded()#2 mSurface={isValid=true -1951803392}
08-22 12:49:32.499 7640 7640 V InputMethodManager: Starting input: tba=android.view.inputmethod.EditorInfo@5a5de9a nm : cz.gienger.mobile ic=com.android.internal.widget.EditableInputConnection@68ee3cb
08-22 12:49:32.499 7640 7640 I InputMethodManager: startInputInner - mService.startInputOrWindowGainedFocus
08-22 12:49:32.519 7640 7640 D InputTransport: Input channel constructed: fd=63
08-22 12:49:32.519 7640 7640 D InputTransport: Input channel destroyed: fd=67
08-22 12:49:32.567 7640 7657 D OpenGLRenderer: endAllActiveAnimators on 0x8e2b9080 (RippleDrawable) with handle 0x8ba3b560
08-22 12:49:32.567 7640 7640 D ViewRootImpl@a715c98[ArticleListActivity]: mHardwareRenderer.destroy()#1
08-22 12:49:32.581 7640 7640 D ViewRootImpl@a715c98[ArticleListActivity]: Relayout returned: oldFrame=[0,0][768,1024] newFrame=[0,0][768,1024] result=0x5 surface={isValid=false 0} surfaceGenerationChanged=true
08-22 12:49:32.838 7640 7640 D ViewRootImpl@77ea4bf[AddArticleToCartActivity]: MSG_RESIZED: frame=Rect(0, 0 - 768, 1024) ci=Rect(0, 24 - 0, 0) vi=Rect(0, 24 - 0, 320) or=1
08-22 12:49:32.937 7640 7640 D ViewRootImpl@a715c98[ArticleListActivity]: Relayout returned: oldFrame=[0,0][768,1024] newFrame=[0,0][768,1024] result=0x5 surface={isValid=false 0} surfaceGenerationChanged=false
08-22 12:49:34.670 7640 7640 D ViewRootImpl@77ea4bf[AddArticleToCartActivity]: ViewPostImeInputStage processPointer 0
08-22 12:49:34.729 7640 7640 D ViewRootImpl@77ea4bf[AddArticleToCartActivity]: ViewPostImeInputStage processPointer 1
08-22 12:49:34.732 7640 7640 V InputMethodManager: Starting input: tba=android.view.inputmethod.EditorInfo@972f654 nm : cz.gienger.mobile ic=com.android.internal.widget.EditableInputConnection@5f8a9fd
08-22 12:49:34.732 7640 7640 I InputMethodManager: startInputInner - mService.startInputOrWindowGainedFocus
08-22 12:49:34.734 7640 7640 D InputTransport: Input channel constructed: fd=70
08-22 12:49:34.734 7640 7640 D InputTransport: Input channel destroyed: fd=63
08-22 12:49:34.827 7640 7640 D ViewRootImpl@a715c98[ArticleListActivity]: Relayout returned: oldFrame=[0,0][768,1024] newFrame=[0,0][768,1024] result=0x7 surface={isValid=true -1958744064} surfaceGenerationChanged=true
08-22 12:49:34.827 7640 7640 D ViewRootImpl@a715c98[ArticleListActivity]: mHardwareRenderer.initialize() mSurface={isValid=true -1958744064} hwInitialized=true
08-22 12:49:34.931 7640 7640 W View : requestLayout() improperly called by android.support.v7.widget.AppCompatTextView{e929b17 V.ED..... ......ID 0,0-7,18 #7f11012a app:id/tv_fragment_poaz_article_list_header_catalog_price_product_count} during layout: running second layout pass
08-22 12:49:34.931 7640 7640 I ViewRootImpl@a715c98[ArticleListActivity]: requestLayout is already in process
08-22 12:49:34.931 7640 7640 W View : requestLayout() improperly called by android.support.v7.widget.AppCompatTextView{a773b04 V.ED..... ......ID 19,0-33,18 #7f11012b app:id/tv_fragment_poaz_article_list_header_special_price_product_count} during layout: running second layout pass
08-22 12:49:34.961 7640 7640 D ViewRootImpl@a715c98[ArticleListActivity]: MSG_RESIZED_REPORT: frame=Rect(0, 0 - 768, 1024) ci=Rect(0, 24 - 0, 320) vi=Rect(0, 24 - 0, 320) or=1
08-22 12:49:34.961 7640 7640 D ViewRootImpl@a715c98[ArticleListActivity]: MSG_WINDOW_FOCUS_CHANGED 1
08-22 12:49:34.962 7640 7640 D ViewRootImpl@a715c98[ArticleListActivity]: mHardwareRenderer.initializeIfNeeded()#2 mSurface={isValid=true -1958744064}
08-22 12:49:34.964 7640 7640 V InputMethodManager: Starting input: tba=android.view.inputmethod.EditorInfo@d7403e nm : cz.gienger.mobile ic=null
08-22 12:49:34.964 7640 7640 I InputMethodManager: startInputInner - mService.startInputOrWindowGainedFocus
08-22 12:49:34.984 7640 7640 D InputTransport: Input channel constructed: fd=71
08-22 12:49:34.984 7640 7640 D InputTransport: Input channel destroyed: fd=70
08-22 12:49:35.005 7640 7640 D ViewRootImpl@77ea4bf[AddArticleToCartActivity]: MSG_WINDOW_FOCUS_CHANGED 0
08-22 12:49:35.060 7640 7657 D OpenGLRenderer: endAllActiveAnimators on 0x8dec8080 (RippleDrawable) with handle 0x8bad16b0
08-22 12:49:35.060 7640 7640 D ViewRootImpl@77ea4bf[AddArticleToCartActivity]: mHardwareRenderer.destroy()#1
08-22 12:49:35.179 7640 7640 D ViewRootImpl@77ea4bf[AddArticleToCartActivity]: Relayout returned: oldFrame=[0,0][768,1024] newFrame=[0,0][768,1024] result=0x5 surface={isValid=false 0} surfaceGenerationChanged=true
08-22 12:49:35.193 7640 7640 W IInputConnectionWrapper: finishComposingText on inactive InputConnection
08-22 12:49:35.193 7640 7640 W IInputConnectionWrapper: performPrivateCommand on inactive InputConnection
08-22 12:49:35.193 7640 7640 W IInputConnectionWrapper: finishComposingText on inactive InputConnection
08-22 12:49:35.329 7640 7640 D ViewRootImpl@a715c98[ArticleListActivity]: MSG_RESIZED: frame=Rect(0, 0 - 768, 1024) ci=Rect(0, 24 - 0, 0) vi=Rect(0, 24 - 0, 0) or=1
08-22 12:49:35.352 7640 7640 D ViewRootImpl@a715c98[ArticleListActivity]: Relayout returned: oldFrame=[0,0][768,1024] newFrame=[0,0][768,1024] result=0x1 surface={isValid=true -1958744064} surfaceGenerationChanged=false
08-22 12:49:35.440 7640 7640 D TextView: SYANI: Clipboard API is calling: clearFilter()
08-22 12:49:35.440 7640 7640 D TextView: SYANI: Clipboard API is calling: unregisterClipboardEventListener()
08-22 12:49:35.445 7640 7640 D TextView: SYANI: Clipboard API is calling: clearFilter()
08-22 12:49:35.445 7640 7640 D TextView: SYANI: Clipboard API is calling: unregisterClipboardEventListener()
08-22 12:49:35.453 7640 7640 D ViewRootImpl@77ea4bf[AddArticleToCartActivity]: mHardwareRenderer.destroy()#4
08-22 12:49:35.453 7640 7640 D ViewRootImpl@77ea4bf[AddArticleToCartActivity]: dispatchDetachedFromWindow
08-22 12:49:35.460 7640 7640 D InputTransport: Input channel destroyed: fd=66
08-22 12:49:39.031 7640 7640 D ViewRootImpl@a715c98[ArticleListActivity]: ViewPostImeInputStage processPointer 0
08-22 12:49:40.070 7640 7640 D ViewRootImpl@a715c98[ArticleListActivity]: ViewPostImeInputStage processPointer 1
08-22 12:49:43.694 7640 7640 D ViewRootImpl@a715c98[ArticleListActivity]: ViewPostImeInputStage processPointer 0
08-22 12:49:44.897 7640 7640 D ViewRootImpl@a715c98[ArticleListActivity]: ViewPostImeInputStage processPointer 1
08-22 12:49:45.285 7640 7640 D ViewRootImpl@a715c98[ArticleListActivity]: ViewPostImeInputStage processPointer 0
08-22 12:49:45.478 7640 7640 D ViewRootImpl@a715c98[ArticleListActivity]: ViewPostImeInputStage processPointer 1
08-22 12:49:46.120 7640 7640 D ViewRootImpl@a715c98[ArticleListActivity]: ViewPostImeInputStage processPointer 0
08-22 12:49:46.244 7640 7640 D ViewRootImpl@a715c98[ArticleListActivity]: ViewPostImeInputStage processPointer 1
08-22 12:49:47.242 7640 7640 D ViewRootImpl@a715c98[ArticleListActivity]: ViewPostImeInputStage processPointer 0
08-22 12:49:47.335 7640 7640 D ViewRootImpl@a715c98[ArticleListActivity]: ViewPostImeInputStage processPointer 1
08-22 12:49:51.695 7640 7640 D ViewRootImpl@a715c98[ArticleListActivity]: ViewPostImeInputStage processPointer 0
08-22 12:49:51.829 7640 7640 D ViewRootImpl@a715c98[ArticleListActivity]: ViewPostImeInputStage processPointer 1
08-22 12:49:51.889 7640 7640 D ViewRootImpl@2a74400[CategoryListActivity]: Relayout returned: oldFrame=[0,0][768,1024] newFrame=[0,0][768,1024] result=0x7 surface={isValid=true -1951803392} surfaceGenerationChanged=true
08-22 12:49:51.889 7640 7640 D ViewRootImpl@2a74400[CategoryListActivity]: mHardwareRenderer.initialize() mSurface={isValid=true -1951803392} hwInitialized=true
08-22 12:49:51.913 7640 7640 D ViewRootImpl@2a74400[CategoryListActivity]: MSG_WINDOW_FOCUS_CHANGED 1
08-22 12:49:51.914 7640 7640 D ViewRootImpl@2a74400[CategoryListActivity]: mHardwareRenderer.initializeIfNeeded()#2 mSurface={isValid=true -1951803392}
08-22 12:49:51.915 7640 7640 V InputMethodManager: Starting input: tba=android.view.inputmethod.EditorInfo@d32d38b nm : cz.gienger.mobile ic=null
08-22 12:49:51.915 7640 7640 I InputMethodManager: startInputInner - mService.startInputOrWindowGainedFocus
08-22 12:49:51.935 7640 7640 D InputTransport: Input channel constructed: fd=66
08-22 12:49:51.935 7640 7640 D InputTransport: Input channel destroyed: fd=71
08-22 12:49:51.945 7640 7640 D ViewRootImpl@a715c98[ArticleListActivity]: MSG_WINDOW_FOCUS_CHANGED 0
08-22 12:49:51.992 7640 7657 D OpenGLRenderer: endAllActiveAnimators on 0x8e2b7b80 (RippleDrawable) with handle 0x8b97fb80
08-22 12:49:51.992 7640 7640 D ViewRootImpl@a715c98[ArticleListActivity]: mHardwareRenderer.destroy()#1
08-22 12:49:51.994 7640 7650 I art : Background sticky concurrent mark sweep GC freed 171090(7MB) AllocSpace objects, 2(40KB) LOS objects, 38% free, 11MB/19MB, paused 2.339ms total 105.203ms
08-22 12:49:52.007 7640 7640 D ViewRootImpl@a715c98[ArticleListActivity]: Relayout returned: oldFrame=[0,0][768,1024] newFrame=[0,0][768,1024] result=0x5 surface={isValid=false 0} surfaceGenerationChanged=true
08-22 12:49:52.360 7640 7640 D ViewRootImpl@a715c98[ArticleListActivity]: mHardwareRenderer.destroy()#4
08-22 12:49:52.360 7640 7640 D ViewRootImpl@a715c98[ArticleListActivity]: dispatchDetachedFromWindow
08-22 12:49:52.366 7640 7640 D InputTransport: Input channel destroyed: fd=64
08-22 12:49:52.600 7640 7640 D ViewRootImpl@2a74400[CategoryListActivity]: ViewPostImeInputStage processPointer 0
08-22 12:49:52.714 7640 7640 D ViewRootImpl@2a74400[CategoryListActivity]: ViewPostImeInputStage processPointer 1
08-22 12:49:53.482 7640 7640 D ViewRootImpl@2a74400[CategoryListActivity]: ViewPostImeInputStage processPointer 0
08-22 12:49:53.600 7640 7640 D ViewRootImpl@2a74400[CategoryListActivity]: ViewPostImeInputStage processPointer 1
08-22 12:49:54.526 7640 7640 D ViewRootImpl@2a74400[CategoryListActivity]: ViewPostImeInputStage processPointer 0
08-22 12:49:55.031 7640 7640 D ViewRootImpl@2a74400[CategoryListActivity]: ViewPostImeInputStage processPointer 1
08-22 12:49:56.582 7640 7640 D ViewRootImpl@2a74400[CategoryListActivity]: ViewPostImeInputStage processPointer 0
08-22 12:49:56.661 7640 7640 D ViewRootImpl@2a74400[CategoryListActivity]: ViewPostImeInputStage processPointer 1
08-22 12:49:56.697 7640 7640 D ViewRootImpl@2a74400[CategoryListActivity]: MSG_WINDOW_FOCUS_CHANGED 0
08-22 12:49:56.891 7640 7640 D ViewRootImpl@7d7a8aa[CartActivity]: ThreadedRenderer.create() translucent=false
08-22 12:49:56.894 7640 7640 D InputTransport: Input channel constructed: fd=64
08-22 12:49:56.895 7640 7640 D ViewRootImpl@7d7a8aa[CartActivity]: setView = DecorView@9b2cc9b[CartActivity] touchMode=true
08-22 12:49:56.900 7640 7640 D ViewRootImpl@7d7a8aa[CartActivity]: dispatchAttachedToWindow
08-22 12:49:56.928 7640 7640 D ViewRootImpl@7d7a8aa[CartActivity]: Relayout returned: oldFrame=[0,0][0,0] newFrame=[0,0][768,1024] result=0x27 surface={isValid=true -1958742016} surfaceGenerationChanged=true
08-22 12:49:56.928 7640 7640 D ViewRootImpl@7d7a8aa[CartActivity]: mHardwareRenderer.initialize() mSurface={isValid=true -1958742016} hwInitialized=true
08-22 12:49:57.002 7640 7640 D AbsListView: in onLayout changed
08-22 12:49:57.046 7640 7640 D ViewRootImpl@7d7a8aa[CartActivity]: MSG_RESIZED_REPORT: frame=Rect(0, 0 - 768, 1024) ci=Rect(0, 24 - 0, 0) vi=Rect(0, 24 - 0, 0) or=1
08-22 12:49:57.046 7640 7640 D ViewRootImpl@7d7a8aa[CartActivity]: MSG_WINDOW_FOCUS_CHANGED 1
08-22 12:49:57.047 7640 7640 D ViewRootImpl@7d7a8aa[CartActivity]: mHardwareRenderer.initializeIfNeeded()#2 mSurface={isValid=true -1958742016}
08-22 12:49:57.074 7640 7640 V InputMethodManager: Starting input: tba=android.view.inputmethod.EditorInfo@13b0f6a nm : cz.gienger.mobile ic=null
08-22 12:49:57.074 7640 7640 I InputMethodManager: startInputInner - mService.startInputOrWindowGainedFocus
08-22 12:49:57.075 7640 7640 D InputTransport: Input channel constructed: fd=71
08-22 12:49:57.075 7640 7640 D InputTransport: Input channel destroyed: fd=66
08-22 12:49:57.118 7640 7657 D OpenGLRenderer: endAllActiveAnimators on 0x8dba2a80 (RippleDrawable) with handle 0x8b3e6690
08-22 12:49:57.118 7640 7640 D ViewRootImpl@2a74400[CategoryListActivity]: mHardwareRenderer.destroy()#1
08-22 12:49:57.124 7640 7640 D ViewRootImpl@2a74400[CategoryListActivity]: Relayout returned: oldFrame=[0,0][768,1024] newFrame=[0,0][768,1024] result=0x5 surface={isValid=false 0} surfaceGenerationChanged=true
08-22 12:49:57.528 7640 7640 D ViewRootImpl@2a74400[CategoryListActivity]: Relayout returned: oldFrame=[0,0][768,1024] newFrame=[0,0][768,1024] result=0x5 surface={isValid=false 0} surfaceGenerationChanged=false
08-22 12:50:05.833 7640 7640 D ViewRootImpl@7d7a8aa[CartActivity]: ViewPostImeInputStage processKey 0
08-22 12:50:05.923 7640 7640 D ViewRootImpl@7d7a8aa[CartActivity]: ViewPostImeInputStage processKey 1
08-22 12:50:05.999 7640 7640 D ViewRootImpl@2a74400[CategoryListActivity]: Relayout returned: oldFrame=[0,0][768,1024] newFrame=[0,0][768,1024] result=0x7 surface={isValid=true -1951926272} surfaceGenerationChanged=true
08-22 12:50:06.000 7640 7640 D ViewRootImpl@2a74400[CategoryListActivity]: mHardwareRenderer.initialize() mSurface={isValid=true -1951926272} hwInitialized=true
08-22 12:50:06.130 7640 7640 D ViewRootImpl@2a74400[CategoryListActivity]: MSG_WINDOW_FOCUS_CHANGED 1
08-22 12:50:06.131 7640 7640 D ViewRootImpl@2a74400[CategoryListActivity]: mHardwareRenderer.initializeIfNeeded()#2 mSurface={isValid=true -1951926272}
08-22 12:50:06.132 7640 7640 V InputMethodManager: Starting input: tba=android.view.inputmethod.EditorInfo@cd7740f nm : cz.gienger.mobile ic=null
08-22 12:50:06.132 7640 7640 I InputMethodManager: startInputInner - mService.startInputOrWindowGainedFocus
08-22 12:50:06.143 7640 7640 D InputTransport: Input channel constructed: fd=68
08-22 12:50:06.144 7640 7640 D InputTransport: Input channel destroyed: fd=71
08-22 12:50:06.184 7640 7640 D ViewRootImpl@7d7a8aa[CartActivity]: mHardwareRenderer.destroy()#1
08-22 12:50:06.195 7640 7640 D ViewRootImpl@7d7a8aa[CartActivity]: Relayout returned: oldFrame=[0,0][768,1024] newFrame=[0,0][768,1024] result=0x5 surface={isValid=false 0} surfaceGenerationChanged=true
08-22 12:50:06.199 7640 7640 D ViewRootImpl@7d7a8aa[CartActivity]: MSG_WINDOW_FOCUS_CHANGED 0
08-22 12:50:06.349 7640 7640 D ViewRootImpl@2a74400[CategoryListActivity]: ViewPostImeInputStage processKey 0
08-22 12:50:06.449 7640 7640 D ViewRootImpl@2a74400[CategoryListActivity]: ViewPostImeInputStage processKey 1
08-22 12:50:06.611 7640 7640 D ViewRootImpl@5d42b73[MainActivity]: Relayout returned: oldFrame=[0,0][768,1024] newFrame=[0,0][768,1024] result=0x7 surface={isValid=true -1958742016} surfaceGenerationChanged=true
08-22 12:50:06.611 7640 7640 D ViewRootImpl@5d42b73[MainActivity]: mHardwareRenderer.initialize() mSurface={isValid=true -1958742016} hwInitialized=true
08-22 12:50:06.668 7640 7640 D AbsListView: in onLayout changed
08-22 12:50:06.690 7640 7640 D ViewRootImpl@5d42b73[MainActivity]: MSG_WINDOW_FOCUS_CHANGED 1
08-22 12:50:06.690 7640 7640 D ViewRootImpl@5d42b73[MainActivity]: mHardwareRenderer.initializeIfNeeded()#2 mSurface={isValid=true -1958742016}
08-22 12:50:06.691 7640 7640 V InputMethodManager: Starting input: tba=android.view.inputmethod.EditorInfo@6b494d7 nm : cz.gienger.mobile ic=null
08-22 12:50:06.692 7640 7640 I InputMethodManager: startInputInner - mService.startInputOrWindowGainedFocus
08-22 12:50:06.707 7640 7640 D InputTransport: Input channel constructed: fd=66
08-22 12:50:06.707 7640 7640 D InputTransport: Input channel destroyed: fd=68
08-22 12:50:06.714 7640 7640 D ViewRootImpl@2a74400[CategoryListActivity]: MSG_WINDOW_FOCUS_CHANGED 0
08-22 12:50:06.747 7640 7640 D ViewRootImpl@2a74400[CategoryListActivity]: mHardwareRenderer.destroy()#1
08-22 12:50:06.759 7640 7640 D ViewRootImpl@2a74400[CategoryListActivity]: Relayout returned: oldFrame=[0,0][768,1024] newFrame=[0,0][768,1024] result=0x5 surface={isValid=false 0} surfaceGenerationChanged=true
08-22 12:50:07.157 7640 7640 D ViewRootImpl@2a74400[CategoryListActivity]: mHardwareRenderer.destroy()#4
08-22 12:50:07.157 7640 7640 D ViewRootImpl@2a74400[CategoryListActivity]: dispatchDetachedFromWindow
08-22 12:50:07.165 7640 7640 D InputTransport: Input channel destroyed: fd=72
08-22 12:50:07.180 7640 7640 D TextView: SYANI: Clipboard API is calling: clearFilter()
08-22 12:50:07.180 7640 7640 D TextView: SYANI: Clipboard API is calling: unregisterClipboardEventListener()
08-22 12:50:07.184 7640 7640 D TextView: SYANI: Clipboard API is calling: clearFilter()
08-22 12:50:07.184 7640 7640 D TextView: SYANI: Clipboard API is calling: unregisterClipboardEventListener()
08-22 12:50:07.186 7640 7640 D TextView: SYANI: Clipboard API is calling: clearFilter()
08-22 12:50:07.186 7640 7640 D TextView: SYANI: Clipboard API is calling: unregisterClipboardEventListener()
08-22 12:50:07.189 7640 7640 D TextView: SYANI: Clipboard API is calling: clearFilter()
08-22 12:50:07.189 7640 7640 D TextView: SYANI: Clipboard API is calling: unregisterClipboardEventListener()
08-22 12:50:07.192 7640 7640 D TextView: SYANI: Clipboard API is calling: clearFilter()
08-22 12:50:07.192 7640 7640 D TextView: SYANI: Clipboard API is calling: unregisterClipboardEventListener()
08-22 12:50:07.197 7640 7640 D TextView: SYANI: Clipboard API is calling: clearFilter()
08-22 12:50:07.197 7640 7640 D TextView: SYANI: Clipboard API is calling: unregisterClipboardEventListener()
08-22 12:50:07.201 7640 7640 D TextView: SYANI: Clipboard API is calling: clearFilter()
08-22 12:50:07.201 7640 7640 D TextView: SYANI: Clipboard API is calling: unregisterClipboardEventListener()
08-22 12:50:07.205 7640 7640 D TextView: SYANI: Clipboard API is calling: clearFilter()
08-22 12:50:07.206 7640 7640 D TextView: SYANI: Clipboard API is calling: unregisterClipboardEventListener()
08-22 12:50:07.210 7640 7640 D TextView: SYANI: Clipboard API is calling: clearFilter()
08-22 12:50:07.210 7640 7640 D TextView: SYANI: Clipboard API is calling: unregisterClipboardEventListener()
08-22 12:50:07.223 7640 7640 D ViewRootImpl@7d7a8aa[CartActivity]: mHardwareRenderer.destroy()#4
08-22 12:50:07.223 7640 7640 D ViewRootImpl@7d7a8aa[CartActivity]: dispatchDetachedFromWindow
08-22 12:50:07.231 7640 7640 D InputTransport: Input channel destroyed: fd=64
08-22 12:50:07.231 7640 7640 D LOCATION_SERVICE: onDestroy
08-22 12:50:08.841 7640 7640 D ViewRootImpl@5d42b73[MainActivity]: ViewPostImeInputStage processKey 0
08-22 12:50:08.988 7640 7640 D ViewRootImpl@5d42b73[MainActivity]: ViewPostImeInputStage processKey 1
08-22 12:50:09.008 7640 7640 D ViewRootImpl@5d42b73[MainActivity]: MSG_WINDOW_FOCUS_CHANGED 0
08-22 12:50:09.132 7640 7640 D InputTransport: Input channel destroyed: fd=66
08-22 12:50:09.208 7640 7640 D ViewRootImpl@5d42b73[MainActivity]: mHardwareRenderer.destroy()#1
08-22 12:50:09.214 7640 7640 D ViewRootImpl@5d42b73[MainActivity]: Relayout returned: oldFrame=[0,0][768,1024] newFrame=[0,0][768,1024] result=0x5 surface={isValid=false 0} surfaceGenerationChanged=true
08-22 12:50:09.462 7640 7640 D ViewRootImpl@5d42b73[MainActivity]: mHardwareRenderer.destroy()#4
08-22 12:50:09.462 7640 7640 D ViewRootImpl@5d42b73[MainActivity]: dispatchDetachedFromWindow
08-22 12:50:09.467 7640 7640 D InputTransport: Input channel destroyed: fd=61
08-22 12:50:09.468 7640 7640 E ViewRootImpl: sendUserActionEvent() returned.
08-22 12:50:11.653 7640 7640 D ViewRootImpl@247cbdb[MainActivity]: ThreadedRenderer.create() translucent=false
08-22 12:50:11.656 7640 7640 D InputTransport: Input channel constructed: fd=61
08-22 12:50:11.656 7640 7640 D ViewRootImpl@247cbdb[MainActivity]: setView = DecorView@f10b678[MainActivity] touchMode=true
08-22 12:50:11.663 7640 8281 D MESSAGE_SERVICE: ACTION_RESEND_ORDERS
08-22 12:50:11.666 7640 7640 D ViewRootImpl@247cbdb[MainActivity]: dispatchAttachedToWindow
08-22 12:50:11.748 7640 7640 D ViewRootImpl@247cbdb[MainActivity]: Relayout returned: oldFrame=[0,0][0,0] newFrame=[0,0][768,1024] result=0x27 surface={isValid=true -1913780224} surfaceGenerationChanged=true
08-22 12:50:11.748 7640 7640 D ViewRootImpl@247cbdb[MainActivity]: mHardwareRenderer.initialize() mSurface={isValid=true -1913780224} hwInitialized=true
08-22 12:50:11.818 7640 7640 D AbsListView: in onLayout changed
08-22 12:50:11.871 7640 7640 D ViewRootImpl@247cbdb[MainActivity]: MSG_RESIZED_REPORT: frame=Rect(0, 0 - 768, 1024) ci=Rect(0, 24 - 0, 0) vi=Rect(0, 24 - 0, 0) or=1
08-22 12:50:11.871 7640 7640 D ViewRootImpl@247cbdb[MainActivity]: MSG_WINDOW_FOCUS_CHANGED 1
08-22 12:50:11.871 7640 7640 D ViewRootImpl@247cbdb[MainActivity]: mHardwareRenderer.initializeIfNeeded()#2 mSurface={isValid=true -1913780224}
08-22 12:50:11.873 7640 7640 V InputMethodManager: Starting input: tba=android.view.inputmethod.EditorInfo@57c9950 nm : cz.gienger.mobile ic=null
08-22 12:50:11.873 7640 7640 I InputMethodManager: startInputInner - mService.startInputOrWindowGainedFocus
08-22 12:50:11.879 7640 7640 D InputTransport: Input channel constructed: fd=63
08-22 12:50:12.021 7640 7640 D AbsListView: in onLayout changed
08-22 12:58:50.214 7640 7640 D ViewRootImpl@247cbdb[MainActivity]: Relayout returned: oldFrame=[0,0][768,1024] newFrame=[0,0][768,1024] result=0x1 surface={isValid=true -1913780224} surfaceGenerationChanged=false
08-22 12:58:50.284 7640 7640 D AbsListView: in onLayout changed
08-22 12:58:50.308 7640 7640 D ViewRootImpl@247cbdb[MainActivity]: MSG_RESIZED_REPORT: frame=Rect(0, 0 - 768, 1024) ci=Rect(0, 24 - 0, 0) vi=Rect(0, 24 - 0, 0) or=1
08-22 12:58:58.287 7640 7640 D ViewRootImpl@247cbdb[MainActivity]: ViewPostImeInputStage processPointer 0
08-22 12:58:58.445 7640 7640 D ViewRootImpl@247cbdb[MainActivity]: ViewPostImeInputStage processPointer 1
08-22 12:58:58.452 7640 7640 D item_click: viewId = 2131820756, position = 0
08-22 12:58:58.495 7640 7640 D ViewRootImpl@247cbdb[MainActivity]: MSG_WINDOW_FOCUS_CHANGED 0
08-22 12:58:58.686 7640 7640 D ViewRootImpl@26f2892[DeliverActivity]: ThreadedRenderer.create() translucent=false
08-22 12:58:58.690 7640 7640 D InputTransport: Input channel constructed: fd=72
08-22 12:58:58.690 7640 7640 D ViewRootImpl@26f2892[DeliverActivity]: setView = DecorView@a9cf263[DeliverActivity] touchMode=true
08-22 12:58:58.691 7640 7640 D LOCATION_SERVICE: LocationListener gps
08-22 12:58:58.692 7640 7640 D LOCATION_SERVICE: LocationListener network
08-22 12:58:58.693 7640 7640 D LOCATION_SERVICE: onCreate
08-22 12:58:58.693 7640 7640 D LOCATION_SERVICE: initializeLocationManager
08-22 12:58:58.706 7640 7640 D LOCATION_SERVICE: onStartCommand
08-22 12:58:58.712 7640 7640 D ViewRootImpl@26f2892[DeliverActivity]: dispatchAttachedToWindow
08-22 12:58:58.750 7640 7640 D ViewRootImpl@26f2892[DeliverActivity]: Relayout returned: oldFrame=[0,0][0,0] newFrame=[0,0][768,1024] result=0x27 surface={isValid=true -1913653248} surfaceGenerationChanged=true
08-22 12:58:58.750 7640 7640 D ViewRootImpl@26f2892[DeliverActivity]: mHardwareRenderer.initialize() mSurface={isValid=true -1913653248} hwInitialized=true
08-22 12:58:58.798 7640 7640 D ViewRootImpl@26f2892[DeliverActivity]: MSG_RESIZED_REPORT: frame=Rect(0, 0 - 768, 1024) ci=Rect(0, 24 - 0, 0) vi=Rect(0, 24 - 0, 0) or=1
08-22 12:58:58.798 7640 7640 D ViewRootImpl@26f2892[DeliverActivity]: MSG_WINDOW_FOCUS_CHANGED 1
08-22 12:58:58.799 7640 7640 D ViewRootImpl@26f2892[DeliverActivity]: mHardwareRenderer.initializeIfNeeded()#2 mSurface={isValid=true -1913653248}
08-22 12:58:58.800 7640 7640 V InputMethodManager: Starting input: tba=android.view.inputmethod.EditorInfo@d34c978 nm : cz.gienger.mobile ic=null
08-22 12:58:58.800 7640 7640 I InputMethodManager: startInputInner - mService.startInputOrWindowGainedFocus
08-22 12:58:58.817 7640 7640 D InputTransport: Input channel constructed: fd=77
