--------- beginning of main
08-22 11:59:02.349 5856 5856 I SELinux : SELinux: seapp_context_lookup: seinfo=untrusted, level=s0:c512,c768, pkgname=cz.gienger.mobile
08-22 11:59:02.576 5856 5856 W System : ClassLoader referenced unknown path: /data/app/cz.gienger.mobile-1/lib/arm
08-22 11:59:02.875 5856 5856 D NetworkSecurityConfig: No Network Security Config specified, using platform default
08-22 11:59:02.978 5856 5915 D MESSAGE_SERVICE: ACTION_RESEND_ORDERS
08-22 11:59:02.990 5856 5915 D ALARM_REUPLOAD: alarm already cancelled
08-22 12:06:32.076 7640 7640 I SELinux : SELinux: seapp_context_lookup: seinfo=untrusted, level=s0:c512,c768, pkgname=cz.gienger.mobile
08-22 12:06:32.271 7640 7640 W System : ClassLoader referenced unknown path: /data/app/cz.gienger.mobile-1/lib/arm
08-22 12:06:32.423 7640 7640 W art : Before Android 4.1, method android.graphics.PorterDuffColorFilter android.support.graphics.drawable.VectorDrawableCompat.updateTintFilter(android.graphics.PorterDuffColorFilter, android.content.res.ColorStateList, android.graphics.PorterDuff$Mode) would have incorrectly overridden the package-private method in android.graphics.drawable.Drawable
08-22 12:06:32.619 7640 7640 D FILES : /data/user/0/cz.gienger.mobile/files/delivery
08-22 12:06:32.631 7640 7640 D ScrollView: initGoToTop
08-22 12:06:32.723 7640 7640 D ViewRootImpl@75bee20[LoginActivity]: ThreadedRenderer.create() translucent=false
08-22 12:06:32.727 7640 7640 D InputTransport: Input channel constructed: fd=59
08-22 12:06:32.727 7640 7640 D ViewRootImpl@75bee20[LoginActivity]: setView = DecorView@17253d9[LoginActivity] touchMode=true
08-22 12:06:32.742 7640 7640 D ViewRootImpl@75bee20[LoginActivity]: dispatchAttachedToWindow
08-22 12:06:32.787 7640 7640 D ViewRootImpl@75bee20[LoginActivity]: Relayout returned: oldFrame=[0,0][0,0] newFrame=[0,0][768,1024] result=0x27 surface={isValid=true -1896716288} surfaceGenerationChanged=true
08-22 12:06:32.787 7640 7640 D ViewRootImpl@75bee20[LoginActivity]: mHardwareRenderer.initialize() mSurface={isValid=true -1896716288} hwInitialized=true
08-22 12:06:32.790 7640 7657 I Adreno-EGL: : EGL 1.4 QUALCOMM build: Nondeterministic_AU_msm8916_32_LA.BR.1.2.9_RB1__release_AU (I750f7f2fa6)
08-22 12:06:32.790 7640 7657 I Adreno-EGL: OpenGL ES Shader Compiler Version: XE031.09.00.03
08-22 12:06:32.790 7640 7657 I Adreno-EGL: Build Date: 02/18/17 Sat 08-22 12:06:32.790 7640 7657 I Adreno-EGL: Local Branch:
08-22 12:06:32.790 7640 7657 I Adreno-EGL: Remote Branch: quic/LA.BR.1.2.9_rb1.12
08-22 12:06:32.790 7640 7657 I Adreno-EGL: Local Patches: NONE
08-22 12:06:32.790 7640 7657 I Adreno-EGL: Reconstruct Branch: NOTHING
08-22 12:06:32.795 7640 7657 I OpenGLRenderer: Initialized EGL, version 1.4
08-22 12:06:32.795 7640 7657 D OpenGLRenderer: Swap behavior 1
08-22 12:06:32.795 7640 7657 W Adreno-EGL: : EGL_BAD_ATTRIBUTE
08-22 12:06:32.795 7640 7657 I OpenGLRenderer: KHR Debugger is Disabled - EGL_BAD_ATTRIBUTE
08-22 12:06:32.816 7640 7640 D ScrollView: onsize change changed
08-22 12:06:32.905 7640 7640 D ViewRootImpl@75bee20[LoginActivity]: MSG_RESIZED_REPORT: frame=Rect(0, 0 - 768, 1024) ci=Rect(0, 24 - 0, 0) vi=Rect(0, 24 - 0, 0) or=1
08-22 12:06:32.905 7640 7640 D ViewRootImpl@75bee20[LoginActivity]: MSG_WINDOW_FOCUS_CHANGED 1
08-22 12:06:32.905 7640 7640 D ViewRootImpl@75bee20[LoginActivity]: mHardwareRenderer.initializeIfNeeded()#2 mSurface={isValid=true -1896716288}
08-22 12:06:32.946 7640 7640 V InputMethodManager: Starting input: tba=android.view.inputmethod.EditorInfo@1e2c175 nm : cz.gienger.mobile ic=com.android.internal.widget.EditableInputConnection@9fc350a
08-22 12:06:32.946 7640 7640 I InputMethodManager: startInputInner - mService.startInputOrWindowGainedFocus
08-22 12:06:32.953 7640 7652 D InputTransport: Input channel constructed: fd=62
08-22 12:06:32.968 7640 7640 V InputMethodManager: Starting input: tba=android.view.inputmethod.EditorInfo@847d17b nm : cz.gienger.mobile ic=com.android.internal.widget.EditableInputConnection@889db98
08-22 12:06:33.802 7640 7640 D ViewRootImpl@75bee20[LoginActivity]: MSG_RESIZED: frame=Rect(0, 0 - 768, 1024) ci=Rect(0, 24 - 0, 320) vi=Rect(0, 24 - 0, 320) or=1
08-22 12:06:33.822 7640 7640 D ViewRootImpl@75bee20[LoginActivity]: Relayout returned: oldFrame=[0,0][768,1024] newFrame=[0,0][768,1024] result=0x1 surface={isValid=true -1896716288} surfaceGenerationChanged=false
08-22 12:06:33.826 7640 7640 D ScrollView: onsize change changed
08-22 12:06:37.842 7640 7640 D ViewRootImpl@75bee20[LoginActivity]: ViewPostImeInputStage processKey 0
08-22 12:06:37.849 7640 7640 D ViewRootImpl@75bee20[LoginActivity]: ViewPostImeInputStage processKey 1
08-22 12:07:08.173 7640 7640 D ViewRootImpl@75bee20[LoginActivity]: ViewPostImeInputStage processPointer 0
08-22 12:07:08.223 7640 7640 D ViewRootImpl@75bee20[LoginActivity]: ViewPostImeInputStage processPointer 1
08-22 12:07:08.257 7640 7640 V InputMethodManager: Starting input: tba=android.view.inputmethod.EditorInfo@a33ed4f nm : cz.gienger.mobile ic=com.android.internal.widget.EditableInputConnection@4844cdc
08-22 12:07:08.257 7640 7640 I InputMethodManager: startInputInner - mService.startInputOrWindowGainedFocus
08-22 12:07:08.259 7640 7640 D InputTransport: Input channel constructed: fd=71
08-22 12:07:08.259 7640 7640 D InputTransport: Input channel destroyed: fd=62
08-22 12:07:08.260 7640 7640 D InputMethodManager: SSI - flag : 0 Pid : 7640 view : cz.gienger.mobile
08-22 12:07:08.267 7640 7640 W IInputConnectionWrapper: performPrivateCommand on inactive InputConnection
08-22 12:07:08.267 7640 7640 W IInputConnectionWrapper: finishComposingText on inactive InputConnection
08-22 12:07:16.990 7640 7640 D ViewRootImpl@75bee20[LoginActivity]: ViewPostImeInputStage processPointer 0
08-22 12:07:17.048 7640 7640 D ViewRootImpl@75bee20[LoginActivity]: ViewPostImeInputStage processPointer 1
08-22 12:07:17.108 7640 7640 D ScrollView: initGoToTop
08-22 12:07:17.118 7640 7640 D ScrollView: initGoToTop
08-22 12:07:17.134 7640 7640 D ViewRootImpl@760acc3[LoginActivity]: ThreadedRenderer.create() translucent=true
08-22 12:07:17.140 7640 7640 D InputTransport: Input channel constructed: fd=66
08-22 12:07:17.141 7640 7640 D ViewRootImpl@760acc3[LoginActivity]: setView = DecorView@a9f2940[LoginActivity] touchMode=true
08-22 12:07:17.191 7640 7640 D NetworkSecurityConfig: No Network Security Config specified, using platform default
08-22 12:07:17.287 7640 7640 D ViewRootImpl@760acc3[LoginActivity]: dispatchAttachedToWindow
08-22 12:07:17.288 7640 7717 D MYINTERCEPTOR: /GiengerService.svc/oauth
08-22 12:07:17.288 7640 7717 D OkHttp : --> POST https://testsaig1.gienger.cz/GiengerService.svc/oauth http/1.1
08-22 12:07:17.288 7640 7717 D OkHttp : Content-Type: application/xml; charset=UTF-8
08-22 12:07:17.288 7640 7717 D OkHttp : Content-Length: 298
08-22 12:07:17.288 7640 7717 D OkHttp : --> END POST
08-22 12:07:17.319 7640 7640 D ViewRootImpl@760acc3[LoginActivity]: Relayout returned: oldFrame=[0,0][0,0] newFrame=[108,466][660,582] result=0x27 surface={isValid=true -1902731264} surfaceGenerationChanged=true
08-22 12:07:17.320 7640 7640 D ViewRootImpl@760acc3[LoginActivity]: mHardwareRenderer.initialize() mSurface={isValid=true -1902731264} hwInitialized=true
08-22 12:07:17.348 7640 7640 D ViewRootImpl@760acc3[LoginActivity]: MSG_WINDOW_FOCUS_CHANGED 1
08-22 12:07:17.348 7640 7640 D ViewRootImpl@760acc3[LoginActivity]: mHardwareRenderer.initializeIfNeeded()#2 mSurface={isValid=true -1902731264}
08-22 12:07:17.391 7640 7640 D ViewRootImpl@760acc3[LoginActivity]: MSG_RESIZED_REPORT: frame=Rect(108, 466 - 660, 582) ci=Rect(0, 0 - 0, 0) vi=Rect(0, 0 - 0, 0) or=1
08-22 12:07:17.409 7640 7640 D ViewRootImpl@75bee20[LoginActivity]: MSG_WINDOW_FOCUS_CHANGED 0
08-22 12:07:27.856 7640 7640 D ViewRootImpl@760acc3[LoginActivity]: ViewPostImeInputStage processKey 0
08-22 12:07:27.921 7640 7640 D MediaSessionHelper: dispatched volume adjustment
08-22 12:07:27.989 7640 7640 D ViewRootImpl@760acc3[LoginActivity]: ViewPostImeInputStage processKey 1
08-22 12:07:28.018 7640 7640 D MediaSessionHelper: dispatched volume adjustment
08-22 12:07:35.402 7640 7640 D ViewRootImpl@760acc3[LoginActivity]: MSG_WINDOW_FOCUS_CHANGED 0
08-22 12:07:35.606 7640 7640 D ViewRootImpl@75bee20[LoginActivity]: mHardwareRenderer.destroy()#1
08-22 12:07:35.620 7640 7640 D ViewRootImpl@75bee20[LoginActivity]: Relayout returned: oldFrame=[0,0][768,1024] newFrame=[0,0][768,1024] result=0x5 surface={isValid=false 0} surfaceGenerationChanged=true
08-22 12:07:35.623 7640 7640 D InputTransport: Input channel destroyed: fd=71
08-22 12:07:35.638 7640 7640 W IInputConnectionWrapper: finishComposingText on inactive InputConnection
08-22 12:07:35.638 7640 7640 W IInputConnectionWrapper: performPrivateCommand on inactive InputConnection
08-22 12:07:35.655 7640 7640 W IInputConnectionWrapper: reportFullscreenMode on inexistent InputConnection
08-22 12:07:35.655 7640 7640 W IInputConnectionWrapper: finishComposingText on inactive InputConnection
08-22 12:07:35.707 7640 7640 D ViewRootImpl@760acc3[LoginActivity]: mHardwareRenderer.destroy()#1
08-22 12:07:35.730 7640 7640 D ViewRootImpl@760acc3[LoginActivity]: Relayout returned: oldFrame=[108,466][660,582] newFrame=[108,466][660,582] result=0x5 surface={isValid=false 0} surfaceGenerationChanged=true
08-22 12:07:35.732 7640 7640 D ViewRootImpl@75bee20[LoginActivity]: mHardwareRenderer.destroy()#1
08-22 12:07:35.765 7640 7640 D ViewRootImpl@75bee20[LoginActivity]: Relayout returned: oldFrame=[0,0][768,1024] newFrame=[0,0][768,1024] result=0x1 surface={isValid=false 0} surfaceGenerationChanged=false
08-22 12:07:37.506 7640 7717 D OkHttp : <-- 200 https://testsaig1.gienger.cz/GiengerService.svc/oauth (20217ms)
08-22 12:07:37.507 7640 7717 D OkHttp : content-type: application/xml; charset=utf-8
08-22 12:07:37.507 7640 7717 D OkHttp : server: Microsoft-IIS/10.0
08-22 12:07:37.507 7640 7717 D OkHttp : x-powered-by: ASP.NET
08-22 12:07:37.507 7640 7717 D OkHttp : date: Wed, 22 Aug 2018 10:07:37 GMT
08-22 12:07:37.507 7640 7717 D OkHttp : content-length: 292
08-22 12:07:37.507 7640 7717 D OkHttp : <-- END HTTP
08-22 12:07:37.538 7640 7717 D MYINTERCEPTOR: /GiengerService.svc/userinfo
08-22 12:07:37.538 7640 7717 D OkHttp : --> POST https://testsaig1.gienger.cz/GiengerService.svc/userinfo http/1.1
08-22 12:07:37.538 7640 7717 D OkHttp : Content-Type: application/xml; charset=UTF-8
08-22 12:07:37.538 7640 7717 D OkHttp : Content-Length: 139
08-22 12:07:37.538 7640 7717 D OkHttp : token: e21a404f3d50c653c52fccd8157ef71f
08-22 12:07:37.538 7640 7717 D OkHttp : --> END POST
08-22 12:07:37.648 7640 7717 D OkHttp : <-- 200 https://testsaig1.gienger.cz/GiengerService.svc/userinfo (109ms)
08-22 12:07:37.648 7640 7717 D OkHttp : content-type: application/xml; charset=utf-8
08-22 12:07:37.648 7640 7717 D OkHttp : server: Microsoft-IIS/10.0
08-22 12:07:37.648 7640 7717 D OkHttp : x-powered-by: ASP.NET
08-22 12:07:37.648 7640 7717 D OkHttp : date: Wed, 22 Aug 2018 10:07:37 GMT
08-22 12:07:37.648 7640 7717 D OkHttp : content-length: 196
08-22 12:07:37.648 7640 7717 D OkHttp : <-- END HTTP
08-22 12:07:37.686 7640 7640 D ScrollView: initGoToTop
08-22 12:07:37.691 7640 7640 D ScrollView: initGoToTop
08-22 12:07:37.712 7640 7640 D ViewRootImpl@463d4cf[LoginActivity]: ThreadedRenderer.create() translucent=true
08-22 12:07:37.716 7640 7640 D InputTransport: Input channel constructed: fd=63
08-22 12:07:37.717 7640 7640 D ViewRootImpl@463d4cf[LoginActivity]: setView = DecorView@72de5c[LoginActivity] touchMode=true
08-22 12:07:37.721 7640 7640 D ViewRootImpl@760acc3[LoginActivity]: mHardwareRenderer.destroy()#4
08-22 12:07:37.721 7640 7640 D ViewRootImpl@760acc3[LoginActivity]: dispatchDetachedFromWindow
08-22 12:07:37.735 7640 7640 D InputTransport: Input channel destroyed: fd=66
08-22 12:07:37.746 7640 7640 D ViewRootImpl@75bee20[LoginActivity]: Relayout returned: oldFrame=[0,0][768,1024] newFrame=[0,0][768,1024] result=0x1 surface={isValid=false 0} surfaceGenerationChanged=false
08-22 12:07:37.747 7640 7640 D ViewRootImpl@463d4cf[LoginActivity]: dispatchAttachedToWindow
08-22 12:07:37.762 7640 7640 D ViewRootImpl@463d4cf[LoginActivity]: Relayout returned: oldFrame=[0,0][0,0] newFrame=[384,524][384,524] result=0x1 surface={isValid=false 0} surfaceGenerationChanged=false
08-22 12:07:37.770 7640 7640 D ScrollView: onsize change changed
08-22 12:07:37.770 7640 7640 D ScrollView: onsize change changed
08-22 12:07:49.931 7640 7640 D TextView: SYANI: Clipboard API is calling: clearFilter()
08-22 12:07:49.932 7640 7640 D TextView: SYANI: Clipboard API is calling: unregisterClipboardEventListener()
08-22 12:07:49.935 7640 7640 D TextView: SYANI: Clipboard API is calling: clearFilter()
08-22 12:07:49.935 7640 7640 D TextView: SYANI: Clipboard API is calling: unregisterClipboardEventListener()
08-22 12:07:49.951 7640 7640 D ViewRootImpl@75bee20[LoginActivity]: mHardwareRenderer.destroy()#4
08-22 12:07:49.951 7640 7640 D ViewRootImpl@75bee20[LoginActivity]: dispatchDetachedFromWindow
08-22 12:07:49.959 7640 7640 D InputTransport: Input channel destroyed: fd=59
08-22 12:07:49.970 7640 7640 E WindowManager:
08-22 12:07:49.970 7640 7640 E WindowManager: android.view.WindowLeaked: Activity cz.gienger.mobile.activity.LoginActivity has leaked window DecorView@72de5c[LoginActivity] that was originally added here
08-22 12:07:49.970 7640 7640 E WindowManager: at android.view.ViewRootImpl.(ViewRootImpl.java:589)
08-22 12:07:49.970 7640 7640 E WindowManager: at android.view.WindowManagerGlobal.addView(WindowManagerGlobal.java:360)
08-22 12:07:49.970 7640 7640 E WindowManager: at android.view.WindowManagerImpl.addView(WindowManagerImpl.java:105)
08-22 12:07:49.970 7640 7640 E WindowManager: at android.app.Dialog.show(Dialog.java:404)
08-22 12:07:49.970 7640 7640 E WindowManager: at cz.gienger.mobile.activity.LoginActivity.onLoginSuccessful(LoginActivity.java:206)
08-22 12:07:49.970 7640 7640 E WindowManager: at cz.gienger.mobile.fragments.LoginFragment$4.onResponse(LoginFragment.java:294)
08-22 12:07:49.970 7640 7640 E WindowManager: at retrofit2.ExecutorCallAdapterFactory$ExecutorCallbackCall$1$1.run(ExecutorCallAdapterFactory.java:70)
08-22 12:07:49.970 7640 7640 E WindowManager: at android.os.Handler.handleCallback(Handler.java:751)
08-22 12:07:49.970 7640 7640 E WindowManager: at android.os.Handler.dispatchMessage(Handler.java:95)
08-22 12:07:49.970 7640 7640 E WindowManager: at android.os.Looper.loop(Looper.java:154)
08-22 12:07:49.970 7640 7640 E WindowManager: at android.app.ActivityThread.main(ActivityThread.java:6823)
08-22 12:07:49.970 7640 7640 E WindowManager: at java.lang.reflect.Method.invoke(Native Method)
08-22 12:07:49.970 7640 7640 E WindowManager: at com.android.internal.os.ZygoteInit$MethodAndArgsCaller.run(ZygoteInit.java:1563)
08-22 12:07:49.970 7640 7640 E WindowManager: at com.android.internal.os.ZygoteInit.main(ZygoteInit.java:1451)
08-22 12:07:49.971 7640 7640 D ViewRootImpl@463d4cf[LoginActivity]: mHardwareRenderer.destroy()#4
08-22 12:07:49.971 7640 7640 E ViewRootImpl: sendUserActionEvent() returned.
08-22 12:07:49.975 7640 7640 D ViewRootImpl@463d4cf[LoginActivity]: dispatchDetachedFromWindow
08-22 12:07:49.982 7640 7640 D InputTransport: Input channel destroyed: fd=63
08-22 12:07:50.087 7640 7640 D FILES : /data/user/0/cz.gienger.mobile/files/delivery
08-22 12:07:50.091 7640 7640 D ScrollView: initGoToTop
08-22 12:07:50.123 7640 7640 D ViewRootImpl@50cd131[LoginActivity]: ThreadedRenderer.create() translucent=false
08-22 12:07:50.127 7640 7640 D InputTransport: Input channel constructed: fd=61
08-22 12:07:50.127 7640 7640 D ViewRootImpl@50cd131[LoginActivity]: setView = DecorView@b183016[LoginActivity] touchMode=true
08-22 12:07:50.139 7640 7640 D ViewRootImpl@50cd131[LoginActivity]: dispatchAttachedToWindow
08-22 12:07:50.161 7640 7640 D ViewRootImpl@50cd131[LoginActivity]: Relayout returned: oldFrame=[0,0][0,0] newFrame=[0,0][768,1024] result=0x27 surface={isValid=true -1919660032} surfaceGenerationChanged=true
08-22 12:07:50.161 7640 7640 D ViewRootImpl@50cd131[LoginActivity]: mHardwareRenderer.initialize() mSurface={isValid=true -1919660032} hwInitialized=true
08-22 12:07:50.191 7640 7640 D ScrollView: onsize change changed
08-22 12:07:50.215 7640 7640 D ViewRootImpl@50cd131[LoginActivity]: MSG_RESIZED_REPORT: frame=Rect(0, 0 - 768, 1024) ci=Rect(0, 24 - 0, 0) vi=Rect(0, 24 - 0, 0) or=1
08-22 12:07:50.215 7640 7640 D ViewRootImpl@50cd131[LoginActivity]: MSG_WINDOW_FOCUS_CHANGED 1
08-22 12:07:50.216 7640 7640 D ViewRootImpl@50cd131[LoginActivity]: mHardwareRenderer.initializeIfNeeded()#2 mSurface={isValid=true -1919660032}
08-22 12:07:50.236 7640 7640 V InputMethodManager: Starting input: tba=android.view.inputmethod.EditorInfo@a1d2bee nm : cz.gienger.mobile ic=com.android.internal.widget.EditableInputConnection@9e2688f
08-22 12:07:50.236 7640 7640 I InputMethodManager: startInputInner - mService.startInputOrWindowGainedFocus
08-22 12:07:50.255 7640 7640 D InputTransport: Input channel constructed: fd=63
08-22 12:07:50.619 7640 7640 D ViewRootImpl@50cd131[LoginActivity]: MSG_RESIZED: frame=Rect(0, 0 - 768, 1024) ci=Rect(0, 24 - 0, 320) vi=Rect(0, 24 - 0, 320) or=1
08-22 12:07:50.644 7640 7640 D ViewRootImpl@50cd131[LoginActivity]: Relayout returned: oldFrame=[0,0][768,1024] newFrame=[0,0][768,1024] result=0x1 surface={isValid=true -1919660032} surfaceGenerationChanged=false
08-22 12:07:50.647 7640 7640 D ScrollView: onsize change changed
08-22 12:07:51.785 7640 7640 D ViewRootImpl@50cd131[LoginActivity]: ViewPostImeInputStage processPointer 0
08-22 12:07:51.825 7640 7640 D ViewRootImpl@50cd131[LoginActivity]: ViewPostImeInputStage processPointer 1
08-22 12:07:51.829 7640 7640 D InputMethodManager: SSI - flag : 0 Pid : 7640 view : cz.gienger.mobile
08-22 12:07:53.799 7640 7640 D ViewRootImpl@50cd131[LoginActivity]: ViewPostImeInputStage processPointer 0
08-22 12:07:53.858 7640 7640 D ViewRootImpl@50cd131[LoginActivity]: ViewPostImeInputStage processPointer 1
08-22 12:07:53.871 7640 7640 V InputMethodManager: Starting input: tba=android.view.inputmethod.EditorInfo@d4da87 nm : cz.gienger.mobile ic=com.android.internal.widget.EditableInputConnection@a05db4
08-22 12:07:53.871 7640 7640 I InputMethodManager: startInputInner - mService.startInputOrWindowGainedFocus
08-22 12:07:53.874 7640 7640 D InputTransport: Input channel constructed: fd=73
08-22 12:07:53.874 7640 7640 D InputTransport: Input channel destroyed: fd=63
08-22 12:07:53.874 7640 7640 D InputMethodManager: SSI - flag : 0 Pid : 7640 view : cz.gienger.mobile
08-22 12:07:53.878 7640 7640 W IInputConnectionWrapper: performPrivateCommand on inactive InputConnection
08-22 12:07:53.878 7640 7640 W IInputConnectionWrapper: finishComposingText on inactive InputConnection
08-22 12:07:57.344 7640 7640 D ViewRootImpl@50cd131[LoginActivity]: ViewPostImeInputStage processPointer 0
08-22 12:07:57.418 7640 7640 D ViewRootImpl@50cd131[LoginActivity]: ViewPostImeInputStage processPointer 1
08-22 12:07:57.449 7640 7640 D ScrollView: initGoToTop
08-22 12:07:57.455 7640 7640 D ScrollView: initGoToTop
08-22 12:07:57.466 7640 7640 D ViewRootImpl@4e491fe[LoginActivity]: ThreadedRenderer.create() translucent=true
08-22 12:07:57.472 7640 7640 D InputTransport: Input channel constructed: fd=67
08-22 12:07:57.473 7640 7640 D ViewRootImpl@4e491fe[LoginActivity]: setView = DecorView@241bd5f[LoginActivity] touchMode=true
08-22 12:07:57.482 7640 7717 D MYINTERCEPTOR: /GiengerService.svc/oauth
08-22 12:07:57.483 7640 7717 D OkHttp : --> POST https://testsaig1.gienger.cz/GiengerService.svc/oauth http/1.1
08-22 12:07:57.483 7640 7717 D OkHttp : Content-Type: application/xml; charset=UTF-8
08-22 12:07:57.483 7640 7717 D OkHttp : Content-Length: 298
08-22 12:07:57.483 7640 7717 D OkHttp : --> END POST
08-22 12:07:57.484 7640 7640 D ViewRootImpl@4e491fe[LoginActivity]: dispatchAttachedToWindow
08-22 12:07:57.510 7640 7640 D ViewRootImpl@4e491fe[LoginActivity]: Relayout returned: oldFrame=[0,0][0,0] newFrame=[108,466][660,582] result=0x27 surface={isValid=true -1919920128} surfaceGenerationChanged=true
08-22 12:07:57.512 7640 7640 D ViewRootImpl@4e491fe[LoginActivity]: mHardwareRenderer.initialize() mSurface={isValid=true -1919920128} hwInitialized=true
08-22 12:07:57.530 7640 7640 D ViewRootImpl@4e491fe[LoginActivity]: MSG_WINDOW_FOCUS_CHANGED 1
08-22 12:07:57.530 7640 7640 D ViewRootImpl@4e491fe[LoginActivity]: mHardwareRenderer.initializeIfNeeded()#2 mSurface={isValid=true -1919920128}
08-22 12:07:57.547 7640 7640 D ViewRootImpl@4e491fe[LoginActivity]: MSG_RESIZED_REPORT: frame=Rect(108, 466 - 660, 582) ci=Rect(0, 0 - 0, 0) vi=Rect(0, 0 - 0, 0) or=1
08-22 12:07:57.571 7640 7640 D ViewRootImpl@50cd131[LoginActivity]: MSG_WINDOW_FOCUS_CHANGED 0
08-22 12:07:57.581 7640 7717 D OkHttp : <-- 200 https://testsaig1.gienger.cz/GiengerService.svc/oauth (97ms)
08-22 12:07:57.581 7640 7717 D OkHttp : content-type: application/xml; charset=utf-8
08-22 12:07:57.581 7640 7717 D OkHttp : server: Microsoft-IIS/10.0
08-22 12:07:57.581 7640 7717 D OkHttp : x-powered-by: ASP.NET
08-22 12:07:57.581 7640 7717 D OkHttp : date: Wed, 22 Aug 2018 10:07:57 GMT
08-22 12:07:57.581 7640 7717 D OkHttp : content-length: 292
08-22 12:07:57.581 7640 7717 D OkHttp : <-- END HTTP
08-22 12:07:57.618 7640 7717 D MYINTERCEPTOR: /GiengerService.svc/userinfo
08-22 12:07:57.618 7640 7717 D OkHttp : --> POST https://testsaig1.gienger.cz/GiengerService.svc/userinfo http/1.1
08-22 12:07:57.618 7640 7717 D OkHttp : Content-Type: application/xml; charset=UTF-8
08-22 12:07:57.618 7640 7717 D OkHttp : Content-Length: 139
08-22 12:07:57.618 7640 7717 D OkHttp : token: e21a404f3d50c653c52fccd8157ef71f
08-22 12:07:57.618 7640 7717 D OkHttp : --> END POST
08-22 12:07:57.651 7640 7717 D OkHttp : <-- 200 https://testsaig1.gienger.cz/GiengerService.svc/userinfo (32ms)
08-22 12:07:57.651 7640 7717 D OkHttp : content-type: application/xml; charset=utf-8
08-22 12:07:57.651 7640 7717 D OkHttp : server: Microsoft-IIS/10.0
08-22 12:07:57.651 7640 7717 D OkHttp : x-powered-by: ASP.NET
08-22 12:07:57.651 7640 7717 D OkHttp : date: Wed, 22 Aug 2018 10:07:57 GMT
08-22 12:07:57.651 7640 7717 D OkHttp : content-length: 196
08-22 12:07:57.651 7640 7717 D OkHttp : <-- END HTTP
08-22 12:07:57.697 7640 7640 D ScrollView: initGoToTop
08-22 12:07:57.704 7640 7640 D ScrollView: initGoToTop
08-22 12:07:57.717 7640 7640 D ViewRootImpl@8141b6a[LoginActivity]: ThreadedRenderer.create() translucent=true
08-22 12:07:57.744 7640 7640 D InputTransport: Input channel constructed: fd=75
08-22 12:07:57.745 7640 7640 D ViewRootImpl@8141b6a[LoginActivity]: setView = DecorView@ee6285b[LoginActivity] touchMode=true
08-22 12:07:57.796 7640 7640 D ViewRootImpl@4e491fe[LoginActivity]: mHardwareRenderer.destroy()#4
08-22 12:07:57.796 7640 7640 D ViewRootImpl@4e491fe[LoginActivity]: dispatchDetachedFromWindow
08-22 12:07:57.815 7640 7640 D InputTransport: Input channel destroyed: fd=67
08-22 12:07:57.837 7640 7640 D ViewRootImpl@50cd131[LoginActivity]: Relayout returned: oldFrame=[0,0][768,1024] newFrame=[0,0][768,1024] result=0x1 surface={isValid=true -1919660032} surfaceGenerationChanged=false
08-22 12:07:57.846 7640 7640 D ViewRootImpl@8141b6a[LoginActivity]: dispatchAttachedToWindow
08-22 12:07:57.868 7640 7645 I art : Do partial code cache collection, code=22KB, data=28KB
08-22 12:07:57.869 7640 7645 I art : After code cache collection, code=22KB, data=28KB
08-22 12:07:57.869 7640 7645 I art : Increasing code cache capacity to 128KB
08-22 12:07:57.880 7640 7640 D ViewRootImpl@8141b6a[LoginActivity]: Relayout returned: oldFrame=[0,0][0,0] newFrame=[108,423][660,624] result=0x27 surface={isValid=true -1919920128} surfaceGenerationChanged=true
08-22 12:07:57.881 7640 7640 D ViewRootImpl@8141b6a[LoginActivity]: mHardwareRenderer.initialize() mSurface={isValid=true -1919920128} hwInitialized=true
08-22 12:07:57.890 7640 7640 D ScrollView: onsize change changed
08-22 12:07:57.890 7640 7640 D ScrollView: onsize change changed
08-22 12:07:57.895 7640 7640 D ViewRootImpl@8141b6a[LoginActivity]: MSG_WINDOW_FOCUS_CHANGED 1
08-22 12:07:57.895 7640 7640 D ViewRootImpl@8141b6a[LoginActivity]: mHardwareRenderer.initializeIfNeeded()#2 mSurface={isValid=true -1919920128}
08-22 12:07:57.910 7640 7640 D ViewRootImpl@8141b6a[LoginActivity]: MSG_RESIZED_REPORT: frame=Rect(108, 423 - 660, 624) ci=Rect(0, 0 - 0, 0) vi=Rect(0, 0 - 0, 0) or=1
08-22 12:07:57.932 7640 7640 E ViewRootImpl: sendUserActionEvent() returned.
08-22 12:07:58.752 7640 7640 D ViewRootImpl@8141b6a[LoginActivity]: ViewPostImeInputStage processPointer 0
08-22 12:07:58.855 7640 7640 D ViewRootImpl@8141b6a[LoginActivity]: ViewPostImeInputStage processPointer 1
08-22 12:07:58.872 7640 7640 D ViewRootImpl@8141b6a[LoginActivity]: mHardwareRenderer.destroy()#4
08-22 12:07:58.872 7640 7640 D ViewRootImpl@8141b6a[LoginActivity]: dispatchDetachedFromWindow
08-22 12:07:58.884 7640 7640 D InputTransport: Input channel destroyed: fd=75
08-22 12:07:58.912 7640 7717 D MYINTERCEPTOR: /GiengerService.svc/manifests
08-22 12:07:58.917 7640 7717 D OkHttp : --> GET https://testsaig1.gienger.cz/GiengerService.svc/manifests http/1.1
08-22 12:07:58.917 7640 7717 D OkHttp : state: CZ
08-22 12:07:58.917 7640 7717 D OkHttp : token: e21a404f3d50c653c52fccd8157ef71f
08-22 12:07:58.917 7640 7717 D OkHttp : --> END GET
08-22 12:07:58.922 7640 7640 D TextView: SYANI: Clipboard API is calling: clearFilter()
08-22 12:07:58.922 7640 7640 D TextView: SYANI: Clipboard API is calling: unregisterClipboardEventListener()
08-22 12:07:58.923 7640 7640 D TextView: SYANI: Clipboard API is calling: clearFilter()
08-22 12:07:58.923 7640 7640 D TextView: SYANI: Clipboard API is calling: unregisterClipboardEventListener()
08-22 12:07:58.934 7640 7640 D ViewRootImpl@50cd131[LoginActivity]: mHardwareRenderer.destroy()#4
08-22 12:07:58.934 7640 7640 D ViewRootImpl@50cd131[LoginActivity]: dispatchDetachedFromWindow
08-22 12:07:58.935 7640 7640 D InputTransport: Input channel destroyed: fd=61
08-22 12:07:58.972 7640 7640 D FILES : /data/user/0/cz.gienger.mobile/files/delivery
08-22 12:07:58.988 7640 7812 D MYINTERCEPTOR: /GiengerService.svc/manifests
08-22 12:07:58.992 7640 7812 D OkHttp : --> GET https://testsaig1.gienger.cz/GiengerService.svc/manifests http/1.1
08-22 12:07:58.992 7640 7812 D OkHttp : state: CZ
08-22 12:07:58.992 7640 7812 D OkHttp : token: e21a404f3d50c653c52fccd8157ef71f
08-22 12:07:58.992 7640 7812 D OkHttp : --> END GET
08-22 12:07:59.004 7640 7813 D MYINTERCEPTOR: /GiengerService.svc/manifests
08-22 12:07:59.007 7640 7813 D OkHttp : --> GET https://testsaig1.gienger.cz/GiengerService.svc/manifests http/1.1
08-22 12:07:59.007 7640 7813 D OkHttp : state: CZ
08-22 12:07:59.007 7640 7813 D OkHttp : token: e21a404f3d50c653c52fccd8157ef71f
08-22 12:07:59.007 7640 7813 D OkHttp : --> END GET
08-22 12:07:59.010 7640 7640 D ViewRootImpl@2207db8[LoginActivity]: ThreadedRenderer.create() translucent=false
08-22 12:07:59.014 7640 7640 D InputTransport: Input channel constructed: fd=61
08-22 12:07:59.014 7640 7640 D ViewRootImpl@2207db8[LoginActivity]: setView = DecorView@273c791[LoginActivity] touchMode=true
08-22 12:07:59.017 7640 7640 D ViewRootImpl@2207db8[LoginActivity]: dispatchAttachedToWindow
08-22 12:07:59.043 7640 7717 D OkHttp : <-- 200 https://testsaig1.gienger.cz/GiengerService.svc/manifests (125ms)
08-22 12:07:59.044 7640 7717 D OkHttp : content-type: application/xml; charset=utf-8
08-22 12:07:59.044 7640 7717 D OkHttp : server: Microsoft-IIS/10.0
08-22 12:07:59.044 7640 7717 D OkHttp : x-powered-by: ASP.NET
08-22 12:07:59.044 7640 7717 D OkHttp : date: Wed, 22 Aug 2018 10:07:58 GMT
08-22 12:07:59.044 7640 7717 D OkHttp : content-length: 11482
08-22 12:07:59.044 7640 7717 D OkHttp : <-- END HTTP
08-22 12:07:59.064 7640 7812 D OkHttp : <-- 200 https://testsaig1.gienger.cz/GiengerService.svc/manifests (71ms)
08-22 12:07:59.064 7640 7812 D OkHttp : content-type: application/xml; charset=utf-8
08-22 12:07:59.064 7640 7812 D OkHttp : server: Microsoft-IIS/10.0
08-22 12:07:59.064 7640 7812 D OkHttp : x-powered-by: ASP.NET
08-22 12:07:59.064 7640 7812 D OkHttp : date: Wed, 22 Aug 2018 10:07:58 GMT
08-22 12:07:59.064 7640 7812 D OkHttp : content-length: 11482
08-22 12:07:59.064 7640 7812 D OkHttp : <-- END HTTP
08-22 12:07:59.066 7640 7640 D ViewRootImpl@2207db8[LoginActivity]: Relayout returned: oldFrame=[0,0][0,0] newFrame=[0,0][768,1024] result=0x27 surface={isValid=true -1919756288} surfaceGenerationChanged=true
08-22 12:07:59.067 7640 7640 D ViewRootImpl@2207db8[LoginActivity]: mHardwareRenderer.initialize() mSurface={isValid=true -1919756288} hwInitialized=true
08-22 12:07:59.077 7640 7640 D AbsListView: in onLayout changed
08-22 12:07:59.078 7640 7640 E ViewRootImpl: sendUserActionEvent() returned.
08-22 12:07:59.078 7640 7640 E ViewRootImpl: sendUserActionEvent() returned.
08-22 12:07:59.080 7640 7813 D OkHttp : <-- 200 https://testsaig1.gienger.cz/GiengerService.svc/manifests (73ms)
08-22 12:07:59.080 7640 7813 D OkHttp : content-type: application/xml; charset=utf-8
08-22 12:07:59.080 7640 7813 D OkHttp : server: Microsoft-IIS/10.0
08-22 12:07:59.081 7640 7813 D OkHttp : x-powered-by: ASP.NET
08-22 12:07:59.081 7640 7813 D OkHttp : date: Wed, 22 Aug 2018 10:07:58 GMT
08-22 12:07:59.081 7640 7813 D OkHttp : content-length: 11482
08-22 12:07:59.081 7640 7813 D OkHttp : <-- END HTTP
08-22 12:07:59.114 7640 7640 D ViewRootImpl@2207db8[LoginActivity]: MSG_RESIZED_REPORT: frame=Rect(0, 0 - 768, 1024) ci=Rect(0, 24 - 0, 320) vi=Rect(0, 24 - 0, 320) or=1
08-22 12:07:59.114 7640 7640 D ViewRootImpl@2207db8[LoginActivity]: MSG_WINDOW_FOCUS_CHANGED 1
08-22 12:07:59.114 7640 7640 D ViewRootImpl@2207db8[LoginActivity]: mHardwareRenderer.initializeIfNeeded()#2 mSurface={isValid=true -1919756288}
08-22 12:07:59.117 7640 7640 V InputMethodManager: Starting input: tba=android.view.inputmethod.EditorInfo@51f54fc nm : cz.gienger.mobile ic=null
08-22 12:07:59.117 7640 7640 I InputMethodManager: startInputInner - mService.startInputOrWindowGainedFocus
08-22 12:07:59.128 7640 7640 D InputTransport: Input channel constructed: fd=63
08-22 12:07:59.128 7640 7640 D InputTransport: Input channel destroyed: fd=73
08-22 12:07:59.144 7640 7640 E ViewRootImpl: sendUserActionEvent() returned.
08-22 12:07:59.144 7640 7640 W IInputConnectionWrapper: finishComposingText on inactive InputConnection
08-22 12:07:59.145 7640 7640 W IInputConnectionWrapper: performPrivateCommand on inactive InputConnection
08-22 12:07:59.177 7640 7640 W IInputConnectionWrapper: finishComposingText on inactive InputConnection
08-22 12:07:59.213 7640 7640 D ViewRootImpl@2207db8[LoginActivity]: MSG_RESIZED: frame=Rect(0, 0 - 768, 1024) ci=Rect(0, 24 - 0, 0) vi=Rect(0, 24 - 0, 0) or=1
08-22 12:07:59.234 7640 7640 D ViewRootImpl@2207db8[LoginActivity]: Relayout returned: oldFrame=[0,0][768,1024] newFrame=[0,0][768,1024] result=0x1 surface={isValid=true -1919756288} surfaceGenerationChanged=false
08-22 12:07:59.236 7640 7640 D AbsListView: in onLayout changed
08-22 12:07:59.281 7640 7640 D DOWNLOAD_MANIFESTS: success
08-22 12:07:59.305 7640 7645 I art : Do partial code cache collection, code=45KB, data=62KB
08-22 12:07:59.306 7640 7645 I art : After code cache collection, code=45KB, data=62KB
08-22 12:07:59.306 7640 7645 I art : Increasing code cache capacity to 256KB
08-22 12:07:59.363 7640 7640 D DOWNLOAD_MANIFESTS: success
08-22 12:07:59.392 7640 7640 D DOWNLOAD_MANIFESTS: success
08-22 12:07:59.637 7640 7640 V InputMethodManager: Starting input: tba=android.view.inputmethod.EditorInfo@b9bc7e8 nm : cz.gienger.mobile ic=null
08-22 12:07:59.637 7640 7640 I InputMethodManager: startInputInner - mService.startInputOrWindowGainedFocus
08-22 12:07:59.638 7640 7640 D InputTransport: Input channel constructed: fd=75
08-22 12:07:59.638 7640 7640 D InputTransport: Input channel destroyed: fd=63
08-22 12:08:01.896 7640 7640 D ViewRootImpl@2207db8[LoginActivity]: ViewPostImeInputStage processPointer 0
08-22 12:08:01.944 7640 7640 D ViewRootImpl@2207db8[LoginActivity]: ViewPostImeInputStage processPointer 1
08-22 12:08:01.945 7640 7640 D AbsListView: onTouchUp() mTouchMode : 0
08-22 12:08:03.000 7640 7640 D ViewRootImpl@2207db8[LoginActivity]: ViewPostImeInputStage processPointer 0
08-22 12:08:03.080 7640 7640 D ViewRootImpl@2207db8[LoginActivity]: ViewPostImeInputStage processPointer 1
08-22 12:08:03.111 7640 7640 D InputMethodManager: HSIFW - flag : 0 Pid : 7640
08-22 12:08:03.173 7640 7640 D AbsListView: in onLayout changed
08-22 12:08:04.873 7640 7640 D ViewRootImpl@2207db8[LoginActivity]: ViewPostImeInputStage processPointer 0
08-22 12:08:04.942 7640 7640 D ViewRootImpl@2207db8[LoginActivity]: ViewPostImeInputStage processPointer 1
08-22 12:08:04.942 7640 7640 D AbsListView: onTouchUp() mTouchMode : 0
08-22 12:08:06.675 7640 7640 D ViewRootImpl@2207db8[LoginActivity]: ViewPostImeInputStage processPointer 0
08-22 12:08:06.755 7640 7640 D ViewRootImpl@2207db8[LoginActivity]: ViewPostImeInputStage processPointer 1
08-22 12:08:06.784 7640 7640 D ScrollView: initGoToTop
08-22 12:08:06.789 7640 7640 D ScrollView: initGoToTop
08-22 12:08:06.798 7640 7640 D ViewRootImpl@1afcedd[LoginActivity]: ThreadedRenderer.create() translucent=true
08-22 12:08:06.804 7640 7640 D InputTransport: Input channel constructed: fd=67
08-22 12:08:06.804 7640 7640 D ViewRootImpl@1afcedd[LoginActivity]: setView = DecorView@4d09a52[LoginActivity] touchMode=true
08-22 12:08:06.810 7640 7717 D MYINTERCEPTOR: /GiengerService.svc/manifestinfo
08-22 12:08:06.812 7640 7717 D OkHttp : --> POST https://testsaig1.gienger.cz/GiengerService.svc/manifestinfo http/1.1
08-22 12:08:06.812 7640 7717 D OkHttp : Content-Length: 0
08-22 12:08:06.812 7640 7717 D OkHttp : state: CZ
08-22 12:08:06.813 7640 7717 D OkHttp : id: D02_trasa_D02-04_ranni_30_07_2018
08-22 12:08:06.813 7640 7717 D OkHttp : token: e21a404f3d50c653c52fccd8157ef71f
08-22 12:08:06.813 7640 7717 D OkHttp : --> END POST
08-22 12:08:06.814 7640 7640 D ViewRootImpl@1afcedd[LoginActivity]: dispatchAttachedToWindow
08-22 12:08:06.848 7640 7640 D ViewRootImpl@1afcedd[LoginActivity]: Relayout returned: oldFrame=[0,0][0,0] newFrame=[108,466][660,582] result=0x27 surface={isValid=true -1912672256} surfaceGenerationChanged=true
08-22 12:08:06.848 7640 7640 D ViewRootImpl@1afcedd[LoginActivity]: mHardwareRenderer.initialize() mSurface={isValid=true -1912672256} hwInitialized=true
08-22 12:08:06.852 7640 7640 D ViewRootImpl@1afcedd[LoginActivity]: MSG_WINDOW_FOCUS_CHANGED 1
08-22 12:08:06.852 7640 7640 D ViewRootImpl@1afcedd[LoginActivity]: mHardwareRenderer.initializeIfNeeded()#2 mSurface={isValid=true -1912672256}
08-22 12:08:06.875 7640 7640 D ViewRootImpl@1afcedd[LoginActivity]: MSG_RESIZED_REPORT: frame=Rect(108, 466 - 660, 582) ci=Rect(0, 0 - 0, 0) vi=Rect(0, 0 - 0, 0) or=1
08-22 12:08:06.907 7640 7640 D ViewRootImpl@2207db8[LoginActivity]: MSG_WINDOW_FOCUS_CHANGED 0
08-22 12:08:06.967 7640 7717 D OkHttp : <-- 200 https://testsaig1.gienger.cz/GiengerService.svc/manifestinfo (154ms)
08-22 12:08:06.967 7640 7717 D OkHttp : content-type: application/xml; charset=utf-8
08-22 12:08:06.967 7640 7717 D OkHttp : server: Microsoft-IIS/10.0
08-22 12:08:06.967 7640 7717 D OkHttp : x-powered-by: ASP.NET
08-22 12:08:06.967 7640 7717 D OkHttp : date: Wed, 22 Aug 2018 10:08:06 GMT
08-22 12:08:06.967 7640 7717 D OkHttp : content-length: 217
08-22 12:08:06.968 7640 7717 D OkHttp : <-- END HTTP
08-22 12:08:07.018 7640 7819 D MYINTERCEPTOR: /GiengerService.svc/corrections
08-22 12:08:07.021 7640 7819 D OkHttp : --> GET https://testsaig1.gienger.cz/GiengerService.svc/corrections http/1.1
08-22 12:08:07.022 7640 7819 D OkHttp : token: e21a404f3d50c653c52fccd8157ef71f
08-22 12:08:07.022 7640 7819 D OkHttp : --> END GET
08-22 12:08:07.247 7640 7819 D OkHttp : <-- 200 https://testsaig1.gienger.cz/GiengerService.svc/corrections (225ms)
08-22 12:08:07.248 7640 7819 D OkHttp : content-type: application/xml; charset=utf-8
08-22 12:08:07.248 7640 7819 D OkHttp : server: Microsoft-IIS/10.0
08-22 12:08:07.248 7640 7819 D OkHttp : x-powered-by: ASP.NET
08-22 12:08:07.248 7640 7819 D OkHttp : date: Wed, 22 Aug 2018 10:08:06 GMT
08-22 12:08:07.248 7640 7819 D OkHttp : content-length: 1267
08-22 12:08:07.248 7640 7819 D OkHttp : <-- END HTTP
08-22 12:08:07.296 7640 7819 D MYINTERCEPTOR: /GiengerService.svc/getorder
08-22 12:08:07.299 7640 7819 D OkHttp : --> POST https://testsaig1.gienger.cz/GiengerService.svc/getorder http/1.1
08-22 12:08:07.299 7640 7819 D OkHttp : Content-Length: 0
08-22 12:08:07.299 7640 7819 D OkHttp : name: 130DT1180223781.xml
08-22 12:08:07.299 7640 7819 D OkHttp : token: e21a404f3d50c653c52fccd8157ef71f
08-22 12:08:07.299 7640 7819 D OkHttp : --> END POST
08-22 12:08:07.482 7640 7819 D OkHttp : <-- 200 https://testsaig1.gienger.cz/GiengerService.svc/getorder (182ms)
08-22 12:08:07.482 7640 7819 D OkHttp : content-type: application/xml; charset=utf-8
08-22 12:08:07.482 7640 7819 D OkHttp : server: Microsoft-IIS/10.0
08-22 12:08:07.482 7640 7819 D OkHttp : checksum: 5d29d6b31f557f21395e6e59d1414e80
08-22 12:08:07.482 7640 7819 D OkHttp : x-powered-by: ASP.NET
08-22 12:08:07.483 7640 7819 D OkHttp : date: Wed, 22 Aug 2018 10:08:06 GMT
08-22 12:08:07.483 7640 7819 D OkHttp : content-length: 173452
08-22 12:08:07.483 7640 7819 D OkHttp : <-- END HTTP
08-22 12:08:07.739 7640 7819 D MYINTERCEPTOR: /GiengerService.svc/getorder
08-22 12:08:07.741 7640 7819 D OkHttp : --> POST https://testsaig1.gienger.cz/GiengerService.svc/getorder http/1.1
08-22 12:08:07.741 7640 7819 D OkHttp : Content-Length: 0
08-22 12:08:07.741 7640 7819 D OkHttp : name: 130DT1180223782.xml
08-22 12:08:07.741 7640 7819 D OkHttp : token: e21a404f3d50c653c52fccd8157ef71f
08-22 12:08:07.741 7640 7819 D OkHttp : --> END POST
08-22 12:08:07.821 7640 7819 D OkHttp : <-- 200 https://testsaig1.gienger.cz/GiengerService.svc/getorder (80ms)
08-22 12:08:07.822 7640 7819 D OkHttp : content-type: application/xml; charset=utf-8
08-22 12:08:07.822 7640 7819 D OkHttp : server: Microsoft-IIS/10.0
08-22 12:08:07.822 7640 7819 D OkHttp : checksum: d85f7d73751d91e789e87c5fc0ffe67d
08-22 12:08:07.822 7640 7819 D OkHttp : x-powered-by: ASP.NET
08-22 12:08:07.822 7640 7819 D OkHttp : date: Wed, 22 Aug 2018 10:08:06 GMT
08-22 12:08:07.822 7640 7819 D OkHttp : content-length: 162869
08-22 12:08:07.822 7640 7819 D OkHttp : <-- END HTTP
08-22 12:08:07.969 7640 7819 D MYINTERCEPTOR: /GiengerService.svc/getorder
08-22 12:08:07.971 7640 7819 D OkHttp : --> POST https://testsaig1.gienger.cz/GiengerService.svc/getorder http/1.1
08-22 12:08:07.971 7640 7819 D OkHttp : Content-Length: 0
08-22 12:08:07.971 7640 7819 D OkHttp : name: 130DT1180224451.xml
08-22 12:08:07.971 7640 7819 D OkHttp : token: e21a404f3d50c653c52fccd8157ef71f
08-22 12:08:07.971 7640 7819 D OkHttp : --> END POST
08-22 12:08:08.148 7640 7819 D OkHttp : <-- 200 https://testsaig1.gienger.cz/GiengerService.svc/getorder (176ms)
08-22 12:08:08.148 7640 7819 D OkHttp : content-type: application/xml; charset=utf-8
08-22 12:08:08.149 7640 7819 D OkHttp : server: Microsoft-IIS/10.0
08-22 12:08:08.149 7640 7819 D OkHttp : checksum: 071a8502750b548c2205051ef3cfbdfa
08-22 12:08:08.149 7640 7819 D OkHttp : x-powered-by: ASP.NET
08-22 12:08:08.149 7640 7819 D OkHttp : date: Wed, 22 Aug 2018 10:08:08 GMT
08-22 12:08:08.149 7640 7819 D OkHttp : content-length: 164035
08-22 12:08:08.149 7640 7819 D OkHttp : <-- END HTTP
08-22 12:08:08.258 7640 7819 D MYINTERCEPTOR: /GiengerService.svc/getorder
08-22 12:08:08.260 7640 7819 D OkHttp : --> POST https://testsaig1.gienger.cz/GiengerService.svc/getorder http/1.1
08-22 12:08:08.260 7640 7819 D OkHttp : Content-Length: 0
08-22 12:08:08.260 7640 7819 D OkHttp : name: 130CT1181304623.xml
08-22 12:08:08.260 7640 7819 D OkHttp : token: e21a404f3d50c653c52fccd8157ef71f
08-22 12:08:08.260 7640 7819 D OkHttp : --> END POST
08-22 12:08:08.340 7640 7819 D OkHttp : <-- 200 https://testsaig1.gienger.cz/GiengerService.svc/getorder (79ms)
08-22 12:08:08.340 7640 7819 D OkHttp : content-type: application/xml; charset=utf-8
08-22 12:08:08.340 7640 7819 D OkHttp : server: Microsoft-IIS/10.0
08-22 12:08:08.341 7640 7819 D OkHttp : checksum: 6ac7ee88c6f072cfb81cc852d3f916d1
08-22 12:08:08.341 7640 7819 D OkHttp : x-powered-by: ASP.NET
08-22 12:08:08.341 7640 7819 D OkHttp : date: Wed, 22 Aug 2018 10:08:08 GMT
08-22 12:08:08.341 7640 7819 D OkHttp : content-length: 166425
08-22 12:08:08.341 7640 7819 D OkHttp : <-- END HTTP
08-22 12:08:08.538 7640 7640 D ViewRootImpl@1afcedd[LoginActivity]: mHardwareRenderer.destroy()#4
08-22 12:08:08.538 7640 7640 D ViewRootImpl@1afcedd[LoginActivity]: dispatchDetachedFromWindow
08-22 12:08:08.547 7640 7640 D InputTransport: Input channel destroyed: fd=67
08-22 12:08:08.548 7640 7640 D ViewRootImpl@2207db8[LoginActivity]: MSG_WINDOW_FOCUS_CHANGED 1
08-22 12:08:08.548 7640 7640 D ViewRootImpl@2207db8[LoginActivity]: mHardwareRenderer.initializeIfNeeded()#2 mSurface={isValid=true -1919756288}
08-22 12:08:08.550 7640 7640 V InputMethodManager: Starting input: tba=android.view.inputmethod.EditorInfo@9b79fd6 nm : cz.gienger.mobile ic=null
08-22 12:08:08.550 7640 7640 I InputMethodManager: startInputInner - mService.startInputOrWindowGainedFocus
08-22 12:08:08.554 7640 7640 D InputTransport: Input channel constructed: fd=67
08-22 12:08:08.554 7640 7640 D InputTransport: Input channel destroyed: fd=75
08-22 12:08:08.555 7640 7640 E ViewRootImpl: sendUserActionEvent() returned.
08-22 12:08:08.608 7640 7640 D AbsListView: in onLayout changed
08-22 12:08:08.729 7640 7640 D AbsListView: in onLayout changed
08-22 12:08:09.945 7640 7640 D ViewRootImpl@2207db8[LoginActivity]: ViewPostImeInputStage processPointer 0
08-22 12:08:09.992 7640 7640 D ViewRootImpl@2207db8[LoginActivity]: ViewPostImeInputStage processPointer 1
08-22 12:08:10.018 7640 7640 D ScrollView: initGoToTop
08-22 12:08:10.022 7640 7640 D ScrollView: initGoToTop
08-22 12:08:10.033 7640 7640 D ViewRootImpl@b5f6879[LoginActivity]: ThreadedRenderer.create() translucent=true
08-22 12:08:10.038 7640 7640 D InputTransport: Input channel constructed: fd=73
08-22 12:08:10.038 7640 7640 D ViewRootImpl@b5f6879[LoginActivity]: setView = DecorView@a89be[LoginActivity] touchMode=true
08-22 12:08:10.040 7640 7640 D ViewRootImpl@b5f6879[LoginActivity]: dispatchAttachedToWindow
08-22 12:08:10.070 7640 7640 D ViewRootImpl@b5f6879[LoginActivity]: Relayout returned: oldFrame=[0,0][0,0] newFrame=[108,450][660,597] result=0x27 surface={isValid=true -1896654848} surfaceGenerationChanged=true
08-22 12:08:10.070 7640 7640 D ViewRootImpl@b5f6879[LoginActivity]: mHardwareRenderer.initialize() mSurface={isValid=true -1896654848} hwInitialized=true
08-22 12:08:10.072 7640 7640 D ScrollView: onsize change changed
08-22 12:08:10.073 7640 7640 D ScrollView: onsize change changed
08-22 12:08:10.089 7640 7640 D ViewRootImpl@b5f6879[LoginActivity]: MSG_WINDOW_FOCUS_CHANGED 1
08-22 12:08:10.090 7640 7640 D ViewRootImpl@b5f6879[LoginActivity]: mHardwareRenderer.initializeIfNeeded()#2 mSurface={isValid=true -1896654848}
08-22 12:08:10.107 7640 7640 D ViewRootImpl@b5f6879[LoginActivity]: MSG_RESIZED_REPORT: frame=Rect(108, 450 - 660, 597) ci=Rect(0, 0 - 0, 0) vi=Rect(0, 0 - 0, 0) or=1
08-22 12:08:10.131 7640 7640 D ViewRootImpl@2207db8[LoginActivity]: MSG_WINDOW_FOCUS_CHANGED 0
08-22 12:08:11.077 7640 7640 D ViewRootImpl@b5f6879[LoginActivity]: ViewPostImeInputStage processPointer 0
08-22 12:08:11.133 7640 7640 D ViewRootImpl@b5f6879[LoginActivity]: ViewPostImeInputStage processPointer 1
08-22 12:08:11.171 7640 7640 D ScrollView: initGoToTop
08-22 12:08:11.176 7640 7640 D ScrollView: initGoToTop
08-22 12:08:11.185 7640 7640 D ViewRootImpl@dcb34b3[LoginActivity]: ThreadedRenderer.create() translucent=true
08-22 12:08:11.190 7640 7640 D InputTransport: Input channel constructed: fd=75
08-22 12:08:11.191 7640 7640 D ViewRootImpl@dcb34b3[LoginActivity]: setView = DecorView@f062a70[LoginActivity] touchMode=true
08-22 12:08:11.195 7640 7717 D MYINTERCEPTOR: /GiengerService.svc/assign/D02_trasa_D02-04_ranni_30_07_2018
08-22 12:08:11.196 7640 7717 D OkHttp : --> POST https://testsaig1.gienger.cz/GiengerService.svc/assign/D02_trasa_D02-04_ranni_30_07_2018 http/1.1
08-22 12:08:11.196 7640 7717 D OkHttp : Content-Length: 0
08-22 12:08:11.196 7640 7717 D OkHttp : token: e21a404f3d50c653c52fccd8157ef71f
08-22 12:08:11.197 7640 7717 D OkHttp : --> END POST
08-22 12:08:11.204 7640 7640 D ViewRootImpl@b5f6879[LoginActivity]: mHardwareRenderer.destroy()#4
08-22 12:08:11.205 7640 7640 D ViewRootImpl@b5f6879[LoginActivity]: dispatchDetachedFromWindow
08-22 12:08:11.220 7640 7640 D InputTransport: Input channel destroyed: fd=73
08-22 12:08:11.222 7640 7640 D ViewRootImpl@dcb34b3[LoginActivity]: dispatchAttachedToWindow
08-22 12:08:11.236 7640 7717 D OkHttp : <-- 200 https://testsaig1.gienger.cz/GiengerService.svc/assign/D02_trasa_D02-04_ranni_30_07_2018 (39ms)
08-22 12:08:11.236 7640 7717 D OkHttp : content-type: application/xml; charset=utf-8
08-22 12:08:11.236 7640 7717 D OkHttp : server: Microsoft-IIS/10.0
08-22 12:08:11.236 7640 7717 D OkHttp : x-powered-by: ASP.NET
08-22 12:08:11.237 7640 7717 D OkHttp : date: Wed, 22 Aug 2018 10:08:11 GMT
08-22 12:08:11.237 7640 7717 D OkHttp : content-length: 187
08-22 12:08:11.237 7640 7717 D OkHttp : <-- END HTTP
08-22 12:08:11.243 7640 7640 D ViewRootImpl@dcb34b3[LoginActivity]: Relayout returned: oldFrame=[0,0][0,0] newFrame=[108,466][660,582] result=0x27 surface={isValid=true -1896654848} surfaceGenerationChanged=true
08-22 12:08:11.243 7640 7640 D ViewRootImpl@dcb34b3[LoginActivity]: mHardwareRenderer.initialize() mSurface={isValid=true -1896654848} hwInitialized=true
08-22 12:08:11.247 7640 7640 D ViewRootImpl@dcb34b3[LoginActivity]: MSG_WINDOW_FOCUS_CHANGED 1
08-22 12:08:11.247 7640 7640 D ViewRootImpl@dcb34b3[LoginActivity]: mHardwareRenderer.initializeIfNeeded()#2 mSurface={isValid=true -1896654848}
08-22 12:08:11.264 7640 7640 D ViewRootImpl@dcb34b3[LoginActivity]: MSG_RESIZED_REPORT: frame=Rect(108, 466 - 660, 582) ci=Rect(0, 0 - 0, 0) vi=Rect(0, 0 - 0, 0) or=1
08-22 12:08:11.279 7640 7640 D ViewRootImpl@dcb34b3[LoginActivity]: mHardwareRenderer.destroy()#4
08-22 12:08:11.279 7640 7640 D ViewRootImpl@dcb34b3[LoginActivity]: dispatchDetachedFromWindow
08-22 12:08:11.287 7640 7640 D InputTransport: Input channel destroyed: fd=75
08-22 12:08:11.298 7640 7640 D ALARM_REUPLOAD: scheduling alarm
08-22 12:08:11.329 7640 7640 D ScrollView: initGoToTop
08-22 12:08:11.337 7640 7640 D ScrollView: initGoToTop
08-22 12:08:11.349 7640 7640 D ViewRootImpl@8f1da2c[LoginActivity]: ThreadedRenderer.create() translucent=true
08-22 12:08:11.356 7640 7640 D InputTransport: Input channel constructed: fd=73
08-22 12:08:11.356 7640 7640 D ViewRootImpl@8f1da2c[LoginActivity]: setView = DecorView@97b7cf5[LoginActivity] touchMode=true
08-22 12:08:11.360 7640 7640 D ViewRootImpl@8f1da2c[LoginActivity]: dispatchAttachedToWindow
08-22 12:08:11.367 7640 7823 D MYINTERCEPTOR: /GiengerService.svc/metadata
08-22 12:08:11.370 7640 7823 D OkHttp : --> GET https://testsaig1.gienger.cz/GiengerService.svc/metadata http/1.1
08-22 12:08:11.370 7640 7823 D OkHttp : token: e21a404f3d50c653c52fccd8157ef71f
08-22 12:08:11.370 7640 7823 D OkHttp : state: CZ
08-22 12:08:11.370 7640 7823 D OkHttp : --> END GET
08-22 12:08:11.394 7640 7640 D ViewRootImpl@8f1da2c[LoginActivity]: Relayout returned: oldFrame=[0,0][0,0] newFrame=[108,466][660,582] result=0x27 surface={isValid=true -1912637440} surfaceGenerationChanged=true
08-22 12:08:11.395 7640 7640 D ViewRootImpl@8f1da2c[LoginActivity]: mHardwareRenderer.initialize() mSurface={isValid=true -1912637440} hwInitialized=true
08-22 12:08:11.402 7640 7640 E ViewRootImpl: sendUserActionEvent() returned.
08-22 12:08:11.402 7640 7640 D ViewRootImpl@2207db8[LoginActivity]: MSG_WINDOW_FOCUS_CHANGED 1
08-22 12:08:11.402 7640 7640 D ViewRootImpl@2207db8[LoginActivity]: mHardwareRenderer.initializeIfNeeded()#2 mSurface={isValid=true -1919756288}
08-22 12:08:11.411 7640 7640 E ViewRootImpl: sendUserActionEvent() returned.
08-22 12:08:11.412 7640 7640 D ViewRootImpl@8f1da2c[LoginActivity]: MSG_WINDOW_FOCUS_CHANGED 1
08-22 12:08:11.412 7640 7640 D ViewRootImpl@8f1da2c[LoginActivity]: mHardwareRenderer.initializeIfNeeded()#2 mSurface={isValid=true -1912637440}
08-22 12:08:11.429 7640 7640 D ViewRootImpl@8f1da2c[LoginActivity]: MSG_RESIZED_REPORT: frame=Rect(108, 466 - 660, 582) ci=Rect(0, 0 - 0, 0) vi=Rect(0, 0 - 0, 0) or=1
08-22 12:08:11.460 7640 7640 D ViewRootImpl@2207db8[LoginActivity]: MSG_WINDOW_FOCUS_CHANGED 0
08-22 12:08:13.961 7640 7823 D OkHttp : <-- 200 https://testsaig1.gienger.cz/GiengerService.svc/metadata (2590ms)
08-22 12:08:13.961 7640 7823 D OkHttp : content-type: application/xml; charset=utf-8
08-22 12:08:13.962 7640 7823 D OkHttp : server: Microsoft-IIS/10.0
08-22 12:08:13.962 7640 7823 D OkHttp : x-powered-by: ASP.NET
08-22 12:08:13.962 7640 7823 D OkHttp : date: Wed, 22 Aug 2018 10:08:13 GMT
08-22 12:08:13.962 7640 7823 D OkHttp : content-length: 550
08-22 12:08:13.962 7640 7823 D OkHttp : <-- END HTTP
08-22 12:08:28.138 7640 7640 D ViewRootImpl@8f1da2c[LoginActivity]: mHardwareRenderer.destroy()#4
08-22 12:08:28.138 7640 7640 D ViewRootImpl@8f1da2c[LoginActivity]: dispatchDetachedFromWindow
08-22 12:08:28.150 7640 7640 D InputTransport: Input channel destroyed: fd=73
08-22 12:08:28.172 7640 7640 D ViewRootImpl@2207db8[LoginActivity]: MSG_WINDOW_FOCUS_CHANGED 1
08-22 12:08:28.173 7640 7640 D ViewRootImpl@2207db8[LoginActivity]: mHardwareRenderer.initializeIfNeeded()#2 mSurface={isValid=true -1919756288}
08-22 12:08:28.177 7640 7640 E ViewRootImpl: sendUserActionEvent() returned.
08-22 12:08:28.370 7640 7640 D ViewRootImpl@5fe26b6[MainActivity]: ThreadedRenderer.create() translucent=false
08-22 12:08:28.374 7640 7640 D InputTransport: Input channel constructed: fd=78
