08-22 13:13:12.377 7640 7640 W View : requestLayout() improperly called by android.support.v7.widget.AppCompatTextView{29fe7bf V.ED..... ......ID 19,0-33,18 #7f11012b app:id/tv_fragment_poaz_article_list_header_special_price_product_count} during layout: running second layout pass
08-22 13:13:12.409 7640 7640 D ViewRootImpl@2c3fa0[ArticleListActivity]: MSG_RESIZED_REPORT: frame=Rect(0, 0 - 768, 1024) ci=Rect(0, 24 - 0, 320) vi=Rect(0, 24 - 0, 320) or=1
08-22 13:13:12.409 7640 7640 D ViewRootImpl@2c3fa0[ArticleListActivity]: MSG_WINDOW_FOCUS_CHANGED 1
08-22 13:13:12.410 7640 7640 D ViewRootImpl@2c3fa0[ArticleListActivity]: mHardwareRenderer.initializeIfNeeded()#2 mSurface={isValid=true -1899284480}
08-22 13:13:12.412 7640 7640 V InputMethodManager: Starting input: tba=android.view.inputmethod.EditorInfo@52401b9 nm : cz.gienger.mobile ic=null
08-22 13:13:12.412 7640 7640 I InputMethodManager: startInputInner - mService.startInputOrWindowGainedFocus
08-22 13:13:12.424 7640 7640 D InputTransport: Input channel constructed: fd=77
08-22 13:13:12.424 7640 7640 D InputTransport: Input channel destroyed: fd=74
08-22 13:13:12.441 7640 7640 D ViewRootImpl@699274c[AddArticleToCartActivity]: MSG_WINDOW_FOCUS_CHANGED 0
08-22 13:13:12.499 7640 7657 D OpenGLRenderer: endAllActiveAnimators on 0x8db4f580 (RippleDrawable) with handle 0x8e2918b0
08-22 13:13:12.499 7640 7640 D ViewRootImpl@699274c[AddArticleToCartActivity]: mHardwareRenderer.destroy()#1
08-22 13:13:12.535 7640 7640 D ViewRootImpl@699274c[AddArticleToCartActivity]: Relayout returned: oldFrame=[0,0][768,1024] newFrame=[0,0][768,1024] result=0x5 surface={isValid=false 0} surfaceGenerationChanged=true
08-22 13:13:12.551 7640 7640 W IInputConnectionWrapper: finishComposingText on inactive InputConnection
08-22 13:13:12.551 7640 7640 W IInputConnectionWrapper: performPrivateCommand on inactive InputConnection
08-22 13:13:12.551 7640 7640 W IInputConnectionWrapper: finishComposingText on inactive InputConnection
08-22 13:13:12.622 7640 7640 D ViewRootImpl@2c3fa0[ArticleListActivity]: MSG_RESIZED: frame=Rect(0, 0 - 768, 1024) ci=Rect(0, 24 - 0, 0) vi=Rect(0, 24 - 0, 0) or=1
08-22 13:13:12.847 7640 7640 D ViewRootImpl@2c3fa0[ArticleListActivity]: Relayout returned: oldFrame=[0,0][768,1024] newFrame=[0,0][768,1024] result=0x1 surface={isValid=true -1899284480} surfaceGenerationChanged=false
08-22 13:13:12.924 7640 7640 D TextView: SYANI: Clipboard API is calling: clearFilter()
08-22 13:13:12.924 7640 7640 D TextView: SYANI: Clipboard API is calling: unregisterClipboardEventListener()
08-22 13:13:12.929 7640 7640 D TextView: SYANI: Clipboard API is calling: clearFilter()
08-22 13:13:12.929 7640 7640 D TextView: SYANI: Clipboard API is calling: unregisterClipboardEventListener()
08-22 13:13:12.935 7640 7640 D ViewRootImpl@699274c[AddArticleToCartActivity]: mHardwareRenderer.destroy()#4
08-22 13:13:12.935 7640 7640 D ViewRootImpl@699274c[AddArticleToCartActivity]: dispatchDetachedFromWindow
08-22 13:13:12.942 7640 7640 D InputTransport: Input channel destroyed: fd=69
08-22 13:13:18.204 7640 7640 D ViewRootImpl@2c3fa0[ArticleListActivity]: ViewPostImeInputStage processPointer 0
08-22 13:13:18.284 7640 7640 D ViewRootImpl@2c3fa0[ArticleListActivity]: ViewPostImeInputStage processPointer 1
08-22 13:13:18.320 7640 7640 D ViewRootImpl@2c3fa0[ArticleListActivity]: MSG_WINDOW_FOCUS_CHANGED 0
08-22 13:13:18.458 7640 7640 D ViewRootImpl@2aa0d96[CartActivity]: ThreadedRenderer.create() translucent=false
08-22 13:13:18.461 7640 7640 D InputTransport: Input channel constructed: fd=69
08-22 13:13:18.461 7640 7640 D ViewRootImpl@2aa0d96[CartActivity]: setView = DecorView@a8fad17[CartActivity] touchMode=true
08-22 13:13:18.474 7640 7640 D ViewRootImpl@2aa0d96[CartActivity]: dispatchAttachedToWindow
08-22 13:13:18.505 7640 7640 D ViewRootImpl@2aa0d96[CartActivity]: Relayout returned: oldFrame=[0,0][0,0] newFrame=[0,0][768,1024] result=0x27 surface={isValid=true -1917446144} surfaceGenerationChanged=true
08-22 13:13:18.505 7640 7640 D ViewRootImpl@2aa0d96[CartActivity]: mHardwareRenderer.initialize() mSurface={isValid=true -1917446144} hwInitialized=true
08-22 13:13:18.673 7640 7640 D AbsListView: in onLayout changed
08-22 13:13:18.736 7640 7640 D ViewRootImpl@2aa0d96[CartActivity]: MSG_RESIZED_REPORT: frame=Rect(0, 0 - 768, 1024) ci=Rect(0, 24 - 0, 0) vi=Rect(0, 24 - 0, 0) or=1
08-22 13:13:18.736 7640 7640 D ViewRootImpl@2aa0d96[CartActivity]: MSG_WINDOW_FOCUS_CHANGED 1
08-22 13:13:18.736 7640 7640 D ViewRootImpl@2aa0d96[CartActivity]: mHardwareRenderer.initializeIfNeeded()#2 mSurface={isValid=true -1917446144}
08-22 13:13:18.762 7640 7640 V InputMethodManager: Starting input: tba=android.view.inputmethod.EditorInfo@e5ca7fb nm : cz.gienger.mobile ic=null
08-22 13:13:18.762 7640 7640 I InputMethodManager: startInputInner - mService.startInputOrWindowGainedFocus
08-22 13:13:18.766 7640 7640 D InputTransport: Input channel constructed: fd=70
08-22 13:13:18.766 7640 7640 D InputTransport: Input channel destroyed: fd=77
08-22 13:13:18.821 7640 7657 D OpenGLRenderer: endAllActiveAnimators on 0x8da34580 (RippleDrawable) with handle 0x8e2918b0
08-22 13:13:18.821 7640 7640 D ViewRootImpl@2c3fa0[ArticleListActivity]: mHardwareRenderer.destroy()#1
08-22 13:13:18.834 7640 7640 D ViewRootImpl@2c3fa0[ArticleListActivity]: Relayout returned: oldFrame=[0,0][768,1024] newFrame=[0,0][768,1024] result=0x5 surface={isValid=false 0} surfaceGenerationChanged=true
08-22 13:13:19.231 7640 7640 D ViewRootImpl@2c3fa0[ArticleListActivity]: Relayout returned: oldFrame=[0,0][768,1024] newFrame=[0,0][768,1024] result=0x5 surface={isValid=false 0} surfaceGenerationChanged=false
08-22 13:13:22.004 7640 7640 D ViewRootImpl@2aa0d96[CartActivity]: ViewPostImeInputStage processPointer 0
08-22 13:13:22.060 7640 7640 D ViewRootImpl@2aa0d96[CartActivity]: ViewPostImeInputStage processPointer 1
08-22 13:13:22.072 7640 7640 V InputMethodManager: Starting input: tba=android.view.inputmethod.EditorInfo@f724056 nm : cz.gienger.mobile ic=com.android.internal.widget.EditableInputConnection@bc3c8d7
08-22 13:13:22.072 7640 7640 I InputMethodManager: startInputInner - mService.startInputOrWindowGainedFocus
08-22 13:13:22.075 7640 7640 D InputTransport: Input channel constructed: fd=77
08-22 13:13:22.075 7640 7640 D InputTransport: Input channel destroyed: fd=70
08-22 13:13:22.076 7640 7640 D InputMethodManager: SSI - flag : 0 Pid : 7640 view : cz.gienger.mobile
08-22 13:13:22.513 7640 7640 D ViewRootImpl@2aa0d96[CartActivity]: MSG_RESIZED: frame=Rect(0, 0 - 768, 1024) ci=Rect(0, 24 - 0, 359) vi=Rect(0, 24 - 0, 359) or=1
08-22 13:13:22.529 7640 7640 D ViewRootImpl@2aa0d96[CartActivity]: Relayout returned: oldFrame=[0,0][768,1024] newFrame=[0,0][768,1024] result=0x1 surface={isValid=true -1917446144} surfaceGenerationChanged=false
08-22 13:13:22.546 7640 7640 D AbsListView: in onLayout changed
08-22 13:13:24.012 7640 7640 D ViewRootImpl@2aa0d96[CartActivity]: ViewPostImeInputStage processPointer 0
08-22 13:13:24.081 7640 7640 D ViewRootImpl@2aa0d96[CartActivity]: ViewPostImeInputStage processPointer 1
08-22 13:13:24.104 7640 7640 V InputMethodManager: Starting input: tba=android.view.inputmethod.EditorInfo@aff3f60 nm : cz.gienger.mobile ic=com.android.internal.widget.EditableInputConnection@83d6c19
08-22 13:13:24.104 7640 7640 I InputMethodManager: startInputInner - mService.startInputOrWindowGainedFocus
08-22 13:13:24.106 7640 7640 D InputTransport: Input channel constructed: fd=70
08-22 13:13:24.106 7640 7640 D InputTransport: Input channel destroyed: fd=77
08-22 13:13:24.106 7640 7640 D InputMethodManager: SSI - flag : 0 Pid : 7640 view : cz.gienger.mobile
08-22 13:13:24.112 7640 7640 W IInputConnectionWrapper: finishComposingText on inactive InputConnection
08-22 13:13:25.255 7640 7640 D ViewRootImpl@2aa0d96[CartActivity]: ViewPostImeInputStage processPointer 0
08-22 13:13:25.304 7640 7640 D ViewRootImpl@2aa0d96[CartActivity]: ViewPostImeInputStage processPointer 1
08-22 13:13:25.327 7640 7640 V InputMethodManager: Starting input: tba=android.view.inputmethod.EditorInfo@6199a78 nm : cz.gienger.mobile ic=com.android.internal.widget.EditableInputConnection@6c78551
08-22 13:13:25.327 7640 7640 I InputMethodManager: startInputInner - mService.startInputOrWindowGainedFocus
08-22 13:13:25.329 7640 7640 D InputTransport: Input channel constructed: fd=77
08-22 13:13:25.329 7640 7640 D InputTransport: Input channel destroyed: fd=70
08-22 13:13:25.329 7640 7640 D InputMethodManager: SSI - flag : 0 Pid : 7640 view : cz.gienger.mobile
08-22 13:13:25.334 7640 7640 W IInputConnectionWrapper: finishComposingText on inactive InputConnection
08-22 13:13:26.339 7640 7640 D ViewRootImpl@2aa0d96[CartActivity]: ViewPostImeInputStage processPointer 0
08-22 13:13:26.398 7640 7640 D ViewRootImpl@2aa0d96[CartActivity]: ViewPostImeInputStage processPointer 1
08-22 13:13:26.419 7640 7640 V InputMethodManager: Starting input: tba=android.view.inputmethod.EditorInfo@d1a4f53 nm : cz.gienger.mobile ic=com.android.internal.widget.EditableInputConnection@5914090
08-22 13:13:26.419 7640 7640 I InputMethodManager: startInputInner - mService.startInputOrWindowGainedFocus
08-22 13:13:26.421 7640 7640 D InputTransport: Input channel constructed: fd=70
08-22 13:13:26.421 7640 7640 D InputTransport: Input channel destroyed: fd=77
08-22 13:13:26.421 7640 7640 D InputMethodManager: SSI - flag : 0 Pid : 7640 view : cz.gienger.mobile
08-22 13:13:26.427 7640 7640 W IInputConnectionWrapper: setComposingText on inactive InputConnection
08-22 13:13:26.435 7640 7640 W IInputConnectionWrapper: finishComposingText on inactive InputConnection
08-22 13:13:27.362 7640 7640 D ViewRootImpl@2aa0d96[CartActivity]: ViewPostImeInputStage processPointer 0
08-22 13:13:27.423 7640 7640 D ViewRootImpl@2aa0d96[CartActivity]: ViewPostImeInputStage processPointer 1
08-22 13:13:27.524 7640 7640 D ScrollView: initGoToTop
08-22 13:13:27.529 7640 7640 D ScrollView: initGoToTop
08-22 13:13:27.541 7640 7640 D ViewRootImpl@bd07a7f[CartActivity]: ThreadedRenderer.create() translucent=true
08-22 13:13:27.550 7640 7640 D InputTransport: Input channel constructed: fd=77
08-22 13:13:27.550 7640 7640 D ViewRootImpl@bd07a7f[CartActivity]: setView = DecorView@a510a4c[CartActivity] touchMode=true
08-22 13:13:27.554 7640 7640 D ViewRootImpl@bd07a7f[CartActivity]: dispatchAttachedToWindow
08-22 13:13:27.637 7640 7640 D ViewRootImpl@bd07a7f[CartActivity]: Relayout returned: oldFrame=[0,0][0,0] newFrame=[194,258][574,790] result=0x27 surface={isValid=true -1917327360} surfaceGenerationChanged=true
08-22 13:13:27.637 7640 7640 D ViewRootImpl@bd07a7f[CartActivity]: mHardwareRenderer.initialize() mSurface={isValid=true -1917327360} hwInitialized=true
08-22 13:13:27.646 7640 7640 D ScrollView: onsize change changed
08-22 13:13:27.650 7640 7640 D ViewRootImpl@bd07a7f[CartActivity]: MSG_WINDOW_FOCUS_CHANGED 1
08-22 13:13:27.650 7640 7640 D ViewRootImpl@bd07a7f[CartActivity]: mHardwareRenderer.initializeIfNeeded()#2 mSurface={isValid=true -1917327360}
08-22 13:13:27.683 7640 7640 D ViewRootImpl@bd07a7f[CartActivity]: MSG_RESIZED_REPORT: frame=Rect(194, 258 - 574, 790) ci=Rect(0, 0 - 0, 0) vi=Rect(0, 0 - 0, 0) or=1
08-22 13:13:27.714 7640 7640 D ViewRootImpl@2aa0d96[CartActivity]: MSG_WINDOW_FOCUS_CHANGED 0
08-22 13:13:28.571 7640 7640 D ViewRootImpl@bd07a7f[CartActivity]: ViewPostImeInputStage processPointer 0
08-22 13:13:28.641 7640 7640 D ViewRootImpl@bd07a7f[CartActivity]: ViewPostImeInputStage processPointer 1
08-22 13:13:29.338 7640 7640 D ViewRootImpl@bd07a7f[CartActivity]: ViewPostImeInputStage processPointer 0
08-22 13:13:29.408 7640 7640 D ViewRootImpl@bd07a7f[CartActivity]: ViewPostImeInputStage processPointer 1
08-22 13:13:29.925 7640 7640 D ViewRootImpl@bd07a7f[CartActivity]: ViewPostImeInputStage processPointer 0
08-22 13:13:30.017 7640 7640 D ViewRootImpl@bd07a7f[CartActivity]: ViewPostImeInputStage processPointer 1
08-22 13:13:30.054 7640 7640 D ViewRootImpl@bd07a7f[CartActivity]: mHardwareRenderer.destroy()#4
08-22 13:13:30.054 7640 7640 D ViewRootImpl@bd07a7f[CartActivity]: dispatchDetachedFromWindow
08-22 13:13:30.068 7640 7640 D InputTransport: Input channel destroyed: fd=77
08-22 13:13:30.071 7640 7640 D ViewRootImpl@2aa0d96[CartActivity]: MSG_WINDOW_FOCUS_CHANGED 1
08-22 13:13:30.071 7640 7640 D ViewRootImpl@2aa0d96[CartActivity]: mHardwareRenderer.initializeIfNeeded()#2 mSurface={isValid=true -1917446144}
08-22 13:13:30.092 7640 7640 E ViewRootImpl: sendUserActionEvent() returned.
08-22 13:13:31.063 7640 7640 D ViewRootImpl@2aa0d96[CartActivity]: ViewPostImeInputStage processPointer 0
08-22 13:13:31.118 7640 7640 D AbsListView: reportScrollStateChange() newState : 1
08-22 13:13:31.319 7640 7640 D ViewRootImpl@2aa0d96[CartActivity]: ViewPostImeInputStage processPointer 1
08-22 13:13:31.319 7640 7640 D AbsListView: onTouchUp() mTouchMode : 3
08-22 13:13:31.319 7640 7640 D AbsListView: onTouchUp() TOUCH_MODE_SCROLL initialVelocity : -12
08-22 13:13:31.319 7640 7640 D AbsListView: reportScrollStateChange() newState : 0
08-22 13:13:32.283 7640 7640 D ViewRootImpl@2aa0d96[CartActivity]: ViewPostImeInputStage processPointer 0
08-22 13:13:32.354 7640 7640 D ViewRootImpl@2aa0d96[CartActivity]: ViewPostImeInputStage processPointer 1
08-22 13:13:33.211 7640 7640 D ViewRootImpl@2aa0d96[CartActivity]: ViewPostImeInputStage processPointer 0
08-22 13:13:33.294 7640 7640 D ViewRootImpl@2aa0d96[CartActivity]: ViewPostImeInputStage processPointer 1
08-22 13:13:33.343 7640 7640 D ScrollView: initGoToTop
08-22 13:13:33.347 7640 7640 D ScrollView: initGoToTop
08-22 13:13:33.356 7640 7640 D ViewRootImpl@e730fbe[CartActivity]: ThreadedRenderer.create() translucent=true
08-22 13:13:33.362 7640 7640 D InputTransport: Input channel constructed: fd=77
08-22 13:13:33.362 7640 7640 D ViewRootImpl@e730fbe[CartActivity]: setView = DecorView@bdc81f[CartActivity] touchMode=true
08-22 13:13:33.364 7640 7640 D ViewRootImpl@e730fbe[CartActivity]: dispatchAttachedToWindow
08-22 13:13:33.416 7640 7640 D ViewRootImpl@e730fbe[CartActivity]: Relayout returned: oldFrame=[0,0][0,0] newFrame=[94,24][674,1024] result=0x27 surface={isValid=true -1918138368} surfaceGenerationChanged=true
08-22 13:13:33.416 7640 7640 D ViewRootImpl@e730fbe[CartActivity]: mHardwareRenderer.initialize() mSurface={isValid=true -1918138368} hwInitialized=true
08-22 13:13:33.492 7640 7640 D AbsListView: in onLayout changed
08-22 13:13:33.492 7640 7640 D ScrollView: onsize change changed
08-22 13:13:33.503 7640 7640 D ViewRootImpl@e730fbe[CartActivity]: MSG_WINDOW_FOCUS_CHANGED 1
08-22 13:13:33.503 7640 7640 D ViewRootImpl@e730fbe[CartActivity]: mHardwareRenderer.initializeIfNeeded()#2 mSurface={isValid=true -1918138368}
08-22 13:13:33.503 7640 7640 V InputMethodManager: Not IME target window, ignoring
08-22 13:13:33.558 7640 7640 D ViewRootImpl@e730fbe[CartActivity]: MSG_RESIZED_REPORT: frame=Rect(94, 24 - 674, 1024) ci=Rect(0, 0 - 0, 0) vi=Rect(0, 0 - 0, 0) or=1
08-22 13:13:33.606 7640 7640 D ViewRootImpl@2aa0d96[CartActivity]: MSG_WINDOW_FOCUS_CHANGED 0
08-22 13:13:34.519 7640 7640 D ViewRootImpl@e730fbe[CartActivity]: ViewPostImeInputStage processPointer 0
08-22 13:13:34.578 7640 7640 D ViewRootImpl@e730fbe[CartActivity]: ViewPostImeInputStage processPointer 1
08-22 13:13:35.849 7640 7640 D ViewRootImpl@e730fbe[CartActivity]: ViewPostImeInputStage processPointer 0
08-22 13:13:35.949 7640 7640 D ViewRootImpl@e730fbe[CartActivity]: ViewPostImeInputStage processPointer 1
08-22 13:13:36.000 7640 7640 D ViewRootImpl@e730fbe[CartActivity]: mHardwareRenderer.destroy()#4
08-22 13:13:36.000 7640 7640 D ViewRootImpl@e730fbe[CartActivity]: dispatchDetachedFromWindow
08-22 13:13:36.012 7640 7640 D InputTransport: Input channel destroyed: fd=77
08-22 13:13:36.034 7640 7640 D ViewRootImpl@2aa0d96[CartActivity]: MSG_WINDOW_FOCUS_CHANGED 1
08-22 13:13:36.035 7640 7640 D ViewRootImpl@2aa0d96[CartActivity]: mHardwareRenderer.initializeIfNeeded()#2 mSurface={isValid=true -1917446144}
08-22 13:13:36.054 7640 7640 E ViewRootImpl: sendUserActionEvent() returned.
08-22 13:13:36.991 7640 7640 D ViewRootImpl@2aa0d96[CartActivity]: ViewPostImeInputStage processPointer 0
08-22 13:13:37.016 7640 7640 D AbsListView: reportScrollStateChange() newState : 1
08-22 13:13:37.215 7640 7640 D ViewRootImpl@2aa0d96[CartActivity]: ViewPostImeInputStage processPointer 1
08-22 13:13:37.215 7640 7640 D AbsListView: onTouchUp() mTouchMode : 3
08-22 13:13:37.216 7640 7640 D AbsListView: onTouchUp() TOUCH_MODE_SCROLL initialVelocity : 190
08-22 13:13:37.216 7640 7640 D AbsListView: reportScrollStateChange() newState : 2
08-22 13:13:37.402 7640 7640 D AbsListView: reportScrollStateChange() newState : 0
08-22 13:13:37.534 7640 7640 D LOCATION_SERVICE: onLocationChanged: Location[network 49,191171,17,534386 acc=21 et=+1h16m9s832ms alt=0.0 vel=0.0 bear=0.0 {Bundle[mParcelledData.dataSize=80]}]
08-22 13:13:37.668 7640 7640 D ViewRootImpl@2aa0d96[CartActivity]: ViewPostImeInputStage processPointer 0
08-22 13:13:37.749 7640 7640 D ViewRootImpl@2aa0d96[CartActivity]: ViewPostImeInputStage processPointer 1
08-22 13:13:37.760 7640 7640 D View : requestFocusFromTouch
08-22 13:13:37.784 7640 7640 D ScrollView: initGoToTop
08-22 13:13:37.789 7640 7640 D ScrollView: initGoToTop
08-22 13:13:37.798 7640 7640 D ViewRootImpl@26fb351[CartActivity]: ThreadedRenderer.create() translucent=true
08-22 13:13:37.805 7640 7640 D InputTransport: Input channel constructed: fd=77
08-22 13:13:37.805 7640 7640 D ViewRootImpl@26fb351[CartActivity]: setView = DecorView@3d837b6[CartActivity] touchMode=false
08-22 13:13:37.807 7640 7640 V InputMethodManager: Starting input: tba=android.view.inputmethod.EditorInfo@cd5cb7 nm : cz.gienger.mobile ic=null
08-22 13:13:37.807 7640 7640 I InputMethodManager: startInputInner - mService.startInputOrWindowGainedFocus
08-22 13:13:37.809 7640 7640 D InputTransport: Input channel constructed: fd=81
08-22 13:13:37.810 7640 7640 D InputTransport: Input channel destroyed: fd=70
08-22 13:13:37.814 7640 7640 D ViewRootImpl@26fb351[CartActivity]: dispatchAttachedToWindow
08-22 13:13:37.860 7640 7640 D ViewRootImpl@26fb351[CartActivity]: Relayout returned: oldFrame=[0,0][0,0] newFrame=[108,450][660,597] result=0x26 surface={isValid=true -1928660992} surfaceGenerationChanged=true
08-22 13:13:37.861 7640 7640 D ViewRootImpl@26fb351[CartActivity]: mHardwareRenderer.initialize() mSurface={isValid=true -1928660992} hwInitialized=true
08-22 13:13:37.863 7640 7640 D ScrollView: onsize change changed
08-22 13:13:37.864 7640 7640 D ScrollView: onsize change changed
08-22 13:13:37.865 7640 7640 D ViewRootImpl@26fb351[CartActivity]: MSG_WINDOW_FOCUS_CHANGED 1
08-22 13:13:37.865 7640 7640 D ViewRootImpl@26fb351[CartActivity]: mHardwareRenderer.initializeIfNeeded()#2 mSurface={isValid=true -1928660992}
08-22 13:13:37.866 7640 7640 V InputMethodManager: Not IME target window, ignoring
08-22 13:13:37.866 7640 7640 W IInputConnectionWrapper: finishComposingText on inactive InputConnection
08-22 13:13:37.882 7640 7640 D ViewRootImpl@26fb351[CartActivity]: MSG_RESIZED_REPORT: frame=Rect(108, 450 - 660, 597) ci=Rect(0, 0 - 0, 0) vi=Rect(0, 0 - 0, 0) or=1
08-22 13:13:37.911 7640 7640 D ViewRootImpl@2aa0d96[CartActivity]: MSG_WINDOW_FOCUS_CHANGED 0
08-22 13:13:38.735 7640 7640 D ViewRootImpl@26fb351[CartActivity]: ViewPostImeInputStage processPointer 0
08-22 13:13:38.793 7640 7640 D ViewRootImpl@26fb351[CartActivity]: ViewPostImeInputStage processPointer 1
08-22 13:13:38.829 7640 7640 D ScrollView: initGoToTop
08-22 13:13:38.833 7640 7640 D ScrollView: initGoToTop
08-22 13:13:38.843 7640 7640 D ViewRootImpl@d2dc916[CartActivity]: ThreadedRenderer.create() translucent=true
08-22 13:13:38.848 7640 7640 D InputTransport: Input channel constructed: fd=93
08-22 13:13:38.848 7640 7640 D ViewRootImpl@d2dc916[CartActivity]: setView = DecorView@cc78297[CartActivity] touchMode=true
08-22 13:13:38.863 7640 7657 D OpenGLRenderer: endAllActiveAnimators on 0x8b1d8880 (RippleDrawable) with handle 0x8b2a7f40
08-22 13:13:38.863 7640 7640 D ViewRootImpl@26fb351[CartActivity]: mHardwareRenderer.destroy()#4
08-22 13:13:38.863 7640 7640 D ViewRootImpl@26fb351[CartActivity]: dispatchDetachedFromWindow
08-22 13:13:38.875 7640 7640 D InputTransport: Input channel destroyed: fd=77
08-22 13:13:38.877 7640 7640 D ViewRootImpl@d2dc916[CartActivity]: dispatchAttachedToWindow
08-22 13:13:38.915 7640 7640 D ViewRootImpl@d2dc916[CartActivity]: Relayout returned: oldFrame=[0,0][0,0] newFrame=[108,466][660,582] result=0x27 surface={isValid=true -1928660992} surfaceGenerationChanged=true
08-22 13:13:38.916 7640 7640 D ViewRootImpl@d2dc916[CartActivity]: mHardwareRenderer.initialize() mSurface={isValid=true -1928660992} hwInitialized=true
08-22 13:13:38.926 7640 7640 D ViewRootImpl@d2dc916[CartActivity]: MSG_WINDOW_FOCUS_CHANGED 1
08-22 13:13:38.926 7640 7640 D ViewRootImpl@d2dc916[CartActivity]: mHardwareRenderer.initializeIfNeeded()#2 mSurface={isValid=true -1928660992}
08-22 13:13:38.946 7640 7640 D ViewRootImpl@d2dc916[CartActivity]: MSG_RESIZED_REPORT: frame=Rect(108, 466 - 660, 582) ci=Rect(0, 0 - 0, 0) vi=Rect(0, 0 - 0, 0) or=1
08-22 13:13:38.972 7640 7640 E ViewRootImpl: sendUserActionEvent() returned.
08-22 13:13:39.136 7640 7650 I art : Background partial concurrent mark sweep GC freed 182033(9MB) AllocSpace objects, 19(3MB) LOS objects, 46% free, 13MB/25MB, paused 1.502ms total 155.940ms
08-22 13:13:40.400 7640 7650 I art : Background sticky concurrent mark sweep GC freed 385497(11MB) AllocSpace objects, 2(56KB) LOS objects, 40% free, 15MB/25MB, paused 1.189ms total 110.871ms
08-22 13:13:40.716 7640 8723 W PdfBoxAndroid: Call PDFBoxResourceLoader.init() first to decrease resource load time
08-22 13:13:42.252 7640 7650 I art : Background partial concurrent mark sweep GC freed 141457(5MB) AllocSpace objects, 30(4MB) LOS objects, 40% free, 21MB/36MB, paused 2.952ms total 151.449ms
08-22 13:13:43.184 7640 7650 I art : Background sticky concurrent mark sweep GC freed 421969(12MB) AllocSpace objects, 6(852KB) LOS objects, 32% free, 24MB/36MB, paused 1.821ms total 130.206ms
08-22 13:13:43.477 7640 7640 D ViewRootImpl@d2dc916[CartActivity]: mHardwareRenderer.destroy()#4
08-22 13:13:43.478 7640 7640 D ViewRootImpl@d2dc916[CartActivity]: dispatchDetachedFromWindow
08-22 13:13:43.490 7640 7640 D InputTransport: Input channel destroyed: fd=93
08-22 13:13:43.530 7640 7640 D ViewRootImpl@2aa0d96[CartActivity]: MSG_WINDOW_FOCUS_CHANGED 1
08-22 13:13:43.531 7640 7640 V InputMethodManager: Not IME target window, ignoring
08-22 13:13:43.532 7640 7640 D ViewRootImpl@2aa0d96[CartActivity]: mHardwareRenderer.initializeIfNeeded()#2 mSurface={isValid=true -1917446144}
08-22 13:13:43.548 7640 7640 V InputMethodManager: Starting input: tba=android.view.inputmethod.EditorInfo@4b1f98 nm : cz.gienger.mobile ic=null
08-22 13:13:43.548 7640 7640 I InputMethodManager: startInputInner - mService.startInputOrWindowGainedFocus
08-22 13:13:43.573 7640 7640 D InputTransport: Input channel constructed: fd=77
08-22 13:13:43.573 7640 7640 D InputTransport: Input channel destroyed: fd=81
08-22 13:13:43.574 7640 7640 E ViewRootImpl: sendUserActionEvent() returned.
08-22 13:13:43.619 7640 7640 D ViewRootImpl@2aa0d96[CartActivity]: MSG_WINDOW_FOCUS_CHANGED 0
08-22 13:13:43.755 7640 7657 D OpenGLRenderer: endAllActiveAnimators on 0x8ddb7680 (RippleDrawable) with handle 0x8b2a7ac0
08-22 13:13:43.755 7640 7640 D ViewRootImpl@2aa0d96[CartActivity]: mHardwareRenderer.destroy()#1
08-22 13:13:43.776 7640 7640 D ViewRootImpl@2aa0d96[CartActivity]: Relayout returned: oldFrame=[0,0][768,1024] newFrame=[0,0][768,1024] result=0x5 surface={isValid=false 0} surfaceGenerationChanged=true
08-22 13:13:45.065 7640 7640 D InputTransport: Input channel destroyed: fd=77
08-22 13:13:45.143 7640 7640 D ViewRootImpl@2aa0d96[CartActivity]: Relayout returned: oldFrame=[0,0][768,1024] newFrame=[0,0][768,1024] result=0x5 surface={isValid=false 0} surfaceGenerationChanged=false
08-22 13:14:01.492 7640 7640 D Graph : removeVertex() : insertDummyVertex, because there is no ancestor.
08-22 13:14:01.492 7640 7640 D Graph : removeVertex() : insertDummyVertex, because there is no ancestor.
08-22 13:14:01.537 7640 7640 D ViewRootImpl@39a0da4[PdfArchiveActivity]: ThreadedRenderer.create() translucent=true
08-22 13:14:01.540 7640 7640 D InputTransport: Input channel constructed: fd=63
08-22 13:14:01.541 7640 7640 D ViewRootImpl@39a0da4[PdfArchiveActivity]: setView = DecorView@997f70d[PdfArchiveActivity] touchMode=true
08-22 13:14:01.552 7640 7640 D ViewRootImpl@39a0da4[PdfArchiveActivity]: dispatchAttachedToWindow
08-22 13:14:01.579 7640 7640 D ViewRootImpl@39a0da4[PdfArchiveActivity]: Relayout returned: oldFrame=[0,0][0,0] newFrame=[241,456][527,568] result=0x27 surface={isValid=true -1693978624} surfaceGenerationChanged=true
08-22 13:14:01.579 7640 7640 D ViewRootImpl@39a0da4[PdfArchiveActivity]: mHardwareRenderer.initialize() mSurface={isValid=true -1693978624} hwInitialized=true
08-22 13:14:01.581 7640 7640 D ViewRootImpl@39a0da4[PdfArchiveActivity]: MSG_RESIZED_REPORT: frame=Rect(241, 456 - 527, 568) ci=Rect(0, 0 - 0, 0) vi=Rect(0, 0 - 0, 0) or=1
08-22 13:14:01.582 7640 7640 D ViewRootImpl@39a0da4[PdfArchiveActivity]: MSG_WINDOW_FOCUS_CHANGED 1
08-22 13:14:01.582 7640 7640 D ViewRootImpl@39a0da4[PdfArchiveActivity]: mHardwareRenderer.initializeIfNeeded()#2 mSurface={isValid=true -1693978624}
08-22 13:14:01.582 7640 7640 V InputMethodManager: Starting input: tba=android.view.inputmethod.EditorInfo@40856c2 nm : cz.gienger.mobile ic=null
08-22 13:14:01.582 7640 7640 I InputMethodManager: startInputInner - mService.startInputOrWindowGainedFocus
08-22 13:14:01.585 7640 7640 D InputTransport: Input channel constructed: fd=72
08-22 13:14:02.656 7640 7640 D ViewRootImpl@39a0da4[PdfArchiveActivity]: mHardwareRenderer.destroy()#1
08-22 13:14:02.663 7640 7640 D ViewRootImpl@39a0da4[PdfArchiveActivity]: Relayout returned: oldFrame=[241,456][527,568] newFrame=[241,456][527,568] result=0x5 surface={isValid=false 0} surfaceGenerationChanged=true
08-22 13:14:02.664 7640 7640 D ViewRootImpl@39a0da4[PdfArchiveActivity]: MSG_WINDOW_FOCUS_CHANGED 0
08-22 13:14:02.667 7640 7640 D ViewRootImpl@2aa0d96[CartActivity]: mHardwareRenderer.destroy()#1
08-22 13:14:02.679 7640 7640 D ViewRootImpl@2aa0d96[CartActivity]: Relayout returned: oldFrame=[0,0][768,1024] newFrame=[0,0][768,1024] result=0x1 surface={isValid=false 0} surfaceGenerationChanged=false
08-22 13:14:02.830 7640 7640 D ViewRootImpl@2aa0d96[CartActivity]: Relayout returned: oldFrame=[0,0][768,1024] newFrame=[0,0][768,1024] result=0x7 surface={isValid=true -1693978624} surfaceGenerationChanged=true
08-22 13:14:02.831 7640 7640 D ViewRootImpl@2aa0d96[CartActivity]: mHardwareRenderer.initialize() mSurface={isValid=true -1693978624} hwInitialized=true
08-22 13:14:02.848 7640 7640 D AbsListView: in onLayout changed
08-22 13:14:02.850 7640 7640 D InputTransport: Input channel destroyed: fd=72
08-22 13:14:02.867 7640 7640 D ViewRootImpl@6ffe620[CategoryListActivity]: mHardwareRenderer.destroy()#4
08-22 13:14:02.867 7640 7640 D ViewRootImpl@6ffe620[CategoryListActivity]: dispatchDetachedFromWindow
08-22 13:14:02.870 7640 8906 D MYINTERCEPTOR: /GiengerService.svc/uploadfinishedorder
08-22 13:14:02.871 7640 8906 D OkHttp : --> POST https://testsaig1.gienger.cz/GiengerService.svc/uploadfinishedorder http/1.1
08-22 13:14:02.872 7640 8906 D OkHttp : Content-Type: text/raw
08-22 13:14:02.872 7640 8906 D OkHttp : Content-Length: 158102
08-22 13:14:02.872 7640 8906 D OkHttp : filename: ac26dddc-ad5a-4ea2-b694-8415829fafdc.xml
08-22 13:14:02.872 7640 8906 D OkHttp : Checksum: 250a74be43b4574975aebe4b9d34d3ae
08-22 13:14:02.872 7640 8906 D OkHttp : token: e21a404f3d50c653c52fccd8157ef71f
08-22 13:14:02.872 7640 8906 D OkHttp : state: CZ
08-22 13:14:02.872 7640 8906 D OkHttp : --> END POST
08-22 13:14:02.875 7640 7640 D InputTransport: Input channel destroyed: fd=68
08-22 13:14:02.898 7640 7640 D ViewRootImpl@2c3fa0[ArticleListActivity]: mHardwareRenderer.destroy()#4
08-22 13:14:02.899 7640 7640 D ViewRootImpl@2c3fa0[ArticleListActivity]: dispatchDetachedFromWindow
08-22 13:14:02.904 7640 7640 D InputTransport: Input channel destroyed: fd=64
08-22 13:14:02.945 7640 7640 D LOCATION_SERVICE: onDestroy
08-22 13:14:03.084 7640 7640 D ViewRootImpl@4539ef5[MainActivity]: Relayout returned: oldFrame=[0,0][768,1024] newFrame=[0,0][768,1024] result=0x7 surface={isValid=true -1643350016} surfaceGenerationChanged=true
08-22 13:14:03.084 7640 7640 D ViewRootImpl@4539ef5[MainActivity]: mHardwareRenderer.initialize() mSurface={isValid=true -1643350016} hwInitialized=true
08-22 13:14:03.170 7640 7640 D AbsListView: in onLayout changed
08-22 13:14:03.197 7640 7640 D ViewRootImpl@4539ef5[MainActivity]: MSG_WINDOW_FOCUS_CHANGED 1
08-22 13:14:03.197 7640 7640 D ViewRootImpl@4539ef5[MainActivity]: mHardwareRenderer.initializeIfNeeded()#2 mSurface={isValid=true -1643350016}
08-22 13:14:03.202 7640 7640 V InputMethodManager: Starting input: tba=android.view.inputmethod.EditorInfo@cf4af24 nm : cz.gienger.mobile ic=null
08-22 13:14:03.202 7640 7640 I InputMethodManager: startInputInner - mService.startInputOrWindowGainedFocus
08-22 13:14:03.233 7640 7640 D InputTransport: Input channel constructed: fd=84
08-22 13:14:03.316 7640 7640 D ViewRootImpl@2aa0d96[CartActivity]: mHardwareRenderer.destroy()#1
08-22 13:14:03.383 7640 7640 D ViewRootImpl@2aa0d96[CartActivity]: Relayout returned: oldFrame=[0,0][768,1024] newFrame=[0,0][768,1024] result=0x5 surface={isValid=false 0} surfaceGenerationChanged=true
08-22 13:14:03.399 7640 7640 D ViewRootImpl@39a0da4[PdfArchiveActivity]: mHardwareRenderer.destroy()#4
08-22 13:14:03.400 7640 7640 D ViewRootImpl@39a0da4[PdfArchiveActivity]: dispatchDetachedFromWindow
08-22 13:14:03.448 7640 7640 D InputTransport: Input channel destroyed: fd=63
08-22 13:14:03.656 7640 7640 D TextView: SYANI: Clipboard API is calling: clearFilter()
08-22 13:14:03.656 7640 7640 D TextView: SYANI: Clipboard API is calling: unregisterClipboardEventListener()
08-22 13:14:03.657 7640 7640 D TextView: SYANI: Clipboard API is calling: clearFilter()
08-22 13:14:03.657 7640 7640 D TextView: SYANI: Clipboard API is calling: unregisterClipboardEventListener()
08-22 13:14:03.657 7640 7640 D TextView: SYANI: Clipboard API is calling: clearFilter()
08-22 13:14:03.657 7640 7640 D TextView: SYANI: Clipboard API is calling: unregisterClipboardEventListener()
08-22 13:14:03.658 7640 7640 D TextView: SYANI: Clipboard API is calling: clearFilter()
08-22 13:14:03.658 7640 7640 D TextView: SYANI: Clipboard API is calling: unregisterClipboardEventListener()
08-22 13:14:03.659 7640 7640 D TextView: SYANI: Clipboard API is calling: clearFilter()
08-22 13:14:03.659 7640 7640 D TextView: SYANI: Clipboard API is calling: unregisterClipboardEventListener()
08-22 13:14:03.665 7640 7640 D TextView: SYANI: Clipboard API is calling: clearFilter()
08-22 13:14:03.665 7640 7640 D TextView: SYANI: Clipboard API is calling: unregisterClipboardEventListener()
08-22 13:14:03.668 7640 7640 D TextView: SYANI: Clipboard API is calling: clearFilter()
08-22 13:14:03.668 7640 7640 D TextView: SYANI: Clipboard API is calling: unregisterClipboardEventListener()
08-22 13:14:03.670 7640 7640 D TextView: SYANI: Clipboard API is calling: clearFilter()
08-22 13:14:03.671 7640 7640 D TextView: SYANI: Clipboard API is calling: unregisterClipboardEventListener()
08-22 13:14:03.677 7640 7640 D TextView: SYANI: Clipboard API is calling: clearFilter()
08-22 13:14:03.677 7640 7640 D TextView: SYANI: Clipboard API is calling: unregisterClipboardEventListener()
08-22 13:14:03.688 7640 7640 D ViewRootImpl@2aa0d96[CartActivity]: mHardwareRenderer.destroy()#4
08-22 13:14:03.688 7640 7640 D ViewRootImpl@2aa0d96[CartActivity]: dispatchDetachedFromWindow
08-22 13:14:03.696 7640 7640 D InputTransport: Input channel destroyed: fd=69
08-22 13:14:04.121 7640 8906 D OkHttp : <-- 200 https://testsaig1.gienger.cz/GiengerService.svc/uploadfinishedorder (1248ms)
08-22 13:14:04.121 7640 8906 D OkHttp : content-type: application/xml; charset=utf-8
08-22 13:14:04.121 7640 8906 D OkHttp : server: Microsoft-IIS/10.0
08-22 13:14:04.121 7640 8906 D OkHttp : x-powered-by: ASP.NET
08-22 13:14:04.121 7640 8906 D OkHttp : date: Wed, 22 Aug 2018 11:14:03 GMT
08-22 13:14:04.121 7640 8906 D OkHttp : content-length: 175
08-22 13:14:04.121 7640 8906 D OkHttp : <-- END HTTP
08-22 13:14:04.661 7640 7640 D ViewRootImpl: updatePointerIcon pointerType = 20001, calling pid = 7640
08-22 13:14:04.661 7640 7640 D InputManager: setPointerIconType iconId = 20001, callingPid = 7640
08-22 13:14:04.663 7640 7640 D ViewRootImpl: updatePointerIcon pointerType = 20001, calling pid = 7640
08-22 13:14:04.664 7640 7640 D InputManager: setPointerIconType iconId = 20001, callingPid = 7640
08-22 13:14:04.771 7640 7640 D ViewRootImpl@4539ef5[MainActivity]: ViewPostImeInputStage processPointer 0
08-22 13:14:04.772 7640 7640 D ViewRootImpl: updatePointerIcon pointerType = 20001, calling pid = 7640
08-22 13:14:04.772 7640 7640 D InputManager: setPointerIconType iconId = 20001, callingPid = 7640
08-22 13:14:04.777 7640 7640 D AbsListView: reportScrollStateChange() newState : 1
08-22 13:14:04.822 7640 7640 D ViewRootImpl@4539ef5[MainActivity]: ViewPostImeInputStage processPointer 1
08-22 13:14:04.822 7640 7640 D AbsListView: onTouchUp() mTouchMode : 3
08-22 13:14:04.822 7640 7640 D AbsListView: onTouchUp() TOUCH_MODE_SCROLL initialVelocity : -2524
08-22 13:14:04.822 7640 7640 D AbsListView: reportScrollStateChange() newState : 2
08-22 13:14:04.832 7640 7640 D ViewRootImpl: updatePointerIcon pointerType = 20001, calling pid = 7640
08-22 13:14:04.832 7640 7640 D InputManager: setPointerIconType iconId = 20001, callingPid = 7640
08-22 13:14:04.833 7640 7640 D ViewRootImpl: updatePointerIcon pointerType = 20001, calling pid = 7640
08-22 13:14:04.834 7640 7640 D InputManager: setPointerIconType iconId = 20001, callingPid = 7640
08-22 13:14:05.044 7640 7640 D AbsListView: reportScrollStateChange() newState : 0
08-22 13:14:05.497 7640 7640 D ViewRootImpl: updatePointerIcon pointerType = 20001, calling pid = 7640
08-22 13:14:05.498 7640 7640 D InputManager: setPointerIconType iconId = 20001, callingPid = 7640
08-22 13:14:05.905 7640 7640 D ViewRootImpl@4539ef5[MainActivity]: ViewPostImeInputStage processPointer 0
08-22 13:14:05.906 7640 7640 D ViewRootImpl: updatePointerIcon pointerType = 20001, calling pid = 7640
08-22 13:14:05.906 7640 7640 D InputManager: setPointerIconType iconId = 20001, callingPid = 7640
08-22 13:14:05.912 7640 7640 D AbsListView: reportScrollStateChange() newState : 1
08-22 13:14:06.025 7640 7640 D ViewRootImpl@4539ef5[MainActivity]: ViewPostImeInputStage processPointer 1
08-22 13:14:06.025 7640 7640 D AbsListView: onTouchUp() mTouchMode : 3
08-22 13:14:06.025 7640 7640 D AbsListView: onTouchUp() TOUCH_MODE_SCROLL initialVelocity : 0
08-22 13:14:06.025 7640 7640 D AbsListView: reportScrollStateChange() newState : 0
08-22 13:14:06.037 7640 7640 D ViewRootImpl: updatePointerIcon pointerType = 20001, calling pid = 7640
08-22 13:14:06.038 7640 7640 D InputManager: setPointerIconType iconId = 20001, callingPid = 7640
08-22 13:14:06.039 7640 7640 D ViewRootImpl: updatePointerIcon pointerType = 20001, calling pid = 7640
08-22 13:14:06.039 7640 7640 D InputManager: setPointerIconType iconId = 20001, callingPid = 7640
08-22 13:14:06.533 7640 7640 D ViewRootImpl: updatePointerIcon pointerType = 20001, calling pid = 7640
08-22 13:14:06.533 7640 7640 D InputManager: setPointerIconType iconId = 20001, callingPid = 7640
08-22 13:14:06.913 7640 7640 D ViewRootImpl@4539ef5[MainActivity]: ViewPostImeInputStage processPointer 0
08-22 13:14:06.916 7640 7640 D ViewRootImpl: updatePointerIcon pointerType = 20001, calling pid = 7640
08-22 13:14:06.917 7640 7640 D InputManager: setPointerIconType iconId = 20001, callingPid = 7640
08-22 13:14:07.003 7640 7640 D ViewRootImpl@4539ef5[MainActivity]: ViewPostImeInputStage processPointer 1
08-22 13:14:07.010 7640 7640 D ViewRootImpl: updatePointerIcon pointerType = 20001, calling pid = 7640
08-22 13:14:07.010 7640 7640 D InputManager: setPointerIconType iconId = 20001, callingPid = 7640
08-22 13:14:07.011 7640 7640 D ViewRootImpl: updatePointerIcon pointerType = 20001, calling pid = 7640
08-22 13:14:07.011 7640 7640 D InputManager: setPointerIconType iconId = 20001, callingPid = 7640
08-22 13:14:07.023 7640 7640 D item_click: viewId = 2131820758, position = 3
08-22 13:14:07.075 7640 7640 D ViewRootImpl@4539ef5[MainActivity]: MSG_WINDOW_FOCUS_CHANGED 0
08-22 13:14:07.135 7640 7640 D ScrollView: initGoToTop
08-22 13:14:07.223 7640 7640 D ViewRootImpl@3352ad4[CancelDeliveryActivity]: ThreadedRenderer.create() translucent=false
08-22 13:14:07.226 7640 7640 D InputTransport: Input channel constructed: fd=74
08-22 13:14:07.227 7640 7640 D ViewRootImpl@3352ad4[CancelDeliveryActivity]: setView = DecorView@4a8047d[CancelDeliveryActivity] touchMode=true
08-22 13:14:07.228 7640 7640 D LOCATION_SERVICE: LocationListener gps
08-22 13:14:07.229 7640 7640 D LOCATION_SERVICE: LocationListener network
08-22 13:14:07.230 7640 7640 D LOCATION_SERVICE: onCreate
08-22 13:14:07.231 7640 7640 D LOCATION_SERVICE: initializeLocationManager
08-22 13:14:07.247 7640 7640 D LOCATION_SERVICE: onStartCommand
08-22 13:14:07.260 7640 7640 D ViewRootImpl@3352ad4[CancelDeliveryActivity]: dispatchAttachedToWindow
08-22 13:14:07.294 7640 7640 D ViewRootImpl@3352ad4[CancelDeliveryActivity]: Relayout returned: oldFrame=[0,0][0,0] newFrame=[0,0][768,1024] result=0x27 surface={isValid=true -1960599552} surfaceGenerationChanged=true
08-22 13:14:07.294 7640 7640 D ViewRootImpl@3352ad4[CancelDeliveryActivity]: mHardwareRenderer.initialize() mSurface={isValid=true -1960599552} hwInitialized=true
08-22 13:14:07.301 7640 7640 D ScrollView: onsize change changed
08-22 13:14:07.351 7640 7640 D ViewRootImpl@3352ad4[CancelDeliveryActivity]: MSG_RESIZED_REPORT: frame=Rect(0, 0 - 768, 1024) ci=Rect(0, 24 - 0, 0) vi=Rect(0, 24 - 0, 0) or=1
08-22 13:14:07.351 7640 7640 D ViewRootImpl@3352ad4[CancelDeliveryActivity]: MSG_WINDOW_FOCUS_CHANGED 1
08-22 13:14:07.352 7640 7640 D ViewRootImpl@3352ad4[CancelDeliveryActivity]: mHardwareRenderer.initializeIfNeeded()#2 mSurface={isValid=true -1960599552}
08-22 13:14:07.357 7640 7640 V InputMethodManager: Starting input: tba=android.view.inputmethod.EditorInfo@71db758 nm : cz.gienger.mobile ic=null
08-22 13:14:07.357 7640 7640 I InputMethodManager: startInputInner - mService.startInputOrWindowGainedFocus
08-22 13:14:07.371 7640 7640 D InputTransport: Input channel constructed: fd=77
08-22 13:14:07.371 7640 7640 D InputTransport: Input channel destroyed: fd=84
08-22 13:14:07.424 7640 7657 D OpenGLRenderer: endAllActiveAnimators on 0x8ddb9280 (RippleDrawable) with handle 0x8b4b65b0
08-22 13:14:07.424 7640 7640 D ViewRootImpl@4539ef5[MainActivity]: mHardwareRenderer.destroy()#1
08-22 13:14:07.430 7640 7640 D ViewRootImpl@4539ef5[MainActivity]: Relayout returned: oldFrame=[0,0][768,1024] newFrame=[0,0][768,1024] result=0x5 surface={isValid=false 0} surfaceGenerationChanged=true
08-22 13:14:07.807 7640 7640 D ViewRootImpl@4539ef5[MainActivity]: Relayout returned: oldFrame=[0,0][768,1024] newFrame=[0,0][768,1024] result=0x5 surface={isValid=false 0} surfaceGenerationChanged=false
08-22 13:14:08.243 7640 7640 D ViewRootImpl@3352ad4[CancelDeliveryActivity]: ViewPostImeInputStage processPointer 0
08-22 13:14:08.337 7640 7640 D ViewRootImpl@3352ad4[CancelDeliveryActivity]: ViewPostImeInputStage processPointer 1
08-22 13:14:08.425 7640 7640 D LOCATION_SERVICE: onLocationChanged: Location[network 49,191118,17,534396 acc=21 et=+1h16m40s731ms alt=0.0 vel=0.0 bear=0.0 {Bundle[mParcelledData.dataSize=80]}]
08-22 13:14:08.809 7640 7640 D ViewRootImpl: updatePointerIcon pointerType = 20001, calling pid = 7640
08-22 13:14:08.809 7640 7640 D InputManager: setPointerIconType iconId = 20001, callingPid = 7640
08-22 13:14:08.811 7640 7640 D ViewRootImpl: updatePointerIcon pointerType = 20001, calling pid = 7640
08-22 13:14:08.812 7640 7640 D InputManager: setPointerIconType iconId = 20001, callingPid = 7640
08-22 13:14:09.040 7640 7640 D ViewRootImpl@3352ad4[CancelDeliveryActivity]: ViewPostImeInputStage processPointer 0
08-22 13:14:09.042 7640 7640 D ViewRootImpl: updatePointerIcon pointerType = 20001, calling pid = 7640
08-22 13:14:09.042 7640 7640 D InputManager: setPointerIconType iconId = 20001, callingPid = 7640
08-22 13:14:09.070 7640 7640 D ViewRootImpl@3352ad4[CancelDeliveryActivity]: ViewPostImeInputStage processPointer 1
08-22 13:14:09.076 7640 7640 D ViewRootImpl: updatePointerIcon pointerType = 20001, calling pid = 7640
08-22 13:14:09.076 7640 7640 D InputManager: setPointerIconType iconId = 20001, callingPid = 7640
08-22 13:14:09.078 7640 7640 D ViewRootImpl: updatePointerIcon pointerType = 20001, calling pid = 7640
08-22 13:14:09.078 7640 7640 D InputManager: setPointerIconType iconId = 20001, callingPid = 7640
08-22 13:14:09.091 7640 7640 D UNDELIVERED: Reason ID = 2, Comment =
08-22 13:14:09.198 7640 7640 D ViewRootImpl@3352ad4[CancelDeliveryActivity]: MSG_WINDOW_FOCUS_CHANGED 0
08-22 13:14:09.201 7640 8915 D MESSAGE_SERVICE: ACTION_COMPRESS_AND_UPLOAD
08-22 13:14:09.258 7640 7640 D ViewRootImpl@4539ef5[MainActivity]: mHardwareRenderer.destroy()#4
08-22 13:14:09.258 7640 7640 D ViewRootImpl@4539ef5[MainActivity]: dispatchDetachedFromWindow
08-22 13:14:09.264 7640 7640 D InputTransport: Input channel destroyed: fd=66
08-22 13:14:09.378 7640 7640 D ViewRootImpl@b9af224[MainActivity]: ThreadedRenderer.create() translucent=false
08-22 13:14:09.381 7640 7640 D InputTransport: Input channel constructed: fd=85
08-22 13:14:09.382 7640 7640 D ViewRootImpl@b9af224[MainActivity]: setView = DecorView@298418d[MainActivity] touchMode=true
08-22 13:14:09.384 7640 7640 D ViewRootImpl@b9af224[MainActivity]: dispatchAttachedToWindow
08-22 13:14:09.447 7640 7640 D ViewRootImpl@b9af224[MainActivity]: Relayout returned: oldFrame=[0,0][0,0] newFrame=[0,0][768,1024] result=0x27 surface={isValid=true -1953591296} surfaceGenerationChanged=true
08-22 13:14:09.447 7640 7640 D ViewRootImpl@b9af224[MainActivity]: mHardwareRenderer.initialize() mSurface={isValid=true -1953591296} hwInitialized=true
08-22 13:14:09.544 7640 7640 D AbsListView: in onLayout changed
08-22 13:14:09.562 7640 7657 D OpenGLRenderer: endAllActiveAnimators on 0x8de86100 (RippleDrawable) with handle 0x8b6400d0
08-22 13:14:09.562 7640 7640 D ViewRootImpl@3352ad4[CancelDeliveryActivity]: mHardwareRenderer.destroy()#1
08-22 13:14:09.569 7640 7640 D ViewRootImpl@3352ad4[CancelDeliveryActivity]: Relayout returned: oldFrame=[0,0][768,1024] newFrame=[0,0][768,1024] result=0x5 surface={isValid=false 0} surfaceGenerationChanged=true
08-22 13:14:09.632 7640 7640 D ViewRootImpl@b9af224[MainActivity]: MSG_RESIZED_REPORT: frame=Rect(0, 0 - 768, 1024) ci=Rect(0, 24 - 0, 0) vi=Rect(0, 24 - 0, 0) or=1
08-22 13:14:09.632 7640 7640 D ViewRootImpl@b9af224[MainActivity]: MSG_WINDOW_FOCUS_CHANGED 1
08-22 13:14:09.633 7640 7640 D ViewRootImpl@b9af224[MainActivity]: mHardwareRenderer.initializeIfNeeded()#2 mSurface={isValid=true -1953591296}
08-22 13:14:09.634 7640 7640 V InputMethodManager: Starting input: tba=android.view.inputmethod.EditorInfo@6dd85ae nm : cz.gienger.mobile ic=null
08-22 13:14:09.634 7640 7640 I InputMethodManager: startInputInner - mService.startInputOrWindowGainedFocus
08-22 13:14:09.645 7640 7640 D InputTransport: Input channel constructed: fd=66
08-22 13:14:09.645 7640 7640 D InputTransport: Input channel destroyed: fd=77
08-22 13:14:09.684 7640 7640 D TextView: SYANI: Clipboard API is calling: clearFilter()
08-22 13:14:09.684 7640 7640 D TextView: SYANI: Clipboard API is calling: unregisterClipboardEventListener()
08-22 13:14:09.693 7640 7640 D ViewRootImpl@3352ad4[CancelDeliveryActivity]: mHardwareRenderer.destroy()#4
08-22 13:14:09.693 7640 7640 D ViewRootImpl@3352ad4[CancelDeliveryActivity]: dispatchDetachedFromWindow
08-22 13:14:09.699 7640 7640 D InputTransport: Input channel destroyed: fd=74
08-22 13:14:09.700 7640 7640 D LOCATION_SERVICE: onDestroy
08-22 13:14:09.927 7640 8915 D FILE_MANAGER: Serializing delivery /data/user/0/cz.gienger.mobile/files/finished/130CT1181304623/130CT1181304623.xml
08-22 13:14:09.927 7640 8915 D FILE_MANAGER: Null files:
08-22 13:14:10.060 7640 8915 D MYINTERCEPTOR: /GiengerService.svc/sendorder
08-22 13:14:10.061 7640 8915 D OkHttp : --> POST https://testsaig1.gienger.cz/GiengerService.svc/sendorder http/1.1
08-22 13:14:10.061 7640 8915 D OkHttp : Content-Type: text/raw
08-22 13:14:10.061 7640 8915 D OkHttp : Content-Length: 3784
08-22 13:14:10.061 7640 8915 D OkHttp : filename: 130CT1181304623.xml
08-22 13:14:10.062 7640 8915 D OkHttp : Checksum: 04109752e140f9288f421e91c352a2d1
08-22 13:14:10.062 7640 8915 D OkHttp : token: e21a404f3d50c653c52fccd8157ef71f
08-22 13:14:10.062 7640 8915 D OkHttp : --> END POST
08-22 13:14:10.266 7640 7640 D ViewRootImpl: updatePointerIcon pointerType = 20001, calling pid = 7640
08-22 13:14:10.266 7640 7640 D InputManager: setPointerIconType iconId = 20001, callingPid = 7640
08-22 13:14:10.268 7640 7640 D ViewRootImpl: updatePointerIcon pointerType = 20001, calling pid = 7640
08-22 13:14:10.269 7640 7640 D InputManager: setPointerIconType iconId = 20001, callingPid = 7640
08-22 13:14:10.369 7640 8915 D OkHttp : <-- 200 https://testsaig1.gienger.cz/GiengerService.svc/sendorder (306ms)
08-22 13:14:10.369 7640 8915 D OkHttp : content-type: application/xml; charset=utf-8
08-22 13:14:10.369 7640 8915 D OkHttp : server: Microsoft-IIS/10.0
08-22 13:14:10.369 7640 8915 D OkHttp : x-powered-by: ASP.NET
08-22 13:14:10.369 7640 8915 D OkHttp : date: Wed, 22 Aug 2018 11:14:10 GMT
08-22 13:14:10.369 7640 8915 D OkHttp : content-length: 175
08-22 13:14:10.369 7640 8915 D OkHttp : <-- END HTTP
08-22 13:14:10.377 7640 8915 D sendOrder_SUCCESS: 200
08-22 13:14:10.399 7640 7640 D ViewRootImpl@b9af224[MainActivity]: ViewPostImeInputStage processPointer 0
08-22 13:14:10.400 7640 7640 D ViewRootImpl: updatePointerIcon pointerType = 20001, calling pid = 7640
08-22 13:14:10.401 7640 7640 D InputManager: setPointerIconType iconId = 20001, callingPid = 7640
08-22 13:14:10.446 7640 8915 D MESSAGE_SERVICE: ACTION_RESEND_ORDERS
08-22 13:14:10.692 7640 7640 D AbsListView: in onLayout changed
08-22 13:14:10.782 7640 7640 D ViewRootImpl@b9af224[MainActivity]: MSG_WINDOW_FOCUS_CHANGED 0
08-22 13:14:10.863 7640 7640 D ViewRootImpl@b9af224[MainActivity]: ViewPostImeInputStage processPointer 1
08-22 13:14:10.961 7640 7640 D AbsListView: in onLayout changed
08-22 13:14:10.976 7640 7640 D Graph : removeVertex() : insertDummyVertex, because there is no ancestor.
08-22 13:14:11.010 7640 7640 D ALARM_REUPLOAD: cancelling alarm
08-22 13:14:11.038 7640 7640 D ScrollView: initGoToTop
08-22 13:14:11.044 7640 7640 D ScrollView: initGoToTop
08-22 13:14:11.055 7640 7640 D ViewRootImpl@e261a99[MainActivity]: ThreadedRenderer.create() translucent=true
08-22 13:14:11.060 7640 7640 D InputTransport: Input channel constructed: fd=89
08-22 13:14:11.060 7640 7640 D ViewRootImpl@e261a99[MainActivity]: setView = DecorView@daa215e[MainActivity] touchMode=true
08-22 13:14:11.114 7640 7640 D ViewRootImpl@bee137[MainActivity]: ThreadedRenderer.create() translucent=false
08-22 13:14:11.117 7640 7640 D InputTransport: Input channel constructed: fd=90
08-22 13:14:11.117 7640 7640 D ViewRootImpl@bee137[MainActivity]: setView = DecorView@16ed6a4[MainActivity] touchMode=true
08-22 13:14:11.145 7640 7640 D ViewRootImpl@b9af224[MainActivity]: mHardwareRenderer.destroy()#1
08-22 13:14:11.154 7640 7640 D ViewRootImpl@b9af224[MainActivity]: Relayout returned: oldFrame=[0,0][768,1024] newFrame=[0,0][768,1024] result=0x5 surface={isValid=false 0} surfaceGenerationChanged=true
08-22 13:14:11.155 7640 7640 D ViewRootImpl@e261a99[MainActivity]: dispatchAttachedToWindow
08-22 13:14:11.209 7640 7640 D ViewRootImpl@e261a99[MainActivity]: Relayout returned: oldFrame=[0,0][0,0] newFrame=[94,415][674,633] result=0x27 surface={isValid=true -1953591296} surfaceGenerationChanged=true
08-22 13:14:11.209 7640 7640 D ViewRootImpl@e261a99[MainActivity]: mHardwareRenderer.initialize() mSurface={isValid=true -1953591296} hwInitialized=true
08-22 13:14:11.212 7640 7640 D ScrollView: onsize change changed
08-22 13:14:11.214 7640 7640 D ViewRootImpl@bee137[MainActivity]: dispatchAttachedToWindow
08-22 13:14:11.255 7640 7640 D ViewRootImpl@bee137[MainActivity]: Relayout returned: oldFrame=[0,0][0,0] newFrame=[0,0][768,1024] result=0x7 surface={isValid=true -1957171200} surfaceGenerationChanged=true
08-22 13:14:11.255 7640 7640 D ViewRootImpl@bee137[MainActivity]: mHardwareRenderer.initialize() mSurface={isValid=true -1957171200} hwInitialized=true
08-22 13:14:11.333 7640 7640 D AbsListView: in onLayout changed
08-22 13:14:11.335 7640 7640 D ViewRootImpl@e261a99[MainActivity]: MSG_WINDOW_FOCUS_CHANGED 1
08-22 13:14:11.335 7640 7640 D ViewRootImpl@e261a99[MainActivity]: mHardwareRenderer.initializeIfNeeded()#2 mSurface={isValid=true -1953591296}
08-22 13:14:11.394 7640 7640 D ViewRootImpl@e261a99[MainActivity]: MSG_RESIZED_REPORT: frame=Rect(94, 415 - 674, 633) ci=Rect(0, 0 - 0, 0) vi=Rect(0, 0 - 0, 0) or=1
08-22 13:14:11.401 7640 7640 D ViewRootImpl@bee137[MainActivity]: MSG_RESIZED_REPORT: frame=Rect(0, 0 - 768, 1024) ci=Rect(0, 24 - 0, 0) vi=Rect(0, 24 - 0, 0) or=1
08-22 13:14:11.472 7640 7640 D ViewRootImpl@b9af224[MainActivity]: mHardwareRenderer.destroy()#4
08-22 13:14:11.472 7640 7640 D ViewRootImpl@b9af224[MainActivity]: dispatchDetachedFromWindow
08-22 13:14:11.479 7640 7640 D InputTransport: Input channel destroyed: fd=85
08-22 13:14:12.581 7640 7640 D ViewRootImpl: updatePointerIcon pointerType = 20001, calling pid = 7640
08-22 13:14:12.588 7640 7640 D InputManager: setPointerIconType iconId = 20001, callingPid = 7640
