08-22 12:58:58.817 7640 7640 D InputTransport: Input channel destroyed: fd=63
08-22 12:58:58.827 7640 7640 D LOCATION_SERVICE: onLocationChanged: Location[network 49,191050,17,534633 acc=21 et=+1h1m31s95ms alt=0.0 vel=0.0 bear=0.0 {Bundle[mParcelledData.dataSize=80]}]
08-22 12:58:58.835 7640 8424 D FILE_MANAGER: Copying file /data/user/0/cz.gienger.mobile/files/delivery/130DT1180223781/130DT1180223781.pdf to /storage/emulated/0/130DT1180223781.pdf
08-22 12:58:58.855 7640 7657 D OpenGLRenderer: endAllActiveAnimators on 0x8e1e3e00 (RippleDrawable) with handle 0x8d903ec0
08-22 12:58:58.855 7640 7640 D ViewRootImpl@247cbdb[MainActivity]: mHardwareRenderer.destroy()#1
08-22 12:58:58.864 7640 7640 D ViewRootImpl@247cbdb[MainActivity]: Relayout returned: oldFrame=[0,0][768,1024] newFrame=[0,0][768,1024] result=0x5 surface={isValid=false 0} surfaceGenerationChanged=true
08-22 12:58:59.252 7640 7640 D ViewRootImpl@247cbdb[MainActivity]: Relayout returned: oldFrame=[0,0][768,1024] newFrame=[0,0][768,1024] result=0x5 surface={isValid=false 0} surfaceGenerationChanged=false
08-22 12:58:59.349 7640 8424 D FILE_MANAGER: copy ok
08-22 12:59:14.434 7640 7640 D ViewRootImpl@26f2892[DeliverActivity]: ViewPostImeInputStage processKey 0
08-22 12:59:14.574 7640 7640 D ViewRootImpl@26f2892[DeliverActivity]: ViewPostImeInputStage processKey 1
08-22 12:59:14.725 7640 7640 D ViewRootImpl@247cbdb[MainActivity]: Relayout returned: oldFrame=[0,0][768,1024] newFrame=[0,0][768,1024] result=0x7 surface={isValid=true -1913780224} surfaceGenerationChanged=true
08-22 12:59:14.725 7640 7640 D ViewRootImpl@247cbdb[MainActivity]: mHardwareRenderer.initialize() mSurface={isValid=true -1913780224} hwInitialized=true
08-22 12:59:14.771 7640 7640 D AbsListView: in onLayout changed
08-22 12:59:14.790 7640 7640 D ViewRootImpl@247cbdb[MainActivity]: MSG_WINDOW_FOCUS_CHANGED 1
08-22 12:59:14.790 7640 7640 D ViewRootImpl@247cbdb[MainActivity]: mHardwareRenderer.initializeIfNeeded()#2 mSurface={isValid=true -1913780224}
08-22 12:59:14.792 7640 7640 V InputMethodManager: Starting input: tba=android.view.inputmethod.EditorInfo@53d3a23 nm : cz.gienger.mobile ic=null
08-22 12:59:14.792 7640 7640 I InputMethodManager: startInputInner - mService.startInputOrWindowGainedFocus
08-22 12:59:14.804 7640 7640 D InputTransport: Input channel constructed: fd=64
08-22 12:59:14.804 7640 7640 D InputTransport: Input channel destroyed: fd=77
08-22 12:59:14.808 7640 7640 D ViewRootImpl@26f2892[DeliverActivity]: MSG_WINDOW_FOCUS_CHANGED 0
08-22 12:59:14.849 7640 7640 D ViewRootImpl@26f2892[DeliverActivity]: mHardwareRenderer.destroy()#1
08-22 12:59:14.855 7640 7640 D ViewRootImpl@26f2892[DeliverActivity]: Relayout returned: oldFrame=[0,0][768,1024] newFrame=[0,0][768,1024] result=0x5 surface={isValid=false 0} surfaceGenerationChanged=true
08-22 12:59:15.235 7640 7640 D ViewRootImpl@26f2892[DeliverActivity]: mHardwareRenderer.destroy()#4
08-22 12:59:15.235 7640 7640 D ViewRootImpl@26f2892[DeliverActivity]: dispatchDetachedFromWindow
08-22 12:59:15.241 7640 7640 D InputTransport: Input channel destroyed: fd=72
08-22 12:59:15.242 7640 7640 D LOCATION_SERVICE: onDestroy
08-22 12:59:16.438 7640 7650 I art : Background sticky concurrent mark sweep GC freed 94070(4MB) AllocSpace objects, 2(40KB) LOS objects, 23% free, 14MB/19MB, paused 831us total 103.755ms
08-22 12:59:18.319 7640 7640 D ViewRootImpl@247cbdb[MainActivity]: ViewPostImeInputStage processPointer 0
08-22 12:59:18.388 7640 7640 D AbsListView: reportScrollStateChange() newState : 1
08-22 12:59:18.848 7640 7640 D ViewRootImpl@247cbdb[MainActivity]: ViewPostImeInputStage processPointer 1
08-22 12:59:18.848 7640 7640 D AbsListView: onTouchUp() mTouchMode : 3
08-22 12:59:18.848 7640 7640 D AbsListView: onTouchUp() TOUCH_MODE_SCROLL initialVelocity : -248
08-22 12:59:18.848 7640 7640 D AbsListView: reportScrollStateChange() newState : 2
08-22 12:59:19.073 7640 7640 D AbsListView: reportScrollStateChange() newState : 0
08-22 12:59:19.419 7640 7640 D ViewRootImpl@247cbdb[MainActivity]: ViewPostImeInputStage processPointer 0
08-22 12:59:19.475 7640 7640 D AbsListView: reportScrollStateChange() newState : 1
08-22 12:59:19.776 7640 7640 D ViewRootImpl@247cbdb[MainActivity]: ViewPostImeInputStage processPointer 1
08-22 12:59:19.776 7640 7640 D AbsListView: onTouchUp() mTouchMode : 3
08-22 12:59:19.776 7640 7640 D AbsListView: onTouchUp() TOUCH_MODE_SCROLL initialVelocity : 0
08-22 12:59:19.776 7640 7640 D AbsListView: reportScrollStateChange() newState : 0
08-22 12:59:19.810 7640 7640 D ViewRootImpl@247cbdb[MainActivity]: ViewPostImeInputStage processPointer 0
08-22 12:59:19.827 7640 7640 D ViewRootImpl@247cbdb[MainActivity]: ViewPostImeInputStage processPointer 1
08-22 12:59:19.828 7640 7640 D AbsListView: onTouchUp() mTouchMode : 0
08-22 12:59:19.910 7640 7640 D item_click: viewId = -1, position = 2
08-22 12:59:19.962 7640 7640 D ViewRootImpl@247cbdb[MainActivity]: MSG_WINDOW_FOCUS_CHANGED 0
08-22 12:59:19.986 7640 7640 D Graph : removeVertex() : insertDummyVertex, because there is no ancestor.
08-22 12:59:20.084 7640 7640 D ViewRootImpl@c5dd02f[DeliverActivity]: ThreadedRenderer.create() translucent=false
08-22 12:59:20.088 7640 7640 D InputTransport: Input channel constructed: fd=68
08-22 12:59:20.088 7640 7640 D ViewRootImpl@c5dd02f[DeliverActivity]: setView = DecorView@cba263c[DeliverActivity] touchMode=true
08-22 12:59:20.089 7640 7640 D LOCATION_SERVICE: LocationListener gps
08-22 12:59:20.090 7640 7640 D LOCATION_SERVICE: LocationListener network
08-22 12:59:20.091 7640 7640 D LOCATION_SERVICE: onCreate
08-22 12:59:20.092 7640 7640 D LOCATION_SERVICE: initializeLocationManager
08-22 12:59:20.098 7640 7640 D LOCATION_SERVICE: onStartCommand
08-22 12:59:20.105 7640 7640 D ViewRootImpl@c5dd02f[DeliverActivity]: dispatchAttachedToWindow
08-22 12:59:20.147 7640 7640 D ViewRootImpl@c5dd02f[DeliverActivity]: Relayout returned: oldFrame=[0,0][0,0] newFrame=[0,0][768,1024] result=0x27 surface={isValid=true -1899372544} surfaceGenerationChanged=true
08-22 12:59:20.147 7640 7640 D ViewRootImpl@c5dd02f[DeliverActivity]: mHardwareRenderer.initialize() mSurface={isValid=true -1899372544} hwInitialized=true
08-22 12:59:20.188 7640 7640 D ViewRootImpl@c5dd02f[DeliverActivity]: MSG_RESIZED_REPORT: frame=Rect(0, 0 - 768, 1024) ci=Rect(0, 24 - 0, 0) vi=Rect(0, 24 - 0, 0) or=1
08-22 12:59:20.188 7640 7640 D ViewRootImpl@c5dd02f[DeliverActivity]: MSG_WINDOW_FOCUS_CHANGED 1
08-22 12:59:20.189 7640 7640 D ViewRootImpl@c5dd02f[DeliverActivity]: mHardwareRenderer.initializeIfNeeded()#2 mSurface={isValid=true -1899372544}
08-22 12:59:20.190 7640 7640 V InputMethodManager: Starting input: tba=android.view.inputmethod.EditorInfo@7a4227d nm : cz.gienger.mobile ic=null
08-22 12:59:20.190 7640 7640 I InputMethodManager: startInputInner - mService.startInputOrWindowGainedFocus
08-22 12:59:20.204 7640 7640 D InputTransport: Input channel constructed: fd=72
08-22 12:59:20.204 7640 7640 D InputTransport: Input channel destroyed: fd=64
08-22 12:59:20.229 7640 8427 D FILE_MANAGER: Copying file /data/user/0/cz.gienger.mobile/files/delivery/130DT1180224451/130DT1180224451.pdf to /storage/emulated/0/130DT1180224451.pdf
08-22 12:59:20.250 7640 7657 D OpenGLRenderer: endAllActiveAnimators on 0x8de46080 (ListView) with handle 0x8b3e6aa0
08-22 12:59:20.251 7640 7640 D ViewRootImpl@247cbdb[MainActivity]: mHardwareRenderer.destroy()#1
08-22 12:59:20.271 7640 7640 D ViewRootImpl@247cbdb[MainActivity]: Relayout returned: oldFrame=[0,0][768,1024] newFrame=[0,0][768,1024] result=0x5 surface={isValid=false 0} surfaceGenerationChanged=true
08-22 12:59:20.649 7640 7640 D ViewRootImpl@247cbdb[MainActivity]: Relayout returned: oldFrame=[0,0][768,1024] newFrame=[0,0][768,1024] result=0x5 surface={isValid=false 0} surfaceGenerationChanged=false
08-22 12:59:20.731 7640 8427 D FILE_MANAGER: copy ok
08-22 12:59:22.191 7640 7640 D ViewRootImpl@c5dd02f[DeliverActivity]: ViewPostImeInputStage processKey 0
08-22 12:59:22.289 7640 7640 D ViewRootImpl@c5dd02f[DeliverActivity]: ViewPostImeInputStage processKey 1
08-22 12:59:22.445 7640 7640 D ViewRootImpl@247cbdb[MainActivity]: Relayout returned: oldFrame=[0,0][768,1024] newFrame=[0,0][768,1024] result=0x7 surface={isValid=true -1913780224} surfaceGenerationChanged=true
08-22 12:59:22.445 7640 7640 D ViewRootImpl@247cbdb[MainActivity]: mHardwareRenderer.initialize() mSurface={isValid=true -1913780224} hwInitialized=true
08-22 12:59:22.489 7640 7640 D AbsListView: in onLayout changed
08-22 12:59:22.509 7640 7640 D ViewRootImpl@247cbdb[MainActivity]: MSG_WINDOW_FOCUS_CHANGED 1
08-22 12:59:22.509 7640 7640 D ViewRootImpl@247cbdb[MainActivity]: mHardwareRenderer.initializeIfNeeded()#2 mSurface={isValid=true -1913780224}
08-22 12:59:22.511 7640 7640 V InputMethodManager: Starting input: tba=android.view.inputmethod.EditorInfo@72e3985 nm : cz.gienger.mobile ic=null
08-22 12:59:22.511 7640 7640 I InputMethodManager: startInputInner - mService.startInputOrWindowGainedFocus
08-22 12:59:22.524 7640 7640 D InputTransport: Input channel constructed: fd=64
08-22 12:59:22.524 7640 7640 D InputTransport: Input channel destroyed: fd=72
08-22 12:59:22.528 7640 7640 D ViewRootImpl@c5dd02f[DeliverActivity]: MSG_WINDOW_FOCUS_CHANGED 0
08-22 12:59:22.565 7640 7640 D ViewRootImpl@c5dd02f[DeliverActivity]: mHardwareRenderer.destroy()#1
08-22 12:59:22.572 7640 7640 D ViewRootImpl@c5dd02f[DeliverActivity]: Relayout returned: oldFrame=[0,0][768,1024] newFrame=[0,0][768,1024] result=0x5 surface={isValid=false 0} surfaceGenerationChanged=true
08-22 12:59:22.958 7640 7640 D ViewRootImpl@c5dd02f[DeliverActivity]: mHardwareRenderer.destroy()#4
08-22 12:59:22.958 7640 7640 D ViewRootImpl@c5dd02f[DeliverActivity]: dispatchDetachedFromWindow
08-22 12:59:22.965 7640 7640 D InputTransport: Input channel destroyed: fd=68
08-22 12:59:22.966 7640 7640 D LOCATION_SERVICE: onDestroy
08-22 13:00:00.053 7640 8437 D MESSAGE_SERVICE: ACTION_RESEND_ORDERS
08-22 13:00:00.295 7640 7640 D AbsListView: in onLayout changed
08-22 13:01:49.789 7640 7640 D ViewRootImpl@247cbdb[MainActivity]: MSG_RESIZED_REPORT: frame=Rect(0, 0 - 768, 1024) ci=Rect(0, 24 - 0, 0) vi=Rect(0, 24 - 0, 0) or=1
08-22 13:01:50.185 7640 7640 D ViewRootImpl@247cbdb[MainActivity]: Relayout returned: oldFrame=[0,0][768,1024] newFrame=[0,0][768,1024] result=0x1 surface={isValid=true -1913780224} surfaceGenerationChanged=false
08-22 13:01:50.254 7640 7640 D AbsListView: in onLayout changed
08-22 13:01:51.113 7640 7640 D ViewRootImpl@247cbdb[MainActivity]: ViewPostImeInputStage processPointer 0
08-22 13:01:51.152 7640 7640 D AbsListView: reportScrollStateChange() newState : 1
08-22 13:01:51.656 7640 7640 D ViewRootImpl@247cbdb[MainActivity]: ViewPostImeInputStage processPointer 1
08-22 13:01:51.656 7640 7640 D AbsListView: onTouchUp() mTouchMode : 3
08-22 13:01:51.656 7640 7640 D AbsListView: onTouchUp() TOUCH_MODE_SCROLL initialVelocity : 0
08-22 13:01:51.656 7640 7640 D AbsListView: reportScrollStateChange() newState : 0
08-22 13:01:52.556 7640 7640 D ViewRootImpl@247cbdb[MainActivity]: ViewPostImeInputStage processPointer 0
08-22 13:01:52.605 7640 7640 D AbsListView: reportScrollStateChange() newState : 1
08-22 13:01:53.009 7640 7640 D ViewRootImpl@247cbdb[MainActivity]: ViewPostImeInputStage processPointer 1
08-22 13:01:53.009 7640 7640 D AbsListView: onTouchUp() mTouchMode : 3
08-22 13:01:53.009 7640 7640 D AbsListView: onTouchUp() TOUCH_MODE_SCROLL initialVelocity : 3227
08-22 13:01:53.009 7640 7640 D AbsListView: reportScrollStateChange() newState : 0
08-22 13:02:05.228 7640 7640 D ViewRootImpl@247cbdb[MainActivity]: ViewPostImeInputStage processPointer 0
08-22 13:02:05.267 7640 7640 D AbsListView: reportScrollStateChange() newState : 1
08-22 13:02:05.734 7640 7640 D ViewRootImpl@247cbdb[MainActivity]: ViewPostImeInputStage processPointer 1
08-22 13:02:05.734 7640 7640 D AbsListView: onTouchUp() mTouchMode : 3
08-22 13:02:05.734 7640 7640 D AbsListView: onTouchUp() TOUCH_MODE_SCROLL initialVelocity : 0
08-22 13:02:05.734 7640 7640 D AbsListView: reportScrollStateChange() newState : 0
08-22 13:02:37.298 7640 7640 D ViewRootImpl@247cbdb[MainActivity]: ViewPostImeInputStage processPointer 0
08-22 13:02:37.338 7640 7640 D AbsListView: reportScrollStateChange() newState : 1
08-22 13:02:37.991 7640 7640 D ViewRootImpl@247cbdb[MainActivity]: ViewPostImeInputStage processPointer 1
08-22 13:02:37.991 7640 7640 D AbsListView: onTouchUp() mTouchMode : 3
08-22 13:02:37.991 7640 7640 D AbsListView: onTouchUp() TOUCH_MODE_SCROLL initialVelocity : 0
08-22 13:02:37.991 7640 7640 D AbsListView: reportScrollStateChange() newState : 0
08-22 13:03:13.899 7640 7640 D ViewRootImpl@247cbdb[MainActivity]: ViewPostImeInputStage processPointer 0
08-22 13:03:13.969 7640 7640 D AbsListView: reportScrollStateChange() newState : 1
08-22 13:03:14.657 7640 7640 D ViewRootImpl@247cbdb[MainActivity]: ViewPostImeInputStage processPointer 1
08-22 13:03:14.657 7640 7640 D AbsListView: onTouchUp() mTouchMode : 3
08-22 13:03:14.657 7640 7640 D AbsListView: onTouchUp() TOUCH_MODE_SCROLL initialVelocity : 1972
08-22 13:03:14.658 7640 7640 D AbsListView: reportScrollStateChange() newState : 2
08-22 13:03:14.804 7640 7640 D AbsListView: reportScrollStateChange() newState : 0
08-22 13:03:16.008 7640 7640 D ViewRootImpl@247cbdb[MainActivity]: ViewPostImeInputStage processPointer 0
08-22 13:03:16.073 7640 7640 D AbsListView: reportScrollStateChange() newState : 1
08-22 13:03:19.017 7640 7640 D ViewRootImpl@247cbdb[MainActivity]: ViewPostImeInputStage processPointer 1
08-22 13:03:19.017 7640 7640 D AbsListView: onTouchUp() mTouchMode : 3
08-22 13:03:19.017 7640 7640 D AbsListView: onTouchUp() TOUCH_MODE_SCROLL initialVelocity : 0
08-22 13:03:19.018 7640 7640 D AbsListView: reportScrollStateChange() newState : 0
08-22 13:03:19.418 7640 7640 D ViewRootImpl@247cbdb[MainActivity]: ViewPostImeInputStage processPointer 0
08-22 13:03:19.515 7640 7640 D AbsListView: reportScrollStateChange() newState : 1
08-22 13:03:20.190 7640 7640 D ViewRootImpl@247cbdb[MainActivity]: ViewPostImeInputStage processPointer 1
08-22 13:03:20.190 7640 7640 D AbsListView: onTouchUp() mTouchMode : 3
08-22 13:03:20.191 7640 7640 D AbsListView: onTouchUp() TOUCH_MODE_SCROLL initialVelocity : 0
08-22 13:03:20.191 7640 7640 D AbsListView: reportScrollStateChange() newState : 0
08-22 13:03:20.403 7640 7640 D ViewRootImpl@247cbdb[MainActivity]: ViewPostImeInputStage processPointer 0
08-22 13:03:20.483 7640 7640 D AbsListView: reportScrollStateChange() newState : 1
08-22 13:03:21.894 7640 7640 D ViewRootImpl@247cbdb[MainActivity]: ViewPostImeInputStage processPointer 1
08-22 13:03:21.895 7640 7640 D AbsListView: onTouchUp() mTouchMode : 3
08-22 13:03:21.895 7640 7640 D AbsListView: onTouchUp() TOUCH_MODE_SCROLL initialVelocity : 11
08-22 13:03:21.895 7640 7640 D AbsListView: reportScrollStateChange() newState : 0
08-22 13:03:22.210 7640 7640 D ViewRootImpl@247cbdb[MainActivity]: ViewPostImeInputStage processPointer 0
08-22 13:03:22.288 7640 7640 D AbsListView: reportScrollStateChange() newState : 1
08-22 13:03:23.918 7640 7640 D ViewRootImpl@247cbdb[MainActivity]: ViewPostImeInputStage processPointer 1
08-22 13:03:23.918 7640 7640 D AbsListView: onTouchUp() mTouchMode : 3
08-22 13:03:23.918 7640 7640 D AbsListView: onTouchUp() TOUCH_MODE_SCROLL initialVelocity : 45
08-22 13:03:23.918 7640 7640 D AbsListView: reportScrollStateChange() newState : 0
08-22 13:08:26.404 7640 7645 I art : Do full code cache collection, code=210KB, data=250KB
08-22 13:08:26.405 7640 7645 I art : Starting a blocking GC JitCodeCache
08-22 13:08:26.405 7640 7645 I art : After code cache collection, code=188KB, data=199KB
08-22 13:08:26.579 7640 7640 D ViewRootImpl@247cbdb[MainActivity]: MSG_RESIZED_REPORT: frame=Rect(0, 0 - 768, 1024) ci=Rect(0, 24 - 0, 0) vi=Rect(0, 24 - 0, 0) or=1
08-22 13:08:26.697 7640 7640 D AbsListView: in onLayout changed
08-22 13:08:26.820 7640 7650 I art : Background partial concurrent mark sweep GC freed 146793(7MB) AllocSpace objects, 24(1984KB) LOS objects, 54% free, 9MB/21MB, paused 7.485ms total 171.781ms
08-22 13:08:28.633 7640 7640 D ViewRootImpl@247cbdb[MainActivity]: ViewPostImeInputStage processPointer 0
08-22 13:08:28.663 7640 7640 D AbsListView: reportScrollStateChange() newState : 1
08-22 13:08:28.757 7640 7640 D ViewRootImpl@247cbdb[MainActivity]: ViewPostImeInputStage processPointer 1
08-22 13:08:28.757 7640 7640 D AbsListView: onTouchUp() mTouchMode : 3
08-22 13:08:28.757 7640 7640 D AbsListView: onTouchUp() TOUCH_MODE_SCROLL initialVelocity : -1983
08-22 13:08:28.757 7640 7640 D AbsListView: reportScrollStateChange() newState : 2
08-22 13:08:29.062 7640 7640 D AbsListView: reportScrollStateChange() newState : 0
08-22 13:08:29.336 7640 7640 D ViewRootImpl@247cbdb[MainActivity]: ViewPostImeInputStage processPointer 0
08-22 13:08:29.380 7640 7640 D AbsListView: reportScrollStateChange() newState : 1
08-22 13:08:29.409 7640 7640 D ViewRootImpl@247cbdb[MainActivity]: ViewPostImeInputStage processPointer 1
08-22 13:08:29.409 7640 7640 D AbsListView: onTouchUp() mTouchMode : 3
08-22 13:08:29.409 7640 7640 D AbsListView: onTouchUp() TOUCH_MODE_SCROLL initialVelocity : 2574
08-22 13:08:29.409 7640 7640 D AbsListView: reportScrollStateChange() newState : 2
08-22 13:08:29.697 7640 7640 D AbsListView: reportScrollStateChange() newState : 0
08-22 13:08:31.080 7640 7640 D ViewRootImpl@247cbdb[MainActivity]: ViewPostImeInputStage processPointer 0
08-22 13:08:31.134 7640 7640 D AbsListView: reportScrollStateChange() newState : 1
08-22 13:08:31.193 7640 7640 D ViewRootImpl@247cbdb[MainActivity]: ViewPostImeInputStage processPointer 1
08-22 13:08:31.193 7640 7640 D AbsListView: onTouchUp() mTouchMode : 3
08-22 13:08:31.193 7640 7640 D AbsListView: onTouchUp() TOUCH_MODE_SCROLL initialVelocity : -2068
08-22 13:08:31.193 7640 7640 D AbsListView: reportScrollStateChange() newState : 2
08-22 13:08:31.535 7640 7640 D AbsListView: reportScrollStateChange() newState : 0
08-22 13:08:31.865 7640 7640 D ViewRootImpl@247cbdb[MainActivity]: ViewPostImeInputStage processPointer 0
08-22 13:08:31.903 7640 7640 D AbsListView: reportScrollStateChange() newState : 1
08-22 13:08:31.937 7640 7640 D ViewRootImpl@247cbdb[MainActivity]: ViewPostImeInputStage processPointer 1
08-22 13:08:31.937 7640 7640 D AbsListView: onTouchUp() mTouchMode : 3
08-22 13:08:31.937 7640 7640 D AbsListView: onTouchUp() TOUCH_MODE_SCROLL initialVelocity : 1891
08-22 13:08:31.937 7640 7640 D AbsListView: reportScrollStateChange() newState : 2
08-22 13:08:32.371 7640 7640 D AbsListView: reportScrollStateChange() newState : 0
08-22 13:09:45.137 7640 7640 D ViewRootImpl@247cbdb[MainActivity]: MSG_RESIZED_REPORT: frame=Rect(0, 0 - 768, 1024) ci=Rect(0, 24 - 0, 0) vi=Rect(0, 24 - 0, 0) or=1
08-22 13:09:45.231 7640 7640 D AbsListView: in onLayout changed
08-22 13:09:47.241 7640 7640 D ViewRootImpl@247cbdb[MainActivity]: ViewPostImeInputStage processPointer 0
08-22 13:09:47.282 7640 7640 D AbsListView: reportScrollStateChange() newState : 1
08-22 13:09:47.423 7640 7640 D ViewRootImpl@247cbdb[MainActivity]: ViewPostImeInputStage processPointer 1
08-22 13:09:47.424 7640 7640 D AbsListView: onTouchUp() mTouchMode : 3
08-22 13:09:47.424 7640 7640 D AbsListView: onTouchUp() TOUCH_MODE_SCROLL initialVelocity : -1473
08-22 13:09:47.424 7640 7640 D AbsListView: reportScrollStateChange() newState : 2
08-22 13:09:47.801 7640 7640 D AbsListView: reportScrollStateChange() newState : 0
08-22 13:09:48.138 7640 7640 D ViewRootImpl@247cbdb[MainActivity]: ViewPostImeInputStage processPointer 0
08-22 13:09:48.167 7640 7640 D AbsListView: reportScrollStateChange() newState : 1
08-22 13:09:48.245 7640 7640 D ViewRootImpl@247cbdb[MainActivity]: ViewPostImeInputStage processPointer 1
08-22 13:09:48.245 7640 7640 D AbsListView: onTouchUp() mTouchMode : 3
08-22 13:09:48.245 7640 7640 D AbsListView: onTouchUp() TOUCH_MODE_SCROLL initialVelocity : -1827
08-22 13:09:48.245 7640 7640 D AbsListView: reportScrollStateChange() newState : 0
08-22 13:09:48.565 7640 7640 D ViewRootImpl@247cbdb[MainActivity]: ViewPostImeInputStage processPointer 0
08-22 13:09:48.601 7640 7640 D AbsListView: reportScrollStateChange() newState : 1
08-22 13:09:48.647 7640 7640 D ViewRootImpl@247cbdb[MainActivity]: ViewPostImeInputStage processPointer 1
08-22 13:09:48.647 7640 7640 D AbsListView: onTouchUp() mTouchMode : 3
08-22 13:09:48.647 7640 7640 D AbsListView: onTouchUp() TOUCH_MODE_SCROLL initialVelocity : 2756
08-22 13:09:48.647 7640 7640 D AbsListView: reportScrollStateChange() newState : 2
08-22 13:09:48.935 7640 7640 D AbsListView: reportScrollStateChange() newState : 0
08-22 13:09:49.754 7640 7640 D ViewRootImpl@247cbdb[MainActivity]: ViewPostImeInputStage processPointer 0
08-22 13:09:49.787 7640 7640 D AbsListView: reportScrollStateChange() newState : 1
08-22 13:09:49.847 7640 7640 D ViewRootImpl@247cbdb[MainActivity]: ViewPostImeInputStage processPointer 1
08-22 13:09:49.847 7640 7640 D AbsListView: onTouchUp() mTouchMode : 3
08-22 13:09:49.847 7640 7640 D AbsListView: onTouchUp() TOUCH_MODE_SCROLL initialVelocity : -1591
08-22 13:09:49.847 7640 7640 D AbsListView: reportScrollStateChange() newState : 2
08-22 13:09:50.408 7640 7640 D AbsListView: reportScrollStateChange() newState : 0
08-22 13:09:50.445 7640 7640 D ViewRootImpl@247cbdb[MainActivity]: ViewPostImeInputStage processPointer 0
08-22 13:09:50.506 7640 7640 D AbsListView: reportScrollStateChange() newState : 1
08-22 13:09:50.538 7640 7640 D ViewRootImpl@247cbdb[MainActivity]: ViewPostImeInputStage processPointer 1
08-22 13:09:50.538 7640 7640 D AbsListView: onTouchUp() mTouchMode : 3
08-22 13:09:50.538 7640 7640 D AbsListView: onTouchUp() TOUCH_MODE_SCROLL initialVelocity : 1576
08-22 13:09:50.538 7640 7640 D AbsListView: reportScrollStateChange() newState : 2
08-22 13:09:50.807 7640 7640 D ViewRootImpl@247cbdb[MainActivity]: ViewPostImeInputStage processPointer 0
08-22 13:09:50.890 7640 7640 D ViewRootImpl@247cbdb[MainActivity]: ViewPostImeInputStage processPointer 1
08-22 13:09:50.891 7640 7640 D AbsListView: onTouchUp() mTouchMode : 3
08-22 13:09:50.891 7640 7640 D AbsListView: onTouchUp() TOUCH_MODE_SCROLL initialVelocity : 1710
08-22 13:09:51.040 7640 7640 D AbsListView: reportScrollStateChange() newState : 0
08-22 13:09:51.116 7640 7640 D ViewRootImpl@247cbdb[MainActivity]: ViewPostImeInputStage processPointer 0
08-22 13:09:51.141 7640 7640 D AbsListView: reportScrollStateChange() newState : 1
08-22 13:09:51.194 7640 7640 D ViewRootImpl@247cbdb[MainActivity]: ViewPostImeInputStage processPointer 1
08-22 13:09:51.195 7640 7640 D AbsListView: onTouchUp() mTouchMode : 3
08-22 13:09:51.195 7640 7640 D AbsListView: onTouchUp() TOUCH_MODE_SCROLL initialVelocity : -1664
08-22 13:09:51.195 7640 7640 D AbsListView: reportScrollStateChange() newState : 2
08-22 13:09:51.583 7640 7640 D ViewRootImpl@247cbdb[MainActivity]: ViewPostImeInputStage processPointer 0
08-22 13:09:51.584 7640 7640 D AbsListView: reportScrollStateChange() newState : 0
08-22 13:09:51.666 7640 7640 D ViewRootImpl@247cbdb[MainActivity]: ViewPostImeInputStage processPointer 1
08-22 13:09:51.667 7640 7640 D AbsListView: onTouchUp() mTouchMode : 3
08-22 13:09:51.667 7640 7640 D AbsListView: onTouchUp() TOUCH_MODE_SCROLL initialVelocity : 2594
08-22 13:09:51.667 7640 7640 D AbsListView: reportScrollStateChange() newState : 2
08-22 13:09:51.929 7640 7640 D ViewRootImpl@247cbdb[MainActivity]: ViewPostImeInputStage processPointer 0
08-22 13:09:51.930 7640 7640 D AbsListView: reportScrollStateChange() newState : 0
08-22 13:09:51.949 7640 7640 D ViewRootImpl@247cbdb[MainActivity]: ViewPostImeInputStage processPointer 1
08-22 13:09:51.949 7640 7640 D AbsListView: onTouchUp() mTouchMode : 5
08-22 13:09:51.949 7640 7640 D AbsListView: onTouchUp() TOUCH_MODE_OVERSCROLL initialVelocity : 0
08-22 13:09:51.950 7640 7640 D AbsListView: reportScrollStateChange() newState : 2
08-22 13:09:52.009 7640 7640 D AbsListView: reportScrollStateChange() newState : 0
08-22 13:09:52.063 7640 7640 D ViewRootImpl@247cbdb[MainActivity]: ViewPostImeInputStage processPointer 0
08-22 13:09:52.095 7640 7640 D AbsListView: reportScrollStateChange() newState : 1
08-22 13:09:52.124 7640 7640 D ViewRootImpl@247cbdb[MainActivity]: ViewPostImeInputStage processPointer 1
08-22 13:09:52.125 7640 7640 D AbsListView: onTouchUp() mTouchMode : 3
08-22 13:09:52.125 7640 7640 D AbsListView: onTouchUp() TOUCH_MODE_SCROLL initialVelocity : 0
08-22 13:09:52.125 7640 7640 D AbsListView: reportScrollStateChange() newState : 0
08-22 13:09:52.305 7640 7640 D ViewRootImpl@247cbdb[MainActivity]: ViewPostImeInputStage processPointer 0
08-22 13:09:52.328 7640 7640 D AbsListView: reportScrollStateChange() newState : 1
08-22 13:09:52.333 7640 7640 D ViewRootImpl@247cbdb[MainActivity]: ViewPostImeInputStage processPointer 1
08-22 13:09:52.333 7640 7640 D AbsListView: onTouchUp() mTouchMode : 3
08-22 13:09:52.333 7640 7640 D AbsListView: onTouchUp() TOUCH_MODE_SCROLL initialVelocity : -2855
08-22 13:09:52.333 7640 7640 D AbsListView: reportScrollStateChange() newState : 2
08-22 13:09:52.628 7640 7640 D AbsListView: reportScrollStateChange() newState : 0
08-22 13:09:52.794 7640 7640 D ViewRootImpl@247cbdb[MainActivity]: ViewPostImeInputStage processPointer 0
08-22 13:09:52.828 7640 7640 D AbsListView: reportScrollStateChange() newState : 1
08-22 13:09:52.856 7640 7640 D ViewRootImpl@247cbdb[MainActivity]: ViewPostImeInputStage processPointer 1
08-22 13:09:52.856 7640 7640 D AbsListView: onTouchUp() mTouchMode : 3
08-22 13:09:52.856 7640 7640 D AbsListView: onTouchUp() TOUCH_MODE_SCROLL initialVelocity : 2243
08-22 13:09:52.857 7640 7640 D AbsListView: reportScrollStateChange() newState : 2
08-22 13:09:53.164 7640 7640 D ViewRootImpl@247cbdb[MainActivity]: ViewPostImeInputStage processPointer 0
08-22 13:09:53.165 7640 7640 D AbsListView: reportScrollStateChange() newState : 0
08-22 13:09:53.212 7640 7640 D ViewRootImpl@247cbdb[MainActivity]: ViewPostImeInputStage processPointer 1
08-22 13:09:53.212 7640 7640 D AbsListView: onTouchUp() mTouchMode : 3
08-22 13:09:53.212 7640 7640 D AbsListView: onTouchUp() TOUCH_MODE_SCROLL initialVelocity : -2263
08-22 13:09:53.212 7640 7640 D AbsListView: reportScrollStateChange() newState : 2
08-22 13:09:53.525 7640 7640 D ViewRootImpl@247cbdb[MainActivity]: ViewPostImeInputStage processPointer 0
08-22 13:09:53.526 7640 7640 D AbsListView: reportScrollStateChange() newState : 0
08-22 13:09:53.564 7640 7640 D ViewRootImpl@247cbdb[MainActivity]: ViewPostImeInputStage processPointer 1
08-22 13:09:53.565 7640 7640 D AbsListView: onTouchUp() mTouchMode : 3
08-22 13:09:53.565 7640 7640 D AbsListView: onTouchUp() TOUCH_MODE_SCROLL initialVelocity : 2035
08-22 13:09:53.565 7640 7640 D AbsListView: reportScrollStateChange() newState : 2
08-22 13:09:53.712 7640 7640 D ViewRootImpl@247cbdb[MainActivity]: ViewPostImeInputStage processPointer 0
08-22 13:09:53.750 7640 7640 D ViewRootImpl@247cbdb[MainActivity]: ViewPostImeInputStage processPointer 1
08-22 13:09:53.751 7640 7640 D AbsListView: onTouchUp() mTouchMode : 3
08-22 13:09:53.751 7640 7640 D AbsListView: onTouchUp() TOUCH_MODE_SCROLL initialVelocity : -2046
08-22 13:09:53.860 7640 7640 D ViewRootImpl@247cbdb[MainActivity]: ViewPostImeInputStage processPointer 0
08-22 13:09:53.908 7640 7640 D ViewRootImpl@247cbdb[MainActivity]: ViewPostImeInputStage processPointer 1
08-22 13:09:53.908 7640 7640 D AbsListView: onTouchUp() mTouchMode : 3
08-22 13:09:53.908 7640 7640 D AbsListView: onTouchUp() TOUCH_MODE_SCROLL initialVelocity : 2279
08-22 13:09:53.993 7640 7640 D ViewRootImpl@247cbdb[MainActivity]: ViewPostImeInputStage processPointer 0
08-22 13:09:54.021 7640 7640 D ViewRootImpl@247cbdb[MainActivity]: ViewPostImeInputStage processPointer 1
08-22 13:09:54.021 7640 7640 D AbsListView: onTouchUp() mTouchMode : 3
08-22 13:09:54.021 7640 7640 D AbsListView: onTouchUp() TOUCH_MODE_SCROLL initialVelocity : -2169
08-22 13:09:54.065 7640 7640 D ViewRootImpl@247cbdb[MainActivity]: ViewPostImeInputStage processPointer 0
08-22 13:09:54.105 7640 7640 D AbsListView: reportScrollStateChange() newState : 0
08-22 13:09:54.106 7640 7640 D AbsListView: reportScrollStateChange() newState : 1
08-22 13:09:54.127 7640 7640 D ViewRootImpl@247cbdb[MainActivity]: ViewPostImeInputStage processPointer 1
08-22 13:09:54.127 7640 7640 D AbsListView: onTouchUp() mTouchMode : 3
08-22 13:09:54.127 7640 7640 D AbsListView: onTouchUp() TOUCH_MODE_SCROLL initialVelocity : 2585
08-22 13:09:54.127 7640 7640 D AbsListView: reportScrollStateChange() newState : 2
08-22 13:09:54.283 7640 7640 D ViewRootImpl@247cbdb[MainActivity]: ViewPostImeInputStage processPointer 0
08-22 13:09:54.284 7640 7640 D AbsListView: reportScrollStateChange() newState : 0
08-22 13:09:54.348 7640 7640 D ViewRootImpl@247cbdb[MainActivity]: ViewPostImeInputStage processPointer 1
08-22 13:09:54.349 7640 7640 D AbsListView: onTouchUp() mTouchMode : 3
08-22 13:09:54.349 7640 7640 D AbsListView: onTouchUp() TOUCH_MODE_SCROLL initialVelocity : 0
08-22 13:09:54.682 7640 7640 D ViewRootImpl@247cbdb[MainActivity]: ViewPostImeInputStage processPointer 0
08-22 13:09:54.698 7640 7640 D AbsListView: reportScrollStateChange() newState : 1
08-22 13:09:54.709 7640 7640 D ViewRootImpl@247cbdb[MainActivity]: ViewPostImeInputStage processPointer 1
08-22 13:09:54.709 7640 7640 D AbsListView: onTouchUp() mTouchMode : 3
08-22 13:09:54.709 7640 7640 D AbsListView: onTouchUp() TOUCH_MODE_SCROLL initialVelocity : -4790
08-22 13:09:54.709 7640 7640 D AbsListView: reportScrollStateChange() newState : 2
08-22 13:09:54.932 7640 7640 D AbsListView: reportScrollStateChange() newState : 0
08-22 13:09:55.585 7640 7640 D ViewRootImpl@247cbdb[MainActivity]: ViewPostImeInputStage processPointer 0
08-22 13:09:55.617 7640 7640 D AbsListView: reportScrollStateChange() newState : 1
08-22 13:09:55.645 7640 7640 D ViewRootImpl@247cbdb[MainActivity]: ViewPostImeInputStage processPointer 1
08-22 13:09:55.645 7640 7640 D AbsListView: onTouchUp() mTouchMode : 3
08-22 13:09:55.645 7640 7640 D AbsListView: onTouchUp() TOUCH_MODE_SCROLL initialVelocity : -1352
08-22 13:09:55.645 7640 7640 D AbsListView: reportScrollStateChange() newState : 0
08-22 13:09:58.803 7640 7640 D ViewRootImpl@247cbdb[MainActivity]: ViewPostImeInputStage processPointer 0
08-22 13:09:58.873 7640 7640 D AbsListView: reportScrollStateChange() newState : 1
08-22 13:10:00.021 7640 7640 D ViewRootImpl@247cbdb[MainActivity]: ViewPostImeInputStage processPointer 1
08-22 13:10:00.021 7640 7640 D AbsListView: onTouchUp() mTouchMode : 3
08-22 13:10:00.021 7640 7640 D AbsListView: onTouchUp() TOUCH_MODE_SCROLL initialVelocity : -9
08-22 13:10:00.021 7640 7640 D AbsListView: reportScrollStateChange() newState : 0
08-22 13:10:01.593 7640 7640 D ViewRootImpl@247cbdb[MainActivity]: ViewPostImeInputStage processPointer 0
08-22 13:10:01.647 7640 7640 D AbsListView: reportScrollStateChange() newState : 1
08-22 13:10:01.988 7640 7640 D ViewRootImpl@247cbdb[MainActivity]: ViewPostImeInputStage processPointer 1
08-22 13:10:01.989 7640 7640 D AbsListView: onTouchUp() mTouchMode : 3
08-22 13:10:01.989 7640 7640 D AbsListView: onTouchUp() TOUCH_MODE_SCROLL initialVelocity : 0
08-22 13:10:01.989 7640 7640 D AbsListView: reportScrollStateChange() newState : 0
08-22 13:10:02.515 7640 7640 D ViewRootImpl@247cbdb[MainActivity]: ViewPostImeInputStage processPointer 0
08-22 13:10:02.549 7640 7640 D AbsListView: reportScrollStateChange() newState : 1
08-22 13:10:02.849 7640 7640 D ViewRootImpl@247cbdb[MainActivity]: ViewPostImeInputStage processPointer 1
08-22 13:10:02.849 7640 7640 D AbsListView: onTouchUp() mTouchMode : 3
08-22 13:10:02.849 7640 7640 D AbsListView: onTouchUp() TOUCH_MODE_SCROLL initialVelocity : -65
08-22 13:10:02.849 7640 7640 D AbsListView: reportScrollStateChange() newState : 0
08-22 13:10:03.119 7640 7640 D ViewRootImpl@247cbdb[MainActivity]: ViewPostImeInputStage processPointer 0
08-22 13:10:03.200 7640 7640 D AbsListView: reportScrollStateChange() newState : 1
08-22 13:10:03.412 7640 7640 D ViewRootImpl@247cbdb[MainActivity]: ViewPostImeInputStage processPointer 1
08-22 13:10:03.412 7640 7640 D AbsListView: onTouchUp() mTouchMode : 3
08-22 13:10:03.412 7640 7640 D AbsListView: onTouchUp() TOUCH_MODE_SCROLL initialVelocity : 1339
08-22 13:10:03.412 7640 7640 D AbsListView: reportScrollStateChange() newState : 2
08-22 13:10:03.734 7640 7640 D AbsListView: reportScrollStateChange() newState : 0
08-22 13:10:03.767 7640 7640 D ViewRootImpl@247cbdb[MainActivity]: ViewPostImeInputStage processPointer 0
08-22 13:10:03.801 7640 7640 D AbsListView: reportScrollStateChange() newState : 1
08-22 13:10:03.926 7640 7640 D ViewRootImpl@247cbdb[MainActivity]: ViewPostImeInputStage processPointer 1
08-22 13:10:03.927 7640 7640 D AbsListView: onTouchUp() mTouchMode : 3
08-22 13:10:03.927 7640 7640 D AbsListView: onTouchUp() TOUCH_MODE_SCROLL initialVelocity : -2262
08-22 13:10:03.927 7640 7640 D AbsListView: reportScrollStateChange() newState : 2
08-22 13:10:04.169 7640 7640 D AbsListView: reportScrollStateChange() newState : 0
08-22 13:10:04.509 7640 7640 D ViewRootImpl@247cbdb[MainActivity]: ViewPostImeInputStage processPointer 0
08-22 13:10:04.553 7640 7640 D AbsListView: reportScrollStateChange() newState : 1
08-22 13:10:04.648 7640 7640 D ViewRootImpl@247cbdb[MainActivity]: ViewPostImeInputStage processPointer 1
08-22 13:10:04.648 7640 7640 D AbsListView: onTouchUp() mTouchMode : 3
08-22 13:10:04.648 7640 7640 D AbsListView: onTouchUp() TOUCH_MODE_SCROLL initialVelocity : 1776
08-22 13:10:04.648 7640 7640 D AbsListView: reportScrollStateChange() newState : 2
08-22 13:10:04.952 7640 7640 D ViewRootImpl@247cbdb[MainActivity]: ViewPostImeInputStage processPointer 0
08-22 13:10:04.952 7640 7640 D AbsListView: reportScrollStateChange() newState : 0
08-22 13:10:05.022 7640 7640 D ViewRootImpl@247cbdb[MainActivity]: ViewPostImeInputStage processPointer 1
08-22 13:10:05.022 7640 7640 D AbsListView: onTouchUp() mTouchMode : 3
08-22 13:10:05.022 7640 7640 D AbsListView: onTouchUp() TOUCH_MODE_SCROLL initialVelocity : -2085
08-22 13:10:05.022 7640 7640 D AbsListView: reportScrollStateChange() newState : 2
08-22 13:10:05.388 7640 7640 D AbsListView: reportScrollStateChange() newState : 0
08-22 13:10:05.626 7640 7640 D ViewRootImpl@247cbdb[MainActivity]: ViewPostImeInputStage processPointer 0
08-22 13:10:05.656 7640 7640 D AbsListView: reportScrollStateChange() newState : 1
08-22 13:10:05.793 7640 7640 D ViewRootImpl@247cbdb[MainActivity]: ViewPostImeInputStage processPointer 1
08-22 13:10:05.793 7640 7640 D AbsListView: onTouchUp() mTouchMode : 3
08-22 13:10:05.793 7640 7640 D AbsListView: onTouchUp() TOUCH_MODE_SCROLL initialVelocity : 0
08-22 13:10:05.793 7640 7640 D AbsListView: reportScrollStateChange() newState : 0
08-22 13:10:07.888 7640 7640 D ViewRootImpl@247cbdb[MainActivity]: ViewPostImeInputStage processPointer 0
08-22 13:10:07.928 7640 7640 D AbsListView: reportScrollStateChange() newState : 1
08-22 13:10:08.024 7640 7640 D ViewRootImpl@247cbdb[MainActivity]: ViewPostImeInputStage processPointer 1
08-22 13:10:08.024 7640 7640 D AbsListView: onTouchUp() mTouchMode : 3
08-22 13:10:08.025 7640 7640 D AbsListView: onTouchUp() TOUCH_MODE_SCROLL initialVelocity : -886
08-22 13:10:08.025 7640 7640 D AbsListView: reportScrollStateChange() newState : 0
08-22 13:10:08.334 7640 7640 D ViewRootImpl@247cbdb[MainActivity]: ViewPostImeInputStage processPointer 0
08-22 13:10:08.379 7640 7640 D AbsListView: reportScrollStateChange() newState : 1
08-22 13:10:08.430 7640 7640 D ViewRootImpl@247cbdb[MainActivity]: ViewPostImeInputStage processPointer 1
08-22 13:10:08.431 7640 7640 D AbsListView: onTouchUp() mTouchMode : 3
08-22 13:10:08.431 7640 7640 D AbsListView: onTouchUp() TOUCH_MODE_SCROLL initialVelocity : 2595
08-22 13:10:08.431 7640 7640 D AbsListView: reportScrollStateChange() newState : 2
08-22 13:10:08.712 7640 7640 D AbsListView: reportScrollStateChange() newState : 0
08-22 13:10:08.880 7640 7640 D ViewRootImpl@247cbdb[MainActivity]: ViewPostImeInputStage processPointer 0
08-22 13:10:08.931 7640 7640 D AbsListView: reportScrollStateChange() newState : 1
08-22 13:10:08.987 7640 7640 D ViewRootImpl@247cbdb[MainActivity]: ViewPostImeInputStage processPointer 1
08-22 13:10:08.987 7640 7640 D AbsListView: onTouchUp() mTouchMode : 3
08-22 13:10:08.987 7640 7640 D AbsListView: onTouchUp() TOUCH_MODE_SCROLL initialVelocity : -2504
08-22 13:10:08.987 7640 7640 D AbsListView: reportScrollStateChange() newState : 2
08-22 13:10:09.263 7640 7640 D AbsListView: reportScrollStateChange() newState : 0
08-22 13:10:10.959 7640 7640 D ViewRootImpl@247cbdb[MainActivity]: ViewPostImeInputStage processPointer 0
08-22 13:10:11.018 7640 7640 D AbsListView: reportScrollStateChange() newState : 1
08-22 13:10:11.085 7640 7640 D ViewRootImpl@247cbdb[MainActivity]: ViewPostImeInputStage processPointer 1
08-22 13:10:11.085 7640 7640 D AbsListView: onTouchUp() mTouchMode : 3
08-22 13:10:11.085 7640 7640 D AbsListView: onTouchUp() TOUCH_MODE_SCROLL initialVelocity : 0
08-22 13:10:11.085 7640 7640 D AbsListView: reportScrollStateChange() newState : 0
08-22 13:10:11.298 7640 7640 D ViewRootImpl@247cbdb[MainActivity]: ViewPostImeInputStage processPointer 0
08-22 13:10:11.319 7640 7640 D AbsListView: reportScrollStateChange() newState : 1
08-22 13:10:11.361 7640 7640 D ViewRootImpl@247cbdb[MainActivity]: ViewPostImeInputStage processPointer 1
08-22 13:10:11.361 7640 7640 D AbsListView: onTouchUp() mTouchMode : 3
08-22 13:10:11.361 7640 7640 D AbsListView: onTouchUp() TOUCH_MODE_SCROLL initialVelocity : 2142
08-22 13:10:11.361 7640 7640 D AbsListView: reportScrollStateChange() newState : 2
08-22 13:10:11.702 7640 7640 D AbsListView: reportScrollStateChange() newState : 0
08-22 13:10:11.717 7640 7640 D ViewRootImpl@247cbdb[MainActivity]: ViewPostImeInputStage processPointer 0
08-22 13:10:11.770 7640 7640 D AbsListView: reportScrollStateChange() newState : 1
08-22 13:10:11.836 7640 7640 D ViewRootImpl@247cbdb[MainActivity]: ViewPostImeInputStage processPointer 1
08-22 13:10:11.836 7640 7640 D AbsListView: onTouchUp() mTouchMode : 3
08-22 13:10:11.836 7640 7640 D AbsListView: onTouchUp() TOUCH_MODE_SCROLL initialVelocity : -2570
08-22 13:10:11.836 7640 7640 D AbsListView: reportScrollStateChange() newState : 2
08-22 13:10:12.121 7640 7640 D AbsListView: reportScrollStateChange() newState : 0
08-22 13:10:12.222 7640 7640 D ViewRootImpl@247cbdb[MainActivity]: ViewPostImeInputStage processPointer 0
08-22 13:10:12.256 7640 7640 D AbsListView: reportScrollStateChange() newState : 1
08-22 13:10:12.274 7640 7640 D ViewRootImpl@247cbdb[MainActivity]: ViewPostImeInputStage processPointer 1
08-22 13:10:12.274 7640 7640 D AbsListView: onTouchUp() mTouchMode : 3
08-22 13:10:12.274 7640 7640 D AbsListView: onTouchUp() TOUCH_MODE_SCROLL initialVelocity : 1544
08-22 13:10:12.274 7640 7640 D AbsListView: reportScrollStateChange() newState : 2
08-22 13:10:12.593 7640 7640 D ViewRootImpl@247cbdb[MainActivity]: ViewPostImeInputStage processPointer 0
08-22 13:10:12.644 7640 7640 D AbsListView: reportScrollStateChange() newState : 0
08-22 13:10:12.647 7640 7640 D AbsListView: reportScrollStateChange() newState : 1
08-22 13:10:12.720 7640 7640 D ViewRootImpl@247cbdb[MainActivity]: ViewPostImeInputStage processPointer 1
08-22 13:10:12.720 7640 7640 D AbsListView: onTouchUp() mTouchMode : 3
08-22 13:10:12.720 7640 7640 D AbsListView: onTouchUp() TOUCH_MODE_SCROLL initialVelocity : -1860
08-22 13:10:12.720 7640 7640 D AbsListView: reportScrollStateChange() newState : 2
08-22 13:10:13.039 7640 7640 D AbsListView: reportScrollStateChange() newState : 0
08-22 13:10:13.170 7640 7640 D ViewRootImpl@247cbdb[MainActivity]: ViewPostImeInputStage processPointer 0
08-22 13:10:13.206 7640 7640 D AbsListView: reportScrollStateChange() newState : 1
08-22 13:10:13.243 7640 7640 D ViewRootImpl@247cbdb[MainActivity]: ViewPostImeInputStage processPointer 1
08-22 13:10:13.243 7640 7640 D AbsListView: onTouchUp() mTouchMode : 3
08-22 13:10:13.243 7640 7640 D AbsListView: onTouchUp() TOUCH_MODE_SCROLL initialVelocity : 3052
08-22 13:10:13.243 7640 7640 D AbsListView: reportScrollStateChange() newState : 2
08-22 13:10:13.506 7640 7640 D AbsListView: reportScrollStateChange() newState : 0
08-22 13:10:13.867 7640 7640 D ViewRootImpl@247cbdb[MainActivity]: ViewPostImeInputStage processPointer 0
08-22 13:10:13.909 7640 7640 D AbsListView: reportScrollStateChange() newState : 1
08-22 13:10:13.983 7640 7640 D ViewRootImpl@247cbdb[MainActivity]: ViewPostImeInputStage processPointer 1
08-22 13:10:13.984 7640 7640 D AbsListView: onTouchUp() mTouchMode : 3
08-22 13:10:13.984 7640 7640 D AbsListView: onTouchUp() TOUCH_MODE_SCROLL initialVelocity : -1563
08-22 13:10:13.984 7640 7640 D AbsListView: reportScrollStateChange() newState : 2
08-22 13:10:14.418 7640 7640 D ViewRootImpl@247cbdb[MainActivity]: ViewPostImeInputStage processPointer 0
08-22 13:10:14.419 7640 7640 D AbsListView: reportScrollStateChange() newState : 0
08-22 13:10:14.481 7640 7640 D ViewRootImpl@247cbdb[MainActivity]: ViewPostImeInputStage processPointer 1
08-22 13:10:14.481 7640 7640 D AbsListView: onTouchUp() mTouchMode : 3
08-22 13:10:14.481 7640 7640 D AbsListView: onTouchUp() TOUCH_MODE_SCROLL initialVelocity : 3221
08-22 13:10:14.481 7640 7640 D AbsListView: reportScrollStateChange() newState : 2
08-22 13:10:14.727 7640 7640 D AbsListView: reportScrollStateChange() newState : 0
08-22 13:10:15.353 7640 7640 D ViewRootImpl@247cbdb[MainActivity]: ViewPostImeInputStage processPointer 0
08-22 13:10:15.377 7640 7640 D AbsListView: reportScrollStateChange() newState : 1
08-22 13:10:15.479 7640 7640 D ViewRootImpl@247cbdb[MainActivity]: ViewPostImeInputStage processPointer 1
08-22 13:10:15.479 7640 7640 D AbsListView: onTouchUp() mTouchMode : 3
08-22 13:10:15.479 7640 7640 D AbsListView: onTouchUp() TOUCH_MODE_SCROLL initialVelocity : -1135
08-22 13:10:15.479 7640 7640 D AbsListView: reportScrollStateChange() newState : 2
08-22 13:10:16.050 7640 7640 D ViewRootImpl@247cbdb[MainActivity]: ViewPostImeInputStage processPointer 0
08-22 13:10:16.132 7640 7640 D AbsListView: reportScrollStateChange() newState : 0
08-22 13:10:16.133 7640 7640 D AbsListView: reportScrollStateChange() newState : 1
08-22 13:10:16.232 7640 7640 D ViewRootImpl@247cbdb[MainActivity]: ViewPostImeInputStage processPointer 1
08-22 13:10:16.233 7640 7640 D AbsListView: onTouchUp() mTouchMode : 3
08-22 13:10:16.233 7640 7640 D AbsListView: onTouchUp() TOUCH_MODE_SCROLL initialVelocity : 0
08-22 13:10:16.233 7640 7640 D AbsListView: reportScrollStateChange() newState : 0
08-22 13:10:16.544 7640 7640 D ViewRootImpl@247cbdb[MainActivity]: ViewPostImeInputStage processPointer 0
08-22 13:10:16.565 7640 7640 D AbsListView: reportScrollStateChange() newState : 1
08-22 13:10:16.615 7640 7640 D ViewRootImpl@247cbdb[MainActivity]: ViewPostImeInputStage processPointer 1
08-22 13:10:16.616 7640 7640 D AbsListView: onTouchUp() mTouchMode : 3
08-22 13:10:16.616 7640 7640 D AbsListView: onTouchUp() TOUCH_MODE_SCROLL initialVelocity : 3636
08-22 13:10:16.616 7640 7640 D AbsListView: reportScrollStateChange() newState : 2
08-22 13:10:16.846 7640 7640 D AbsListView: reportScrollStateChange() newState : 0
08-22 13:10:18.162 7640 7640 D ViewRootImpl@247cbdb[MainActivity]: ViewPostImeInputStage processPointer 0
08-22 13:10:18.201 7640 7640 D AbsListView: reportScrollStateChange() newState : 1
08-22 13:10:18.274 7640 7640 D ViewRootImpl@247cbdb[MainActivity]: ViewPostImeInputStage processPointer 1
08-22 13:10:18.275 7640 7640 D AbsListView: onTouchUp() mTouchMode : 3
08-22 13:10:18.275 7640 7640 D AbsListView: onTouchUp() TOUCH_MODE_SCROLL initialVelocity : -2096
08-22 13:10:18.275 7640 7640 D AbsListView: reportScrollStateChange() newState : 2
08-22 13:10:18.600 7640 7640 D AbsListView: reportScrollStateChange() newState : 0
08-22 13:10:18.779 7640 7640 D ViewRootImpl@247cbdb[MainActivity]: ViewPostImeInputStage processPointer 0
08-22 13:10:18.818 7640 7640 D AbsListView: reportScrollStateChange() newState : 1
08-22 13:10:18.896 7640 7640 D ViewRootImpl@247cbdb[MainActivity]: ViewPostImeInputStage processPointer 1
08-22 13:10:18.896 7640 7640 D AbsListView: onTouchUp() mTouchMode : 3
08-22 13:10:18.896 7640 7640 D AbsListView: onTouchUp() TOUCH_MODE_SCROLL initialVelocity : -1278
08-22 13:10:18.896 7640 7640 D AbsListView: reportScrollStateChange() newState : 0
08-22 13:10:19.122 7640 7640 D ViewRootImpl@247cbdb[MainActivity]: ViewPostImeInputStage processPointer 0
08-22 13:10:19.153 7640 7640 D AbsListView: reportScrollStateChange() newState : 1
08-22 13:10:19.219 7640 7640 D ViewRootImpl@247cbdb[MainActivity]: ViewPostImeInputStage processPointer 1
08-22 13:10:19.219 7640 7640 D AbsListView: onTouchUp() mTouchMode : 3
08-22 13:10:19.219 7640 7640 D AbsListView: onTouchUp() TOUCH_MODE_SCROLL initialVelocity : 1873
08-22 13:10:19.219 7640 7640 D AbsListView: reportScrollStateChange() newState : 2
08-22 13:10:19.604 7640 7640 D AbsListView: reportScrollStateChange() newState : 0
08-22 13:10:19.962 7640 7640 D ViewRootImpl@247cbdb[MainActivity]: ViewPostImeInputStage processPointer 0
08-22 13:10:20.021 7640 7640 D AbsListView: reportScrollStateChange() newState : 1
08-22 13:10:20.122 7640 7640 D ViewRootImpl@247cbdb[MainActivity]: ViewPostImeInputStage processPointer 1
08-22 13:10:20.123 7640 7640 D AbsListView: onTouchUp() mTouchMode : 3
08-22 13:10:20.123 7640 7640 D AbsListView: onTouchUp() TOUCH_MODE_SCROLL initialVelocity : -1179
08-22 13:10:20.123 7640 7640 D AbsListView: reportScrollStateChange() newState : 2
08-22 13:10:20.773 7640 7640 D AbsListView: reportScrollStateChange() newState : 0
08-22 13:10:23.259 7640 7640 D ViewRootImpl@247cbdb[MainActivity]: ViewPostImeInputStage processPointer 0
08-22 13:10:23.306 7640 7640 D AbsListView: reportScrollStateChange() newState : 1
08-22 13:10:23.384 7640 7640 D ViewRootImpl@247cbdb[MainActivity]: ViewPostImeInputStage processPointer 1
08-22 13:10:23.384 7640 7640 D AbsListView: onTouchUp() mTouchMode : 3
08-22 13:10:23.384 7640 7640 D AbsListView: onTouchUp() TOUCH_MODE_SCROLL initialVelocity : 2852
08-22 13:10:23.384 7640 7640 D AbsListView: reportScrollStateChange() newState : 2
08-22 13:10:23.612 7640 7640 D AbsListView: reportScrollStateChange() newState : 0
08-22 13:10:23.780 7640 7640 D ViewRootImpl@247cbdb[MainActivity]: ViewPostImeInputStage processPointer 0
08-22 13:10:23.829 7640 7640 D AbsListView: reportScrollStateChange() newState : 1
08-22 13:10:23.908 7640 7640 D ViewRootImpl@247cbdb[MainActivity]: ViewPostImeInputStage processPointer 1
08-22 13:10:23.908 7640 7640 D AbsListView: onTouchUp() mTouchMode : 3
08-22 13:10:23.908 7640 7640 D AbsListView: onTouchUp() TOUCH_MODE_SCROLL initialVelocity : -2149
08-22 13:10:23.909 7640 7640 D AbsListView: reportScrollStateChange() newState : 2
08-22 13:10:24.215 7640 7640 D AbsListView: reportScrollStateChange() newState : 0
08-22 13:10:27.571 7640 7640 D ViewRootImpl@247cbdb[MainActivity]: ViewPostImeInputStage processPointer 0
08-22 13:10:27.604 7640 7640 D AbsListView: reportScrollStateChange() newState : 1
08-22 13:10:27.673 7640 7640 D ViewRootImpl@247cbdb[MainActivity]: ViewPostImeInputStage processPointer 1
08-22 13:10:27.674 7640 7640 D AbsListView: onTouchUp() mTouchMode : 3
08-22 13:10:27.674 7640 7640 D AbsListView: onTouchUp() TOUCH_MODE_SCROLL initialVelocity : 0
08-22 13:10:27.674 7640 7640 D AbsListView: reportScrollStateChange() newState : 0
08-22 13:10:28.087 7640 7640 D ViewRootImpl@247cbdb[MainActivity]: ViewPostImeInputStage processPointer 0
08-22 13:10:28.122 7640 7640 D AbsListView: reportScrollStateChange() newState : 1
08-22 13:10:28.168 7640 7640 D ViewRootImpl@247cbdb[MainActivity]: ViewPostImeInputStage processPointer 1
08-22 13:10:28.169 7640 7640 D AbsListView: onTouchUp() mTouchMode : 3
08-22 13:10:28.169 7640 7640 D AbsListView: onTouchUp() TOUCH_MODE_SCROLL initialVelocity : 3693
08-22 13:10:28.169 7640 7640 D AbsListView: reportScrollStateChange() newState : 2
08-22 13:10:28.406 7640 7640 D AbsListView: reportScrollStateChange() newState : 0
08-22 13:10:28.986 7640 7640 D Graph : removeVertex() : insertDummyVertex, because there is no ancestor.
08-22 13:10:28.986 7640 7640 D Graph : removeVertex() : insertDummyVertex, because there is no ancestor.
08-22 13:10:28.994 7640 8674 D MESSAGE_SERVICE: ACTION_RESEND_ORDERS
08-22 13:10:29.206 7640 7640 D AbsListView: in onLayout changed
08-22 13:10:30.110 7640 7640 D ViewRootImpl@247cbdb[MainActivity]: ViewPostImeInputStage processPointer 0
08-22 13:10:30.143 7640 7640 D AbsListView: reportScrollStateChange() newState : 1
08-22 13:10:30.182 7640 7640 D ViewRootImpl@247cbdb[MainActivity]: ViewPostImeInputStage processPointer 1
08-22 13:10:30.182 7640 7640 D AbsListView: onTouchUp() mTouchMode : 3
08-22 13:10:30.182 7640 7640 D AbsListView: onTouchUp() TOUCH_MODE_SCROLL initialVelocity : -3027
08-22 13:10:30.182 7640 7640 D AbsListView: reportScrollStateChange() newState : 2
08-22 13:10:30.410 7640 7640 D AbsListView: reportScrollStateChange() newState : 0
08-22 13:10:31.163 7640 7640 D ViewRootImpl@247cbdb[MainActivity]: ViewPostImeInputStage processPointer 0
08-22 13:10:31.247 7640 7640 D AbsListView: reportScrollStateChange() newState : 1
08-22 13:10:31.333 7640 7640 D ViewRootImpl@247cbdb[MainActivity]: ViewPostImeInputStage processPointer 1
08-22 13:10:31.334 7640 7640 D AbsListView: onTouchUp() mTouchMode : 3
08-22 13:10:31.334 7640 7640 D AbsListView: onTouchUp() TOUCH_MODE_SCROLL initialVelocity : 550
08-22 13:10:31.334 7640 7640 D AbsListView: reportScrollStateChange() newState : 2
08-22 13:10:31.621 7640 7640 D ViewRootImpl@247cbdb[MainActivity]: ViewPostImeInputStage processPointer 0
08-22 13:10:31.701 7640 7640 D AbsListView: reportScrollStateChange() newState : 0
