08-22 13:10:31.704 7640 7640 D AbsListView: reportScrollStateChange() newState : 1
08-22 13:10:31.705 7640 7640 D ViewRootImpl@247cbdb[MainActivity]: ViewPostImeInputStage processPointer 1
08-22 13:10:31.705 7640 7640 D AbsListView: onTouchUp() mTouchMode : 3
08-22 13:10:31.705 7640 7640 D AbsListView: onTouchUp() TOUCH_MODE_SCROLL initialVelocity : 1388
08-22 13:10:31.705 7640 7640 D AbsListView: reportScrollStateChange() newState : 2
08-22 13:10:31.894 7640 7640 D ViewRootImpl@247cbdb[MainActivity]: ViewPostImeInputStage processPointer 0
08-22 13:10:31.938 7640 7640 D AbsListView: reportScrollStateChange() newState : 0
08-22 13:10:31.939 7640 7640 D AbsListView: reportScrollStateChange() newState : 1
08-22 13:10:32.000 7640 7640 D ViewRootImpl@247cbdb[MainActivity]: ViewPostImeInputStage processPointer 1
08-22 13:10:32.000 7640 7640 D AbsListView: onTouchUp() mTouchMode : 3
08-22 13:10:32.000 7640 7640 D AbsListView: onTouchUp() TOUCH_MODE_SCROLL initialVelocity : -1640
08-22 13:10:32.000 7640 7640 D AbsListView: reportScrollStateChange() newState : 2
08-22 13:10:32.448 7640 7640 D AbsListView: reportScrollStateChange() newState : 0
08-22 13:10:32.570 7640 7640 D ViewRootImpl@247cbdb[MainActivity]: ViewPostImeInputStage processPointer 0
08-22 13:10:32.602 7640 7640 D AbsListView: reportScrollStateChange() newState : 1
08-22 13:10:32.631 7640 7640 D ViewRootImpl@247cbdb[MainActivity]: ViewPostImeInputStage processPointer 1
08-22 13:10:32.631 7640 7640 D AbsListView: onTouchUp() mTouchMode : 3
08-22 13:10:32.631 7640 7640 D AbsListView: onTouchUp() TOUCH_MODE_SCROLL initialVelocity : 2124
08-22 13:10:32.631 7640 7640 D AbsListView: reportScrollStateChange() newState : 2
08-22 13:10:33.000 7640 7640 D AbsListView: reportScrollStateChange() newState : 0
08-22 13:10:34.037 7640 7640 D ViewRootImpl@247cbdb[MainActivity]: ViewPostImeInputStage processPointer 0
08-22 13:10:34.136 7640 7640 D AbsListView: reportScrollStateChange() newState : 1
08-22 13:10:34.194 7640 7640 D ViewRootImpl@247cbdb[MainActivity]: ViewPostImeInputStage processPointer 1
08-22 13:10:34.194 7640 7640 D AbsListView: onTouchUp() mTouchMode : 3
08-22 13:10:34.194 7640 7640 D AbsListView: onTouchUp() TOUCH_MODE_SCROLL initialVelocity : 0
08-22 13:10:34.194 7640 7640 D AbsListView: reportScrollStateChange() newState : 0
08-22 13:11:13.925 7640 7640 D ViewRootImpl@247cbdb[MainActivity]: ViewPostImeInputStage processPointer 0
08-22 13:11:13.957 7640 7640 D AbsListView: reportScrollStateChange() newState : 1
08-22 13:11:14.127 7640 7640 D ViewRootImpl@247cbdb[MainActivity]: ViewPostImeInputStage processPointer 1
08-22 13:11:14.127 7640 7640 D AbsListView: onTouchUp() mTouchMode : 3
08-22 13:11:14.127 7640 7640 D AbsListView: onTouchUp() TOUCH_MODE_SCROLL initialVelocity : -1493
08-22 13:11:14.127 7640 7640 D AbsListView: reportScrollStateChange() newState : 2
08-22 13:11:14.374 7640 7640 D AbsListView: reportScrollStateChange() newState : 0
08-22 13:11:14.559 7640 7640 D ViewRootImpl@247cbdb[MainActivity]: ViewPostImeInputStage processPointer 0
08-22 13:11:14.593 7640 7640 D AbsListView: reportScrollStateChange() newState : 1
08-22 13:11:14.642 7640 7640 D ViewRootImpl@247cbdb[MainActivity]: ViewPostImeInputStage processPointer 1
08-22 13:11:14.643 7640 7640 D AbsListView: onTouchUp() mTouchMode : 3
08-22 13:11:14.643 7640 7640 D AbsListView: onTouchUp() TOUCH_MODE_SCROLL initialVelocity : 3660
08-22 13:11:14.643 7640 7640 D AbsListView: reportScrollStateChange() newState : 2
08-22 13:11:14.858 7640 7640 D AbsListView: reportScrollStateChange() newState : 0
08-22 13:11:15.298 7640 7640 D ViewRootImpl@247cbdb[MainActivity]: ViewPostImeInputStage processPointer 0
08-22 13:11:15.327 7640 7640 D AbsListView: reportScrollStateChange() newState : 1
08-22 13:11:15.406 7640 7640 D ViewRootImpl@247cbdb[MainActivity]: ViewPostImeInputStage processPointer 1
08-22 13:11:15.406 7640 7640 D AbsListView: onTouchUp() mTouchMode : 3
08-22 13:11:15.406 7640 7640 D AbsListView: onTouchUp() TOUCH_MODE_SCROLL initialVelocity : -2872
08-22 13:11:15.406 7640 7640 D AbsListView: reportScrollStateChange() newState : 2
08-22 13:11:15.643 7640 7640 D AbsListView: reportScrollStateChange() newState : 0
08-22 13:11:24.866 7640 7640 D ViewRootImpl@247cbdb[MainActivity]: ViewPostImeInputStage processPointer 0
08-22 13:11:24.965 7640 7640 D AbsListView: reportScrollStateChange() newState : 1
08-22 13:11:25.078 7640 7640 D ViewRootImpl@247cbdb[MainActivity]: ViewPostImeInputStage processPointer 1
08-22 13:11:25.078 7640 7640 D AbsListView: onTouchUp() mTouchMode : 3
08-22 13:11:25.078 7640 7640 D AbsListView: onTouchUp() TOUCH_MODE_SCROLL initialVelocity : -2382
08-22 13:11:25.078 7640 7640 D AbsListView: reportScrollStateChange() newState : 0
08-22 13:11:25.389 7640 7640 D ViewRootImpl@247cbdb[MainActivity]: ViewPostImeInputStage processPointer 0
08-22 13:11:25.416 7640 7640 D AbsListView: reportScrollStateChange() newState : 1
08-22 13:11:25.526 7640 7640 D ViewRootImpl@247cbdb[MainActivity]: ViewPostImeInputStage processPointer 1
08-22 13:11:25.526 7640 7640 D AbsListView: onTouchUp() mTouchMode : 3
08-22 13:11:25.526 7640 7640 D AbsListView: onTouchUp() TOUCH_MODE_SCROLL initialVelocity : 1731
08-22 13:11:25.526 7640 7640 D AbsListView: reportScrollStateChange() newState : 2
08-22 13:11:25.850 7640 7640 D AbsListView: reportScrollStateChange() newState : 0
08-22 13:12:07.425 7640 7640 D AbsListView: in onLayout changed
08-22 13:12:07.443 7640 7640 D ViewRootImpl@247cbdb[MainActivity]: MSG_RESIZED_REPORT: frame=Rect(0, 0 - 768, 1024) ci=Rect(0, 24 - 0, 0) vi=Rect(0, 24 - 0, 0) or=1
08-22 13:12:18.208 7640 7640 D ViewRootImpl@247cbdb[MainActivity]: ViewPostImeInputStage processPointer 0
08-22 13:12:18.225 7640 7640 D AbsListView: reportScrollStateChange() newState : 1
08-22 13:12:18.255 7640 7640 D ViewRootImpl@247cbdb[MainActivity]: ViewPostImeInputStage processPointer 1
08-22 13:12:18.255 7640 7640 D AbsListView: onTouchUp() mTouchMode : 3
08-22 13:12:18.255 7640 7640 D AbsListView: onTouchUp() TOUCH_MODE_SCROLL initialVelocity : -2744
08-22 13:12:18.255 7640 7640 D AbsListView: reportScrollStateChange() newState : 2
08-22 13:12:18.540 7640 7640 D AbsListView: reportScrollStateChange() newState : 0
08-22 13:12:19.004 7640 7640 D ViewRootImpl@247cbdb[MainActivity]: ViewPostImeInputStage processPointer 0
08-22 13:12:19.026 7640 7640 D AbsListView: reportScrollStateChange() newState : 1
08-22 13:12:19.044 7640 7640 D ViewRootImpl@247cbdb[MainActivity]: ViewPostImeInputStage processPointer 1
08-22 13:12:19.045 7640 7640 D AbsListView: onTouchUp() mTouchMode : 3
08-22 13:12:19.045 7640 7640 D AbsListView: onTouchUp() TOUCH_MODE_SCROLL initialVelocity : 2230
08-22 13:12:19.045 7640 7640 D AbsListView: reportScrollStateChange() newState : 2
08-22 13:12:19.409 7640 7640 D AbsListView: reportScrollStateChange() newState : 0
08-22 13:12:20.264 7640 7640 D ViewRootImpl@247cbdb[MainActivity]: ViewPostImeInputStage processPointer 0
08-22 13:12:20.362 7640 7640 D AbsListView: reportScrollStateChange() newState : 1
08-22 13:12:20.495 7640 7640 D ViewRootImpl@247cbdb[MainActivity]: ViewPostImeInputStage processPointer 1
08-22 13:12:20.496 7640 7640 D AbsListView: onTouchUp() mTouchMode : 3
08-22 13:12:20.496 7640 7640 D AbsListView: onTouchUp() TOUCH_MODE_SCROLL initialVelocity : -1943
08-22 13:12:20.496 7640 7640 D AbsListView: reportScrollStateChange() newState : 2
08-22 13:12:20.796 7640 7640 D AbsListView: reportScrollStateChange() newState : 0
08-22 13:12:20.986 7640 7640 D ViewRootImpl@247cbdb[MainActivity]: ViewPostImeInputStage processPointer 0
08-22 13:12:20.997 7640 7640 D AbsListView: reportScrollStateChange() newState : 1
08-22 13:12:21.054 7640 7640 D ViewRootImpl@247cbdb[MainActivity]: ViewPostImeInputStage processPointer 1
08-22 13:12:21.054 7640 7640 D AbsListView: onTouchUp() mTouchMode : 3
08-22 13:12:21.054 7640 7640 D AbsListView: onTouchUp() TOUCH_MODE_SCROLL initialVelocity : 3432
08-22 13:12:21.055 7640 7640 D AbsListView: reportScrollStateChange() newState : 2
08-22 13:12:21.297 7640 7640 D AbsListView: reportScrollStateChange() newState : 0
08-22 13:12:22.006 7640 7640 D ViewRootImpl@247cbdb[MainActivity]: ViewPostImeInputStage processPointer 0
08-22 13:12:22.051 7640 7640 D AbsListView: reportScrollStateChange() newState : 1
08-22 13:12:22.220 7640 7640 D ViewRootImpl@247cbdb[MainActivity]: ViewPostImeInputStage processPointer 1
08-22 13:12:22.220 7640 7640 D AbsListView: onTouchUp() mTouchMode : 3
08-22 13:12:22.221 7640 7640 D AbsListView: onTouchUp() TOUCH_MODE_SCROLL initialVelocity : -1907
08-22 13:12:22.221 7640 7640 D AbsListView: reportScrollStateChange() newState : 2
08-22 13:12:22.433 7640 7640 D AbsListView: reportScrollStateChange() newState : 0
08-22 13:12:24.276 7640 7640 D ViewRootImpl@247cbdb[MainActivity]: ViewPostImeInputStage processPointer 0
08-22 13:12:24.347 7640 7640 D ViewRootImpl@247cbdb[MainActivity]: ViewPostImeInputStage processPointer 1
08-22 13:12:24.362 7640 7640 D item_click: viewId = 2131820758, position = 2
08-22 13:12:24.409 7640 7640 D ViewRootImpl@247cbdb[MainActivity]: MSG_WINDOW_FOCUS_CHANGED 0
08-22 13:12:24.512 7640 7640 D ScrollView: initGoToTop
08-22 13:12:24.599 7640 7640 D ViewRootImpl@b6a3ee4[CancelDeliveryActivity]: ThreadedRenderer.create() translucent=false
08-22 13:12:24.602 7640 7640 D InputTransport: Input channel constructed: fd=68
08-22 13:12:24.602 7640 7640 D ViewRootImpl@b6a3ee4[CancelDeliveryActivity]: setView = DecorView@3be6f4d[CancelDeliveryActivity] touchMode=true
08-22 13:12:24.603 7640 7640 D LOCATION_SERVICE: LocationListener gps
08-22 13:12:24.604 7640 7640 D LOCATION_SERVICE: LocationListener network
08-22 13:12:24.605 7640 7640 D LOCATION_SERVICE: onCreate
08-22 13:12:24.605 7640 7640 D LOCATION_SERVICE: initializeLocationManager
08-22 13:12:24.611 7640 7640 D LOCATION_SERVICE: onStartCommand
08-22 13:12:24.621 7640 7640 D ViewRootImpl@b6a3ee4[CancelDeliveryActivity]: dispatchAttachedToWindow
08-22 13:12:24.664 7640 7640 D ViewRootImpl@b6a3ee4[CancelDeliveryActivity]: Relayout returned: oldFrame=[0,0][0,0] newFrame=[0,0][768,1024] result=0x27 surface={isValid=true -1960531968} surfaceGenerationChanged=true
08-22 13:12:24.664 7640 7640 D ViewRootImpl@b6a3ee4[CancelDeliveryActivity]: mHardwareRenderer.initialize() mSurface={isValid=true -1960531968} hwInitialized=true
08-22 13:12:24.675 7640 7640 D ScrollView: onsize change changed
08-22 13:12:24.732 7640 7640 D ViewRootImpl@b6a3ee4[CancelDeliveryActivity]: MSG_RESIZED_REPORT: frame=Rect(0, 0 - 768, 1024) ci=Rect(0, 24 - 0, 0) vi=Rect(0, 24 - 0, 0) or=1
08-22 13:12:24.732 7640 7640 D ViewRootImpl@b6a3ee4[CancelDeliveryActivity]: MSG_WINDOW_FOCUS_CHANGED 1
08-22 13:12:24.732 7640 7640 D ViewRootImpl@b6a3ee4[CancelDeliveryActivity]: mHardwareRenderer.initializeIfNeeded()#2 mSurface={isValid=true -1960531968}
08-22 13:12:24.737 7640 7640 V InputMethodManager: Starting input: tba=android.view.inputmethod.EditorInfo@4f20f26 nm : cz.gienger.mobile ic=null
08-22 13:12:24.737 7640 7640 I InputMethodManager: startInputInner - mService.startInputOrWindowGainedFocus
08-22 13:12:24.745 7640 7640 D InputTransport: Input channel constructed: fd=69
08-22 13:12:24.745 7640 7640 D InputTransport: Input channel destroyed: fd=64
08-22 13:12:24.761 7640 7640 D LOCATION_SERVICE: onLocationChanged: Location[network 49,191148,17,534401 acc=21 et=+1h14m57s4ms alt=0.0 vel=0.0 bear=0.0 {Bundle[mParcelledData.dataSize=80]}]
08-22 13:12:24.786 7640 7657 D OpenGLRenderer: endAllActiveAnimators on 0x8e974700 (RippleDrawable) with handle 0x8b6406e0
08-22 13:12:24.787 7640 7640 D ViewRootImpl@247cbdb[MainActivity]: mHardwareRenderer.destroy()#1
08-22 13:12:24.795 7640 7640 D ViewRootImpl@247cbdb[MainActivity]: Relayout returned: oldFrame=[0,0][768,1024] newFrame=[0,0][768,1024] result=0x5 surface={isValid=false 0} surfaceGenerationChanged=true
08-22 13:12:25.182 7640 7640 D ViewRootImpl@247cbdb[MainActivity]: Relayout returned: oldFrame=[0,0][768,1024] newFrame=[0,0][768,1024] result=0x5 surface={isValid=false 0} surfaceGenerationChanged=false
08-22 13:12:25.753 7640 7640 D ViewRootImpl@b6a3ee4[CancelDeliveryActivity]: ViewPostImeInputStage processPointer 0
08-22 13:12:25.827 7640 7640 D ViewRootImpl@b6a3ee4[CancelDeliveryActivity]: ViewPostImeInputStage processPointer 1
08-22 13:12:27.064 7640 7640 D ViewRootImpl@b6a3ee4[CancelDeliveryActivity]: ViewPostImeInputStage processPointer 0
08-22 13:12:27.124 7640 7640 D ViewRootImpl@b6a3ee4[CancelDeliveryActivity]: ViewPostImeInputStage processPointer 1
08-22 13:12:27.140 7640 7640 D UNDELIVERED: Reason ID = 1, Comment =
08-22 13:12:27.237 7640 7640 D ViewRootImpl@b6a3ee4[CancelDeliveryActivity]: MSG_WINDOW_FOCUS_CHANGED 0
08-22 13:12:27.246 7640 8712 D MESSAGE_SERVICE: ACTION_COMPRESS_AND_UPLOAD
08-22 13:12:27.279 7640 7640 D ViewRootImpl@247cbdb[MainActivity]: mHardwareRenderer.destroy()#4
08-22 13:12:27.279 7640 7640 D ViewRootImpl@247cbdb[MainActivity]: dispatchDetachedFromWindow
08-22 13:12:27.285 7640 7640 D InputTransport: Input channel destroyed: fd=61
08-22 13:12:27.402 7640 7640 D ViewRootImpl@799f85d[MainActivity]: ThreadedRenderer.create() translucent=false
08-22 13:12:27.406 7640 7640 D InputTransport: Input channel constructed: fd=63
08-22 13:12:27.406 7640 7640 D ViewRootImpl@799f85d[MainActivity]: setView = DecorView@b2945d2[MainActivity] touchMode=true
08-22 13:12:27.409 7640 7640 D ViewRootImpl@799f85d[MainActivity]: dispatchAttachedToWindow
08-22 13:12:27.473 7640 7640 D ViewRootImpl@799f85d[MainActivity]: Relayout returned: oldFrame=[0,0][0,0] newFrame=[0,0][768,1024] result=0x27 surface={isValid=true -1956853760} surfaceGenerationChanged=true
08-22 13:12:27.474 7640 7640 D ViewRootImpl@799f85d[MainActivity]: mHardwareRenderer.initialize() mSurface={isValid=true -1956853760} hwInitialized=true
08-22 13:12:27.535 7640 7640 D AbsListView: in onLayout changed
08-22 13:12:27.552 7640 7657 D OpenGLRenderer: endAllActiveAnimators on 0xa0f8c600 (RippleDrawable) with handle 0x8ba3b6d0
08-22 13:12:27.552 7640 7640 D ViewRootImpl@b6a3ee4[CancelDeliveryActivity]: mHardwareRenderer.destroy()#1
08-22 13:12:27.558 7640 7640 D ViewRootImpl@b6a3ee4[CancelDeliveryActivity]: Relayout returned: oldFrame=[0,0][768,1024] newFrame=[0,0][768,1024] result=0x5 surface={isValid=false 0} surfaceGenerationChanged=true
08-22 13:12:27.631 7640 7640 D ViewRootImpl@799f85d[MainActivity]: MSG_RESIZED_REPORT: frame=Rect(0, 0 - 768, 1024) ci=Rect(0, 24 - 0, 0) vi=Rect(0, 24 - 0, 0) or=1
08-22 13:12:27.631 7640 7640 D ViewRootImpl@799f85d[MainActivity]: MSG_WINDOW_FOCUS_CHANGED 1
08-22 13:12:27.631 7640 7640 D ViewRootImpl@799f85d[MainActivity]: mHardwareRenderer.initializeIfNeeded()#2 mSurface={isValid=true -1956853760}
08-22 13:12:27.632 7640 7640 V InputMethodManager: Starting input: tba=android.view.inputmethod.EditorInfo@bcd048e nm : cz.gienger.mobile ic=null
08-22 13:12:27.633 7640 7640 I InputMethodManager: startInputInner - mService.startInputOrWindowGainedFocus
08-22 13:12:27.639 7640 7640 D InputTransport: Input channel constructed: fd=61
08-22 13:12:27.639 7640 7640 D InputTransport: Input channel destroyed: fd=69
08-22 13:12:27.966 7640 8712 D FILE_MANAGER: Serializing delivery /data/user/0/cz.gienger.mobile/files/finished/130DT1180224451/130DT1180224451.xml
08-22 13:12:27.966 7640 8712 D FILE_MANAGER: Null files:
08-22 13:12:28.138 7640 8712 D MYINTERCEPTOR: /GiengerService.svc/sendorder
08-22 13:12:28.139 7640 8712 D OkHttp : --> POST https://testsaig1.gienger.cz/GiengerService.svc/sendorder http/1.1
08-22 13:12:28.139 7640 8712 D OkHttp : Content-Type: text/raw
08-22 13:12:28.139 7640 8712 D OkHttp : Content-Length: 2999
08-22 13:12:28.140 7640 8712 D OkHttp : filename: 130DT1180224451.xml
08-22 13:12:28.140 7640 8712 D OkHttp : Checksum: a01eddb7361bf65c14279a5a48758991
08-22 13:12:28.140 7640 8712 D OkHttp : token: e21a404f3d50c653c52fccd8157ef71f
08-22 13:12:28.140 7640 8712 D OkHttp : --> END POST
08-22 13:12:29.283 7640 8712 D OkHttp : <-- 200 https://testsaig1.gienger.cz/GiengerService.svc/sendorder (1142ms)
08-22 13:12:29.283 7640 8712 D OkHttp : content-type: application/xml; charset=utf-8
08-22 13:12:29.283 7640 8712 D OkHttp : server: Microsoft-IIS/10.0
08-22 13:12:29.283 7640 8712 D OkHttp : x-powered-by: ASP.NET
08-22 13:12:29.283 7640 8712 D OkHttp : date: Wed, 22 Aug 2018 11:12:29 GMT
08-22 13:12:29.283 7640 8712 D OkHttp : content-length: 175
08-22 13:12:29.283 7640 8712 D OkHttp : <-- END HTTP
08-22 13:12:29.294 7640 8712 D sendOrder_SUCCESS: 200
08-22 13:12:29.336 7640 8712 D MESSAGE_SERVICE: ACTION_RESEND_ORDERS
08-22 13:12:29.534 7640 7640 D AbsListView: in onLayout changed
08-22 13:12:29.689 7640 7640 D AbsListView: in onLayout changed
08-22 13:12:29.746 7640 7640 D TextView: SYANI: Clipboard API is calling: clearFilter()
08-22 13:12:29.746 7640 7640 D TextView: SYANI: Clipboard API is calling: unregisterClipboardEventListener()
08-22 13:12:29.754 7640 7640 D ViewRootImpl@b6a3ee4[CancelDeliveryActivity]: mHardwareRenderer.destroy()#4
08-22 13:12:29.754 7640 7640 D ViewRootImpl@b6a3ee4[CancelDeliveryActivity]: dispatchDetachedFromWindow
08-22 13:12:29.759 7640 7640 D InputTransport: Input channel destroyed: fd=68
08-22 13:12:29.760 7640 7640 D LOCATION_SERVICE: onDestroy
08-22 13:12:30.533 7640 7640 D ViewRootImpl@799f85d[MainActivity]: ViewPostImeInputStage processPointer 0
08-22 13:12:30.584 7640 7640 D AbsListView: reportScrollStateChange() newState : 1
08-22 13:12:30.722 7640 7640 D ViewRootImpl@799f85d[MainActivity]: ViewPostImeInputStage processPointer 1
08-22 13:12:30.723 7640 7640 D AbsListView: onTouchUp() mTouchMode : 3
08-22 13:12:30.723 7640 7640 D AbsListView: onTouchUp() TOUCH_MODE_SCROLL initialVelocity : -2217
08-22 13:12:30.724 7640 7640 D AbsListView: reportScrollStateChange() newState : 2
08-22 13:12:30.951 7640 7640 D AbsListView: reportScrollStateChange() newState : 0
08-22 13:12:36.220 7640 7640 D ViewRootImpl@799f85d[MainActivity]: ViewPostImeInputStage processPointer 0
08-22 13:12:36.247 7640 7640 D AbsListView: reportScrollStateChange() newState : 1
08-22 13:12:36.301 7640 7640 D ViewRootImpl@799f85d[MainActivity]: ViewPostImeInputStage processPointer 1
08-22 13:12:36.301 7640 7640 D AbsListView: onTouchUp() mTouchMode : 3
08-22 13:12:36.301 7640 7640 D AbsListView: onTouchUp() TOUCH_MODE_SCROLL initialVelocity : 4164
08-22 13:12:36.301 7640 7640 D AbsListView: reportScrollStateChange() newState : 2
08-22 13:12:36.498 7640 7640 D AbsListView: reportScrollStateChange() newState : 0
08-22 13:12:37.760 7640 7640 D ViewRootImpl@799f85d[MainActivity]: ViewPostImeInputStage processPointer 0
08-22 13:12:37.834 7640 7640 D AbsListView: reportScrollStateChange() newState : 1
08-22 13:12:37.937 7640 7640 D ViewRootImpl@799f85d[MainActivity]: ViewPostImeInputStage processPointer 1
08-22 13:12:37.937 7640 7640 D AbsListView: onTouchUp() mTouchMode : 3
08-22 13:12:37.937 7640 7640 D AbsListView: onTouchUp() TOUCH_MODE_SCROLL initialVelocity : -2076
08-22 13:12:37.937 7640 7640 D AbsListView: reportScrollStateChange() newState : 2
08-22 13:12:38.234 7640 7640 D AbsListView: reportScrollStateChange() newState : 0
08-22 13:12:48.852 7640 7640 D ViewRootImpl@799f85d[MainActivity]: ViewPostImeInputStage processPointer 0
08-22 13:12:48.906 7640 7640 D AbsListView: reportScrollStateChange() newState : 1
08-22 13:12:49.029 7640 7640 D ViewRootImpl@799f85d[MainActivity]: ViewPostImeInputStage processPointer 1
08-22 13:12:49.029 7640 7640 D AbsListView: onTouchUp() mTouchMode : 3
08-22 13:12:49.029 7640 7640 D AbsListView: onTouchUp() TOUCH_MODE_SCROLL initialVelocity : 0
08-22 13:12:49.029 7640 7640 D AbsListView: reportScrollStateChange() newState : 0
08-22 13:12:49.516 7640 7640 D ViewRootImpl@799f85d[MainActivity]: ViewPostImeInputStage processPointer 0
08-22 13:12:49.560 7640 7640 D AbsListView: reportScrollStateChange() newState : 1
08-22 13:12:49.588 7640 7640 D ViewRootImpl@799f85d[MainActivity]: ViewPostImeInputStage processPointer 1
08-22 13:12:49.589 7640 7640 D AbsListView: onTouchUp() mTouchMode : 3
08-22 13:12:49.589 7640 7640 D AbsListView: onTouchUp() TOUCH_MODE_SCROLL initialVelocity : 2406
08-22 13:12:49.589 7640 7640 D AbsListView: reportScrollStateChange() newState : 2
08-22 13:12:49.894 7640 7640 D AbsListView: reportScrollStateChange() newState : 0
08-22 13:12:50.501 7640 7640 D ViewRootImpl@799f85d[MainActivity]: ViewPostImeInputStage processPointer 0
08-22 13:12:50.584 7640 7640 D ViewRootImpl@799f85d[MainActivity]: ViewPostImeInputStage processPointer 1
08-22 13:12:50.599 7640 7640 D item_click: viewId = 2131820758, position = 0
08-22 13:12:50.651 7640 7640 D ViewRootImpl@799f85d[MainActivity]: MSG_WINDOW_FOCUS_CHANGED 0
08-22 13:12:50.702 7640 7640 D ScrollView: initGoToTop
08-22 13:12:50.760 7640 7640 D ViewRootImpl@d62b3af[CancelDeliveryActivity]: ThreadedRenderer.create() translucent=false
08-22 13:12:50.763 7640 7640 D InputTransport: Input channel constructed: fd=70
08-22 13:12:50.763 7640 7640 D ViewRootImpl@d62b3af[CancelDeliveryActivity]: setView = DecorView@e2003bc[CancelDeliveryActivity] touchMode=true
08-22 13:12:50.765 7640 7640 D LOCATION_SERVICE: LocationListener gps
08-22 13:12:50.766 7640 7640 D LOCATION_SERVICE: LocationListener network
08-22 13:12:50.767 7640 7640 D LOCATION_SERVICE: onCreate
08-22 13:12:50.767 7640 7640 D LOCATION_SERVICE: initializeLocationManager
08-22 13:12:50.775 7640 7640 D LOCATION_SERVICE: onStartCommand
08-22 13:12:50.783 7640 7640 D ViewRootImpl@d62b3af[CancelDeliveryActivity]: dispatchAttachedToWindow
08-22 13:12:50.818 7640 7640 D ViewRootImpl@d62b3af[CancelDeliveryActivity]: Relayout returned: oldFrame=[0,0][0,0] newFrame=[0,0][768,1024] result=0x27 surface={isValid=true -1954783232} surfaceGenerationChanged=true
08-22 13:12:50.819 7640 7640 D ViewRootImpl@d62b3af[CancelDeliveryActivity]: mHardwareRenderer.initialize() mSurface={isValid=true -1954783232} hwInitialized=true
08-22 13:12:50.823 7640 7640 D ScrollView: onsize change changed
08-22 13:12:50.867 7640 7640 D ViewRootImpl@d62b3af[CancelDeliveryActivity]: MSG_RESIZED_REPORT: frame=Rect(0, 0 - 768, 1024) ci=Rect(0, 24 - 0, 0) vi=Rect(0, 24 - 0, 0) or=1
08-22 13:12:50.867 7640 7640 D ViewRootImpl@d62b3af[CancelDeliveryActivity]: MSG_WINDOW_FOCUS_CHANGED 1
08-22 13:12:50.868 7640 7640 D ViewRootImpl@d62b3af[CancelDeliveryActivity]: mHardwareRenderer.initializeIfNeeded()#2 mSurface={isValid=true -1954783232}
08-22 13:12:50.875 7640 7640 V InputMethodManager: Starting input: tba=android.view.inputmethod.EditorInfo@cf4bbc0 nm : cz.gienger.mobile ic=null
08-22 13:12:50.875 7640 7640 I InputMethodManager: startInputInner - mService.startInputOrWindowGainedFocus
08-22 13:12:50.888 7640 7640 D InputTransport: Input channel constructed: fd=71
08-22 13:12:50.888 7640 7640 D InputTransport: Input channel destroyed: fd=61
08-22 13:12:50.942 7640 7657 D OpenGLRenderer: endAllActiveAnimators on 0x8b0edf00 (RippleDrawable) with handle 0x8ed5cb00
08-22 13:12:50.942 7640 7640 D ViewRootImpl@799f85d[MainActivity]: mHardwareRenderer.destroy()#1
08-22 13:12:50.952 7640 7640 D ViewRootImpl@799f85d[MainActivity]: Relayout returned: oldFrame=[0,0][768,1024] newFrame=[0,0][768,1024] result=0x5 surface={isValid=false 0} surfaceGenerationChanged=true
08-22 13:12:51.320 7640 7640 D ViewRootImpl@799f85d[MainActivity]: Relayout returned: oldFrame=[0,0][768,1024] newFrame=[0,0][768,1024] result=0x5 surface={isValid=false 0} surfaceGenerationChanged=false
08-22 13:12:52.030 7640 7640 D ViewRootImpl@d62b3af[CancelDeliveryActivity]: ViewPostImeInputStage processPointer 0
08-22 13:12:52.088 7640 7640 D ViewRootImpl@d62b3af[CancelDeliveryActivity]: ViewPostImeInputStage processPointer 1
08-22 13:12:52.791 7640 7640 D ViewRootImpl@d62b3af[CancelDeliveryActivity]: ViewPostImeInputStage processPointer 0
08-22 13:12:52.850 7640 7640 D ViewRootImpl@d62b3af[CancelDeliveryActivity]: ViewPostImeInputStage processPointer 1
08-22 13:12:52.868 7640 7640 D UNDELIVERED: Reason ID = 0, Comment =
08-22 13:12:52.986 7640 7640 D ViewRootImpl@d62b3af[CancelDeliveryActivity]: MSG_WINDOW_FOCUS_CHANGED 0
08-22 13:12:52.998 7640 8725 D MESSAGE_SERVICE: ACTION_COMPRESS_AND_UPLOAD
08-22 13:12:53.033 7640 7640 D ViewRootImpl@799f85d[MainActivity]: mHardwareRenderer.destroy()#4
08-22 13:12:53.033 7640 7640 D ViewRootImpl@799f85d[MainActivity]: dispatchDetachedFromWindow
08-22 13:12:53.041 7640 7640 D InputTransport: Input channel destroyed: fd=63
08-22 13:12:53.154 7640 7640 D ViewRootImpl@8ece43f[MainActivity]: ThreadedRenderer.create() translucent=false
08-22 13:12:53.162 7640 7640 D InputTransport: Input channel constructed: fd=69
08-22 13:12:53.162 7640 7640 D ViewRootImpl@8ece43f[MainActivity]: setView = DecorView@222910c[MainActivity] touchMode=true
08-22 13:12:53.164 7640 7640 D ViewRootImpl@8ece43f[MainActivity]: dispatchAttachedToWindow
08-22 13:12:53.233 7640 7640 D ViewRootImpl@8ece43f[MainActivity]: Relayout returned: oldFrame=[0,0][0,0] newFrame=[0,0][768,1024] result=0x27 surface={isValid=true -1909985280} surfaceGenerationChanged=true
08-22 13:12:53.234 7640 7640 D ViewRootImpl@8ece43f[MainActivity]: mHardwareRenderer.initialize() mSurface={isValid=true -1909985280} hwInitialized=true
08-22 13:12:53.299 7640 7640 D AbsListView: in onLayout changed
08-22 13:12:53.313 7640 7657 D OpenGLRenderer: endAllActiveAnimators on 0x8dfef700 (RippleDrawable) with handle 0x8ed60a70
08-22 13:12:53.313 7640 7640 D ViewRootImpl@d62b3af[CancelDeliveryActivity]: mHardwareRenderer.destroy()#1
08-22 13:12:53.323 7640 7640 D ViewRootImpl@d62b3af[CancelDeliveryActivity]: Relayout returned: oldFrame=[0,0][768,1024] newFrame=[0,0][768,1024] result=0x5 surface={isValid=false 0} surfaceGenerationChanged=true
08-22 13:12:53.404 7640 7640 D ViewRootImpl@8ece43f[MainActivity]: MSG_RESIZED_REPORT: frame=Rect(0, 0 - 768, 1024) ci=Rect(0, 24 - 0, 0) vi=Rect(0, 24 - 0, 0) or=1
08-22 13:12:53.404 7640 7640 D ViewRootImpl@8ece43f[MainActivity]: MSG_WINDOW_FOCUS_CHANGED 1
08-22 13:12:53.405 7640 7640 D ViewRootImpl@8ece43f[MainActivity]: mHardwareRenderer.initializeIfNeeded()#2 mSurface={isValid=true -1909985280}
08-22 13:12:53.406 7640 7640 V InputMethodManager: Starting input: tba=android.view.inputmethod.EditorInfo@72b4200 nm : cz.gienger.mobile ic=null
08-22 13:12:53.406 7640 7640 I InputMethodManager: startInputInner - mService.startInputOrWindowGainedFocus
08-22 13:12:53.410 7640 7650 I art : Background sticky concurrent mark sweep GC freed 181258(8MB) AllocSpace objects, 11(220KB) LOS objects, 38% free, 13MB/21MB, paused 1.580ms total 118.041ms
08-22 13:12:53.413 7640 7640 D InputTransport: Input channel constructed: fd=63
08-22 13:12:53.413 7640 7640 D InputTransport: Input channel destroyed: fd=71
08-22 13:12:53.725 7640 8725 D FILE_MANAGER: Serializing delivery /data/user/0/cz.gienger.mobile/files/finished/130DT1180223781/130DT1180223781.xml
08-22 13:12:53.725 7640 8725 D FILE_MANAGER: Null files:
08-22 13:12:53.922 7640 8725 D MYINTERCEPTOR: /GiengerService.svc/sendorder
08-22 13:12:53.923 7640 8725 D OkHttp : --> POST https://testsaig1.gienger.cz/GiengerService.svc/sendorder http/1.1
08-22 13:12:53.924 7640 8725 D OkHttp : Content-Type: text/raw
08-22 13:12:53.924 7640 8725 D OkHttp : Content-Length: 7237
08-22 13:12:53.924 7640 8725 D OkHttp : filename: 130DT1180223781.xml
08-22 13:12:53.924 7640 8725 D OkHttp : Checksum: b26c9dbd95fee377b66eca40fafc9362
08-22 13:12:53.924 7640 8725 D OkHttp : token: e21a404f3d50c653c52fccd8157ef71f
08-22 13:12:53.924 7640 8725 D OkHttp : --> END POST
08-22 13:12:54.434 7640 8725 D OkHttp : <-- 200 https://testsaig1.gienger.cz/GiengerService.svc/sendorder (510ms)
08-22 13:12:54.435 7640 8725 D OkHttp : content-type: application/xml; charset=utf-8
08-22 13:12:54.435 7640 8725 D OkHttp : server: Microsoft-IIS/10.0
08-22 13:12:54.435 7640 8725 D OkHttp : x-powered-by: ASP.NET
08-22 13:12:54.435 7640 8725 D OkHttp : date: Wed, 22 Aug 2018 11:12:54 GMT
08-22 13:12:54.435 7640 8725 D OkHttp : content-length: 175
08-22 13:12:54.435 7640 8725 D OkHttp : <-- END HTTP
08-22 13:12:54.447 7640 8725 D sendOrder_SUCCESS: 200
08-22 13:12:54.492 7640 8725 D MESSAGE_SERVICE: ACTION_RESEND_ORDERS
08-22 13:12:54.668 7640 7640 D AbsListView: in onLayout changed
08-22 13:12:54.830 7640 7640 D AbsListView: in onLayout changed
08-22 13:12:54.878 7640 7640 D Graph : removeVertex() : insertDummyVertex, because there is no ancestor.
08-22 13:12:54.889 7640 7640 D TextView: SYANI: Clipboard API is calling: clearFilter()
08-22 13:12:54.889 7640 7640 D TextView: SYANI: Clipboard API is calling: unregisterClipboardEventListener()
08-22 13:12:54.897 7640 7640 D ViewRootImpl@d62b3af[CancelDeliveryActivity]: mHardwareRenderer.destroy()#4
08-22 13:12:54.897 7640 7640 D ViewRootImpl@d62b3af[CancelDeliveryActivity]: dispatchDetachedFromWindow
08-22 13:12:54.914 7640 7640 D InputTransport: Input channel destroyed: fd=70
08-22 13:12:54.914 7640 7640 D LOCATION_SERVICE: onDestroy
08-22 13:12:55.398 7640 7640 D ViewRootImpl@8ece43f[MainActivity]: ViewPostImeInputStage processPointer 0
08-22 13:12:55.439 7640 7640 D AbsListView: reportScrollStateChange() newState : 1
08-22 13:12:55.719 7640 7640 D ViewRootImpl@8ece43f[MainActivity]: ViewPostImeInputStage processPointer 1
08-22 13:12:55.720 7640 7640 D AbsListView: onTouchUp() mTouchMode : 3
08-22 13:12:55.720 7640 7640 D AbsListView: onTouchUp() TOUCH_MODE_SCROLL initialVelocity : -166
08-22 13:12:55.720 7640 7640 D AbsListView: reportScrollStateChange() newState : 2
08-22 13:12:55.892 7640 7640 D AbsListView: reportScrollStateChange() newState : 0
08-22 13:12:56.365 7640 7640 D ViewRootImpl@8ece43f[MainActivity]: ViewPostImeInputStage processPointer 0
08-22 13:12:56.437 7640 7640 D ViewRootImpl@8ece43f[MainActivity]: ViewPostImeInputStage processPointer 1
08-22 13:12:56.461 7640 7640 D item_click: viewId = 2131820758, position = 1
08-22 13:12:56.508 7640 7640 D ViewRootImpl@8ece43f[MainActivity]: MSG_WINDOW_FOCUS_CHANGED 0
08-22 13:12:56.571 7640 7640 D ScrollView: initGoToTop
08-22 13:12:56.636 7640 7640 D ViewRootImpl@56d7edc[CancelDeliveryActivity]: ThreadedRenderer.create() translucent=false
08-22 13:12:56.641 7640 7640 D InputTransport: Input channel constructed: fd=68
08-22 13:12:56.641 7640 7640 D ViewRootImpl@56d7edc[CancelDeliveryActivity]: setView = DecorView@66e3be5[CancelDeliveryActivity] touchMode=true
08-22 13:12:56.649 7640 7640 D ViewRootImpl@56d7edc[CancelDeliveryActivity]: dispatchAttachedToWindow
08-22 13:12:56.683 7640 7640 D ViewRootImpl@56d7edc[CancelDeliveryActivity]: Relayout returned: oldFrame=[0,0][0,0] newFrame=[0,0][768,1024] result=0x27 surface={isValid=true -1961363456} surfaceGenerationChanged=true
08-22 13:12:56.684 7640 7640 D ViewRootImpl@56d7edc[CancelDeliveryActivity]: mHardwareRenderer.initialize() mSurface={isValid=true -1961363456} hwInitialized=true
08-22 13:12:56.688 7640 7640 D ScrollView: onsize change changed
08-22 13:12:56.689 7640 7640 D LOCATION_SERVICE: LocationListener gps
08-22 13:12:56.690 7640 7640 D LOCATION_SERVICE: LocationListener network
08-22 13:12:56.691 7640 7640 D LOCATION_SERVICE: onCreate
08-22 13:12:56.693 7640 7640 D LOCATION_SERVICE: initializeLocationManager
08-22 13:12:56.701 7640 7640 D LOCATION_SERVICE: onStartCommand
08-22 13:12:56.747 7640 7640 D ViewRootImpl@56d7edc[CancelDeliveryActivity]: MSG_RESIZED_REPORT: frame=Rect(0, 0 - 768, 1024) ci=Rect(0, 24 - 0, 0) vi=Rect(0, 24 - 0, 0) or=1
08-22 13:12:56.747 7640 7640 D ViewRootImpl@56d7edc[CancelDeliveryActivity]: MSG_WINDOW_FOCUS_CHANGED 1
08-22 13:12:56.748 7640 7640 D ViewRootImpl@56d7edc[CancelDeliveryActivity]: mHardwareRenderer.initializeIfNeeded()#2 mSurface={isValid=true -1961363456}
08-22 13:12:56.755 7640 7640 V InputMethodManager: Starting input: tba=android.view.inputmethod.EditorInfo@d15e5e nm : cz.gienger.mobile ic=null
08-22 13:12:56.755 7640 7640 I InputMethodManager: startInputInner - mService.startInputOrWindowGainedFocus
08-22 13:12:56.768 7640 7640 D InputTransport: Input channel constructed: fd=70
08-22 13:12:56.768 7640 7640 D InputTransport: Input channel destroyed: fd=63
08-22 13:12:56.817 7640 7657 D OpenGLRenderer: endAllActiveAnimators on 0x8e14b480 (RippleDrawable) with handle 0x8b45efb0
08-22 13:12:56.818 7640 7640 D ViewRootImpl@8ece43f[MainActivity]: mHardwareRenderer.destroy()#1
08-22 13:12:56.823 7640 7640 D ViewRootImpl@8ece43f[MainActivity]: Relayout returned: oldFrame=[0,0][768,1024] newFrame=[0,0][768,1024] result=0x5 surface={isValid=false 0} surfaceGenerationChanged=true
08-22 13:12:57.201 7640 7640 D ViewRootImpl@8ece43f[MainActivity]: Relayout returned: oldFrame=[0,0][768,1024] newFrame=[0,0][768,1024] result=0x5 surface={isValid=false 0} surfaceGenerationChanged=false
08-22 13:12:57.868 7640 7640 D LOCATION_SERVICE: onLocationChanged: Location[network 49,191162,17,534439 acc=21 et=+1h15m30s183ms alt=0.0 vel=0.0 bear=0.0 {Bundle[mParcelledData.dataSize=80]}]
08-22 13:12:58.059 7640 7640 D ViewRootImpl@56d7edc[CancelDeliveryActivity]: ViewPostImeInputStage processPointer 0
08-22 13:12:58.106 7640 7640 D ViewRootImpl@56d7edc[CancelDeliveryActivity]: ViewPostImeInputStage processPointer 1
08-22 13:12:58.959 7640 7640 D ViewRootImpl@56d7edc[CancelDeliveryActivity]: ViewPostImeInputStage processPointer 0
08-22 13:12:59.018 7640 7640 D ViewRootImpl@56d7edc[CancelDeliveryActivity]: ViewPostImeInputStage processPointer 1
08-22 13:12:59.043 7640 7640 D UNDELIVERED: Reason ID = 9, Comment =
08-22 13:12:59.139 7640 7640 D ViewRootImpl@56d7edc[CancelDeliveryActivity]: MSG_WINDOW_FOCUS_CHANGED 0
08-22 13:12:59.142 7640 8734 D MESSAGE_SERVICE: ACTION_COMPRESS_AND_UPLOAD
08-22 13:12:59.203 7640 7640 D ViewRootImpl@8ece43f[MainActivity]: mHardwareRenderer.destroy()#4
08-22 13:12:59.203 7640 7640 D ViewRootImpl@8ece43f[MainActivity]: dispatchDetachedFromWindow
08-22 13:12:59.209 7640 7640 D InputTransport: Input channel destroyed: fd=69
08-22 13:12:59.317 7640 7640 D ViewRootImpl@4539ef5[MainActivity]: ThreadedRenderer.create() translucent=false
08-22 13:12:59.320 7640 7640 D InputTransport: Input channel constructed: fd=66
08-22 13:12:59.321 7640 7640 D ViewRootImpl@4539ef5[MainActivity]: setView = DecorView@887848a[MainActivity] touchMode=true
08-22 13:12:59.323 7640 7640 D ViewRootImpl@4539ef5[MainActivity]: dispatchAttachedToWindow
08-22 13:12:59.375 7640 7640 D ViewRootImpl@4539ef5[MainActivity]: Relayout returned: oldFrame=[0,0][0,0] newFrame=[0,0][768,1024] result=0x27 surface={isValid=true -1957005312} surfaceGenerationChanged=true
08-22 13:12:59.376 7640 7640 D ViewRootImpl@4539ef5[MainActivity]: mHardwareRenderer.initialize() mSurface={isValid=true -1957005312} hwInitialized=true
08-22 13:12:59.469 7640 7640 D AbsListView: in onLayout changed
08-22 13:12:59.489 7640 7657 D OpenGLRenderer: endAllActiveAnimators on 0x8e1c9200 (RippleDrawable) with handle 0x8b6409b0
08-22 13:12:59.490 7640 7640 D ViewRootImpl@56d7edc[CancelDeliveryActivity]: mHardwareRenderer.destroy()#1
08-22 13:12:59.496 7640 7640 D ViewRootImpl@56d7edc[CancelDeliveryActivity]: Relayout returned: oldFrame=[0,0][768,1024] newFrame=[0,0][768,1024] result=0x5 surface={isValid=false 0} surfaceGenerationChanged=true
08-22 13:12:59.554 7640 7640 D ViewRootImpl@4539ef5[MainActivity]: MSG_RESIZED_REPORT: frame=Rect(0, 0 - 768, 1024) ci=Rect(0, 24 - 0, 0) vi=Rect(0, 24 - 0, 0) or=1
08-22 13:12:59.554 7640 7640 D ViewRootImpl@4539ef5[MainActivity]: MSG_WINDOW_FOCUS_CHANGED 1
08-22 13:12:59.554 7640 7640 D ViewRootImpl@4539ef5[MainActivity]: mHardwareRenderer.initializeIfNeeded()#2 mSurface={isValid=true -1957005312}
08-22 13:12:59.556 7640 7640 V InputMethodManager: Starting input: tba=android.view.inputmethod.EditorInfo@de42611 nm : cz.gienger.mobile ic=null
08-22 13:12:59.556 7640 7640 I InputMethodManager: startInputInner - mService.startInputOrWindowGainedFocus
08-22 13:12:59.563 7640 7640 D InputTransport: Input channel constructed: fd=64
08-22 13:12:59.563 7640 7640 D InputTransport: Input channel destroyed: fd=70
08-22 13:12:59.876 7640 8734 D FILE_MANAGER: Serializing delivery /data/user/0/cz.gienger.mobile/files/finished/130DT1180223782/130DT1180223782.xml
08-22 13:12:59.876 7640 8734 D FILE_MANAGER: Null files:
08-22 13:13:00.047 7640 8734 D MYINTERCEPTOR: /GiengerService.svc/sendorder
08-22 13:13:00.048 7640 8734 D OkHttp : --> POST https://testsaig1.gienger.cz/GiengerService.svc/sendorder http/1.1
08-22 13:13:00.048 7640 8734 D OkHttp : Content-Type: text/raw
08-22 13:13:00.048 7640 8734 D OkHttp : Content-Length: 3670
08-22 13:13:00.049 7640 8734 D OkHttp : filename: 130DT1180223782.xml
08-22 13:13:00.049 7640 8734 D OkHttp : Checksum: 459a57f4a183df0a40d740e6933f84dd
08-22 13:13:00.049 7640 8734 D OkHttp : token: e21a404f3d50c653c52fccd8157ef71f
08-22 13:13:00.049 7640 8734 D OkHttp : --> END POST
08-22 13:13:00.372 7640 8734 D OkHttp : <-- 200 https://testsaig1.gienger.cz/GiengerService.svc/sendorder (322ms)
08-22 13:13:00.372 7640 8734 D OkHttp : content-type: application/xml; charset=utf-8
08-22 13:13:00.372 7640 8734 D OkHttp : server: Microsoft-IIS/10.0
08-22 13:13:00.372 7640 8734 D OkHttp : x-powered-by: ASP.NET
08-22 13:13:00.372 7640 8734 D OkHttp : date: Wed, 22 Aug 2018 11:13:00 GMT
08-22 13:13:00.372 7640 8734 D OkHttp : content-length: 175
08-22 13:13:00.372 7640 8734 D OkHttp : <-- END HTTP
08-22 13:13:00.378 7640 8734 D sendOrder_SUCCESS: 200
08-22 13:13:00.431 7640 8734 D MESSAGE_SERVICE: ACTION_RESEND_ORDERS
08-22 13:13:00.637 7640 7640 D AbsListView: in onLayout changed
08-22 13:13:00.840 7640 7640 D AbsListView: in onLayout changed
08-22 13:13:00.898 7640 7640 D TextView: SYANI: Clipboard API is calling: clearFilter()
08-22 13:13:00.898 7640 7640 D TextView: SYANI: Clipboard API is calling: unregisterClipboardEventListener()
08-22 13:13:00.905 7640 7640 D ViewRootImpl@56d7edc[CancelDeliveryActivity]: mHardwareRenderer.destroy()#4
08-22 13:13:00.905 7640 7640 D ViewRootImpl@56d7edc[CancelDeliveryActivity]: dispatchDetachedFromWindow
08-22 13:13:00.911 7640 7640 D InputTransport: Input channel destroyed: fd=68
08-22 13:13:00.912 7640 7640 D LOCATION_SERVICE: onDestroy
08-22 13:13:01.211 7640 7640 D ViewRootImpl@4539ef5[MainActivity]: ViewPostImeInputStage processPointer 0
08-22 13:13:01.253 7640 7640 D AbsListView: reportScrollStateChange() newState : 1
08-22 13:13:01.433 7640 7640 D ViewRootImpl@4539ef5[MainActivity]: ViewPostImeInputStage processPointer 1
08-22 13:13:01.433 7640 7640 D AbsListView: onTouchUp() mTouchMode : 3
08-22 13:13:01.433 7640 7640 D AbsListView: onTouchUp() TOUCH_MODE_SCROLL initialVelocity : -1334
08-22 13:13:01.433 7640 7640 D AbsListView: reportScrollStateChange() newState : 0
08-22 13:13:02.412 7640 7640 D ViewRootImpl@4539ef5[MainActivity]: ViewPostImeInputStage processPointer 0
08-22 13:13:02.503 7640 7640 D ViewRootImpl@4539ef5[MainActivity]: ViewPostImeInputStage processPointer 1
08-22 13:13:02.511 7640 7640 D item_click: viewId = 2131820760, position = 3
08-22 13:13:02.567 7640 7640 D ViewRootImpl@4539ef5[MainActivity]: MSG_WINDOW_FOCUS_CHANGED 0
08-22 13:13:02.652 7640 7640 D ViewRootImpl@6ffe620[CategoryListActivity]: ThreadedRenderer.create() translucent=false
08-22 13:13:02.656 7640 7640 D InputTransport: Input channel constructed: fd=68
08-22 13:13:02.656 7640 7640 D ViewRootImpl@6ffe620[CategoryListActivity]: setView = DecorView@fd2ebd9[CategoryListActivity] touchMode=true
08-22 13:13:02.657 7640 7640 D LOCATION_SERVICE: LocationListener gps
08-22 13:13:02.658 7640 7640 D LOCATION_SERVICE: LocationListener network
08-22 13:13:02.659 7640 7640 D LOCATION_SERVICE: onCreate
08-22 13:13:02.659 7640 7640 D LOCATION_SERVICE: initializeLocationManager
08-22 13:13:02.670 7640 7640 D LOCATION_SERVICE: onStartCommand
08-22 13:13:02.682 7640 7640 D ViewRootImpl@6ffe620[CategoryListActivity]: dispatchAttachedToWindow
08-22 13:13:02.715 7640 7640 D ViewRootImpl@6ffe620[CategoryListActivity]: Relayout returned: oldFrame=[0,0][0,0] newFrame=[0,0][768,1024] result=0x27 surface={isValid=true -1902737408} surfaceGenerationChanged=true
08-22 13:13:02.715 7640 7640 D ViewRootImpl@6ffe620[CategoryListActivity]: mHardwareRenderer.initialize() mSurface={isValid=true -1902737408} hwInitialized=true
08-22 13:13:02.856 7640 7640 D ViewRootImpl@6ffe620[CategoryListActivity]: MSG_RESIZED_REPORT: frame=Rect(0, 0 - 768, 1024) ci=Rect(0, 24 - 0, 0) vi=Rect(0, 24 - 0, 0) or=1
08-22 13:13:02.856 7640 7640 D ViewRootImpl@6ffe620[CategoryListActivity]: MSG_WINDOW_FOCUS_CHANGED 1
08-22 13:13:02.856 7640 7640 D ViewRootImpl@6ffe620[CategoryListActivity]: mHardwareRenderer.initializeIfNeeded()#2 mSurface={isValid=true -1902737408}
08-22 13:13:02.857 7640 7640 V InputMethodManager: Starting input: tba=android.view.inputmethod.EditorInfo@740a17d nm : cz.gienger.mobile ic=null
08-22 13:13:02.857 7640 7640 I InputMethodManager: startInputInner - mService.startInputOrWindowGainedFocus
08-22 13:13:02.859 7640 7640 D InputTransport: Input channel constructed: fd=70
08-22 13:13:02.859 7640 7640 D InputTransport: Input channel destroyed: fd=64
08-22 13:13:02.925 7640 7657 D OpenGLRenderer: endAllActiveAnimators on 0x8b1c7b80 (RippleDrawable) with handle 0x8b2a7a90
08-22 13:13:02.925 7640 7640 D ViewRootImpl@4539ef5[MainActivity]: mHardwareRenderer.destroy()#1
08-22 13:13:02.932 7640 7640 D ViewRootImpl@4539ef5[MainActivity]: Relayout returned: oldFrame=[0,0][768,1024] newFrame=[0,0][768,1024] result=0x5 surface={isValid=false 0} surfaceGenerationChanged=true
08-22 13:13:03.346 7640 7640 D ViewRootImpl@4539ef5[MainActivity]: Relayout returned: oldFrame=[0,0][768,1024] newFrame=[0,0][768,1024] result=0x5 surface={isValid=false 0} surfaceGenerationChanged=false
08-22 13:13:04.266 7640 7640 D ViewRootImpl@6ffe620[CategoryListActivity]: ViewPostImeInputStage processPointer 0
08-22 13:13:04.323 7640 7640 D ViewRootImpl@6ffe620[CategoryListActivity]: ViewPostImeInputStage processPointer 1
08-22 13:13:05.822 7640 7640 D ViewRootImpl@6ffe620[CategoryListActivity]: ViewPostImeInputStage processPointer 0
08-22 13:13:05.880 7640 7640 D ViewRootImpl@6ffe620[CategoryListActivity]: ViewPostImeInputStage processPointer 1
08-22 13:13:06.952 7640 7640 D ViewRootImpl@6ffe620[CategoryListActivity]: ViewPostImeInputStage processPointer 0
08-22 13:13:07.011 7640 7640 D ViewRootImpl@6ffe620[CategoryListActivity]: ViewPostImeInputStage processPointer 1
08-22 13:13:07.038 7640 7640 D ViewRootImpl@6ffe620[CategoryListActivity]: MSG_WINDOW_FOCUS_CHANGED 0
08-22 13:13:07.120 7640 7640 D ViewRootImpl@2c3fa0[ArticleListActivity]: ThreadedRenderer.create() translucent=false
08-22 13:13:07.123 7640 7640 D InputTransport: Input channel constructed: fd=64
08-22 13:13:07.123 7640 7640 D ViewRootImpl@2c3fa0[ArticleListActivity]: setView = DecorView@3fa0759[ArticleListActivity] touchMode=true
08-22 13:13:07.133 7640 7640 D ViewRootImpl@2c3fa0[ArticleListActivity]: dispatchAttachedToWindow
08-22 13:13:07.163 7640 7640 D ViewRootImpl@2c3fa0[ArticleListActivity]: Relayout returned: oldFrame=[0,0][0,0] newFrame=[0,0][768,1024] result=0x27 surface={isValid=true -1898999808} surfaceGenerationChanged=true
08-22 13:13:07.163 7640 7640 D ViewRootImpl@2c3fa0[ArticleListActivity]: mHardwareRenderer.initialize() mSurface={isValid=true -1898999808} hwInitialized=true
08-22 13:13:07.358 7640 7640 W View : requestLayout() improperly called by android.support.v7.widget.AppCompatTextView{a5169de V.ED..... ......ID 0,0-0,18 #7f11012a app:id/tv_fragment_poaz_article_list_header_catalog_price_product_count} during layout: running second layout pass
08-22 13:13:07.358 7640 7640 I ViewRootImpl@2c3fa0[ArticleListActivity]: requestLayout is already in process
08-22 13:13:07.358 7640 7640 W View : requestLayout() improperly called by android.support.v7.widget.AppCompatTextView{29fe7bf V.ED..... ......ID 12,0-12,18 #7f11012b app:id/tv_fragment_poaz_article_list_header_special_price_product_count} during layout: running second layout pass
08-22 13:13:07.373 7640 7640 D ViewRootImpl@2c3fa0[ArticleListActivity]: MSG_RESIZED_REPORT: frame=Rect(0, 0 - 768, 1024) ci=Rect(0, 24 - 0, 0) vi=Rect(0, 24 - 0, 0) or=1
08-22 13:13:07.373 7640 7640 D ViewRootImpl@2c3fa0[ArticleListActivity]: MSG_WINDOW_FOCUS_CHANGED 1
08-22 13:13:07.373 7640 7640 D ViewRootImpl@2c3fa0[ArticleListActivity]: mHardwareRenderer.initializeIfNeeded()#2 mSurface={isValid=true -1898999808}
08-22 13:13:07.374 7640 7640 V InputMethodManager: Starting input: tba=android.view.inputmethod.EditorInfo@37ad6b6 nm : cz.gienger.mobile ic=null
08-22 13:13:07.374 7640 7640 I InputMethodManager: startInputInner - mService.startInputOrWindowGainedFocus
08-22 13:13:07.376 7640 7640 D InputTransport: Input channel constructed: fd=72
08-22 13:13:07.376 7640 7640 D InputTransport: Input channel destroyed: fd=70
08-22 13:13:07.444 7640 7640 D ViewRootImpl@6ffe620[CategoryListActivity]: mHardwareRenderer.destroy()#1
08-22 13:13:07.456 7640 7640 D ViewRootImpl@6ffe620[CategoryListActivity]: Relayout returned: oldFrame=[0,0][768,1024] newFrame=[0,0][768,1024] result=0x5 surface={isValid=false 0} surfaceGenerationChanged=true
08-22 13:13:07.857 7640 7640 D ViewRootImpl@6ffe620[CategoryListActivity]: Relayout returned: oldFrame=[0,0][768,1024] newFrame=[0,0][768,1024] result=0x5 surface={isValid=false 0} surfaceGenerationChanged=false
08-22 13:13:08.724 7640 7640 D ViewRootImpl@2c3fa0[ArticleListActivity]: ViewPostImeInputStage processPointer 0
08-22 13:13:08.807 7640 7640 D ViewRootImpl@2c3fa0[ArticleListActivity]: ViewPostImeInputStage processPointer 1
08-22 13:13:08.852 7640 7640 D ViewRootImpl@2c3fa0[ArticleListActivity]: MSG_WINDOW_FOCUS_CHANGED 0
08-22 13:13:08.967 7640 7640 D ViewRootImpl@699274c[AddArticleToCartActivity]: ThreadedRenderer.create() translucent=false
08-22 13:13:08.972 7640 7640 D InputTransport: Input channel constructed: fd=69
08-22 13:13:08.972 7640 7640 D ViewRootImpl@699274c[AddArticleToCartActivity]: setView = DecorView@9f71395[AddArticleToCartActivity] touchMode=true
08-22 13:13:08.980 7640 7640 D ViewRootImpl@699274c[AddArticleToCartActivity]: dispatchAttachedToWindow
08-22 13:13:09.011 7640 7640 D ViewRootImpl@699274c[AddArticleToCartActivity]: Relayout returned: oldFrame=[0,0][0,0] newFrame=[0,0][768,1024] result=0x27 surface={isValid=true -1910272000} surfaceGenerationChanged=true
08-22 13:13:09.011 7640 7640 D ViewRootImpl@699274c[AddArticleToCartActivity]: mHardwareRenderer.initialize() mSurface={isValid=true -1910272000} hwInitialized=true
08-22 13:13:09.066 7640 7640 D ViewRootImpl@699274c[AddArticleToCartActivity]: MSG_RESIZED_REPORT: frame=Rect(0, 0 - 768, 1024) ci=Rect(0, 24 - 0, 0) vi=Rect(0, 24 - 0, 0) or=1
08-22 13:13:09.066 7640 7640 D ViewRootImpl@699274c[AddArticleToCartActivity]: MSG_WINDOW_FOCUS_CHANGED 1
08-22 13:13:09.066 7640 7640 D ViewRootImpl@699274c[AddArticleToCartActivity]: mHardwareRenderer.initializeIfNeeded()#2 mSurface={isValid=true -1910272000}
08-22 13:13:09.076 7640 7640 V InputMethodManager: Starting input: tba=android.view.inputmethod.EditorInfo@f450c05 nm : cz.gienger.mobile ic=com.android.internal.widget.EditableInputConnection@aedd45a
08-22 13:13:09.077 7640 7640 I InputMethodManager: startInputInner - mService.startInputOrWindowGainedFocus
08-22 13:13:09.083 7640 7640 D InputTransport: Input channel constructed: fd=70
08-22 13:13:09.083 7640 7640 D InputTransport: Input channel destroyed: fd=72
08-22 13:13:09.121 7640 7657 D OpenGLRenderer: endAllActiveAnimators on 0x8da32980 (RippleDrawable) with handle 0xa4eda9a0
08-22 13:13:09.121 7640 7640 D ViewRootImpl@2c3fa0[ArticleListActivity]: mHardwareRenderer.destroy()#1
08-22 13:13:09.128 7640 7640 D ViewRootImpl@2c3fa0[ArticleListActivity]: Relayout returned: oldFrame=[0,0][768,1024] newFrame=[0,0][768,1024] result=0x5 surface={isValid=false 0} surfaceGenerationChanged=true
08-22 13:13:09.564 7640 7640 D ViewRootImpl@2c3fa0[ArticleListActivity]: Relayout returned: oldFrame=[0,0][768,1024] newFrame=[0,0][768,1024] result=0x5 surface={isValid=false 0} surfaceGenerationChanged=false
08-22 13:13:09.592 7640 7640 D ViewRootImpl@699274c[AddArticleToCartActivity]: MSG_RESIZED: frame=Rect(0, 0 - 768, 1024) ci=Rect(0, 24 - 0, 0) vi=Rect(0, 24 - 0, 320) or=1
08-22 13:13:12.117 7640 7640 D ViewRootImpl@699274c[AddArticleToCartActivity]: ViewPostImeInputStage processPointer 0
08-22 13:13:12.176 7640 7640 D ViewRootImpl@699274c[AddArticleToCartActivity]: ViewPostImeInputStage processPointer 1
08-22 13:13:12.179 7640 7640 V InputMethodManager: Starting input: tba=android.view.inputmethod.EditorInfo@6a98067 nm : cz.gienger.mobile ic=com.android.internal.widget.EditableInputConnection@1f53e14
08-22 13:13:12.179 7640 7640 I InputMethodManager: startInputInner - mService.startInputOrWindowGainedFocus
08-22 13:13:12.184 7640 7640 D InputTransport: Input channel constructed: fd=74
08-22 13:13:12.184 7640 7640 D InputTransport: Input channel destroyed: fd=70
08-22 13:13:12.192 7640 7645 I art : Do partial code cache collection, code=208KB, data=250KB
08-22 13:13:12.193 7640 7645 I art : After code cache collection, code=208KB, data=250KB
08-22 13:13:12.193 7640 7645 I art : Increasing code cache capacity to 1024KB
08-22 13:13:12.276 7640 7640 D ViewRootImpl@2c3fa0[ArticleListActivity]: Relayout returned: oldFrame=[0,0][768,1024] newFrame=[0,0][768,1024] result=0x7 surface={isValid=true -1899284480} surfaceGenerationChanged=true
08-22 13:13:12.276 7640 7640 D ViewRootImpl@2c3fa0[ArticleListActivity]: mHardwareRenderer.initialize() mSurface={isValid=true -1899284480} hwInitialized=true
08-22 13:13:12.377 7640 7640 W View : requestLayout() improperly called by android.support.v7.widget.AppCompatTextView{a5169de V.ED..... ......ID 0,0-7,18 #7f11012a app:id/tv_fragment_poaz_article_list_header_catalog_price_product_count} during layout: running second layout pass
08-22 13:13:12.377 7640 7640 I ViewRootImpl@2c3fa0[ArticleListActivity]: requestLayout is already in process
