08-20 08:51:12.304 20730 20730 W dogbel : handleMotionEvent enter
08-20 08:51:12.304 20730 20730 W dogbel : handleMotionEvent enter 2
08-20 08:51:12.305 20730 20730 D DirectPenInput: handleMotionEvent ACTION_HOVER_EXIT
08-20 08:51:12.305 20730 20730 D DirectPenInput: state : 0.1.0.10. 74901a9
08-20 08:51:12.490 20730 20730 D ViewRootImpl@fa28a6b[DeliverActivity]: MSG_RESIZED: frame=Rect(0, 0 - 768, 1024) ci=Rect(0, 24 - 0, 359) vi=Rect(0, 24 - 0, 359) or=1
08-20 08:51:12.520 20730 20730 D ViewRootImpl@fa28a6b[DeliverActivity]: Relayout returned: oldFrame=[0,0][768,1024] newFrame=[0,0][768,1024] result=0x1 surface={isValid=true -1984434176} surfaceGenerationChanged=false
08-20 08:51:12.535 20730 20730 D ScrollView: onsize change changed
08-20 08:51:13.258 20730 20730 D ViewRootImpl: updatePointerIcon pointerType = 20001, calling pid = 20730
08-20 08:51:13.258 20730 20730 D InputManager: setPointerIconType iconId = 20001, callingPid = 20730
08-20 08:51:13.259 20730 20730 D ViewRootImpl: updatePointerIcon pointerType = 20001, calling pid = 20730
08-20 08:51:13.260 20730 20730 D InputManager: setPointerIconType iconId = 20001, callingPid = 20730
08-20 08:51:13.275 20730 20730 W dogbel : handleMotionEvent enter
08-20 08:51:13.275 20730 20730 W dogbel : handleMotionEvent enter 2
08-20 08:51:13.275 20730 20730 D DirectPenInput: handleMotionEvent ACTION_HOVER_ENTER
08-20 08:51:13.277 20730 20730 D DirectPenInput: canStartDirectPenInput() : false
08-20 08:51:13.277 20730 20730 D DirectPenInput: state : 0.1.0.9. 854ca63
08-20 08:51:13.282 20730 20730 W dogbel : handleMotionEvent enter
08-20 08:51:13.282 20730 20730 W dogbel : handleMotionEvent enter 2
08-20 08:51:13.284 20730 20730 D ViewRootImpl: updatePointerIcon pointerType = 20002, calling pid = 20730
08-20 08:51:13.284 20730 20730 D InputManager: setPointerIconType iconId = 20002, callingPid = 20730
08-20 08:51:13.291 20730 20730 W dogbel : handleMotionEvent enter
08-20 08:51:13.291 20730 20730 W dogbel : handleMotionEvent enter 2
08-20 08:51:13.307 20730 20730 W dogbel : handleMotionEvent enter
08-20 08:51:13.307 20730 20730 W dogbel : handleMotionEvent enter 2
08-20 08:51:13.310 20730 20730 W dogbel : handleMotionEvent enter
08-20 08:51:13.310 20730 20730 W dogbel : handleMotionEvent enter 2
08-20 08:51:13.324 20730 20730 W dogbel : handleMotionEvent enter
08-20 08:51:13.324 20730 20730 W dogbel : handleMotionEvent enter 2
08-20 08:51:13.340 20730 20730 W dogbel : handleMotionEvent enter
08-20 08:51:13.340 20730 20730 W dogbel : handleMotionEvent enter 2
08-20 08:51:13.357 20730 20730 W dogbel : handleMotionEvent enter
08-20 08:51:13.357 20730 20730 W dogbel : handleMotionEvent enter 2
08-20 08:51:13.370 20730 20730 W dogbel : handleMotionEvent enter
08-20 08:51:13.370 20730 20730 W dogbel : handleMotionEvent enter 2
08-20 08:51:13.372 20730 20730 W dogbel : handleMotionEvent enter
08-20 08:51:13.372 20730 20730 W dogbel : handleMotionEvent enter 2
08-20 08:51:13.372 20730 20730 D DirectPenInput: handleMotionEvent ACTION_HOVER_EXIT
08-20 08:51:13.372 20730 20730 D DirectPenInput: state : 0.1.0.10. 854ca63
08-20 08:51:13.374 20730 20730 D ViewRootImpl@fa28a6b[DeliverActivity]: ViewPostImeInputStage processPointer 0
08-20 08:51:13.375 20730 20730 W dogbel : handleMotionEvent enter
08-20 08:51:13.375 20730 20730 W dogbel : handleMotionEvent enter 2
08-20 08:51:13.375 20730 20730 D DirectPenInput: state : 0.1.0.0. 854ca63
08-20 08:51:13.376 20730 20730 D ViewRootImpl: updatePointerIcon pointerType = 20002, calling pid = 20730
08-20 08:51:13.376 20730 20730 D InputManager: setPointerIconType iconId = 20002, callingPid = 20730
08-20 08:51:13.384 20730 20730 W dogbel : handleMotionEvent enter
08-20 08:51:13.384 20730 20730 W dogbel : handleMotionEvent enter 2
08-20 08:51:13.384 20730 20730 D DirectPenInput: state : 0.1.0.2. 854ca63
08-20 08:51:13.391 20730 20730 W dogbel : handleMotionEvent enter
08-20 08:51:13.391 20730 20730 W dogbel : handleMotionEvent enter 2
08-20 08:51:13.391 20730 20730 D DirectPenInput: state : 0.1.0.2. 854ca63
08-20 08:51:13.408 20730 20730 W dogbel : handleMotionEvent enter
08-20 08:51:13.408 20730 20730 W dogbel : handleMotionEvent enter 2
08-20 08:51:13.408 20730 20730 D DirectPenInput: state : 0.1.0.2. 854ca63
08-20 08:51:13.424 20730 20730 W dogbel : handleMotionEvent enter
08-20 08:51:13.424 20730 20730 W dogbel : handleMotionEvent enter 2
08-20 08:51:13.424 20730 20730 D DirectPenInput: state : 0.1.0.2. 854ca63
08-20 08:51:13.428 20730 20730 D ViewRootImpl@fa28a6b[DeliverActivity]: ViewPostImeInputStage processPointer 1
08-20 08:51:13.429 20730 20730 W dogbel : handleMotionEvent enter
08-20 08:51:13.429 20730 20730 W dogbel : handleMotionEvent enter 2
08-20 08:51:13.429 20730 20730 D DirectPenInput: state : 0.1.0.1. 854ca63
08-20 08:51:13.446 20730 20730 V InputMethodManager: Starting input: tba=android.view.inputmethod.EditorInfo@cbfa9bf nm : cz.gienger.mobile ic=com.android.internal.widget.EditableInputConnection@c0da88c
08-20 08:51:13.447 20730 20730 I InputMethodManager: startInputInner - mService.startInputOrWindowGainedFocus
08-20 08:51:13.449 20730 20730 D InputTransport: Input channel constructed: fd=66
08-20 08:51:13.449 20730 20730 D InputTransport: Input channel destroyed: fd=67
08-20 08:51:13.449 20730 20730 D InputMethodManager: SSI - flag : 0 Pid : 20730 view : cz.gienger.mobile
08-20 08:51:13.453 20730 20730 W dogbel : handleMotionEvent enter
08-20 08:51:13.453 20730 20730 W dogbel : handleMotionEvent enter 2
08-20 08:51:13.453 20730 20730 D DirectPenInput: handleMotionEvent ACTION_HOVER_ENTER
08-20 08:51:13.455 20730 20730 D DirectPenInput: canStartDirectPenInput() : false
08-20 08:51:13.455 20730 20730 D DirectPenInput: state : 0.1.0.9. 854ca63
08-20 08:51:13.462 20730 20730 D ViewRootImpl: updatePointerIcon pointerType = 20002, calling pid = 20730
08-20 08:51:13.463 20730 20730 D InputManager: setPointerIconType iconId = 20002, callingPid = 20730
08-20 08:51:13.464 20730 20730 D ViewRootImpl: updatePointerIcon pointerType = 20002, calling pid = 20730
08-20 08:51:13.464 20730 20730 D InputManager: setPointerIconType iconId = 20002, callingPid = 20730
08-20 08:51:13.467 20730 20730 W dogbel : handleMotionEvent enter
08-20 08:51:13.467 20730 20730 W dogbel : handleMotionEvent enter 2
08-20 08:51:13.472 20730 20730 W IInputConnectionWrapper: finishComposingText on inactive InputConnection
08-20 08:51:13.474 20730 20730 W dogbel : handleMotionEvent enter
08-20 08:51:13.474 20730 20730 W dogbel : handleMotionEvent enter 2
08-20 08:51:13.492 20730 20730 W dogbel : handleMotionEvent enter
08-20 08:51:13.492 20730 20730 W dogbel : handleMotionEvent enter 2
08-20 08:51:13.508 20730 20730 W dogbel : handleMotionEvent enter
08-20 08:51:13.508 20730 20730 W dogbel : handleMotionEvent enter 2
08-20 08:51:13.516 20730 20730 W dogbel : handleMotionEvent enter
08-20 08:51:13.516 20730 20730 W dogbel : handleMotionEvent enter 2
08-20 08:51:13.518 20730 20730 W dogbel : handleMotionEvent enter
08-20 08:51:13.518 20730 20730 W dogbel : handleMotionEvent enter 2
08-20 08:51:13.518 20730 20730 D DirectPenInput: handleMotionEvent ACTION_HOVER_EXIT
08-20 08:51:13.518 20730 20730 D DirectPenInput: state : 0.1.0.10. 854ca63
08-20 08:51:14.222 20730 20730 D ViewRootImpl: updatePointerIcon pointerType = 20001, calling pid = 20730
08-20 08:51:14.223 20730 20730 D InputManager: setPointerIconType iconId = 20001, callingPid = 20730
08-20 08:51:14.225 20730 20730 D ViewRootImpl: updatePointerIcon pointerType = 20001, calling pid = 20730
08-20 08:51:14.226 20730 20730 D InputManager: setPointerIconType iconId = 20001, callingPid = 20730
08-20 08:51:14.295 20730 20730 W dogbel : handleMotionEvent enter
08-20 08:51:14.295 20730 20730 W dogbel : handleMotionEvent enter 2
08-20 08:51:14.295 20730 20730 D DirectPenInput: handleMotionEvent ACTION_HOVER_ENTER
08-20 08:51:14.296 20730 20730 D DirectPenInput: canStartDirectPenInput() : false
08-20 08:51:14.296 20730 20730 D DirectPenInput: state : 0.1.0.9. d726fea
08-20 08:51:14.302 20730 20730 W dogbel : handleMotionEvent enter
08-20 08:51:14.302 20730 20730 W dogbel : handleMotionEvent enter 2
08-20 08:51:14.304 20730 20730 D ViewRootImpl: updatePointerIcon pointerType = 20002, calling pid = 20730
08-20 08:51:14.304 20730 20730 D InputManager: setPointerIconType iconId = 20002, callingPid = 20730
08-20 08:51:14.310 20730 20730 W dogbel : handleMotionEvent enter
08-20 08:51:14.311 20730 20730 W dogbel : handleMotionEvent enter 2
08-20 08:51:14.326 20730 20730 W dogbel : handleMotionEvent enter
08-20 08:51:14.326 20730 20730 W dogbel : handleMotionEvent enter 2
08-20 08:51:14.343 20730 20730 W dogbel : handleMotionEvent enter
08-20 08:51:14.343 20730 20730 W dogbel : handleMotionEvent enter 2
08-20 08:51:14.347 20730 20730 W dogbel : handleMotionEvent enter
08-20 08:51:14.347 20730 20730 W dogbel : handleMotionEvent enter 2
08-20 08:51:14.347 20730 20730 D DirectPenInput: handleMotionEvent ACTION_HOVER_EXIT
08-20 08:51:14.347 20730 20730 D DirectPenInput: state : 0.1.0.10. d726fea
08-20 08:51:14.350 20730 20730 D ViewRootImpl@fa28a6b[DeliverActivity]: ViewPostImeInputStage processPointer 0
08-20 08:51:14.350 20730 20730 W dogbel : handleMotionEvent enter
08-20 08:51:14.350 20730 20730 W dogbel : handleMotionEvent enter 2
08-20 08:51:14.351 20730 20730 D DirectPenInput: state : 0.1.0.0. d726fea
08-20 08:51:14.351 20730 20730 D ViewRootImpl: updatePointerIcon pointerType = 20002, calling pid = 20730
08-20 08:51:14.352 20730 20730 D InputManager: setPointerIconType iconId = 20002, callingPid = 20730
08-20 08:51:14.361 20730 20730 W dogbel : handleMotionEvent enter
08-20 08:51:14.361 20730 20730 W dogbel : handleMotionEvent enter 2
08-20 08:51:14.361 20730 20730 D DirectPenInput: state : 0.1.0.2. d726fea
08-20 08:51:14.376 20730 20730 W dogbel : handleMotionEvent enter
08-20 08:51:14.376 20730 20730 W dogbel : handleMotionEvent enter 2
08-20 08:51:14.377 20730 20730 D DirectPenInput: state : 0.1.0.2. d726fea
08-20 08:51:14.393 20730 20730 W dogbel : handleMotionEvent enter
08-20 08:51:14.393 20730 20730 W dogbel : handleMotionEvent enter 2
08-20 08:51:14.393 20730 20730 D DirectPenInput: state : 0.1.0.2. d726fea
08-20 08:51:14.410 20730 20730 W dogbel : handleMotionEvent enter
08-20 08:51:14.410 20730 20730 W dogbel : handleMotionEvent enter 2
08-20 08:51:14.410 20730 20730 D DirectPenInput: state : 0.1.0.2. d726fea
08-20 08:51:14.414 20730 20730 D ViewRootImpl@fa28a6b[DeliverActivity]: ViewPostImeInputStage processPointer 1
08-20 08:51:14.415 20730 20730 W dogbel : handleMotionEvent enter
08-20 08:51:14.415 20730 20730 W dogbel : handleMotionEvent enter 2
08-20 08:51:14.415 20730 20730 D DirectPenInput: state : 0.1.0.1. d726fea
08-20 08:51:14.436 20730 20730 V InputMethodManager: Starting input: tba=android.view.inputmethod.EditorInfo@85f2051 nm : cz.gienger.mobile ic=com.android.internal.widget.EditableInputConnection@bffa0b6
08-20 08:51:14.436 20730 20730 I InputMethodManager: startInputInner - mService.startInputOrWindowGainedFocus
08-20 08:51:14.438 20730 20730 D InputTransport: Input channel constructed: fd=67
08-20 08:51:14.438 20730 20730 D InputTransport: Input channel destroyed: fd=66
08-20 08:51:14.438 20730 20730 D InputMethodManager: SSI - flag : 0 Pid : 20730 view : cz.gienger.mobile
08-20 08:51:14.440 20730 20730 W dogbel : handleMotionEvent enter
08-20 08:51:14.440 20730 20730 W dogbel : handleMotionEvent enter 2
08-20 08:51:14.440 20730 20730 D DirectPenInput: handleMotionEvent ACTION_HOVER_ENTER
08-20 08:51:14.441 20730 20730 D DirectPenInput: canStartDirectPenInput() : false
08-20 08:51:14.442 20730 20730 D DirectPenInput: state : 0.1.0.9. d726fea
08-20 08:51:14.448 20730 20730 D ViewRootImpl: updatePointerIcon pointerType = 20002, calling pid = 20730
08-20 08:51:14.449 20730 20730 D InputManager: setPointerIconType iconId = 20002, callingPid = 20730
08-20 08:51:14.449 20730 20730 D ViewRootImpl: updatePointerIcon pointerType = 20002, calling pid = 20730
08-20 08:51:14.450 20730 20730 D InputManager: setPointerIconType iconId = 20002, callingPid = 20730
08-20 08:51:14.451 20730 20730 W IInputConnectionWrapper: setComposingText on inactive InputConnection
08-20 08:51:14.451 20730 20730 W dogbel : handleMotionEvent enter
08-20 08:51:14.451 20730 20730 W dogbel : handleMotionEvent enter 2
08-20 08:51:14.458 20730 20730 W IInputConnectionWrapper: finishComposingText on inactive InputConnection
08-20 08:51:14.461 20730 20730 W dogbel : handleMotionEvent enter
08-20 08:51:14.461 20730 20730 W dogbel : handleMotionEvent enter 2
08-20 08:51:14.477 20730 20730 W dogbel : handleMotionEvent enter
08-20 08:51:14.477 20730 20730 W dogbel : handleMotionEvent enter 2
08-20 08:51:14.493 20730 20730 W dogbel : handleMotionEvent enter
08-20 08:51:14.493 20730 20730 W dogbel : handleMotionEvent enter 2
08-20 08:51:14.495 20730 20730 W dogbel : handleMotionEvent enter
08-20 08:51:14.495 20730 20730 W dogbel : handleMotionEvent enter 2
08-20 08:51:14.495 20730 20730 D DirectPenInput: handleMotionEvent ACTION_HOVER_EXIT
08-20 08:51:14.495 20730 20730 D DirectPenInput: state : 0.1.0.10. d726fea
08-20 08:51:14.499 20730 20730 D ViewRootImpl: updatePointerIcon pointerType = 20001, calling pid = 20730
08-20 08:51:14.499 20730 20730 D InputManager: setPointerIconType iconId = 20001, callingPid = 20730
08-20 08:51:15.393 20730 20730 D ViewRootImpl: updatePointerIcon pointerType = 20001, calling pid = 20730
08-20 08:51:15.394 20730 20730 D InputManager: setPointerIconType iconId = 20001, callingPid = 20730
08-20 08:51:15.395 20730 20730 D ViewRootImpl: updatePointerIcon pointerType = 20001, calling pid = 20730
08-20 08:51:15.395 20730 20730 D InputManager: setPointerIconType iconId = 20001, callingPid = 20730
08-20 08:51:16.007 20730 20730 D ViewRootImpl@fa28a6b[DeliverActivity]: ViewPostImeInputStage processPointer 0
08-20 08:51:16.008 20730 20730 D ViewRootImpl: updatePointerIcon pointerType = 20001, calling pid = 20730
08-20 08:51:16.009 20730 20730 D InputManager: setPointerIconType iconId = 20001, callingPid = 20730
08-20 08:51:16.080 20730 20730 D ViewRootImpl@fa28a6b[DeliverActivity]: ViewPostImeInputStage processPointer 1
08-20 08:51:16.087 20730 20730 D ViewRootImpl: updatePointerIcon pointerType = 20001, calling pid = 20730
08-20 08:51:16.088 20730 20730 D InputManager: setPointerIconType iconId = 20001, callingPid = 20730
08-20 08:51:16.088 20730 20730 D ViewRootImpl: updatePointerIcon pointerType = 20001, calling pid = 20730
08-20 08:51:16.089 20730 20730 D InputManager: setPointerIconType iconId = 20001, callingPid = 20730
08-20 08:51:16.364 20730 20730 D ViewRootImpl@fa28a6b[DeliverActivity]: ViewPostImeInputStage processPointer 0
08-20 08:51:16.365 20730 20730 D ViewRootImpl: updatePointerIcon pointerType = 20001, calling pid = 20730
08-20 08:51:16.366 20730 20730 D InputManager: setPointerIconType iconId = 20001, callingPid = 20730
08-20 08:51:16.433 20730 20730 D ViewRootImpl@fa28a6b[DeliverActivity]: ViewPostImeInputStage processPointer 1
08-20 08:51:16.442 20730 20730 D ViewRootImpl: updatePointerIcon pointerType = 20001, calling pid = 20730
08-20 08:51:16.442 20730 20730 D InputManager: setPointerIconType iconId = 20001, callingPid = 20730
08-20 08:51:16.443 20730 20730 D ViewRootImpl: updatePointerIcon pointerType = 20001, calling pid = 20730
08-20 08:51:16.444 20730 20730 D InputManager: setPointerIconType iconId = 20001, callingPid = 20730
08-20 08:51:16.682 20730 20730 D ViewRootImpl: updatePointerIcon pointerType = 20001, calling pid = 20730
08-20 08:51:16.683 20730 20730 D InputManager: setPointerIconType iconId = 20001, callingPid = 20730
08-20 08:51:17.249 20730 20730 D ViewRootImpl@fa28a6b[DeliverActivity]: ViewPostImeInputStage processPointer 0
08-20 08:51:17.250 20730 20730 D ViewRootImpl: updatePointerIcon pointerType = 20001, calling pid = 20730
08-20 08:51:17.251 20730 20730 D InputManager: setPointerIconType iconId = 20001, callingPid = 20730
08-20 08:51:17.315 20730 20730 D ViewRootImpl@fa28a6b[DeliverActivity]: ViewPostImeInputStage processPointer 1
08-20 08:51:17.321 20730 20730 D ViewRootImpl: updatePointerIcon pointerType = 20001, calling pid = 20730
08-20 08:51:17.321 20730 20730 D InputManager: setPointerIconType iconId = 20001, callingPid = 20730
08-20 08:51:17.322 20730 20730 D ViewRootImpl: updatePointerIcon pointerType = 20001, calling pid = 20730
08-20 08:51:17.322 20730 20730 D InputManager: setPointerIconType iconId = 20001, callingPid = 20730
08-20 08:51:17.362 20730 20730 D ScrollView: initGoToTop
08-20 08:51:17.368 20730 20730 D ScrollView: initGoToTop
08-20 08:51:17.377 20730 20730 D ViewRootImpl@709982b[DeliverActivity]: ThreadedRenderer.create() translucent=true
08-20 08:51:17.387 20730 20730 D InputTransport: Input channel constructed: fd=66
08-20 08:51:17.387 20730 20730 D ViewRootImpl@709982b[DeliverActivity]: setView = DecorView@7b51488[DeliverActivity] touchMode=true
08-20 08:51:17.397 20730 20730 D ViewRootImpl@709982b[DeliverActivity]: dispatchAttachedToWindow
08-20 08:51:17.443 20730 20730 D ViewRootImpl@709982b[DeliverActivity]: Relayout returned: oldFrame=[0,0][0,0] newFrame=[108,466][660,582] result=0x27 surface={isValid=true -1936701440} surfaceGenerationChanged=true
08-20 08:51:17.443 20730 20730 D ViewRootImpl@709982b[DeliverActivity]: mHardwareRenderer.initialize() mSurface={isValid=true -1936701440} hwInitialized=true
08-20 08:51:17.459 20730 20730 D ViewRootImpl@709982b[DeliverActivity]: MSG_WINDOW_FOCUS_CHANGED 1
08-20 08:51:17.459 20730 20730 D ViewRootImpl@709982b[DeliverActivity]: mHardwareRenderer.initializeIfNeeded()#2 mSurface={isValid=true -1936701440}
08-20 08:51:17.483 20730 20730 D ViewRootImpl@709982b[DeliverActivity]: MSG_RESIZED_REPORT: frame=Rect(108, 466 - 660, 582) ci=Rect(0, 0 - 0, 0) vi=Rect(0, 0 - 0, 0) or=1
08-20 08:51:17.511 20730 20730 D ViewRootImpl@fa28a6b[DeliverActivity]: MSG_WINDOW_FOCUS_CHANGED 0
08-20 08:51:17.690 20730 20740 I art : Background partial concurrent mark sweep GC freed 48278(2MB) AllocSpace objects, 31(4MB) LOS objects, 49% free, 12MB/24MB, paused 2.336ms total 107.040ms
08-20 08:51:18.638 20730 20740 I art : Background sticky concurrent mark sweep GC freed 384607(11MB) AllocSpace objects, 3(92KB) LOS objects, 43% free, 13MB/24MB, paused 930us total 100.353ms
08-20 08:51:19.362 20730 20740 I art : Background partial concurrent mark sweep GC freed 275127(8MB) AllocSpace objects, 15(1308KB) LOS objects, 43% free, 15MB/27MB, paused 1.208ms total 129.394ms
08-20 08:51:20.282 20730 20730 D ViewRootImpl@709982b[DeliverActivity]: mHardwareRenderer.destroy()#4
08-20 08:51:20.282 20730 20730 D ViewRootImpl@709982b[DeliverActivity]: dispatchDetachedFromWindow
08-20 08:51:20.299 20730 20730 D InputTransport: Input channel destroyed: fd=66
08-20 08:51:20.299 20730 20730 D SIGN_URI: file:///storage/emulated/0/130HT1180412713.pdf
08-20 08:51:20.346 20730 20730 D ViewRootImpl@fa28a6b[DeliverActivity]: MSG_WINDOW_FOCUS_CHANGED 1
08-20 08:51:20.346 20730 20730 D ViewRootImpl@fa28a6b[DeliverActivity]: mHardwareRenderer.initializeIfNeeded()#2 mSurface={isValid=true -1984434176}
08-20 08:51:20.359 20730 20730 E ViewRootImpl: sendUserActionEvent() returned.
08-20 08:51:20.359 20730 20730 D ViewRootImpl@fa28a6b[DeliverActivity]: MSG_WINDOW_FOCUS_CHANGED 0
08-20 08:51:21.961 20730 20730 D ViewRootImpl@fa28a6b[DeliverActivity]: mHardwareRenderer.destroy()#1
08-20 08:51:21.974 20730 20730 D ViewRootImpl@fa28a6b[DeliverActivity]: Relayout returned: oldFrame=[0,0][768,1024] newFrame=[0,0][768,1024] result=0x5 surface={isValid=false 0} surfaceGenerationChanged=true
08-20 08:51:21.978 20730 20730 D InputTransport: Input channel destroyed: fd=67
08-20 08:51:22.001 20730 20730 W IInputConnectionWrapper: finishComposingText on inactive InputConnection
08-20 08:51:22.001 20730 20730 W IInputConnectionWrapper: reportFullscreenMode on inexistent InputConnection
08-20 08:51:22.001 20730 20730 W IInputConnectionWrapper: finishComposingText on inactive InputConnection
08-20 08:51:33.894 20730 20730 D Graph : removeVertex() : insertDummyVertex, because there is no ancestor.
08-20 08:51:33.934 20730 20730 D ViewRootImpl@f914c95[PdfArchiveActivity]: ThreadedRenderer.create() translucent=true
08-20 08:51:33.937 20730 20730 D InputTransport: Input channel constructed: fd=62
08-20 08:51:33.937 20730 20730 D ViewRootImpl@f914c95[PdfArchiveActivity]: setView = DecorView@67131aa[PdfArchiveActivity] touchMode=true
08-20 08:51:33.952 20730 20730 D ViewRootImpl@f914c95[PdfArchiveActivity]: dispatchAttachedToWindow
08-20 08:51:33.978 20730 20730 D ViewRootImpl@f914c95[PdfArchiveActivity]: Relayout returned: oldFrame=[0,0][0,0] newFrame=[241,456][527,568] result=0x27 surface={isValid=true -1975695360} surfaceGenerationChanged=true
08-20 08:51:33.979 20730 20730 D ViewRootImpl@f914c95[PdfArchiveActivity]: mHardwareRenderer.initialize() mSurface={isValid=true -1975695360} hwInitialized=true
08-20 08:51:33.982 20730 20730 D ViewRootImpl@f914c95[PdfArchiveActivity]: MSG_RESIZED_REPORT: frame=Rect(241, 456 - 527, 568) ci=Rect(0, 0 - 0, 0) vi=Rect(0, 0 - 0, 0) or=1
08-20 08:51:33.983 20730 20730 D ViewRootImpl@f914c95[PdfArchiveActivity]: MSG_WINDOW_FOCUS_CHANGED 1
08-20 08:51:33.983 20730 20730 D ViewRootImpl@f914c95[PdfArchiveActivity]: mHardwareRenderer.initializeIfNeeded()#2 mSurface={isValid=true -1975695360}
08-20 08:51:33.983 20730 20730 V InputMethodManager: Starting input: tba=android.view.inputmethod.EditorInfo@ed0219b nm : cz.gienger.mobile ic=null
08-20 08:51:33.983 20730 20730 I InputMethodManager: startInputInner - mService.startInputOrWindowGainedFocus
08-20 08:51:33.986 20730 20730 D InputTransport: Input channel constructed: fd=66
08-20 08:51:35.052 20730 20730 D ViewRootImpl@f914c95[PdfArchiveActivity]: mHardwareRenderer.destroy()#1
08-20 08:51:35.067 20730 20730 D ViewRootImpl@f914c95[PdfArchiveActivity]: Relayout returned: oldFrame=[241,456][527,568] newFrame=[241,456][527,568] result=0x5 surface={isValid=false 0} surfaceGenerationChanged=true
08-20 08:51:35.067 20730 20730 D ViewRootImpl@f914c95[PdfArchiveActivity]: MSG_WINDOW_FOCUS_CHANGED 0
08-20 08:51:35.073 20730 20730 D ViewRootImpl@fa28a6b[DeliverActivity]: mHardwareRenderer.destroy()#1
08-20 08:51:35.082 20730 20730 D ViewRootImpl@fa28a6b[DeliverActivity]: Relayout returned: oldFrame=[0,0][768,1024] newFrame=[0,0][768,1024] result=0x1 surface={isValid=false 0} surfaceGenerationChanged=false
08-20 08:51:35.134 20730 20730 D SIGNOSIGN_SIGNED: signed
08-20 08:51:35.142 20730 20730 D InputTransport: Input channel destroyed: fd=66
08-20 08:51:35.171 20730 22099 D MESSAGE_SERVICE: ACTION_COMPRESS_AND_UPLOAD
08-20 08:51:35.348 20730 20730 D ViewRootImpl@de54ef[MainActivity]: Relayout returned: oldFrame=[0,0][768,1024] newFrame=[0,0][768,1024] result=0x7 surface={isValid=true -1949388800} surfaceGenerationChanged=true
08-20 08:51:35.348 20730 20730 D ViewRootImpl@de54ef[MainActivity]: mHardwareRenderer.initialize() mSurface={isValid=true -1949388800} hwInitialized=true
08-20 08:51:35.401 20730 20730 D AbsListView: in onLayout changed
08-20 08:51:35.421 20730 20730 D ViewRootImpl@de54ef[MainActivity]: MSG_WINDOW_FOCUS_CHANGED 1
08-20 08:51:35.421 20730 20730 D ViewRootImpl@de54ef[MainActivity]: mHardwareRenderer.initializeIfNeeded()#2 mSurface={isValid=true -1949388800}
08-20 08:51:35.423 20730 20730 V InputMethodManager: Starting input: tba=android.view.inputmethod.EditorInfo@aa0b879 nm : cz.gienger.mobile ic=null
08-20 08:51:35.423 20730 20730 I InputMethodManager: startInputInner - mService.startInputOrWindowGainedFocus
08-20 08:51:35.443 20730 20730 D InputTransport: Input channel constructed: fd=68
08-20 08:51:35.492 20730 20730 D ViewRootImpl@fa28a6b[DeliverActivity]: mHardwareRenderer.destroy()#1
08-20 08:51:35.500 20730 20730 D ViewRootImpl@fa28a6b[DeliverActivity]: Relayout returned: oldFrame=[0,0][768,1024] newFrame=[0,0][768,1024] result=0x1 surface={isValid=false 0} surfaceGenerationChanged=false
08-20 08:51:35.928 20730 22099 D FILE_MANAGER: Serializing delivery /data/user/0/cz.gienger.mobile/files/finished/130HT1180412713/130HT1180412713.xml
08-20 08:51:35.928 20730 22099 D FILE_MANAGER: Null files:
08-20 08:51:36.336 20730 22099 D MYINTERCEPTOR: /GiengerService.svc/sendorder
08-20 08:51:36.337 20730 22099 D OkHttp : --> POST https://testsaig1.gienger.cz/GiengerService.svc/sendorder http/1.1
08-20 08:51:36.337 20730 22099 D OkHttp : Content-Type: text/raw
08-20 08:51:36.337 20730 22099 D OkHttp : Content-Length: 283405
08-20 08:51:36.337 20730 22099 D OkHttp : filename: 130HT1180412713.xml
08-20 08:51:36.338 20730 22099 D OkHttp : Checksum: f0f48c388a83710b3e843ef9219c6979
08-20 08:51:36.338 20730 22099 D OkHttp : token: 237868a1bd4b9aa248829f59f51a8daa
08-20 08:51:36.338 20730 22099 D OkHttp : --> END POST
08-20 08:51:36.339 20730 20735 I art : Do partial code cache collection, code=219KB, data=251KB
08-20 08:51:36.340 20730 20735 I art : After code cache collection, code=213KB, data=247KB
08-20 08:51:36.340 20730 20735 I art : Increasing code cache capacity to 1024KB
08-20 08:51:36.589 20730 22099 D OkHttp : <-- 200 https://testsaig1.gienger.cz/GiengerService.svc/sendorder (251ms)
08-20 08:51:36.590 20730 22099 D OkHttp : content-type: application/xml; charset=utf-8
08-20 08:51:36.590 20730 22099 D OkHttp : server: Microsoft-IIS/10.0
08-20 08:51:36.590 20730 22099 D OkHttp : x-powered-by: ASP.NET
08-20 08:51:36.590 20730 22099 D OkHttp : date: Mon, 20 Aug 2018 06:51:34 GMT
08-20 08:51:36.590 20730 22099 D OkHttp : content-length: 175
08-20 08:51:36.590 20730 22099 D OkHttp : <-- END HTTP
08-20 08:51:36.601 20730 22099 D sendOrder_SUCCESS: 200
08-20 08:51:36.811 20730 20730 D AbsListView: in onLayout changed
08-20 08:51:36.838 20730 20730 D TextView: SYANI: Clipboard API is calling: clearFilter()
08-20 08:51:36.839 20730 20730 D TextView: SYANI: Clipboard API is calling: unregisterClipboardEventListener()
08-20 08:51:36.839 20730 20730 D DirectPenInput: Finish : true
08-20 08:51:36.840 20730 20730 D TextView: SYANI: Clipboard API is calling: clearFilter()
08-20 08:51:36.840 20730 20730 D TextView: SYANI: Clipboard API is calling: unregisterClipboardEventListener()
08-20 08:51:36.841 20730 20730 D DirectPenInput: Finish : true
08-20 08:51:36.841 20730 20730 D TextView: SYANI: Clipboard API is calling: clearFilter()
08-20 08:51:36.841 20730 20730 D TextView: SYANI: Clipboard API is calling: unregisterClipboardEventListener()
08-20 08:51:36.842 20730 20730 D DirectPenInput: Finish : true
08-20 08:51:36.866 20730 20730 D ViewRootImpl@fa28a6b[DeliverActivity]: mHardwareRenderer.destroy()#4
08-20 08:51:36.866 20730 20730 D ViewRootImpl@fa28a6b[DeliverActivity]: dispatchDetachedFromWindow
08-20 08:51:36.879 20730 20730 D InputTransport: Input channel destroyed: fd=73
08-20 08:51:36.883 20730 20730 D ViewRootImpl@f914c95[PdfArchiveActivity]: mHardwareRenderer.destroy()#4
08-20 08:51:36.883 20730 20730 D ViewRootImpl@f914c95[PdfArchiveActivity]: dispatchDetachedFromWindow
08-20 08:51:36.896 20730 20730 D InputTransport: Input channel destroyed: fd=62
08-20 08:51:36.896 20730 20730 D LOCATION_SERVICE: onDestroy
08-20 08:51:37.556 20730 20730 D ViewRootImpl: updatePointerIcon pointerType = 20001, calling pid = 20730
08-20 08:51:37.557 20730 20730 D InputManager: setPointerIconType iconId = 20001, callingPid = 20730
08-20 08:51:37.559 20730 20730 D ViewRootImpl: updatePointerIcon pointerType = 20001, calling pid = 20730
08-20 08:51:37.560 20730 20730 D InputManager: setPointerIconType iconId = 20001, callingPid = 20730
08-20 08:51:38.151 20730 20730 D ViewRootImpl@de54ef[MainActivity]: ViewPostImeInputStage processPointer 0
08-20 08:51:38.152 20730 20730 D ViewRootImpl: updatePointerIcon pointerType = 20001, calling pid = 20730
08-20 08:51:38.152 20730 20730 D InputManager: setPointerIconType iconId = 20001, callingPid = 20730
08-20 08:51:38.232 20730 20730 D ViewRootImpl@de54ef[MainActivity]: ViewPostImeInputStage processPointer 1
08-20 08:51:38.244 20730 20730 D ViewRootImpl: updatePointerIcon pointerType = 20001, calling pid = 20730
08-20 08:51:38.244 20730 20730 D InputManager: setPointerIconType iconId = 20001, callingPid = 20730
08-20 08:51:38.245 20730 20730 D ViewRootImpl: updatePointerIcon pointerType = 20001, calling pid = 20730
08-20 08:51:38.246 20730 20730 D InputManager: setPointerIconType iconId = 20001, callingPid = 20730
08-20 08:51:38.254 20730 20730 D item_click: viewId = 2131820758, position = 1
08-20 08:51:38.318 20730 20730 D ViewRootImpl@de54ef[MainActivity]: MSG_WINDOW_FOCUS_CHANGED 0
08-20 08:51:38.379 20730 20730 D ScrollView: initGoToTop
08-20 08:51:38.448 20730 20730 D ViewRootImpl@d8d41e1[CancelDeliveryActivity]: ThreadedRenderer.create() translucent=false
08-20 08:51:38.451 20730 20730 D InputTransport: Input channel constructed: fd=66
08-20 08:51:38.452 20730 20730 D ViewRootImpl@d8d41e1[CancelDeliveryActivity]: setView = DecorView@43dcb06[CancelDeliveryActivity] touchMode=true
08-20 08:51:38.454 20730 20730 D LOCATION_SERVICE: LocationListener gps
08-20 08:51:38.455 20730 20730 D LOCATION_SERVICE: LocationListener network
08-20 08:51:38.456 20730 20730 D LOCATION_SERVICE: onCreate
08-20 08:51:38.456 20730 20730 D LOCATION_SERVICE: initializeLocationManager
08-20 08:51:38.464 20730 20730 D LOCATION_SERVICE: onStartCommand
08-20 08:51:38.480 20730 20730 D ViewRootImpl@d8d41e1[CancelDeliveryActivity]: dispatchAttachedToWindow
08-20 08:51:38.523 20730 20730 D ViewRootImpl@d8d41e1[CancelDeliveryActivity]: Relayout returned: oldFrame=[0,0][0,0] newFrame=[0,0][768,1024] result=0x27 surface={isValid=true -1981014016} surfaceGenerationChanged=true
08-20 08:51:38.523 20730 20730 D ViewRootImpl@d8d41e1[CancelDeliveryActivity]: mHardwareRenderer.initialize() mSurface={isValid=true -1981014016} hwInitialized=true
08-20 08:51:38.540 20730 20730 D ScrollView: onsize change changed
08-20 08:51:38.595 20730 20730 D ViewRootImpl@d8d41e1[CancelDeliveryActivity]: MSG_RESIZED_REPORT: frame=Rect(0, 0 - 768, 1024) ci=Rect(0, 24 - 0, 0) vi=Rect(0, 24 - 0, 0) or=1
08-20 08:51:38.595 20730 20730 D ViewRootImpl@d8d41e1[CancelDeliveryActivity]: MSG_WINDOW_FOCUS_CHANGED 1
08-20 08:51:38.595 20730 20730 D ViewRootImpl@d8d41e1[CancelDeliveryActivity]: mHardwareRenderer.initializeIfNeeded()#2 mSurface={isValid=true -1981014016}
08-20 08:51:38.603 20730 20730 V InputMethodManager: Starting input: tba=android.view.inputmethod.EditorInfo@5e390d5 nm : cz.gienger.mobile ic=null
08-20 08:51:38.603 20730 20730 I InputMethodManager: startInputInner - mService.startInputOrWindowGainedFocus
08-20 08:51:38.606 20730 20730 D InputTransport: Input channel constructed: fd=62
08-20 08:51:38.606 20730 20730 D InputTransport: Input channel destroyed: fd=68
08-20 08:51:38.649 20730 20746 D OpenGLRenderer: endAllActiveAnimators on 0x8becda80 (RippleDrawable) with handle 0x89d46df0
08-20 08:51:38.650 20730 20730 D ViewRootImpl@de54ef[MainActivity]: mHardwareRenderer.destroy()#1
08-20 08:51:38.657 20730 20730 D ViewRootImpl@de54ef[MainActivity]: Relayout returned: oldFrame=[0,0][768,1024] newFrame=[0,0][768,1024] result=0x5 surface={isValid=false 0} surfaceGenerationChanged=true
08-20 08:51:39.022 20730 20730 D LOCATION_SERVICE: onLocationChanged: Location[network 49,191082,17,534565 acc=21 et=+3d20h57m12s782ms alt=0.0 vel=0.0 bear=0.0 {Bundle[mParcelledData.dataSize=80]}]
08-20 08:51:39.071 20730 20730 D ViewRootImpl@de54ef[MainActivity]: Relayout returned: oldFrame=[0,0][768,1024] newFrame=[0,0][768,1024] result=0x5 surface={isValid=false 0} surfaceGenerationChanged=false
08-20 08:51:39.347 20730 20730 D ViewRootImpl: updatePointerIcon pointerType = 20001, calling pid = 20730
08-20 08:51:39.348 20730 20730 D InputManager: setPointerIconType iconId = 20001, callingPid = 20730
08-20 08:51:39.351 20730 20730 D ViewRootImpl: updatePointerIcon pointerType = 20001, calling pid = 20730
08-20 08:51:39.351 20730 20730 D InputManager: setPointerIconType iconId = 20001, callingPid = 20730
08-20 08:51:39.566 20730 20730 D ViewRootImpl@d8d41e1[CancelDeliveryActivity]: ViewPostImeInputStage processPointer 0
08-20 08:51:39.567 20730 20730 D ViewRootImpl: updatePointerIcon pointerType = 20001, calling pid = 20730
08-20 08:51:39.567 20730 20730 D InputManager: setPointerIconType iconId = 20001, callingPid = 20730
08-20 08:51:39.636 20730 20730 D ViewRootImpl@d8d41e1[CancelDeliveryActivity]: ViewPostImeInputStage processPointer 1
08-20 08:51:39.644 20730 20730 D ViewRootImpl: updatePointerIcon pointerType = 20001, calling pid = 20730
08-20 08:51:39.645 20730 20730 D InputManager: setPointerIconType iconId = 20001, callingPid = 20730
08-20 08:51:39.645 20730 20730 D ViewRootImpl: updatePointerIcon pointerType = 20001, calling pid = 20730
08-20 08:51:39.646 20730 20730 D InputManager: setPointerIconType iconId = 20001, callingPid = 20730
08-20 08:51:40.043 20730 20730 D ViewRootImpl: updatePointerIcon pointerType = 20001, calling pid = 20730
08-20 08:51:40.043 20730 20730 D InputManager: setPointerIconType iconId = 20001, callingPid = 20730
08-20 08:51:40.188 20730 20730 D ViewRootImpl@d8d41e1[CancelDeliveryActivity]: ViewPostImeInputStage processPointer 0
08-20 08:51:40.190 20730 20730 D ViewRootImpl: updatePointerIcon pointerType = 20001, calling pid = 20730
08-20 08:51:40.191 20730 20730 D InputManager: setPointerIconType iconId = 20001, callingPid = 20730
08-20 08:51:40.297 20730 20730 D ViewRootImpl@d8d41e1[CancelDeliveryActivity]: ViewPostImeInputStage processPointer 1
08-20 08:51:40.307 20730 20730 D ViewRootImpl: updatePointerIcon pointerType = 20001, calling pid = 20730
08-20 08:51:40.307 20730 20730 D InputManager: setPointerIconType iconId = 20001, callingPid = 20730
08-20 08:51:40.308 20730 20730 D ViewRootImpl: updatePointerIcon pointerType = 20001, calling pid = 20730
08-20 08:51:40.308 20730 20730 D InputManager: setPointerIconType iconId = 20001, callingPid = 20730
08-20 08:51:40.324 20730 20730 D UNDELIVERED: Reason ID = 2, Comment =
08-20 08:51:40.461 20730 20730 D ViewRootImpl@d8d41e1[CancelDeliveryActivity]: MSG_WINDOW_FOCUS_CHANGED 0
08-20 08:51:40.464 20730 22108 D MESSAGE_SERVICE: ACTION_COMPRESS_AND_UPLOAD
08-20 08:51:40.512 20730 20730 D ViewRootImpl@de54ef[MainActivity]: mHardwareRenderer.destroy()#4
08-20 08:51:40.512 20730 20730 D ViewRootImpl@de54ef[MainActivity]: dispatchDetachedFromWindow
08-20 08:51:40.522 20730 20730 D InputTransport: Input channel destroyed: fd=79
08-20 08:51:40.539 20730 20730 D Graph : removeVertex() : insertDummyVertex, because there is no ancestor.
08-20 08:51:40.759 20730 20730 D ViewRootImpl@5707744[MainActivity]: ThreadedRenderer.create() translucent=false
08-20 08:51:40.763 20730 20730 D InputTransport: Input channel constructed: fd=77
08-20 08:51:40.763 20730 20730 D ViewRootImpl@5707744[MainActivity]: setView = DecorView@7d1b02d[MainActivity] touchMode=true
08-20 08:51:40.766 20730 20730 D ViewRootImpl@5707744[MainActivity]: dispatchAttachedToWindow
08-20 08:51:40.832 20730 20730 D ViewRootImpl@5707744[MainActivity]: Relayout returned: oldFrame=[0,0][0,0] newFrame=[0,0][768,1024] result=0x27 surface={isValid=true -1970671616} surfaceGenerationChanged=true
08-20 08:51:40.833 20730 20730 D ViewRootImpl@5707744[MainActivity]: mHardwareRenderer.initialize() mSurface={isValid=true -1970671616} hwInitialized=true
08-20 08:51:40.895 20730 20730 D AbsListView: in onLayout changed
08-20 08:51:40.910 20730 20746 D OpenGLRenderer: endAllActiveAnimators on 0x8c936c80 (RippleDrawable) with handle 0x8a978940
08-20 08:51:40.910 20730 20730 D ViewRootImpl@d8d41e1[CancelDeliveryActivity]: mHardwareRenderer.destroy()#1
08-20 08:51:40.917 20730 20730 D ViewRootImpl@d8d41e1[CancelDeliveryActivity]: Relayout returned: oldFrame=[0,0][768,1024] newFrame=[0,0][768,1024] result=0x5 surface={isValid=false 0} surfaceGenerationChanged=true
08-20 08:51:40.980 20730 20730 D ViewRootImpl@5707744[MainActivity]: MSG_RESIZED_REPORT: frame=Rect(0, 0 - 768, 1024) ci=Rect(0, 24 - 0, 0) vi=Rect(0, 24 - 0, 0) or=1
08-20 08:51:40.980 20730 20730 D ViewRootImpl@5707744[MainActivity]: MSG_WINDOW_FOCUS_CHANGED 1
08-20 08:51:40.980 20730 20730 D ViewRootImpl@5707744[MainActivity]: mHardwareRenderer.initializeIfNeeded()#2 mSurface={isValid=true -1970671616}
08-20 08:51:40.981 20730 20730 V InputMethodManager: Starting input: tba=android.view.inputmethod.EditorInfo@351e8b8 nm : cz.gienger.mobile ic=null
08-20 08:51:40.981 20730 20730 I InputMethodManager: startInputInner - mService.startInputOrWindowGainedFocus
08-20 08:51:40.991 20730 20730 D InputTransport: Input channel constructed: fd=68
08-20 08:51:40.991 20730 20730 D InputTransport: Input channel destroyed: fd=62
08-20 08:51:41.193 20730 22108 D FILE_MANAGER: Serializing delivery /data/user/0/cz.gienger.mobile/files/finished/130HT1180412665/130HT1180412665.xml
08-20 08:51:41.193 20730 22108 D FILE_MANAGER: Null files:
08-20 08:51:41.349 20730 22108 D MYINTERCEPTOR: /GiengerService.svc/sendorder
08-20 08:51:41.350 20730 22108 D OkHttp : --> POST https://testsaig1.gienger.cz/GiengerService.svc/sendorder http/1.1
08-20 08:51:41.350 20730 22108 D OkHttp : Content-Type: text/raw
08-20 08:51:41.350 20730 22108 D OkHttp : Content-Length: 3963
08-20 08:51:41.350 20730 22108 D OkHttp : filename: 130HT1180412665.xml
08-20 08:51:41.350 20730 22108 D OkHttp : Checksum: ad365a0428547ef536ec673aa7b735dc
08-20 08:51:41.350 20730 22108 D OkHttp : token: 237868a1bd4b9aa248829f59f51a8daa
08-20 08:51:41.350 20730 22108 D OkHttp : --> END POST
08-20 08:51:41.459 20730 22108 D OkHttp : <-- 200 https://testsaig1.gienger.cz/GiengerService.svc/sendorder (108ms)
08-20 08:51:41.459 20730 22108 D OkHttp : content-type: application/xml; charset=utf-8
08-20 08:51:41.459 20730 22108 D OkHttp : server: Microsoft-IIS/10.0
08-20 08:51:41.459 20730 22108 D OkHttp : x-powered-by: ASP.NET
08-20 08:51:41.459 20730 22108 D OkHttp : date: Mon, 20 Aug 2018 06:51:39 GMT
08-20 08:51:41.459 20730 22108 D OkHttp : content-length: 175
08-20 08:51:41.459 20730 22108 D OkHttp : <-- END HTTP
08-20 08:51:41.465 20730 22108 D sendOrder_SUCCESS: 200
08-20 08:51:41.493 20730 22108 D MESSAGE_SERVICE: ACTION_RESEND_ORDERS
08-20 08:51:41.687 20730 20730 D AbsListView: in onLayout changed
08-20 08:51:41.913 20730 20730 D AbsListView: in onLayout changed
08-20 08:51:41.970 20730 20730 D TextView: SYANI: Clipboard API is calling: clearFilter()
08-20 08:51:41.970 20730 20730 D TextView: SYANI: Clipboard API is calling: unregisterClipboardEventListener()
08-20 08:51:41.978 20730 20730 D ViewRootImpl@d8d41e1[CancelDeliveryActivity]: mHardwareRenderer.destroy()#4
08-20 08:51:41.978 20730 20730 D ViewRootImpl@d8d41e1[CancelDeliveryActivity]: dispatchDetachedFromWindow
08-20 08:51:41.985 20730 20730 D InputTransport: Input channel destroyed: fd=66
08-20 08:51:41.985 20730 20730 D LOCATION_SERVICE: onDestroy
08-20 08:51:42.217 20730 20730 D ViewRootImpl: updatePointerIcon pointerType = 20001, calling pid = 20730
08-20 08:51:42.218 20730 20730 D InputManager: setPointerIconType iconId = 20001, callingPid = 20730
08-20 08:51:42.220 20730 20730 D ViewRootImpl: updatePointerIcon pointerType = 20001, calling pid = 20730
08-20 08:51:42.221 20730 20730 D InputManager: setPointerIconType iconId = 20001, callingPid = 20730
08-20 08:51:42.403 20730 20730 D ViewRootImpl@5707744[MainActivity]: ViewPostImeInputStage processPointer 0
08-20 08:51:42.406 20730 20730 D ViewRootImpl: updatePointerIcon pointerType = 20001, calling pid = 20730
08-20 08:51:42.407 20730 20730 D InputManager: setPointerIconType iconId = 20001, callingPid = 20730
08-20 08:51:42.440 20730 20730 D AbsListView: reportScrollStateChange() newState : 1
08-20 08:51:42.915 20730 20730 D ViewRootImpl@5707744[MainActivity]: ViewPostImeInputStage processPointer 1
08-20 08:51:42.916 20730 20730 D AbsListView: onTouchUp() mTouchMode : 3
08-20 08:51:42.916 20730 20730 D AbsListView: onTouchUp() TOUCH_MODE_SCROLL initialVelocity : 50
08-20 08:51:42.916 20730 20730 D AbsListView: reportScrollStateChange() newState : 0
08-20 08:51:42.919 20730 20730 D ViewRootImpl: updatePointerIcon pointerType = 20001, calling pid = 20730
08-20 08:51:42.920 20730 20730 D InputManager: setPointerIconType iconId = 20001, callingPid = 20730
08-20 08:51:42.922 20730 20730 D ViewRootImpl: updatePointerIcon pointerType = 20001, calling pid = 20730
08-20 08:51:42.923 20730 20730 D InputManager: setPointerIconType iconId = 20001, callingPid = 20730
08-20 08:51:43.594 20730 20730 D ViewRootImpl@5707744[MainActivity]: ViewPostImeInputStage processPointer 0
08-20 08:51:43.595 20730 20730 D ViewRootImpl: updatePointerIcon pointerType = 20001, calling pid = 20730
08-20 08:51:43.595 20730 20730 D InputManager: setPointerIconType iconId = 20001, callingPid = 20730
08-20 08:51:43.625 20730 20730 D AbsListView: reportScrollStateChange() newState : 1
08-20 08:51:44.104 20730 20730 D ViewRootImpl@5707744[MainActivity]: ViewPostImeInputStage processPointer 1
08-20 08:51:44.104 20730 20730 D AbsListView: onTouchUp() mTouchMode : 3
08-20 08:51:44.104 20730 20730 D AbsListView: onTouchUp() TOUCH_MODE_SCROLL initialVelocity : -1163
08-20 08:51:44.104 20730 20730 D AbsListView: reportScrollStateChange() newState : 2
08-20 08:51:44.112 20730 20730 D ViewRootImpl: updatePointerIcon pointerType = 20001, calling pid = 20730
08-20 08:51:44.112 20730 20730 D InputManager: setPointerIconType iconId = 20001, callingPid = 20730
08-20 08:51:44.113 20730 20730 D ViewRootImpl: updatePointerIcon pointerType = 20001, calling pid = 20730
08-20 08:51:44.114 20730 20730 D InputManager: setPointerIconType iconId = 20001, callingPid = 20730
08-20 08:51:44.744 20730 20730 D AbsListView: reportScrollStateChange() newState : 0
08-20 08:51:44.767 20730 20730 D ViewRootImpl: updatePointerIcon pointerType = 20001, calling pid = 20730
08-20 08:51:44.768 20730 20730 D InputManager: setPointerIconType iconId = 20001, callingPid = 20730
08-20 08:51:44.969 20730 20730 D ViewRootImpl@5707744[MainActivity]: ViewPostImeInputStage processPointer 0
08-20 08:51:44.970 20730 20730 D ViewRootImpl: updatePointerIcon pointerType = 20001, calling pid = 20730
08-20 08:51:44.971 20730 20730 D InputManager: setPointerIconType iconId = 20001, callingPid = 20730
08-20 08:51:44.995 20730 20730 D AbsListView: reportScrollStateChange() newState : 1
08-20 08:51:45.244 20730 20730 D ViewRootImpl@5707744[MainActivity]: ViewPostImeInputStage processPointer 1
08-20 08:51:45.244 20730 20730 D AbsListView: onTouchUp() mTouchMode : 3
08-20 08:51:45.244 20730 20730 D AbsListView: onTouchUp() TOUCH_MODE_SCROLL initialVelocity : -70
08-20 08:51:45.244 20730 20730 D AbsListView: reportScrollStateChange() newState : 2
08-20 08:51:45.252 20730 20730 D ViewRootImpl: updatePointerIcon pointerType = 20001, calling pid = 20730
08-20 08:51:45.253 20730 20730 D InputManager: setPointerIconType iconId = 20001, callingPid = 20730
08-20 08:51:45.254 20730 20730 D ViewRootImpl: updatePointerIcon pointerType = 20001, calling pid = 20730
08-20 08:51:45.255 20730 20730 D InputManager: setPointerIconType iconId = 20001, callingPid = 20730
08-20 08:51:45.348 20730 20730 D AbsListView: reportScrollStateChange() newState : 0
08-20 08:51:48.412 20730 20730 D ViewRootImpl: updatePointerIcon pointerType = 20001, calling pid = 20730
08-20 08:51:48.412 20730 20730 D InputManager: setPointerIconType iconId = 20001, callingPid = 20730
08-20 08:51:48.946 20730 20730 D ViewRootImpl@5707744[MainActivity]: ViewPostImeInputStage processPointer 0
08-20 08:51:48.947 20730 20730 D ViewRootImpl: updatePointerIcon pointerType = 20001, calling pid = 20730
08-20 08:51:48.948 20730 20730 D InputManager: setPointerIconType iconId = 20001, callingPid = 20730
08-20 08:51:49.005 20730 20730 D ViewRootImpl@5707744[MainActivity]: ViewPostImeInputStage processPointer 1
08-20 08:51:49.013 20730 20730 D ViewRootImpl: updatePointerIcon pointerType = 20001, calling pid = 20730
08-20 08:51:49.013 20730 20730 D InputManager: setPointerIconType iconId = 20001, callingPid = 20730
08-20 08:51:49.014 20730 20730 D ViewRootImpl: updatePointerIcon pointerType = 20001, calling pid = 20730
08-20 08:51:49.014 20730 20730 D InputManager: setPointerIconType iconId = 20001, callingPid = 20730
08-20 08:51:49.035 20730 20730 D item_click: viewId = 2131820760, position = 2
08-20 08:51:49.092 20730 20730 D ViewRootImpl@5707744[MainActivity]: MSG_WINDOW_FOCUS_CHANGED 0
08-20 08:51:49.188 20730 20730 D ViewRootImpl@4915da3[CategoryListActivity]: ThreadedRenderer.create() translucent=false
08-20 08:51:49.192 20730 20730 D InputTransport: Input channel constructed: fd=67
08-20 08:51:49.192 20730 20730 D ViewRootImpl@4915da3[CategoryListActivity]: setView = DecorView@b7eb8a0[CategoryListActivity] touchMode=true
08-20 08:51:49.193 20730 20730 D LOCATION_SERVICE: LocationListener gps
08-20 08:51:49.194 20730 20730 D LOCATION_SERVICE: LocationListener network
08-20 08:51:49.195 20730 20730 D LOCATION_SERVICE: onCreate
08-20 08:51:49.196 20730 20730 D LOCATION_SERVICE: initializeLocationManager
08-20 08:51:49.209 20730 20730 D LOCATION_SERVICE: onStartCommand
08-20 08:51:49.212 20730 20730 D ViewRootImpl@4915da3[CategoryListActivity]: dispatchAttachedToWindow
08-20 08:51:49.244 20730 20730 D ViewRootImpl@4915da3[CategoryListActivity]: Relayout returned: oldFrame=[0,0][0,0] newFrame=[0,0][768,1024] result=0x27 surface={isValid=true -1970669568} surfaceGenerationChanged=true
08-20 08:51:49.244 20730 20730 D ViewRootImpl@4915da3[CategoryListActivity]: mHardwareRenderer.initialize() mSurface={isValid=true -1970669568} hwInitialized=true
08-20 08:51:49.378 20730 20730 D ViewRootImpl@4915da3[CategoryListActivity]: MSG_RESIZED_REPORT: frame=Rect(0, 0 - 768, 1024) ci=Rect(0, 24 - 0, 0) vi=Rect(0, 24 - 0, 0) or=1
08-20 08:51:49.378 20730 20730 D ViewRootImpl@4915da3[CategoryListActivity]: MSG_WINDOW_FOCUS_CHANGED 1
08-20 08:51:49.378 20730 20730 D ViewRootImpl@4915da3[CategoryListActivity]: mHardwareRenderer.initializeIfNeeded()#2 mSurface={isValid=true -1970669568}
08-20 08:51:49.379 20730 20730 V InputMethodManager: Starting input: tba=android.view.inputmethod.EditorInfo@a5e8654 nm : cz.gienger.mobile ic=null
08-20 08:51:49.379 20730 20730 I InputMethodManager: startInputInner - mService.startInputOrWindowGainedFocus
08-20 08:51:49.381 20730 20730 D InputTransport: Input channel constructed: fd=72
08-20 08:51:49.381 20730 20730 D InputTransport: Input channel destroyed: fd=68
08-20 08:51:49.443 20730 20746 D OpenGLRenderer: endAllActiveAnimators on 0x8d739100 (RippleDrawable) with handle 0x8b1b3170
08-20 08:51:49.443 20730 20730 D ViewRootImpl@5707744[MainActivity]: mHardwareRenderer.destroy()#1
08-20 08:51:49.450 20730 20730 D ViewRootImpl@5707744[MainActivity]: Relayout returned: oldFrame=[0,0][768,1024] newFrame=[0,0][768,1024] result=0x5 surface={isValid=false 0} surfaceGenerationChanged=true
08-20 08:51:49.863 20730 20730 D ViewRootImpl@5707744[MainActivity]: Relayout returned: oldFrame=[0,0][768,1024] newFrame=[0,0][768,1024] result=0x5 surface={isValid=false 0} surfaceGenerationChanged=false
08-20 08:51:50.327 20730 20730 D ViewRootImpl: updatePointerIcon pointerType = 20001, calling pid = 20730
08-20 08:51:50.328 20730 20730 D InputManager: setPointerIconType iconId = 20001, callingPid = 20730
08-20 08:51:50.329 20730 20730 D ViewRootImpl: updatePointerIcon pointerType = 20001, calling pid = 20730
08-20 08:51:50.329 20730 20730 D InputManager: setPointerIconType iconId = 20001, callingPid = 20730
08-20 08:51:51.619 20730 20730 D ViewRootImpl@4915da3[CategoryListActivity]: ViewPostImeInputStage processPointer 0
08-20 08:51:51.620 20730 20730 D ViewRootImpl: updatePointerIcon pointerType = 20001, calling pid = 20730
08-20 08:51:51.620 20730 20730 D InputManager: setPointerIconType iconId = 20001, callingPid = 20730
08-20 08:51:51.673 20730 20730 D ViewRootImpl@4915da3[CategoryListActivity]: ViewPostImeInputStage processPointer 1
08-20 08:51:51.674 20730 20730 D ViewRootImpl: updatePointerIcon pointerType = 20001, calling pid = 20730
08-20 08:51:51.675 20730 20730 D InputManager: setPointerIconType iconId = 20001, callingPid = 20730
08-20 08:51:51.676 20730 20730 D ViewRootImpl: updatePointerIcon pointerType = 20001, calling pid = 20730
08-20 08:51:51.677 20730 20730 D InputManager: setPointerIconType iconId = 20001, callingPid = 20730
08-20 08:51:51.715 20730 20730 D ViewRootImpl@4915da3[CategoryListActivity]: MSG_WINDOW_FOCUS_CHANGED 0
08-20 08:51:51.810 20730 20730 D ViewRootImpl@67a2d23[ArticleListActivity]: ThreadedRenderer.create() translucent=false
08-20 08:51:51.814 20730 20730 D InputTransport: Input channel constructed: fd=68
08-20 08:51:51.814 20730 20730 D ViewRootImpl@67a2d23[ArticleListActivity]: setView = DecorView@7d81220[ArticleListActivity] touchMode=true
08-20 08:51:51.829 20730 20730 D ViewRootImpl@67a2d23[ArticleListActivity]: dispatchAttachedToWindow
08-20 08:51:51.854 20730 20730 D ViewRootImpl@67a2d23[ArticleListActivity]: Relayout returned: oldFrame=[0,0][0,0] newFrame=[0,0][768,1024] result=0x27 surface={isValid=true -1982042112} surfaceGenerationChanged=true
08-20 08:51:51.855 20730 20730 D ViewRootImpl@67a2d23[ArticleListActivity]: mHardwareRenderer.initialize() mSurface={isValid=true -1982042112} hwInitialized=true
08-20 08:51:52.110 20730 20730 W View : requestLayout() improperly called by android.support.v7.widget.AppCompatTextView{2535599 V.ED..... ......ID 0,0-0,18 #7f11012a app:id/tv_fragment_poaz_article_list_header_catalog_price_product_count} during layout: running second layout pass
08-20 08:51:52.111 20730 20730 I ViewRootImpl@67a2d23[ArticleListActivity]: requestLayout is already in process
08-20 08:51:52.111 20730 20730 W View : requestLayout() improperly called by android.support.v7.widget.AppCompatTextView{ee6405e V.ED..... ......ID 12,0-12,18 #7f11012b app:id/tv_fragment_poaz_article_list_header_special_price_product_count} during layout: running second layout pass
