08-20 08:53:37.095 20730 20730 D ViewRootImpl@5f2ffa4[MainActivity]: mHardwareRenderer.initializeIfNeeded()#2 mSurface={isValid=true -1982416896}
08-20 08:53:37.097 20730 20730 V InputMethodManager: Starting input: tba=android.view.inputmethod.EditorInfo@d195d20 nm : cz.gienger.mobile ic=null
08-20 08:53:37.097 20730 20730 I InputMethodManager: startInputInner - mService.startInputOrWindowGainedFocus
08-20 08:53:37.113 20730 20730 D InputTransport: Input channel constructed: fd=68
08-20 08:53:37.113 20730 20730 D InputTransport: Input channel destroyed: fd=64
08-20 08:53:37.117 20730 20730 D ViewRootImpl@7904bc7[CategoryListActivity]: MSG_WINDOW_FOCUS_CHANGED 0
08-20 08:53:37.156 20730 20730 D ViewRootImpl@7904bc7[CategoryListActivity]: mHardwareRenderer.destroy()#1
08-20 08:53:37.167 20730 20730 D ViewRootImpl@7904bc7[CategoryListActivity]: Relayout returned: oldFrame=[0,0][768,1024] newFrame=[0,0][768,1024] result=0x5 surface={isValid=false 0} surfaceGenerationChanged=true
08-20 08:53:37.559 20730 20730 D ViewRootImpl@7904bc7[CategoryListActivity]: mHardwareRenderer.destroy()#4
08-20 08:53:37.559 20730 20730 D ViewRootImpl@7904bc7[CategoryListActivity]: dispatchDetachedFromWindow
08-20 08:53:37.567 20730 20730 D InputTransport: Input channel destroyed: fd=71
08-20 08:53:37.568 20730 20730 D LOCATION_SERVICE: onDestroy
08-20 08:53:38.126 20730 20730 D ViewRootImpl@5f2ffa4[MainActivity]: ViewPostImeInputStage processPointer 0
08-20 08:53:38.195 20730 20730 D AbsListView: reportScrollStateChange() newState : 1
08-20 08:53:38.481 20730 20730 D ViewRootImpl@5f2ffa4[MainActivity]: ViewPostImeInputStage processPointer 1
08-20 08:53:38.481 20730 20730 D AbsListView: onTouchUp() mTouchMode : 3
08-20 08:53:38.481 20730 20730 D AbsListView: onTouchUp() TOUCH_MODE_SCROLL initialVelocity : -3260
08-20 08:53:38.481 20730 20730 D AbsListView: reportScrollStateChange() newState : 2
08-20 08:53:38.914 20730 20730 D AbsListView: reportScrollStateChange() newState : 0
08-20 08:53:39.164 20730 20730 D ViewRootImpl@5f2ffa4[MainActivity]: ViewPostImeInputStage processPointer 0
08-20 08:53:39.232 20730 20730 D AbsListView: reportScrollStateChange() newState : 1
08-20 08:53:39.957 20730 20730 D ViewRootImpl@5f2ffa4[MainActivity]: ViewPostImeInputStage processPointer 1
08-20 08:53:39.957 20730 20730 D AbsListView: onTouchUp() mTouchMode : 3
08-20 08:53:39.957 20730 20730 D AbsListView: onTouchUp() TOUCH_MODE_SCROLL initialVelocity : 10
08-20 08:53:39.957 20730 20730 D AbsListView: reportScrollStateChange() newState : 0
08-20 08:53:40.509 20730 20730 D ViewRootImpl@5f2ffa4[MainActivity]: ViewPostImeInputStage processPointer 0
08-20 08:53:40.590 20730 20730 D ViewRootImpl@5f2ffa4[MainActivity]: ViewPostImeInputStage processPointer 1
08-20 08:53:40.619 20730 20730 D item_click: viewId = 2131820758, position = 4
08-20 08:53:40.659 20730 20730 D ViewRootImpl@5f2ffa4[MainActivity]: MSG_WINDOW_FOCUS_CHANGED 0
08-20 08:53:40.858 20730 20730 D ViewRootImpl@cbdc94b[BatchUploadActivity]: ThreadedRenderer.create() translucent=false
08-20 08:53:40.861 20730 20730 D InputTransport: Input channel constructed: fd=66
08-20 08:53:40.862 20730 20730 D ViewRootImpl@cbdc94b[BatchUploadActivity]: setView = DecorView@b25bf28[BatchUploadActivity] touchMode=true
08-20 08:53:40.863 20730 20730 D LOCATION_SERVICE: LocationListener gps
08-20 08:53:40.864 20730 20730 D LOCATION_SERVICE: LocationListener network
08-20 08:53:40.865 20730 20730 D LOCATION_SERVICE: onCreate
08-20 08:53:40.865 20730 20730 D LOCATION_SERVICE: initializeLocationManager
08-20 08:53:40.872 20730 20730 D LOCATION_SERVICE: onStartCommand
08-20 08:53:40.879 20730 20730 D ViewRootImpl@cbdc94b[BatchUploadActivity]: dispatchAttachedToWindow
08-20 08:53:40.912 20730 20730 D ViewRootImpl@cbdc94b[BatchUploadActivity]: Relayout returned: oldFrame=[0,0][0,0] newFrame=[0,0][768,1024] result=0x27 surface={isValid=true -1935054848} surfaceGenerationChanged=true
08-20 08:53:40.913 20730 20730 D ViewRootImpl@cbdc94b[BatchUploadActivity]: mHardwareRenderer.initialize() mSurface={isValid=true -1935054848} hwInitialized=true
08-20 08:53:40.961 20730 20730 D AbsListView: in onLayout changed
08-20 08:53:40.994 20730 20730 D ViewRootImpl@cbdc94b[BatchUploadActivity]: MSG_RESIZED_REPORT: frame=Rect(0, 0 - 768, 1024) ci=Rect(0, 24 - 0, 0) vi=Rect(0, 24 - 0, 0) or=1
08-20 08:53:40.995 20730 20730 D ViewRootImpl@cbdc94b[BatchUploadActivity]: MSG_WINDOW_FOCUS_CHANGED 1
08-20 08:53:40.995 20730 20730 D ViewRootImpl@cbdc94b[BatchUploadActivity]: mHardwareRenderer.initializeIfNeeded()#2 mSurface={isValid=true -1935054848}
08-20 08:53:40.998 20730 20730 V InputMethodManager: Starting input: tba=android.view.inputmethod.EditorInfo@d7dfdf0 nm : cz.gienger.mobile ic=null
08-20 08:53:40.998 20730 20730 I InputMethodManager: startInputInner - mService.startInputOrWindowGainedFocus
08-20 08:53:41.014 20730 20730 D InputTransport: Input channel constructed: fd=71
08-20 08:53:41.014 20730 20730 D InputTransport: Input channel destroyed: fd=68
08-20 08:53:41.067 20730 20746 D OpenGLRenderer: endAllActiveAnimators on 0x8cab7500 (RippleDrawable) with handle 0x8a866000
08-20 08:53:41.068 20730 20730 D ViewRootImpl@5f2ffa4[MainActivity]: mHardwareRenderer.destroy()#1
08-20 08:53:41.079 20730 20730 D ViewRootImpl@5f2ffa4[MainActivity]: Relayout returned: oldFrame=[0,0][768,1024] newFrame=[0,0][768,1024] result=0x5 surface={isValid=false 0} surfaceGenerationChanged=true
08-20 08:53:41.454 20730 20730 D ViewRootImpl@5f2ffa4[MainActivity]: Relayout returned: oldFrame=[0,0][768,1024] newFrame=[0,0][768,1024] result=0x5 surface={isValid=false 0} surfaceGenerationChanged=false
08-20 08:53:41.541 20730 20730 D LOCATION_SERVICE: onLocationChanged: Location[network 49,191093,17,534557 acc=21 et=+3d20h59m15s305ms alt=0.0 vel=0.0 bear=0.0 {Bundle[mParcelledData.dataSize=80]}]
08-20 08:53:42.314 20730 20730 D ViewRootImpl@cbdc94b[BatchUploadActivity]: ViewPostImeInputStage processPointer 0
08-20 08:53:42.373 20730 20730 D ViewRootImpl@cbdc94b[BatchUploadActivity]: ViewPostImeInputStage processPointer 1
08-20 08:53:42.374 20730 20730 D AbsListView: onTouchUp() mTouchMode : 0
08-20 08:53:43.912 20730 20730 D ViewRootImpl@cbdc94b[BatchUploadActivity]: ViewPostImeInputStage processPointer 0
08-20 08:53:44.003 20730 20730 D ViewRootImpl@cbdc94b[BatchUploadActivity]: ViewPostImeInputStage processPointer 1
08-20 08:53:44.044 20730 20730 D ScrollView: initGoToTop
08-20 08:53:44.055 20730 20730 D ViewRootImpl@76d09e3[BatchUploadActivity]: ThreadedRenderer.create() translucent=true
08-20 08:53:44.061 20730 20730 D InputTransport: Input channel constructed: fd=75
08-20 08:53:44.061 20730 20730 D ViewRootImpl@76d09e3[BatchUploadActivity]: setView = DecorView@b028fe0[BatchUploadActivity] touchMode=true
08-20 08:53:44.064 20730 20730 D ViewRootImpl@76d09e3[BatchUploadActivity]: dispatchAttachedToWindow
08-20 08:53:44.100 20730 20730 D ViewRootImpl@76d09e3[BatchUploadActivity]: Relayout returned: oldFrame=[0,0][0,0] newFrame=[94,423][674,624] result=0x27 surface={isValid=true -1976274944} surfaceGenerationChanged=true
08-20 08:53:44.101 20730 20730 D ViewRootImpl@76d09e3[BatchUploadActivity]: mHardwareRenderer.initialize() mSurface={isValid=true -1976274944} hwInitialized=true
08-20 08:53:44.106 20730 20730 D ScrollView: onsize change changed
08-20 08:53:44.107 20730 20730 D ViewRootImpl@76d09e3[BatchUploadActivity]: MSG_WINDOW_FOCUS_CHANGED 1
08-20 08:53:44.107 20730 20730 D ViewRootImpl@76d09e3[BatchUploadActivity]: mHardwareRenderer.initializeIfNeeded()#2 mSurface={isValid=true -1976274944}
08-20 08:53:44.126 20730 20730 D ViewRootImpl@76d09e3[BatchUploadActivity]: MSG_RESIZED_REPORT: frame=Rect(94, 423 - 674, 624) ci=Rect(0, 0 - 0, 0) vi=Rect(0, 0 - 0, 0) or=1
08-20 08:53:44.154 20730 20730 D ViewRootImpl@cbdc94b[BatchUploadActivity]: MSG_WINDOW_FOCUS_CHANGED 0
08-20 08:53:45.079 20730 20730 D ViewRootImpl@76d09e3[BatchUploadActivity]: ViewPostImeInputStage processPointer 0
08-20 08:53:45.145 20730 20730 D ViewRootImpl@76d09e3[BatchUploadActivity]: ViewPostImeInputStage processPointer 1
08-20 08:53:45.207 20730 20730 D ViewRootImpl@76d09e3[BatchUploadActivity]: mHardwareRenderer.destroy()#4
08-20 08:53:45.208 20730 20730 D ViewRootImpl@76d09e3[BatchUploadActivity]: dispatchDetachedFromWindow
08-20 08:53:45.220 20730 20730 D InputTransport: Input channel destroyed: fd=75
08-20 08:53:45.254 20730 20730 E ViewRootImpl: sendUserActionEvent() returned.
08-20 08:53:45.255 20730 22294 D MESSAGE_SERVICE: ACTION_BATCH_UPLOAD
08-20 08:53:45.406 20730 20730 D ViewRootImpl@5f2ffa4[MainActivity]: Relayout returned: oldFrame=[0,0][768,1024] newFrame=[0,0][768,1024] result=0x7 surface={isValid=true -1976272896} surfaceGenerationChanged=true
08-20 08:53:45.407 20730 20730 D ViewRootImpl@5f2ffa4[MainActivity]: mHardwareRenderer.initialize() mSurface={isValid=true -1976272896} hwInitialized=true
08-20 08:53:45.479 20730 20730 D AbsListView: in onLayout changed
08-20 08:53:45.504 20730 20730 D ViewRootImpl@5f2ffa4[MainActivity]: MSG_WINDOW_FOCUS_CHANGED 1
08-20 08:53:45.504 20730 20730 D ViewRootImpl@5f2ffa4[MainActivity]: mHardwareRenderer.initializeIfNeeded()#2 mSurface={isValid=true -1976272896}
08-20 08:53:45.506 20730 20730 V InputMethodManager: Starting input: tba=android.view.inputmethod.EditorInfo@4e2a5cd nm : cz.gienger.mobile ic=null
08-20 08:53:45.506 20730 20730 I InputMethodManager: startInputInner - mService.startInputOrWindowGainedFocus
08-20 08:53:45.519 20730 20730 D InputTransport: Input channel constructed: fd=80
08-20 08:53:45.519 20730 20730 D InputTransport: Input channel destroyed: fd=71
08-20 08:53:45.560 20730 20730 D ViewRootImpl@cbdc94b[BatchUploadActivity]: mHardwareRenderer.destroy()#1
08-20 08:53:45.570 20730 20730 D ViewRootImpl@cbdc94b[BatchUploadActivity]: Relayout returned: oldFrame=[0,0][768,1024] newFrame=[0,0][768,1024] result=0x5 surface={isValid=false 0} surfaceGenerationChanged=true
08-20 08:53:45.939 20730 20730 D TextView: SYANI: Clipboard API is calling: clearFilter()
08-20 08:53:45.939 20730 20730 D TextView: SYANI: Clipboard API is calling: unregisterClipboardEventListener()
08-20 08:53:45.952 20730 20730 D ViewRootImpl@cbdc94b[BatchUploadActivity]: mHardwareRenderer.destroy()#4
08-20 08:53:45.953 20730 20730 D ViewRootImpl@cbdc94b[BatchUploadActivity]: dispatchDetachedFromWindow
08-20 08:53:45.961 20730 20730 D InputTransport: Input channel destroyed: fd=66
08-20 08:53:45.961 20730 20730 D LOCATION_SERVICE: onDestroy
08-20 08:53:45.976 20730 22294 D FILE_MANAGER: Serializing delivery /data/user/0/cz.gienger.mobile/files/finished/130HT1180204857/130HT1180204857.xml
08-20 08:53:45.977 20730 22294 D FILE_MANAGER: Null files:
08-20 08:53:46.135 20730 22294 D MYINTERCEPTOR: /GiengerService.svc/sendorder
08-20 08:53:46.136 20730 22294 D OkHttp : --> POST https://testsaig1.gienger.cz/GiengerService.svc/sendorder http/1.1
08-20 08:53:46.136 20730 22294 D OkHttp : Content-Type: text/raw
08-20 08:53:46.137 20730 22294 D OkHttp : Content-Length: 3091
08-20 08:53:46.137 20730 22294 D OkHttp : filename: 130HT1180204857.xml
08-20 08:53:46.137 20730 22294 D OkHttp : Checksum: f004e01cd9dc6354fd116b7db8811dbc
08-20 08:53:46.137 20730 22294 D OkHttp : token: 237868a1bd4b9aa248829f59f51a8daa
08-20 08:53:46.137 20730 22294 D OkHttp : --> END POST
08-20 08:53:46.282 20730 22294 D OkHttp : <-- 200 https://testsaig1.gienger.cz/GiengerService.svc/sendorder (145ms)
08-20 08:53:46.282 20730 22294 D OkHttp : content-type: application/xml; charset=utf-8
08-20 08:53:46.283 20730 22294 D OkHttp : server: Microsoft-IIS/10.0
08-20 08:53:46.283 20730 22294 D OkHttp : x-powered-by: ASP.NET
08-20 08:53:46.283 20730 22294 D OkHttp : date: Mon, 20 Aug 2018 06:53:44 GMT
08-20 08:53:46.283 20730 22294 D OkHttp : content-length: 175
08-20 08:53:46.283 20730 22294 D OkHttp : <-- END HTTP
08-20 08:53:46.290 20730 22294 D sendOrder_SUCCESS: 200
08-20 08:53:46.519 20730 20730 D AbsListView: in onLayout changed
08-20 08:53:46.768 20730 20730 D ViewRootImpl@5f2ffa4[MainActivity]: ViewPostImeInputStage processPointer 0
08-20 08:53:46.865 20730 20730 D AbsListView: reportScrollStateChange() newState : 1
08-20 08:53:47.076 20730 20730 D ViewRootImpl@5f2ffa4[MainActivity]: ViewPostImeInputStage processPointer 1
08-20 08:53:47.076 20730 20730 D AbsListView: onTouchUp() mTouchMode : 3
08-20 08:53:47.077 20730 20730 D AbsListView: onTouchUp() TOUCH_MODE_SCROLL initialVelocity : -1928
08-20 08:53:47.077 20730 20730 D AbsListView: reportScrollStateChange() newState : 2
08-20 08:53:48.001 20730 20730 D AbsListView: reportScrollStateChange() newState : 0
08-20 08:53:48.392 20730 20730 D ViewRootImpl@5f2ffa4[MainActivity]: ViewPostImeInputStage processPointer 0
08-20 08:53:48.419 20730 20730 D AbsListView: reportScrollStateChange() newState : 1
08-20 08:53:48.755 20730 20730 D ViewRootImpl@5f2ffa4[MainActivity]: ViewPostImeInputStage processPointer 1
08-20 08:53:48.756 20730 20730 D AbsListView: onTouchUp() mTouchMode : 3
08-20 08:53:48.756 20730 20730 D AbsListView: onTouchUp() TOUCH_MODE_SCROLL initialVelocity : -142
08-20 08:53:48.756 20730 20730 D AbsListView: reportScrollStateChange() newState : 2
08-20 08:53:48.903 20730 20730 D AbsListView: reportScrollStateChange() newState : 0
08-20 08:53:49.126 20730 20730 D ViewRootImpl@5f2ffa4[MainActivity]: ViewPostImeInputStage processPointer 0
08-20 08:53:49.164 20730 20730 D ViewRootImpl@5f2ffa4[MainActivity]: ViewPostImeInputStage processPointer 1
08-20 08:53:49.176 20730 20730 D item_click: viewId = 2131820758, position = 5
08-20 08:53:49.223 20730 20730 D ViewRootImpl@5f2ffa4[MainActivity]: MSG_WINDOW_FOCUS_CHANGED 0
08-20 08:53:49.275 20730 20730 D ScrollView: initGoToTop
08-20 08:53:49.331 20730 20730 D ViewRootImpl@235290f[CancelDeliveryActivity]: ThreadedRenderer.create() translucent=false
08-20 08:53:49.335 20730 20730 D InputTransport: Input channel constructed: fd=71
08-20 08:53:49.335 20730 20730 D ViewRootImpl@235290f[CancelDeliveryActivity]: setView = DecorView@3bf3d9c[CancelDeliveryActivity] touchMode=true
08-20 08:53:49.337 20730 20730 D LOCATION_SERVICE: LocationListener gps
08-20 08:53:49.337 20730 20730 D LOCATION_SERVICE: LocationListener network
08-20 08:53:49.338 20730 20730 D LOCATION_SERVICE: onCreate
08-20 08:53:49.338 20730 20730 D LOCATION_SERVICE: initializeLocationManager
08-20 08:53:49.347 20730 20730 D LOCATION_SERVICE: onStartCommand
08-20 08:53:49.366 20730 20730 D ViewRootImpl@235290f[CancelDeliveryActivity]: dispatchAttachedToWindow
08-20 08:53:49.400 20730 20730 D ViewRootImpl@235290f[CancelDeliveryActivity]: Relayout returned: oldFrame=[0,0][0,0] newFrame=[0,0][768,1024] result=0x27 surface={isValid=true -1969561600} surfaceGenerationChanged=true
08-20 08:53:49.400 20730 20730 D ViewRootImpl@235290f[CancelDeliveryActivity]: mHardwareRenderer.initialize() mSurface={isValid=true -1969561600} hwInitialized=true
08-20 08:53:49.405 20730 20730 D ScrollView: onsize change changed
08-20 08:53:49.449 20730 20730 D ViewRootImpl@235290f[CancelDeliveryActivity]: MSG_RESIZED_REPORT: frame=Rect(0, 0 - 768, 1024) ci=Rect(0, 24 - 0, 0) vi=Rect(0, 24 - 0, 0) or=1
08-20 08:53:49.449 20730 20730 D ViewRootImpl@235290f[CancelDeliveryActivity]: MSG_WINDOW_FOCUS_CHANGED 1
08-20 08:53:49.449 20730 20730 D ViewRootImpl@235290f[CancelDeliveryActivity]: mHardwareRenderer.initializeIfNeeded()#2 mSurface={isValid=true -1969561600}
08-20 08:53:49.454 20730 20730 V InputMethodManager: Starting input: tba=android.view.inputmethod.EditorInfo@2e8cfa0 nm : cz.gienger.mobile ic=null
08-20 08:53:49.454 20730 20730 I InputMethodManager: startInputInner - mService.startInputOrWindowGainedFocus
08-20 08:53:49.463 20730 20730 D InputTransport: Input channel constructed: fd=72
08-20 08:53:49.463 20730 20730 D InputTransport: Input channel destroyed: fd=80
08-20 08:53:49.504 20730 20746 D OpenGLRenderer: endAllActiveAnimators on 0x8b1bfd00 (RippleDrawable) with handle 0x8b1b3850
08-20 08:53:49.504 20730 20730 D ViewRootImpl@5f2ffa4[MainActivity]: mHardwareRenderer.destroy()#1
08-20 08:53:49.514 20730 20730 D ViewRootImpl@5f2ffa4[MainActivity]: Relayout returned: oldFrame=[0,0][768,1024] newFrame=[0,0][768,1024] result=0x5 surface={isValid=false 0} surfaceGenerationChanged=true
08-20 08:53:49.895 20730 20730 D ViewRootImpl@5f2ffa4[MainActivity]: Relayout returned: oldFrame=[0,0][768,1024] newFrame=[0,0][768,1024] result=0x5 surface={isValid=false 0} surfaceGenerationChanged=false
08-20 08:53:50.371 20730 20730 D ViewRootImpl@235290f[CancelDeliveryActivity]: ViewPostImeInputStage processPointer 0
08-20 08:53:50.443 20730 20730 D ViewRootImpl@235290f[CancelDeliveryActivity]: ViewPostImeInputStage processPointer 1
08-20 08:53:51.267 20730 20730 D ViewRootImpl@235290f[CancelDeliveryActivity]: ViewPostImeInputStage processPointer 0
08-20 08:53:51.361 20730 20730 D ViewRootImpl@235290f[CancelDeliveryActivity]: ViewPostImeInputStage processPointer 1
08-20 08:53:51.390 20730 20730 D UNDELIVERED: Reason ID = 10, Comment =
08-20 08:53:51.502 20730 22302 D MESSAGE_SERVICE: ACTION_COMPRESS_AND_UPLOAD
08-20 08:53:51.503 20730 20730 D ViewRootImpl@235290f[CancelDeliveryActivity]: MSG_WINDOW_FOCUS_CHANGED 0
08-20 08:53:51.538 20730 20730 D ViewRootImpl@5f2ffa4[MainActivity]: mHardwareRenderer.destroy()#4
08-20 08:53:51.538 20730 20730 D ViewRootImpl@5f2ffa4[MainActivity]: dispatchDetachedFromWindow
08-20 08:53:51.546 20730 20730 D InputTransport: Input channel destroyed: fd=73
08-20 08:53:51.699 20730 20730 D ViewRootImpl@ab6019f[MainActivity]: ThreadedRenderer.create() translucent=false
08-20 08:53:51.703 20730 20730 D InputTransport: Input channel constructed: fd=83
08-20 08:53:51.703 20730 20730 D ViewRootImpl@ab6019f[MainActivity]: setView = DecorView@3f752ec[MainActivity] touchMode=true
08-20 08:53:51.706 20730 20730 D ViewRootImpl@ab6019f[MainActivity]: dispatchAttachedToWindow
08-20 08:53:51.767 20730 20730 D ViewRootImpl@ab6019f[MainActivity]: Relayout returned: oldFrame=[0,0][0,0] newFrame=[0,0][768,1024] result=0x27 surface={isValid=true -1969905664} surfaceGenerationChanged=true
08-20 08:53:51.767 20730 20730 D ViewRootImpl@ab6019f[MainActivity]: mHardwareRenderer.initialize() mSurface={isValid=true -1969905664} hwInitialized=true
08-20 08:53:51.860 20730 20730 D AbsListView: in onLayout changed
08-20 08:53:51.897 20730 20746 D OpenGLRenderer: endAllActiveAnimators on 0x8d72db80 (RippleDrawable) with handle 0x8bf14ba0
08-20 08:53:51.897 20730 20730 D ViewRootImpl@235290f[CancelDeliveryActivity]: mHardwareRenderer.destroy()#1
08-20 08:53:51.912 20730 20730 D ViewRootImpl@235290f[CancelDeliveryActivity]: Relayout returned: oldFrame=[0,0][768,1024] newFrame=[0,0][768,1024] result=0x5 surface={isValid=false 0} surfaceGenerationChanged=true
08-20 08:53:51.937 20730 20740 I art : Background sticky concurrent mark sweep GC freed 187436(7MB) AllocSpace objects, 12(240KB) LOS objects, 39% free, 12MB/21MB, paused 1.094ms total 107.500ms
08-20 08:53:51.974 20730 20730 D ViewRootImpl@ab6019f[MainActivity]: MSG_RESIZED_REPORT: frame=Rect(0, 0 - 768, 1024) ci=Rect(0, 24 - 0, 0) vi=Rect(0, 24 - 0, 0) or=1
08-20 08:53:51.974 20730 20730 D ViewRootImpl@ab6019f[MainActivity]: MSG_WINDOW_FOCUS_CHANGED 1
08-20 08:53:51.974 20730 20730 D ViewRootImpl@ab6019f[MainActivity]: mHardwareRenderer.initializeIfNeeded()#2 mSurface={isValid=true -1969905664}
08-20 08:53:51.975 20730 20730 V InputMethodManager: Starting input: tba=android.view.inputmethod.EditorInfo@14a2099 nm : cz.gienger.mobile ic=null
08-20 08:53:51.976 20730 20730 I InputMethodManager: startInputInner - mService.startInputOrWindowGainedFocus
08-20 08:53:51.985 20730 20730 D InputTransport: Input channel constructed: fd=73
08-20 08:53:51.985 20730 20730 D InputTransport: Input channel destroyed: fd=72
08-20 08:53:52.017 20730 20730 D Graph : removeVertex() : insertDummyVertex, because there is no ancestor.
08-20 08:53:52.024 20730 20730 D TextView: SYANI: Clipboard API is calling: clearFilter()
08-20 08:53:52.024 20730 20730 D TextView: SYANI: Clipboard API is calling: unregisterClipboardEventListener()
08-20 08:53:52.033 20730 20730 D ViewRootImpl@235290f[CancelDeliveryActivity]: mHardwareRenderer.destroy()#4
08-20 08:53:52.033 20730 20730 D ViewRootImpl@235290f[CancelDeliveryActivity]: dispatchDetachedFromWindow
08-20 08:53:52.039 20730 20730 D InputTransport: Input channel destroyed: fd=71
08-20 08:53:52.040 20730 20730 D LOCATION_SERVICE: onDestroy
08-20 08:53:52.222 20730 22302 D FILE_MANAGER: Serializing delivery /data/user/0/cz.gienger.mobile/files/finished/130HT1180801669/130HT1180801669.xml
08-20 08:53:52.222 20730 22302 D FILE_MANAGER: Null files:
08-20 08:53:52.334 20730 22302 D MYINTERCEPTOR: /GiengerService.svc/sendorder
08-20 08:53:52.334 20730 22302 D OkHttp : --> POST https://testsaig1.gienger.cz/GiengerService.svc/sendorder http/1.1
08-20 08:53:52.334 20730 22302 D OkHttp : Content-Type: text/raw
08-20 08:53:52.334 20730 22302 D OkHttp : Content-Length: 2917
08-20 08:53:52.335 20730 22302 D OkHttp : filename: 130HT1180801669.xml
08-20 08:53:52.335 20730 22302 D OkHttp : Checksum: 83f7cef7f3f3f07b5ad55f57b861682d
08-20 08:53:52.335 20730 22302 D OkHttp : token: 237868a1bd4b9aa248829f59f51a8daa
08-20 08:53:52.335 20730 22302 D OkHttp : --> END POST
08-20 08:53:52.510 20730 22302 D OkHttp : <-- 200 https://testsaig1.gienger.cz/GiengerService.svc/sendorder (175ms)
08-20 08:53:52.510 20730 22302 D OkHttp : content-type: application/xml; charset=utf-8
08-20 08:53:52.510 20730 22302 D OkHttp : server: Microsoft-IIS/10.0
08-20 08:53:52.510 20730 22302 D OkHttp : x-powered-by: ASP.NET
08-20 08:53:52.510 20730 22302 D OkHttp : date: Mon, 20 Aug 2018 06:53:50 GMT
08-20 08:53:52.510 20730 22302 D OkHttp : content-length: 175
08-20 08:53:52.510 20730 22302 D OkHttp : <-- END HTTP
08-20 08:53:52.516 20730 22302 D sendOrder_SUCCESS: 200
08-20 08:53:52.540 20730 22302 D MESSAGE_SERVICE: ACTION_RESEND_ORDERS
08-20 08:53:52.668 20730 20730 D ViewRootImpl@ab6019f[MainActivity]: ViewPostImeInputStage processPointer 0
08-20 08:53:52.758 20730 20730 D AbsListView: in onLayout changed
08-20 08:53:52.964 20730 20730 D AbsListView: in onLayout changed
08-20 08:53:52.975 20730 20730 D ViewRootImpl@ab6019f[MainActivity]: ViewPostImeInputStage processPointer 1
08-20 08:53:53.367 20730 20730 D ViewRootImpl@ab6019f[MainActivity]: ViewPostImeInputStage processPointer 0
08-20 08:53:53.379 20730 20730 D AbsListView: reportScrollStateChange() newState : 1
08-20 08:53:53.492 20730 20730 D ViewRootImpl@ab6019f[MainActivity]: ViewPostImeInputStage processPointer 1
08-20 08:53:53.492 20730 20730 D AbsListView: onTouchUp() mTouchMode : 3
08-20 08:53:53.492 20730 20730 D AbsListView: onTouchUp() TOUCH_MODE_SCROLL initialVelocity : -2550
08-20 08:53:53.492 20730 20730 D AbsListView: reportScrollStateChange() newState : 2
08-20 08:53:54.138 20730 20730 D ViewRootImpl@ab6019f[MainActivity]: ViewPostImeInputStage processPointer 0
08-20 08:53:54.179 20730 20730 D AbsListView: reportScrollStateChange() newState : 0
08-20 08:53:54.180 20730 20730 D AbsListView: reportScrollStateChange() newState : 1
08-20 08:53:54.440 20730 20730 D ViewRootImpl@ab6019f[MainActivity]: ViewPostImeInputStage processPointer 1
08-20 08:53:54.440 20730 20730 D AbsListView: onTouchUp() mTouchMode : 3
08-20 08:53:54.440 20730 20730 D AbsListView: onTouchUp() TOUCH_MODE_SCROLL initialVelocity : 1477
08-20 08:53:54.440 20730 20730 D AbsListView: reportScrollStateChange() newState : 2
08-20 08:53:55.200 20730 20730 D AbsListView: reportScrollStateChange() newState : 0
08-20 08:53:55.723 20730 20730 D ViewRootImpl@ab6019f[MainActivity]: ViewPostImeInputStage processPointer 0
08-20 08:53:55.770 20730 20730 D ViewRootImpl@ab6019f[MainActivity]: ViewPostImeInputStage processPointer 1
08-20 08:53:55.787 20730 20730 D item_click: viewId = 2131820758, position = 3
08-20 08:53:55.836 20730 20730 D ViewRootImpl@ab6019f[MainActivity]: MSG_WINDOW_FOCUS_CHANGED 0
08-20 08:53:55.893 20730 20730 D ScrollView: initGoToTop
08-20 08:53:55.960 20730 20730 D ViewRootImpl@df95318[CancelDeliveryActivity]: ThreadedRenderer.create() translucent=false
08-20 08:53:55.966 20730 20730 D InputTransport: Input channel constructed: fd=84
08-20 08:53:55.967 20730 20730 D ViewRootImpl@df95318[CancelDeliveryActivity]: setView = DecorView@709e171[CancelDeliveryActivity] touchMode=true
08-20 08:53:55.974 20730 20730 D ViewRootImpl@df95318[CancelDeliveryActivity]: dispatchAttachedToWindow
08-20 08:53:56.014 20730 20730 D ViewRootImpl@df95318[CancelDeliveryActivity]: Relayout returned: oldFrame=[0,0][0,0] newFrame=[0,0][768,1024] result=0x27 surface={isValid=true -1949650944} surfaceGenerationChanged=true
08-20 08:53:56.014 20730 20730 D ViewRootImpl@df95318[CancelDeliveryActivity]: mHardwareRenderer.initialize() mSurface={isValid=true -1949650944} hwInitialized=true
08-20 08:53:56.018 20730 20730 D ScrollView: onsize change changed
08-20 08:53:56.020 20730 20730 D LOCATION_SERVICE: LocationListener gps
08-20 08:53:56.022 20730 20730 D LOCATION_SERVICE: LocationListener network
08-20 08:53:56.022 20730 20730 D LOCATION_SERVICE: onCreate
08-20 08:53:56.023 20730 20730 D LOCATION_SERVICE: initializeLocationManager
08-20 08:53:56.030 20730 20730 D LOCATION_SERVICE: onStartCommand
08-20 08:53:56.077 20730 20730 D ViewRootImpl@df95318[CancelDeliveryActivity]: MSG_RESIZED_REPORT: frame=Rect(0, 0 - 768, 1024) ci=Rect(0, 24 - 0, 0) vi=Rect(0, 24 - 0, 0) or=1
08-20 08:53:56.077 20730 20730 D ViewRootImpl@df95318[CancelDeliveryActivity]: MSG_WINDOW_FOCUS_CHANGED 1
08-20 08:53:56.078 20730 20730 D ViewRootImpl@df95318[CancelDeliveryActivity]: mHardwareRenderer.initializeIfNeeded()#2 mSurface={isValid=true -1949650944}
08-20 08:53:56.088 20730 20730 V InputMethodManager: Starting input: tba=android.view.inputmethod.EditorInfo@3c22c5c nm : cz.gienger.mobile ic=null
08-20 08:53:56.089 20730 20730 I InputMethodManager: startInputInner - mService.startInputOrWindowGainedFocus
08-20 08:53:56.103 20730 20730 D InputTransport: Input channel constructed: fd=85
08-20 08:53:56.103 20730 20730 D InputTransport: Input channel destroyed: fd=73
08-20 08:53:56.169 20730 20746 D OpenGLRenderer: endAllActiveAnimators on 0x8ce09900 (RippleDrawable) with handle 0x8a91dee0
08-20 08:53:56.169 20730 20730 D ViewRootImpl@ab6019f[MainActivity]: mHardwareRenderer.destroy()#1
08-20 08:53:56.177 20730 20730 D ViewRootImpl@ab6019f[MainActivity]: Relayout returned: oldFrame=[0,0][768,1024] newFrame=[0,0][768,1024] result=0x5 surface={isValid=false 0} surfaceGenerationChanged=true
08-20 08:53:56.178 20730 20730 D LOCATION_SERVICE: onLocationChanged: Location[network 49,191093,17,534557 acc=21 et=+3d20h59m29s895ms alt=0.0 vel=0.0 bear=0.0 {Bundle[mParcelledData.dataSize=80]}]
08-20 08:53:56.544 20730 20730 D ViewRootImpl@ab6019f[MainActivity]: Relayout returned: oldFrame=[0,0][768,1024] newFrame=[0,0][768,1024] result=0x5 surface={isValid=false 0} surfaceGenerationChanged=false
08-20 08:53:57.327 20730 20730 D ViewRootImpl@df95318[CancelDeliveryActivity]: ViewPostImeInputStage processPointer 0
08-20 08:53:57.395 20730 20730 D ViewRootImpl@df95318[CancelDeliveryActivity]: ViewPostImeInputStage processPointer 1
08-20 08:53:58.166 20730 20730 D ViewRootImpl@df95318[CancelDeliveryActivity]: ViewPostImeInputStage processPointer 0
08-20 08:53:58.289 20730 20730 D ViewRootImpl@df95318[CancelDeliveryActivity]: ViewPostImeInputStage processPointer 1
08-20 08:53:58.299 20730 20730 D UNDELIVERED: Reason ID = 3, Comment =
08-20 08:53:58.409 20730 20730 D ViewRootImpl@df95318[CancelDeliveryActivity]: MSG_WINDOW_FOCUS_CHANGED 0
08-20 08:53:58.415 20730 22309 D MESSAGE_SERVICE: ACTION_COMPRESS_AND_UPLOAD
08-20 08:53:58.447 20730 20730 D ViewRootImpl@ab6019f[MainActivity]: mHardwareRenderer.destroy()#4
08-20 08:53:58.447 20730 20730 D ViewRootImpl@ab6019f[MainActivity]: dispatchDetachedFromWindow
08-20 08:53:58.454 20730 20730 D InputTransport: Input channel destroyed: fd=83
08-20 08:53:58.603 20730 20730 D ViewRootImpl@7ec548b[MainActivity]: ThreadedRenderer.create() translucent=false
08-20 08:53:58.606 20730 20730 D InputTransport: Input channel constructed: fd=80
08-20 08:53:58.607 20730 20730 D ViewRootImpl@7ec548b[MainActivity]: setView = DecorView@fe48968[MainActivity] touchMode=true
08-20 08:53:58.609 20730 20730 D ViewRootImpl@7ec548b[MainActivity]: dispatchAttachedToWindow
08-20 08:53:58.670 20730 20730 D ViewRootImpl@7ec548b[MainActivity]: Relayout returned: oldFrame=[0,0][0,0] newFrame=[0,0][768,1024] result=0x27 surface={isValid=true -1982044160} surfaceGenerationChanged=true
08-20 08:53:58.670 20730 20730 D ViewRootImpl@7ec548b[MainActivity]: mHardwareRenderer.initialize() mSurface={isValid=true -1982044160} hwInitialized=true
08-20 08:53:58.748 20730 20730 D AbsListView: in onLayout changed
08-20 08:53:58.766 20730 20746 D OpenGLRenderer: endAllActiveAnimators on 0x9f71f580 (RippleDrawable) with handle 0x8b190740
08-20 08:53:58.766 20730 20730 D ViewRootImpl@df95318[CancelDeliveryActivity]: mHardwareRenderer.destroy()#1
08-20 08:53:58.773 20730 20730 D ViewRootImpl@df95318[CancelDeliveryActivity]: Relayout returned: oldFrame=[0,0][768,1024] newFrame=[0,0][768,1024] result=0x5 surface={isValid=false 0} surfaceGenerationChanged=true
08-20 08:53:58.845 20730 20730 D ViewRootImpl@7ec548b[MainActivity]: MSG_RESIZED_REPORT: frame=Rect(0, 0 - 768, 1024) ci=Rect(0, 24 - 0, 0) vi=Rect(0, 24 - 0, 0) or=1
08-20 08:53:58.845 20730 20730 D ViewRootImpl@7ec548b[MainActivity]: MSG_WINDOW_FOCUS_CHANGED 1
08-20 08:53:58.845 20730 20730 D ViewRootImpl@7ec548b[MainActivity]: mHardwareRenderer.initializeIfNeeded()#2 mSurface={isValid=true -1982044160}
08-20 08:53:58.846 20730 20730 V InputMethodManager: Starting input: tba=android.view.inputmethod.EditorInfo@51d2d34 nm : cz.gienger.mobile ic=null
08-20 08:53:58.846 20730 20730 I InputMethodManager: startInputInner - mService.startInputOrWindowGainedFocus
08-20 08:53:58.854 20730 20730 D InputTransport: Input channel constructed: fd=75
08-20 08:53:58.854 20730 20730 D InputTransport: Input channel destroyed: fd=85
08-20 08:53:58.898 20730 20730 D TextView: SYANI: Clipboard API is calling: clearFilter()
08-20 08:53:58.898 20730 20730 D TextView: SYANI: Clipboard API is calling: unregisterClipboardEventListener()
08-20 08:53:58.904 20730 20730 D ViewRootImpl@df95318[CancelDeliveryActivity]: mHardwareRenderer.destroy()#4
08-20 08:53:58.905 20730 20730 D ViewRootImpl@df95318[CancelDeliveryActivity]: dispatchDetachedFromWindow
08-20 08:53:58.916 20730 20730 D InputTransport: Input channel destroyed: fd=84
08-20 08:53:58.916 20730 20730 D LOCATION_SERVICE: onDestroy
08-20 08:53:59.132 20730 22309 D FILE_MANAGER: Serializing delivery /data/user/0/cz.gienger.mobile/files/finished/130AT1180524540/130AT1180524540.xml
08-20 08:53:59.132 20730 22309 D FILE_MANAGER: Null files:
08-20 08:53:59.242 20730 22309 D MYINTERCEPTOR: /GiengerService.svc/sendorder
08-20 08:53:59.243 20730 22309 D OkHttp : --> POST https://testsaig1.gienger.cz/GiengerService.svc/sendorder http/1.1
08-20 08:53:59.243 20730 22309 D OkHttp : Content-Type: text/raw
08-20 08:53:59.243 20730 22309 D OkHttp : Content-Length: 2956
08-20 08:53:59.243 20730 22309 D OkHttp : filename: 130AT1180524540.xml
08-20 08:53:59.243 20730 22309 D OkHttp : Checksum: 73fd2be99988c0277edafdb6ed10c830
08-20 08:53:59.243 20730 22309 D OkHttp : token: 237868a1bd4b9aa248829f59f51a8daa
08-20 08:53:59.243 20730 22309 D OkHttp : --> END POST
08-20 08:53:59.380 20730 22309 D OkHttp : <-- 200 https://testsaig1.gienger.cz/GiengerService.svc/sendorder (136ms)
08-20 08:53:59.380 20730 22309 D OkHttp : content-type: application/xml; charset=utf-8
08-20 08:53:59.380 20730 22309 D OkHttp : server: Microsoft-IIS/10.0
08-20 08:53:59.380 20730 22309 D OkHttp : x-powered-by: ASP.NET
08-20 08:53:59.380 20730 22309 D OkHttp : date: Mon, 20 Aug 2018 06:53:57 GMT
08-20 08:53:59.380 20730 22309 D OkHttp : content-length: 175
08-20 08:53:59.380 20730 22309 D OkHttp : <-- END HTTP
08-20 08:53:59.386 20730 22309 D sendOrder_SUCCESS: 200
08-20 08:53:59.413 20730 22309 D MESSAGE_SERVICE: ACTION_RESEND_ORDERS
08-20 08:53:59.571 20730 20740 I art : Background partial concurrent mark sweep GC freed 247916(11MB) AllocSpace objects, 26(668KB) LOS objects, 55% free, 9MB/21MB, paused 3.183ms total 155.999ms
08-20 08:53:59.697 20730 20730 D AbsListView: in onLayout changed
08-20 08:53:59.825 20730 20730 D ViewRootImpl@7ec548b[MainActivity]: ViewPostImeInputStage processPointer 0
08-20 08:53:59.911 20730 20730 D AbsListView: in onLayout changed
08-20 08:53:59.931 20730 20730 D ViewRootImpl@7ec548b[MainActivity]: ViewPostImeInputStage processPointer 1
08-20 08:54:00.507 20730 20730 D ViewRootImpl@7ec548b[MainActivity]: ViewPostImeInputStage processPointer 0
08-20 08:54:00.528 20730 20730 D AbsListView: reportScrollStateChange() newState : 1
08-20 08:54:00.685 20730 20730 D ViewRootImpl@7ec548b[MainActivity]: ViewPostImeInputStage processPointer 1
08-20 08:54:00.685 20730 20730 D AbsListView: onTouchUp() mTouchMode : 3
08-20 08:54:00.685 20730 20730 D AbsListView: onTouchUp() TOUCH_MODE_SCROLL initialVelocity : -3424
08-20 08:54:00.685 20730 20730 D AbsListView: reportScrollStateChange() newState : 2
08-20 08:54:01.248 20730 20730 D AbsListView: reportScrollStateChange() newState : 0
08-20 08:54:01.876 20730 20730 D ViewRootImpl@7ec548b[MainActivity]: ViewPostImeInputStage processPointer 0
08-20 08:54:01.915 20730 20730 D AbsListView: reportScrollStateChange() newState : 1
08-20 08:54:02.154 20730 20730 D ViewRootImpl@7ec548b[MainActivity]: ViewPostImeInputStage processPointer 1
08-20 08:54:02.155 20730 20730 D AbsListView: onTouchUp() mTouchMode : 3
08-20 08:54:02.155 20730 20730 D AbsListView: onTouchUp() TOUCH_MODE_SCROLL initialVelocity : 0
08-20 08:54:02.155 20730 20730 D AbsListView: reportScrollStateChange() newState : 0
08-20 08:54:02.510 20730 20730 D ViewRootImpl@7ec548b[MainActivity]: ViewPostImeInputStage processPointer 0
08-20 08:54:02.557 20730 20730 D ViewRootImpl@7ec548b[MainActivity]: ViewPostImeInputStage processPointer 1
08-20 08:54:02.587 20730 20730 D item_click: viewId = 2131820758, position = 6
08-20 08:54:02.631 20730 20730 D ViewRootImpl@7ec548b[MainActivity]: MSG_WINDOW_FOCUS_CHANGED 0
08-20 08:54:02.663 20730 20730 D Graph : removeVertex() : insertDummyVertex, because there is no ancestor.
08-20 08:54:02.664 20730 20730 D Graph : removeVertex() : insertDummyVertex, because there is no ancestor.
08-20 08:54:02.664 20730 20730 D Graph : removeVertex() : insertDummyVertex, because there is no ancestor.
08-20 08:54:02.824 20730 20730 D ViewRootImpl@1a151eb[BatchUploadActivity]: ThreadedRenderer.create() translucent=false
08-20 08:54:02.828 20730 20730 D InputTransport: Input channel constructed: fd=89
08-20 08:54:02.829 20730 20730 D ViewRootImpl@1a151eb[BatchUploadActivity]: setView = DecorView@f67ab48[BatchUploadActivity] touchMode=true
08-20 08:54:02.832 20730 20730 D ViewRootImpl@1a151eb[BatchUploadActivity]: dispatchAttachedToWindow
08-20 08:54:02.860 20730 20730 D ViewRootImpl@1a151eb[BatchUploadActivity]: Relayout returned: oldFrame=[0,0][0,0] newFrame=[0,0][768,1024] result=0x27 surface={isValid=true -1960339456} surfaceGenerationChanged=true
08-20 08:54:02.860 20730 20730 D ViewRootImpl@1a151eb[BatchUploadActivity]: mHardwareRenderer.initialize() mSurface={isValid=true -1960339456} hwInitialized=true
08-20 08:54:02.897 20730 20730 D AbsListView: in onLayout changed
08-20 08:54:02.899 20730 20730 D LOCATION_SERVICE: LocationListener gps
08-20 08:54:02.900 20730 20730 D LOCATION_SERVICE: LocationListener network
08-20 08:54:02.901 20730 20730 D LOCATION_SERVICE: onCreate
08-20 08:54:02.901 20730 20730 D LOCATION_SERVICE: initializeLocationManager
08-20 08:54:02.909 20730 20730 D LOCATION_SERVICE: onStartCommand
08-20 08:54:02.965 20730 20730 D ViewRootImpl@1a151eb[BatchUploadActivity]: MSG_RESIZED_REPORT: frame=Rect(0, 0 - 768, 1024) ci=Rect(0, 24 - 0, 0) vi=Rect(0, 24 - 0, 0) or=1
08-20 08:54:02.965 20730 20730 D ViewRootImpl@1a151eb[BatchUploadActivity]: MSG_WINDOW_FOCUS_CHANGED 1
08-20 08:54:02.966 20730 20730 D ViewRootImpl@1a151eb[BatchUploadActivity]: mHardwareRenderer.initializeIfNeeded()#2 mSurface={isValid=true -1960339456}
08-20 08:54:02.970 20730 20730 V InputMethodManager: Starting input: tba=android.view.inputmethod.EditorInfo@673bdd4 nm : cz.gienger.mobile ic=null
08-20 08:54:02.970 20730 20730 I InputMethodManager: startInputInner - mService.startInputOrWindowGainedFocus
08-20 08:54:02.985 20730 20730 D InputTransport: Input channel constructed: fd=90
08-20 08:54:02.985 20730 20730 D InputTransport: Input channel destroyed: fd=75
08-20 08:54:03.017 20730 20746 D OpenGLRenderer: endAllActiveAnimators on 0x8bed3580 (RippleDrawable) with handle 0x89b7f1c0
08-20 08:54:03.017 20730 20730 D ViewRootImpl@7ec548b[MainActivity]: mHardwareRenderer.destroy()#1
08-20 08:54:03.025 20730 20730 D ViewRootImpl@7ec548b[MainActivity]: Relayout returned: oldFrame=[0,0][768,1024] newFrame=[0,0][768,1024] result=0x5 surface={isValid=false 0} surfaceGenerationChanged=true
08-20 08:54:03.465 20730 20730 D ViewRootImpl@7ec548b[MainActivity]: Relayout returned: oldFrame=[0,0][768,1024] newFrame=[0,0][768,1024] result=0x5 surface={isValid=false 0} surfaceGenerationChanged=false
08-20 08:54:04.457 20730 20730 D ViewRootImpl@1a151eb[BatchUploadActivity]: ViewPostImeInputStage processPointer 0
08-20 08:54:04.535 20730 20730 D ViewRootImpl@1a151eb[BatchUploadActivity]: ViewPostImeInputStage processPointer 1
08-20 08:54:04.536 20730 20730 D AbsListView: onTouchUp() mTouchMode : 0
08-20 08:54:04.850 20730 20730 D ViewRootImpl@1a151eb[BatchUploadActivity]: ViewPostImeInputStage processPointer 0
08-20 08:54:04.909 20730 20730 D ViewRootImpl@1a151eb[BatchUploadActivity]: ViewPostImeInputStage processPointer 1
08-20 08:54:04.910 20730 20730 D AbsListView: onTouchUp() mTouchMode : 0
08-20 08:54:05.418 20730 20730 D ViewRootImpl@1a151eb[BatchUploadActivity]: ViewPostImeInputStage processPointer 0
08-20 08:54:05.478 20730 20730 D ViewRootImpl@1a151eb[BatchUploadActivity]: ViewPostImeInputStage processPointer 1
08-20 08:54:05.478 20730 20730 D AbsListView: onTouchUp() mTouchMode : 0
08-20 08:54:06.697 20730 20730 D ViewRootImpl@1a151eb[BatchUploadActivity]: ViewPostImeInputStage processPointer 0
08-20 08:54:06.800 20730 20730 D ViewRootImpl@1a151eb[BatchUploadActivity]: ViewPostImeInputStage processPointer 1
08-20 08:54:06.840 20730 20730 D ScrollView: initGoToTop
08-20 08:54:06.849 20730 20730 D ViewRootImpl@41b0bd[BatchUploadActivity]: ThreadedRenderer.create() translucent=true
08-20 08:54:06.855 20730 20730 D InputTransport: Input channel constructed: fd=76
08-20 08:54:06.855 20730 20730 D ViewRootImpl@41b0bd[BatchUploadActivity]: setView = DecorView@f0006b2[BatchUploadActivity] touchMode=true
08-20 08:54:06.856 20730 20730 D ViewRootImpl@41b0bd[BatchUploadActivity]: dispatchAttachedToWindow
08-20 08:54:06.886 20730 20730 D ViewRootImpl@41b0bd[BatchUploadActivity]: Relayout returned: oldFrame=[0,0][0,0] newFrame=[94,423][674,624] result=0x27 surface={isValid=true -1970671616} surfaceGenerationChanged=true
08-20 08:54:06.888 20730 20730 D ViewRootImpl@41b0bd[BatchUploadActivity]: mHardwareRenderer.initialize() mSurface={isValid=true -1970671616} hwInitialized=true
08-20 08:54:06.894 20730 20730 D ScrollView: onsize change changed
08-20 08:54:06.906 20730 20730 D ViewRootImpl@41b0bd[BatchUploadActivity]: MSG_WINDOW_FOCUS_CHANGED 1
08-20 08:54:06.906 20730 20730 D ViewRootImpl@41b0bd[BatchUploadActivity]: mHardwareRenderer.initializeIfNeeded()#2 mSurface={isValid=true -1970671616}
08-20 08:54:06.929 20730 20730 D ViewRootImpl@41b0bd[BatchUploadActivity]: MSG_RESIZED_REPORT: frame=Rect(94, 423 - 674, 624) ci=Rect(0, 0 - 0, 0) vi=Rect(0, 0 - 0, 0) or=1
08-20 08:54:06.946 20730 20730 D ViewRootImpl@1a151eb[BatchUploadActivity]: MSG_WINDOW_FOCUS_CHANGED 0
08-20 08:54:07.604 20730 20730 D ViewRootImpl@41b0bd[BatchUploadActivity]: ViewPostImeInputStage processPointer 0
08-20 08:54:07.698 20730 20730 D ViewRootImpl@41b0bd[BatchUploadActivity]: ViewPostImeInputStage processPointer 1
08-20 08:54:07.766 20730 20730 D ViewRootImpl@41b0bd[BatchUploadActivity]: mHardwareRenderer.destroy()#4
08-20 08:54:07.766 20730 20730 D ViewRootImpl@41b0bd[BatchUploadActivity]: dispatchDetachedFromWindow
08-20 08:54:07.775 20730 20730 D InputTransport: Input channel destroyed: fd=76
08-20 08:54:07.802 20730 20730 E ViewRootImpl: sendUserActionEvent() returned.
08-20 08:54:07.804 20730 22317 D MESSAGE_SERVICE: ACTION_BATCH_UPLOAD
08-20 08:54:07.990 20730 20730 D ViewRootImpl@7ec548b[MainActivity]: Relayout returned: oldFrame=[0,0][768,1024] newFrame=[0,0][768,1024] result=0x7 surface={isValid=true -1970669568} surfaceGenerationChanged=true
08-20 08:54:07.990 20730 20730 D ViewRootImpl@7ec548b[MainActivity]: mHardwareRenderer.initialize() mSurface={isValid=true -1970669568} hwInitialized=true
08-20 08:54:08.056 20730 20730 D AbsListView: in onLayout changed
08-20 08:54:08.075 20730 20730 D ViewRootImpl@7ec548b[MainActivity]: MSG_WINDOW_FOCUS_CHANGED 1
08-20 08:54:08.075 20730 20730 D ViewRootImpl@7ec548b[MainActivity]: mHardwareRenderer.initializeIfNeeded()#2 mSurface={isValid=true -1970669568}
08-20 08:54:08.077 20730 20730 V InputMethodManager: Starting input: tba=android.view.inputmethod.EditorInfo@f120704 nm : cz.gienger.mobile ic=null
08-20 08:54:08.077 20730 20730 I InputMethodManager: startInputInner - mService.startInputOrWindowGainedFocus
08-20 08:54:08.097 20730 20730 D InputTransport: Input channel constructed: fd=79
08-20 08:54:08.097 20730 20730 D InputTransport: Input channel destroyed: fd=90
08-20 08:54:08.124 20730 20730 D ViewRootImpl@1a151eb[BatchUploadActivity]: mHardwareRenderer.destroy()#1
08-20 08:54:08.138 20730 20730 D ViewRootImpl@1a151eb[BatchUploadActivity]: Relayout returned: oldFrame=[0,0][768,1024] newFrame=[0,0][768,1024] result=0x5 surface={isValid=false 0} surfaceGenerationChanged=true
08-20 08:54:08.526 20730 22317 D FILE_MANAGER: Serializing delivery /data/user/0/cz.gienger.mobile/files/finished/130HT1180207342/130HT1180207342.xml
08-20 08:54:08.526 20730 22317 D FILE_MANAGER: Null files:
08-20 08:54:08.527 20730 20730 D TextView: SYANI: Clipboard API is calling: clearFilter()
08-20 08:54:08.527 20730 20730 D TextView: SYANI: Clipboard API is calling: unregisterClipboardEventListener()
08-20 08:54:08.542 20730 20730 D ViewRootImpl@1a151eb[BatchUploadActivity]: mHardwareRenderer.destroy()#4
08-20 08:54:08.542 20730 20730 D ViewRootImpl@1a151eb[BatchUploadActivity]: dispatchDetachedFromWindow
08-20 08:54:08.556 20730 20730 D InputTransport: Input channel destroyed: fd=89
08-20 08:54:08.556 20730 20730 D LOCATION_SERVICE: onDestroy
08-20 08:54:09.337 20730 20730 D ViewRootImpl@7ec548b[MainActivity]: ViewPostImeInputStage processPointer 0
08-20 08:54:09.365 20730 20730 D AbsListView: reportScrollStateChange() newState : 1
08-20 08:54:09.375 20730 22317 D FILE_MANAGER: Serializing delivery /data/user/0/cz.gienger.mobile/files/finished/130HT1181101392/130HT1181101392.xml
08-20 08:54:09.375 20730 22317 D FILE_MANAGER: Null files:
08-20 08:54:09.516 20730 20730 D ViewRootImpl@7ec548b[MainActivity]: ViewPostImeInputStage processPointer 1
08-20 08:54:09.517 20730 20730 D AbsListView: onTouchUp() mTouchMode : 3
08-20 08:54:09.517 20730 20730 D AbsListView: onTouchUp() TOUCH_MODE_SCROLL initialVelocity : -3215
08-20 08:54:09.517 20730 20730 D AbsListView: reportScrollStateChange() newState : 2
08-20 08:54:09.982 20730 20730 D AbsListView: reportScrollStateChange() newState : 0
08-20 08:54:10.228 20730 22317 D FILE_MANAGER: Serializing delivery /data/user/0/cz.gienger.mobile/files/finished/130HT1181101398/130HT1181101398.xml
08-20 08:54:10.228 20730 22317 D FILE_MANAGER: Null files:
08-20 08:54:10.371 20730 22317 D MYINTERCEPTOR: /GiengerService.svc/sendorder
08-20 08:54:10.372 20730 22317 D OkHttp : --> POST https://testsaig1.gienger.cz/GiengerService.svc/sendorder http/1.1
08-20 08:54:10.372 20730 22317 D OkHttp : Content-Type: text/raw
08-20 08:54:10.372 20730 22317 D OkHttp : Content-Length: 3016
08-20 08:54:10.372 20730 22317 D OkHttp : filename: 130HT1180207342.xml
08-20 08:54:10.373 20730 22317 D OkHttp : Checksum: b99f3796ffe004313545de2b51a6db2e
08-20 08:54:10.373 20730 22317 D OkHttp : token: 237868a1bd4b9aa248829f59f51a8daa
08-20 08:54:10.373 20730 22317 D OkHttp : --> END POST
08-20 08:54:10.482 20730 22317 D OkHttp : <-- 200 https://testsaig1.gienger.cz/GiengerService.svc/sendorder (109ms)
08-20 08:54:10.482 20730 22317 D OkHttp : content-type: application/xml; charset=utf-8
08-20 08:54:10.482 20730 22317 D OkHttp : server: Microsoft-IIS/10.0
08-20 08:54:10.483 20730 22317 D OkHttp : x-powered-by: ASP.NET
08-20 08:54:10.483 20730 22317 D OkHttp : date: Mon, 20 Aug 2018 06:54:08 GMT
08-20 08:54:10.483 20730 22317 D OkHttp : content-length: 175
08-20 08:54:10.483 20730 22317 D OkHttp : <-- END HTTP
08-20 08:54:10.490 20730 22317 D sendOrder_SUCCESS: 200
08-20 08:54:10.511 20730 22317 D MYINTERCEPTOR: /GiengerService.svc/sendorder
08-20 08:54:10.511 20730 22317 D OkHttp : --> POST https://testsaig1.gienger.cz/GiengerService.svc/sendorder http/1.1
08-20 08:54:10.512 20730 22317 D OkHttp : Content-Type: text/raw
08-20 08:54:10.512 20730 22317 D OkHttp : Content-Length: 2655
08-20 08:54:10.512 20730 22317 D OkHttp : filename: 130HT1181101392.xml
08-20 08:54:10.512 20730 22317 D OkHttp : Checksum: 06314a94b2b5ee6a829a2df105532ddc
08-20 08:54:10.512 20730 22317 D OkHttp : token: 237868a1bd4b9aa248829f59f51a8daa
08-20 08:54:10.512 20730 22317 D OkHttp : --> END POST
08-20 08:54:10.556 20730 22317 D OkHttp : <-- 200 https://testsaig1.gienger.cz/GiengerService.svc/sendorder (43ms)
08-20 08:54:10.556 20730 22317 D OkHttp : content-type: application/xml; charset=utf-8
08-20 08:54:10.556 20730 22317 D OkHttp : server: Microsoft-IIS/10.0
08-20 08:54:10.556 20730 22317 D OkHttp : x-powered-by: ASP.NET
08-20 08:54:10.556 20730 22317 D OkHttp : date: Mon, 20 Aug 2018 06:54:08 GMT
08-20 08:54:10.556 20730 22317 D OkHttp : content-length: 175
08-20 08:54:10.556 20730 22317 D OkHttp : <-- END HTTP
08-20 08:54:10.559 20730 22317 D sendOrder_SUCCESS: 200
08-20 08:54:10.581 20730 22317 D MYINTERCEPTOR: /GiengerService.svc/sendorder
08-20 08:54:10.582 20730 22317 D OkHttp : --> POST https://testsaig1.gienger.cz/GiengerService.svc/sendorder http/1.1
08-20 08:54:10.582 20730 22317 D OkHttp : Content-Type: text/raw
08-20 08:54:10.582 20730 22317 D OkHttp : Content-Length: 2993
08-20 08:54:10.582 20730 22317 D OkHttp : filename: 130HT1181101398.xml
08-20 08:54:10.582 20730 22317 D OkHttp : Checksum: 01838a634321bd9634ab958cfb0cb3ac
08-20 08:54:10.582 20730 22317 D OkHttp : token: 237868a1bd4b9aa248829f59f51a8daa
08-20 08:54:10.582 20730 22317 D OkHttp : --> END POST
08-20 08:54:10.610 20730 22317 D OkHttp : <-- 200 https://testsaig1.gienger.cz/GiengerService.svc/sendorder (27ms)
08-20 08:54:10.611 20730 22317 D OkHttp : content-type: application/xml; charset=utf-8
08-20 08:54:10.611 20730 22317 D OkHttp : server: Microsoft-IIS/10.0
08-20 08:54:10.611 20730 22317 D OkHttp : x-powered-by: ASP.NET
08-20 08:54:10.611 20730 22317 D OkHttp : date: Mon, 20 Aug 2018 06:54:08 GMT
08-20 08:54:10.611 20730 22317 D OkHttp : content-length: 175
08-20 08:54:10.611 20730 22317 D OkHttp : <-- END HTTP
08-20 08:54:10.614 20730 22317 D sendOrder_SUCCESS: 200
08-20 08:54:10.864 20730 20730 D AbsListView: in onLayout changed
08-20 08:54:10.987 20730 20730 D ViewRootImpl@7ec548b[MainActivity]: MSG_WINDOW_FOCUS_CHANGED 0
08-20 08:54:11.166 20730 20730 D AbsListView: in onLayout changed
08-20 08:54:11.193 20730 20730 D Graph : removeVertex() : insertDummyVertex, because there is no ancestor.
08-20 08:54:11.229 20730 20730 D ALARM_REUPLOAD: cancelling alarm
08-20 08:54:11.239 20730 20740 I art : Background sticky concurrent mark sweep GC freed 222953(9MB) AllocSpace objects, 20(400KB) LOS objects, 44% free, 12MB/21MB, paused 1.309ms total 109.150ms
08-20 08:54:11.260 20730 20730 D ScrollView: initGoToTop
08-20 08:54:11.265 20730 20730 D ScrollView: initGoToTop
08-20 08:54:11.274 20730 20730 D ViewRootImpl@9a98875[MainActivity]: ThreadedRenderer.create() translucent=true
08-20 08:54:11.280 20730 20730 D InputTransport: Input channel constructed: fd=76
08-20 08:54:11.280 20730 20730 D ViewRootImpl@9a98875[MainActivity]: setView = DecorView@440f00a[MainActivity] touchMode=true
08-20 08:54:11.362 20730 20730 D ViewRootImpl@47b73f3[MainActivity]: ThreadedRenderer.create() translucent=false
08-20 08:54:11.366 20730 20730 D InputTransport: Input channel constructed: fd=91
08-20 08:54:11.366 20730 20730 D ViewRootImpl@47b73f3[MainActivity]: setView = DecorView@6d698b0[MainActivity] touchMode=true
08-20 08:54:11.384 20730 20730 D ViewRootImpl@7ec548b[MainActivity]: mHardwareRenderer.destroy()#1
08-20 08:54:11.397 20730 20730 D ViewRootImpl@7ec548b[MainActivity]: Relayout returned: oldFrame=[0,0][768,1024] newFrame=[0,0][768,1024] result=0x5 surface={isValid=false 0} surfaceGenerationChanged=true
08-20 08:54:11.399 20730 20730 D ViewRootImpl@9a98875[MainActivity]: dispatchAttachedToWindow
08-20 08:54:11.452 20730 20730 D ViewRootImpl@9a98875[MainActivity]: Relayout returned: oldFrame=[0,0][0,0] newFrame=[94,415][674,633] result=0x27 surface={isValid=true -1985210368} surfaceGenerationChanged=true
08-20 08:54:11.453 20730 20730 D ViewRootImpl@9a98875[MainActivity]: mHardwareRenderer.initialize() mSurface={isValid=true -1985210368} hwInitialized=true
08-20 08:54:11.457 20730 20730 D ScrollView: onsize change changed
08-20 08:54:11.459 20730 20730 D ViewRootImpl@47b73f3[MainActivity]: dispatchAttachedToWindow
08-20 08:54:11.510 20730 20730 D ViewRootImpl@47b73f3[MainActivity]: Relayout returned: oldFrame=[0,0][0,0] newFrame=[0,0][768,1024] result=0x7 surface={isValid=true -1984552960} surfaceGenerationChanged=true
