08-20 08:50:00.564 20730 20730 D ViewRootImpl@14314fc[CartActivity]: setView = DecorView@dce785[CartActivity] touchMode=true
08-20 08:50:00.567 20730 20730 D ViewRootImpl@14314fc[CartActivity]: dispatchAttachedToWindow
08-20 08:50:00.591 20730 20730 D ViewRootImpl@14314fc[CartActivity]: Relayout returned: oldFrame=[0,0][0,0] newFrame=[0,0][768,1024] result=0x27 surface={isValid=true -1947330560} surfaceGenerationChanged=true
08-20 08:50:00.591 20730 20730 D ViewRootImpl@14314fc[CartActivity]: mHardwareRenderer.initialize() mSurface={isValid=true -1947330560} hwInitialized=true
08-20 08:50:00.685 20730 20730 D AbsListView: in onLayout changed
08-20 08:50:00.732 20730 20730 D ViewRootImpl@14314fc[CartActivity]: MSG_RESIZED_REPORT: frame=Rect(0, 0 - 768, 1024) ci=Rect(0, 24 - 0, 0) vi=Rect(0, 24 - 0, 0) or=1
08-20 08:50:00.732 20730 20730 D ViewRootImpl@14314fc[CartActivity]: MSG_WINDOW_FOCUS_CHANGED 1
08-20 08:50:00.732 20730 20730 D ViewRootImpl@14314fc[CartActivity]: mHardwareRenderer.initializeIfNeeded()#2 mSurface={isValid=true -1947330560}
08-20 08:50:00.762 20730 20730 V InputMethodManager: Starting input: tba=android.view.inputmethod.EditorInfo@58db5c0 nm : cz.gienger.mobile ic=null
08-20 08:50:00.762 20730 20730 I InputMethodManager: startInputInner - mService.startInputOrWindowGainedFocus
08-20 08:50:00.768 20730 20730 D InputTransport: Input channel constructed: fd=59
08-20 08:50:00.768 20730 20730 D InputTransport: Input channel destroyed: fd=84
08-20 08:50:00.803 20730 20746 D OpenGLRenderer: endAllActiveAnimators on 0x8a81f180 (RippleDrawable) with handle 0x8be14750
08-20 08:50:00.803 20730 20730 D ViewRootImpl@aaedec1[ArticleListActivity]: mHardwareRenderer.destroy()#1
08-20 08:50:00.809 20730 20730 D ViewRootImpl@aaedec1[ArticleListActivity]: Relayout returned: oldFrame=[0,0][768,1024] newFrame=[0,0][768,1024] result=0x5 surface={isValid=false 0} surfaceGenerationChanged=true
08-20 08:50:01.223 20730 20730 D ViewRootImpl@aaedec1[ArticleListActivity]: Relayout returned: oldFrame=[0,0][768,1024] newFrame=[0,0][768,1024] result=0x5 surface={isValid=false 0} surfaceGenerationChanged=false
08-20 08:50:02.539 20730 20730 D ViewRootImpl@14314fc[CartActivity]: ViewPostImeInputStage processPointer 0
08-20 08:50:02.584 20730 20730 D AbsListView: reportScrollStateChange() newState : 1
08-20 08:50:02.870 20730 20730 D ViewRootImpl@14314fc[CartActivity]: ViewPostImeInputStage processPointer 1
08-20 08:50:02.870 20730 20730 D AbsListView: onTouchUp() mTouchMode : 3
08-20 08:50:02.870 20730 20730 D AbsListView: onTouchUp() TOUCH_MODE_SCROLL initialVelocity : -21
08-20 08:50:02.870 20730 20730 D AbsListView: reportScrollStateChange() newState : 0
08-20 08:50:03.108 20730 20730 D ViewRootImpl@14314fc[CartActivity]: ViewPostImeInputStage processPointer 0
08-20 08:50:03.188 20730 20730 D ViewRootImpl@14314fc[CartActivity]: ViewPostImeInputStage processPointer 1
08-20 08:50:03.202 20730 20730 V InputMethodManager: Starting input: tba=android.view.inputmethod.EditorInfo@4786dec nm : cz.gienger.mobile ic=com.android.internal.widget.EditableInputConnection@94ce5b5
08-20 08:50:03.202 20730 20730 I InputMethodManager: startInputInner - mService.startInputOrWindowGainedFocus
08-20 08:50:03.204 20730 20730 D InputTransport: Input channel constructed: fd=70
08-20 08:50:03.204 20730 20730 D InputTransport: Input channel destroyed: fd=59
08-20 08:50:03.205 20730 20730 D InputMethodManager: SSI - flag : 0 Pid : 20730 view : cz.gienger.mobile
08-20 08:50:03.568 20730 20730 D ViewRootImpl@14314fc[CartActivity]: MSG_RESIZED: frame=Rect(0, 0 - 768, 1024) ci=Rect(0, 24 - 0, 359) vi=Rect(0, 24 - 0, 359) or=1
08-20 08:50:03.584 20730 20730 D ViewRootImpl@14314fc[CartActivity]: Relayout returned: oldFrame=[0,0][768,1024] newFrame=[0,0][768,1024] result=0x1 surface={isValid=true -1947330560} surfaceGenerationChanged=false
08-20 08:50:03.612 20730 20730 D AbsListView: in onLayout changed
08-20 08:50:04.859 20730 20730 D ViewRootImpl@14314fc[CartActivity]: ViewPostImeInputStage processPointer 0
08-20 08:50:04.940 20730 20730 D ViewRootImpl@14314fc[CartActivity]: ViewPostImeInputStage processPointer 1
08-20 08:50:04.941 20730 20730 D AbsListView: onTouchUp() mTouchMode : 0
08-20 08:50:05.629 20730 20730 D ViewRootImpl@14314fc[CartActivity]: ViewPostImeInputStage processPointer 0
08-20 08:50:05.711 20730 20730 D ViewRootImpl@14314fc[CartActivity]: ViewPostImeInputStage processPointer 1
08-20 08:50:05.733 20730 20730 V InputMethodManager: Starting input: tba=android.view.inputmethod.EditorInfo@f2e4987 nm : cz.gienger.mobile ic=com.android.internal.widget.EditableInputConnection@686a0b4
08-20 08:50:05.733 20730 20730 I InputMethodManager: startInputInner - mService.startInputOrWindowGainedFocus
08-20 08:50:05.735 20730 20730 D InputTransport: Input channel constructed: fd=68
08-20 08:50:05.735 20730 20730 D InputTransport: Input channel destroyed: fd=70
08-20 08:50:05.736 20730 20730 D InputMethodManager: SSI - flag : 0 Pid : 20730 view : cz.gienger.mobile
08-20 08:50:05.739 20730 20730 W IInputConnectionWrapper: finishComposingText on inactive InputConnection
08-20 08:50:07.072 20730 20730 D ViewRootImpl@14314fc[CartActivity]: ViewPostImeInputStage processPointer 0
08-20 08:50:07.152 20730 20730 D ViewRootImpl@14314fc[CartActivity]: ViewPostImeInputStage processPointer 1
08-20 08:50:07.175 20730 20730 V InputMethodManager: Starting input: tba=android.view.inputmethod.EditorInfo@6ace27f nm : cz.gienger.mobile ic=com.android.internal.widget.EditableInputConnection@1d9524c
08-20 08:50:07.176 20730 20730 I InputMethodManager: startInputInner - mService.startInputOrWindowGainedFocus
08-20 08:50:07.178 20730 20730 D InputTransport: Input channel constructed: fd=70
08-20 08:50:07.178 20730 20730 D InputTransport: Input channel destroyed: fd=68
08-20 08:50:07.178 20730 20730 D InputMethodManager: SSI - flag : 0 Pid : 20730 view : cz.gienger.mobile
08-20 08:50:07.184 20730 20730 W IInputConnectionWrapper: finishComposingText on inactive InputConnection
08-20 08:50:08.346 20730 20730 D ViewRootImpl@14314fc[CartActivity]: ViewPostImeInputStage processPointer 0
08-20 08:50:08.384 20730 20730 D ViewRootImpl@14314fc[CartActivity]: ViewPostImeInputStage processPointer 1
08-20 08:50:08.401 20730 20730 V InputMethodManager: Starting input: tba=android.view.inputmethod.EditorInfo@6c7fc76 nm : cz.gienger.mobile ic=com.android.internal.widget.EditableInputConnection@b56a277
08-20 08:50:08.401 20730 20730 I InputMethodManager: startInputInner - mService.startInputOrWindowGainedFocus
08-20 08:50:08.404 20730 20730 D InputTransport: Input channel constructed: fd=68
08-20 08:50:08.404 20730 20730 D InputTransport: Input channel destroyed: fd=70
08-20 08:50:08.404 20730 20730 D InputMethodManager: SSI - flag : 0 Pid : 20730 view : cz.gienger.mobile
08-20 08:50:08.409 20730 20730 W IInputConnectionWrapper: finishComposingText on inactive InputConnection
08-20 08:50:09.820 20730 20730 D ViewRootImpl@14314fc[CartActivity]: ViewPostImeInputStage processPointer 0
08-20 08:50:09.901 20730 20730 D ViewRootImpl@14314fc[CartActivity]: ViewPostImeInputStage processPointer 1
08-20 08:50:10.018 20730 20730 D ScrollView: initGoToTop
08-20 08:50:10.022 20730 20730 D ScrollView: initGoToTop
08-20 08:50:10.032 20730 20730 D ViewRootImpl@2879712[CartActivity]: ThreadedRenderer.create() translucent=true
08-20 08:50:10.040 20730 20730 D InputTransport: Input channel constructed: fd=70
08-20 08:50:10.041 20730 20730 D ViewRootImpl@2879712[CartActivity]: setView = DecorView@daefee3[CartActivity] touchMode=true
08-20 08:50:10.053 20730 20730 D ViewRootImpl@2879712[CartActivity]: dispatchAttachedToWindow
08-20 08:50:10.137 20730 20730 D ViewRootImpl@2879712[CartActivity]: Relayout returned: oldFrame=[0,0][0,0] newFrame=[194,258][574,790] result=0x27 surface={isValid=true -1983991808} surfaceGenerationChanged=true
08-20 08:50:10.137 20730 20730 D ViewRootImpl@2879712[CartActivity]: mHardwareRenderer.initialize() mSurface={isValid=true -1983991808} hwInitialized=true
08-20 08:50:10.150 20730 20730 D ScrollView: onsize change changed
08-20 08:50:10.158 20730 20730 D ViewRootImpl@2879712[CartActivity]: MSG_WINDOW_FOCUS_CHANGED 1
08-20 08:50:10.158 20730 20730 D ViewRootImpl@2879712[CartActivity]: mHardwareRenderer.initializeIfNeeded()#2 mSurface={isValid=true -1983991808}
08-20 08:50:10.219 20730 20730 D ViewRootImpl@2879712[CartActivity]: MSG_RESIZED_REPORT: frame=Rect(194, 258 - 574, 790) ci=Rect(0, 0 - 0, 0) vi=Rect(0, 0 - 0, 0) or=1
08-20 08:50:10.278 20730 20730 D ViewRootImpl@14314fc[CartActivity]: MSG_WINDOW_FOCUS_CHANGED 0
08-20 08:50:11.103 20730 20730 D ViewRootImpl@2879712[CartActivity]: ViewPostImeInputStage processPointer 0
08-20 08:50:11.173 20730 20730 D ViewRootImpl@2879712[CartActivity]: ViewPostImeInputStage processPointer 1
08-20 08:50:11.950 20730 20730 D ViewRootImpl@2879712[CartActivity]: ViewPostImeInputStage processPointer 0
08-20 08:50:12.045 20730 20730 D ViewRootImpl@2879712[CartActivity]: ViewPostImeInputStage processPointer 1
08-20 08:50:12.090 20730 20730 D ViewRootImpl@2879712[CartActivity]: mHardwareRenderer.destroy()#4
08-20 08:50:12.090 20730 20730 D ViewRootImpl@2879712[CartActivity]: dispatchDetachedFromWindow
08-20 08:50:12.100 20730 20730 D InputTransport: Input channel destroyed: fd=70
08-20 08:50:12.103 20730 20730 D ViewRootImpl@14314fc[CartActivity]: MSG_WINDOW_FOCUS_CHANGED 1
08-20 08:50:12.103 20730 20730 D ViewRootImpl@14314fc[CartActivity]: mHardwareRenderer.initializeIfNeeded()#2 mSurface={isValid=true -1947330560}
08-20 08:50:12.122 20730 20730 E ViewRootImpl: sendUserActionEvent() returned.
08-20 08:50:14.151 20730 20730 D ViewRootImpl@14314fc[CartActivity]: ViewPostImeInputStage processPointer 0
08-20 08:50:14.193 20730 20730 D ViewRootImpl@14314fc[CartActivity]: ViewPostImeInputStage processPointer 1
08-20 08:50:15.000 20730 20730 D ViewRootImpl@14314fc[CartActivity]: ViewPostImeInputStage processPointer 0
08-20 08:50:15.081 20730 20730 D ViewRootImpl@14314fc[CartActivity]: ViewPostImeInputStage processPointer 1
08-20 08:50:15.134 20730 20730 D ScrollView: initGoToTop
08-20 08:50:15.138 20730 20730 D ScrollView: initGoToTop
08-20 08:50:15.147 20730 20730 D ViewRootImpl@bf50a94[CartActivity]: ThreadedRenderer.create() translucent=true
08-20 08:50:15.155 20730 20730 D InputTransport: Input channel constructed: fd=69
08-20 08:50:15.155 20730 20730 D ViewRootImpl@bf50a94[CartActivity]: setView = DecorView@306c93d[CartActivity] touchMode=true
08-20 08:50:15.157 20730 20730 D ViewRootImpl@bf50a94[CartActivity]: dispatchAttachedToWindow
08-20 08:50:15.204 20730 20730 D ViewRootImpl@bf50a94[CartActivity]: Relayout returned: oldFrame=[0,0][0,0] newFrame=[94,24][674,1024] result=0x27 surface={isValid=true -1982672896} surfaceGenerationChanged=true
08-20 08:50:15.205 20730 20730 D ViewRootImpl@bf50a94[CartActivity]: mHardwareRenderer.initialize() mSurface={isValid=true -1982672896} hwInitialized=true
08-20 08:50:15.277 20730 20730 D AbsListView: in onLayout changed
08-20 08:50:15.277 20730 20730 D ScrollView: onsize change changed
08-20 08:50:15.287 20730 20730 D ViewRootImpl@bf50a94[CartActivity]: MSG_WINDOW_FOCUS_CHANGED 1
08-20 08:50:15.287 20730 20730 D ViewRootImpl@bf50a94[CartActivity]: mHardwareRenderer.initializeIfNeeded()#2 mSurface={isValid=true -1982672896}
08-20 08:50:15.288 20730 20730 V InputMethodManager: Not IME target window, ignoring
08-20 08:50:15.373 20730 20730 D ViewRootImpl@bf50a94[CartActivity]: MSG_RESIZED_REPORT: frame=Rect(94, 24 - 674, 1024) ci=Rect(0, 0 - 0, 0) vi=Rect(0, 0 - 0, 0) or=1
08-20 08:50:15.424 20730 20730 D ViewRootImpl@14314fc[CartActivity]: MSG_WINDOW_FOCUS_CHANGED 0
08-20 08:50:16.372 20730 20730 D ViewRootImpl@bf50a94[CartActivity]: ViewPostImeInputStage processPointer 0
08-20 08:50:16.451 20730 20730 D ViewRootImpl@bf50a94[CartActivity]: ViewPostImeInputStage processPointer 1
08-20 08:50:17.834 20730 20730 D ViewRootImpl@bf50a94[CartActivity]: ViewPostImeInputStage processPointer 0
08-20 08:50:17.938 20730 20730 D ViewRootImpl@bf50a94[CartActivity]: ViewPostImeInputStage processPointer 1
08-20 08:50:18.005 20730 20730 D ViewRootImpl@bf50a94[CartActivity]: mHardwareRenderer.destroy()#4
08-20 08:50:18.005 20730 20730 D ViewRootImpl@bf50a94[CartActivity]: dispatchDetachedFromWindow
08-20 08:50:18.021 20730 20730 D InputTransport: Input channel destroyed: fd=69
08-20 08:50:18.029 20730 20730 D ViewRootImpl@14314fc[CartActivity]: MSG_WINDOW_FOCUS_CHANGED 1
08-20 08:50:18.029 20730 20730 D ViewRootImpl@14314fc[CartActivity]: mHardwareRenderer.initializeIfNeeded()#2 mSurface={isValid=true -1947330560}
08-20 08:50:18.049 20730 20730 E ViewRootImpl: sendUserActionEvent() returned.
08-20 08:50:18.834 20730 20730 D ViewRootImpl@14314fc[CartActivity]: ViewPostImeInputStage processPointer 0
08-20 08:50:18.873 20730 20730 D AbsListView: reportScrollStateChange() newState : 1
08-20 08:50:19.320 20730 20730 D ViewRootImpl@14314fc[CartActivity]: ViewPostImeInputStage processPointer 1
08-20 08:50:19.321 20730 20730 D AbsListView: onTouchUp() mTouchMode : 3
08-20 08:50:19.321 20730 20730 D AbsListView: onTouchUp() TOUCH_MODE_SCROLL initialVelocity : -145
08-20 08:50:19.321 20730 20730 D AbsListView: reportScrollStateChange() newState : 0
08-20 08:50:19.868 20730 20730 D ViewRootImpl@14314fc[CartActivity]: ViewPostImeInputStage processPointer 0
08-20 08:50:19.941 20730 20730 D ViewRootImpl@14314fc[CartActivity]: ViewPostImeInputStage processPointer 1
08-20 08:50:19.947 20730 20730 D View : requestFocusFromTouch
08-20 08:50:19.974 20730 20730 D ScrollView: initGoToTop
08-20 08:50:19.978 20730 20730 D ScrollView: initGoToTop
08-20 08:50:19.986 20730 20730 D ViewRootImpl@cb0c5aa[CartActivity]: ThreadedRenderer.create() translucent=true
08-20 08:50:19.993 20730 20730 D InputTransport: Input channel constructed: fd=69
08-20 08:50:19.993 20730 20730 D ViewRootImpl@cb0c5aa[CartActivity]: setView = DecorView@efa259b[CartActivity] touchMode=false
08-20 08:50:19.995 20730 20730 V InputMethodManager: Starting input: tba=android.view.inputmethod.EditorInfo@8d96d38 nm : cz.gienger.mobile ic=null
08-20 08:50:19.995 20730 20730 I InputMethodManager: startInputInner - mService.startInputOrWindowGainedFocus
08-20 08:50:19.996 20730 20730 D InputTransport: Input channel constructed: fd=70
08-20 08:50:19.996 20730 20730 D InputTransport: Input channel destroyed: fd=68
08-20 08:50:19.999 20730 20730 D ViewRootImpl@cb0c5aa[CartActivity]: dispatchAttachedToWindow
08-20 08:50:20.032 20730 20730 D ViewRootImpl@cb0c5aa[CartActivity]: Relayout returned: oldFrame=[0,0][0,0] newFrame=[108,450][660,597] result=0x26 surface={isValid=true -1981569024} surfaceGenerationChanged=true
08-20 08:50:20.032 20730 20730 D ViewRootImpl@cb0c5aa[CartActivity]: mHardwareRenderer.initialize() mSurface={isValid=true -1981569024} hwInitialized=true
08-20 08:50:20.035 20730 20730 D ScrollView: onsize change changed
08-20 08:50:20.035 20730 20730 D ScrollView: onsize change changed
08-20 08:50:20.036 20730 20730 D ViewRootImpl@cb0c5aa[CartActivity]: MSG_WINDOW_FOCUS_CHANGED 1
08-20 08:50:20.036 20730 20730 D ViewRootImpl@cb0c5aa[CartActivity]: mHardwareRenderer.initializeIfNeeded()#2 mSurface={isValid=true -1981569024}
08-20 08:50:20.037 20730 20730 V InputMethodManager: Not IME target window, ignoring
08-20 08:50:20.037 20730 20730 W IInputConnectionWrapper: finishComposingText on inactive InputConnection
08-20 08:50:20.052 20730 20730 D ViewRootImpl@cb0c5aa[CartActivity]: MSG_RESIZED_REPORT: frame=Rect(108, 450 - 660, 597) ci=Rect(0, 0 - 0, 0) vi=Rect(0, 0 - 0, 0) or=1
08-20 08:50:20.122 20730 20730 D ViewRootImpl@14314fc[CartActivity]: MSG_WINDOW_FOCUS_CHANGED 0
08-20 08:50:21.101 20730 20730 D ViewRootImpl@cb0c5aa[CartActivity]: ViewPostImeInputStage processPointer 0
08-20 08:50:21.191 20730 20730 D ViewRootImpl@cb0c5aa[CartActivity]: ViewPostImeInputStage processPointer 1
08-20 08:50:21.218 20730 20730 D ScrollView: initGoToTop
08-20 08:50:21.221 20730 20730 D ScrollView: initGoToTop
08-20 08:50:21.232 20730 20730 D ViewRootImpl@17c8f14[CartActivity]: ThreadedRenderer.create() translucent=true
08-20 08:50:21.238 20730 20730 D InputTransport: Input channel constructed: fd=82
08-20 08:50:21.238 20730 20730 D ViewRootImpl@17c8f14[CartActivity]: setView = DecorView@31933bd[CartActivity] touchMode=true
08-20 08:50:21.253 20730 20746 D OpenGLRenderer: endAllActiveAnimators on 0x8b269c80 (RippleDrawable) with handle 0x8a346f50
08-20 08:50:21.253 20730 20730 D ViewRootImpl@cb0c5aa[CartActivity]: mHardwareRenderer.destroy()#4
08-20 08:50:21.253 20730 20730 D ViewRootImpl@cb0c5aa[CartActivity]: dispatchDetachedFromWindow
08-20 08:50:21.266 20730 20730 D InputTransport: Input channel destroyed: fd=69
08-20 08:50:21.267 20730 20730 D ViewRootImpl@17c8f14[CartActivity]: dispatchAttachedToWindow
08-20 08:50:21.308 20730 20730 D ViewRootImpl@17c8f14[CartActivity]: Relayout returned: oldFrame=[0,0][0,0] newFrame=[108,466][660,582] result=0x27 surface={isValid=true -1981569024} surfaceGenerationChanged=true
08-20 08:50:21.314 20730 20730 D ViewRootImpl@17c8f14[CartActivity]: mHardwareRenderer.initialize() mSurface={isValid=true -1981569024} hwInitialized=true
08-20 08:50:21.320 20730 20730 D ViewRootImpl@17c8f14[CartActivity]: MSG_WINDOW_FOCUS_CHANGED 1
08-20 08:50:21.321 20730 20730 D ViewRootImpl@17c8f14[CartActivity]: mHardwareRenderer.initializeIfNeeded()#2 mSurface={isValid=true -1981569024}
08-20 08:50:21.332 20730 20730 D ViewRootImpl@17c8f14[CartActivity]: MSG_RESIZED_REPORT: frame=Rect(108, 466 - 660, 582) ci=Rect(0, 0 - 0, 0) vi=Rect(0, 0 - 0, 0) or=1
08-20 08:50:21.363 20730 20730 E ViewRootImpl: sendUserActionEvent() returned.
08-20 08:50:21.465 20730 20740 I art : Background partial concurrent mark sweep GC freed 98514(4MB) AllocSpace objects, 10(2MB) LOS objects, 47% free, 13MB/25MB, paused 1.110ms total 127.127ms
08-20 08:50:21.617 20730 20735 I art : Do full code cache collection, code=205KB, data=250KB
08-20 08:50:21.618 20730 20735 I art : Starting a blocking GC JitCodeCache
08-20 08:50:21.619 20730 20735 I art : After code cache collection, code=158KB, data=160KB
08-20 08:50:22.673 20730 20740 I art : Background sticky concurrent mark sweep GC freed 385511(11MB) AllocSpace objects, 2(56KB) LOS objects, 40% free, 14MB/25MB, paused 1.032ms total 113.744ms
08-20 08:50:22.946 20730 21829 W PdfBoxAndroid: Call PDFBoxResourceLoader.init() first to decrease resource load time
08-20 08:50:23.478 20730 20740 I art : Background partial concurrent mark sweep GC freed 144355(5MB) AllocSpace objects, 18(5MB) LOS objects, 42% free, 16MB/28MB, paused 1.154ms total 123.610ms
08-20 08:50:24.310 20730 20740 I art : Background sticky concurrent mark sweep GC freed 411064(11MB) AllocSpace objects, 6(1008KB) LOS objects, 32% free, 18MB/28MB, paused 1.796ms total 111.054ms
08-20 08:50:25.233 20730 20740 I art : Background partial concurrent mark sweep GC freed 323022(9MB) AllocSpace objects, 8(300KB) LOS objects, 40% free, 22MB/37MB, paused 1.001ms total 172.620ms
08-20 08:50:25.753 20730 20730 D ViewRootImpl@17c8f14[CartActivity]: mHardwareRenderer.destroy()#4
08-20 08:50:25.754 20730 20730 D ViewRootImpl@17c8f14[CartActivity]: dispatchDetachedFromWindow
08-20 08:50:25.765 20730 20730 D InputTransport: Input channel destroyed: fd=82
08-20 08:50:25.804 20730 20730 D ViewRootImpl@14314fc[CartActivity]: MSG_WINDOW_FOCUS_CHANGED 1
08-20 08:50:25.805 20730 20730 V InputMethodManager: Not IME target window, ignoring
08-20 08:50:25.805 20730 20730 D ViewRootImpl@14314fc[CartActivity]: mHardwareRenderer.initializeIfNeeded()#2 mSurface={isValid=true -1947330560}
08-20 08:50:25.828 20730 20730 V InputMethodManager: Starting input: tba=android.view.inputmethod.EditorInfo@34fc7e6 nm : cz.gienger.mobile ic=null
08-20 08:50:25.828 20730 20730 I InputMethodManager: startInputInner - mService.startInputOrWindowGainedFocus
08-20 08:50:25.852 20730 20730 D InputTransport: Input channel constructed: fd=68
08-20 08:50:25.852 20730 20730 D InputTransport: Input channel destroyed: fd=70
08-20 08:50:25.853 20730 20730 E ViewRootImpl: sendUserActionEvent() returned.
08-20 08:50:25.908 20730 20730 D ViewRootImpl@14314fc[CartActivity]: MSG_WINDOW_FOCUS_CHANGED 0
08-20 08:50:26.149 20730 20746 D OpenGLRenderer: endAllActiveAnimators on 0x89ca4e00 (RippleDrawable) with handle 0x89b0b800
08-20 08:50:26.149 20730 20730 D ViewRootImpl@14314fc[CartActivity]: mHardwareRenderer.destroy()#1
08-20 08:50:26.163 20730 20730 D ViewRootImpl@14314fc[CartActivity]: Relayout returned: oldFrame=[0,0][768,1024] newFrame=[0,0][768,1024] result=0x5 surface={isValid=false 0} surfaceGenerationChanged=true
08-20 08:50:27.422 20730 20730 D InputTransport: Input channel destroyed: fd=68
08-20 08:50:27.528 20730 20730 D ViewRootImpl@14314fc[CartActivity]: Relayout returned: oldFrame=[0,0][768,1024] newFrame=[0,0][768,1024] result=0x5 surface={isValid=false 0} surfaceGenerationChanged=false
08-20 08:51:01.741 20730 20730 D ViewRootImpl@6df1bd2[PdfArchiveActivity]: ThreadedRenderer.create() translucent=true
08-20 08:51:01.745 20730 20730 D InputTransport: Input channel constructed: fd=62
08-20 08:51:01.745 20730 20730 D ViewRootImpl@6df1bd2[PdfArchiveActivity]: setView = DecorView@de504a3[PdfArchiveActivity] touchMode=true
08-20 08:51:01.748 20730 20730 D ViewRootImpl@6df1bd2[PdfArchiveActivity]: dispatchAttachedToWindow
08-20 08:51:01.774 20730 20730 D ViewRootImpl@6df1bd2[PdfArchiveActivity]: Relayout returned: oldFrame=[0,0][0,0] newFrame=[241,456][527,568] result=0x27 surface={isValid=true -1970671616} surfaceGenerationChanged=true
08-20 08:51:01.775 20730 20730 D ViewRootImpl@6df1bd2[PdfArchiveActivity]: mHardwareRenderer.initialize() mSurface={isValid=true -1970671616} hwInitialized=true
08-20 08:51:01.778 20730 20730 D ViewRootImpl@6df1bd2[PdfArchiveActivity]: MSG_RESIZED_REPORT: frame=Rect(241, 456 - 527, 568) ci=Rect(0, 0 - 0, 0) vi=Rect(0, 0 - 0, 0) or=1
08-20 08:51:01.778 20730 20730 D ViewRootImpl@6df1bd2[PdfArchiveActivity]: MSG_WINDOW_FOCUS_CHANGED 1
08-20 08:51:01.778 20730 20730 D ViewRootImpl@6df1bd2[PdfArchiveActivity]: mHardwareRenderer.initializeIfNeeded()#2 mSurface={isValid=true -1970671616}
08-20 08:51:01.779 20730 20730 V InputMethodManager: Starting input: tba=android.view.inputmethod.EditorInfo@afed3a0 nm : cz.gienger.mobile ic=null
08-20 08:51:01.779 20730 20730 I InputMethodManager: startInputInner - mService.startInputOrWindowGainedFocus
08-20 08:51:01.782 20730 20730 D InputTransport: Input channel constructed: fd=68
08-20 08:51:02.878 20730 20730 D ViewRootImpl@6df1bd2[PdfArchiveActivity]: mHardwareRenderer.destroy()#1
08-20 08:51:02.894 20730 20730 D ViewRootImpl@6df1bd2[PdfArchiveActivity]: Relayout returned: oldFrame=[241,456][527,568] newFrame=[241,456][527,568] result=0x5 surface={isValid=false 0} surfaceGenerationChanged=true
08-20 08:51:02.894 20730 20730 D ViewRootImpl@6df1bd2[PdfArchiveActivity]: MSG_WINDOW_FOCUS_CHANGED 0
08-20 08:51:03.060 20730 20730 D ViewRootImpl@14314fc[CartActivity]: Relayout returned: oldFrame=[0,0][768,1024] newFrame=[0,0][768,1024] result=0x7 surface={isValid=true -1970671616} surfaceGenerationChanged=true
08-20 08:51:03.061 20730 20730 D ViewRootImpl@14314fc[CartActivity]: mHardwareRenderer.initialize() mSurface={isValid=true -1970671616} hwInitialized=true
08-20 08:51:03.093 20730 20730 D AbsListView: in onLayout changed
08-20 08:51:03.096 20730 20730 D InputTransport: Input channel destroyed: fd=68
08-20 08:51:03.115 20730 22038 D MYINTERCEPTOR: /GiengerService.svc/uploadfinishedorder
08-20 08:51:03.116 20730 22038 D OkHttp : --> POST https://testsaig1.gienger.cz/GiengerService.svc/uploadfinishedorder http/1.1
08-20 08:51:03.116 20730 22038 D OkHttp : Content-Type: text/raw
08-20 08:51:03.116 20730 22038 D OkHttp : Content-Length: 139503
08-20 08:51:03.116 20730 22038 D OkHttp : filename: b9ab95eb-7aa8-4b30-a3e5-e2b5678d3092.xml
08-20 08:51:03.116 20730 22038 D OkHttp : Checksum: f9c9d081dd0a8789ec1cd8f5dc162eac
08-20 08:51:03.116 20730 22038 D OkHttp : token: 237868a1bd4b9aa248829f59f51a8daa
08-20 08:51:03.116 20730 22038 D OkHttp : state: CZ
08-20 08:51:03.116 20730 22038 D OkHttp : --> END POST
08-20 08:51:03.139 20730 20730 D ViewRootImpl@4d6e910[CategoryListActivity]: mHardwareRenderer.destroy()#4
08-20 08:51:03.139 20730 20730 D ViewRootImpl@4d6e910[CategoryListActivity]: dispatchDetachedFromWindow
08-20 08:51:03.146 20730 20730 D InputTransport: Input channel destroyed: fd=64
08-20 08:51:03.157 20730 20730 D ViewRootImpl@aaedec1[ArticleListActivity]: mHardwareRenderer.destroy()#4
08-20 08:51:03.157 20730 20730 D ViewRootImpl@aaedec1[ArticleListActivity]: dispatchDetachedFromWindow
08-20 08:51:03.164 20730 20730 D InputTransport: Input channel destroyed: fd=66
08-20 08:51:03.215 20730 20730 D LOCATION_SERVICE: onDestroy
08-20 08:51:03.287 20730 22038 D OkHttp : <-- 200 https://testsaig1.gienger.cz/GiengerService.svc/uploadfinishedorder (170ms)
08-20 08:51:03.288 20730 22038 D OkHttp : content-type: application/xml; charset=utf-8
08-20 08:51:03.288 20730 22038 D OkHttp : server: Microsoft-IIS/10.0
08-20 08:51:03.288 20730 22038 D OkHttp : x-powered-by: ASP.NET
08-20 08:51:03.288 20730 22038 D OkHttp : date: Mon, 20 Aug 2018 06:51:01 GMT
08-20 08:51:03.288 20730 22038 D OkHttp : content-length: 175
08-20 08:51:03.288 20730 22038 D OkHttp : <-- END HTTP
08-20 08:51:03.394 20730 20730 D ViewRootImpl@de54ef[MainActivity]: Relayout returned: oldFrame=[0,0][768,1024] newFrame=[0,0][768,1024] result=0x7 surface={isValid=true -1949947904} surfaceGenerationChanged=true
08-20 08:51:03.394 20730 20730 D ViewRootImpl@de54ef[MainActivity]: mHardwareRenderer.initialize() mSurface={isValid=true -1949947904} hwInitialized=true
08-20 08:51:03.447 20730 20730 D AbsListView: in onLayout changed
08-20 08:51:03.470 20730 20730 D ViewRootImpl@de54ef[MainActivity]: MSG_WINDOW_FOCUS_CHANGED 1
08-20 08:51:03.471 20730 20730 D ViewRootImpl@de54ef[MainActivity]: mHardwareRenderer.initializeIfNeeded()#2 mSurface={isValid=true -1949947904}
08-20 08:51:03.472 20730 20730 V InputMethodManager: Starting input: tba=android.view.inputmethod.EditorInfo@48997ee nm : cz.gienger.mobile ic=null
08-20 08:51:03.472 20730 20730 I InputMethodManager: startInputInner - mService.startInputOrWindowGainedFocus
08-20 08:51:03.507 20730 20730 D InputTransport: Input channel constructed: fd=66
08-20 08:51:03.584 20730 20730 D ViewRootImpl@14314fc[CartActivity]: mHardwareRenderer.destroy()#1
08-20 08:51:03.644 20730 20730 D ViewRootImpl@14314fc[CartActivity]: Relayout returned: oldFrame=[0,0][768,1024] newFrame=[0,0][768,1024] result=0x5 surface={isValid=false 0} surfaceGenerationChanged=true
08-20 08:51:03.665 20730 20730 D ViewRootImpl@6df1bd2[PdfArchiveActivity]: mHardwareRenderer.destroy()#4
08-20 08:51:03.665 20730 20730 D ViewRootImpl@6df1bd2[PdfArchiveActivity]: dispatchDetachedFromWindow
08-20 08:51:03.696 20730 20730 D InputTransport: Input channel destroyed: fd=62
08-20 08:51:03.937 20730 20730 D TextView: SYANI: Clipboard API is calling: clearFilter()
08-20 08:51:03.937 20730 20730 D TextView: SYANI: Clipboard API is calling: unregisterClipboardEventListener()
08-20 08:51:03.938 20730 20730 D TextView: SYANI: Clipboard API is calling: clearFilter()
08-20 08:51:03.938 20730 20730 D TextView: SYANI: Clipboard API is calling: unregisterClipboardEventListener()
08-20 08:51:03.939 20730 20730 D TextView: SYANI: Clipboard API is calling: clearFilter()
08-20 08:51:03.939 20730 20730 D TextView: SYANI: Clipboard API is calling: unregisterClipboardEventListener()
08-20 08:51:03.940 20730 20730 D TextView: SYANI: Clipboard API is calling: clearFilter()
08-20 08:51:03.940 20730 20730 D TextView: SYANI: Clipboard API is calling: unregisterClipboardEventListener()
08-20 08:51:03.942 20730 20730 D TextView: SYANI: Clipboard API is calling: clearFilter()
08-20 08:51:03.942 20730 20730 D TextView: SYANI: Clipboard API is calling: unregisterClipboardEventListener()
08-20 08:51:03.948 20730 20730 D TextView: SYANI: Clipboard API is calling: clearFilter()
08-20 08:51:03.948 20730 20730 D TextView: SYANI: Clipboard API is calling: unregisterClipboardEventListener()
08-20 08:51:03.950 20730 20730 D TextView: SYANI: Clipboard API is calling: clearFilter()
08-20 08:51:03.950 20730 20730 D TextView: SYANI: Clipboard API is calling: unregisterClipboardEventListener()
08-20 08:51:03.953 20730 20730 D TextView: SYANI: Clipboard API is calling: clearFilter()
08-20 08:51:03.953 20730 20730 D TextView: SYANI: Clipboard API is calling: unregisterClipboardEventListener()
08-20 08:51:03.956 20730 20730 D TextView: SYANI: Clipboard API is calling: clearFilter()
08-20 08:51:03.956 20730 20730 D TextView: SYANI: Clipboard API is calling: unregisterClipboardEventListener()
08-20 08:51:03.963 20730 20730 D ViewRootImpl@14314fc[CartActivity]: mHardwareRenderer.destroy()#4
08-20 08:51:03.963 20730 20730 D ViewRootImpl@14314fc[CartActivity]: dispatchDetachedFromWindow
08-20 08:51:03.976 20730 20730 D InputTransport: Input channel destroyed: fd=67
08-20 08:51:04.623 20730 20730 D ViewRootImpl: updatePointerIcon pointerType = 20001, calling pid = 20730
08-20 08:51:04.623 20730 20730 D InputManager: setPointerIconType iconId = 20001, callingPid = 20730
08-20 08:51:04.625 20730 20730 D ViewRootImpl: updatePointerIcon pointerType = 20001, calling pid = 20730
08-20 08:51:04.625 20730 20730 D InputManager: setPointerIconType iconId = 20001, callingPid = 20730
08-20 08:51:05.851 20730 20730 D ViewRootImpl: updatePointerIcon pointerType = 20001, calling pid = 20730
08-20 08:51:05.851 20730 20730 D InputManager: setPointerIconType iconId = 20001, callingPid = 20730
08-20 08:51:06.103 20730 20730 D ViewRootImpl@de54ef[MainActivity]: ViewPostImeInputStage processPointer 0
08-20 08:51:06.104 20730 20730 D ViewRootImpl: updatePointerIcon pointerType = 20001, calling pid = 20730
08-20 08:51:06.104 20730 20730 D InputManager: setPointerIconType iconId = 20001, callingPid = 20730
08-20 08:51:06.164 20730 20730 D ViewRootImpl@de54ef[MainActivity]: ViewPostImeInputStage processPointer 1
08-20 08:51:06.172 20730 20730 D ViewRootImpl: updatePointerIcon pointerType = 20001, calling pid = 20730
08-20 08:51:06.172 20730 20730 D InputManager: setPointerIconType iconId = 20001, callingPid = 20730
08-20 08:51:06.173 20730 20730 D ViewRootImpl: updatePointerIcon pointerType = 20001, calling pid = 20730
08-20 08:51:06.173 20730 20730 D InputManager: setPointerIconType iconId = 20001, callingPid = 20730
08-20 08:51:06.183 20730 20730 D item_click: viewId = 2131820756, position = 0
08-20 08:51:06.235 20730 20730 D ViewRootImpl@de54ef[MainActivity]: MSG_WINDOW_FOCUS_CHANGED 0
08-20 08:51:06.350 20730 20730 D ViewRootImpl@fa28a6b[DeliverActivity]: ThreadedRenderer.create() translucent=false
08-20 08:51:06.353 20730 20730 D InputTransport: Input channel constructed: fd=73
08-20 08:51:06.353 20730 20730 D ViewRootImpl@fa28a6b[DeliverActivity]: setView = DecorView@823b9c8[DeliverActivity] touchMode=true
08-20 08:51:06.354 20730 20730 D LOCATION_SERVICE: LocationListener gps
08-20 08:51:06.355 20730 20730 D LOCATION_SERVICE: LocationListener network
08-20 08:51:06.356 20730 20730 D LOCATION_SERVICE: onCreate
08-20 08:51:06.356 20730 20730 D LOCATION_SERVICE: initializeLocationManager
08-20 08:51:06.365 20730 20730 D LOCATION_SERVICE: onStartCommand
08-20 08:51:06.371 20730 20730 D ViewRootImpl@fa28a6b[DeliverActivity]: dispatchAttachedToWindow
08-20 08:51:06.416 20730 20730 D ViewRootImpl@fa28a6b[DeliverActivity]: Relayout returned: oldFrame=[0,0][0,0] newFrame=[0,0][768,1024] result=0x27 surface={isValid=true -1984434176} surfaceGenerationChanged=true
08-20 08:51:06.417 20730 20730 D ViewRootImpl@fa28a6b[DeliverActivity]: mHardwareRenderer.initialize() mSurface={isValid=true -1984434176} hwInitialized=true
08-20 08:51:06.457 20730 20730 D ViewRootImpl@fa28a6b[DeliverActivity]: MSG_RESIZED_REPORT: frame=Rect(0, 0 - 768, 1024) ci=Rect(0, 24 - 0, 0) vi=Rect(0, 24 - 0, 0) or=1
08-20 08:51:06.457 20730 20730 D ViewRootImpl@fa28a6b[DeliverActivity]: MSG_WINDOW_FOCUS_CHANGED 1
08-20 08:51:06.457 20730 20730 D ViewRootImpl@fa28a6b[DeliverActivity]: mHardwareRenderer.initializeIfNeeded()#2 mSurface={isValid=true -1984434176}
08-20 08:51:06.458 20730 20730 V InputMethodManager: Starting input: tba=android.view.inputmethod.EditorInfo@65dd499 nm : cz.gienger.mobile ic=null
08-20 08:51:06.458 20730 20730 I InputMethodManager: startInputInner - mService.startInputOrWindowGainedFocus
08-20 08:51:06.471 20730 20730 D InputTransport: Input channel constructed: fd=75
08-20 08:51:06.471 20730 20730 D InputTransport: Input channel destroyed: fd=66
08-20 08:51:06.500 20730 22035 D FILE_MANAGER: Copying file /data/user/0/cz.gienger.mobile/files/delivery/130HT1180412713/130HT1180412713.pdf to /storage/emulated/0/130HT1180412713.pdf
08-20 08:51:06.518 20730 20746 D OpenGLRenderer: endAllActiveAnimators on 0x89f88e00 (RippleDrawable) with handle 0x89caede0
08-20 08:51:06.518 20730 20730 D ViewRootImpl@de54ef[MainActivity]: mHardwareRenderer.destroy()#1
08-20 08:51:06.532 20730 20730 D ViewRootImpl@de54ef[MainActivity]: Relayout returned: oldFrame=[0,0][768,1024] newFrame=[0,0][768,1024] result=0x5 surface={isValid=false 0} surfaceGenerationChanged=true
08-20 08:51:06.934 20730 20730 D ViewRootImpl@de54ef[MainActivity]: Relayout returned: oldFrame=[0,0][768,1024] newFrame=[0,0][768,1024] result=0x5 surface={isValid=false 0} surfaceGenerationChanged=false
08-20 08:51:07.005 20730 22035 D FILE_MANAGER: copy ok
08-20 08:51:07.362 20730 20730 D ViewRootImpl: updatePointerIcon pointerType = 20001, calling pid = 20730
08-20 08:51:07.364 20730 20730 D InputManager: setPointerIconType iconId = 20001, callingPid = 20730
08-20 08:51:07.366 20730 20730 D ViewRootImpl: updatePointerIcon pointerType = 20001, calling pid = 20730
08-20 08:51:07.366 20730 20730 D InputManager: setPointerIconType iconId = 20001, callingPid = 20730
08-20 08:51:07.565 20730 20730 D LOCATION_SERVICE: onLocationChanged: Location[network 49,191093,17,534557 acc=21 et=+3d20h56m41s331ms alt=0.0 vel=0.0 bear=0.0 {Bundle[mParcelledData.dataSize=80]}]
08-20 08:51:07.623 20730 20730 D ViewRootImpl@fa28a6b[DeliverActivity]: ViewPostImeInputStage processPointer 0
08-20 08:51:07.625 20730 20730 D ViewRootImpl: updatePointerIcon pointerType = 20001, calling pid = 20730
08-20 08:51:07.625 20730 20730 D InputManager: setPointerIconType iconId = 20001, callingPid = 20730
08-20 08:51:07.694 20730 20730 D ViewRootImpl@fa28a6b[DeliverActivity]: ViewPostImeInputStage processPointer 1
08-20 08:51:07.699 20730 20730 D ViewRootImpl: updatePointerIcon pointerType = 20001, calling pid = 20730
08-20 08:51:07.700 20730 20730 D InputManager: setPointerIconType iconId = 20001, callingPid = 20730
08-20 08:51:07.700 20730 20730 D ViewRootImpl: updatePointerIcon pointerType = 20001, calling pid = 20730
08-20 08:51:07.701 20730 20730 D InputManager: setPointerIconType iconId = 20001, callingPid = 20730
08-20 08:51:08.527 20730 20730 D ViewRootImpl: updatePointerIcon pointerType = 20001, calling pid = 20730
08-20 08:51:08.528 20730 20730 D InputManager: setPointerIconType iconId = 20001, callingPid = 20730 --------- beginning of system
08-20 08:51:08.584 20730 20730 W dogbel : handleMotionEvent enter
08-20 08:51:08.584 20730 20730 W dogbel : handleMotionEvent enter 2
08-20 08:51:08.585 20730 20730 D DirectPenInput: handleMotionEvent ACTION_HOVER_ENTER
08-20 08:51:08.586 20730 20730 D DirectPenInput: canStartDirectPenInput() : false
08-20 08:51:08.586 20730 20730 D DirectPenInput: state : 0.1.0.9. d9742ee
08-20 08:51:08.593 20730 20730 W dogbel : handleMotionEvent enter
08-20 08:51:08.594 20730 20730 W dogbel : handleMotionEvent enter 2
08-20 08:51:08.596 20730 20730 D ViewRootImpl: updatePointerIcon pointerType = 20002, calling pid = 20730
08-20 08:51:08.596 20730 20730 D InputManager: setPointerIconType iconId = 20002, callingPid = 20730
08-20 08:51:08.604 20730 20730 W dogbel : handleMotionEvent enter
08-20 08:51:08.604 20730 20730 W dogbel : handleMotionEvent enter 2
08-20 08:51:08.614 20730 20730 W dogbel : handleMotionEvent enter
08-20 08:51:08.614 20730 20730 W dogbel : handleMotionEvent enter 2
08-20 08:51:08.630 20730 20730 W dogbel : handleMotionEvent enter
08-20 08:51:08.630 20730 20730 W dogbel : handleMotionEvent enter 2
08-20 08:51:08.647 20730 20730 W dogbel : handleMotionEvent enter
08-20 08:51:08.647 20730 20730 W dogbel : handleMotionEvent enter 2
08-20 08:51:08.664 20730 20730 W dogbel : handleMotionEvent enter
08-20 08:51:08.664 20730 20730 W dogbel : handleMotionEvent enter 2
08-20 08:51:08.680 20730 20730 W dogbel : handleMotionEvent enter
08-20 08:51:08.681 20730 20730 W dogbel : handleMotionEvent enter 2
08-20 08:51:08.697 20730 20730 W dogbel : handleMotionEvent enter
08-20 08:51:08.697 20730 20730 W dogbel : handleMotionEvent enter 2
08-20 08:51:08.714 20730 20730 W dogbel : handleMotionEvent enter
08-20 08:51:08.714 20730 20730 W dogbel : handleMotionEvent enter 2
08-20 08:51:08.730 20730 20730 W dogbel : handleMotionEvent enter
08-20 08:51:08.731 20730 20730 W dogbel : handleMotionEvent enter 2
08-20 08:51:08.740 20730 20730 W dogbel : handleMotionEvent enter
08-20 08:51:08.740 20730 20730 W dogbel : handleMotionEvent enter 2
08-20 08:51:08.740 20730 20730 D DirectPenInput: handleMotionEvent ACTION_HOVER_EXIT
08-20 08:51:08.741 20730 20730 D DirectPenInput: state : 0.1.0.10. d9742ee
08-20 08:51:08.744 20730 20730 D ViewRootImpl@fa28a6b[DeliverActivity]: ViewPostImeInputStage processPointer 0
08-20 08:51:08.745 20730 20730 W dogbel : handleMotionEvent enter
08-20 08:51:08.745 20730 20730 W dogbel : handleMotionEvent enter 2
08-20 08:51:08.745 20730 20730 D DirectPenInput: state : 0.1.0.0. d9742ee
08-20 08:51:08.746 20730 20730 D ViewRootImpl: updatePointerIcon pointerType = 20002, calling pid = 20730
08-20 08:51:08.747 20730 20730 D InputManager: setPointerIconType iconId = 20002, callingPid = 20730
08-20 08:51:08.749 20730 20730 W dogbel : handleMotionEvent enter
08-20 08:51:08.749 20730 20730 W dogbel : handleMotionEvent enter 2
08-20 08:51:08.749 20730 20730 D DirectPenInput: state : 0.1.0.2. d9742ee
08-20 08:51:08.765 20730 20730 W dogbel : handleMotionEvent enter
08-20 08:51:08.765 20730 20730 W dogbel : handleMotionEvent enter 2
08-20 08:51:08.766 20730 20730 D DirectPenInput: state : 0.1.0.2. d9742ee
08-20 08:51:08.767 20730 20730 D ViewRootImpl@fa28a6b[DeliverActivity]: ViewPostImeInputStage processPointer 1
08-20 08:51:08.767 20730 20730 W dogbel : handleMotionEvent enter
08-20 08:51:08.767 20730 20730 W dogbel : handleMotionEvent enter 2
08-20 08:51:08.767 20730 20730 D DirectPenInput: state : 0.1.0.1. d9742ee
08-20 08:51:08.779 20730 20730 V InputMethodManager: Starting input: tba=android.view.inputmethod.EditorInfo@73679ab nm : cz.gienger.mobile ic=com.android.internal.widget.EditableInputConnection@861808
08-20 08:51:08.779 20730 20730 I InputMethodManager: startInputInner - mService.startInputOrWindowGainedFocus
08-20 08:51:08.780 20730 20730 D InputTransport: Input channel constructed: fd=66
08-20 08:51:08.780 20730 20730 D InputTransport: Input channel destroyed: fd=75
08-20 08:51:08.780 20730 20730 D InputMethodManager: SSI - flag : 0 Pid : 20730 view : cz.gienger.mobile
08-20 08:51:08.783 20730 20730 W dogbel : handleMotionEvent enter
08-20 08:51:08.783 20730 20730 W dogbel : handleMotionEvent enter 2
08-20 08:51:08.783 20730 20730 D DirectPenInput: handleMotionEvent ACTION_HOVER_ENTER
08-20 08:51:08.784 20730 20730 D DirectPenInput: canStartDirectPenInput() : false
08-20 08:51:08.784 20730 20730 D DirectPenInput: state : 0.1.0.9. d9742ee
08-20 08:51:08.790 20730 20730 D ViewRootImpl: updatePointerIcon pointerType = 20002, calling pid = 20730
08-20 08:51:08.790 20730 20730 D InputManager: setPointerIconType iconId = 20002, callingPid = 20730
08-20 08:51:08.791 20730 20730 D ViewRootImpl: updatePointerIcon pointerType = 20002, calling pid = 20730
08-20 08:51:08.791 20730 20730 D InputManager: setPointerIconType iconId = 20002, callingPid = 20730
08-20 08:51:08.795 20730 20730 W dogbel : handleMotionEvent enter
08-20 08:51:08.795 20730 20730 W dogbel : handleMotionEvent enter 2
08-20 08:51:08.814 20730 20730 W dogbel : handleMotionEvent enter
08-20 08:51:08.814 20730 20730 W dogbel : handleMotionEvent enter 2
08-20 08:51:08.831 20730 20730 W dogbel : handleMotionEvent enter
08-20 08:51:08.831 20730 20730 W dogbel : handleMotionEvent enter 2
08-20 08:51:08.847 20730 20730 W dogbel : handleMotionEvent enter
08-20 08:51:08.847 20730 20730 W dogbel : handleMotionEvent enter 2
08-20 08:51:08.852 20730 20730 W dogbel : handleMotionEvent enter
08-20 08:51:08.852 20730 20730 W dogbel : handleMotionEvent enter 2
08-20 08:51:08.859 20730 20730 W dogbel : handleMotionEvent enter
08-20 08:51:08.859 20730 20730 W dogbel : handleMotionEvent enter 2
08-20 08:51:08.859 20730 20730 D DirectPenInput: handleMotionEvent ACTION_HOVER_EXIT
08-20 08:51:08.859 20730 20730 D DirectPenInput: state : 0.1.0.10. d9742ee
08-20 08:51:09.105 20730 20730 D ViewRootImpl@fa28a6b[DeliverActivity]: MSG_RESIZED: frame=Rect(0, 0 - 768, 1024) ci=Rect(0, 24 - 0, 320) vi=Rect(0, 24 - 0, 320) or=1
08-20 08:51:09.123 20730 20730 D ViewRootImpl@fa28a6b[DeliverActivity]: Relayout returned: oldFrame=[0,0][768,1024] newFrame=[0,0][768,1024] result=0x1 surface={isValid=true -1984434176} surfaceGenerationChanged=false
08-20 08:51:09.802 20730 20730 D ViewRootImpl: updatePointerIcon pointerType = 20001, calling pid = 20730
08-20 08:51:09.803 20730 20730 D InputManager: setPointerIconType iconId = 20001, callingPid = 20730
08-20 08:51:10.167 20730 20730 D ViewRootImpl@fa28a6b[DeliverActivity]: ViewPostImeInputStage processPointer 0
08-20 08:51:10.168 20730 20730 D ViewRootImpl: updatePointerIcon pointerType = 20001, calling pid = 20730
08-20 08:51:10.169 20730 20730 D InputManager: setPointerIconType iconId = 20001, callingPid = 20730
08-20 08:51:10.218 20730 20730 D ViewRootImpl@fa28a6b[DeliverActivity]: ViewPostImeInputStage processPointer 1
08-20 08:51:10.223 20730 20730 D ViewRootImpl: updatePointerIcon pointerType = 20001, calling pid = 20730
08-20 08:51:10.223 20730 20730 D InputManager: setPointerIconType iconId = 20001, callingPid = 20730
08-20 08:51:10.224 20730 20730 D ViewRootImpl: updatePointerIcon pointerType = 20001, calling pid = 20730
08-20 08:51:10.224 20730 20730 D InputManager: setPointerIconType iconId = 20001, callingPid = 20730
08-20 08:51:10.242 20730 20730 D ScrollView: initGoToTop
08-20 08:51:10.306 20730 20730 D ScrollView: onsize change changed
08-20 08:51:10.606 20730 20730 D TextView: SYANI: Clipboard API is calling: clearFilter()
08-20 08:51:10.606 20730 20730 D TextView: SYANI: Clipboard API is calling: unregisterClipboardEventListener()
08-20 08:51:10.606 20730 20730 D DirectPenInput: Finish : true
08-20 08:51:10.607 20730 20730 D TextView: SYANI: Clipboard API is calling: clearFilter()
08-20 08:51:10.607 20730 20730 D TextView: SYANI: Clipboard API is calling: unregisterClipboardEventListener()
08-20 08:51:10.610 20730 20730 D TextView: SYANI: Clipboard API is calling: clearFilter()
08-20 08:51:10.610 20730 20730 D TextView: SYANI: Clipboard API is calling: unregisterClipboardEventListener()
08-20 08:51:11.104 20730 20730 D ViewRootImpl: updatePointerIcon pointerType = 20001, calling pid = 20730
08-20 08:51:11.105 20730 20730 D InputManager: setPointerIconType iconId = 20001, callingPid = 20730
08-20 08:51:11.534 20730 20730 D ViewRootImpl@fa28a6b[DeliverActivity]: ViewPostImeInputStage processPointer 0
08-20 08:51:11.535 20730 20730 D ViewRootImpl: updatePointerIcon pointerType = 20001, calling pid = 20730
08-20 08:51:11.536 20730 20730 D InputManager: setPointerIconType iconId = 20001, callingPid = 20730
08-20 08:51:11.605 20730 20730 D ViewRootImpl@fa28a6b[DeliverActivity]: ViewPostImeInputStage processPointer 1
08-20 08:51:11.611 20730 20730 D ViewRootImpl: updatePointerIcon pointerType = 20001, calling pid = 20730
08-20 08:51:11.614 20730 20730 D InputManager: setPointerIconType iconId = 20001, callingPid = 20730
08-20 08:51:11.614 20730 20730 D ViewRootImpl: updatePointerIcon pointerType = 20001, calling pid = 20730
08-20 08:51:11.615 20730 20730 D InputManager: setPointerIconType iconId = 20001, callingPid = 20730
08-20 08:51:12.039 20730 20730 W dogbel : handleMotionEvent enter
08-20 08:51:12.039 20730 20730 W dogbel : handleMotionEvent enter 2
08-20 08:51:12.040 20730 20730 D DirectPenInput: handleMotionEvent ACTION_HOVER_ENTER
08-20 08:51:12.043 20730 20730 D DirectPenInput: canStartDirectPenInput() : false
08-20 08:51:12.043 20730 20730 D DirectPenInput: state : 0.1.0.9. 74901a9
08-20 08:51:12.051 20730 20730 D ViewRootImpl: updatePointerIcon pointerType = 20002, calling pid = 20730
08-20 08:51:12.051 20730 20730 D InputManager: setPointerIconType iconId = 20002, callingPid = 20730
08-20 08:51:12.054 20730 20730 W dogbel : handleMotionEvent enter
08-20 08:51:12.054 20730 20730 W dogbel : handleMotionEvent enter 2
08-20 08:51:12.072 20730 20730 W dogbel : handleMotionEvent enter
08-20 08:51:12.072 20730 20730 W dogbel : handleMotionEvent enter 2
08-20 08:51:12.088 20730 20730 W dogbel : handleMotionEvent enter
08-20 08:51:12.088 20730 20730 W dogbel : handleMotionEvent enter 2
08-20 08:51:12.105 20730 20730 W dogbel : handleMotionEvent enter
08-20 08:51:12.105 20730 20730 W dogbel : handleMotionEvent enter 2
08-20 08:51:12.122 20730 20730 W dogbel : handleMotionEvent enter
08-20 08:51:12.122 20730 20730 W dogbel : handleMotionEvent enter 2
08-20 08:51:12.141 20730 20730 W dogbel : handleMotionEvent enter
08-20 08:51:12.141 20730 20730 W dogbel : handleMotionEvent enter 2
08-20 08:51:12.145 20730 20730 W dogbel : handleMotionEvent enter
08-20 08:51:12.145 20730 20730 W dogbel : handleMotionEvent enter 2
08-20 08:51:12.145 20730 20730 D DirectPenInput: handleMotionEvent ACTION_HOVER_EXIT
08-20 08:51:12.145 20730 20730 D DirectPenInput: state : 0.1.0.10. 74901a9
08-20 08:51:12.149 20730 20730 D ViewRootImpl@fa28a6b[DeliverActivity]: ViewPostImeInputStage processPointer 0
08-20 08:51:12.149 20730 20730 W dogbel : handleMotionEvent enter
08-20 08:51:12.149 20730 20730 W dogbel : handleMotionEvent enter 2
08-20 08:51:12.149 20730 20730 D DirectPenInput: state : 0.1.0.0. 74901a9
08-20 08:51:12.150 20730 20730 D ViewRootImpl: updatePointerIcon pointerType = 20002, calling pid = 20730
08-20 08:51:12.150 20730 20730 D InputManager: setPointerIconType iconId = 20002, callingPid = 20730
08-20 08:51:12.155 20730 20730 W dogbel : handleMotionEvent enter
08-20 08:51:12.155 20730 20730 W dogbel : handleMotionEvent enter 2
08-20 08:51:12.156 20730 20730 D DirectPenInput: state : 0.1.0.2. 74901a9
08-20 08:51:12.172 20730 20730 W dogbel : handleMotionEvent enter
08-20 08:51:12.172 20730 20730 W dogbel : handleMotionEvent enter 2
08-20 08:51:12.172 20730 20730 D DirectPenInput: state : 0.1.0.2. 74901a9
08-20 08:51:12.189 20730 20730 W dogbel : handleMotionEvent enter
08-20 08:51:12.189 20730 20730 W dogbel : handleMotionEvent enter 2
08-20 08:51:12.189 20730 20730 D DirectPenInput: state : 0.1.0.2. 74901a9
08-20 08:51:12.200 20730 20730 W dogbel : handleMotionEvent enter
08-20 08:51:12.200 20730 20730 W dogbel : handleMotionEvent enter 2
08-20 08:51:12.200 20730 20730 D DirectPenInput: state : 0.1.0.2. 74901a9
08-20 08:51:12.201 20730 20730 D ViewRootImpl@fa28a6b[DeliverActivity]: ViewPostImeInputStage processPointer 1
08-20 08:51:12.202 20730 20730 W dogbel : handleMotionEvent enter
08-20 08:51:12.202 20730 20730 W dogbel : handleMotionEvent enter 2
08-20 08:51:12.202 20730 20730 D DirectPenInput: state : 0.1.0.1. 74901a9
08-20 08:51:12.216 20730 20730 V InputMethodManager: Starting input: tba=android.view.inputmethod.EditorInfo@a5f705c nm : cz.gienger.mobile ic=com.android.internal.widget.EditableInputConnection@2070f65
08-20 08:51:12.216 20730 20730 I InputMethodManager: startInputInner - mService.startInputOrWindowGainedFocus
08-20 08:51:12.222 20730 20730 D InputTransport: Input channel constructed: fd=67
08-20 08:51:12.223 20730 20730 D InputTransport: Input channel destroyed: fd=66
08-20 08:51:12.223 20730 20730 D InputMethodManager: SSI - flag : 0 Pid : 20730 view : cz.gienger.mobile
08-20 08:51:12.226 20730 20730 W dogbel : handleMotionEvent enter
08-20 08:51:12.226 20730 20730 W dogbel : handleMotionEvent enter 2
08-20 08:51:12.226 20730 20730 D DirectPenInput: handleMotionEvent ACTION_HOVER_ENTER
08-20 08:51:12.229 20730 20730 D DirectPenInput: canStartDirectPenInput() : false
08-20 08:51:12.229 20730 20730 D DirectPenInput: state : 0.1.0.9. 74901a9
08-20 08:51:12.237 20730 20730 D ViewRootImpl: updatePointerIcon pointerType = 20002, calling pid = 20730
08-20 08:51:12.238 20730 20730 D InputManager: setPointerIconType iconId = 20002, callingPid = 20730
08-20 08:51:12.239 20730 20730 D ViewRootImpl: updatePointerIcon pointerType = 20002, calling pid = 20730
08-20 08:51:12.240 20730 20730 D InputManager: setPointerIconType iconId = 20002, callingPid = 20730
08-20 08:51:12.241 20730 20730 W dogbel : handleMotionEvent enter
08-20 08:51:12.241 20730 20730 W dogbel : handleMotionEvent enter 2
08-20 08:51:12.247 20730 20730 W IInputConnectionWrapper: performPrivateCommand on inactive InputConnection
08-20 08:51:12.247 20730 20730 W IInputConnectionWrapper: finishComposingText on inactive InputConnection
08-20 08:51:12.255 20730 20730 W dogbel : handleMotionEvent enter
08-20 08:51:12.255 20730 20730 W dogbel : handleMotionEvent enter 2
08-20 08:51:12.275 20730 20730 W dogbel : handleMotionEvent enter
08-20 08:51:12.275 20730 20730 W dogbel : handleMotionEvent enter 2
08-20 08:51:12.289 20730 20730 W dogbel : handleMotionEvent enter
08-20 08:51:12.289 20730 20730 W dogbel : handleMotionEvent enter 2
08-20 08:51:12.302 20730 20730 W dogbel : handleMotionEvent enter
08-20 08:51:12.302 20730 20730 W dogbel : handleMotionEvent enter 2
