--------- beginning of main
08-20 07:35:43.479 20588 20588 I : SS_ART_lib [I]: permission is absent: /data/app/cz.gienger.mobile-1/base.apk
08-20 07:35:43.479 20588 20588 I : SS_ART_lib [I]: access to SS denied
08-20 07:35:48.584 20730 20730 I SELinux : SELinux: seapp_context_lookup: seinfo=untrusted, level=s0:c512,c768, pkgname=cz.gienger.mobile
08-20 07:35:48.714 20730 20730 W System : ClassLoader referenced unknown path: /data/app/cz.gienger.mobile-1/lib/arm
08-20 07:35:48.812 20730 20730 W art : Before Android 4.1, method android.graphics.PorterDuffColorFilter android.support.graphics.drawable.VectorDrawableCompat.updateTintFilter(android.graphics.PorterDuffColorFilter, android.content.res.ColorStateList, android.graphics.PorterDuff$Mode) would have incorrectly overridden the package-private method in android.graphics.drawable.Drawable
08-20 07:35:49.005 20730 20730 D FILES : /data/user/0/cz.gienger.mobile/files/delivery
08-20 07:35:49.013 20730 20730 D ScrollView: initGoToTop
08-20 07:35:49.097 20730 20730 D ViewRootImpl@57b9d16[LoginActivity]: ThreadedRenderer.create() translucent=false
08-20 07:35:49.101 20730 20730 D InputTransport: Input channel constructed: fd=59
08-20 07:35:49.101 20730 20730 D ViewRootImpl@57b9d16[LoginActivity]: setView = DecorView@482c697[LoginActivity] touchMode=true
08-20 07:35:49.124 20730 20730 D ViewRootImpl@57b9d16[LoginActivity]: dispatchAttachedToWindow
08-20 07:35:49.153 20730 20730 D ViewRootImpl@57b9d16[LoginActivity]: Relayout returned: oldFrame=[0,0][0,0] newFrame=[0,0][768,1024] result=0x27 surface={isValid=true -1921837056} surfaceGenerationChanged=true
08-20 07:35:49.153 20730 20730 D ViewRootImpl@57b9d16[LoginActivity]: mHardwareRenderer.initialize() mSurface={isValid=true -1921837056} hwInitialized=true
08-20 07:35:49.155 20730 20746 I Adreno-EGL: : EGL 1.4 QUALCOMM build: Nondeterministic_AU_msm8916_32_LA.BR.1.2.9_RB1__release_AU (I750f7f2fa6)
08-20 07:35:49.155 20730 20746 I Adreno-EGL: OpenGL ES Shader Compiler Version: XE031.09.00.03
08-20 07:35:49.155 20730 20746 I Adreno-EGL: Build Date: 02/18/17 Sat 08-20 07:35:49.155 20730 20746 I Adreno-EGL: Local Branch:
08-20 07:35:49.155 20730 20746 I Adreno-EGL: Remote Branch: quic/LA.BR.1.2.9_rb1.12
08-20 07:35:49.155 20730 20746 I Adreno-EGL: Local Patches: NONE
08-20 07:35:49.155 20730 20746 I Adreno-EGL: Reconstruct Branch: NOTHING
08-20 07:35:49.160 20730 20746 I OpenGLRenderer: Initialized EGL, version 1.4
08-20 07:35:49.160 20730 20746 D OpenGLRenderer: Swap behavior 1
08-20 07:35:49.160 20730 20746 W Adreno-EGL: : EGL_BAD_ATTRIBUTE
08-20 07:35:49.160 20730 20746 I OpenGLRenderer: KHR Debugger is Disabled - EGL_BAD_ATTRIBUTE
08-20 07:35:49.184 20730 20730 D ScrollView: onsize change changed
08-20 07:35:49.404 20730 20730 D ViewRootImpl@57b9d16[LoginActivity]: MSG_RESIZED_REPORT: frame=Rect(0, 0 - 768, 1024) ci=Rect(0, 24 - 0, 0) vi=Rect(0, 24 - 0, 0) or=1
08-20 07:35:49.404 20730 20730 D ViewRootImpl@57b9d16[LoginActivity]: MSG_WINDOW_FOCUS_CHANGED 1
08-20 07:35:49.404 20730 20730 D ViewRootImpl@57b9d16[LoginActivity]: mHardwareRenderer.initializeIfNeeded()#2 mSurface={isValid=true -1921837056}
08-20 07:35:49.424 20730 20730 V InputMethodManager: Starting input: tba=android.view.inputmethod.EditorInfo@33b4913 nm : cz.gienger.mobile ic=com.android.internal.widget.EditableInputConnection@8341750
08-20 07:35:49.424 20730 20730 I InputMethodManager: startInputInner - mService.startInputOrWindowGainedFocus
08-20 07:35:49.436 20730 20741 D InputTransport: Input channel constructed: fd=62
08-20 07:35:49.456 20730 20730 V InputMethodManager: Starting input: tba=android.view.inputmethod.EditorInfo@5287d49 nm : cz.gienger.mobile ic=com.android.internal.widget.EditableInputConnection@7dfc64e
08-20 07:35:49.974 20730 20730 D ViewRootImpl@57b9d16[LoginActivity]: MSG_RESIZED: frame=Rect(0, 0 - 768, 1024) ci=Rect(0, 24 - 0, 320) vi=Rect(0, 24 - 0, 320) or=1
08-20 07:35:49.990 20730 20730 D ViewRootImpl@57b9d16[LoginActivity]: Relayout returned: oldFrame=[0,0][768,1024] newFrame=[0,0][768,1024] result=0x1 surface={isValid=true -1921837056} surfaceGenerationChanged=false
08-20 07:35:49.994 20730 20730 D ScrollView: onsize change changed
08-20 07:35:50.981 20730 20730 D ViewRootImpl@57b9d16[LoginActivity]: The input has been finished in ImeInputStage.
08-20 07:35:51.251 20730 20730 D ViewRootImpl@57b9d16[LoginActivity]: The input has been finished in ImeInputStage.
08-20 07:35:51.285 20730 20730 D ViewRootImpl@57b9d16[LoginActivity]: MSG_RESIZED: frame=Rect(0, 0 - 768, 1024) ci=Rect(0, 24 - 0, 0) vi=Rect(0, 24 - 0, 0) or=1
08-20 07:35:51.309 20730 20730 D ViewRootImpl@57b9d16[LoginActivity]: Relayout returned: oldFrame=[0,0][768,1024] newFrame=[0,0][768,1024] result=0x1 surface={isValid=true -1921837056} surfaceGenerationChanged=false
08-20 07:35:51.312 20730 20730 D ScrollView: onsize change changed
08-20 07:35:51.532 20730 20730 D ViewRootImpl@57b9d16[LoginActivity]: ViewPostImeInputStage processKey 0
08-20 07:35:51.591 20730 20730 D ViewRootImpl@57b9d16[LoginActivity]: ViewPostImeInputStage processKey 1
08-20 07:35:52.367 20730 20730 D ViewRootImpl@57b9d16[LoginActivity]: ViewPostImeInputStage processKey 0
08-20 07:35:52.457 20730 20730 D ViewRootImpl@57b9d16[LoginActivity]: ViewPostImeInputStage processKey 1
08-20 07:35:52.727 20730 20730 D ViewRootImpl@57b9d16[LoginActivity]: ViewPostImeInputStage processKey 0
08-20 07:35:52.831 20730 20730 D ViewRootImpl@57b9d16[LoginActivity]: ViewPostImeInputStage processKey 1
08-20 07:35:52.916 20730 20730 D ViewRootImpl@57b9d16[LoginActivity]: ViewPostImeInputStage processKey 0
08-20 07:35:53.014 20730 20730 D ViewRootImpl@57b9d16[LoginActivity]: ViewPostImeInputStage processKey 1
08-20 07:35:53.140 20730 20730 D ViewRootImpl@57b9d16[LoginActivity]: ViewPostImeInputStage processKey 0
08-20 07:35:53.198 20730 20730 D ViewRootImpl@57b9d16[LoginActivity]: ViewPostImeInputStage processKey 1
08-20 07:35:53.326 20730 20730 D ViewRootImpl@57b9d16[LoginActivity]: ViewPostImeInputStage processKey 0
08-20 07:35:53.414 20730 20730 D ViewRootImpl@57b9d16[LoginActivity]: ViewPostImeInputStage processKey 1
08-20 07:35:53.941 20730 20730 D ViewRootImpl@57b9d16[LoginActivity]: MSG_WINDOW_FOCUS_CHANGED 0
08-20 07:35:54.046 20730 20730 D InputTransport: Input channel destroyed: fd=62
08-20 07:35:54.047 20730 20730 W IInputConnectionWrapper: reportFullscreenMode on inexistent InputConnection
08-20 07:35:54.047 20730 20730 W IInputConnectionWrapper: finishComposingText on inactive InputConnection
08-20 07:35:54.066 20730 20730 D ViewRootImpl@57b9d16[LoginActivity]: mHardwareRenderer.destroy()#1
08-20 07:35:54.082 20730 20730 D ViewRootImpl@57b9d16[LoginActivity]: Relayout returned: oldFrame=[0,0][768,1024] newFrame=[0,0][768,1024] result=0x5 surface={isValid=false 0} surfaceGenerationChanged=true
08-20 07:35:54.096 20730 20730 D ViewRootImpl@57b9d16[LoginActivity]: mHardwareRenderer.destroy()#1
08-20 07:35:54.112 20730 20730 D ViewRootImpl@57b9d16[LoginActivity]: Relayout returned: oldFrame=[0,0][768,1024] newFrame=[0,0][768,1024] result=0x1 surface={isValid=false 0} surfaceGenerationChanged=false
08-20 07:35:55.295 20730 20730 D ScrollView: initGoToTop
08-20 07:35:55.372 20730 20730 D ViewRootImpl@6a88e6e[ExportActivity]: ThreadedRenderer.create() translucent=false
08-20 07:35:55.375 20730 20730 D InputTransport: Input channel constructed: fd=63
08-20 07:35:55.375 20730 20730 D ViewRootImpl@6a88e6e[ExportActivity]: setView = DecorView@83e590f[ExportActivity] touchMode=true
08-20 07:35:55.378 20730 20730 D ViewRootImpl@6a88e6e[ExportActivity]: dispatchAttachedToWindow
08-20 07:35:55.417 20730 20730 D ViewRootImpl@6a88e6e[ExportActivity]: Relayout returned: oldFrame=[0,0][0,0] newFrame=[0,0][768,1024] result=0x27 surface={isValid=true -1934817280} surfaceGenerationChanged=true
08-20 07:35:55.417 20730 20730 D ViewRootImpl@6a88e6e[ExportActivity]: mHardwareRenderer.initialize() mSurface={isValid=true -1934817280} hwInitialized=true
08-20 07:35:55.425 20730 20730 D ScrollView: onsize change changed
08-20 07:35:55.448 20730 20730 D ViewRootImpl@6a88e6e[ExportActivity]: MSG_RESIZED_REPORT: frame=Rect(0, 0 - 768, 1024) ci=Rect(0, 24 - 0, 0) vi=Rect(0, 24 - 0, 0) or=1
08-20 07:35:55.449 20730 20730 D ViewRootImpl@6a88e6e[ExportActivity]: MSG_WINDOW_FOCUS_CHANGED 1
08-20 07:35:55.449 20730 20730 D ViewRootImpl@6a88e6e[ExportActivity]: mHardwareRenderer.initializeIfNeeded()#2 mSurface={isValid=true -1934817280}
08-20 07:35:55.450 20730 20730 V InputMethodManager: Starting input: tba=android.view.inputmethod.EditorInfo@248ad9c nm : cz.gienger.mobile ic=null
08-20 07:35:55.450 20730 20730 I InputMethodManager: startInputInner - mService.startInputOrWindowGainedFocus
08-20 07:35:55.459 20730 20730 D InputTransport: Input channel constructed: fd=64
08-20 07:35:57.086 20730 20730 D ViewRootImpl@6a88e6e[ExportActivity]: ViewPostImeInputStage processKey 0
08-20 07:35:57.213 20730 20730 D ViewRootImpl@6a88e6e[ExportActivity]: ViewPostImeInputStage processKey 1
08-20 07:35:57.243 20730 20730 D ViewRootImpl@6a88e6e[ExportActivity]: MSG_WINDOW_FOCUS_CHANGED 0
08-20 07:35:57.375 20730 20730 D InputTransport: Input channel destroyed: fd=64
08-20 07:35:57.425 20730 20730 D ViewRootImpl@6a88e6e[ExportActivity]: mHardwareRenderer.destroy()#1
08-20 07:35:57.441 20730 20730 D ViewRootImpl@6a88e6e[ExportActivity]: Relayout returned: oldFrame=[0,0][768,1024] newFrame=[0,0][768,1024] result=0x5 surface={isValid=false 0} surfaceGenerationChanged=true
08-20 07:35:57.692 20730 20730 D ViewRootImpl@6a88e6e[ExportActivity]: mHardwareRenderer.destroy()#4
08-20 07:35:57.693 20730 20730 D ViewRootImpl@6a88e6e[ExportActivity]: dispatchDetachedFromWindow
08-20 07:35:57.699 20730 20730 D InputTransport: Input channel destroyed: fd=63
08-20 08:40:12.192 20730 20730 D TextView: SYANI: Clipboard API is calling: clearFilter()
08-20 08:40:12.192 20730 20730 D TextView: SYANI: Clipboard API is calling: unregisterClipboardEventListener()
08-20 08:40:12.226 20730 20730 D TextView: SYANI: Clipboard API is calling: clearFilter()
08-20 08:40:12.226 20730 20730 D TextView: SYANI: Clipboard API is calling: unregisterClipboardEventListener()
08-20 08:40:12.245 20730 20730 D ViewRootImpl@57b9d16[LoginActivity]: mHardwareRenderer.destroy()#4
08-20 08:40:12.245 20730 20730 D ViewRootImpl@57b9d16[LoginActivity]: dispatchDetachedFromWindow
08-20 08:40:12.254 20730 20730 D InputTransport: Input channel destroyed: fd=59
08-20 08:40:12.362 20730 20730 D FILES : /data/user/0/cz.gienger.mobile/files/delivery
08-20 08:40:12.367 20730 20730 D ScrollView: initGoToTop
08-20 08:40:12.398 20730 20730 D ViewRootImpl@dac6371[LoginActivity]: ThreadedRenderer.create() translucent=false
08-20 08:40:12.402 20730 20730 D InputTransport: Input channel constructed: fd=62
08-20 08:40:12.402 20730 20730 D ViewRootImpl@dac6371[LoginActivity]: setView = DecorView@318f556[LoginActivity] touchMode=true
08-20 08:40:12.406 20730 20730 D ViewRootImpl@dac6371[LoginActivity]: dispatchAttachedToWindow
08-20 08:40:12.441 20730 20730 D ViewRootImpl@dac6371[LoginActivity]: Relayout returned: oldFrame=[0,0][0,0] newFrame=[0,0][768,1024] result=0x27 surface={isValid=true -1923844096} surfaceGenerationChanged=true
08-20 08:40:12.441 20730 20730 D ViewRootImpl@dac6371[LoginActivity]: mHardwareRenderer.initialize() mSurface={isValid=true -1923844096} hwInitialized=true
08-20 08:40:12.455 20730 20730 D ScrollView: onsize change changed
08-20 08:40:12.478 20730 20730 D ViewRootImpl@dac6371[LoginActivity]: MSG_RESIZED_REPORT: frame=Rect(0, 0 - 768, 1024) ci=Rect(0, 24 - 0, 0) vi=Rect(0, 24 - 0, 0) or=1
08-20 08:40:12.478 20730 20730 D ViewRootImpl@dac6371[LoginActivity]: MSG_WINDOW_FOCUS_CHANGED 1
08-20 08:40:12.478 20730 20730 D ViewRootImpl@dac6371[LoginActivity]: mHardwareRenderer.initializeIfNeeded()#2 mSurface={isValid=true -1923844096}
08-20 08:40:12.493 20730 20730 V InputMethodManager: Starting input: tba=android.view.inputmethod.EditorInfo@649592e nm : cz.gienger.mobile ic=com.android.internal.widget.EditableInputConnection@dfb2ccf
08-20 08:40:12.493 20730 20730 I InputMethodManager: startInputInner - mService.startInputOrWindowGainedFocus
08-20 08:40:12.501 20730 20730 D InputTransport: Input channel constructed: fd=63
08-20 08:40:12.852 20730 20730 D ViewRootImpl@dac6371[LoginActivity]: MSG_RESIZED: frame=Rect(0, 0 - 768, 1024) ci=Rect(0, 24 - 0, 320) vi=Rect(0, 24 - 0, 320) or=1
08-20 08:40:12.874 20730 20730 D ViewRootImpl@dac6371[LoginActivity]: Relayout returned: oldFrame=[0,0][768,1024] newFrame=[0,0][768,1024] result=0x1 surface={isValid=true -1923844096} surfaceGenerationChanged=false
08-20 08:40:12.877 20730 20735 I art : Do partial code cache collection, code=20KB, data=30KB
08-20 08:40:12.877 20730 20735 I art : After code cache collection, code=20KB, data=30KB
08-20 08:40:12.878 20730 20735 I art : Increasing code cache capacity to 128KB
08-20 08:40:12.878 20730 20730 D ScrollView: onsize change changed
08-20 08:40:15.616 20730 20730 D ViewRootImpl@dac6371[LoginActivity]: ViewPostImeInputStage processPointer 0
08-20 08:40:15.687 20730 20730 D ViewRootImpl@dac6371[LoginActivity]: ViewPostImeInputStage processPointer 1
08-20 08:40:15.700 20730 20730 V InputMethodManager: Starting input: tba=android.view.inputmethod.EditorInfo@639e6c7 nm : cz.gienger.mobile ic=com.android.internal.widget.EditableInputConnection@fe214f4
08-20 08:40:15.701 20730 20730 I InputMethodManager: startInputInner - mService.startInputOrWindowGainedFocus
08-20 08:40:15.703 20730 20730 D InputTransport: Input channel constructed: fd=72
08-20 08:40:15.703 20730 20730 D InputTransport: Input channel destroyed: fd=63
08-20 08:40:15.703 20730 20730 D InputMethodManager: SSI - flag : 0 Pid : 20730 view : cz.gienger.mobile
08-20 08:40:15.707 20730 20730 W IInputConnectionWrapper: performPrivateCommand on inactive InputConnection
08-20 08:40:15.707 20730 20730 W IInputConnectionWrapper: finishComposingText on inactive InputConnection
08-20 08:40:57.026 20730 20730 V InputMethodManager: Starting input: tba=android.view.inputmethod.EditorInfo@5e23519 nm : cz.gienger.mobile ic=com.android.internal.widget.EditableInputConnection@7d469de
08-20 08:40:57.026 20730 20730 I InputMethodManager: startInputInner - mService.startInputOrWindowGainedFocus
08-20 08:40:57.028 20730 20730 D InputTransport: Input channel constructed: fd=67
08-20 08:40:57.029 20730 20730 D InputTransport: Input channel destroyed: fd=72
08-20 08:40:57.030 20730 20730 W IInputConnectionWrapper: performPrivateCommand on inactive InputConnection
08-20 08:40:57.036 20730 20730 W IInputConnectionWrapper: finishComposingText on inactive InputConnection
08-20 08:40:57.046 20730 20730 W IInputConnectionWrapper: performPrivateCommand on inactive InputConnection
08-20 08:40:57.162 20730 20730 W IInputConnectionWrapper: getCursorCapsMode on inactive InputConnection
08-20 08:40:57.244 20730 20730 W IInputConnectionWrapper: getCursorCapsMode on inactive InputConnection
08-20 08:40:57.345 20730 20730 W IInputConnectionWrapper: getSelectedText on inactive InputConnection
08-20 08:40:57.348 20730 20730 W IInputConnectionWrapper: getTextBeforeCursor on inactive InputConnection
08-20 08:40:57.349 20730 20730 W IInputConnectionWrapper: getTextAfterCursor on inactive InputConnection
08-20 08:46:26.356 20730 20730 V InputMethodManager: Starting input: tba=android.view.inputmethod.EditorInfo@d66e7bf nm : cz.gienger.mobile ic=com.android.internal.widget.EditableInputConnection@c270e8c
08-20 08:46:26.356 20730 20730 I InputMethodManager: startInputInner - mService.startInputOrWindowGainedFocus
08-20 08:46:26.379 20730 20730 D InputTransport: Input channel constructed: fd=72
08-20 08:46:26.379 20730 20730 D InputTransport: Input channel destroyed: fd=67
08-20 08:46:26.386 20730 20730 D ViewRootImpl@dac6371[LoginActivity]: MSG_RESIZED_REPORT: frame=Rect(0, 0 - 768, 1024) ci=Rect(0, 24 - 0, 320) vi=Rect(0, 24 - 0, 320) or=1
08-20 08:46:26.386 20730 20730 W IInputConnectionWrapper: performPrivateCommand on inactive InputConnection
08-20 08:46:26.387 20730 20730 W IInputConnectionWrapper: finishComposingText on inactive InputConnection
08-20 08:46:26.425 20730 20730 D ViewRootImpl@dac6371[LoginActivity]: Relayout returned: oldFrame=[0,0][768,1024] newFrame=[0,0][768,1024] result=0x1 surface={isValid=true -1923844096} surfaceGenerationChanged=false
08-20 08:46:29.424 20730 20730 D ViewRootImpl@dac6371[LoginActivity]: ViewPostImeInputStage processKey 0
08-20 08:46:29.441 20730 20730 D ViewRootImpl@dac6371[LoginActivity]: ViewPostImeInputStage processKey 1
08-20 08:46:29.532 20730 20730 D ViewRootImpl@dac6371[LoginActivity]: ViewPostImeInputStage processKey 0
08-20 08:46:29.544 20730 20730 D ViewRootImpl@dac6371[LoginActivity]: ViewPostImeInputStage processKey 1
08-20 08:46:29.690 20730 20730 D ViewRootImpl@dac6371[LoginActivity]: ViewPostImeInputStage processKey 0
08-20 08:46:29.704 20730 20730 D ViewRootImpl@dac6371[LoginActivity]: ViewPostImeInputStage processKey 1
08-20 08:46:29.836 20730 20730 D ViewRootImpl@dac6371[LoginActivity]: ViewPostImeInputStage processKey 0
08-20 08:46:29.836 20730 20730 D ViewRootImpl@dac6371[LoginActivity]: ViewPostImeInputStage processKey 1
08-20 08:46:30.353 20730 20730 D ViewRootImpl@dac6371[LoginActivity]: ViewPostImeInputStage processPointer 0
08-20 08:46:30.422 20730 20730 D ViewRootImpl@dac6371[LoginActivity]: ViewPostImeInputStage processPointer 1
08-20 08:46:30.436 20730 20730 V InputMethodManager: Starting input: tba=android.view.inputmethod.EditorInfo@b3945ea nm : cz.gienger.mobile ic=com.android.internal.widget.EditableInputConnection@7ac40db
08-20 08:46:30.436 20730 20730 I InputMethodManager: startInputInner - mService.startInputOrWindowGainedFocus
08-20 08:46:30.439 20730 20730 D InputTransport: Input channel constructed: fd=67
08-20 08:46:30.439 20730 20730 D InputTransport: Input channel destroyed: fd=72
08-20 08:46:30.439 20730 20730 D InputMethodManager: SSI - flag : 0 Pid : 20730 view : cz.gienger.mobile
08-20 08:46:30.450 20730 20730 W IInputConnectionWrapper: performPrivateCommand on inactive InputConnection
08-20 08:46:30.450 20730 20730 W IInputConnectionWrapper: finishComposingText on inactive InputConnection
08-20 08:46:30.462 20730 20730 D ViewRootImpl@c240fb7[PopupWindow:e5dd6b6]: ThreadedRenderer.create() translucent=true
08-20 08:46:30.484 20730 20730 D InputTransport: Input channel constructed: fd=73
08-20 08:46:30.484 20730 20730 D ViewRootImpl@c240fb7[PopupWindow:e5dd6b6]: setView = android.widget.PopupWindow$PopupDecorView{6aea324 V.E...... ......I. 0,0-0,0} touchMode=true
08-20 08:46:30.486 20730 20730 D ViewRootImpl@c240fb7[PopupWindow:e5dd6b6]: dispatchAttachedToWindow
08-20 08:46:30.520 20730 20730 D ViewRootImpl@c240fb7[PopupWindow:e5dd6b6]: Relayout returned: oldFrame=[0,0][0,0] newFrame=[35,150][65,186] result=0x27 surface={isValid=true -1934962688} surfaceGenerationChanged=true
08-20 08:46:30.521 20730 20730 D ViewRootImpl@c240fb7[PopupWindow:e5dd6b6]: mHardwareRenderer.initialize() mSurface={isValid=true -1934962688} hwInitialized=true
08-20 08:46:30.538 20730 20730 D ViewRootImpl@c240fb7[PopupWindow:e5dd6b6]: MSG_RESIZED_REPORT: frame=Rect(35, 150 - 65, 186) ci=Rect(0, 0 - 0, 0) vi=Rect(0, 0 - 0, 0) or=1
08-20 08:46:31.880 20730 20730 D ViewRootImpl@dac6371[LoginActivity]: ViewPostImeInputStage processKey 0
08-20 08:46:31.884 20730 20730 D ViewRootImpl@dac6371[LoginActivity]: ViewPostImeInputStage processKey 1
08-20 08:46:32.038 20730 20730 D ViewRootImpl@dac6371[LoginActivity]: ViewPostImeInputStage processKey 0
08-20 08:46:32.056 20730 20730 D ViewRootImpl@c240fb7[PopupWindow:e5dd6b6]: mHardwareRenderer.destroy()#4
08-20 08:46:32.056 20730 20730 D ViewRootImpl@c240fb7[PopupWindow:e5dd6b6]: dispatchDetachedFromWindow
08-20 08:46:32.069 20730 20730 D InputTransport: Input channel destroyed: fd=73
08-20 08:46:32.075 20730 20730 D ViewRootImpl@dac6371[LoginActivity]: ViewPostImeInputStage processKey 1
08-20 08:46:32.208 20730 20730 D ViewRootImpl@dac6371[LoginActivity]: ViewPostImeInputStage processKey 0
08-20 08:46:32.210 20730 20730 D ViewRootImpl@dac6371[LoginActivity]: ViewPostImeInputStage processKey 1
08-20 08:46:32.352 20730 20730 D ViewRootImpl@dac6371[LoginActivity]: ViewPostImeInputStage processKey 0
08-20 08:46:32.353 20730 20730 D ViewRootImpl@dac6371[LoginActivity]: ViewPostImeInputStage processKey 1
08-20 08:46:37.098 20730 20730 D ViewRootImpl@dac6371[LoginActivity]: ViewPostImeInputStage processPointer 0
08-20 08:46:37.177 20730 20730 D ViewRootImpl@dac6371[LoginActivity]: ViewPostImeInputStage processPointer 1
08-20 08:46:37.833 20730 20730 D ViewRootImpl@dac6371[LoginActivity]: ViewPostImeInputStage processPointer 0
08-20 08:46:37.879 20730 20730 D ViewRootImpl@dac6371[LoginActivity]: ViewPostImeInputStage processPointer 1
08-20 08:46:37.890 20730 20730 V InputMethodManager: Starting input: tba=android.view.inputmethod.EditorInfo@8cd9689 nm : cz.gienger.mobile ic=com.android.internal.widget.EditableInputConnection@a5d068e
08-20 08:46:37.890 20730 20730 I InputMethodManager: startInputInner - mService.startInputOrWindowGainedFocus
08-20 08:46:37.893 20730 20730 D InputTransport: Input channel constructed: fd=73
08-20 08:46:37.893 20730 20730 D InputTransport: Input channel destroyed: fd=67
08-20 08:46:37.893 20730 20730 D InputMethodManager: SSI - flag : 0 Pid : 20730 view : cz.gienger.mobile
08-20 08:46:37.898 20730 20730 W IInputConnectionWrapper: performPrivateCommand on inactive InputConnection
08-20 08:46:37.898 20730 20730 W IInputConnectionWrapper: finishComposingText on inactive InputConnection
08-20 08:46:43.805 20730 20730 D ViewRootImpl@dac6371[LoginActivity]: ViewPostImeInputStage processPointer 0
08-20 08:46:43.872 20730 20730 D ViewRootImpl@dac6371[LoginActivity]: ViewPostImeInputStage processPointer 1
08-20 08:46:43.970 20730 20730 D ScrollView: initGoToTop
08-20 08:46:43.981 20730 20730 D ScrollView: initGoToTop
08-20 08:46:44.003 20730 20730 D ViewRootImpl@bafd5b4[LoginActivity]: ThreadedRenderer.create() translucent=true
08-20 08:46:44.014 20730 20730 D InputTransport: Input channel constructed: fd=72
08-20 08:46:44.014 20730 20730 D ViewRootImpl@bafd5b4[LoginActivity]: setView = DecorView@a3305dd[LoginActivity] touchMode=true
08-20 08:46:44.065 20730 20730 D NetworkSecurityConfig: No Network Security Config specified, using platform default
08-20 08:46:44.135 20730 20730 D ViewRootImpl@bafd5b4[LoginActivity]: dispatchAttachedToWindow
08-20 08:46:44.136 20730 21739 D MYINTERCEPTOR: /GiengerService.svc/oauth
08-20 08:46:44.137 20730 21739 D OkHttp : --> POST https://testsaig1.gienger.cz/GiengerService.svc/oauth http/1.1
08-20 08:46:44.137 20730 21739 D OkHttp : Content-Type: application/xml; charset=UTF-8
08-20 08:46:44.137 20730 21739 D OkHttp : Content-Length: 298
08-20 08:46:44.137 20730 21739 D OkHttp : --> END POST
08-20 08:46:44.167 20730 20730 D ViewRootImpl@bafd5b4[LoginActivity]: Relayout returned: oldFrame=[0,0][0,0] newFrame=[108,466][660,582] result=0x27 surface={isValid=true -1936261120} surfaceGenerationChanged=true
08-20 08:46:44.167 20730 20730 D ViewRootImpl@bafd5b4[LoginActivity]: mHardwareRenderer.initialize() mSurface={isValid=true -1936261120} hwInitialized=true
08-20 08:46:44.228 20730 20730 D ViewRootImpl@bafd5b4[LoginActivity]: MSG_WINDOW_FOCUS_CHANGED 1
08-20 08:46:44.228 20730 20730 D ViewRootImpl@bafd5b4[LoginActivity]: mHardwareRenderer.initializeIfNeeded()#2 mSurface={isValid=true -1936261120}
08-20 08:46:44.360 20730 20730 D ViewRootImpl@bafd5b4[LoginActivity]: MSG_RESIZED_REPORT: frame=Rect(108, 466 - 660, 582) ci=Rect(0, 0 - 0, 0) vi=Rect(0, 0 - 0, 0) or=1
08-20 08:46:44.395 20730 20730 D ViewRootImpl@dac6371[LoginActivity]: MSG_WINDOW_FOCUS_CHANGED 0
08-20 08:46:45.185 20730 21739 D OkHttp : <-- 200 https://testsaig1.gienger.cz/GiengerService.svc/oauth (1047ms)
08-20 08:46:45.185 20730 21739 D OkHttp : content-type: application/xml; charset=utf-8
08-20 08:46:45.185 20730 21739 D OkHttp : server: Microsoft-IIS/10.0
08-20 08:46:45.185 20730 21739 D OkHttp : x-powered-by: ASP.NET
08-20 08:46:45.185 20730 21739 D OkHttp : date: Mon, 20 Aug 2018 06:46:43 GMT
08-20 08:46:45.185 20730 21739 D OkHttp : content-length: 292
08-20 08:46:45.185 20730 21739 D OkHttp : <-- END HTTP
08-20 08:46:45.227 20730 21739 D MYINTERCEPTOR: /GiengerService.svc/userinfo
08-20 08:46:45.228 20730 21739 D OkHttp : --> POST https://testsaig1.gienger.cz/GiengerService.svc/userinfo http/1.1
08-20 08:46:45.228 20730 21739 D OkHttp : Content-Type: application/xml; charset=UTF-8
08-20 08:46:45.228 20730 21739 D OkHttp : Content-Length: 139
08-20 08:46:45.228 20730 21739 D OkHttp : token: 237868a1bd4b9aa248829f59f51a8daa
08-20 08:46:45.228 20730 21739 D OkHttp : --> END POST
08-20 08:46:45.273 20730 21739 D OkHttp : <-- 200 https://testsaig1.gienger.cz/GiengerService.svc/userinfo (44ms)
08-20 08:46:45.273 20730 21739 D OkHttp : content-type: application/xml; charset=utf-8
08-20 08:46:45.273 20730 21739 D OkHttp : server: Microsoft-IIS/10.0
08-20 08:46:45.273 20730 21739 D OkHttp : x-powered-by: ASP.NET
08-20 08:46:45.273 20730 21739 D OkHttp : date: Mon, 20 Aug 2018 06:46:43 GMT
08-20 08:46:45.273 20730 21739 D OkHttp : content-length: 196
08-20 08:46:45.273 20730 21739 D OkHttp : <-- END HTTP
08-20 08:46:45.333 20730 20730 D ScrollView: initGoToTop
08-20 08:46:45.340 20730 20730 D ScrollView: initGoToTop
08-20 08:46:45.352 20730 20730 D ViewRootImpl@a76af3f[LoginActivity]: ThreadedRenderer.create() translucent=true
08-20 08:46:45.358 20730 20730 D InputTransport: Input channel constructed: fd=84
08-20 08:46:45.358 20730 20730 D ViewRootImpl@a76af3f[LoginActivity]: setView = DecorView@7a8000c[LoginActivity] touchMode=true
08-20 08:46:45.370 20730 20730 D ViewRootImpl@bafd5b4[LoginActivity]: mHardwareRenderer.destroy()#4
08-20 08:46:45.371 20730 20730 D ViewRootImpl@bafd5b4[LoginActivity]: dispatchDetachedFromWindow
08-20 08:46:45.384 20730 20730 D InputTransport: Input channel destroyed: fd=72
08-20 08:46:45.396 20730 20730 D ViewRootImpl@dac6371[LoginActivity]: Relayout returned: oldFrame=[0,0][768,1024] newFrame=[0,0][768,1024] result=0x1 surface={isValid=true -1923844096} surfaceGenerationChanged=false
08-20 08:46:45.402 20730 20730 D ViewRootImpl@a76af3f[LoginActivity]: dispatchAttachedToWindow
08-20 08:46:45.441 20730 20730 D ViewRootImpl@a76af3f[LoginActivity]: Relayout returned: oldFrame=[0,0][0,0] newFrame=[108,423][660,624] result=0x27 surface={isValid=true -1936261120} surfaceGenerationChanged=true
08-20 08:46:45.442 20730 20730 D ViewRootImpl@a76af3f[LoginActivity]: mHardwareRenderer.initialize() mSurface={isValid=true -1936261120} hwInitialized=true
08-20 08:46:45.446 20730 20730 D ScrollView: onsize change changed
08-20 08:46:45.447 20730 20730 D ScrollView: onsize change changed
08-20 08:46:45.447 20730 20730 D ViewRootImpl@a76af3f[LoginActivity]: MSG_WINDOW_FOCUS_CHANGED 1
08-20 08:46:45.448 20730 20730 D ViewRootImpl@a76af3f[LoginActivity]: mHardwareRenderer.initializeIfNeeded()#2 mSurface={isValid=true -1936261120}
08-20 08:46:45.497 20730 20730 D ViewRootImpl@a76af3f[LoginActivity]: MSG_RESIZED_REPORT: frame=Rect(108, 423 - 660, 624) ci=Rect(0, 0 - 0, 0) vi=Rect(0, 0 - 0, 0) or=1
08-20 08:46:45.510 20730 20730 E ViewRootImpl: sendUserActionEvent() returned.
08-20 08:46:46.844 20730 20730 D ViewRootImpl@a76af3f[LoginActivity]: ViewPostImeInputStage processPointer 0
08-20 08:46:46.920 20730 20730 D ViewRootImpl@a76af3f[LoginActivity]: ViewPostImeInputStage processPointer 1
08-20 08:46:46.944 20730 20730 D ViewRootImpl@a76af3f[LoginActivity]: mHardwareRenderer.destroy()#4
08-20 08:46:46.944 20730 20730 D ViewRootImpl@a76af3f[LoginActivity]: dispatchDetachedFromWindow
08-20 08:46:46.955 20730 20730 D InputTransport: Input channel destroyed: fd=84
08-20 08:46:46.993 20730 21739 D MYINTERCEPTOR: /GiengerService.svc/manifests
08-20 08:46:47.000 20730 21739 D OkHttp : --> GET https://testsaig1.gienger.cz/GiengerService.svc/manifests http/1.1
08-20 08:46:47.000 20730 21739 D OkHttp : state: CZ
08-20 08:46:47.000 20730 21739 D OkHttp : token: 237868a1bd4b9aa248829f59f51a8daa
08-20 08:46:47.000 20730 21739 D OkHttp : --> END GET
08-20 08:46:47.004 20730 20730 D TextView: SYANI: Clipboard API is calling: clearFilter()
08-20 08:46:47.004 20730 20730 D TextView: SYANI: Clipboard API is calling: unregisterClipboardEventListener()
08-20 08:46:47.010 20730 20730 D TextView: SYANI: Clipboard API is calling: clearFilter()
08-20 08:46:47.010 20730 20730 D TextView: SYANI: Clipboard API is calling: unregisterClipboardEventListener()
08-20 08:46:47.022 20730 20730 D ViewRootImpl@dac6371[LoginActivity]: mHardwareRenderer.destroy()#4
08-20 08:46:47.023 20730 20730 D ViewRootImpl@dac6371[LoginActivity]: dispatchDetachedFromWindow
08-20 08:46:47.025 20730 20730 D InputTransport: Input channel destroyed: fd=62
08-20 08:46:47.054 20730 21739 D OkHttp : <-- 200 https://testsaig1.gienger.cz/GiengerService.svc/manifests (53ms)
08-20 08:46:47.054 20730 21739 D OkHttp : content-type: application/xml; charset=utf-8
08-20 08:46:47.054 20730 21739 D OkHttp : server: Microsoft-IIS/10.0
08-20 08:46:47.054 20730 21739 D OkHttp : x-powered-by: ASP.NET
08-20 08:46:47.054 20730 21739 D OkHttp : date: Mon, 20 Aug 2018 06:46:45 GMT
08-20 08:46:47.055 20730 21739 D OkHttp : content-length: 11608
08-20 08:46:47.055 20730 21739 D OkHttp : <-- END HTTP
08-20 08:46:47.068 20730 20730 D FILES : /data/user/0/cz.gienger.mobile/files/delivery
08-20 08:46:47.087 20730 21750 D MYINTERCEPTOR: /GiengerService.svc/manifests
08-20 08:46:47.091 20730 21750 D OkHttp : --> GET https://testsaig1.gienger.cz/GiengerService.svc/manifests http/1.1
08-20 08:46:47.091 20730 21750 D OkHttp : state: CZ
08-20 08:46:47.091 20730 21750 D OkHttp : token: 237868a1bd4b9aa248829f59f51a8daa
08-20 08:46:47.091 20730 21750 D OkHttp : --> END GET
08-20 08:46:47.107 20730 21751 D MYINTERCEPTOR: /GiengerService.svc/manifests
08-20 08:46:47.110 20730 21751 D OkHttp : --> GET https://testsaig1.gienger.cz/GiengerService.svc/manifests http/1.1
08-20 08:46:47.110 20730 21751 D OkHttp : state: CZ
08-20 08:46:47.110 20730 21751 D OkHttp : token: 237868a1bd4b9aa248829f59f51a8daa
08-20 08:46:47.110 20730 21751 D OkHttp : --> END GET
08-20 08:46:47.115 20730 20730 D ViewRootImpl@e082f7[LoginActivity]: ThreadedRenderer.create() translucent=false
08-20 08:46:47.119 20730 20730 D InputTransport: Input channel constructed: fd=62
08-20 08:46:47.119 20730 20730 D ViewRootImpl@e082f7[LoginActivity]: setView = DecorView@9893564[LoginActivity] touchMode=true
08-20 08:46:47.122 20730 21750 D OkHttp : <-- 200 https://testsaig1.gienger.cz/GiengerService.svc/manifests (30ms)
08-20 08:46:47.122 20730 21750 D OkHttp : content-type: application/xml; charset=utf-8
08-20 08:46:47.122 20730 21750 D OkHttp : server: Microsoft-IIS/10.0
08-20 08:46:47.122 20730 21750 D OkHttp : x-powered-by: ASP.NET
08-20 08:46:47.122 20730 21750 D OkHttp : date: Mon, 20 Aug 2018 06:46:45 GMT
08-20 08:46:47.122 20730 21750 D OkHttp : content-length: 11608
08-20 08:46:47.122 20730 21750 D OkHttp : <-- END HTTP
08-20 08:46:47.122 20730 20730 D ViewRootImpl@e082f7[LoginActivity]: dispatchAttachedToWindow
08-20 08:46:47.139 20730 21751 D OkHttp : <-- 200 https://testsaig1.gienger.cz/GiengerService.svc/manifests (28ms)
08-20 08:46:47.139 20730 21751 D OkHttp : content-type: application/xml; charset=utf-8
08-20 08:46:47.139 20730 21751 D OkHttp : server: Microsoft-IIS/10.0
08-20 08:46:47.139 20730 21751 D OkHttp : x-powered-by: ASP.NET
08-20 08:46:47.140 20730 21751 D OkHttp : date: Mon, 20 Aug 2018 06:46:45 GMT
08-20 08:46:47.140 20730 21751 D OkHttp : content-length: 11608
08-20 08:46:47.140 20730 21751 D OkHttp : <-- END HTTP
08-20 08:46:47.159 20730 20730 D ViewRootImpl@e082f7[LoginActivity]: Relayout returned: oldFrame=[0,0][0,0] newFrame=[0,0][768,1024] result=0x27 surface={isValid=true -1947127808} surfaceGenerationChanged=true
08-20 08:46:47.160 20730 20730 D ViewRootImpl@e082f7[LoginActivity]: mHardwareRenderer.initialize() mSurface={isValid=true -1947127808} hwInitialized=true
08-20 08:46:47.175 20730 20730 D AbsListView: in onLayout changed
08-20 08:46:47.176 20730 20730 E ViewRootImpl: sendUserActionEvent() returned.
08-20 08:46:47.176 20730 20730 E ViewRootImpl: sendUserActionEvent() returned.
08-20 08:46:47.218 20730 20730 D ViewRootImpl@e082f7[LoginActivity]: MSG_RESIZED_REPORT: frame=Rect(0, 0 - 768, 1024) ci=Rect(0, 24 - 0, 320) vi=Rect(0, 24 - 0, 320) or=1
08-20 08:46:47.218 20730 20730 D ViewRootImpl@e082f7[LoginActivity]: MSG_WINDOW_FOCUS_CHANGED 1
08-20 08:46:47.219 20730 20730 D ViewRootImpl@e082f7[LoginActivity]: mHardwareRenderer.initializeIfNeeded()#2 mSurface={isValid=true -1947127808}
08-20 08:46:47.224 20730 20730 V InputMethodManager: Starting input: tba=android.view.inputmethod.EditorInfo@45ed9ef nm : cz.gienger.mobile ic=null
08-20 08:46:47.224 20730 20730 I InputMethodManager: startInputInner - mService.startInputOrWindowGainedFocus
08-20 08:46:47.234 20730 20730 D InputTransport: Input channel constructed: fd=64
08-20 08:46:47.234 20730 20730 D InputTransport: Input channel destroyed: fd=73
08-20 08:46:47.260 20730 20730 E ViewRootImpl: sendUserActionEvent() returned.
08-20 08:46:47.261 20730 20730 W IInputConnectionWrapper: finishComposingText on inactive InputConnection
08-20 08:46:47.261 20730 20730 W IInputConnectionWrapper: performPrivateCommand on inactive InputConnection
08-20 08:46:47.261 20730 20730 W IInputConnectionWrapper: finishComposingText on inactive InputConnection
08-20 08:46:47.282 20730 20730 D DOWNLOAD_MANIFESTS: success
08-20 08:46:47.312 20730 20735 I art : Do partial code cache collection, code=49KB, data=62KB
08-20 08:46:47.313 20730 20735 I art : After code cache collection, code=49KB, data=62KB
08-20 08:46:47.313 20730 20735 I art : Increasing code cache capacity to 256KB
08-20 08:46:47.384 20730 20730 D ViewRootImpl@e082f7[LoginActivity]: MSG_RESIZED: frame=Rect(0, 0 - 768, 1024) ci=Rect(0, 24 - 0, 0) vi=Rect(0, 24 - 0, 0) or=1
08-20 08:46:47.384 20730 20730 D DOWNLOAD_MANIFESTS: success
08-20 08:46:47.426 20730 20730 D DOWNLOAD_MANIFESTS: success
08-20 08:46:47.471 20730 20730 D ViewRootImpl@e082f7[LoginActivity]: Relayout returned: oldFrame=[0,0][768,1024] newFrame=[0,0][768,1024] result=0x1 surface={isValid=true -1947127808} surfaceGenerationChanged=false
08-20 08:46:47.684 20730 20730 D AbsListView: in onLayout changed
08-20 08:46:47.691 20730 20730 V InputMethodManager: Starting input: tba=android.view.inputmethod.EditorInfo@dfee54b nm : cz.gienger.mobile ic=null
08-20 08:46:47.691 20730 20730 I InputMethodManager: startInputInner - mService.startInputOrWindowGainedFocus
08-20 08:46:47.692 20730 20730 D InputTransport: Input channel constructed: fd=76
08-20 08:46:47.692 20730 20730 D InputTransport: Input channel destroyed: fd=64
08-20 08:46:50.639 20730 20730 D ViewRootImpl@e082f7[LoginActivity]: ViewPostImeInputStage processPointer 0
08-20 08:46:50.718 20730 20730 D ViewRootImpl@e082f7[LoginActivity]: ViewPostImeInputStage processPointer 1
08-20 08:46:50.719 20730 20730 D AbsListView: onTouchUp() mTouchMode : 0
08-20 08:46:53.470 20730 20730 D ViewRootImpl@e082f7[LoginActivity]: ViewPostImeInputStage processPointer 0
08-20 08:46:53.550 20730 20730 D ViewRootImpl@e082f7[LoginActivity]: ViewPostImeInputStage processPointer 1
08-20 08:46:53.551 20730 20730 D AbsListView: onTouchUp() mTouchMode : 0
08-20 08:46:54.709 20730 20730 D ViewRootImpl@e082f7[LoginActivity]: ViewPostImeInputStage processPointer 0
08-20 08:46:54.800 20730 20730 D ViewRootImpl@e082f7[LoginActivity]: ViewPostImeInputStage processPointer 1
08-20 08:46:54.833 20730 20730 D InputMethodManager: HSIFW - flag : 0 Pid : 20730
08-20 08:46:54.867 20730 20730 D AbsListView: in onLayout changed
08-20 08:46:56.667 20730 20730 D ViewRootImpl@e082f7[LoginActivity]: ViewPostImeInputStage processPointer 0
08-20 08:46:56.754 20730 20730 D ViewRootImpl@e082f7[LoginActivity]: ViewPostImeInputStage processPointer 1
08-20 08:46:56.755 20730 20730 D AbsListView: onTouchUp() mTouchMode : 0
08-20 08:46:57.877 20730 20730 D ViewRootImpl@e082f7[LoginActivity]: ViewPostImeInputStage processPointer 0
08-20 08:46:57.968 20730 20730 D ViewRootImpl@e082f7[LoginActivity]: ViewPostImeInputStage processPointer 1
08-20 08:46:57.993 20730 20730 D ScrollView: initGoToTop
08-20 08:46:57.998 20730 20730 D ScrollView: initGoToTop
08-20 08:46:58.007 20730 20730 D ViewRootImpl@4fd4b48[LoginActivity]: ThreadedRenderer.create() translucent=true
08-20 08:46:58.013 20730 20730 D InputTransport: Input channel constructed: fd=69
08-20 08:46:58.013 20730 20730 D ViewRootImpl@4fd4b48[LoginActivity]: setView = DecorView@e792de1[LoginActivity] touchMode=true
08-20 08:46:58.017 20730 21751 D MYINTERCEPTOR: /GiengerService.svc/manifestinfo
08-20 08:46:58.019 20730 20730 D ViewRootImpl@4fd4b48[LoginActivity]: dispatchAttachedToWindow
08-20 08:46:58.019 20730 21751 D OkHttp : --> POST https://testsaig1.gienger.cz/GiengerService.svc/manifestinfo http/1.1
08-20 08:46:58.019 20730 21751 D OkHttp : Content-Length: 0
08-20 08:46:58.019 20730 21751 D OkHttp : state: CZ
08-20 08:46:58.019 20730 21751 D OkHttp : id: H02_trasa_H02-03_ranni_30_07_2018
08-20 08:46:58.019 20730 21751 D OkHttp : token: 237868a1bd4b9aa248829f59f51a8daa
08-20 08:46:58.019 20730 21751 D OkHttp : --> END POST
08-20 08:46:58.050 20730 20730 D ViewRootImpl@4fd4b48[LoginActivity]: Relayout returned: oldFrame=[0,0][0,0] newFrame=[108,466][660,582] result=0x27 surface={isValid=true -1923878912} surfaceGenerationChanged=true
08-20 08:46:58.051 20730 20730 D ViewRootImpl@4fd4b48[LoginActivity]: mHardwareRenderer.initialize() mSurface={isValid=true -1923878912} hwInitialized=true
08-20 08:46:58.069 20730 20730 D ViewRootImpl@4fd4b48[LoginActivity]: MSG_WINDOW_FOCUS_CHANGED 1
08-20 08:46:58.070 20730 20730 D ViewRootImpl@4fd4b48[LoginActivity]: mHardwareRenderer.initializeIfNeeded()#2 mSurface={isValid=true -1923878912}
08-20 08:46:58.070 20730 21751 D OkHttp : <-- 200 https://testsaig1.gienger.cz/GiengerService.svc/manifestinfo (50ms)
08-20 08:46:58.070 20730 21751 D OkHttp : content-type: application/xml; charset=utf-8
08-20 08:46:58.070 20730 21751 D OkHttp : server: Microsoft-IIS/10.0
08-20 08:46:58.070 20730 21751 D OkHttp : x-powered-by: ASP.NET
08-20 08:46:58.071 20730 21751 D OkHttp : date: Mon, 20 Aug 2018 06:46:56 GMT
08-20 08:46:58.071 20730 21751 D OkHttp : content-length: 387
08-20 08:46:58.072 20730 21751 D OkHttp : <-- END HTTP
08-20 08:46:58.087 20730 20730 D ViewRootImpl@4fd4b48[LoginActivity]: MSG_RESIZED_REPORT: frame=Rect(108, 466 - 660, 582) ci=Rect(0, 0 - 0, 0) vi=Rect(0, 0 - 0, 0) or=1
08-20 08:46:58.145 20730 21757 D MYINTERCEPTOR: /GiengerService.svc/corrections
08-20 08:46:58.147 20730 21757 D OkHttp : --> GET https://testsaig1.gienger.cz/GiengerService.svc/corrections http/1.1
08-20 08:46:58.147 20730 21757 D OkHttp : token: 237868a1bd4b9aa248829f59f51a8daa
08-20 08:46:58.147 20730 21757 D OkHttp : --> END GET
08-20 08:46:58.149 20730 20730 D ViewRootImpl@e082f7[LoginActivity]: MSG_WINDOW_FOCUS_CHANGED 0
08-20 08:46:58.173 20730 21757 D OkHttp : <-- 200 https://testsaig1.gienger.cz/GiengerService.svc/corrections (25ms)
08-20 08:46:58.173 20730 21757 D OkHttp : content-type: application/xml; charset=utf-8
08-20 08:46:58.174 20730 21757 D OkHttp : server: Microsoft-IIS/10.0
08-20 08:46:58.176 20730 21757 D OkHttp : x-powered-by: ASP.NET
08-20 08:46:58.176 20730 21757 D OkHttp : date: Mon, 20 Aug 2018 06:46:56 GMT
08-20 08:46:58.176 20730 21757 D OkHttp : content-length: 1267
08-20 08:46:58.176 20730 21757 D OkHttp : <-- END HTTP
08-20 08:46:58.218 20730 21757 D MYINTERCEPTOR: /GiengerService.svc/getorder
08-20 08:46:58.219 20730 21757 D OkHttp : --> POST https://testsaig1.gienger.cz/GiengerService.svc/getorder http/1.1
08-20 08:46:58.219 20730 21757 D OkHttp : Content-Length: 0
08-20 08:46:58.219 20730 21757 D OkHttp : name: 130HT1180412713.xml
08-20 08:46:58.220 20730 21757 D OkHttp : token: 237868a1bd4b9aa248829f59f51a8daa
08-20 08:46:58.220 20730 21757 D OkHttp : --> END POST
08-20 08:46:58.594 20730 21757 D OkHttp : <-- 200 https://testsaig1.gienger.cz/GiengerService.svc/getorder (374ms)
08-20 08:46:58.594 20730 21757 D OkHttp : content-type: application/xml; charset=utf-8
08-20 08:46:58.594 20730 21757 D OkHttp : server: Microsoft-IIS/10.0
08-20 08:46:58.594 20730 21757 D OkHttp : checksum: 0f39e2d41a46e4b1e0f5a5c6e0f587e5
08-20 08:46:58.595 20730 21757 D OkHttp : x-powered-by: ASP.NET
08-20 08:46:58.595 20730 21757 D OkHttp : date: Mon, 20 Aug 2018 06:46:56 GMT
08-20 08:46:58.595 20730 21757 D OkHttp : content-length: 176366
08-20 08:46:58.595 20730 21757 D OkHttp : <-- END HTTP
08-20 08:46:58.825 20730 21757 D MYINTERCEPTOR: /GiengerService.svc/getorder
08-20 08:46:58.827 20730 21757 D OkHttp : --> POST https://testsaig1.gienger.cz/GiengerService.svc/getorder http/1.1
08-20 08:46:58.827 20730 21757 D OkHttp : Content-Length: 0
08-20 08:46:58.827 20730 21757 D OkHttp : name: 130HT1180412665.xml
08-20 08:46:58.827 20730 21757 D OkHttp : token: 237868a1bd4b9aa248829f59f51a8daa
08-20 08:46:58.827 20730 21757 D OkHttp : --> END POST
08-20 08:46:58.935 20730 21757 D OkHttp : <-- 200 https://testsaig1.gienger.cz/GiengerService.svc/getorder (107ms)
08-20 08:46:58.935 20730 21757 D OkHttp : content-type: application/xml; charset=utf-8
08-20 08:46:58.935 20730 21757 D OkHttp : server: Microsoft-IIS/10.0
08-20 08:46:58.935 20730 21757 D OkHttp : checksum: 2c9f88c69b75d96c4235e5ce3ffba3bf
08-20 08:46:58.935 20730 21757 D OkHttp : x-powered-by: ASP.NET
08-20 08:46:58.935 20730 21757 D OkHttp : date: Mon, 20 Aug 2018 06:46:56 GMT
08-20 08:46:58.935 20730 21757 D OkHttp : content-length: 166064
08-20 08:46:58.935 20730 21757 D OkHttp : <-- END HTTP
08-20 08:46:59.054 20730 21757 D MYINTERCEPTOR: /GiengerService.svc/getorder
08-20 08:46:59.055 20730 21757 D OkHttp : --> POST https://testsaig1.gienger.cz/GiengerService.svc/getorder http/1.1
08-20 08:46:59.055 20730 21757 D OkHttp : Content-Length: 0
08-20 08:46:59.055 20730 21757 D OkHttp : name: 130HT1180207438.xml
08-20 08:46:59.055 20730 21757 D OkHttp : token: 237868a1bd4b9aa248829f59f51a8daa
08-20 08:46:59.056 20730 21757 D OkHttp : --> END POST
08-20 08:46:59.111 20730 21757 D OkHttp : <-- 200 https://testsaig1.gienger.cz/GiengerService.svc/getorder (55ms)
08-20 08:46:59.111 20730 21757 D OkHttp : content-type: application/xml; charset=utf-8
08-20 08:46:59.111 20730 21757 D OkHttp : server: Microsoft-IIS/10.0
08-20 08:46:59.111 20730 21757 D OkHttp : checksum: a8c28cf5896951c2c877f993954060a3
08-20 08:46:59.112 20730 21757 D OkHttp : x-powered-by: ASP.NET
08-20 08:46:59.112 20730 21757 D OkHttp : date: Mon, 20 Aug 2018 06:46:57 GMT
08-20 08:46:59.112 20730 21757 D OkHttp : content-length: 164467
08-20 08:46:59.112 20730 21757 D OkHttp : <-- END HTTP
08-20 08:46:59.220 20730 21757 D MYINTERCEPTOR: /GiengerService.svc/getorder
08-20 08:46:59.221 20730 21757 D OkHttp : --> POST https://testsaig1.gienger.cz/GiengerService.svc/getorder http/1.1
08-20 08:46:59.221 20730 21757 D OkHttp : Content-Length: 0
08-20 08:46:59.221 20730 21757 D OkHttp : name: 130AT1180524540.xml
08-20 08:46:59.221 20730 21757 D OkHttp : token: 237868a1bd4b9aa248829f59f51a8daa
08-20 08:46:59.221 20730 21757 D OkHttp : --> END POST
08-20 08:46:59.272 20730 21757 D OkHttp : <-- 200 https://testsaig1.gienger.cz/GiengerService.svc/getorder (50ms)
08-20 08:46:59.272 20730 21757 D OkHttp : content-type: application/xml; charset=utf-8
08-20 08:46:59.272 20730 21757 D OkHttp : server: Microsoft-IIS/10.0
08-20 08:46:59.272 20730 21757 D OkHttp : checksum: 5881db653ec2c638e3a7528ae68f73e3
08-20 08:46:59.272 20730 21757 D OkHttp : x-powered-by: ASP.NET
08-20 08:46:59.272 20730 21757 D OkHttp : date: Mon, 20 Aug 2018 06:46:57 GMT
08-20 08:46:59.272 20730 21757 D OkHttp : content-length: 162410
08-20 08:46:59.272 20730 21757 D OkHttp : <-- END HTTP
08-20 08:46:59.375 20730 21757 D MYINTERCEPTOR: /GiengerService.svc/getorder
08-20 08:46:59.377 20730 21757 D OkHttp : --> POST https://testsaig1.gienger.cz/GiengerService.svc/getorder http/1.1
08-20 08:46:59.377 20730 21757 D OkHttp : Content-Length: 0
08-20 08:46:59.377 20730 21757 D OkHttp : name: 130HT1180204857.xml
08-20 08:46:59.377 20730 21757 D OkHttp : token: 237868a1bd4b9aa248829f59f51a8daa
08-20 08:46:59.377 20730 21757 D OkHttp : --> END POST
08-20 08:46:59.505 20730 21757 D OkHttp : <-- 200 https://testsaig1.gienger.cz/GiengerService.svc/getorder (127ms)
08-20 08:46:59.505 20730 21757 D OkHttp : content-type: application/xml; charset=utf-8
08-20 08:46:59.505 20730 21757 D OkHttp : server: Microsoft-IIS/10.0
08-20 08:46:59.505 20730 21757 D OkHttp : checksum: 53216ecb67ce0be66e8dbd96929aa118
08-20 08:46:59.506 20730 21757 D OkHttp : x-powered-by: ASP.NET
08-20 08:46:59.506 20730 21757 D OkHttp : date: Mon, 20 Aug 2018 06:46:57 GMT
08-20 08:46:59.506 20730 21757 D OkHttp : content-length: 164803
08-20 08:46:59.506 20730 21757 D OkHttp : <-- END HTTP
08-20 08:46:59.615 20730 21757 D MYINTERCEPTOR: /GiengerService.svc/getorder
08-20 08:46:59.616 20730 21757 D OkHttp : --> POST https://testsaig1.gienger.cz/GiengerService.svc/getorder http/1.1
08-20 08:46:59.616 20730 21757 D OkHttp : Content-Length: 0
08-20 08:46:59.616 20730 21757 D OkHttp : name: 130HT1180801669.xml
08-20 08:46:59.616 20730 21757 D OkHttp : token: 237868a1bd4b9aa248829f59f51a8daa
08-20 08:46:59.617 20730 21757 D OkHttp : --> END POST
08-20 08:46:59.670 20730 21757 D OkHttp : <-- 200 https://testsaig1.gienger.cz/GiengerService.svc/getorder (52ms)
08-20 08:46:59.670 20730 21757 D OkHttp : content-type: application/xml; charset=utf-8
08-20 08:46:59.670 20730 21757 D OkHttp : server: Microsoft-IIS/10.0
08-20 08:46:59.670 20730 21757 D OkHttp : checksum: 72d381b7c0f6bef374c1fb4e7ecdef43
08-20 08:46:59.670 20730 21757 D OkHttp : x-powered-by: ASP.NET
08-20 08:46:59.671 20730 21757 D OkHttp : date: Mon, 20 Aug 2018 06:46:57 GMT
08-20 08:46:59.671 20730 21757 D OkHttp : content-length: 161804
08-20 08:46:59.671 20730 21757 D OkHttp : <-- END HTTP
08-20 08:46:59.767 20730 21757 D MYINTERCEPTOR: /GiengerService.svc/getorder
08-20 08:46:59.768 20730 21757 D OkHttp : --> POST https://testsaig1.gienger.cz/GiengerService.svc/getorder http/1.1
08-20 08:46:59.768 20730 21757 D OkHttp : Content-Length: 0
08-20 08:46:59.768 20730 21757 D OkHttp : name: 130HT1180207342.xml
08-20 08:46:59.768 20730 21757 D OkHttp : token: 237868a1bd4b9aa248829f59f51a8daa
08-20 08:46:59.768 20730 21757 D OkHttp : --> END POST
08-20 08:46:59.830 20730 21757 D OkHttp : <-- 200 https://testsaig1.gienger.cz/GiengerService.svc/getorder (61ms)
08-20 08:46:59.830 20730 21757 D OkHttp : content-type: application/xml; charset=utf-8
08-20 08:46:59.831 20730 21757 D OkHttp : server: Microsoft-IIS/10.0
08-20 08:46:59.831 20730 21757 D OkHttp : checksum: 27bfbac1fac4041dee9fe3f3570755e2
08-20 08:46:59.831 20730 21757 D OkHttp : x-powered-by: ASP.NET
08-20 08:46:59.831 20730 21757 D OkHttp : date: Mon, 20 Aug 2018 06:46:57 GMT
08-20 08:46:59.832 20730 21757 D OkHttp : content-length: 162848
08-20 08:46:59.832 20730 21757 D OkHttp : <-- END HTTP
08-20 08:46:59.938 20730 21757 D MYINTERCEPTOR: /GiengerService.svc/getorder
08-20 08:46:59.939 20730 21757 D OkHttp : --> POST https://testsaig1.gienger.cz/GiengerService.svc/getorder http/1.1
08-20 08:46:59.939 20730 21757 D OkHttp : Content-Length: 0
08-20 08:46:59.940 20730 21757 D OkHttp : name: 130HT1181101392.xml
08-20 08:46:59.940 20730 21757 D OkHttp : token: 237868a1bd4b9aa248829f59f51a8daa
08-20 08:46:59.940 20730 21757 D OkHttp : --> END POST
08-20 08:47:00.021 20730 21757 D OkHttp : <-- 200 https://testsaig1.gienger.cz/GiengerService.svc/getorder (80ms)
08-20 08:47:00.021 20730 21757 D OkHttp : content-type: application/xml; charset=utf-8
08-20 08:47:00.021 20730 21757 D OkHttp : server: Microsoft-IIS/10.0
08-20 08:47:00.021 20730 21757 D OkHttp : checksum: 4fd249feb378f46213323b45573c5e9b
08-20 08:47:00.022 20730 21757 D OkHttp : x-powered-by: ASP.NET
08-20 08:47:00.022 20730 21757 D OkHttp : date: Mon, 20 Aug 2018 06:46:57 GMT
08-20 08:47:00.022 20730 21757 D OkHttp : content-length: 163498
08-20 08:47:00.022 20730 21757 D OkHttp : <-- END HTTP
08-20 08:47:00.167 20730 21757 D MYINTERCEPTOR: /GiengerService.svc/getorder
08-20 08:47:00.169 20730 21757 D OkHttp : --> POST https://testsaig1.gienger.cz/GiengerService.svc/getorder http/1.1
08-20 08:47:00.169 20730 21757 D OkHttp : Content-Length: 0
08-20 08:47:00.169 20730 21757 D OkHttp : name: 130HT1181101398.xml
08-20 08:47:00.169 20730 21757 D OkHttp : token: 237868a1bd4b9aa248829f59f51a8daa
08-20 08:47:00.169 20730 21757 D OkHttp : --> END POST
08-20 08:47:00.339 20730 21757 D OkHttp : <-- 200 https://testsaig1.gienger.cz/GiengerService.svc/getorder (170ms)
08-20 08:47:00.340 20730 21757 D OkHttp : content-type: application/xml; charset=utf-8
08-20 08:47:00.340 20730 21757 D OkHttp : server: Microsoft-IIS/10.0
08-20 08:47:00.340 20730 21757 D OkHttp : checksum: a11f16b3dee7b20448356637960a00d5
08-20 08:47:00.340 20730 21757 D OkHttp : x-powered-by: ASP.NET
08-20 08:47:00.340 20730 21757 D OkHttp : date: Mon, 20 Aug 2018 06:46:58 GMT
08-20 08:47:00.340 20730 21757 D OkHttp : content-length: 160975
08-20 08:47:00.340 20730 21757 D OkHttp : <-- END HTTP
08-20 08:47:00.456 20730 20730 D ViewRootImpl@4fd4b48[LoginActivity]: mHardwareRenderer.destroy()#4
08-20 08:47:00.456 20730 20730 D ViewRootImpl@4fd4b48[LoginActivity]: dispatchDetachedFromWindow
08-20 08:47:00.466 20730 20730 D InputTransport: Input channel destroyed: fd=69
08-20 08:47:00.467 20730 20730 D ViewRootImpl@e082f7[LoginActivity]: MSG_WINDOW_FOCUS_CHANGED 1
08-20 08:47:00.467 20730 20730 D ViewRootImpl@e082f7[LoginActivity]: mHardwareRenderer.initializeIfNeeded()#2 mSurface={isValid=true -1947127808}
