08-20 08:51:52.113 20730 20730 D ViewRootImpl: updatePointerIcon pointerType = 20001, calling pid = 20730
08-20 08:51:52.114 20730 20730 D InputManager: setPointerIconType iconId = 20001, callingPid = 20730
08-20 08:51:52.131 20730 20730 D ViewRootImpl@67a2d23[ArticleListActivity]: MSG_RESIZED_REPORT: frame=Rect(0, 0 - 768, 1024) ci=Rect(0, 24 - 0, 0) vi=Rect(0, 24 - 0, 0) or=1
08-20 08:51:52.131 20730 20730 D ViewRootImpl@67a2d23[ArticleListActivity]: MSG_WINDOW_FOCUS_CHANGED 1
08-20 08:51:52.132 20730 20730 D ViewRootImpl@67a2d23[ArticleListActivity]: mHardwareRenderer.initializeIfNeeded()#2 mSurface={isValid=true -1982042112}
08-20 08:51:52.133 20730 20730 V InputMethodManager: Starting input: tba=android.view.inputmethod.EditorInfo@d811ed1 nm : cz.gienger.mobile ic=null
08-20 08:51:52.133 20730 20730 I InputMethodManager: startInputInner - mService.startInputOrWindowGainedFocus
08-20 08:51:52.135 20730 20730 D InputTransport: Input channel constructed: fd=73
08-20 08:51:52.135 20730 20730 D InputTransport: Input channel destroyed: fd=72
08-20 08:51:52.199 20730 20746 D OpenGLRenderer: endAllActiveAnimators on 0x8ce7a180 (RippleDrawable) with handle 0x8bf14630
08-20 08:51:52.199 20730 20730 D ViewRootImpl@4915da3[CategoryListActivity]: mHardwareRenderer.destroy()#1
08-20 08:51:52.208 20730 20730 D ViewRootImpl@4915da3[CategoryListActivity]: Relayout returned: oldFrame=[0,0][768,1024] newFrame=[0,0][768,1024] result=0x5 surface={isValid=false 0} surfaceGenerationChanged=true
08-20 08:51:52.619 20730 20730 D ViewRootImpl@4915da3[CategoryListActivity]: Relayout returned: oldFrame=[0,0][768,1024] newFrame=[0,0][768,1024] result=0x5 surface={isValid=false 0} surfaceGenerationChanged=false
08-20 08:51:52.960 20730 20730 D ViewRootImpl: updatePointerIcon pointerType = 20001, calling pid = 20730
08-20 08:51:52.960 20730 20730 D InputManager: setPointerIconType iconId = 20001, callingPid = 20730
08-20 08:51:53.665 20730 20730 D ViewRootImpl@67a2d23[ArticleListActivity]: ViewPostImeInputStage processPointer 0
08-20 08:51:53.666 20730 20730 D ViewRootImpl: updatePointerIcon pointerType = 20001, calling pid = 20730
08-20 08:51:53.666 20730 20730 D InputManager: setPointerIconType iconId = 20001, callingPid = 20730
08-20 08:51:53.723 20730 20730 D ViewRootImpl@67a2d23[ArticleListActivity]: ViewPostImeInputStage processPointer 1
08-20 08:51:53.725 20730 20730 D ViewRootImpl: updatePointerIcon pointerType = 20001, calling pid = 20730
08-20 08:51:53.725 20730 20730 D InputManager: setPointerIconType iconId = 20001, callingPid = 20730
08-20 08:51:53.726 20730 20730 D ViewRootImpl: updatePointerIcon pointerType = 20001, calling pid = 20730
08-20 08:51:53.726 20730 20730 D InputManager: setPointerIconType iconId = 20001, callingPid = 20730
08-20 08:51:53.767 20730 20730 D ViewRootImpl@67a2d23[ArticleListActivity]: MSG_WINDOW_FOCUS_CHANGED 0
08-20 08:51:53.887 20730 20730 D ViewRootImpl@c45bfff[AddArticleToCartActivity]: ThreadedRenderer.create() translucent=false
08-20 08:51:53.894 20730 20730 D InputTransport: Input channel constructed: fd=71
08-20 08:51:53.894 20730 20730 D ViewRootImpl@c45bfff[AddArticleToCartActivity]: setView = DecorView@86ca1cc[AddArticleToCartActivity] touchMode=true
08-20 08:51:53.901 20730 20730 D ViewRootImpl@c45bfff[AddArticleToCartActivity]: dispatchAttachedToWindow
08-20 08:51:53.941 20730 20730 D ViewRootImpl@c45bfff[AddArticleToCartActivity]: Relayout returned: oldFrame=[0,0][0,0] newFrame=[0,0][768,1024] result=0x27 surface={isValid=true -1985249280} surfaceGenerationChanged=true
08-20 08:51:53.941 20730 20730 D ViewRootImpl@c45bfff[AddArticleToCartActivity]: mHardwareRenderer.initialize() mSurface={isValid=true -1985249280} hwInitialized=true
08-20 08:51:53.958 20730 20730 D ViewRootImpl: updatePointerIcon pointerType = 20001, calling pid = 20730
08-20 08:51:53.958 20730 20730 D InputManager: setPointerIconType iconId = 20001, callingPid = 20730
08-20 08:51:53.996 20730 20730 D ViewRootImpl@c45bfff[AddArticleToCartActivity]: MSG_RESIZED_REPORT: frame=Rect(0, 0 - 768, 1024) ci=Rect(0, 24 - 0, 0) vi=Rect(0, 24 - 0, 0) or=1
08-20 08:51:53.996 20730 20730 D ViewRootImpl@c45bfff[AddArticleToCartActivity]: MSG_WINDOW_FOCUS_CHANGED 1
08-20 08:51:53.997 20730 20730 D ViewRootImpl@c45bfff[AddArticleToCartActivity]: mHardwareRenderer.initializeIfNeeded()#2 mSurface={isValid=true -1985249280}
08-20 08:51:54.007 20730 20730 V InputMethodManager: Starting input: tba=android.view.inputmethod.EditorInfo@6be5485 nm : cz.gienger.mobile ic=com.android.internal.widget.EditableInputConnection@a8b2da
08-20 08:51:54.008 20730 20730 I InputMethodManager: startInputInner - mService.startInputOrWindowGainedFocus
08-20 08:51:54.021 20730 20730 D InputTransport: Input channel constructed: fd=72
08-20 08:51:54.021 20730 20730 D InputTransport: Input channel destroyed: fd=73
08-20 08:51:54.073 20730 20746 D OpenGLRenderer: endAllActiveAnimators on 0x89bcd180 (RippleDrawable) with handle 0x8ca97be0
08-20 08:51:54.073 20730 20730 D ViewRootImpl@67a2d23[ArticleListActivity]: mHardwareRenderer.destroy()#1
08-20 08:51:54.085 20730 20730 D ViewRootImpl@67a2d23[ArticleListActivity]: Relayout returned: oldFrame=[0,0][768,1024] newFrame=[0,0][768,1024] result=0x5 surface={isValid=false 0} surfaceGenerationChanged=true
08-20 08:51:54.101 20730 20730 D ViewRootImpl: updatePointerIcon pointerType = 20002, calling pid = 20730
08-20 08:51:54.102 20730 20730 D InputManager: setPointerIconType iconId = 20002, callingPid = 20730
08-20 08:51:54.177 20730 20730 D ViewRootImpl: updatePointerIcon pointerType = 20001, calling pid = 20730
08-20 08:51:54.178 20730 20730 D InputManager: setPointerIconType iconId = 20001, callingPid = 20730
08-20 08:51:54.379 20730 20730 D ViewRootImpl@c45bfff[AddArticleToCartActivity]: MSG_RESIZED: frame=Rect(0, 0 - 768, 1024) ci=Rect(0, 24 - 0, 0) vi=Rect(0, 24 - 0, 320) or=1
08-20 08:51:54.475 20730 20730 D ViewRootImpl@67a2d23[ArticleListActivity]: Relayout returned: oldFrame=[0,0][768,1024] newFrame=[0,0][768,1024] result=0x5 surface={isValid=false 0} surfaceGenerationChanged=false
08-20 08:51:56.022 20730 20730 D ViewRootImpl: updatePointerIcon pointerType = 20001, calling pid = 20730
08-20 08:51:56.022 20730 20730 D InputManager: setPointerIconType iconId = 20001, callingPid = 20730
08-20 08:51:56.364 20730 20730 D ViewRootImpl: updatePointerIcon pointerType = 20001, calling pid = 20730
08-20 08:51:56.365 20730 20730 D InputManager: setPointerIconType iconId = 20001, callingPid = 20730
08-20 08:51:57.025 20730 20730 W dogbel : handleMotionEvent enter
08-20 08:51:57.025 20730 20730 W dogbel : handleMotionEvent enter 2
08-20 08:51:57.025 20730 20730 D DirectPenInput: handleMotionEvent ACTION_HOVER_ENTER
08-20 08:51:57.029 20730 20730 D DirectPenInput: canStartDirectPenInput() : false
08-20 08:51:57.029 20730 20730 D DirectPenInput: state : 0.1.0.9. f6f22a6
08-20 08:51:57.037 20730 20730 W dogbel : handleMotionEvent enter
08-20 08:51:57.037 20730 20730 W dogbel : handleMotionEvent enter 2
08-20 08:51:57.041 20730 20730 D ViewRootImpl: updatePointerIcon pointerType = 20002, calling pid = 20730
08-20 08:51:57.041 20730 20730 D InputManager: setPointerIconType iconId = 20002, callingPid = 20730
08-20 08:51:57.045 20730 20730 W dogbel : handleMotionEvent enter
08-20 08:51:57.045 20730 20730 W dogbel : handleMotionEvent enter 2
08-20 08:51:57.056 20730 20730 W dogbel : handleMotionEvent enter
08-20 08:51:57.056 20730 20730 W dogbel : handleMotionEvent enter 2
08-20 08:51:57.071 20730 20730 W dogbel : handleMotionEvent enter
08-20 08:51:57.071 20730 20730 W dogbel : handleMotionEvent enter 2
08-20 08:51:57.088 20730 20730 W dogbel : handleMotionEvent enter
08-20 08:51:57.088 20730 20730 W dogbel : handleMotionEvent enter 2
08-20 08:51:57.090 20730 20730 W dogbel : handleMotionEvent enter
08-20 08:51:57.090 20730 20730 W dogbel : handleMotionEvent enter 2
08-20 08:51:57.090 20730 20730 D DirectPenInput: handleMotionEvent ACTION_HOVER_EXIT
08-20 08:51:57.090 20730 20730 D DirectPenInput: state : 0.1.0.10. f6f22a6
08-20 08:51:57.093 20730 20730 D ViewRootImpl: updatePointerIcon pointerType = 20001, calling pid = 20730
08-20 08:51:57.094 20730 20730 D InputManager: setPointerIconType iconId = 20001, callingPid = 20730
08-20 08:51:57.320 20730 20730 D ViewRootImpl@c45bfff[AddArticleToCartActivity]: ViewPostImeInputStage processPointer 0
08-20 08:51:57.321 20730 20730 D ViewRootImpl: updatePointerIcon pointerType = 20001, calling pid = 20730
08-20 08:51:57.322 20730 20730 D InputManager: setPointerIconType iconId = 20001, callingPid = 20730
08-20 08:51:57.389 20730 20730 D ViewRootImpl@c45bfff[AddArticleToCartActivity]: ViewPostImeInputStage processPointer 1
08-20 08:51:57.394 20730 20730 D ViewRootImpl: updatePointerIcon pointerType = 20001, calling pid = 20730
08-20 08:51:57.394 20730 20730 D InputManager: setPointerIconType iconId = 20001, callingPid = 20730
08-20 08:51:57.395 20730 20730 D ViewRootImpl: updatePointerIcon pointerType = 20001, calling pid = 20730
08-20 08:51:57.395 20730 20730 D InputManager: setPointerIconType iconId = 20001, callingPid = 20730
08-20 08:51:57.398 20730 20730 V InputMethodManager: Starting input: tba=android.view.inputmethod.EditorInfo@c552894 nm : cz.gienger.mobile ic=com.android.internal.widget.EditableInputConnection@9178f3d
08-20 08:51:57.398 20730 20730 I InputMethodManager: startInputInner - mService.startInputOrWindowGainedFocus
08-20 08:51:57.401 20730 20730 D InputTransport: Input channel constructed: fd=78
08-20 08:51:57.401 20730 20730 D InputTransport: Input channel destroyed: fd=72
08-20 08:51:57.506 20730 20730 D ViewRootImpl@67a2d23[ArticleListActivity]: Relayout returned: oldFrame=[0,0][768,1024] newFrame=[0,0][768,1024] result=0x7 surface={isValid=true -1982042112} surfaceGenerationChanged=true
08-20 08:51:57.506 20730 20730 D ViewRootImpl@67a2d23[ArticleListActivity]: mHardwareRenderer.initialize() mSurface={isValid=true -1982042112} hwInitialized=true
08-20 08:51:57.612 20730 20730 W View : requestLayout() improperly called by android.support.v7.widget.AppCompatTextView{2535599 V.ED..... ......ID 0,0-7,18 #7f11012a app:id/tv_fragment_poaz_article_list_header_catalog_price_product_count} during layout: running second layout pass
08-20 08:51:57.613 20730 20730 I ViewRootImpl@67a2d23[ArticleListActivity]: requestLayout is already in process
08-20 08:51:57.613 20730 20730 W View : requestLayout() improperly called by android.support.v7.widget.AppCompatTextView{ee6405e V.ED..... ......ID 19,0-33,18 #7f11012b app:id/tv_fragment_poaz_article_list_header_special_price_product_count} during layout: running second layout pass
08-20 08:51:57.616 20730 20730 D ViewRootImpl: updatePointerIcon pointerType = 20001, calling pid = 20730
08-20 08:51:57.616 20730 20730 D InputManager: setPointerIconType iconId = 20001, callingPid = 20730
08-20 08:51:57.624 20730 20730 D ViewRootImpl@67a2d23[ArticleListActivity]: MSG_RESIZED_REPORT: frame=Rect(0, 0 - 768, 1024) ci=Rect(0, 24 - 0, 320) vi=Rect(0, 24 - 0, 320) or=1
08-20 08:51:57.654 20730 20730 D ViewRootImpl@67a2d23[ArticleListActivity]: MSG_WINDOW_FOCUS_CHANGED 1
08-20 08:51:57.654 20730 20730 D ViewRootImpl@67a2d23[ArticleListActivity]: mHardwareRenderer.initializeIfNeeded()#2 mSurface={isValid=true -1982042112}
08-20 08:51:57.655 20730 20730 V InputMethodManager: Starting input: tba=android.view.inputmethod.EditorInfo@cede07e nm : cz.gienger.mobile ic=null
08-20 08:51:57.656 20730 20730 I InputMethodManager: startInputInner - mService.startInputOrWindowGainedFocus
08-20 08:51:57.684 20730 20730 D InputTransport: Input channel constructed: fd=79
08-20 08:51:57.684 20730 20730 D InputTransport: Input channel destroyed: fd=78
08-20 08:51:57.694 20730 20730 W IInputConnectionWrapper: getCursorCapsMode on inactive InputConnection
08-20 08:51:57.694 20730 20730 D ViewRootImpl@c45bfff[AddArticleToCartActivity]: MSG_WINDOW_FOCUS_CHANGED 0
08-20 08:51:57.730 20730 20746 D OpenGLRenderer: endAllActiveAnimators on 0x8a8a6880 (RippleDrawable) with handle 0x8a866340
08-20 08:51:57.730 20730 20730 D ViewRootImpl@c45bfff[AddArticleToCartActivity]: mHardwareRenderer.destroy()#1
08-20 08:51:57.744 20730 20730 D ViewRootImpl@c45bfff[AddArticleToCartActivity]: Relayout returned: oldFrame=[0,0][768,1024] newFrame=[0,0][768,1024] result=0x5 surface={isValid=false 0} surfaceGenerationChanged=true
08-20 08:51:57.748 20730 20730 W IInputConnectionWrapper: finishComposingText on inactive InputConnection
08-20 08:51:57.748 20730 20730 W IInputConnectionWrapper: performPrivateCommand on inactive InputConnection
08-20 08:51:57.759 20730 20730 W IInputConnectionWrapper: finishComposingText on inactive InputConnection
08-20 08:51:57.759 20730 20730 D ViewRootImpl@67a2d23[ArticleListActivity]: MSG_RESIZED: frame=Rect(0, 0 - 768, 1024) ci=Rect(0, 24 - 0, 0) vi=Rect(0, 24 - 0, 0) or=1
08-20 08:51:57.772 20730 20730 D ViewRootImpl@67a2d23[ArticleListActivity]: Relayout returned: oldFrame=[0,0][768,1024] newFrame=[0,0][768,1024] result=0x1 surface={isValid=true -1982042112} surfaceGenerationChanged=false
08-20 08:51:58.108 20730 20730 D TextView: SYANI: Clipboard API is calling: clearFilter()
08-20 08:51:58.108 20730 20730 D TextView: SYANI: Clipboard API is calling: unregisterClipboardEventListener()
08-20 08:51:58.111 20730 20730 D DirectPenInput: Finish : true
08-20 08:51:58.113 20730 20730 D TextView: SYANI: Clipboard API is calling: clearFilter()
08-20 08:51:58.113 20730 20730 D TextView: SYANI: Clipboard API is calling: unregisterClipboardEventListener()
08-20 08:51:58.121 20730 20730 D ViewRootImpl@c45bfff[AddArticleToCartActivity]: mHardwareRenderer.destroy()#4
08-20 08:51:58.121 20730 20730 D ViewRootImpl@c45bfff[AddArticleToCartActivity]: dispatchDetachedFromWindow
08-20 08:51:58.139 20730 20730 D InputTransport: Input channel destroyed: fd=71
08-20 08:51:58.504 20730 20730 D ViewRootImpl: updatePointerIcon pointerType = 20001, calling pid = 20730
08-20 08:51:58.505 20730 20730 D InputManager: setPointerIconType iconId = 20001, callingPid = 20730
08-20 08:51:58.795 20730 20730 D ViewRootImpl@67a2d23[ArticleListActivity]: ViewPostImeInputStage processPointer 0
08-20 08:51:58.797 20730 20730 D ViewRootImpl: updatePointerIcon pointerType = 20001, calling pid = 20730
08-20 08:51:58.798 20730 20730 D InputManager: setPointerIconType iconId = 20001, callingPid = 20730
08-20 08:51:58.891 20730 20730 D ViewRootImpl@67a2d23[ArticleListActivity]: ViewPostImeInputStage processPointer 1
08-20 08:51:58.893 20730 20730 D ViewRootImpl: updatePointerIcon pointerType = 20001, calling pid = 20730
08-20 08:51:58.893 20730 20730 D InputManager: setPointerIconType iconId = 20001, callingPid = 20730
08-20 08:51:58.895 20730 20730 D ViewRootImpl: updatePointerIcon pointerType = 20001, calling pid = 20730
08-20 08:51:58.895 20730 20730 D InputManager: setPointerIconType iconId = 20001, callingPid = 20730
08-20 08:51:58.936 20730 20730 D ViewRootImpl@67a2d23[ArticleListActivity]: MSG_WINDOW_FOCUS_CHANGED 0
08-20 08:51:59.091 20730 20730 D ViewRootImpl@a2d5197[CartActivity]: ThreadedRenderer.create() translucent=false
08-20 08:51:59.099 20730 20730 D InputTransport: Input channel constructed: fd=71
08-20 08:51:59.099 20730 20730 D ViewRootImpl@a2d5197[CartActivity]: setView = DecorView@5f1ef84[CartActivity] touchMode=true
08-20 08:51:59.101 20730 20730 D ViewRootImpl@a2d5197[CartActivity]: dispatchAttachedToWindow
08-20 08:51:59.134 20730 20730 D ViewRootImpl@a2d5197[CartActivity]: Relayout returned: oldFrame=[0,0][0,0] newFrame=[0,0][768,1024] result=0x27 surface={isValid=true -1969758208} surfaceGenerationChanged=true
08-20 08:51:59.135 20730 20730 D ViewRootImpl@a2d5197[CartActivity]: mHardwareRenderer.initialize() mSurface={isValid=true -1969758208} hwInitialized=true
08-20 08:51:59.205 20730 20730 D AbsListView: in onLayout changed
08-20 08:51:59.208 20730 20730 D ViewRootImpl: updatePointerIcon pointerType = 20001, calling pid = 20730
08-20 08:51:59.208 20730 20730 D InputManager: setPointerIconType iconId = 20001, callingPid = 20730
08-20 08:51:59.247 20730 20730 D ViewRootImpl@a2d5197[CartActivity]: MSG_RESIZED_REPORT: frame=Rect(0, 0 - 768, 1024) ci=Rect(0, 24 - 0, 0) vi=Rect(0, 24 - 0, 0) or=1
08-20 08:51:59.248 20730 20730 D ViewRootImpl@a2d5197[CartActivity]: MSG_WINDOW_FOCUS_CHANGED 1
08-20 08:51:59.248 20730 20730 D ViewRootImpl@a2d5197[CartActivity]: mHardwareRenderer.initializeIfNeeded()#2 mSurface={isValid=true -1969758208}
08-20 08:51:59.263 20730 20730 V InputMethodManager: Starting input: tba=android.view.inputmethod.EditorInfo@9e51298 nm : cz.gienger.mobile ic=null
08-20 08:51:59.263 20730 20730 I InputMethodManager: startInputInner - mService.startInputOrWindowGainedFocus
08-20 08:51:59.268 20730 20730 D InputTransport: Input channel constructed: fd=72
08-20 08:51:59.268 20730 20730 D InputTransport: Input channel destroyed: fd=79
08-20 08:51:59.295 20730 20746 D OpenGLRenderer: endAllActiveAnimators on 0x89bcea00 (RippleDrawable) with handle 0x8a866490
08-20 08:51:59.296 20730 20730 D ViewRootImpl@67a2d23[ArticleListActivity]: mHardwareRenderer.destroy()#1
08-20 08:51:59.303 20730 20730 D ViewRootImpl@67a2d23[ArticleListActivity]: Relayout returned: oldFrame=[0,0][768,1024] newFrame=[0,0][768,1024] result=0x5 surface={isValid=false 0} surfaceGenerationChanged=true
08-20 08:51:59.753 20730 20730 D ViewRootImpl@67a2d23[ArticleListActivity]: Relayout returned: oldFrame=[0,0][768,1024] newFrame=[0,0][768,1024] result=0x5 surface={isValid=false 0} surfaceGenerationChanged=false
08-20 08:52:07.994 20730 20730 D ViewRootImpl: updatePointerIcon pointerType = 20001, calling pid = 20730
08-20 08:52:07.995 20730 20730 D InputManager: setPointerIconType iconId = 20001, callingPid = 20730
08-20 08:52:08.181 20730 20730 D ViewRootImpl@a2d5197[CartActivity]: ViewPostImeInputStage processPointer 0
08-20 08:52:08.182 20730 20730 D ViewRootImpl: updatePointerIcon pointerType = 20001, calling pid = 20730
08-20 08:52:08.182 20730 20730 D InputManager: setPointerIconType iconId = 20001, callingPid = 20730
08-20 08:52:08.294 20730 20730 D ViewRootImpl@a2d5197[CartActivity]: ViewPostImeInputStage processPointer 1
08-20 08:52:08.295 20730 20730 D ViewRootImpl: updatePointerIcon pointerType = 20001, calling pid = 20730
08-20 08:52:08.295 20730 20730 D InputManager: setPointerIconType iconId = 20001, callingPid = 20730
08-20 08:52:08.296 20730 20730 D ViewRootImpl: updatePointerIcon pointerType = 20001, calling pid = 20730
08-20 08:52:08.297 20730 20730 D InputManager: setPointerIconType iconId = 20001, callingPid = 20730
08-20 08:52:09.811 20730 20730 D ViewRootImpl@a2d5197[CartActivity]: ViewPostImeInputStage processKey 0
08-20 08:52:09.954 20730 20730 D ViewRootImpl@a2d5197[CartActivity]: ViewPostImeInputStage processKey 1
08-20 08:52:10.035 20730 20730 D ViewRootImpl@67a2d23[ArticleListActivity]: Relayout returned: oldFrame=[0,0][768,1024] newFrame=[0,0][768,1024] result=0x7 surface={isValid=true -1982042112} surfaceGenerationChanged=true
08-20 08:52:10.035 20730 20730 D ViewRootImpl@67a2d23[ArticleListActivity]: mHardwareRenderer.initialize() mSurface={isValid=true -1982042112} hwInitialized=true
08-20 08:52:10.039 20730 20730 D LOCATION_SERVICE: onLocationChanged: Location[network 49,191093,17,534557 acc=21 et=+3d20h57m43s794ms alt=0.0 vel=0.0 bear=0.0 {Bundle[mParcelledData.dataSize=80]}]
08-20 08:52:10.072 20730 20730 D ViewRootImpl@67a2d23[ArticleListActivity]: MSG_WINDOW_FOCUS_CHANGED 1
08-20 08:52:10.072 20730 20730 D ViewRootImpl@67a2d23[ArticleListActivity]: mHardwareRenderer.initializeIfNeeded()#2 mSurface={isValid=true -1982042112}
08-20 08:52:10.074 20730 20730 V InputMethodManager: Starting input: tba=android.view.inputmethod.EditorInfo@43026d6 nm : cz.gienger.mobile ic=null
08-20 08:52:10.074 20730 20730 I InputMethodManager: startInputInner - mService.startInputOrWindowGainedFocus
08-20 08:52:10.088 20730 20730 D InputTransport: Input channel constructed: fd=73
08-20 08:52:10.088 20730 20730 D InputTransport: Input channel destroyed: fd=72
08-20 08:52:10.091 20730 20730 D ViewRootImpl@a2d5197[CartActivity]: MSG_WINDOW_FOCUS_CHANGED 0
08-20 08:52:10.120 20730 20730 D ViewRootImpl@a2d5197[CartActivity]: mHardwareRenderer.destroy()#1
08-20 08:52:10.127 20730 20730 D ViewRootImpl@a2d5197[CartActivity]: Relayout returned: oldFrame=[0,0][768,1024] newFrame=[0,0][768,1024] result=0x5 surface={isValid=false 0} surfaceGenerationChanged=true
08-20 08:52:10.539 20730 20730 D TextView: SYANI: Clipboard API is calling: clearFilter()
08-20 08:52:10.539 20730 20730 D TextView: SYANI: Clipboard API is calling: unregisterClipboardEventListener()
08-20 08:52:10.542 20730 20730 D TextView: SYANI: Clipboard API is calling: clearFilter()
08-20 08:52:10.542 20730 20730 D TextView: SYANI: Clipboard API is calling: unregisterClipboardEventListener()
08-20 08:52:10.545 20730 20730 D TextView: SYANI: Clipboard API is calling: clearFilter()
08-20 08:52:10.545 20730 20730 D TextView: SYANI: Clipboard API is calling: unregisterClipboardEventListener()
08-20 08:52:10.548 20730 20730 D TextView: SYANI: Clipboard API is calling: clearFilter()
08-20 08:52:10.548 20730 20730 D TextView: SYANI: Clipboard API is calling: unregisterClipboardEventListener()
08-20 08:52:10.553 20730 20730 D TextView: SYANI: Clipboard API is calling: clearFilter()
08-20 08:52:10.554 20730 20730 D TextView: SYANI: Clipboard API is calling: unregisterClipboardEventListener()
08-20 08:52:10.561 20730 20730 D TextView: SYANI: Clipboard API is calling: clearFilter()
08-20 08:52:10.561 20730 20730 D TextView: SYANI: Clipboard API is calling: unregisterClipboardEventListener()
08-20 08:52:10.567 20730 20730 D TextView: SYANI: Clipboard API is calling: clearFilter()
08-20 08:52:10.567 20730 20730 D TextView: SYANI: Clipboard API is calling: unregisterClipboardEventListener()
08-20 08:52:10.569 20730 20730 D TextView: SYANI: Clipboard API is calling: clearFilter()
08-20 08:52:10.570 20730 20730 D TextView: SYANI: Clipboard API is calling: unregisterClipboardEventListener()
08-20 08:52:10.573 20730 20730 D TextView: SYANI: Clipboard API is calling: clearFilter()
08-20 08:52:10.573 20730 20730 D TextView: SYANI: Clipboard API is calling: unregisterClipboardEventListener()
08-20 08:52:10.588 20730 20730 D ViewRootImpl@a2d5197[CartActivity]: mHardwareRenderer.destroy()#4
08-20 08:52:10.588 20730 20730 D ViewRootImpl@a2d5197[CartActivity]: dispatchDetachedFromWindow
08-20 08:52:10.597 20730 20730 D InputTransport: Input channel destroyed: fd=71
08-20 08:52:11.493 20730 20730 D ViewRootImpl: updatePointerIcon pointerType = 20001, calling pid = 20730
08-20 08:52:11.495 20730 20730 D InputManager: setPointerIconType iconId = 20001, callingPid = 20730
08-20 08:52:11.499 20730 20730 D ViewRootImpl: updatePointerIcon pointerType = 20001, calling pid = 20730
08-20 08:52:11.499 20730 20730 D InputManager: setPointerIconType iconId = 20001, callingPid = 20730
08-20 08:52:11.607 20730 20730 D ViewRootImpl@67a2d23[ArticleListActivity]: ViewPostImeInputStage processPointer 0
08-20 08:52:11.608 20730 20730 D ViewRootImpl: updatePointerIcon pointerType = 20001, calling pid = 20730
08-20 08:52:11.608 20730 20730 D InputManager: setPointerIconType iconId = 20001, callingPid = 20730
08-20 08:52:12.176 20730 20730 D ViewRootImpl@67a2d23[ArticleListActivity]: ViewPostImeInputStage processPointer 1
08-20 08:52:12.183 20730 20730 D ViewRootImpl: updatePointerIcon pointerType = 20001, calling pid = 20730
08-20 08:52:12.184 20730 20730 D InputManager: setPointerIconType iconId = 20001, callingPid = 20730
08-20 08:52:12.184 20730 20730 D ViewRootImpl: updatePointerIcon pointerType = 20001, calling pid = 20730
08-20 08:52:12.185 20730 20730 D InputManager: setPointerIconType iconId = 20001, callingPid = 20730
08-20 08:52:13.020 20730 20730 D ViewRootImpl: updatePointerIcon pointerType = 20001, calling pid = 20730
08-20 08:52:13.021 20730 20730 D InputManager: setPointerIconType iconId = 20001, callingPid = 20730
08-20 08:52:13.403 20730 20730 D ViewRootImpl: updatePointerIcon pointerType = 20001, calling pid = 20730
08-20 08:52:13.404 20730 20730 D InputManager: setPointerIconType iconId = 20001, callingPid = 20730
08-20 08:52:13.814 20730 20730 D ViewRootImpl: updatePointerIcon pointerType = 20001, calling pid = 20730
08-20 08:52:13.816 20730 20730 D InputManager: setPointerIconType iconId = 20001, callingPid = 20730
08-20 08:52:14.177 20730 20730 D ViewRootImpl: updatePointerIcon pointerType = 20001, calling pid = 20730
08-20 08:52:14.177 20730 20730 D InputManager: setPointerIconType iconId = 20001, callingPid = 20730
08-20 08:52:14.375 20730 20730 D ViewRootImpl@67a2d23[ArticleListActivity]: ViewPostImeInputStage processPointer 0
08-20 08:52:14.376 20730 20730 D ViewRootImpl: updatePointerIcon pointerType = 20001, calling pid = 20730
08-20 08:52:14.377 20730 20730 D InputManager: setPointerIconType iconId = 20001, callingPid = 20730
08-20 08:52:14.494 20730 20730 D ViewRootImpl@67a2d23[ArticleListActivity]: ViewPostImeInputStage processPointer 1
08-20 08:52:14.496 20730 20730 D ViewRootImpl: updatePointerIcon pointerType = 20001, calling pid = 20730
08-20 08:52:14.496 20730 20730 D InputManager: setPointerIconType iconId = 20001, callingPid = 20730
08-20 08:52:14.497 20730 20730 D ViewRootImpl: updatePointerIcon pointerType = 20001, calling pid = 20730
08-20 08:52:14.497 20730 20730 D InputManager: setPointerIconType iconId = 20001, callingPid = 20730
08-20 08:52:14.542 20730 20730 D ViewRootImpl@67a2d23[ArticleListActivity]: MSG_WINDOW_FOCUS_CHANGED 0
08-20 08:52:14.654 20730 20730 D ViewRootImpl@4897970[AddArticleToCartActivity]: ThreadedRenderer.create() translucent=false
08-20 08:52:14.658 20730 20730 D InputTransport: Input channel constructed: fd=71
08-20 08:52:14.659 20730 20730 D ViewRootImpl@4897970[AddArticleToCartActivity]: setView = DecorView@e2904e9[AddArticleToCartActivity] touchMode=true
08-20 08:52:14.664 20730 20730 D ViewRootImpl@4897970[AddArticleToCartActivity]: dispatchAttachedToWindow
08-20 08:52:14.703 20730 20730 D ViewRootImpl@4897970[AddArticleToCartActivity]: Relayout returned: oldFrame=[0,0][0,0] newFrame=[0,0][768,1024] result=0x27 surface={isValid=true -1961363456} surfaceGenerationChanged=true
08-20 08:52:14.703 20730 20730 D ViewRootImpl@4897970[AddArticleToCartActivity]: mHardwareRenderer.initialize() mSurface={isValid=true -1961363456} hwInitialized=true
08-20 08:52:14.716 20730 20730 D ViewRootImpl: updatePointerIcon pointerType = 20001, calling pid = 20730
08-20 08:52:14.717 20730 20730 D InputManager: setPointerIconType iconId = 20001, callingPid = 20730
08-20 08:52:14.764 20730 20730 D ViewRootImpl@4897970[AddArticleToCartActivity]: MSG_RESIZED_REPORT: frame=Rect(0, 0 - 768, 1024) ci=Rect(0, 24 - 0, 0) vi=Rect(0, 24 - 0, 0) or=1
08-20 08:52:14.764 20730 20730 D ViewRootImpl@4897970[AddArticleToCartActivity]: MSG_WINDOW_FOCUS_CHANGED 1
08-20 08:52:14.764 20730 20730 D ViewRootImpl@4897970[AddArticleToCartActivity]: mHardwareRenderer.initializeIfNeeded()#2 mSurface={isValid=true -1961363456}
08-20 08:52:14.774 20730 20730 V InputMethodManager: Starting input: tba=android.view.inputmethod.EditorInfo@f6ae61e nm : cz.gienger.mobile ic=com.android.internal.widget.EditableInputConnection@bd54eff
08-20 08:52:14.774 20730 20730 I InputMethodManager: startInputInner - mService.startInputOrWindowGainedFocus
08-20 08:52:14.790 20730 20730 D InputTransport: Input channel constructed: fd=72
08-20 08:52:14.790 20730 20730 D InputTransport: Input channel destroyed: fd=73
08-20 08:52:14.829 20730 20746 D OpenGLRenderer: endAllActiveAnimators on 0x89bcd500 (RippleDrawable) with handle 0x8a867b10
08-20 08:52:14.829 20730 20730 D ViewRootImpl@67a2d23[ArticleListActivity]: mHardwareRenderer.destroy()#1
08-20 08:52:14.847 20730 20730 D ViewRootImpl@67a2d23[ArticleListActivity]: Relayout returned: oldFrame=[0,0][768,1024] newFrame=[0,0][768,1024] result=0x5 surface={isValid=false 0} surfaceGenerationChanged=true
08-20 08:52:15.062 20730 20730 D ViewRootImpl@4897970[AddArticleToCartActivity]: MSG_RESIZED: frame=Rect(0, 0 - 768, 1024) ci=Rect(0, 24 - 0, 0) vi=Rect(0, 24 - 0, 320) or=1
08-20 08:52:15.236 20730 20730 D ViewRootImpl@67a2d23[ArticleListActivity]: Relayout returned: oldFrame=[0,0][768,1024] newFrame=[0,0][768,1024] result=0x5 surface={isValid=false 0} surfaceGenerationChanged=false
08-20 08:52:15.357 20730 20730 D ViewRootImpl: updatePointerIcon pointerType = 20001, calling pid = 20730
08-20 08:52:15.358 20730 20730 D InputManager: setPointerIconType iconId = 20001, callingPid = 20730
08-20 08:52:15.495 20730 20730 W dogbel : handleMotionEvent enter
08-20 08:52:15.495 20730 20730 W dogbel : handleMotionEvent enter 2
08-20 08:52:15.496 20730 20730 D DirectPenInput: handleMotionEvent ACTION_HOVER_ENTER
08-20 08:52:15.496 20730 20730 D DirectPenInput: canStartDirectPenInput() : false
08-20 08:52:15.496 20730 20730 D DirectPenInput: state : 0.1.0.9. db9dc1b
08-20 08:52:15.505 20730 20730 W dogbel : handleMotionEvent enter
08-20 08:52:15.505 20730 20730 W dogbel : handleMotionEvent enter 2
08-20 08:52:15.506 20730 20730 D ViewRootImpl: updatePointerIcon pointerType = 20002, calling pid = 20730
08-20 08:52:15.507 20730 20730 D InputManager: setPointerIconType iconId = 20002, callingPid = 20730
08-20 08:52:15.513 20730 20730 W dogbel : handleMotionEvent enter
08-20 08:52:15.513 20730 20730 W dogbel : handleMotionEvent enter 2
08-20 08:52:15.528 20730 20730 W dogbel : handleMotionEvent enter
08-20 08:52:15.528 20730 20730 W dogbel : handleMotionEvent enter 2
08-20 08:52:15.545 20730 20730 W dogbel : handleMotionEvent enter
08-20 08:52:15.545 20730 20730 W dogbel : handleMotionEvent enter 2
08-20 08:52:15.561 20730 20730 W dogbel : handleMotionEvent enter
08-20 08:52:15.561 20730 20730 W dogbel : handleMotionEvent enter 2
08-20 08:52:15.578 20730 20730 W dogbel : handleMotionEvent enter
08-20 08:52:15.578 20730 20730 W dogbel : handleMotionEvent enter 2
08-20 08:52:15.595 20730 20730 W dogbel : handleMotionEvent enter
08-20 08:52:15.595 20730 20730 W dogbel : handleMotionEvent enter 2
08-20 08:52:15.613 20730 20730 W dogbel : handleMotionEvent enter
08-20 08:52:15.613 20730 20730 W dogbel : handleMotionEvent enter 2
08-20 08:52:15.628 20730 20730 W dogbel : handleMotionEvent enter
08-20 08:52:15.628 20730 20730 W dogbel : handleMotionEvent enter 2
08-20 08:52:15.645 20730 20730 W dogbel : handleMotionEvent enter
08-20 08:52:15.645 20730 20730 W dogbel : handleMotionEvent enter 2
08-20 08:52:15.662 20730 20730 W dogbel : handleMotionEvent enter
08-20 08:52:15.662 20730 20730 W dogbel : handleMotionEvent enter 2
08-20 08:52:15.678 20730 20730 W dogbel : handleMotionEvent enter
08-20 08:52:15.678 20730 20730 W dogbel : handleMotionEvent enter 2
08-20 08:52:15.684 20730 20730 W dogbel : handleMotionEvent enter
08-20 08:52:15.684 20730 20730 W dogbel : handleMotionEvent enter 2
08-20 08:52:15.684 20730 20730 D DirectPenInput: handleMotionEvent ACTION_HOVER_EXIT
08-20 08:52:15.684 20730 20730 D DirectPenInput: state : 0.1.0.10. db9dc1b
08-20 08:52:15.688 20730 20730 D ViewRootImpl@4897970[AddArticleToCartActivity]: ViewPostImeInputStage processPointer 0
08-20 08:52:15.688 20730 20730 W dogbel : handleMotionEvent enter
08-20 08:52:15.688 20730 20730 W dogbel : handleMotionEvent enter 2
08-20 08:52:15.689 20730 20730 D DirectPenInput: state : 0.1.0.0. db9dc1b
08-20 08:52:15.691 20730 20730 D ViewRootImpl: updatePointerIcon pointerType = 20002, calling pid = 20730
08-20 08:52:15.691 20730 20730 D InputManager: setPointerIconType iconId = 20002, callingPid = 20730
08-20 08:52:15.696 20730 20730 W dogbel : handleMotionEvent enter
08-20 08:52:15.696 20730 20730 W dogbel : handleMotionEvent enter 2
08-20 08:52:15.696 20730 20730 D DirectPenInput: state : 0.1.0.2. db9dc1b
08-20 08:52:15.713 20730 20730 W dogbel : handleMotionEvent enter
08-20 08:52:15.713 20730 20730 W dogbel : handleMotionEvent enter 2
08-20 08:52:15.713 20730 20730 D DirectPenInput: state : 0.1.0.2. db9dc1b
08-20 08:52:15.729 20730 20730 W dogbel : handleMotionEvent enter
08-20 08:52:15.729 20730 20730 W dogbel : handleMotionEvent enter 2
08-20 08:52:15.729 20730 20730 D DirectPenInput: state : 0.1.0.2. db9dc1b
08-20 08:52:15.746 20730 20730 W dogbel : handleMotionEvent enter
08-20 08:52:15.746 20730 20730 W dogbel : handleMotionEvent enter 2
08-20 08:52:15.746 20730 20730 D DirectPenInput: state : 0.1.0.2. db9dc1b
08-20 08:52:15.763 20730 20730 W dogbel : handleMotionEvent enter
08-20 08:52:15.763 20730 20730 W dogbel : handleMotionEvent enter 2
08-20 08:52:15.763 20730 20730 D DirectPenInput: state : 0.1.0.2. db9dc1b
08-20 08:52:15.766 20730 20730 D ViewRootImpl@4897970[AddArticleToCartActivity]: ViewPostImeInputStage processPointer 1
08-20 08:52:15.767 20730 20730 W dogbel : handleMotionEvent enter
08-20 08:52:15.767 20730 20730 W dogbel : handleMotionEvent enter 2
08-20 08:52:15.767 20730 20730 D DirectPenInput: state : 0.1.0.1. db9dc1b
08-20 08:52:15.769 20730 20730 D InputMethodManager: SSI - flag : 0 Pid : 20730 view : cz.gienger.mobile
08-20 08:52:15.771 20730 20730 W dogbel : handleMotionEvent enter
08-20 08:52:15.771 20730 20730 W dogbel : handleMotionEvent enter 2
08-20 08:52:15.771 20730 20730 D DirectPenInput: handleMotionEvent ACTION_HOVER_ENTER
08-20 08:52:15.773 20730 20730 D DirectPenInput: canStartDirectPenInput() : false
08-20 08:52:15.773 20730 20730 D DirectPenInput: state : 0.1.0.9. db9dc1b
08-20 08:52:15.778 20730 20730 D ViewRootImpl: updatePointerIcon pointerType = 20002, calling pid = 20730
08-20 08:52:15.779 20730 20730 D InputManager: setPointerIconType iconId = 20002, callingPid = 20730
08-20 08:52:15.780 20730 20730 D ViewRootImpl: updatePointerIcon pointerType = 20002, calling pid = 20730
08-20 08:52:15.780 20730 20730 D InputManager: setPointerIconType iconId = 20002, callingPid = 20730
08-20 08:52:15.782 20730 20730 W dogbel : handleMotionEvent enter
08-20 08:52:15.782 20730 20730 W dogbel : handleMotionEvent enter 2
08-20 08:52:15.795 20730 20730 W dogbel : handleMotionEvent enter
08-20 08:52:15.795 20730 20730 W dogbel : handleMotionEvent enter 2
08-20 08:52:15.812 20730 20730 W dogbel : handleMotionEvent enter
08-20 08:52:15.812 20730 20730 W dogbel : handleMotionEvent enter 2
08-20 08:52:15.829 20730 20730 W dogbel : handleMotionEvent enter
08-20 08:52:15.829 20730 20730 W dogbel : handleMotionEvent enter 2
08-20 08:52:15.847 20730 20730 W dogbel : handleMotionEvent enter
08-20 08:52:15.847 20730 20730 W dogbel : handleMotionEvent enter 2
08-20 08:52:15.862 20730 20730 W dogbel : handleMotionEvent enter
08-20 08:52:15.862 20730 20730 W dogbel : handleMotionEvent enter 2
08-20 08:52:15.874 20730 20730 W dogbel : handleMotionEvent enter
08-20 08:52:15.874 20730 20730 W dogbel : handleMotionEvent enter 2
08-20 08:52:15.876 20730 20730 W dogbel : handleMotionEvent enter
08-20 08:52:15.876 20730 20730 W dogbel : handleMotionEvent enter 2
08-20 08:52:15.876 20730 20730 D DirectPenInput: handleMotionEvent ACTION_HOVER_EXIT
08-20 08:52:15.876 20730 20730 D DirectPenInput: state : 0.1.0.10. db9dc1b
08-20 08:52:18.145 20730 20730 D ViewRootImpl: updatePointerIcon pointerType = 20001, calling pid = 20730
08-20 08:52:18.147 20730 20730 D InputManager: setPointerIconType iconId = 20001, callingPid = 20730
08-20 08:52:18.297 20730 20730 D ViewRootImpl: updatePointerIcon pointerType = 20002, calling pid = 20730
08-20 08:52:18.298 20730 20730 D InputManager: setPointerIconType iconId = 20002, callingPid = 20730
08-20 08:52:18.322 20730 20730 D ViewRootImpl: updatePointerIcon pointerType = 20001, calling pid = 20730
08-20 08:52:18.324 20730 20730 D InputManager: setPointerIconType iconId = 20001, callingPid = 20730
08-20 08:52:18.489 20730 20730 D ViewRootImpl@4897970[AddArticleToCartActivity]: ViewPostImeInputStage processPointer 0
08-20 08:52:18.492 20730 20730 D ViewRootImpl: updatePointerIcon pointerType = 20001, calling pid = 20730
08-20 08:52:18.492 20730 20730 D InputManager: setPointerIconType iconId = 20001, callingPid = 20730
08-20 08:52:18.560 20730 20730 D ViewRootImpl@4897970[AddArticleToCartActivity]: ViewPostImeInputStage processPointer 1
08-20 08:52:18.567 20730 20730 D ViewRootImpl: updatePointerIcon pointerType = 20001, calling pid = 20730
08-20 08:52:18.568 20730 20730 D InputManager: setPointerIconType iconId = 20001, callingPid = 20730
08-20 08:52:18.569 20730 20730 D ViewRootImpl: updatePointerIcon pointerType = 20001, calling pid = 20730
08-20 08:52:18.569 20730 20730 D InputManager: setPointerIconType iconId = 20001, callingPid = 20730
08-20 08:52:18.572 20730 20730 V InputMethodManager: Starting input: tba=android.view.inputmethod.EditorInfo@23f9af6 nm : cz.gienger.mobile ic=com.android.internal.widget.EditableInputConnection@6901ef7
08-20 08:52:18.572 20730 20730 I InputMethodManager: startInputInner - mService.startInputOrWindowGainedFocus
08-20 08:52:18.575 20730 20730 D InputTransport: Input channel constructed: fd=79
08-20 08:52:18.575 20730 20730 D InputTransport: Input channel destroyed: fd=72
08-20 08:52:18.680 20730 20730 D ViewRootImpl@67a2d23[ArticleListActivity]: Relayout returned: oldFrame=[0,0][768,1024] newFrame=[0,0][768,1024] result=0x7 surface={isValid=true -1982042112} surfaceGenerationChanged=true
08-20 08:52:18.681 20730 20730 D ViewRootImpl@67a2d23[ArticleListActivity]: mHardwareRenderer.initialize() mSurface={isValid=true -1982042112} hwInitialized=true
08-20 08:52:18.783 20730 20730 W View : requestLayout() improperly called by android.support.v7.widget.AppCompatTextView{2535599 V.ED..... ......ID 0,0-7,18 #7f11012a app:id/tv_fragment_poaz_article_list_header_catalog_price_product_count} during layout: running second layout pass
08-20 08:52:18.784 20730 20730 I ViewRootImpl@67a2d23[ArticleListActivity]: requestLayout is already in process
08-20 08:52:18.784 20730 20730 W View : requestLayout() improperly called by android.support.v7.widget.AppCompatTextView{ee6405e V.ED..... ......ID 19,0-33,18 #7f11012b app:id/tv_fragment_poaz_article_list_header_special_price_product_count} during layout: running second layout pass
08-20 08:52:18.788 20730 20730 D ViewRootImpl: updatePointerIcon pointerType = 20001, calling pid = 20730
08-20 08:52:18.788 20730 20730 D InputManager: setPointerIconType iconId = 20001, callingPid = 20730
08-20 08:52:18.831 20730 20730 D ViewRootImpl@67a2d23[ArticleListActivity]: MSG_RESIZED_REPORT: frame=Rect(0, 0 - 768, 1024) ci=Rect(0, 24 - 0, 320) vi=Rect(0, 24 - 0, 320) or=1
08-20 08:52:18.831 20730 20730 D ViewRootImpl@67a2d23[ArticleListActivity]: MSG_WINDOW_FOCUS_CHANGED 1
08-20 08:52:18.831 20730 20730 D ViewRootImpl@67a2d23[ArticleListActivity]: mHardwareRenderer.initializeIfNeeded()#2 mSurface={isValid=true -1982042112}
08-20 08:52:18.833 20730 20730 V InputMethodManager: Starting input: tba=android.view.inputmethod.EditorInfo@d0e6fd0 nm : cz.gienger.mobile ic=null
08-20 08:52:18.833 20730 20730 I InputMethodManager: startInputInner - mService.startInputOrWindowGainedFocus
08-20 08:52:18.863 20730 20730 D InputTransport: Input channel constructed: fd=80
08-20 08:52:18.863 20730 20730 D InputTransport: Input channel destroyed: fd=79
08-20 08:52:18.883 20730 20730 W IInputConnectionWrapper: getCursorCapsMode on inactive InputConnection
08-20 08:52:18.884 20730 20730 D ViewRootImpl@4897970[AddArticleToCartActivity]: MSG_WINDOW_FOCUS_CHANGED 0
08-20 08:52:18.919 20730 20746 D OpenGLRenderer: endAllActiveAnimators on 0x8c161a80 (RippleDrawable) with handle 0x8b17e530
08-20 08:52:18.919 20730 20730 D ViewRootImpl@4897970[AddArticleToCartActivity]: mHardwareRenderer.destroy()#1
08-20 08:52:18.931 20730 20730 D ViewRootImpl@4897970[AddArticleToCartActivity]: Relayout returned: oldFrame=[0,0][768,1024] newFrame=[0,0][768,1024] result=0x5 surface={isValid=false 0} surfaceGenerationChanged=true
08-20 08:52:18.935 20730 20730 W IInputConnectionWrapper: finishComposingText on inactive InputConnection
08-20 08:52:18.935 20730 20730 W IInputConnectionWrapper: performPrivateCommand on inactive InputConnection
08-20 08:52:18.935 20730 20730 W IInputConnectionWrapper: finishComposingText on inactive InputConnection
08-20 08:52:18.946 20730 20730 D ViewRootImpl@67a2d23[ArticleListActivity]: MSG_RESIZED: frame=Rect(0, 0 - 768, 1024) ci=Rect(0, 24 - 0, 0) vi=Rect(0, 24 - 0, 0) or=1
08-20 08:52:18.972 20730 20730 D ViewRootImpl@67a2d23[ArticleListActivity]: Relayout returned: oldFrame=[0,0][768,1024] newFrame=[0,0][768,1024] result=0x1 surface={isValid=true -1982042112} surfaceGenerationChanged=false
08-20 08:52:19.305 20730 20730 D TextView: SYANI: Clipboard API is calling: clearFilter()
08-20 08:52:19.305 20730 20730 D TextView: SYANI: Clipboard API is calling: unregisterClipboardEventListener()
08-20 08:52:19.306 20730 20730 D DirectPenInput: Finish : true
08-20 08:52:19.309 20730 20730 D TextView: SYANI: Clipboard API is calling: clearFilter()
08-20 08:52:19.309 20730 20730 D TextView: SYANI: Clipboard API is calling: unregisterClipboardEventListener()
08-20 08:52:19.316 20730 20730 D ViewRootImpl@4897970[AddArticleToCartActivity]: mHardwareRenderer.destroy()#4
08-20 08:52:19.316 20730 20730 D ViewRootImpl@4897970[AddArticleToCartActivity]: dispatchDetachedFromWindow
08-20 08:52:19.331 20730 20730 D InputTransport: Input channel destroyed: fd=71
08-20 08:52:19.598 20730 20730 D ViewRootImpl: updatePointerIcon pointerType = 20001, calling pid = 20730
08-20 08:52:19.598 20730 20730 D InputManager: setPointerIconType iconId = 20001, callingPid = 20730
08-20 08:52:20.560 20730 20730 D ViewRootImpl: updatePointerIcon pointerType = 20001, calling pid = 20730
08-20 08:52:20.563 20730 20730 D InputManager: setPointerIconType iconId = 20001, callingPid = 20730
08-20 08:52:20.694 20730 20730 D ViewRootImpl@67a2d23[ArticleListActivity]: ViewPostImeInputStage processPointer 0
08-20 08:52:20.695 20730 20730 D ViewRootImpl: updatePointerIcon pointerType = 20001, calling pid = 20730
08-20 08:52:20.696 20730 20730 D InputManager: setPointerIconType iconId = 20001, callingPid = 20730
08-20 08:52:20.791 20730 20730 D ViewRootImpl@67a2d23[ArticleListActivity]: ViewPostImeInputStage processPointer 1
08-20 08:52:20.793 20730 20730 D ViewRootImpl: updatePointerIcon pointerType = 20001, calling pid = 20730
08-20 08:52:20.793 20730 20730 D InputManager: setPointerIconType iconId = 20001, callingPid = 20730
08-20 08:52:20.794 20730 20730 D ViewRootImpl: updatePointerIcon pointerType = 20001, calling pid = 20730
08-20 08:52:20.794 20730 20730 D InputManager: setPointerIconType iconId = 20001, callingPid = 20730
08-20 08:52:20.835 20730 20730 D ViewRootImpl@67a2d23[ArticleListActivity]: MSG_WINDOW_FOCUS_CHANGED 0
08-20 08:52:20.989 20730 20730 D ViewRootImpl@44da49a[CartActivity]: ThreadedRenderer.create() translucent=false
08-20 08:52:20.994 20730 20730 D InputTransport: Input channel constructed: fd=71
08-20 08:52:20.995 20730 20730 D ViewRootImpl@44da49a[CartActivity]: setView = DecorView@65231cb[CartActivity] touchMode=true
08-20 08:52:20.997 20730 20730 D ViewRootImpl@44da49a[CartActivity]: dispatchAttachedToWindow
08-20 08:52:21.031 20730 20730 D ViewRootImpl@44da49a[CartActivity]: Relayout returned: oldFrame=[0,0][0,0] newFrame=[0,0][768,1024] result=0x27 surface={isValid=true -1931280384} surfaceGenerationChanged=true
08-20 08:52:21.031 20730 20730 D ViewRootImpl@44da49a[CartActivity]: mHardwareRenderer.initialize() mSurface={isValid=true -1931280384} hwInitialized=true
08-20 08:52:21.127 20730 20730 D AbsListView: in onLayout changed
08-20 08:52:21.170 20730 20730 D ViewRootImpl@44da49a[CartActivity]: MSG_RESIZED_REPORT: frame=Rect(0, 0 - 768, 1024) ci=Rect(0, 24 - 0, 0) vi=Rect(0, 24 - 0, 0) or=1
08-20 08:52:21.171 20730 20730 D ViewRootImpl@44da49a[CartActivity]: MSG_WINDOW_FOCUS_CHANGED 1
08-20 08:52:21.171 20730 20730 D ViewRootImpl@44da49a[CartActivity]: mHardwareRenderer.initializeIfNeeded()#2 mSurface={isValid=true -1931280384}
08-20 08:52:21.187 20730 20730 V InputMethodManager: Starting input: tba=android.view.inputmethod.EditorInfo@70574b9 nm : cz.gienger.mobile ic=null
08-20 08:52:21.187 20730 20730 I InputMethodManager: startInputInner - mService.startInputOrWindowGainedFocus
08-20 08:52:21.188 20730 20730 D InputTransport: Input channel constructed: fd=72
08-20 08:52:21.189 20730 20730 D InputTransport: Input channel destroyed: fd=80
08-20 08:52:21.226 20730 20746 D OpenGLRenderer: endAllActiveAnimators on 0x89bcea00 (RippleDrawable) with handle 0x8b17e530
08-20 08:52:21.227 20730 20730 D ViewRootImpl@67a2d23[ArticleListActivity]: mHardwareRenderer.destroy()#1
08-20 08:52:21.235 20730 20730 D ViewRootImpl@67a2d23[ArticleListActivity]: Relayout returned: oldFrame=[0,0][768,1024] newFrame=[0,0][768,1024] result=0x5 surface={isValid=false 0} surfaceGenerationChanged=true
08-20 08:52:21.668 20730 20730 D ViewRootImpl@67a2d23[ArticleListActivity]: Relayout returned: oldFrame=[0,0][768,1024] newFrame=[0,0][768,1024] result=0x5 surface={isValid=false 0} surfaceGenerationChanged=false
08-20 08:52:22.802 20730 20730 W dogbel : handleMotionEvent enter
08-20 08:52:22.802 20730 20730 W dogbel : handleMotionEvent enter 2
08-20 08:52:22.802 20730 20730 D DirectPenInput: handleMotionEvent ACTION_HOVER_ENTER
08-20 08:52:22.803 20730 20730 D DirectPenInput: canStartDirectPenInput() : false
08-20 08:52:22.803 20730 20730 D DirectPenInput: state : 0.1.0.9. 6f940fe
08-20 08:52:22.813 20730 20730 D ViewRootImpl: updatePointerIcon pointerType = 20002, calling pid = 20730
08-20 08:52:22.813 20730 20730 D InputManager: setPointerIconType iconId = 20002, callingPid = 20730
08-20 08:52:22.817 20730 20730 D ViewRootImpl: updatePointerIcon pointerType = 20002, calling pid = 20730
08-20 08:52:22.818 20730 20730 D InputManager: setPointerIconType iconId = 20002, callingPid = 20730
08-20 08:52:22.819 20730 20730 W dogbel : handleMotionEvent enter
08-20 08:52:22.819 20730 20730 W dogbel : handleMotionEvent enter 2
08-20 08:52:22.828 20730 20730 W dogbel : handleMotionEvent enter
08-20 08:52:22.828 20730 20730 W dogbel : handleMotionEvent enter 2
08-20 08:52:22.844 20730 20730 W dogbel : handleMotionEvent enter
08-20 08:52:22.844 20730 20730 W dogbel : handleMotionEvent enter 2
08-20 08:52:22.863 20730 20730 W dogbel : handleMotionEvent enter
08-20 08:52:22.863 20730 20730 W dogbel : handleMotionEvent enter 2
08-20 08:52:22.878 20730 20730 W dogbel : handleMotionEvent enter
08-20 08:52:22.879 20730 20730 W dogbel : handleMotionEvent enter 2
08-20 08:52:22.895 20730 20730 W dogbel : handleMotionEvent enter
08-20 08:52:22.895 20730 20730 W dogbel : handleMotionEvent enter 2
08-20 08:52:22.912 20730 20730 W dogbel : handleMotionEvent enter
08-20 08:52:22.912 20730 20730 W dogbel : handleMotionEvent enter 2
08-20 08:52:22.928 20730 20730 W dogbel : handleMotionEvent enter
08-20 08:52:22.928 20730 20730 W dogbel : handleMotionEvent enter 2
08-20 08:52:22.945 20730 20730 W dogbel : handleMotionEvent enter
08-20 08:52:22.945 20730 20730 W dogbel : handleMotionEvent enter 2
08-20 08:52:22.962 20730 20730 W dogbel : handleMotionEvent enter
08-20 08:52:22.962 20730 20730 W dogbel : handleMotionEvent enter 2
08-20 08:52:22.973 20730 20730 W dogbel : handleMotionEvent enter
08-20 08:52:22.973 20730 20730 W dogbel : handleMotionEvent enter 2
08-20 08:52:22.973 20730 20730 D DirectPenInput: handleMotionEvent ACTION_HOVER_EXIT
08-20 08:52:22.973 20730 20730 D DirectPenInput: state : 0.1.0.10. 6f940fe
08-20 08:52:22.976 20730 20730 D ViewRootImpl@44da49a[CartActivity]: ViewPostImeInputStage processPointer 0
08-20 08:52:22.976 20730 20730 W dogbel : handleMotionEvent enter
08-20 08:52:22.976 20730 20730 W dogbel : handleMotionEvent enter 2
08-20 08:52:22.977 20730 20730 D DirectPenInput: state : 0.1.0.0. 6f940fe
08-20 08:52:22.977 20730 20730 D ViewRootImpl: updatePointerIcon pointerType = 20002, calling pid = 20730
08-20 08:52:22.978 20730 20730 D InputManager: setPointerIconType iconId = 20002, callingPid = 20730
08-20 08:52:22.980 20730 20730 W dogbel : handleMotionEvent enter
08-20 08:52:22.980 20730 20730 W dogbel : handleMotionEvent enter 2
08-20 08:52:22.980 20730 20730 D DirectPenInput: state : 0.1.0.2. 6f940fe
08-20 08:52:22.996 20730 20730 W dogbel : handleMotionEvent enter
08-20 08:52:22.996 20730 20730 W dogbel : handleMotionEvent enter 2
08-20 08:52:22.996 20730 20730 D DirectPenInput: state : 0.1.0.2. 6f940fe
08-20 08:52:23.015 20730 20730 W dogbel : handleMotionEvent enter
08-20 08:52:23.016 20730 20730 W dogbel : handleMotionEvent enter 2
08-20 08:52:23.016 20730 20730 D DirectPenInput: state : 0.1.0.2. 6f940fe
08-20 08:52:23.030 20730 20730 W dogbel : handleMotionEvent enter
08-20 08:52:23.030 20730 20730 W dogbel : handleMotionEvent enter 2
08-20 08:52:23.031 20730 20730 D DirectPenInput: state : 0.1.0.2. 6f940fe
08-20 08:52:23.048 20730 20730 W dogbel : handleMotionEvent enter
08-20 08:52:23.048 20730 20730 W dogbel : handleMotionEvent enter 2
08-20 08:52:23.048 20730 20730 D DirectPenInput: state : 0.1.0.2. 6f940fe
08-20 08:52:23.054 20730 20730 D ViewRootImpl@44da49a[CartActivity]: ViewPostImeInputStage processPointer 1
08-20 08:52:23.055 20730 20730 W dogbel : handleMotionEvent enter
08-20 08:52:23.055 20730 20730 W dogbel : handleMotionEvent enter 2
08-20 08:52:23.055 20730 20730 D DirectPenInput: state : 0.1.0.1. 6f940fe
08-20 08:52:23.069 20730 20730 V InputMethodManager: Starting input: tba=android.view.inputmethod.EditorInfo@cffa375 nm : cz.gienger.mobile ic=com.android.internal.widget.EditableInputConnection@e246f0a
08-20 08:52:23.069 20730 20730 I InputMethodManager: startInputInner - mService.startInputOrWindowGainedFocus
08-20 08:52:23.072 20730 20730 D InputTransport: Input channel constructed: fd=80
08-20 08:52:23.072 20730 20730 D InputTransport: Input channel destroyed: fd=72
08-20 08:52:23.072 20730 20730 D InputMethodManager: SSI - flag : 0 Pid : 20730 view : cz.gienger.mobile
08-20 08:52:23.075 20730 20730 W dogbel : handleMotionEvent enter
