08-20 08:52:47.340 20730 20730 D ViewRootImpl: updatePointerIcon pointerType = 20001, calling pid = 20730
08-20 08:52:47.341 20730 20730 D InputManager: setPointerIconType iconId = 20001, callingPid = 20730
08-20 08:52:47.350 20730 20730 W dogbel : handleMotionEvent enter
08-20 08:52:47.350 20730 20730 W dogbel : handleMotionEvent enter 2
08-20 08:52:47.350 20730 20730 D DirectPenInput: handleMotionEvent ACTION_HOVER_ENTER
08-20 08:52:47.352 20730 20730 D DirectPenInput: canStartDirectPenInput() : false
08-20 08:52:47.352 20730 20730 D DirectPenInput: state : 0.1.0.9. 361a4c8
08-20 08:52:47.360 20730 20730 W dogbel : handleMotionEvent enter
08-20 08:52:47.360 20730 20730 W dogbel : handleMotionEvent enter 2
08-20 08:52:47.363 20730 20730 D ViewRootImpl: updatePointerIcon pointerType = 20002, calling pid = 20730
08-20 08:52:47.364 20730 20730 D InputManager: setPointerIconType iconId = 20002, callingPid = 20730
08-20 08:52:47.370 20730 20730 W dogbel : handleMotionEvent enter
08-20 08:52:47.370 20730 20730 W dogbel : handleMotionEvent enter 2
08-20 08:52:47.383 20730 20730 W dogbel : handleMotionEvent enter
08-20 08:52:47.383 20730 20730 W dogbel : handleMotionEvent enter 2
08-20 08:52:47.386 20730 20730 W dogbel : handleMotionEvent enter
08-20 08:52:47.386 20730 20730 W dogbel : handleMotionEvent enter 2
08-20 08:52:47.386 20730 20730 D DirectPenInput: handleMotionEvent ACTION_HOVER_EXIT
08-20 08:52:47.387 20730 20730 D DirectPenInput: state : 0.1.0.10. 361a4c8
08-20 08:52:47.390 20730 20730 D ViewRootImpl: updatePointerIcon pointerType = 20001, calling pid = 20730
08-20 08:52:47.390 20730 20730 D InputManager: setPointerIconType iconId = 20001, callingPid = 20730
08-20 08:52:47.769 20730 20730 D ViewRootImpl@44da49a[CartActivity]: ViewPostImeInputStage processPointer 0
08-20 08:52:47.770 20730 20730 D ViewRootImpl: updatePointerIcon pointerType = 20001, calling pid = 20730
08-20 08:52:47.771 20730 20730 D InputManager: setPointerIconType iconId = 20001, callingPid = 20730
08-20 08:52:47.852 20730 20730 D ViewRootImpl@44da49a[CartActivity]: ViewPostImeInputStage processPointer 1
08-20 08:52:47.860 20730 20730 D ViewRootImpl: updatePointerIcon pointerType = 20001, calling pid = 20730
08-20 08:52:47.860 20730 20730 D InputManager: setPointerIconType iconId = 20001, callingPid = 20730
08-20 08:52:47.861 20730 20730 D ViewRootImpl: updatePointerIcon pointerType = 20001, calling pid = 20730
08-20 08:52:47.861 20730 20730 D InputManager: setPointerIconType iconId = 20001, callingPid = 20730
08-20 08:52:47.865 20730 20730 D View : requestFocusFromTouch
08-20 08:52:47.891 20730 20730 D ScrollView: initGoToTop
08-20 08:52:47.895 20730 20730 D ScrollView: initGoToTop
08-20 08:52:47.905 20730 20730 D ViewRootImpl@8f2290e[CartActivity]: ThreadedRenderer.create() translucent=true
08-20 08:52:47.914 20730 20730 D InputTransport: Input channel constructed: fd=80
08-20 08:52:47.914 20730 20730 D ViewRootImpl@8f2290e[CartActivity]: setView = DecorView@671ef2f[CartActivity] touchMode=false
08-20 08:52:47.917 20730 20730 V InputMethodManager: Starting input: tba=android.view.inputmethod.EditorInfo@2bd593c nm : cz.gienger.mobile ic=null
08-20 08:52:47.918 20730 20730 I InputMethodManager: startInputInner - mService.startInputOrWindowGainedFocus
08-20 08:52:47.919 20730 20730 D InputTransport: Input channel constructed: fd=87
08-20 08:52:47.919 20730 20730 D InputTransport: Input channel destroyed: fd=72
08-20 08:52:47.925 20730 20730 D ViewRootImpl@8f2290e[CartActivity]: dispatchAttachedToWindow
08-20 08:52:47.961 20730 20730 D ViewRootImpl@8f2290e[CartActivity]: Relayout returned: oldFrame=[0,0][0,0] newFrame=[108,450][660,597] result=0x26 surface={isValid=true -1947424768} surfaceGenerationChanged=true
08-20 08:52:47.962 20730 20730 D ViewRootImpl@8f2290e[CartActivity]: mHardwareRenderer.initialize() mSurface={isValid=true -1947424768} hwInitialized=true
08-20 08:52:47.965 20730 20730 D ScrollView: onsize change changed
08-20 08:52:47.965 20730 20730 D ScrollView: onsize change changed
08-20 08:52:47.970 20730 20730 D ViewRootImpl@8f2290e[CartActivity]: updatePointerIcon called with position out of bounds
08-20 08:52:47.970 20730 20730 D ViewRootImpl@8f2290e[CartActivity]: MSG_WINDOW_FOCUS_CHANGED 1
08-20 08:52:47.971 20730 20730 D ViewRootImpl@8f2290e[CartActivity]: mHardwareRenderer.initializeIfNeeded()#2 mSurface={isValid=true -1947424768}
08-20 08:52:47.971 20730 20730 V InputMethodManager: Not IME target window, ignoring
08-20 08:52:47.972 20730 20730 W IInputConnectionWrapper: finishComposingText on inactive InputConnection
08-20 08:52:47.972 20730 20730 D ViewRootImpl@8f2290e[CartActivity]: updatePointerIcon called with position out of bounds
08-20 08:52:47.984 20730 20730 D ViewRootImpl@8f2290e[CartActivity]: MSG_RESIZED_REPORT: frame=Rect(108, 450 - 660, 597) ci=Rect(0, 0 - 0, 0) vi=Rect(0, 0 - 0, 0) or=1
08-20 08:52:47.985 20730 20730 D ViewRootImpl@8f2290e[CartActivity]: updatePointerIcon called with position out of bounds
08-20 08:52:48.004 20730 20730 D ViewRootImpl: updatePointerIcon pointerType = 20001, calling pid = 20730
08-20 08:52:48.005 20730 20730 D InputManager: setPointerIconType iconId = 20001, callingPid = 20730
08-20 08:52:48.011 20730 20730 D ViewRootImpl@44da49a[CartActivity]: MSG_WINDOW_FOCUS_CHANGED 0
08-20 08:52:48.695 20730 20730 D ViewRootImpl: updatePointerIcon pointerType = 20001, calling pid = 20730
08-20 08:52:48.695 20730 20730 D InputManager: setPointerIconType iconId = 20001, callingPid = 20730
08-20 08:52:49.050 20730 20730 D ViewRootImpl@8f2290e[CartActivity]: ViewPostImeInputStage processPointer 0
08-20 08:52:49.051 20730 20730 D ViewRootImpl: updatePointerIcon pointerType = 20001, calling pid = 20730
08-20 08:52:49.051 20730 20730 D InputManager: setPointerIconType iconId = 20001, callingPid = 20730
08-20 08:52:49.117 20730 20730 D ViewRootImpl@8f2290e[CartActivity]: ViewPostImeInputStage processPointer 1
08-20 08:52:49.125 20730 20730 D ViewRootImpl: updatePointerIcon pointerType = 20001, calling pid = 20730
08-20 08:52:49.125 20730 20730 D InputManager: setPointerIconType iconId = 20001, callingPid = 20730
08-20 08:52:49.126 20730 20730 D ViewRootImpl: updatePointerIcon pointerType = 20001, calling pid = 20730
08-20 08:52:49.127 20730 20730 D InputManager: setPointerIconType iconId = 20001, callingPid = 20730
08-20 08:52:49.155 20730 20730 D ScrollView: initGoToTop
08-20 08:52:49.160 20730 20730 D ScrollView: initGoToTop
08-20 08:52:49.170 20730 20730 D ViewRootImpl@36f69e9[CartActivity]: ThreadedRenderer.create() translucent=true
08-20 08:52:49.179 20730 20730 D InputTransport: Input channel constructed: fd=94
08-20 08:52:49.179 20730 20730 D ViewRootImpl@36f69e9[CartActivity]: setView = DecorView@beb466e[CartActivity] touchMode=true
08-20 08:52:49.188 20730 20746 D OpenGLRenderer: endAllActiveAnimators on 0x8b1c1580 (RippleDrawable) with handle 0x8a867dd0
08-20 08:52:49.188 20730 20730 D ViewRootImpl@8f2290e[CartActivity]: mHardwareRenderer.destroy()#4
08-20 08:52:49.189 20730 20730 D ViewRootImpl@8f2290e[CartActivity]: dispatchDetachedFromWindow
08-20 08:52:49.203 20730 20730 D InputTransport: Input channel destroyed: fd=80
08-20 08:52:49.211 20730 20730 D ViewRootImpl: updatePointerIcon pointerType = 20001, calling pid = 20730
08-20 08:52:49.212 20730 20730 D InputManager: setPointerIconType iconId = 20001, callingPid = 20730
08-20 08:52:49.216 20730 20730 D ViewRootImpl@36f69e9[CartActivity]: dispatchAttachedToWindow
08-20 08:52:49.251 20730 20730 D ViewRootImpl@36f69e9[CartActivity]: Relayout returned: oldFrame=[0,0][0,0] newFrame=[108,466][660,582] result=0x27 surface={isValid=true -1947424768} surfaceGenerationChanged=true
08-20 08:52:49.251 20730 20730 D ViewRootImpl@36f69e9[CartActivity]: mHardwareRenderer.initialize() mSurface={isValid=true -1947424768} hwInitialized=true
08-20 08:52:49.265 20730 20730 D ViewRootImpl: updatePointerIcon pointerType = 20001, calling pid = 20730
08-20 08:52:49.265 20730 20730 D InputManager: setPointerIconType iconId = 20001, callingPid = 20730
08-20 08:52:49.266 20730 20730 D ViewRootImpl@36f69e9[CartActivity]: MSG_WINDOW_FOCUS_CHANGED 1
08-20 08:52:49.267 20730 20730 D ViewRootImpl@36f69e9[CartActivity]: mHardwareRenderer.initializeIfNeeded()#2 mSurface={isValid=true -1947424768}
08-20 08:52:49.284 20730 20730 D ViewRootImpl@36f69e9[CartActivity]: MSG_RESIZED_REPORT: frame=Rect(108, 466 - 660, 582) ci=Rect(0, 0 - 0, 0) vi=Rect(0, 0 - 0, 0) or=1
08-20 08:52:49.302 20730 20730 E ViewRootImpl: sendUserActionEvent() returned.
08-20 08:52:49.382 20730 20740 I art : Background partial concurrent mark sweep GC freed 116400(5MB) AllocSpace objects, 33(4MB) LOS objects, 48% free, 12MB/24MB, paused 5.630ms total 150.420ms
08-20 08:52:50.261 20730 20740 I art : Background sticky concurrent mark sweep GC freed 422512(12MB) AllocSpace objects, 2(56KB) LOS objects, 45% free, 13MB/24MB, paused 1.089ms total 110.728ms
08-20 08:52:51.106 20730 20740 I art : Background partial concurrent mark sweep GC freed 316428(9MB) AllocSpace objects, 10(320KB) LOS objects, 41% free, 16MB/28MB, paused 1.215ms total 146.269ms
08-20 08:52:52.669 20730 20730 D ViewRootImpl@36f69e9[CartActivity]: mHardwareRenderer.destroy()#4
08-20 08:52:52.669 20730 20730 D ViewRootImpl@36f69e9[CartActivity]: dispatchDetachedFromWindow
08-20 08:52:52.680 20730 20730 D InputTransport: Input channel destroyed: fd=94
08-20 08:52:52.718 20730 20730 D ViewRootImpl@44da49a[CartActivity]: MSG_WINDOW_FOCUS_CHANGED 1
08-20 08:52:52.718 20730 20730 V InputMethodManager: Not IME target window, ignoring
08-20 08:52:52.719 20730 20730 D ViewRootImpl@44da49a[CartActivity]: mHardwareRenderer.initializeIfNeeded()#2 mSurface={isValid=true -1931280384}
08-20 08:52:52.731 20730 20730 V InputMethodManager: Starting input: tba=android.view.inputmethod.EditorInfo@4d765df nm : cz.gienger.mobile ic=null
08-20 08:52:52.731 20730 20730 I InputMethodManager: startInputInner - mService.startInputOrWindowGainedFocus
08-20 08:52:52.736 20730 20730 D InputTransport: Input channel constructed: fd=72
08-20 08:52:52.736 20730 20730 D InputTransport: Input channel destroyed: fd=87
08-20 08:52:52.736 20730 20730 E ViewRootImpl: sendUserActionEvent() returned.
08-20 08:52:52.736 20730 20730 D ViewRootImpl@44da49a[CartActivity]: MSG_WINDOW_FOCUS_CHANGED 0
08-20 08:52:53.796 20730 20730 D ViewRootImpl@44da49a[CartActivity]: mHardwareRenderer.destroy()#1
08-20 08:52:53.816 20730 20730 D ViewRootImpl@44da49a[CartActivity]: Relayout returned: oldFrame=[0,0][768,1024] newFrame=[0,0][768,1024] result=0x5 surface={isValid=false 0} surfaceGenerationChanged=true
08-20 08:52:53.817 20730 20730 D InputTransport: Input channel destroyed: fd=72
08-20 08:52:54.189 20730 20730 D ViewRootImpl@44da49a[CartActivity]: Relayout returned: oldFrame=[0,0][768,1024] newFrame=[0,0][768,1024] result=0x5 surface={isValid=false 0} surfaceGenerationChanged=false
08-20 08:53:17.887 20730 20730 D Graph : removeVertex() : insertDummyVertex, because there is no ancestor.
08-20 08:53:17.932 20730 20730 D ViewRootImpl@1b221d5[PdfArchiveActivity]: ThreadedRenderer.create() translucent=true
08-20 08:53:17.936 20730 20730 D InputTransport: Input channel constructed: fd=64
08-20 08:53:17.936 20730 20730 D ViewRootImpl@1b221d5[PdfArchiveActivity]: setView = DecorView@ee57dea[PdfArchiveActivity] touchMode=true
08-20 08:53:17.950 20730 20730 D ViewRootImpl@1b221d5[PdfArchiveActivity]: dispatchAttachedToWindow
08-20 08:53:17.977 20730 20730 D ViewRootImpl@1b221d5[PdfArchiveActivity]: Relayout returned: oldFrame=[0,0][0,0] newFrame=[241,456][527,568] result=0x27 surface={isValid=true -1961365504} surfaceGenerationChanged=true
08-20 08:53:17.977 20730 20730 D ViewRootImpl@1b221d5[PdfArchiveActivity]: mHardwareRenderer.initialize() mSurface={isValid=true -1961365504} hwInitialized=true
08-20 08:53:17.981 20730 20730 D ViewRootImpl@1b221d5[PdfArchiveActivity]: MSG_RESIZED_REPORT: frame=Rect(241, 456 - 527, 568) ci=Rect(0, 0 - 0, 0) vi=Rect(0, 0 - 0, 0) or=1
08-20 08:53:17.981 20730 20730 D ViewRootImpl@1b221d5[PdfArchiveActivity]: MSG_WINDOW_FOCUS_CHANGED 1
08-20 08:53:17.981 20730 20730 D ViewRootImpl@1b221d5[PdfArchiveActivity]: mHardwareRenderer.initializeIfNeeded()#2 mSurface={isValid=true -1961365504}
08-20 08:53:17.982 20730 20730 V InputMethodManager: Starting input: tba=android.view.inputmethod.EditorInfo@11018db nm : cz.gienger.mobile ic=null
08-20 08:53:17.982 20730 20730 I InputMethodManager: startInputInner - mService.startInputOrWindowGainedFocus
08-20 08:53:17.985 20730 20730 D InputTransport: Input channel constructed: fd=66
08-20 08:53:19.050 20730 20730 D ViewRootImpl@1b221d5[PdfArchiveActivity]: mHardwareRenderer.destroy()#1
08-20 08:53:19.061 20730 20730 D ViewRootImpl@1b221d5[PdfArchiveActivity]: Relayout returned: oldFrame=[241,456][527,568] newFrame=[241,456][527,568] result=0x5 surface={isValid=false 0} surfaceGenerationChanged=true
08-20 08:53:19.061 20730 20730 D ViewRootImpl@1b221d5[PdfArchiveActivity]: MSG_WINDOW_FOCUS_CHANGED 0
08-20 08:53:19.070 20730 20730 D ViewRootImpl@44da49a[CartActivity]: mHardwareRenderer.destroy()#1
08-20 08:53:19.076 20730 20730 D ViewRootImpl@44da49a[CartActivity]: Relayout returned: oldFrame=[0,0][768,1024] newFrame=[0,0][768,1024] result=0x1 surface={isValid=false 0} surfaceGenerationChanged=false
08-20 08:53:19.220 20730 20730 D InputTransport: Input channel destroyed: fd=66
08-20 08:53:19.244 20730 20730 D ViewRootImpl@44da49a[CartActivity]: Relayout returned: oldFrame=[0,0][768,1024] newFrame=[0,0][768,1024] result=0x7 surface={isValid=true -1961365504} surfaceGenerationChanged=true
08-20 08:53:19.245 20730 20730 D ViewRootImpl@44da49a[CartActivity]: mHardwareRenderer.initialize() mSurface={isValid=true -1961365504} hwInitialized=true
08-20 08:53:19.282 20730 20730 D AbsListView: in onLayout changed
08-20 08:53:19.304 20730 22271 D MYINTERCEPTOR: /GiengerService.svc/uploadfinishedorder
08-20 08:53:19.305 20730 22271 D OkHttp : --> POST https://testsaig1.gienger.cz/GiengerService.svc/uploadfinishedorder http/1.1
08-20 08:53:19.305 20730 22271 D OkHttp : Content-Type: text/raw
08-20 08:53:19.306 20730 22271 D OkHttp : Content-Length: 176613
08-20 08:53:19.306 20730 22271 D OkHttp : filename: f4ff5959-438d-48b3-bb23-0c11a6c35a0c.xml
08-20 08:53:19.306 20730 22271 D OkHttp : Checksum: d464359927c8fde234eb9bcca14e4fb8
08-20 08:53:19.306 20730 22271 D OkHttp : token: 237868a1bd4b9aa248829f59f51a8daa
08-20 08:53:19.306 20730 22271 D OkHttp : state: CZ
08-20 08:53:19.306 20730 22271 D OkHttp : --> END POST
08-20 08:53:19.334 20730 20730 D ViewRootImpl@4915da3[CategoryListActivity]: mHardwareRenderer.destroy()#4
08-20 08:53:19.334 20730 20730 D ViewRootImpl@4915da3[CategoryListActivity]: dispatchDetachedFromWindow
08-20 08:53:19.344 20730 20730 D InputTransport: Input channel destroyed: fd=67
08-20 08:53:19.367 20730 20730 D ViewRootImpl@67a2d23[ArticleListActivity]: mHardwareRenderer.destroy()#4
08-20 08:53:19.367 20730 20730 D ViewRootImpl@67a2d23[ArticleListActivity]: dispatchDetachedFromWindow
08-20 08:53:19.379 20730 20730 D InputTransport: Input channel destroyed: fd=68
08-20 08:53:19.439 20730 20730 D LOCATION_SERVICE: onDestroy
08-20 08:53:19.497 20730 22271 D OkHttp : <-- 200 https://testsaig1.gienger.cz/GiengerService.svc/uploadfinishedorder (190ms)
08-20 08:53:19.497 20730 22271 D OkHttp : content-type: application/xml; charset=utf-8
08-20 08:53:19.497 20730 22271 D OkHttp : server: Microsoft-IIS/10.0
08-20 08:53:19.497 20730 22271 D OkHttp : x-powered-by: ASP.NET
08-20 08:53:19.497 20730 22271 D OkHttp : date: Mon, 20 Aug 2018 06:53:17 GMT
08-20 08:53:19.497 20730 22271 D OkHttp : content-length: 175
08-20 08:53:19.497 20730 22271 D OkHttp : <-- END HTTP
08-20 08:53:19.614 20730 20730 D ViewRootImpl@5707744[MainActivity]: Relayout returned: oldFrame=[0,0][768,1024] newFrame=[0,0][768,1024] result=0x7 surface={isValid=true -1960341504} surfaceGenerationChanged=true
08-20 08:53:19.614 20730 20730 D ViewRootImpl@5707744[MainActivity]: mHardwareRenderer.initialize() mSurface={isValid=true -1960341504} hwInitialized=true
08-20 08:53:19.662 20730 20730 D AbsListView: in onLayout changed
08-20 08:53:19.682 20730 20730 D ViewRootImpl@5707744[MainActivity]: MSG_WINDOW_FOCUS_CHANGED 1
08-20 08:53:19.683 20730 20730 D ViewRootImpl@5707744[MainActivity]: mHardwareRenderer.initializeIfNeeded()#2 mSurface={isValid=true -1960341504}
08-20 08:53:19.684 20730 20730 V InputMethodManager: Starting input: tba=android.view.inputmethod.EditorInfo@bad4e61 nm : cz.gienger.mobile ic=null
08-20 08:53:19.685 20730 20730 I InputMethodManager: startInputInner - mService.startInputOrWindowGainedFocus
08-20 08:53:19.709 20730 20730 D InputTransport: Input channel constructed: fd=66
08-20 08:53:19.773 20730 20730 D ViewRootImpl@44da49a[CartActivity]: mHardwareRenderer.destroy()#1
08-20 08:53:19.783 20730 20730 D ViewRootImpl@44da49a[CartActivity]: Relayout returned: oldFrame=[0,0][768,1024] newFrame=[0,0][768,1024] result=0x5 surface={isValid=false 0} surfaceGenerationChanged=true
08-20 08:53:19.794 20730 20730 D ViewRootImpl@1b221d5[PdfArchiveActivity]: mHardwareRenderer.destroy()#4
08-20 08:53:19.794 20730 20730 D ViewRootImpl@1b221d5[PdfArchiveActivity]: dispatchDetachedFromWindow
08-20 08:53:19.801 20730 20730 D InputTransport: Input channel destroyed: fd=64
08-20 08:53:20.122 20730 20730 D TextView: SYANI: Clipboard API is calling: clearFilter()
08-20 08:53:20.122 20730 20730 D TextView: SYANI: Clipboard API is calling: unregisterClipboardEventListener()
08-20 08:53:20.123 20730 20730 D DirectPenInput: Finish : true
08-20 08:53:20.123 20730 20730 D TextView: SYANI: Clipboard API is calling: clearFilter()
08-20 08:53:20.123 20730 20730 D TextView: SYANI: Clipboard API is calling: unregisterClipboardEventListener()
08-20 08:53:20.124 20730 20730 D DirectPenInput: Finish : true
08-20 08:53:20.124 20730 20730 D TextView: SYANI: Clipboard API is calling: clearFilter()
08-20 08:53:20.124 20730 20730 D TextView: SYANI: Clipboard API is calling: unregisterClipboardEventListener()
08-20 08:53:20.125 20730 20730 D DirectPenInput: Finish : true
08-20 08:53:20.125 20730 20730 D TextView: SYANI: Clipboard API is calling: clearFilter()
08-20 08:53:20.125 20730 20730 D TextView: SYANI: Clipboard API is calling: unregisterClipboardEventListener()
08-20 08:53:20.126 20730 20730 D DirectPenInput: Finish : true
08-20 08:53:20.126 20730 20730 D TextView: SYANI: Clipboard API is calling: clearFilter()
08-20 08:53:20.126 20730 20730 D TextView: SYANI: Clipboard API is calling: unregisterClipboardEventListener()
08-20 08:53:20.127 20730 20730 D DirectPenInput: Finish : true
08-20 08:53:20.131 20730 20730 D TextView: SYANI: Clipboard API is calling: clearFilter()
08-20 08:53:20.131 20730 20730 D TextView: SYANI: Clipboard API is calling: unregisterClipboardEventListener()
08-20 08:53:20.133 20730 20730 D TextView: SYANI: Clipboard API is calling: clearFilter()
08-20 08:53:20.134 20730 20730 D TextView: SYANI: Clipboard API is calling: unregisterClipboardEventListener()
08-20 08:53:20.136 20730 20730 D TextView: SYANI: Clipboard API is calling: clearFilter()
08-20 08:53:20.136 20730 20730 D TextView: SYANI: Clipboard API is calling: unregisterClipboardEventListener()
08-20 08:53:20.140 20730 20730 D TextView: SYANI: Clipboard API is calling: clearFilter()
08-20 08:53:20.140 20730 20730 D TextView: SYANI: Clipboard API is calling: unregisterClipboardEventListener()
08-20 08:53:20.147 20730 20730 D ViewRootImpl@44da49a[CartActivity]: mHardwareRenderer.destroy()#4
08-20 08:53:20.148 20730 20730 D ViewRootImpl@44da49a[CartActivity]: dispatchDetachedFromWindow
08-20 08:53:20.153 20730 20730 D InputTransport: Input channel destroyed: fd=71
08-20 08:53:20.403 20730 20730 D ViewRootImpl: updatePointerIcon pointerType = 20001, calling pid = 20730
08-20 08:53:20.403 20730 20730 D InputManager: setPointerIconType iconId = 20001, callingPid = 20730
08-20 08:53:20.406 20730 20730 D ViewRootImpl: updatePointerIcon pointerType = 20001, calling pid = 20730
08-20 08:53:20.406 20730 20730 D InputManager: setPointerIconType iconId = 20001, callingPid = 20730
08-20 08:53:20.555 20730 20730 D ViewRootImpl@5707744[MainActivity]: ViewPostImeInputStage processPointer 0
08-20 08:53:20.556 20730 20730 D ViewRootImpl: updatePointerIcon pointerType = 20001, calling pid = 20730
08-20 08:53:20.559 20730 20730 D InputManager: setPointerIconType iconId = 20001, callingPid = 20730
08-20 08:53:20.573 20730 20730 D AbsListView: reportScrollStateChange() newState : 1
08-20 08:53:20.814 20730 20730 D ViewRootImpl@5707744[MainActivity]: ViewPostImeInputStage processPointer 1
08-20 08:53:20.815 20730 20730 D AbsListView: onTouchUp() mTouchMode : 3
08-20 08:53:20.815 20730 20730 D AbsListView: onTouchUp() TOUCH_MODE_SCROLL initialVelocity : -1209
08-20 08:53:20.815 20730 20730 D AbsListView: reportScrollStateChange() newState : 2
08-20 08:53:20.816 20730 20730 D ViewRootImpl: updatePointerIcon pointerType = 20001, calling pid = 20730
08-20 08:53:20.817 20730 20730 D InputManager: setPointerIconType iconId = 20001, callingPid = 20730
08-20 08:53:20.817 20730 20730 D ViewRootImpl: updatePointerIcon pointerType = 20001, calling pid = 20730
08-20 08:53:20.818 20730 20730 D InputManager: setPointerIconType iconId = 20001, callingPid = 20730
08-20 08:53:21.271 20730 20730 D ViewRootImpl: updatePointerIcon pointerType = 20001, calling pid = 20730
08-20 08:53:21.275 20730 20730 D InputManager: setPointerIconType iconId = 20001, callingPid = 20730
08-20 08:53:21.459 20730 20730 D AbsListView: reportScrollStateChange() newState : 0
08-20 08:53:21.577 20730 20730 D ViewRootImpl@5707744[MainActivity]: ViewPostImeInputStage processPointer 0
08-20 08:53:21.578 20730 20730 D ViewRootImpl: updatePointerIcon pointerType = 20001, calling pid = 20730
08-20 08:53:21.578 20730 20730 D InputManager: setPointerIconType iconId = 20001, callingPid = 20730
08-20 08:53:21.592 20730 20730 D AbsListView: reportScrollStateChange() newState : 1
08-20 08:53:21.907 20730 20730 D ViewRootImpl@5707744[MainActivity]: ViewPostImeInputStage processPointer 1
08-20 08:53:21.908 20730 20730 D AbsListView: onTouchUp() mTouchMode : 3
08-20 08:53:21.908 20730 20730 D AbsListView: onTouchUp() TOUCH_MODE_SCROLL initialVelocity : -211
08-20 08:53:21.908 20730 20730 D AbsListView: reportScrollStateChange() newState : 2
08-20 08:53:21.914 20730 20730 D ViewRootImpl: updatePointerIcon pointerType = 20001, calling pid = 20730
08-20 08:53:21.915 20730 20730 D InputManager: setPointerIconType iconId = 20001, callingPid = 20730
08-20 08:53:21.915 20730 20730 D ViewRootImpl: updatePointerIcon pointerType = 20001, calling pid = 20730
08-20 08:53:21.916 20730 20730 D InputManager: setPointerIconType iconId = 20001, callingPid = 20730
08-20 08:53:22.119 20730 20730 D AbsListView: reportScrollStateChange() newState : 0
08-20 08:53:22.218 20730 20730 D ViewRootImpl@5707744[MainActivity]: ViewPostImeInputStage processPointer 0
08-20 08:53:22.219 20730 20730 D ViewRootImpl: updatePointerIcon pointerType = 20001, calling pid = 20730
08-20 08:53:22.219 20730 20730 D InputManager: setPointerIconType iconId = 20001, callingPid = 20730
08-20 08:53:22.282 20730 20730 D ViewRootImpl@5707744[MainActivity]: ViewPostImeInputStage processPointer 1
08-20 08:53:22.290 20730 20730 D ViewRootImpl: updatePointerIcon pointerType = 20001, calling pid = 20730
08-20 08:53:22.291 20730 20730 D InputManager: setPointerIconType iconId = 20001, callingPid = 20730
08-20 08:53:22.291 20730 20730 D ViewRootImpl: updatePointerIcon pointerType = 20001, calling pid = 20730
08-20 08:53:22.292 20730 20730 D InputManager: setPointerIconType iconId = 20001, callingPid = 20730
08-20 08:53:22.301 20730 20730 D item_click: viewId = 2131820758, position = 2
08-20 08:53:22.354 20730 20730 D ViewRootImpl@5707744[MainActivity]: MSG_WINDOW_FOCUS_CHANGED 0
08-20 08:53:22.409 20730 20730 D ScrollView: initGoToTop
08-20 08:53:22.482 20730 20730 D ViewRootImpl@3189854[CancelDeliveryActivity]: ThreadedRenderer.create() translucent=false
08-20 08:53:22.488 20730 20730 D InputTransport: Input channel constructed: fd=76
08-20 08:53:22.488 20730 20730 D ViewRootImpl@3189854[CancelDeliveryActivity]: setView = DecorView@4daa3fd[CancelDeliveryActivity] touchMode=true
08-20 08:53:22.490 20730 20730 D LOCATION_SERVICE: LocationListener gps
08-20 08:53:22.491 20730 20730 D LOCATION_SERVICE: LocationListener network
08-20 08:53:22.492 20730 20730 D LOCATION_SERVICE: onCreate
08-20 08:53:22.492 20730 20730 D LOCATION_SERVICE: initializeLocationManager
08-20 08:53:22.507 20730 20730 D LOCATION_SERVICE: onStartCommand
08-20 08:53:22.530 20730 20730 D ViewRootImpl@3189854[CancelDeliveryActivity]: dispatchAttachedToWindow
08-20 08:53:22.574 20730 20730 D ViewRootImpl@3189854[CancelDeliveryActivity]: Relayout returned: oldFrame=[0,0][0,0] newFrame=[0,0][768,1024] result=0x27 surface={isValid=true -1983787008} surfaceGenerationChanged=true
08-20 08:53:22.575 20730 20730 D ViewRootImpl@3189854[CancelDeliveryActivity]: mHardwareRenderer.initialize() mSurface={isValid=true -1983787008} hwInitialized=true
08-20 08:53:22.582 20730 20730 D ScrollView: onsize change changed
08-20 08:53:22.629 20730 20730 D ViewRootImpl@3189854[CancelDeliveryActivity]: MSG_RESIZED_REPORT: frame=Rect(0, 0 - 768, 1024) ci=Rect(0, 24 - 0, 0) vi=Rect(0, 24 - 0, 0) or=1
08-20 08:53:22.629 20730 20730 D ViewRootImpl@3189854[CancelDeliveryActivity]: MSG_WINDOW_FOCUS_CHANGED 1
08-20 08:53:22.629 20730 20730 D ViewRootImpl@3189854[CancelDeliveryActivity]: mHardwareRenderer.initializeIfNeeded()#2 mSurface={isValid=true -1983787008}
08-20 08:53:22.634 20730 20730 V InputMethodManager: Starting input: tba=android.view.inputmethod.EditorInfo@6adacd8 nm : cz.gienger.mobile ic=null
08-20 08:53:22.634 20730 20730 I InputMethodManager: startInputInner - mService.startInputOrWindowGainedFocus
08-20 08:53:22.642 20730 20730 D InputTransport: Input channel constructed: fd=78
08-20 08:53:22.642 20730 20730 D InputTransport: Input channel destroyed: fd=66
08-20 08:53:22.680 20730 20746 D OpenGLRenderer: endAllActiveAnimators on 0x8a81e380 (RippleDrawable) with handle 0x89caea60
08-20 08:53:22.680 20730 20730 D ViewRootImpl@5707744[MainActivity]: mHardwareRenderer.destroy()#1
08-20 08:53:22.688 20730 20730 D ViewRootImpl@5707744[MainActivity]: Relayout returned: oldFrame=[0,0][768,1024] newFrame=[0,0][768,1024] result=0x5 surface={isValid=false 0} surfaceGenerationChanged=true
08-20 08:53:22.782 20730 20730 D ViewRootImpl: updatePointerIcon pointerType = 20001, calling pid = 20730
08-20 08:53:22.784 20730 20730 D InputManager: setPointerIconType iconId = 20001, callingPid = 20730
08-20 08:53:22.785 20730 20730 D ViewRootImpl: updatePointerIcon pointerType = 20001, calling pid = 20730
08-20 08:53:22.785 20730 20730 D InputManager: setPointerIconType iconId = 20001, callingPid = 20730
08-20 08:53:23.069 20730 20730 D ViewRootImpl@5707744[MainActivity]: Relayout returned: oldFrame=[0,0][768,1024] newFrame=[0,0][768,1024] result=0x5 surface={isValid=false 0} surfaceGenerationChanged=false
08-20 08:53:23.203 20730 20730 D ViewRootImpl: updatePointerIcon pointerType = 20001, calling pid = 20730
08-20 08:53:23.204 20730 20730 D InputManager: setPointerIconType iconId = 20001, callingPid = 20730
08-20 08:53:23.246 20730 20730 D ViewRootImpl@3189854[CancelDeliveryActivity]: ViewPostImeInputStage processPointer 0
08-20 08:53:23.247 20730 20730 D ViewRootImpl: updatePointerIcon pointerType = 20001, calling pid = 20730
08-20 08:53:23.248 20730 20730 D InputManager: setPointerIconType iconId = 20001, callingPid = 20730
08-20 08:53:23.295 20730 20730 D ViewRootImpl@3189854[CancelDeliveryActivity]: ViewPostImeInputStage processPointer 1
08-20 08:53:23.303 20730 20730 D ViewRootImpl: updatePointerIcon pointerType = 20001, calling pid = 20730
08-20 08:53:23.303 20730 20730 D InputManager: setPointerIconType iconId = 20001, callingPid = 20730
08-20 08:53:23.304 20730 20730 D ViewRootImpl: updatePointerIcon pointerType = 20001, calling pid = 20730
08-20 08:53:23.304 20730 20730 D InputManager: setPointerIconType iconId = 20001, callingPid = 20730
08-20 08:53:23.698 20730 20730 D LOCATION_SERVICE: onLocationChanged: Location[network 49,191082,17,534565 acc=21 et=+3d20h58m57s456ms alt=0.0 vel=0.0 bear=0.0 {Bundle[mParcelledData.dataSize=80]}]
08-20 08:53:23.895 20730 20730 D ViewRootImpl: updatePointerIcon pointerType = 20001, calling pid = 20730
08-20 08:53:23.896 20730 20730 D InputManager: setPointerIconType iconId = 20001, callingPid = 20730
08-20 08:53:24.058 20730 20730 D ViewRootImpl@3189854[CancelDeliveryActivity]: ViewPostImeInputStage processPointer 0
08-20 08:53:24.059 20730 20730 D ViewRootImpl: updatePointerIcon pointerType = 20001, calling pid = 20730
08-20 08:53:24.060 20730 20730 D InputManager: setPointerIconType iconId = 20001, callingPid = 20730
08-20 08:53:24.129 20730 20730 D ViewRootImpl@3189854[CancelDeliveryActivity]: ViewPostImeInputStage processPointer 1
08-20 08:53:24.139 20730 20730 D ViewRootImpl: updatePointerIcon pointerType = 20001, calling pid = 20730
08-20 08:53:24.139 20730 20730 D InputManager: setPointerIconType iconId = 20001, callingPid = 20730
08-20 08:53:24.140 20730 20730 D ViewRootImpl: updatePointerIcon pointerType = 20001, calling pid = 20730
08-20 08:53:24.141 20730 20730 D InputManager: setPointerIconType iconId = 20001, callingPid = 20730
08-20 08:53:24.161 20730 20730 D UNDELIVERED: Reason ID = 10, Comment =
08-20 08:53:24.259 20730 20730 D ViewRootImpl@3189854[CancelDeliveryActivity]: MSG_WINDOW_FOCUS_CHANGED 0
08-20 08:53:24.268 20730 22282 D MESSAGE_SERVICE: ACTION_COMPRESS_AND_UPLOAD
08-20 08:53:24.313 20730 20730 D ViewRootImpl@5707744[MainActivity]: mHardwareRenderer.destroy()#4
08-20 08:53:24.313 20730 20730 D ViewRootImpl@5707744[MainActivity]: dispatchDetachedFromWindow
08-20 08:53:24.322 20730 20730 D InputTransport: Input channel destroyed: fd=77
08-20 08:53:24.475 20730 20730 D ViewRootImpl@5f2ffa4[MainActivity]: ThreadedRenderer.create() translucent=false
08-20 08:53:24.478 20730 20730 D InputTransport: Input channel constructed: fd=73
08-20 08:53:24.478 20730 20730 D ViewRootImpl@5f2ffa4[MainActivity]: setView = DecorView@f33010d[MainActivity] touchMode=true
08-20 08:53:24.492 20730 20746 D OpenGLRenderer: endAllActiveAnimators on 0x8b267280 (RippleDrawable) with handle 0x8a3462e0
08-20 08:53:24.492 20730 20730 D ViewRootImpl@3189854[CancelDeliveryActivity]: mHardwareRenderer.destroy()#1
08-20 08:53:24.499 20730 20730 D ViewRootImpl@3189854[CancelDeliveryActivity]: Relayout returned: oldFrame=[0,0][768,1024] newFrame=[0,0][768,1024] result=0x5 surface={isValid=false 0} surfaceGenerationChanged=true
08-20 08:53:24.500 20730 20730 D ViewRootImpl@5f2ffa4[MainActivity]: dispatchAttachedToWindow
08-20 08:53:24.538 20730 20730 D ViewRootImpl@5f2ffa4[MainActivity]: Relayout returned: oldFrame=[0,0][0,0] newFrame=[0,0][768,1024] result=0x7 surface={isValid=true -1983787008} surfaceGenerationChanged=true
08-20 08:53:24.538 20730 20730 D ViewRootImpl@5f2ffa4[MainActivity]: mHardwareRenderer.initialize() mSurface={isValid=true -1983787008} hwInitialized=true
08-20 08:53:24.616 20730 20730 D AbsListView: in onLayout changed
08-20 08:53:24.676 20730 20730 D ViewRootImpl@5f2ffa4[MainActivity]: MSG_RESIZED_REPORT: frame=Rect(0, 0 - 768, 1024) ci=Rect(0, 24 - 0, 0) vi=Rect(0, 24 - 0, 0) or=1
08-20 08:53:24.676 20730 20730 D ViewRootImpl@5f2ffa4[MainActivity]: MSG_WINDOW_FOCUS_CHANGED 1
08-20 08:53:24.676 20730 20730 D ViewRootImpl@5f2ffa4[MainActivity]: mHardwareRenderer.initializeIfNeeded()#2 mSurface={isValid=true -1983787008}
08-20 08:53:24.678 20730 20730 V InputMethodManager: Starting input: tba=android.view.inputmethod.EditorInfo@bbbd530 nm : cz.gienger.mobile ic=null
08-20 08:53:24.678 20730 20730 I InputMethodManager: startInputInner - mService.startInputOrWindowGainedFocus
08-20 08:53:24.688 20730 20730 D InputTransport: Input channel constructed: fd=66
08-20 08:53:24.688 20730 20730 D InputTransport: Input channel destroyed: fd=78
08-20 08:53:24.991 20730 22282 D FILE_MANAGER: Serializing delivery /data/user/0/cz.gienger.mobile/files/finished/130HT1180207438/130HT1180207438.xml
08-20 08:53:24.991 20730 22282 D FILE_MANAGER: Null files:
08-20 08:53:25.148 20730 22282 D MYINTERCEPTOR: /GiengerService.svc/sendorder
08-20 08:53:25.149 20730 22282 D OkHttp : --> POST https://testsaig1.gienger.cz/GiengerService.svc/sendorder http/1.1
08-20 08:53:25.149 20730 22282 D OkHttp : Content-Type: text/raw
08-20 08:53:25.149 20730 22282 D OkHttp : Content-Length: 3927
08-20 08:53:25.149 20730 20730 D ViewRootImpl: updatePointerIcon pointerType = 20001, calling pid = 20730
08-20 08:53:25.149 20730 22282 D OkHttp : filename: 130HT1180207438.xml
08-20 08:53:25.149 20730 22282 D OkHttp : Checksum: e94ec36090846b8740be1ac8927d9397
08-20 08:53:25.150 20730 22282 D OkHttp : token: 237868a1bd4b9aa248829f59f51a8daa
08-20 08:53:25.150 20730 22282 D OkHttp : --> END POST
08-20 08:53:25.150 20730 20730 D InputManager: setPointerIconType iconId = 20001, callingPid = 20730
08-20 08:53:25.152 20730 20730 D ViewRootImpl: updatePointerIcon pointerType = 20001, calling pid = 20730
08-20 08:53:25.152 20730 20730 D InputManager: setPointerIconType iconId = 20001, callingPid = 20730
08-20 08:53:25.330 20730 22282 D OkHttp : <-- 200 https://testsaig1.gienger.cz/GiengerService.svc/sendorder (179ms)
08-20 08:53:25.330 20730 22282 D OkHttp : content-type: application/xml; charset=utf-8
08-20 08:53:25.330 20730 22282 D OkHttp : server: Microsoft-IIS/10.0
08-20 08:53:25.330 20730 22282 D OkHttp : x-powered-by: ASP.NET
08-20 08:53:25.330 20730 22282 D OkHttp : date: Mon, 20 Aug 2018 06:53:23 GMT
08-20 08:53:25.330 20730 22282 D OkHttp : content-length: 175
08-20 08:53:25.330 20730 22282 D OkHttp : <-- END HTTP
08-20 08:53:25.341 20730 22282 D sendOrder_SUCCESS: 200
08-20 08:53:25.377 20730 22282 D MESSAGE_SERVICE: ACTION_RESEND_ORDERS
08-20 08:53:25.623 20730 20730 D AbsListView: in onLayout changed
08-20 08:53:25.761 20730 20730 D ViewRootImpl@5f2ffa4[MainActivity]: ViewPostImeInputStage processPointer 0
08-20 08:53:25.762 20730 20730 D ViewRootImpl: updatePointerIcon pointerType = 20001, calling pid = 20730
08-20 08:53:25.762 20730 20730 D InputManager: setPointerIconType iconId = 20001, callingPid = 20730
08-20 08:53:25.853 20730 20730 D AbsListView: in onLayout changed
08-20 08:53:25.917 20730 20730 D TextView: SYANI: Clipboard API is calling: clearFilter()
08-20 08:53:25.917 20730 20730 D TextView: SYANI: Clipboard API is calling: unregisterClipboardEventListener()
08-20 08:53:25.925 20730 20730 D ViewRootImpl@3189854[CancelDeliveryActivity]: mHardwareRenderer.destroy()#4
08-20 08:53:25.925 20730 20730 D ViewRootImpl@3189854[CancelDeliveryActivity]: dispatchDetachedFromWindow
08-20 08:53:25.933 20730 20730 D InputTransport: Input channel destroyed: fd=76
08-20 08:53:25.935 20730 20730 D LOCATION_SERVICE: onDestroy
08-20 08:53:26.194 20730 20730 D ViewRootImpl@5f2ffa4[MainActivity]: ViewPostImeInputStage processPointer 1
08-20 08:53:26.207 20730 20730 D ViewRootImpl: updatePointerIcon pointerType = 20001, calling pid = 20730
08-20 08:53:26.207 20730 20730 D InputManager: setPointerIconType iconId = 20001, callingPid = 20730
08-20 08:53:26.208 20730 20730 D ViewRootImpl: updatePointerIcon pointerType = 20001, calling pid = 20730
08-20 08:53:26.210 20730 20730 D InputManager: setPointerIconType iconId = 20001, callingPid = 20730
08-20 08:53:26.457 20730 20730 D ViewRootImpl: updatePointerIcon pointerType = 20001, calling pid = 20730
08-20 08:53:26.458 20730 20730 D InputManager: setPointerIconType iconId = 20001, callingPid = 20730
08-20 08:53:26.577 20730 20730 D ViewRootImpl@5f2ffa4[MainActivity]: ViewPostImeInputStage processPointer 0
08-20 08:53:26.578 20730 20730 D ViewRootImpl: updatePointerIcon pointerType = 20001, calling pid = 20730
08-20 08:53:26.579 20730 20730 D InputManager: setPointerIconType iconId = 20001, callingPid = 20730
08-20 08:53:26.603 20730 20730 D AbsListView: reportScrollStateChange() newState : 1
08-20 08:53:26.900 20730 20730 D ViewRootImpl@5f2ffa4[MainActivity]: ViewPostImeInputStage processPointer 1
08-20 08:53:26.900 20730 20730 D AbsListView: onTouchUp() mTouchMode : 3
08-20 08:53:26.900 20730 20730 D AbsListView: onTouchUp() TOUCH_MODE_SCROLL initialVelocity : -1597
08-20 08:53:26.900 20730 20730 D AbsListView: reportScrollStateChange() newState : 2
08-20 08:53:26.904 20730 20730 D ViewRootImpl: updatePointerIcon pointerType = 20001, calling pid = 20730
08-20 08:53:26.905 20730 20730 D InputManager: setPointerIconType iconId = 20001, callingPid = 20730
08-20 08:53:26.906 20730 20730 D ViewRootImpl: updatePointerIcon pointerType = 20001, calling pid = 20730
08-20 08:53:26.907 20730 20730 D InputManager: setPointerIconType iconId = 20001, callingPid = 20730
08-20 08:53:27.705 20730 20730 D AbsListView: reportScrollStateChange() newState : 0
08-20 08:53:27.936 20730 20730 D ViewRootImpl: updatePointerIcon pointerType = 20001, calling pid = 20730
08-20 08:53:27.936 20730 20730 D InputManager: setPointerIconType iconId = 20001, callingPid = 20730
08-20 08:53:27.993 20730 20730 D ViewRootImpl@5f2ffa4[MainActivity]: ViewPostImeInputStage processPointer 0
08-20 08:53:27.994 20730 20730 D ViewRootImpl: updatePointerIcon pointerType = 20001, calling pid = 20730
08-20 08:53:27.994 20730 20730 D InputManager: setPointerIconType iconId = 20001, callingPid = 20730
08-20 08:53:28.006 20730 20730 D AbsListView: reportScrollStateChange() newState : 1
08-20 08:53:28.161 20730 20730 D ViewRootImpl@5f2ffa4[MainActivity]: ViewPostImeInputStage processPointer 1
08-20 08:53:28.162 20730 20730 D AbsListView: onTouchUp() mTouchMode : 3
08-20 08:53:28.162 20730 20730 D AbsListView: onTouchUp() TOUCH_MODE_SCROLL initialVelocity : 2410
08-20 08:53:28.162 20730 20730 D AbsListView: reportScrollStateChange() newState : 2
08-20 08:53:28.164 20730 20730 D ViewRootImpl: updatePointerIcon pointerType = 20001, calling pid = 20730
08-20 08:53:28.164 20730 20730 D InputManager: setPointerIconType iconId = 20001, callingPid = 20730
08-20 08:53:28.165 20730 20730 D ViewRootImpl: updatePointerIcon pointerType = 20001, calling pid = 20730
08-20 08:53:28.166 20730 20730 D InputManager: setPointerIconType iconId = 20001, callingPid = 20730
08-20 08:53:28.641 20730 20730 D AbsListView: reportScrollStateChange() newState : 0
08-20 08:53:28.813 20730 20730 D ViewRootImpl@5f2ffa4[MainActivity]: ViewPostImeInputStage processPointer 0
08-20 08:53:28.839 20730 20730 D ViewRootImpl: updatePointerIcon pointerType = 20001, calling pid = 20730
08-20 08:53:28.839 20730 20730 D InputManager: setPointerIconType iconId = 20001, callingPid = 20730
08-20 08:53:28.840 20730 20730 D ViewRootImpl: updatePointerIcon pointerType = 20001, calling pid = 20730
08-20 08:53:28.841 20730 20730 D InputManager: setPointerIconType iconId = 20001, callingPid = 20730
08-20 08:53:29.689 20730 20730 D ViewRootImpl@5f2ffa4[MainActivity]: ViewPostImeInputStage processPointer 0
08-20 08:53:29.727 20730 20730 D AbsListView: reportScrollStateChange() newState : 1
08-20 08:53:30.065 20730 20730 D ViewRootImpl@5f2ffa4[MainActivity]: ViewPostImeInputStage processPointer 1
08-20 08:53:30.065 20730 20730 D AbsListView: onTouchUp() mTouchMode : 3
08-20 08:53:30.065 20730 20730 D AbsListView: onTouchUp() TOUCH_MODE_SCROLL initialVelocity : -1705
08-20 08:53:30.065 20730 20730 D AbsListView: reportScrollStateChange() newState : 2
08-20 08:53:30.610 20730 20730 D ViewRootImpl@5f2ffa4[MainActivity]: ViewPostImeInputStage processPointer 0
08-20 08:53:30.651 20730 20730 D AbsListView: reportScrollStateChange() newState : 0
08-20 08:53:30.652 20730 20730 D AbsListView: reportScrollStateChange() newState : 1
08-20 08:53:30.930 20730 20730 D ViewRootImpl@5f2ffa4[MainActivity]: ViewPostImeInputStage processPointer 1
08-20 08:53:30.930 20730 20730 D AbsListView: onTouchUp() mTouchMode : 3
08-20 08:53:30.930 20730 20730 D AbsListView: onTouchUp() TOUCH_MODE_SCROLL initialVelocity : 7
08-20 08:53:30.930 20730 20730 D AbsListView: reportScrollStateChange() newState : 0
08-20 08:53:31.364 20730 20730 D ViewRootImpl@5f2ffa4[MainActivity]: ViewPostImeInputStage processPointer 0
08-20 08:53:31.447 20730 20730 D ViewRootImpl@5f2ffa4[MainActivity]: ViewPostImeInputStage processPointer 1
08-20 08:53:31.465 20730 20730 D item_click: viewId = 2131820760, position = 3
08-20 08:53:31.527 20730 20730 D ViewRootImpl@5f2ffa4[MainActivity]: MSG_WINDOW_FOCUS_CHANGED 0
08-20 08:53:31.638 20730 20730 D ViewRootImpl@7904bc7[CategoryListActivity]: ThreadedRenderer.create() translucent=false
08-20 08:53:31.641 20730 20730 D InputTransport: Input channel constructed: fd=71
08-20 08:53:31.641 20730 20730 D ViewRootImpl@7904bc7[CategoryListActivity]: setView = DecorView@27115f4[CategoryListActivity] touchMode=true
08-20 08:53:31.645 20730 20730 D ViewRootImpl@7904bc7[CategoryListActivity]: dispatchAttachedToWindow
08-20 08:53:31.679 20730 20730 D ViewRootImpl@7904bc7[CategoryListActivity]: Relayout returned: oldFrame=[0,0][0,0] newFrame=[0,0][768,1024] result=0x27 surface={isValid=true -1935054848} surfaceGenerationChanged=true
08-20 08:53:31.679 20730 20730 D ViewRootImpl@7904bc7[CategoryListActivity]: mHardwareRenderer.initialize() mSurface={isValid=true -1935054848} hwInitialized=true
08-20 08:53:31.800 20730 20730 D LOCATION_SERVICE: LocationListener gps
08-20 08:53:31.800 20730 20730 D LOCATION_SERVICE: LocationListener network
08-20 08:53:31.801 20730 20730 D LOCATION_SERVICE: onCreate
08-20 08:53:31.802 20730 20730 D LOCATION_SERVICE: initializeLocationManager
08-20 08:53:31.813 20730 20730 D LOCATION_SERVICE: onStartCommand
08-20 08:53:31.900 20730 20730 D ViewRootImpl@7904bc7[CategoryListActivity]: MSG_RESIZED_REPORT: frame=Rect(0, 0 - 768, 1024) ci=Rect(0, 24 - 0, 0) vi=Rect(0, 24 - 0, 0) or=1
08-20 08:53:31.900 20730 20730 D ViewRootImpl@7904bc7[CategoryListActivity]: MSG_WINDOW_FOCUS_CHANGED 1
08-20 08:53:31.902 20730 20730 D ViewRootImpl@7904bc7[CategoryListActivity]: mHardwareRenderer.initializeIfNeeded()#2 mSurface={isValid=true -1935054848}
08-20 08:53:31.906 20730 20730 V InputMethodManager: Starting input: tba=android.view.inputmethod.EditorInfo@a432a4e nm : cz.gienger.mobile ic=null
08-20 08:53:31.906 20730 20730 I InputMethodManager: startInputInner - mService.startInputOrWindowGainedFocus
08-20 08:53:31.909 20730 20730 D InputTransport: Input channel constructed: fd=76
08-20 08:53:31.909 20730 20730 D InputTransport: Input channel destroyed: fd=66
08-20 08:53:31.928 20730 20730 D LOCATION_SERVICE: onLocationChanged: Location[network 49,191082,17,534565 acc=21 et=+3d20h59m5s667ms alt=0.0 vel=0.0 bear=0.0 {Bundle[mParcelledData.dataSize=80]}]
08-20 08:53:31.957 20730 20746 D OpenGLRenderer: endAllActiveAnimators on 0x89e4c900 (RippleDrawable) with handle 0x8b190eb0
08-20 08:53:31.957 20730 20730 D ViewRootImpl@5f2ffa4[MainActivity]: mHardwareRenderer.destroy()#1
08-20 08:53:31.964 20730 20730 D ViewRootImpl@5f2ffa4[MainActivity]: Relayout returned: oldFrame=[0,0][768,1024] newFrame=[0,0][768,1024] result=0x5 surface={isValid=false 0} surfaceGenerationChanged=true
08-20 08:53:32.323 20730 20730 D ViewRootImpl@5f2ffa4[MainActivity]: Relayout returned: oldFrame=[0,0][768,1024] newFrame=[0,0][768,1024] result=0x5 surface={isValid=false 0} surfaceGenerationChanged=false
08-20 08:53:33.485 20730 20730 D ViewRootImpl@7904bc7[CategoryListActivity]: ViewPostImeInputStage processPointer 0
08-20 08:53:33.588 20730 20730 D ViewRootImpl@7904bc7[CategoryListActivity]: ViewPostImeInputStage processPointer 1
08-20 08:53:33.636 20730 20730 D ViewRootImpl@7904bc7[CategoryListActivity]: MSG_WINDOW_FOCUS_CHANGED 0
08-20 08:53:33.744 20730 20730 D ViewRootImpl@6bed94f[ArticleListActivity]: ThreadedRenderer.create() translucent=false
08-20 08:53:33.748 20730 20730 D InputTransport: Input channel constructed: fd=66
08-20 08:53:33.748 20730 20730 D ViewRootImpl@6bed94f[ArticleListActivity]: setView = DecorView@792c8dc[ArticleListActivity] touchMode=true
08-20 08:53:33.754 20730 20730 D ViewRootImpl@6bed94f[ArticleListActivity]: dispatchAttachedToWindow
08-20 08:53:33.802 20730 20730 D ViewRootImpl@6bed94f[ArticleListActivity]: Relayout returned: oldFrame=[0,0][0,0] newFrame=[0,0][768,1024] result=0x27 surface={isValid=true -1949650944} surfaceGenerationChanged=true
08-20 08:53:33.807 20730 20730 D ViewRootImpl@6bed94f[ArticleListActivity]: mHardwareRenderer.initialize() mSurface={isValid=true -1949650944} hwInitialized=true
08-20 08:53:33.825 20730 20740 I art : Background partial concurrent mark sweep GC freed 69148(3MB) AllocSpace objects, 2(40KB) LOS objects, 55% free, 9MB/21MB, paused 1.021ms total 110.853ms
08-20 08:53:34.091 20730 20730 W View : requestLayout() improperly called by android.support.v7.widget.AppCompatTextView{5eec77a V.ED..... ......ID 0,0-0,18 #7f11012a app:id/tv_fragment_poaz_article_list_header_catalog_price_product_count} during layout: running second layout pass
08-20 08:53:34.091 20730 20730 I ViewRootImpl@6bed94f[ArticleListActivity]: requestLayout is already in process
08-20 08:53:34.091 20730 20730 W View : requestLayout() improperly called by android.support.v7.widget.AppCompatTextView{9ce4b2b V.ED..... ......ID 12,0-12,18 #7f11012b app:id/tv_fragment_poaz_article_list_header_special_price_product_count} during layout: running second layout pass
08-20 08:53:34.111 20730 20730 D ViewRootImpl@6bed94f[ArticleListActivity]: MSG_RESIZED_REPORT: frame=Rect(0, 0 - 768, 1024) ci=Rect(0, 24 - 0, 0) vi=Rect(0, 24 - 0, 0) or=1
08-20 08:53:34.111 20730 20730 D ViewRootImpl@6bed94f[ArticleListActivity]: MSG_WINDOW_FOCUS_CHANGED 1
08-20 08:53:34.111 20730 20730 D ViewRootImpl@6bed94f[ArticleListActivity]: mHardwareRenderer.initializeIfNeeded()#2 mSurface={isValid=true -1949650944}
08-20 08:53:34.112 20730 20730 V InputMethodManager: Starting input: tba=android.view.inputmethod.EditorInfo@23a03a0 nm : cz.gienger.mobile ic=null
08-20 08:53:34.112 20730 20730 I InputMethodManager: startInputInner - mService.startInputOrWindowGainedFocus
08-20 08:53:34.114 20730 20730 D InputTransport: Input channel constructed: fd=72
08-20 08:53:34.114 20730 20730 D InputTransport: Input channel destroyed: fd=76
08-20 08:53:34.179 20730 20746 D OpenGLRenderer: endAllActiveAnimators on 0x8b1ecf00 (RippleDrawable) with handle 0x8cac3a00
08-20 08:53:34.179 20730 20730 D ViewRootImpl@7904bc7[CategoryListActivity]: mHardwareRenderer.destroy()#1
08-20 08:53:34.187 20730 20730 D ViewRootImpl@7904bc7[CategoryListActivity]: Relayout returned: oldFrame=[0,0][768,1024] newFrame=[0,0][768,1024] result=0x5 surface={isValid=false 0} surfaceGenerationChanged=true
08-20 08:53:34.594 20730 20730 D ViewRootImpl@7904bc7[CategoryListActivity]: Relayout returned: oldFrame=[0,0][768,1024] newFrame=[0,0][768,1024] result=0x5 surface={isValid=false 0} surfaceGenerationChanged=false
08-20 08:53:35.950 20730 20730 D ViewRootImpl@6bed94f[ArticleListActivity]: ViewPostImeInputStage processKey 0
08-20 08:53:36.049 20730 20730 D ViewRootImpl@6bed94f[ArticleListActivity]: ViewPostImeInputStage processKey 1
08-20 08:53:36.123 20730 20730 D ViewRootImpl@7904bc7[CategoryListActivity]: Relayout returned: oldFrame=[0,0][768,1024] newFrame=[0,0][768,1024] result=0x7 surface={isValid=true -1982672896} surfaceGenerationChanged=true
08-20 08:53:36.124 20730 20730 D ViewRootImpl@7904bc7[CategoryListActivity]: mHardwareRenderer.initialize() mSurface={isValid=true -1982672896} hwInitialized=true
08-20 08:53:36.223 20730 20730 D ViewRootImpl@7904bc7[CategoryListActivity]: MSG_WINDOW_FOCUS_CHANGED 1
08-20 08:53:36.224 20730 20730 D ViewRootImpl@7904bc7[CategoryListActivity]: mHardwareRenderer.initializeIfNeeded()#2 mSurface={isValid=true -1982672896}
08-20 08:53:36.226 20730 20730 V InputMethodManager: Starting input: tba=android.view.inputmethod.EditorInfo@41bbb30 nm : cz.gienger.mobile ic=null
08-20 08:53:36.226 20730 20730 I InputMethodManager: startInputInner - mService.startInputOrWindowGainedFocus
08-20 08:53:36.227 20730 20730 D InputTransport: Input channel constructed: fd=64
08-20 08:53:36.227 20730 20730 D InputTransport: Input channel destroyed: fd=72
08-20 08:53:36.288 20730 20730 D ViewRootImpl@6bed94f[ArticleListActivity]: mHardwareRenderer.destroy()#1
08-20 08:53:36.300 20730 20730 D ViewRootImpl@6bed94f[ArticleListActivity]: Relayout returned: oldFrame=[0,0][768,1024] newFrame=[0,0][768,1024] result=0x5 surface={isValid=false 0} surfaceGenerationChanged=true
08-20 08:53:36.302 20730 20730 D ViewRootImpl@6bed94f[ArticleListActivity]: MSG_WINDOW_FOCUS_CHANGED 0
08-20 08:53:36.684 20730 20730 D Graph : removeVertex() : insertDummyVertex, because there is no ancestor.
08-20 08:53:36.684 20730 20730 D Graph : removeVertex() : insertDummyVertex, because there is no ancestor.
08-20 08:53:36.737 20730 20730 D ViewRootImpl@6bed94f[ArticleListActivity]: mHardwareRenderer.destroy()#4
08-20 08:53:36.737 20730 20730 D ViewRootImpl@6bed94f[ArticleListActivity]: dispatchDetachedFromWindow
08-20 08:53:36.754 20730 20730 D InputTransport: Input channel destroyed: fd=66
08-20 08:53:36.758 20730 20730 D ViewRootImpl@7904bc7[CategoryListActivity]: ViewPostImeInputStage processKey 0
08-20 08:53:36.813 20730 20730 D ViewRootImpl@7904bc7[CategoryListActivity]: ViewPostImeInputStage processKey 1
08-20 08:53:37.001 20730 20730 D ViewRootImpl@5f2ffa4[MainActivity]: Relayout returned: oldFrame=[0,0][768,1024] newFrame=[0,0][768,1024] result=0x7 surface={isValid=true -1982416896} surfaceGenerationChanged=true
08-20 08:53:37.002 20730 20730 D ViewRootImpl@5f2ffa4[MainActivity]: mHardwareRenderer.initialize() mSurface={isValid=true -1982416896} hwInitialized=true
08-20 08:53:37.071 20730 20730 D AbsListView: in onLayout changed
08-20 08:53:37.095 20730 20730 D ViewRootImpl@5f2ffa4[MainActivity]: MSG_WINDOW_FOCUS_CHANGED 1
