08-20 08:49:38.541 20730 20730 E cz.gienger.mobile.poaz.configuration.GlobalConfiguration: at android.app.ActivityThread.handleLaunchActivity(ActivityThread.java:3064)
08-20 08:49:38.541 20730 20730 E cz.gienger.mobile.poaz.configuration.GlobalConfiguration: at android.app.ActivityThread.-wrap14(ActivityThread.java)
08-20 08:49:38.541 20730 20730 E cz.gienger.mobile.poaz.configuration.GlobalConfiguration: at android.app.ActivityThread$H.handleMessage(ActivityThread.java:1659)
08-20 08:49:38.541 20730 20730 E cz.gienger.mobile.poaz.configuration.GlobalConfiguration: at android.os.Handler.dispatchMessage(Handler.java:102)
08-20 08:49:38.541 20730 20730 E cz.gienger.mobile.poaz.configuration.GlobalConfiguration: at android.os.Looper.loop(Looper.java:154)
08-20 08:49:38.541 20730 20730 E cz.gienger.mobile.poaz.configuration.GlobalConfiguration: at android.app.ActivityThread.main(ActivityThread.java:6823)
08-20 08:49:38.541 20730 20730 E cz.gienger.mobile.poaz.configuration.GlobalConfiguration: at java.lang.reflect.Method.invoke(Native Method)
08-20 08:49:38.541 20730 20730 E cz.gienger.mobile.poaz.configuration.GlobalConfiguration: at com.android.internal.os.ZygoteInit$MethodAndArgsCaller.run(ZygoteInit.java:1563)
08-20 08:49:38.541 20730 20730 E cz.gienger.mobile.poaz.configuration.GlobalConfiguration: at com.android.internal.os.ZygoteInit.main(ZygoteInit.java:1451)
08-20 08:49:38.554 20730 20730 E cz.gienger.mobile.poaz.configuration.GlobalConfiguration: java.lang.NumberFormatException: null
08-20 08:49:38.554 20730 20730 E cz.gienger.mobile.poaz.configuration.GlobalConfiguration: at java.lang.Integer.parseInt(Integer.java:483)
08-20 08:49:38.554 20730 20730 E cz.gienger.mobile.poaz.configuration.GlobalConfiguration: at java.lang.Integer.parseInt(Integer.java:556)
08-20 08:49:38.554 20730 20730 E cz.gienger.mobile.poaz.configuration.GlobalConfiguration: at cz.gienger.mobile.poaz.configuration.GlobalConfiguration.getPriceTypeEnum(GlobalConfiguration.java:140)
08-20 08:49:38.554 20730 20730 E cz.gienger.mobile.poaz.configuration.GlobalConfiguration: at cz.gienger.mobile.poaz.configuration.GlobalConfiguration.setValues(GlobalConfiguration.java:97)
08-20 08:49:38.554 20730 20730 E cz.gienger.mobile.poaz.configuration.GlobalConfiguration: at cz.gienger.mobile.poaz.configuration.GlobalConfiguration.(GlobalConfiguration.java:36)
08-20 08:49:38.554 20730 20730 E cz.gienger.mobile.poaz.configuration.GlobalConfiguration: at cz.gienger.mobile.poaz.configuration.GlobalConfiguration.get(GlobalConfiguration.java:41)
08-20 08:49:38.554 20730 20730 E cz.gienger.mobile.poaz.configuration.GlobalConfiguration: at cz.gienger.mobile.poaz.fragments.ArticleListFragment.onResume(ArticleListFragment.java:456)
08-20 08:49:38.554 20730 20730 E cz.gienger.mobile.poaz.configuration.GlobalConfiguration: at android.support.v4.app.Fragment.performResume(Fragment.java:2294)
08-20 08:49:38.554 20730 20730 E cz.gienger.mobile.poaz.configuration.GlobalConfiguration: at android.support.v4.app.FragmentManagerImpl.moveToState(FragmentManager.java:1387)
08-20 08:49:38.554 20730 20730 E cz.gienger.mobile.poaz.configuration.GlobalConfiguration: at android.support.v4.app.FragmentManagerImpl.moveFragmentToExpectedState(FragmentManager.java:1569)
08-20 08:49:38.554 20730 20730 E cz.gienger.mobile.poaz.configuration.GlobalConfiguration: at android.support.v4.app.FragmentManagerImpl.moveToState(FragmentManager.java:1636)
08-20 08:49:38.554 20730 20730 E cz.gienger.mobile.poaz.configuration.GlobalConfiguration: at android.support.v4.app.FragmentManagerImpl.dispatchResume(FragmentManager.java:2991)
08-20 08:49:38.554 20730 20730 E cz.gienger.mobile.poaz.configuration.GlobalConfiguration: at android.support.v4.app.FragmentController.dispatchResume(FragmentController.java:214)
08-20 08:49:38.554 20730 20730 E cz.gienger.mobile.poaz.configuration.GlobalConfiguration: at android.support.v4.app.FragmentActivity.onResumeFragments(FragmentActivity.java:509)
08-20 08:49:38.554 20730 20730 E cz.gienger.mobile.poaz.configuration.GlobalConfiguration: at android.support.v4.app.FragmentActivity.onPostResume(FragmentActivity.java:498)
08-20 08:49:38.554 20730 20730 E cz.gienger.mobile.poaz.configuration.GlobalConfiguration: at android.support.v7.app.AppCompatActivity.onPostResume(AppCompatActivity.java:172)
08-20 08:49:38.554 20730 20730 E cz.gienger.mobile.poaz.configuration.GlobalConfiguration: at android.app.Activity.performResume(Activity.java:7166)
08-20 08:49:38.554 20730 20730 E cz.gienger.mobile.poaz.configuration.GlobalConfiguration: at android.app.ActivityThread.performResumeActivity(ActivityThread.java:3850)
08-20 08:49:38.554 20730 20730 E cz.gienger.mobile.poaz.configuration.GlobalConfiguration: at android.app.ActivityThread.handleResumeActivity(ActivityThread.java:3914)
08-20 08:49:38.554 20730 20730 E cz.gienger.mobile.poaz.configuration.GlobalConfiguration: at android.app.ActivityThread.handleLaunchActivity(ActivityThread.java:3070)
08-20 08:49:38.554 20730 20730 E cz.gienger.mobile.poaz.configuration.GlobalConfiguration: at android.app.ActivityThread.-wrap14(ActivityThread.java)
08-20 08:49:38.554 20730 20730 E cz.gienger.mobile.poaz.configuration.GlobalConfiguration: at android.app.ActivityThread$H.handleMessage(ActivityThread.java:1659)
08-20 08:49:38.554 20730 20730 E cz.gienger.mobile.poaz.configuration.GlobalConfiguration: at android.os.Handler.dispatchMessage(Handler.java:102)
08-20 08:49:38.554 20730 20730 E cz.gienger.mobile.poaz.configuration.GlobalConfiguration: at android.os.Looper.loop(Looper.java:154)
08-20 08:49:38.554 20730 20730 E cz.gienger.mobile.poaz.configuration.GlobalConfiguration: at android.app.ActivityThread.main(ActivityThread.java:6823)
08-20 08:49:38.554 20730 20730 E cz.gienger.mobile.poaz.configuration.GlobalConfiguration: at java.lang.reflect.Method.invoke(Native Method)
08-20 08:49:38.554 20730 20730 E cz.gienger.mobile.poaz.configuration.GlobalConfiguration: at com.android.internal.os.ZygoteInit$MethodAndArgsCaller.run(ZygoteInit.java:1563)
08-20 08:49:38.554 20730 20730 E cz.gienger.mobile.poaz.configuration.GlobalConfiguration: at com.android.internal.os.ZygoteInit.main(ZygoteInit.java:1451)
08-20 08:49:38.562 20730 20730 D ViewRootImpl@aaedec1[ArticleListActivity]: ThreadedRenderer.create() translucent=false
08-20 08:49:38.568 20730 20730 D InputTransport: Input channel constructed: fd=66
08-20 08:49:38.568 20730 20730 D ViewRootImpl@aaedec1[ArticleListActivity]: setView = DecorView@e99d666[ArticleListActivity] touchMode=true
08-20 08:49:38.583 20730 20730 D ViewRootImpl@aaedec1[ArticleListActivity]: dispatchAttachedToWindow
08-20 08:49:38.622 20730 20730 D ViewRootImpl@aaedec1[ArticleListActivity]: Relayout returned: oldFrame=[0,0][0,0] newFrame=[0,0][768,1024] result=0x27 surface={isValid=true -1970671616} surfaceGenerationChanged=true
08-20 08:49:38.622 20730 20730 D ViewRootImpl@aaedec1[ArticleListActivity]: mHardwareRenderer.initialize() mSurface={isValid=true -1970671616} hwInitialized=true
08-20 08:49:38.648 20730 20740 I art : Background sticky concurrent mark sweep GC freed 250144(10MB) AllocSpace objects, 2(40KB) LOS objects, 62% free, 6MB/16MB, paused 1.232ms total 117.585ms
08-20 08:49:39.139 20730 20730 E cz.gienger.mobile.poaz.configuration.GlobalConfiguration: java.lang.NumberFormatException: null
08-20 08:49:39.139 20730 20730 E cz.gienger.mobile.poaz.configuration.GlobalConfiguration: at java.lang.Integer.parseInt(Integer.java:483)
08-20 08:49:39.139 20730 20730 E cz.gienger.mobile.poaz.configuration.GlobalConfiguration: at java.lang.Integer.parseInt(Integer.java:556)
08-20 08:49:39.139 20730 20730 E cz.gienger.mobile.poaz.configuration.GlobalConfiguration: at cz.gienger.mobile.poaz.configuration.GlobalConfiguration.getPriceTypeEnum(GlobalConfiguration.java:140)
08-20 08:49:39.139 20730 20730 E cz.gienger.mobile.poaz.configuration.GlobalConfiguration: at cz.gienger.mobile.poaz.configuration.GlobalConfiguration.setValues(GlobalConfiguration.java:97)
08-20 08:49:39.139 20730 20730 E cz.gienger.mobile.poaz.configuration.GlobalConfiguration: at cz.gienger.mobile.poaz.configuration.GlobalConfiguration.(GlobalConfiguration.java:36)
08-20 08:49:39.139 20730 20730 E cz.gienger.mobile.poaz.configuration.GlobalConfiguration: at cz.gienger.mobile.poaz.configuration.GlobalConfiguration.get(GlobalConfiguration.java:41)
08-20 08:49:39.139 20730 20730 E cz.gienger.mobile.poaz.configuration.GlobalConfiguration: at cz.gienger.mobile.poaz.activities.PoazActivityBase.initPriceSwitch(PoazActivityBase.java:313)
08-20 08:49:39.139 20730 20730 E cz.gienger.mobile.poaz.configuration.GlobalConfiguration: at cz.gienger.mobile.poaz.activities.PoazActivityBase.onCreateOptionsMenu(PoazActivityBase.java:143)
08-20 08:49:39.139 20730 20730 E cz.gienger.mobile.poaz.configuration.GlobalConfiguration: at android.app.Activity.onCreatePanelMenu(Activity.java:3328)
08-20 08:49:39.139 20730 20730 E cz.gienger.mobile.poaz.configuration.GlobalConfiguration: at android.support.v4.app.FragmentActivity.onCreatePanelMenu(FragmentActivity.java:362)
08-20 08:49:39.139 20730 20730 E cz.gienger.mobile.poaz.configuration.GlobalConfiguration: at android.support.v7.view.WindowCallbackWrapper.onCreatePanelMenu(WindowCallbackWrapper.java:98)
08-20 08:49:39.139 20730 20730 E cz.gienger.mobile.poaz.configuration.GlobalConfiguration: at android.support.v7.app.AppCompatDelegateImplBase$AppCompatWindowCallbackBase.onCreatePanelMenu(AppCompatDelegateImplBase.java:335)
08-20 08:49:39.139 20730 20730 E cz.gienger.mobile.poaz.configuration.GlobalConfiguration: at android.support.v7.app.AppCompatDelegateImplV9.preparePanel(AppCompatDelegateImplV9.java:1368)
08-20 08:49:39.139 20730 20730 E cz.gienger.mobile.poaz.configuration.GlobalConfiguration: at android.support.v7.app.AppCompatDelegateImplV9.doInvalidatePanelMenu(AppCompatDelegateImplV9.java:1648)
08-20 08:49:39.139 20730 20730 E cz.gienger.mobile.poaz.configuration.GlobalConfiguration: at android.support.v7.app.AppCompatDelegateImplV9$1.run(AppCompatDelegateImplV9.java:140)
08-20 08:49:39.139 20730 20730 E cz.gienger.mobile.poaz.configuration.GlobalConfiguration: at android.os.Handler.handleCallback(Handler.java:751)
08-20 08:49:39.139 20730 20730 E cz.gienger.mobile.poaz.configuration.GlobalConfiguration: at android.os.Handler.dispatchMessage(Handler.java:95)
08-20 08:49:39.139 20730 20730 E cz.gienger.mobile.poaz.configuration.GlobalConfiguration: at android.os.Looper.loop(Looper.java:154)
08-20 08:49:39.139 20730 20730 E cz.gienger.mobile.poaz.configuration.GlobalConfiguration: at android.app.ActivityThread.main(ActivityThread.java:6823)
08-20 08:49:39.139 20730 20730 E cz.gienger.mobile.poaz.configuration.GlobalConfiguration: at java.lang.reflect.Method.invoke(Native Method)
08-20 08:49:39.139 20730 20730 E cz.gienger.mobile.poaz.configuration.GlobalConfiguration: at com.android.internal.os.ZygoteInit$MethodAndArgsCaller.run(ZygoteInit.java:1563)
08-20 08:49:39.139 20730 20730 E cz.gienger.mobile.poaz.configuration.GlobalConfiguration: at com.android.internal.os.ZygoteInit.main(ZygoteInit.java:1451)
08-20 08:49:39.149 20730 20730 D ViewRootImpl@aaedec1[ArticleListActivity]: MSG_RESIZED_REPORT: frame=Rect(0, 0 - 768, 1024) ci=Rect(0, 24 - 0, 0) vi=Rect(0, 24 - 0, 0) or=1
08-20 08:49:39.149 20730 20730 D ViewRootImpl@aaedec1[ArticleListActivity]: MSG_WINDOW_FOCUS_CHANGED 1
08-20 08:49:39.149 20730 20730 D ViewRootImpl@aaedec1[ArticleListActivity]: mHardwareRenderer.initializeIfNeeded()#2 mSurface={isValid=true -1970671616}
08-20 08:49:39.151 20730 20730 V InputMethodManager: Starting input: tba=android.view.inputmethod.EditorInfo@42657d6 nm : cz.gienger.mobile ic=null
08-20 08:49:39.151 20730 20730 I InputMethodManager: startInputInner - mService.startInputOrWindowGainedFocus
08-20 08:49:39.154 20730 20730 D InputTransport: Input channel constructed: fd=76
08-20 08:49:39.154 20730 20730 D InputTransport: Input channel destroyed: fd=67
08-20 08:49:39.239 20730 20746 D OpenGLRenderer: endAllActiveAnimators on 0x89b69180 (RippleDrawable) with handle 0x89b76f30
08-20 08:49:39.241 20730 20730 D ViewRootImpl@4d6e910[CategoryListActivity]: mHardwareRenderer.destroy()#1
08-20 08:49:39.247 20730 20730 D ViewRootImpl@4d6e910[CategoryListActivity]: Relayout returned: oldFrame=[0,0][768,1024] newFrame=[0,0][768,1024] result=0x5 surface={isValid=false 0} surfaceGenerationChanged=true
08-20 08:49:39.656 20730 20730 D ViewRootImpl@4d6e910[CategoryListActivity]: Relayout returned: oldFrame=[0,0][768,1024] newFrame=[0,0][768,1024] result=0x5 surface={isValid=false 0} surfaceGenerationChanged=false
08-20 08:49:40.502 20730 20730 D ViewRootImpl@aaedec1[ArticleListActivity]: ViewPostImeInputStage processPointer 0
08-20 08:49:40.579 20730 20730 D ViewRootImpl@aaedec1[ArticleListActivity]: ViewPostImeInputStage processPointer 1
08-20 08:49:40.619 20730 20730 D ViewRootImpl@aaedec1[ArticleListActivity]: MSG_WINDOW_FOCUS_CHANGED 0
08-20 08:49:40.714 20730 20730 E cz.gienger.mobile.poaz.configuration.GlobalConfiguration: java.lang.NumberFormatException: null
08-20 08:49:40.714 20730 20730 E cz.gienger.mobile.poaz.configuration.GlobalConfiguration: at java.lang.Integer.parseInt(Integer.java:483)
08-20 08:49:40.714 20730 20730 E cz.gienger.mobile.poaz.configuration.GlobalConfiguration: at java.lang.Integer.parseInt(Integer.java:556)
08-20 08:49:40.714 20730 20730 E cz.gienger.mobile.poaz.configuration.GlobalConfiguration: at cz.gienger.mobile.poaz.configuration.GlobalConfiguration.getPriceTypeEnum(GlobalConfiguration.java:140)
08-20 08:49:40.714 20730 20730 E cz.gienger.mobile.poaz.configuration.GlobalConfiguration: at cz.gienger.mobile.poaz.configuration.GlobalConfiguration.setValues(GlobalConfiguration.java:97)
08-20 08:49:40.714 20730 20730 E cz.gienger.mobile.poaz.configuration.GlobalConfiguration: at cz.gienger.mobile.poaz.configuration.GlobalConfiguration.(GlobalConfiguration.java:36)
08-20 08:49:40.714 20730 20730 E cz.gienger.mobile.poaz.configuration.GlobalConfiguration: at cz.gienger.mobile.poaz.configuration.GlobalConfiguration.get(GlobalConfiguration.java:41)
08-20 08:49:40.714 20730 20730 E cz.gienger.mobile.poaz.configuration.GlobalConfiguration: at cz.gienger.mobile.poaz.presenters.AddArticleToCartPresenter.loadArticle(AddArticleToCartPresenter.java:114)
08-20 08:49:40.714 20730 20730 E cz.gienger.mobile.poaz.configuration.GlobalConfiguration: at cz.gienger.mobile.poaz.presenters.AddArticleToCartPresenter.start(AddArticleToCartPresenter.java:109)
08-20 08:49:40.714 20730 20730 E cz.gienger.mobile.poaz.configuration.GlobalConfiguration: at cz.gienger.mobile.poaz.fragments.AddArticleToCartFragment.onResume(AddArticleToCartFragment.java:99)
08-20 08:49:40.714 20730 20730 E cz.gienger.mobile.poaz.configuration.GlobalConfiguration: at android.support.v4.app.Fragment.performResume(Fragment.java:2294)
08-20 08:49:40.714 20730 20730 E cz.gienger.mobile.poaz.configuration.GlobalConfiguration: at android.support.v4.app.FragmentManagerImpl.moveToState(FragmentManager.java:1387)
08-20 08:49:40.714 20730 20730 E cz.gienger.mobile.poaz.configuration.GlobalConfiguration: at android.support.v4.app.FragmentManagerImpl.moveFragmentToExpectedState(FragmentManager.java:1569)
08-20 08:49:40.714 20730 20730 E cz.gienger.mobile.poaz.configuration.GlobalConfiguration: at android.support.v4.app.FragmentManagerImpl.moveToState(FragmentManager.java:1636)
08-20 08:49:40.714 20730 20730 E cz.gienger.mobile.poaz.configuration.GlobalConfiguration: at android.support.v4.app.FragmentManagerImpl.dispatchResume(FragmentManager.java:2991)
08-20 08:49:40.714 20730 20730 E cz.gienger.mobile.poaz.configuration.GlobalConfiguration: at android.support.v4.app.FragmentController.dispatchResume(FragmentController.java:214)
08-20 08:49:40.714 20730 20730 E cz.gienger.mobile.poaz.configuration.GlobalConfiguration: at android.support.v4.app.FragmentActivity.onResumeFragments(FragmentActivity.java:509)
08-20 08:49:40.714 20730 20730 E cz.gienger.mobile.poaz.configuration.GlobalConfiguration: at android.support.v4.app.FragmentActivity.onPostResume(FragmentActivity.java:498)
08-20 08:49:40.714 20730 20730 E cz.gienger.mobile.poaz.configuration.GlobalConfiguration: at android.support.v7.app.AppCompatActivity.onPostResume(AppCompatActivity.java:172)
08-20 08:49:40.714 20730 20730 E cz.gienger.mobile.poaz.configuration.GlobalConfiguration: at android.app.Activity.performResume(Activity.java:7166)
08-20 08:49:40.714 20730 20730 E cz.gienger.mobile.poaz.configuration.GlobalConfiguration: at android.app.ActivityThread.performResumeActivity(ActivityThread.java:3850)
08-20 08:49:40.714 20730 20730 E cz.gienger.mobile.poaz.configuration.GlobalConfiguration: at android.app.ActivityThread.handleResumeActivity(ActivityThread.java:3914)
08-20 08:49:40.714 20730 20730 E cz.gienger.mobile.poaz.configuration.GlobalConfiguration: at android.app.ActivityThread.handleLaunchActivity(ActivityThread.java:3070)
08-20 08:49:40.714 20730 20730 E cz.gienger.mobile.poaz.configuration.GlobalConfiguration: at android.app.ActivityThread.-wrap14(ActivityThread.java)
08-20 08:49:40.714 20730 20730 E cz.gienger.mobile.poaz.configuration.GlobalConfiguration: at android.app.ActivityThread$H.handleMessage(ActivityThread.java:1659)
08-20 08:49:40.714 20730 20730 E cz.gienger.mobile.poaz.configuration.GlobalConfiguration: at android.os.Handler.dispatchMessage(Handler.java:102)
08-20 08:49:40.714 20730 20730 E cz.gienger.mobile.poaz.configuration.GlobalConfiguration: at android.os.Looper.loop(Looper.java:154)
08-20 08:49:40.714 20730 20730 E cz.gienger.mobile.poaz.configuration.GlobalConfiguration: at android.app.ActivityThread.main(ActivityThread.java:6823)
08-20 08:49:40.714 20730 20730 E cz.gienger.mobile.poaz.configuration.GlobalConfiguration: at java.lang.reflect.Method.invoke(Native Method)
08-20 08:49:40.714 20730 20730 E cz.gienger.mobile.poaz.configuration.GlobalConfiguration: at com.android.internal.os.ZygoteInit$MethodAndArgsCaller.run(ZygoteInit.java:1563)
08-20 08:49:40.714 20730 20730 E cz.gienger.mobile.poaz.configuration.GlobalConfiguration: at com.android.internal.os.ZygoteInit.main(ZygoteInit.java:1451)
08-20 08:49:40.726 20730 20730 D ViewRootImpl@257f9e9[AddArticleToCartActivity]: ThreadedRenderer.create() translucent=false
08-20 08:49:40.729 20730 20730 D InputTransport: Input channel constructed: fd=67
08-20 08:49:40.730 20730 20730 D ViewRootImpl@257f9e9[AddArticleToCartActivity]: setView = DecorView@d0966e[AddArticleToCartActivity] touchMode=true
08-20 08:49:40.772 20730 20730 D ViewRootImpl@257f9e9[AddArticleToCartActivity]: dispatchAttachedToWindow
08-20 08:49:40.810 20730 20730 D ViewRootImpl@257f9e9[AddArticleToCartActivity]: Relayout returned: oldFrame=[0,0][0,0] newFrame=[0,0][768,1024] result=0x27 surface={isValid=true -1969172480} surfaceGenerationChanged=true
08-20 08:49:40.811 20730 20730 D ViewRootImpl@257f9e9[AddArticleToCartActivity]: mHardwareRenderer.initialize() mSurface={isValid=true -1969172480} hwInitialized=true
08-20 08:49:40.835 20730 20730 E cz.gienger.mobile.poaz.configuration.GlobalConfiguration: java.lang.NumberFormatException: null
08-20 08:49:40.835 20730 20730 E cz.gienger.mobile.poaz.configuration.GlobalConfiguration: at java.lang.Integer.parseInt(Integer.java:483)
08-20 08:49:40.835 20730 20730 E cz.gienger.mobile.poaz.configuration.GlobalConfiguration: at java.lang.Integer.parseInt(Integer.java:556)
08-20 08:49:40.835 20730 20730 E cz.gienger.mobile.poaz.configuration.GlobalConfiguration: at cz.gienger.mobile.poaz.configuration.GlobalConfiguration.getPriceTypeEnum(GlobalConfiguration.java:140)
08-20 08:49:40.835 20730 20730 E cz.gienger.mobile.poaz.configuration.GlobalConfiguration: at cz.gienger.mobile.poaz.configuration.GlobalConfiguration.setValues(GlobalConfiguration.java:97)
08-20 08:49:40.835 20730 20730 E cz.gienger.mobile.poaz.configuration.GlobalConfiguration: at cz.gienger.mobile.poaz.configuration.GlobalConfiguration.(GlobalConfiguration.java:36)
08-20 08:49:40.835 20730 20730 E cz.gienger.mobile.poaz.configuration.GlobalConfiguration: at cz.gienger.mobile.poaz.configuration.GlobalConfiguration.get(GlobalConfiguration.java:41)
08-20 08:49:40.835 20730 20730 E cz.gienger.mobile.poaz.configuration.GlobalConfiguration: at cz.gienger.mobile.poaz.activities.PoazActivityBase.initPriceSwitch(PoazActivityBase.java:313)
08-20 08:49:40.835 20730 20730 E cz.gienger.mobile.poaz.configuration.GlobalConfiguration: at cz.gienger.mobile.poaz.activities.PoazActivityBase.onCreateOptionsMenu(PoazActivityBase.java:143)
08-20 08:49:40.835 20730 20730 E cz.gienger.mobile.poaz.configuration.GlobalConfiguration: at android.app.Activity.onCreatePanelMenu(Activity.java:3328)
08-20 08:49:40.835 20730 20730 E cz.gienger.mobile.poaz.configuration.GlobalConfiguration: at android.support.v4.app.FragmentActivity.onCreatePanelMenu(FragmentActivity.java:362)
08-20 08:49:40.835 20730 20730 E cz.gienger.mobile.poaz.configuration.GlobalConfiguration: at android.support.v7.view.WindowCallbackWrapper.onCreatePanelMenu(WindowCallbackWrapper.java:98)
08-20 08:49:40.835 20730 20730 E cz.gienger.mobile.poaz.configuration.GlobalConfiguration: at android.support.v7.app.AppCompatDelegateImplBase$AppCompatWindowCallbackBase.onCreatePanelMenu(AppCompatDelegateImplBase.java:335)
08-20 08:49:40.835 20730 20730 E cz.gienger.mobile.poaz.configuration.GlobalConfiguration: at android.support.v7.app.AppCompatDelegateImplV9.preparePanel(AppCompatDelegateImplV9.java:1368)
08-20 08:49:40.835 20730 20730 E cz.gienger.mobile.poaz.configuration.GlobalConfiguration: at android.support.v7.app.AppCompatDelegateImplV9.doInvalidatePanelMenu(AppCompatDelegateImplV9.java:1648)
08-20 08:49:40.835 20730 20730 E cz.gienger.mobile.poaz.configuration.GlobalConfiguration: at android.support.v7.app.AppCompatDelegateImplV9$1.run(AppCompatDelegateImplV9.java:140)
08-20 08:49:40.835 20730 20730 E cz.gienger.mobile.poaz.configuration.GlobalConfiguration: at android.os.Handler.handleCallback(Handler.java:751)
08-20 08:49:40.835 20730 20730 E cz.gienger.mobile.poaz.configuration.GlobalConfiguration: at android.os.Handler.dispatchMessage(Handler.java:95)
08-20 08:49:40.835 20730 20730 E cz.gienger.mobile.poaz.configuration.GlobalConfiguration: at android.os.Looper.loop(Looper.java:154)
08-20 08:49:40.835 20730 20730 E cz.gienger.mobile.poaz.configuration.GlobalConfiguration: at android.app.ActivityThread.main(ActivityThread.java:6823)
08-20 08:49:40.835 20730 20730 E cz.gienger.mobile.poaz.configuration.GlobalConfiguration: at java.lang.reflect.Method.invoke(Native Method)
08-20 08:49:40.835 20730 20730 E cz.gienger.mobile.poaz.configuration.GlobalConfiguration: at com.android.internal.os.ZygoteInit$MethodAndArgsCaller.run(ZygoteInit.java:1563)
08-20 08:49:40.835 20730 20730 E cz.gienger.mobile.poaz.configuration.GlobalConfiguration: at com.android.internal.os.ZygoteInit.main(ZygoteInit.java:1451)
08-20 08:49:40.866 20730 20730 D ViewRootImpl@257f9e9[AddArticleToCartActivity]: MSG_RESIZED_REPORT: frame=Rect(0, 0 - 768, 1024) ci=Rect(0, 24 - 0, 0) vi=Rect(0, 24 - 0, 0) or=1
08-20 08:49:40.866 20730 20730 D ViewRootImpl@257f9e9[AddArticleToCartActivity]: MSG_WINDOW_FOCUS_CHANGED 1
08-20 08:49:40.867 20730 20730 D ViewRootImpl@257f9e9[AddArticleToCartActivity]: mHardwareRenderer.initializeIfNeeded()#2 mSurface={isValid=true -1969172480}
08-20 08:49:40.878 20730 20730 V InputMethodManager: Starting input: tba=android.view.inputmethod.EditorInfo@8fdfdcc nm : cz.gienger.mobile ic=com.android.internal.widget.EditableInputConnection@f416815
08-20 08:49:40.878 20730 20730 I InputMethodManager: startInputInner - mService.startInputOrWindowGainedFocus
08-20 08:49:40.887 20730 20730 D InputTransport: Input channel constructed: fd=68
08-20 08:49:40.887 20730 20730 D InputTransport: Input channel destroyed: fd=76
08-20 08:49:40.937 20730 20746 D OpenGLRenderer: endAllActiveAnimators on 0x8d718780 (RippleDrawable) with handle 0x8c9236e0
08-20 08:49:40.937 20730 20730 D ViewRootImpl@aaedec1[ArticleListActivity]: mHardwareRenderer.destroy()#1
08-20 08:49:40.946 20730 20730 D ViewRootImpl@aaedec1[ArticleListActivity]: Relayout returned: oldFrame=[0,0][768,1024] newFrame=[0,0][768,1024] result=0x5 surface={isValid=false 0} surfaceGenerationChanged=true
08-20 08:49:41.235 20730 20730 D ViewRootImpl@257f9e9[AddArticleToCartActivity]: MSG_RESIZED: frame=Rect(0, 0 - 768, 1024) ci=Rect(0, 24 - 0, 0) vi=Rect(0, 24 - 0, 320) or=1
08-20 08:49:41.327 20730 20730 D ViewRootImpl@aaedec1[ArticleListActivity]: Relayout returned: oldFrame=[0,0][768,1024] newFrame=[0,0][768,1024] result=0x5 surface={isValid=false 0} surfaceGenerationChanged=false
08-20 08:49:44.168 20730 20730 D ViewRootImpl@257f9e9[AddArticleToCartActivity]: ViewPostImeInputStage processKey 0
08-20 08:49:44.179 20730 20730 D ViewRootImpl@257f9e9[AddArticleToCartActivity]: ViewPostImeInputStage processKey 1
08-20 08:49:45.377 20730 20730 D ViewRootImpl@257f9e9[AddArticleToCartActivity]: ViewPostImeInputStage processPointer 0
08-20 08:49:45.446 20730 20730 D ViewRootImpl@257f9e9[AddArticleToCartActivity]: ViewPostImeInputStage processPointer 1
08-20 08:49:45.448 20730 20730 V InputMethodManager: Starting input: tba=android.view.inputmethod.EditorInfo@1bb4bf6 nm : cz.gienger.mobile ic=com.android.internal.widget.EditableInputConnection@4287bf7
08-20 08:49:45.449 20730 20730 I InputMethodManager: startInputInner - mService.startInputOrWindowGainedFocus
08-20 08:49:45.452 20730 20730 D InputTransport: Input channel constructed: fd=76
08-20 08:49:45.453 20730 20730 D InputTransport: Input channel destroyed: fd=68
08-20 08:49:45.543 20730 20730 E cz.gienger.mobile.poaz.configuration.GlobalConfiguration: java.lang.NumberFormatException: null
08-20 08:49:45.543 20730 20730 E cz.gienger.mobile.poaz.configuration.GlobalConfiguration: at java.lang.Integer.parseInt(Integer.java:483)
08-20 08:49:45.543 20730 20730 E cz.gienger.mobile.poaz.configuration.GlobalConfiguration: at java.lang.Integer.parseInt(Integer.java:556)
08-20 08:49:45.543 20730 20730 E cz.gienger.mobile.poaz.configuration.GlobalConfiguration: at cz.gienger.mobile.poaz.configuration.GlobalConfiguration.getPriceTypeEnum(GlobalConfiguration.java:140)
08-20 08:49:45.543 20730 20730 E cz.gienger.mobile.poaz.configuration.GlobalConfiguration: at cz.gienger.mobile.poaz.configuration.GlobalConfiguration.setValues(GlobalConfiguration.java:97)
08-20 08:49:45.543 20730 20730 E cz.gienger.mobile.poaz.configuration.GlobalConfiguration: at cz.gienger.mobile.poaz.configuration.GlobalConfiguration.(GlobalConfiguration.java:36)
08-20 08:49:45.543 20730 20730 E cz.gienger.mobile.poaz.configuration.GlobalConfiguration: at cz.gienger.mobile.poaz.configuration.GlobalConfiguration.get(GlobalConfiguration.java:41)
08-20 08:49:45.543 20730 20730 E cz.gienger.mobile.poaz.configuration.GlobalConfiguration: at cz.gienger.mobile.poaz.activities.PoazActivityBase.initPriceSwitch(PoazActivityBase.java:313)
08-20 08:49:45.543 20730 20730 E cz.gienger.mobile.poaz.configuration.GlobalConfiguration: at cz.gienger.mobile.poaz.activities.PoazActivityBase.onResume(PoazActivityBase.java:301)
08-20 08:49:45.543 20730 20730 E cz.gienger.mobile.poaz.configuration.GlobalConfiguration: at android.app.Instrumentation.callActivityOnResume(Instrumentation.java:1277)
08-20 08:49:45.543 20730 20730 E cz.gienger.mobile.poaz.configuration.GlobalConfiguration: at android.app.Activity.performResume(Activity.java:7142)
08-20 08:49:45.543 20730 20730 E cz.gienger.mobile.poaz.configuration.GlobalConfiguration: at android.app.ActivityThread.performResumeActivity(ActivityThread.java:3850)
08-20 08:49:45.543 20730 20730 E cz.gienger.mobile.poaz.configuration.GlobalConfiguration: at android.app.ActivityThread.handleResumeActivity(ActivityThread.java:3914)
08-20 08:49:45.543 20730 20730 E cz.gienger.mobile.poaz.configuration.GlobalConfiguration: at android.app.ActivityThread$H.handleMessage(ActivityThread.java:1709)
08-20 08:49:45.543 20730 20730 E cz.gienger.mobile.poaz.configuration.GlobalConfiguration: at android.os.Handler.dispatchMessage(Handler.java:102)
08-20 08:49:45.543 20730 20730 E cz.gienger.mobile.poaz.configuration.GlobalConfiguration: at android.os.Looper.loop(Looper.java:154)
08-20 08:49:45.543 20730 20730 E cz.gienger.mobile.poaz.configuration.GlobalConfiguration: at android.app.ActivityThread.main(ActivityThread.java:6823)
08-20 08:49:45.543 20730 20730 E cz.gienger.mobile.poaz.configuration.GlobalConfiguration: at java.lang.reflect.Method.invoke(Native Method)
08-20 08:49:45.543 20730 20730 E cz.gienger.mobile.poaz.configuration.GlobalConfiguration: at com.android.internal.os.ZygoteInit$MethodAndArgsCaller.run(ZygoteInit.java:1563)
08-20 08:49:45.543 20730 20730 E cz.gienger.mobile.poaz.configuration.GlobalConfiguration: at com.android.internal.os.ZygoteInit.main(ZygoteInit.java:1451)
08-20 08:49:45.550 20730 20730 E cz.gienger.mobile.poaz.configuration.GlobalConfiguration: java.lang.NumberFormatException: null
08-20 08:49:45.550 20730 20730 E cz.gienger.mobile.poaz.configuration.GlobalConfiguration: at java.lang.Integer.parseInt(Integer.java:483)
08-20 08:49:45.550 20730 20730 E cz.gienger.mobile.poaz.configuration.GlobalConfiguration: at java.lang.Integer.parseInt(Integer.java:556)
08-20 08:49:45.550 20730 20730 E cz.gienger.mobile.poaz.configuration.GlobalConfiguration: at cz.gienger.mobile.poaz.configuration.GlobalConfiguration.getPriceTypeEnum(GlobalConfiguration.java:140)
08-20 08:49:45.550 20730 20730 E cz.gienger.mobile.poaz.configuration.GlobalConfiguration: at cz.gienger.mobile.poaz.configuration.GlobalConfiguration.setValues(GlobalConfiguration.java:97)
08-20 08:49:45.550 20730 20730 E cz.gienger.mobile.poaz.configuration.GlobalConfiguration: at cz.gienger.mobile.poaz.configuration.GlobalConfiguration.(GlobalConfiguration.java:36)
08-20 08:49:45.550 20730 20730 E cz.gienger.mobile.poaz.configuration.GlobalConfiguration: at cz.gienger.mobile.poaz.configuration.GlobalConfiguration.get(GlobalConfiguration.java:41)
08-20 08:49:45.550 20730 20730 E cz.gienger.mobile.poaz.configuration.GlobalConfiguration: at cz.gienger.mobile.poaz.fragments.ArticleListFragment.onResume(ArticleListFragment.java:456)
08-20 08:49:45.550 20730 20730 E cz.gienger.mobile.poaz.configuration.GlobalConfiguration: at android.support.v4.app.Fragment.performResume(Fragment.java:2294)
08-20 08:49:45.550 20730 20730 E cz.gienger.mobile.poaz.configuration.GlobalConfiguration: at android.support.v4.app.FragmentManagerImpl.moveToState(FragmentManager.java:1387)
08-20 08:49:45.550 20730 20730 E cz.gienger.mobile.poaz.configuration.GlobalConfiguration: at android.support.v4.app.FragmentManagerImpl.moveFragmentToExpectedState(FragmentManager.java:1569)
08-20 08:49:45.550 20730 20730 E cz.gienger.mobile.poaz.configuration.GlobalConfiguration: at android.support.v4.app.FragmentManagerImpl.moveToState(FragmentManager.java:1636)
08-20 08:49:45.550 20730 20730 E cz.gienger.mobile.poaz.configuration.GlobalConfiguration: at android.support.v4.app.FragmentManagerImpl.dispatchResume(FragmentManager.java:2991)
08-20 08:49:45.550 20730 20730 E cz.gienger.mobile.poaz.configuration.GlobalConfiguration: at android.support.v4.app.FragmentController.dispatchResume(FragmentController.java:214)
08-20 08:49:45.550 20730 20730 E cz.gienger.mobile.poaz.configuration.GlobalConfiguration: at android.support.v4.app.FragmentActivity.onResumeFragments(FragmentActivity.java:509)
08-20 08:49:45.550 20730 20730 E cz.gienger.mobile.poaz.configuration.GlobalConfiguration: at android.support.v4.app.FragmentActivity.onPostResume(FragmentActivity.java:498)
08-20 08:49:45.550 20730 20730 E cz.gienger.mobile.poaz.configuration.GlobalConfiguration: at android.support.v7.app.AppCompatActivity.onPostResume(AppCompatActivity.java:172)
08-20 08:49:45.550 20730 20730 E cz.gienger.mobile.poaz.configuration.GlobalConfiguration: at android.app.Activity.performResume(Activity.java:7166)
08-20 08:49:45.550 20730 20730 E cz.gienger.mobile.poaz.configuration.GlobalConfiguration: at android.app.ActivityThread.performResumeActivity(ActivityThread.java:3850)
08-20 08:49:45.550 20730 20730 E cz.gienger.mobile.poaz.configuration.GlobalConfiguration: at android.app.ActivityThread.handleResumeActivity(ActivityThread.java:3914)
08-20 08:49:45.550 20730 20730 E cz.gienger.mobile.poaz.configuration.GlobalConfiguration: at android.app.ActivityThread$H.handleMessage(ActivityThread.java:1709)
08-20 08:49:45.550 20730 20730 E cz.gienger.mobile.poaz.configuration.GlobalConfiguration: at android.os.Handler.dispatchMessage(Handler.java:102)
08-20 08:49:45.550 20730 20730 E cz.gienger.mobile.poaz.configuration.GlobalConfiguration: at android.os.Looper.loop(Looper.java:154)
08-20 08:49:45.550 20730 20730 E cz.gienger.mobile.poaz.configuration.GlobalConfiguration: at android.app.ActivityThread.main(ActivityThread.java:6823)
08-20 08:49:45.550 20730 20730 E cz.gienger.mobile.poaz.configuration.GlobalConfiguration: at java.lang.reflect.Method.invoke(Native Method)
08-20 08:49:45.550 20730 20730 E cz.gienger.mobile.poaz.configuration.GlobalConfiguration: at com.android.internal.os.ZygoteInit$MethodAndArgsCaller.run(ZygoteInit.java:1563)
08-20 08:49:45.550 20730 20730 E cz.gienger.mobile.poaz.configuration.GlobalConfiguration: at com.android.internal.os.ZygoteInit.main(ZygoteInit.java:1451)
08-20 08:49:45.568 20730 20730 D ViewRootImpl@aaedec1[ArticleListActivity]: Relayout returned: oldFrame=[0,0][768,1024] newFrame=[0,0][768,1024] result=0x7 surface={isValid=true -1970671616} surfaceGenerationChanged=true
08-20 08:49:45.568 20730 20730 D ViewRootImpl@aaedec1[ArticleListActivity]: mHardwareRenderer.initialize() mSurface={isValid=true -1970671616} hwInitialized=true
08-20 08:49:45.775 20730 20730 D ViewRootImpl@aaedec1[ArticleListActivity]: MSG_RESIZED_REPORT: frame=Rect(0, 0 - 768, 1024) ci=Rect(0, 24 - 0, 320) vi=Rect(0, 24 - 0, 320) or=1
08-20 08:49:45.775 20730 20730 D ViewRootImpl@aaedec1[ArticleListActivity]: MSG_WINDOW_FOCUS_CHANGED 1
08-20 08:49:45.775 20730 20730 D ViewRootImpl@aaedec1[ArticleListActivity]: mHardwareRenderer.initializeIfNeeded()#2 mSurface={isValid=true -1970671616}
08-20 08:49:45.778 20730 20730 V InputMethodManager: Starting input: tba=android.view.inputmethod.EditorInfo@acbe3ce nm : cz.gienger.mobile ic=null
08-20 08:49:45.778 20730 20730 I InputMethodManager: startInputInner - mService.startInputOrWindowGainedFocus
08-20 08:49:45.804 20730 20730 D InputTransport: Input channel constructed: fd=80
08-20 08:49:45.804 20730 20730 D InputTransport: Input channel destroyed: fd=76
08-20 08:49:45.820 20730 20730 W IInputConnectionWrapper: getCursorCapsMode on inactive InputConnection
08-20 08:49:45.820 20730 20730 D ViewRootImpl@257f9e9[AddArticleToCartActivity]: MSG_WINDOW_FOCUS_CHANGED 0
08-20 08:49:45.865 20730 20746 D OpenGLRenderer: endAllActiveAnimators on 0x89f8d780 (RippleDrawable) with handle 0x8a9b97c0
08-20 08:49:45.865 20730 20730 D ViewRootImpl@257f9e9[AddArticleToCartActivity]: mHardwareRenderer.destroy()#1
08-20 08:49:45.883 20730 20730 D ViewRootImpl@257f9e9[AddArticleToCartActivity]: Relayout returned: oldFrame=[0,0][768,1024] newFrame=[0,0][768,1024] result=0x5 surface={isValid=false 0} surfaceGenerationChanged=true
08-20 08:49:45.890 20730 20730 W IInputConnectionWrapper: finishComposingText on inactive InputConnection
08-20 08:49:45.897 20730 20730 W IInputConnectionWrapper: performPrivateCommand on inactive InputConnection
08-20 08:49:45.898 20730 20730 W IInputConnectionWrapper: finishComposingText on inactive InputConnection
08-20 08:49:45.898 20730 20730 D ViewRootImpl@aaedec1[ArticleListActivity]: MSG_RESIZED: frame=Rect(0, 0 - 768, 1024) ci=Rect(0, 24 - 0, 0) vi=Rect(0, 24 - 0, 0) or=1
08-20 08:49:45.920 20730 20730 D ViewRootImpl@aaedec1[ArticleListActivity]: Relayout returned: oldFrame=[0,0][768,1024] newFrame=[0,0][768,1024] result=0x1 surface={isValid=true -1970671616} surfaceGenerationChanged=false
08-20 08:49:46.229 20730 20730 D TextView: SYANI: Clipboard API is calling: clearFilter()
08-20 08:49:46.229 20730 20730 D TextView: SYANI: Clipboard API is calling: unregisterClipboardEventListener()
08-20 08:49:46.236 20730 20730 D TextView: SYANI: Clipboard API is calling: clearFilter()
08-20 08:49:46.236 20730 20730 D TextView: SYANI: Clipboard API is calling: unregisterClipboardEventListener()
08-20 08:49:46.247 20730 20730 D ViewRootImpl@257f9e9[AddArticleToCartActivity]: mHardwareRenderer.destroy()#4
08-20 08:49:46.247 20730 20730 D ViewRootImpl@257f9e9[AddArticleToCartActivity]: dispatchDetachedFromWindow
08-20 08:49:46.255 20730 20730 D InputTransport: Input channel destroyed: fd=67
08-20 08:49:47.045 20730 20730 D ViewRootImpl@aaedec1[ArticleListActivity]: ViewPostImeInputStage processPointer 0
08-20 08:49:47.113 20730 20730 D ViewRootImpl@aaedec1[ArticleListActivity]: ViewPostImeInputStage processPointer 1
08-20 08:49:47.154 20730 20730 E cz.gienger.mobile.poaz.configuration.GlobalConfiguration: java.lang.NumberFormatException: null
08-20 08:49:47.154 20730 20730 E cz.gienger.mobile.poaz.configuration.GlobalConfiguration: at java.lang.Integer.parseInt(Integer.java:483)
08-20 08:49:47.154 20730 20730 E cz.gienger.mobile.poaz.configuration.GlobalConfiguration: at java.lang.Integer.parseInt(Integer.java:556)
08-20 08:49:47.154 20730 20730 E cz.gienger.mobile.poaz.configuration.GlobalConfiguration: at cz.gienger.mobile.poaz.configuration.GlobalConfiguration.getPriceTypeEnum(GlobalConfiguration.java:140)
08-20 08:49:47.154 20730 20730 E cz.gienger.mobile.poaz.configuration.GlobalConfiguration: at cz.gienger.mobile.poaz.configuration.GlobalConfiguration.setValues(GlobalConfiguration.java:97)
08-20 08:49:47.154 20730 20730 E cz.gienger.mobile.poaz.configuration.GlobalConfiguration: at cz.gienger.mobile.poaz.configuration.GlobalConfiguration.(GlobalConfiguration.java:36)
08-20 08:49:47.154 20730 20730 E cz.gienger.mobile.poaz.configuration.GlobalConfiguration: at cz.gienger.mobile.poaz.configuration.GlobalConfiguration.get(GlobalConfiguration.java:41)
08-20 08:49:47.154 20730 20730 E cz.gienger.mobile.poaz.configuration.GlobalConfiguration: at cz.gienger.mobile.poaz.activities.PoazActivityBase.onPriceSwitchChanged(PoazActivityBase.java:157)
08-20 08:49:47.154 20730 20730 E cz.gienger.mobile.poaz.configuration.GlobalConfiguration: at cz.gienger.mobile.poaz.activities.PoazActivityBase$2.onCheckedChanged(PoazActivityBase.java:148)
08-20 08:49:47.154 20730 20730 E cz.gienger.mobile.poaz.configuration.GlobalConfiguration: at android.widget.CompoundButton.setChecked(CompoundButton.java:166)
08-20 08:49:47.154 20730 20730 E cz.gienger.mobile.poaz.configuration.GlobalConfiguration: at android.widget.Switch.setChecked(Switch.java:1130)
08-20 08:49:47.154 20730 20730 E cz.gienger.mobile.poaz.configuration.GlobalConfiguration: at android.widget.Switch.toggle(Switch.java:1125)
08-20 08:49:47.154 20730 20730 E cz.gienger.mobile.poaz.configuration.GlobalConfiguration: at android.widget.CompoundButton.performClick(CompoundButton.java:128)
08-20 08:49:47.154 20730 20730 E cz.gienger.mobile.poaz.configuration.GlobalConfiguration: at android.view.View$PerformClick.run(View.java:23969)
08-20 08:49:47.154 20730 20730 E cz.gienger.mobile.poaz.configuration.GlobalConfiguration: at android.os.Handler.handleCallback(Handler.java:751)
08-20 08:49:47.154 20730 20730 E cz.gienger.mobile.poaz.configuration.GlobalConfiguration: at android.os.Handler.dispatchMessage(Handler.java:95)
08-20 08:49:47.154 20730 20730 E cz.gienger.mobile.poaz.configuration.GlobalConfiguration: at android.os.Looper.loop(Looper.java:154)
08-20 08:49:47.154 20730 20730 E cz.gienger.mobile.poaz.configuration.GlobalConfiguration: at android.app.ActivityThread.main(ActivityThread.java:6823)
08-20 08:49:47.154 20730 20730 E cz.gienger.mobile.poaz.configuration.GlobalConfiguration: at java.lang.reflect.Method.invoke(Native Method)
08-20 08:49:47.154 20730 20730 E cz.gienger.mobile.poaz.configuration.GlobalConfiguration: at com.android.internal.os.ZygoteInit$MethodAndArgsCaller.run(ZygoteInit.java:1563)
08-20 08:49:47.154 20730 20730 E cz.gienger.mobile.poaz.configuration.GlobalConfiguration: at com.android.internal.os.ZygoteInit.main(ZygoteInit.java:1451)
08-20 08:49:47.340 20730 20730 W View : requestLayout() improperly called by android.support.v7.widget.AppCompatTextView{88675df V.ED..... ......ID 0,0-28,18 #7f11012a app:id/tv_fragment_poaz_article_list_header_catalog_price_product_count} during layout: running second layout pass
08-20 08:49:47.340 20730 20730 I ViewRootImpl@aaedec1[ArticleListActivity]: requestLayout is already in process
08-20 08:49:47.340 20730 20730 W View : requestLayout() improperly called by android.support.v7.widget.AppCompatTextView{2a4522c V.ED..... ......ID 40,0-47,18 #7f11012b app:id/tv_fragment_poaz_article_list_header_special_price_product_count} during layout: running second layout pass
08-20 08:49:48.467 20730 20730 D ViewRootImpl@aaedec1[ArticleListActivity]: ViewPostImeInputStage processPointer 0
08-20 08:49:49.032 20730 20730 D ViewRootImpl@aaedec1[ArticleListActivity]: ViewPostImeInputStage processPointer 1
08-20 08:49:50.121 20730 20730 D ViewRootImpl@aaedec1[ArticleListActivity]: ViewPostImeInputStage processPointer 0
08-20 08:49:50.223 20730 20730 D ViewRootImpl@aaedec1[ArticleListActivity]: ViewPostImeInputStage processPointer 1
08-20 08:49:50.259 20730 20730 D ViewRootImpl@aaedec1[ArticleListActivity]: MSG_WINDOW_FOCUS_CHANGED 0
08-20 08:49:50.355 20730 20730 D ViewRootImpl@552df2[AddArticleToCartActivity]: ThreadedRenderer.create() translucent=false
08-20 08:49:50.361 20730 20730 D InputTransport: Input channel constructed: fd=59
08-20 08:49:50.362 20730 20730 D ViewRootImpl@552df2[AddArticleToCartActivity]: setView = DecorView@3707c43[AddArticleToCartActivity] touchMode=true
08-20 08:49:50.380 20730 20730 D ViewRootImpl@552df2[AddArticleToCartActivity]: dispatchAttachedToWindow
08-20 08:49:50.419 20730 20730 D ViewRootImpl@552df2[AddArticleToCartActivity]: Relayout returned: oldFrame=[0,0][0,0] newFrame=[0,0][768,1024] result=0x27 surface={isValid=true -1949949952} surfaceGenerationChanged=true
08-20 08:49:50.420 20730 20730 D ViewRootImpl@552df2[AddArticleToCartActivity]: mHardwareRenderer.initialize() mSurface={isValid=true -1949949952} hwInitialized=true
08-20 08:49:50.479 20730 20730 D ViewRootImpl@552df2[AddArticleToCartActivity]: MSG_RESIZED_REPORT: frame=Rect(0, 0 - 768, 1024) ci=Rect(0, 24 - 0, 0) vi=Rect(0, 24 - 0, 0) or=1
08-20 08:49:50.479 20730 20730 D ViewRootImpl@552df2[AddArticleToCartActivity]: MSG_WINDOW_FOCUS_CHANGED 1
08-20 08:49:50.479 20730 20730 D ViewRootImpl@552df2[AddArticleToCartActivity]: mHardwareRenderer.initializeIfNeeded()#2 mSurface={isValid=true -1949949952}
08-20 08:49:50.496 20730 20730 V InputMethodManager: Starting input: tba=android.view.inputmethod.EditorInfo@f18fc33 nm : cz.gienger.mobile ic=com.android.internal.widget.EditableInputConnection@ced1bf0
08-20 08:49:50.496 20730 20730 I InputMethodManager: startInputInner - mService.startInputOrWindowGainedFocus
08-20 08:49:50.506 20730 20730 D InputTransport: Input channel constructed: fd=68
08-20 08:49:50.506 20730 20730 D InputTransport: Input channel destroyed: fd=80
08-20 08:49:50.542 20730 20746 D OpenGLRenderer: endAllActiveAnimators on 0x8d718e80 (RippleDrawable) with handle 0x8a8f18e0
08-20 08:49:50.543 20730 20730 D ViewRootImpl@aaedec1[ArticleListActivity]: mHardwareRenderer.destroy()#1
08-20 08:49:50.550 20730 20730 D ViewRootImpl@aaedec1[ArticleListActivity]: Relayout returned: oldFrame=[0,0][768,1024] newFrame=[0,0][768,1024] result=0x5 surface={isValid=false 0} surfaceGenerationChanged=true
08-20 08:49:50.794 20730 20730 D ViewRootImpl@552df2[AddArticleToCartActivity]: MSG_RESIZED: frame=Rect(0, 0 - 768, 1024) ci=Rect(0, 24 - 0, 0) vi=Rect(0, 24 - 0, 320) or=1
08-20 08:49:50.966 20730 20730 D ViewRootImpl@aaedec1[ArticleListActivity]: Relayout returned: oldFrame=[0,0][768,1024] newFrame=[0,0][768,1024] result=0x5 surface={isValid=false 0} surfaceGenerationChanged=false
08-20 08:49:53.060 20730 20730 D ViewRootImpl@552df2[AddArticleToCartActivity]: ViewPostImeInputStage processPointer 0
08-20 08:49:53.128 20730 20730 D ViewRootImpl@552df2[AddArticleToCartActivity]: ViewPostImeInputStage processPointer 1
08-20 08:49:53.131 20730 20730 V InputMethodManager: Starting input: tba=android.view.inputmethod.EditorInfo@3f5bf25 nm : cz.gienger.mobile ic=com.android.internal.widget.EditableInputConnection@b7dd8fa
08-20 08:49:53.131 20730 20730 I InputMethodManager: startInputInner - mService.startInputOrWindowGainedFocus
08-20 08:49:53.134 20730 20730 D InputTransport: Input channel constructed: fd=74
08-20 08:49:53.134 20730 20730 D InputTransport: Input channel destroyed: fd=68
08-20 08:49:53.228 20730 20730 D ViewRootImpl@aaedec1[ArticleListActivity]: Relayout returned: oldFrame=[0,0][768,1024] newFrame=[0,0][768,1024] result=0x7 surface={isValid=true -1970671616} surfaceGenerationChanged=true
08-20 08:49:53.229 20730 20730 D ViewRootImpl@aaedec1[ArticleListActivity]: mHardwareRenderer.initialize() mSurface={isValid=true -1970671616} hwInitialized=true
08-20 08:49:53.319 20730 20730 W View : requestLayout() improperly called by android.support.v7.widget.AppCompatTextView{88675df V.ED..... ......ID 0,0-7,18 #7f11012a app:id/tv_fragment_poaz_article_list_header_catalog_price_product_count} during layout: running second layout pass
08-20 08:49:53.319 20730 20730 I ViewRootImpl@aaedec1[ArticleListActivity]: requestLayout is already in process
08-20 08:49:53.319 20730 20730 W View : requestLayout() improperly called by android.support.v7.widget.AppCompatTextView{2a4522c V.ED..... ......ID 19,0-26,18 #7f11012b app:id/tv_fragment_poaz_article_list_header_special_price_product_count} during layout: running second layout pass
08-20 08:49:53.349 20730 20730 D ViewRootImpl@aaedec1[ArticleListActivity]: MSG_RESIZED_REPORT: frame=Rect(0, 0 - 768, 1024) ci=Rect(0, 24 - 0, 320) vi=Rect(0, 24 - 0, 320) or=1
08-20 08:49:53.349 20730 20730 D ViewRootImpl@aaedec1[ArticleListActivity]: MSG_WINDOW_FOCUS_CHANGED 1
08-20 08:49:53.349 20730 20730 D ViewRootImpl@aaedec1[ArticleListActivity]: mHardwareRenderer.initializeIfNeeded()#2 mSurface={isValid=true -1970671616}
08-20 08:49:53.351 20730 20730 V InputMethodManager: Starting input: tba=android.view.inputmethod.EditorInfo@a408ac6 nm : cz.gienger.mobile ic=null
08-20 08:49:53.351 20730 20730 I InputMethodManager: startInputInner - mService.startInputOrWindowGainedFocus
08-20 08:49:53.371 20730 20730 D InputTransport: Input channel constructed: fd=84
08-20 08:49:53.371 20730 20730 D InputTransport: Input channel destroyed: fd=74
08-20 08:49:53.390 20730 20730 D ViewRootImpl@552df2[AddArticleToCartActivity]: MSG_WINDOW_FOCUS_CHANGED 0
08-20 08:49:53.438 20730 20746 D OpenGLRenderer: endAllActiveAnimators on 0x89ea1280 (RippleDrawable) with handle 0x8be14210
08-20 08:49:53.438 20730 20730 D ViewRootImpl@552df2[AddArticleToCartActivity]: mHardwareRenderer.destroy()#1
08-20 08:49:53.474 20730 20730 D ViewRootImpl@552df2[AddArticleToCartActivity]: Relayout returned: oldFrame=[0,0][768,1024] newFrame=[0,0][768,1024] result=0x5 surface={isValid=false 0} surfaceGenerationChanged=true
08-20 08:49:53.487 20730 20730 W IInputConnectionWrapper: finishComposingText on inactive InputConnection
08-20 08:49:53.487 20730 20730 W IInputConnectionWrapper: performPrivateCommand on inactive InputConnection
08-20 08:49:53.487 20730 20730 W IInputConnectionWrapper: finishComposingText on inactive InputConnection
08-20 08:49:53.803 20730 20730 D ViewRootImpl@aaedec1[ArticleListActivity]: MSG_RESIZED: frame=Rect(0, 0 - 768, 1024) ci=Rect(0, 24 - 0, 0) vi=Rect(0, 24 - 0, 0) or=1
08-20 08:49:53.832 20730 20730 D ViewRootImpl@aaedec1[ArticleListActivity]: Relayout returned: oldFrame=[0,0][768,1024] newFrame=[0,0][768,1024] result=0x1 surface={isValid=true -1970671616} surfaceGenerationChanged=false
08-20 08:49:53.914 20730 20730 D TextView: SYANI: Clipboard API is calling: clearFilter()
08-20 08:49:53.914 20730 20730 D TextView: SYANI: Clipboard API is calling: unregisterClipboardEventListener()
08-20 08:49:53.921 20730 20730 D TextView: SYANI: Clipboard API is calling: clearFilter()
08-20 08:49:53.921 20730 20730 D TextView: SYANI: Clipboard API is calling: unregisterClipboardEventListener()
08-20 08:49:53.933 20730 20730 D ViewRootImpl@552df2[AddArticleToCartActivity]: mHardwareRenderer.destroy()#4
08-20 08:49:53.933 20730 20730 D ViewRootImpl@552df2[AddArticleToCartActivity]: dispatchDetachedFromWindow
08-20 08:49:53.950 20730 20730 D InputTransport: Input channel destroyed: fd=59
08-20 08:49:54.628 20730 20730 D ViewRootImpl@aaedec1[ArticleListActivity]: ViewPostImeInputStage processPointer 0
08-20 08:49:55.341 20730 20730 D ViewRootImpl@aaedec1[ArticleListActivity]: ViewPostImeInputStage processPointer 1
08-20 08:49:56.188 20730 20730 D ViewRootImpl@aaedec1[ArticleListActivity]: ViewPostImeInputStage processPointer 0
08-20 08:49:56.344 20730 20730 D ViewRootImpl@aaedec1[ArticleListActivity]: ViewPostImeInputStage processPointer 1
08-20 08:49:58.069 20730 20730 D ViewRootImpl@aaedec1[ArticleListActivity]: ViewPostImeInputStage processPointer 0
08-20 08:49:58.414 20730 20730 D ViewRootImpl@aaedec1[ArticleListActivity]: ViewPostImeInputStage processPointer 1
08-20 08:50:00.269 20730 20730 D ViewRootImpl@aaedec1[ArticleListActivity]: ViewPostImeInputStage processPointer 0
08-20 08:50:00.340 20730 20730 D ViewRootImpl@aaedec1[ArticleListActivity]: ViewPostImeInputStage processPointer 1
08-20 08:50:00.376 20730 20730 D ViewRootImpl@aaedec1[ArticleListActivity]: MSG_WINDOW_FOCUS_CHANGED 0
08-20 08:50:00.558 20730 20730 D ViewRootImpl@14314fc[CartActivity]: ThreadedRenderer.create() translucent=false
08-20 08:50:00.564 20730 20730 D InputTransport: Input channel constructed: fd=67
