08-20 08:47:00.469 20730 20730 V InputMethodManager: Starting input: tba=android.view.inputmethod.EditorInfo@d5c49b5 nm : cz.gienger.mobile ic=null
08-20 08:47:00.469 20730 20730 I InputMethodManager: startInputInner - mService.startInputOrWindowGainedFocus
08-20 08:47:00.471 20730 20730 D InputTransport: Input channel constructed: fd=64
08-20 08:47:00.471 20730 20730 D InputTransport: Input channel destroyed: fd=76
08-20 08:47:00.471 20730 20730 E ViewRootImpl: sendUserActionEvent() returned.
08-20 08:47:00.517 20730 20730 D AbsListView: in onLayout changed
08-20 08:47:00.702 20730 20730 D AbsListView: in onLayout changed
08-20 08:47:02.491 20730 20730 D ViewRootImpl@e082f7[LoginActivity]: ViewPostImeInputStage processPointer 0
08-20 08:47:02.550 20730 20730 D ViewRootImpl@e082f7[LoginActivity]: ViewPostImeInputStage processPointer 1
08-20 08:47:02.599 20730 20730 D ScrollView: initGoToTop
08-20 08:47:02.605 20730 20730 D ScrollView: initGoToTop
08-20 08:47:02.613 20730 20730 D ViewRootImpl@48abf0a[LoginActivity]: ThreadedRenderer.create() translucent=true
08-20 08:47:02.619 20730 20730 D InputTransport: Input channel constructed: fd=76
08-20 08:47:02.620 20730 20730 D ViewRootImpl@48abf0a[LoginActivity]: setView = DecorView@104937b[LoginActivity] touchMode=true
08-20 08:47:02.621 20730 20730 D ViewRootImpl@48abf0a[LoginActivity]: dispatchAttachedToWindow
08-20 08:47:02.639 20730 20730 D ViewRootImpl@48abf0a[LoginActivity]: Relayout returned: oldFrame=[0,0][0,0] newFrame=[108,450][660,597] result=0x27 surface={isValid=true -1936703488} surfaceGenerationChanged=true
08-20 08:47:02.642 20730 20730 D ViewRootImpl@48abf0a[LoginActivity]: mHardwareRenderer.initialize() mSurface={isValid=true -1936703488} hwInitialized=true
08-20 08:47:02.644 20730 20730 D ScrollView: onsize change changed
08-20 08:47:02.644 20730 20730 D ScrollView: onsize change changed
08-20 08:47:02.656 20730 20730 D ViewRootImpl@48abf0a[LoginActivity]: MSG_WINDOW_FOCUS_CHANGED 1
08-20 08:47:02.656 20730 20730 D ViewRootImpl@48abf0a[LoginActivity]: mHardwareRenderer.initializeIfNeeded()#2 mSurface={isValid=true -1936703488}
08-20 08:47:02.676 20730 20730 D ViewRootImpl@48abf0a[LoginActivity]: MSG_RESIZED_REPORT: frame=Rect(108, 450 - 660, 597) ci=Rect(0, 0 - 0, 0) vi=Rect(0, 0 - 0, 0) or=1
08-20 08:47:02.688 20730 20730 D ViewRootImpl@e082f7[LoginActivity]: MSG_WINDOW_FOCUS_CHANGED 0
08-20 08:47:03.879 20730 20730 D ViewRootImpl@48abf0a[LoginActivity]: ViewPostImeInputStage processPointer 0
08-20 08:47:03.925 20730 20730 D ViewRootImpl@48abf0a[LoginActivity]: ViewPostImeInputStage processPointer 1
08-20 08:47:03.941 20730 20735 I art : Do full code cache collection, code=103KB, data=124KB
08-20 08:47:03.942 20730 20735 I art : Starting a blocking GC JitCodeCache
08-20 08:47:03.942 20730 20735 I art : After code cache collection, code=88KB, data=95KB
08-20 08:47:03.957 20730 20730 D ScrollView: initGoToTop
08-20 08:47:03.962 20730 20730 D ScrollView: initGoToTop
08-20 08:47:03.970 20730 20730 D ViewRootImpl@ddbc6dc[LoginActivity]: ThreadedRenderer.create() translucent=true
08-20 08:47:03.975 20730 20730 D InputTransport: Input channel constructed: fd=77
08-20 08:47:03.975 20730 20730 D ViewRootImpl@ddbc6dc[LoginActivity]: setView = DecorView@752e3e5[LoginActivity] touchMode=true
08-20 08:47:03.979 20730 21751 D MYINTERCEPTOR: /GiengerService.svc/assign/H02_trasa_H02-03_ranni_30_07_2018
08-20 08:47:03.981 20730 21751 D OkHttp : --> POST https://testsaig1.gienger.cz/GiengerService.svc/assign/H02_trasa_H02-03_ranni_30_07_2018 http/1.1
08-20 08:47:03.981 20730 21751 D OkHttp : Content-Length: 0
08-20 08:47:03.981 20730 21751 D OkHttp : token: 237868a1bd4b9aa248829f59f51a8daa
08-20 08:47:03.981 20730 21751 D OkHttp : --> END POST
08-20 08:47:03.989 20730 20730 D ViewRootImpl@48abf0a[LoginActivity]: mHardwareRenderer.destroy()#4
08-20 08:47:03.989 20730 20730 D ViewRootImpl@48abf0a[LoginActivity]: dispatchDetachedFromWindow
08-20 08:47:03.999 20730 20730 D InputTransport: Input channel destroyed: fd=76
08-20 08:47:04.001 20730 20730 D ViewRootImpl@ddbc6dc[LoginActivity]: dispatchAttachedToWindow
08-20 08:47:04.028 20730 20730 D ViewRootImpl@ddbc6dc[LoginActivity]: Relayout returned: oldFrame=[0,0][0,0] newFrame=[108,466][660,582] result=0x27 surface={isValid=true -1936703488} surfaceGenerationChanged=true
08-20 08:47:04.029 20730 20730 D ViewRootImpl@ddbc6dc[LoginActivity]: mHardwareRenderer.initialize() mSurface={isValid=true -1936703488} hwInitialized=true
08-20 08:47:04.032 20730 20730 D ViewRootImpl@ddbc6dc[LoginActivity]: MSG_WINDOW_FOCUS_CHANGED 1
08-20 08:47:04.032 20730 20730 D ViewRootImpl@ddbc6dc[LoginActivity]: mHardwareRenderer.initializeIfNeeded()#2 mSurface={isValid=true -1936703488}
08-20 08:47:04.043 20730 21751 D OkHttp : <-- 200 https://testsaig1.gienger.cz/GiengerService.svc/assign/H02_trasa_H02-03_ranni_30_07_2018 (61ms)
08-20 08:47:04.043 20730 21751 D OkHttp : content-type: application/xml; charset=utf-8
08-20 08:47:04.043 20730 21751 D OkHttp : server: Microsoft-IIS/10.0
08-20 08:47:04.043 20730 21751 D OkHttp : x-powered-by: ASP.NET
08-20 08:47:04.043 20730 21751 D OkHttp : date: Mon, 20 Aug 2018 06:47:02 GMT
08-20 08:47:04.044 20730 21751 D OkHttp : content-length: 187
08-20 08:47:04.044 20730 21751 D OkHttp : <-- END HTTP
08-20 08:47:04.045 20730 20730 D ViewRootImpl@ddbc6dc[LoginActivity]: MSG_RESIZED_REPORT: frame=Rect(108, 466 - 660, 582) ci=Rect(0, 0 - 0, 0) vi=Rect(0, 0 - 0, 0) or=1
08-20 08:47:04.080 20730 20730 D ViewRootImpl@ddbc6dc[LoginActivity]: mHardwareRenderer.destroy()#4
08-20 08:47:04.080 20730 20730 D ViewRootImpl@ddbc6dc[LoginActivity]: dispatchDetachedFromWindow
08-20 08:47:04.091 20730 20730 D InputTransport: Input channel destroyed: fd=77
08-20 08:47:04.109 20730 20730 D ALARM_REUPLOAD: scheduling alarm
08-20 08:47:04.143 20730 20730 D ScrollView: initGoToTop
08-20 08:47:04.149 20730 20730 D ScrollView: initGoToTop
08-20 08:47:04.164 20730 20730 D ViewRootImpl@e5c17b1[LoginActivity]: ThreadedRenderer.create() translucent=true
08-20 08:47:04.173 20730 20730 D InputTransport: Input channel constructed: fd=76
08-20 08:47:04.173 20730 20730 D ViewRootImpl@e5c17b1[LoginActivity]: setView = DecorView@543496[LoginActivity] touchMode=true
08-20 08:47:04.178 20730 20730 E ViewRootImpl: sendUserActionEvent() returned.
08-20 08:47:04.179 20730 20730 D ViewRootImpl@e5c17b1[LoginActivity]: dispatchAttachedToWindow
08-20 08:47:04.187 20730 21761 D MYINTERCEPTOR: /GiengerService.svc/metadata
08-20 08:47:04.191 20730 21761 D OkHttp : --> GET https://testsaig1.gienger.cz/GiengerService.svc/metadata http/1.1
08-20 08:47:04.191 20730 21761 D OkHttp : token: 237868a1bd4b9aa248829f59f51a8daa
08-20 08:47:04.192 20730 21761 D OkHttp : state: CZ
08-20 08:47:04.192 20730 21761 D OkHttp : --> END GET
08-20 08:47:04.213 20730 20730 D ViewRootImpl@e5c17b1[LoginActivity]: Relayout returned: oldFrame=[0,0][0,0] newFrame=[108,466][660,582] result=0x27 surface={isValid=true -1928433664} surfaceGenerationChanged=true
08-20 08:47:04.214 20730 20730 D ViewRootImpl@e5c17b1[LoginActivity]: mHardwareRenderer.initialize() mSurface={isValid=true -1928433664} hwInitialized=true
08-20 08:47:04.217 20730 20730 D ViewRootImpl@e082f7[LoginActivity]: MSG_WINDOW_FOCUS_CHANGED 1
08-20 08:47:04.217 20730 20730 D ViewRootImpl@e082f7[LoginActivity]: mHardwareRenderer.initializeIfNeeded()#2 mSurface={isValid=true -1947127808}
08-20 08:47:04.225 20730 20730 E ViewRootImpl: sendUserActionEvent() returned.
08-20 08:47:04.226 20730 20730 D ViewRootImpl@e5c17b1[LoginActivity]: MSG_WINDOW_FOCUS_CHANGED 1
08-20 08:47:04.227 20730 20730 D ViewRootImpl@e5c17b1[LoginActivity]: mHardwareRenderer.initializeIfNeeded()#2 mSurface={isValid=true -1928433664}
08-20 08:47:04.246 20730 20730 D ViewRootImpl@e5c17b1[LoginActivity]: MSG_RESIZED_REPORT: frame=Rect(108, 466 - 660, 582) ci=Rect(0, 0 - 0, 0) vi=Rect(0, 0 - 0, 0) or=1
08-20 08:47:04.272 20730 20730 D ViewRootImpl@e082f7[LoginActivity]: MSG_WINDOW_FOCUS_CHANGED 0
08-20 08:47:04.944 20730 21761 D OkHttp : <-- 200 https://testsaig1.gienger.cz/GiengerService.svc/metadata (752ms)
08-20 08:47:04.944 20730 21761 D OkHttp : content-type: application/xml; charset=utf-8
08-20 08:47:04.945 20730 21761 D OkHttp : server: Microsoft-IIS/10.0
08-20 08:47:04.945 20730 21761 D OkHttp : x-powered-by: ASP.NET
08-20 08:47:04.945 20730 21761 D OkHttp : date: Mon, 20 Aug 2018 06:47:02 GMT
08-20 08:47:04.945 20730 21761 D OkHttp : content-length: 550
08-20 08:47:04.945 20730 21761 D OkHttp : <-- END HTTP
08-20 08:47:04.985 20730 21761 E cz.gienger.mobile.poaz.configuration.GlobalConfiguration: java.lang.NumberFormatException: null
08-20 08:47:04.985 20730 21761 E cz.gienger.mobile.poaz.configuration.GlobalConfiguration: at java.lang.Integer.parseInt(Integer.java:483)
08-20 08:47:04.985 20730 21761 E cz.gienger.mobile.poaz.configuration.GlobalConfiguration: at java.lang.Integer.parseInt(Integer.java:556)
08-20 08:47:04.985 20730 21761 E cz.gienger.mobile.poaz.configuration.GlobalConfiguration: at cz.gienger.mobile.poaz.configuration.GlobalConfiguration.getPriceTypeEnum(GlobalConfiguration.java:140)
08-20 08:47:04.985 20730 21761 E cz.gienger.mobile.poaz.configuration.GlobalConfiguration: at cz.gienger.mobile.poaz.configuration.GlobalConfiguration.setValues(GlobalConfiguration.java:97)
08-20 08:47:04.985 20730 21761 E cz.gienger.mobile.poaz.configuration.GlobalConfiguration: at cz.gienger.mobile.poaz.configuration.GlobalConfiguration.(GlobalConfiguration.java:36)
08-20 08:47:04.985 20730 21761 E cz.gienger.mobile.poaz.configuration.GlobalConfiguration: at cz.gienger.mobile.poaz.configuration.GlobalConfiguration.get(GlobalConfiguration.java:41)
08-20 08:47:04.985 20730 21761 E cz.gienger.mobile.poaz.configuration.GlobalConfiguration: at cz.gienger.mobile.poaz.database.PoazDatabaseSync.syncLibraries(PoazDatabaseSync.java:68)
08-20 08:47:04.985 20730 21761 E cz.gienger.mobile.poaz.configuration.GlobalConfiguration: at cz.gienger.mobile.poaz.database.PoazDatabaseSync.Sync(PoazDatabaseSync.java:56)
08-20 08:47:04.985 20730 21761 E cz.gienger.mobile.poaz.configuration.GlobalConfiguration: at cz.gienger.mobile.poaz.database.PoazInitializationTask.doInBackground(PoazInitializationTask.java:74)
08-20 08:47:04.985 20730 21761 E cz.gienger.mobile.poaz.configuration.GlobalConfiguration: at cz.gienger.mobile.poaz.database.PoazInitializationTask.doInBackground(PoazInitializationTask.java:36)
08-20 08:47:04.985 20730 21761 E cz.gienger.mobile.poaz.configuration.GlobalConfiguration: at android.os.AsyncTask$2.call(AsyncTask.java:305)
08-20 08:47:04.985 20730 21761 E cz.gienger.mobile.poaz.configuration.GlobalConfiguration: at java.util.concurrent.FutureTask.run(FutureTask.java:237)
08-20 08:47:04.985 20730 21761 E cz.gienger.mobile.poaz.configuration.GlobalConfiguration: at android.os.AsyncTask$SerialExecutor$1.run(AsyncTask.java:243)
08-20 08:47:04.985 20730 21761 E cz.gienger.mobile.poaz.configuration.GlobalConfiguration: at java.util.concurrent.ThreadPoolExecutor.runWorker(ThreadPoolExecutor.java:1133)
08-20 08:47:04.985 20730 21761 E cz.gienger.mobile.poaz.configuration.GlobalConfiguration: at java.util.concurrent.ThreadPoolExecutor$Worker.run(ThreadPoolExecutor.java:607)
08-20 08:47:04.985 20730 21761 E cz.gienger.mobile.poaz.configuration.GlobalConfiguration: at java.lang.Thread.run(Thread.java:762)
08-20 08:47:04.993 20730 21761 D MYINTERCEPTOR: /GiengerService.svc/categories
08-20 08:47:04.995 20730 21761 D OkHttp : --> GET https://testsaig1.gienger.cz/GiengerService.svc/categories http/1.1
08-20 08:47:04.995 20730 21761 D OkHttp : token: 237868a1bd4b9aa248829f59f51a8daa
08-20 08:47:04.995 20730 21761 D OkHttp : state: CZ
08-20 08:47:04.995 20730 21761 D OkHttp : --> END GET
08-20 08:47:05.027 20730 21761 D OkHttp : <-- 200 https://testsaig1.gienger.cz/GiengerService.svc/categories (31ms)
08-20 08:47:05.027 20730 21761 D OkHttp : content-type: application/xml; charset=utf-8
08-20 08:47:05.027 20730 21761 D OkHttp : server: Microsoft-IIS/10.0
08-20 08:47:05.027 20730 21761 D OkHttp : x-powered-by: ASP.NET
08-20 08:47:05.027 20730 21761 D OkHttp : date: Mon, 20 Aug 2018 06:47:02 GMT
08-20 08:47:05.027 20730 21761 D OkHttp : content-length: 59548
08-20 08:47:05.027 20730 21761 D OkHttp : <-- END HTTP
08-20 08:47:05.482 20730 21761 D MYINTERCEPTOR: /GiengerService.svc/articles
08-20 08:47:05.483 20730 21761 D OkHttp : --> GET https://testsaig1.gienger.cz/GiengerService.svc/articles http/1.1
08-20 08:47:05.483 20730 21761 D OkHttp : token: 237868a1bd4b9aa248829f59f51a8daa
08-20 08:47:05.483 20730 21761 D OkHttp : state: CZ
08-20 08:47:05.483 20730 21761 D OkHttp : --> END GET
08-20 08:47:06.180 20730 21761 D OkHttp : <-- 200 https://testsaig1.gienger.cz/GiengerService.svc/articles (696ms)
08-20 08:47:06.180 20730 21761 D OkHttp : content-type: application/octet-stream
08-20 08:47:06.180 20730 21761 D OkHttp : server: Microsoft-IIS/10.0
08-20 08:47:06.180 20730 21761 D OkHttp : x-powered-by: ASP.NET
08-20 08:47:06.181 20730 21761 D OkHttp : date: Mon, 20 Aug 2018 06:47:04 GMT
08-20 08:47:06.181 20730 21761 D OkHttp : <-- END HTTP
08-20 08:47:14.872 20730 20730 D ViewRootImpl@e5c17b1[LoginActivity]: ViewPostImeInputStage processPointer 0
08-20 08:47:15.261 20730 20730 D ViewRootImpl@e5c17b1[LoginActivity]: ViewPostImeInputStage processPointer 1
08-20 08:47:28.075 20730 20740 I art : Background sticky concurrent mark sweep GC freed 189366(11MB) AllocSpace objects, 0(0B) LOS objects, 50% free, 10MB/21MB, paused 2.155ms total 124.594ms
08-20 08:47:29.743 20730 20740 I art : Background sticky concurrent mark sweep GC freed 182424(10MB) AllocSpace objects, 0(0B) LOS objects, 48% free, 10MB/21MB, paused 1.353ms total 101.040ms
08-20 08:47:31.261 20730 20740 I art : Background sticky concurrent mark sweep GC freed 179476(10MB) AllocSpace objects, 0(0B) LOS objects, 47% free, 11MB/21MB, paused 1.324ms total 105.823ms
08-20 08:47:32.747 20730 20740 I art : Background sticky concurrent mark sweep GC freed 171353(10MB) AllocSpace objects, 0(0B) LOS objects, 45% free, 11MB/21MB, paused 1.278ms total 109.772ms
08-20 08:47:35.575 20730 20740 I art : Background sticky concurrent mark sweep GC freed 156506(9MB) AllocSpace objects, 0(0B) LOS objects, 41% free, 12MB/21MB, paused 1.451ms total 107.796ms
08-20 08:47:51.892 20730 20730 D ViewRootImpl@e5c17b1[LoginActivity]: ViewPostImeInputStage processPointer 0
08-20 08:47:52.138 20730 20730 D ViewRootImpl@e5c17b1[LoginActivity]: ViewPostImeInputStage processPointer 1
08-20 08:47:56.143 20730 20740 I art : Background partial concurrent mark sweep GC freed 359288(16MB) AllocSpace objects, 0(0B) LOS objects, 70% free, 4MB/16MB, paused 1.162ms total 125.975ms
08-20 08:47:59.973 20730 20740 I art : Background sticky concurrent mark sweep GC freed 199964(11MB) AllocSpace objects, 0(0B) LOS objects, 65% free, 5MB/16MB, paused 1.318ms total 104.324ms
08-20 08:48:01.792 20730 20740 I art : Background sticky concurrent mark sweep GC freed 193769(11MB) AllocSpace objects, 0(0B) LOS objects, 63% free, 6MB/16MB, paused 3.306ms total 123.308ms
08-20 08:48:06.375 20730 21761 D MYINTERCEPTOR: /GiengerService.svc/prices
08-20 08:48:06.377 20730 21761 D OkHttp : --> GET https://testsaig1.gienger.cz/GiengerService.svc/prices http/1.1
08-20 08:48:06.377 20730 21761 D OkHttp : token: 237868a1bd4b9aa248829f59f51a8daa
08-20 08:48:06.377 20730 21761 D OkHttp : state: CZ
08-20 08:48:06.377 20730 21761 D OkHttp : --> END GET
08-20 08:48:06.653 20730 21761 D OkHttp : <-- 200 https://testsaig1.gienger.cz/GiengerService.svc/prices (275ms)
08-20 08:48:06.654 20730 21761 D OkHttp : content-type: application/octet-stream
08-20 08:48:06.654 20730 21761 D OkHttp : server: Microsoft-IIS/10.0
08-20 08:48:06.654 20730 21761 D OkHttp : x-powered-by: ASP.NET
08-20 08:48:06.654 20730 21761 D OkHttp : date: Mon, 20 Aug 2018 06:48:04 GMT
08-20 08:48:06.654 20730 21761 D OkHttp : <-- END HTTP
08-20 08:48:07.516 20730 20740 I art : Background partial concurrent mark sweep GC freed 265883(11MB) AllocSpace objects, 1(44KB) LOS objects, 68% free, 5MB/17MB, paused 1.028ms total 117.258ms
08-20 08:48:09.106 20730 20740 I art : Background sticky concurrent mark sweep GC freed 313792(12MB) AllocSpace objects, 0(0B) LOS objects, 64% free, 6MB/17MB, paused 1.240ms total 108.287ms
08-20 08:48:10.578 20730 20740 I art : Background sticky concurrent mark sweep GC freed 315488(11MB) AllocSpace objects, 0(0B) LOS objects, 61% free, 6MB/17MB, paused 1.317ms total 121.812ms
08-20 08:48:11.969 20730 20740 I art : Background sticky concurrent mark sweep GC freed 290076(11MB) AllocSpace objects, 0(0B) LOS objects, 59% free, 7MB/17MB, paused 1.301ms total 119.522ms
08-20 08:48:13.364 20730 20740 I art : Background partial concurrent mark sweep GC freed 336850(12MB) AllocSpace objects, 0(0B) LOS objects, 68% free, 5MB/17MB, paused 1.261ms total 134.936ms
08-20 08:48:14.939 20730 20740 I art : Background sticky concurrent mark sweep GC freed 312607(12MB) AllocSpace objects, 0(0B) LOS objects, 65% free, 6MB/17MB, paused 1.167ms total 110.295ms
08-20 08:48:16.425 20730 20740 I art : Background sticky concurrent mark sweep GC freed 304671(11MB) AllocSpace objects, 0(0B) LOS objects, 63% free, 6MB/17MB, paused 1.196ms total 111.991ms
08-20 08:48:17.851 20730 20740 I art : Background sticky concurrent mark sweep GC freed 293876(11MB) AllocSpace objects, 0(0B) LOS objects, 60% free, 6MB/17MB, paused 1.381ms total 129.139ms
08-20 08:48:19.309 20730 20740 I art : Background partial concurrent mark sweep GC freed 335513(12MB) AllocSpace objects, 0(0B) LOS objects, 69% free, 5MB/17MB, paused 1.426ms total 150.915ms
08-20 08:48:20.891 20730 20740 I art : Background sticky concurrent mark sweep GC freed 310414(12MB) AllocSpace objects, 0(0B) LOS objects, 66% free, 5MB/17MB, paused 1.250ms total 108.959ms
08-20 08:48:22.364 20730 20740 I art : Background sticky concurrent mark sweep GC freed 305572(11MB) AllocSpace objects, 0(0B) LOS objects, 63% free, 6MB/17MB, paused 1.376ms total 122.808ms
08-20 08:48:23.766 20730 20740 I art : Background sticky concurrent mark sweep GC freed 300053(11MB) AllocSpace objects, 0(0B) LOS objects, 61% free, 6MB/17MB, paused 1.374ms total 139.433ms
08-20 08:48:25.129 20730 20740 I art : Background partial concurrent mark sweep GC freed 338522(13MB) AllocSpace objects, 0(0B) LOS objects, 69% free, 5MB/17MB, paused 1.378ms total 137.125ms
08-20 08:48:26.400 20730 20730 D ViewRootImpl@e5c17b1[LoginActivity]: ViewPostImeInputStage processPointer 0
08-20 08:48:26.649 20730 20740 I art : Background sticky concurrent mark sweep GC freed 314884(12MB) AllocSpace objects, 0(0B) LOS objects, 67% free, 5MB/17MB, paused 1.260ms total 116.392ms
08-20 08:48:26.734 20730 20730 D ViewRootImpl@e5c17b1[LoginActivity]: ViewPostImeInputStage processPointer 1
08-20 08:48:28.101 20730 20740 I art : Background sticky concurrent mark sweep GC freed 306549(11MB) AllocSpace objects, 0(0B) LOS objects, 64% free, 6MB/17MB, paused 1.268ms total 121.219ms
08-20 08:48:29.473 20730 20740 I art : Background sticky concurrent mark sweep GC freed 296660(11MB) AllocSpace objects, 0(0B) LOS objects, 62% free, 6MB/17MB, paused 1.578ms total 124.514ms
08-20 08:48:30.919 20730 20740 I art : Background partial concurrent mark sweep GC freed 337709(12MB) AllocSpace objects, 0(0B) LOS objects, 71% free, 4MB/16MB, paused 1.229ms total 128.586ms
08-20 08:48:45.370 20730 20730 D ViewRootImpl@e5c17b1[LoginActivity]: mHardwareRenderer.destroy()#4
08-20 08:48:45.370 20730 20730 D ViewRootImpl@e5c17b1[LoginActivity]: dispatchDetachedFromWindow
08-20 08:48:45.384 20730 20730 D InputTransport: Input channel destroyed: fd=76
08-20 08:48:45.401 20730 20730 D ViewRootImpl@e082f7[LoginActivity]: MSG_WINDOW_FOCUS_CHANGED 1
08-20 08:48:45.402 20730 20730 D ViewRootImpl@e082f7[LoginActivity]: mHardwareRenderer.initializeIfNeeded()#2 mSurface={isValid=true -1947127808}
08-20 08:48:45.406 20730 20730 E ViewRootImpl: sendUserActionEvent() returned.
08-20 08:48:45.665 20730 20735 I art : Do partial code cache collection, code=115KB, data=124KB
08-20 08:48:45.667 20730 20735 I art : After code cache collection, code=114KB, data=124KB
08-20 08:48:45.667 20730 20735 I art : Increasing code cache capacity to 512KB
08-20 08:48:45.770 20730 20730 D ViewRootImpl@de54ef[MainActivity]: ThreadedRenderer.create() translucent=false
08-20 08:48:45.773 20730 20730 D InputTransport: Input channel constructed: fd=79
08-20 08:48:45.774 20730 20730 D ViewRootImpl@de54ef[MainActivity]: setView = DecorView@c652bfc[MainActivity] touchMode=true
08-20 08:48:45.777 20730 20730 D ViewRootImpl@de54ef[MainActivity]: dispatchAttachedToWindow
08-20 08:48:45.852 20730 20730 D ViewRootImpl@de54ef[MainActivity]: Relayout returned: oldFrame=[0,0][0,0] newFrame=[0,0][768,1024] result=0x27 surface={isValid=true -1949388800} surfaceGenerationChanged=true
08-20 08:48:45.853 20730 20730 D ViewRootImpl@de54ef[MainActivity]: mHardwareRenderer.initialize() mSurface={isValid=true -1949388800} hwInitialized=true
08-20 08:48:45.920 20730 20730 D AbsListView: in onLayout changed
08-20 08:48:45.981 20730 20730 D ViewRootImpl@de54ef[MainActivity]: MSG_RESIZED_REPORT: frame=Rect(0, 0 - 768, 1024) ci=Rect(0, 24 - 0, 0) vi=Rect(0, 24 - 0, 0) or=1
08-20 08:48:45.981 20730 20730 D ViewRootImpl@de54ef[MainActivity]: MSG_WINDOW_FOCUS_CHANGED 1
08-20 08:48:45.981 20730 20730 D ViewRootImpl@de54ef[MainActivity]: mHardwareRenderer.initializeIfNeeded()#2 mSurface={isValid=true -1949388800}
08-20 08:48:45.983 20730 20730 V InputMethodManager: Starting input: tba=android.view.inputmethod.EditorInfo@8894584 nm : cz.gienger.mobile ic=null
08-20 08:48:45.983 20730 20730 I InputMethodManager: startInputInner - mService.startInputOrWindowGainedFocus
08-20 08:48:45.997 20730 20730 D InputTransport: Input channel constructed: fd=80
08-20 08:48:45.997 20730 20730 D InputTransport: Input channel destroyed: fd=64
08-20 08:48:46.006 20730 20730 D ViewRootImpl@e082f7[LoginActivity]: MSG_WINDOW_FOCUS_CHANGED 0
08-20 08:48:46.029 20730 20730 D ViewRootImpl@e082f7[LoginActivity]: mHardwareRenderer.destroy()#1
08-20 08:48:46.037 20730 20730 D ViewRootImpl@e082f7[LoginActivity]: Relayout returned: oldFrame=[0,0][768,1024] newFrame=[0,0][768,1024] result=0x5 surface={isValid=false 0} surfaceGenerationChanged=true
08-20 08:48:46.436 20730 20730 D ViewRootImpl@e082f7[LoginActivity]: mHardwareRenderer.destroy()#4
08-20 08:48:46.436 20730 20730 D ViewRootImpl@e082f7[LoginActivity]: dispatchDetachedFromWindow
08-20 08:48:46.444 20730 20730 D InputTransport: Input channel destroyed: fd=62
08-20 08:48:48.360 20730 20730 D ViewRootImpl@de54ef[MainActivity]: ViewPostImeInputStage processPointer 0
08-20 08:48:48.433 20730 20730 D AbsListView: reportScrollStateChange() newState : 1
08-20 08:48:48.824 20730 20730 D ViewRootImpl@de54ef[MainActivity]: ViewPostImeInputStage processPointer 1
08-20 08:48:48.824 20730 20730 D AbsListView: onTouchUp() mTouchMode : 3
08-20 08:48:48.824 20730 20730 D AbsListView: onTouchUp() TOUCH_MODE_SCROLL initialVelocity : -222
08-20 08:48:48.834 20730 20730 D AbsListView: reportScrollStateChange() newState : 2
08-20 08:48:49.027 20730 20730 D ViewRootImpl@de54ef[MainActivity]: ViewPostImeInputStage processPointer 0
08-20 08:48:49.079 20730 20730 D AbsListView: reportScrollStateChange() newState : 0
08-20 08:48:49.083 20730 20730 D AbsListView: reportScrollStateChange() newState : 1
08-20 08:48:49.110 20730 20730 D ViewRootImpl@de54ef[MainActivity]: ViewPostImeInputStage processPointer 1
08-20 08:48:49.110 20730 20730 D AbsListView: onTouchUp() mTouchMode : 3
08-20 08:48:49.110 20730 20730 D AbsListView: onTouchUp() TOUCH_MODE_SCROLL initialVelocity : 3763
08-20 08:48:49.110 20730 20730 D AbsListView: reportScrollStateChange() newState : 2
08-20 08:48:49.317 20730 20730 D AbsListView: reportScrollStateChange() newState : 0
08-20 08:48:49.859 20730 20730 D ViewRootImpl@de54ef[MainActivity]: ViewPostImeInputStage processPointer 0
08-20 08:48:49.938 20730 20730 D AbsListView: reportScrollStateChange() newState : 1
08-20 08:48:50.284 20730 20730 D ViewRootImpl@de54ef[MainActivity]: ViewPostImeInputStage processPointer 1
08-20 08:48:50.285 20730 20730 D AbsListView: onTouchUp() mTouchMode : 3
08-20 08:48:50.285 20730 20730 D AbsListView: onTouchUp() TOUCH_MODE_SCROLL initialVelocity : 41
08-20 08:48:50.285 20730 20730 D AbsListView: reportScrollStateChange() newState : 0
08-20 08:49:29.863 20730 20730 V InputMethodManager: Starting input: tba=android.view.inputmethod.EditorInfo@d8301a2 nm : cz.gienger.mobile ic=null
08-20 08:49:29.863 20730 20730 I InputMethodManager: startInputInner - mService.startInputOrWindowGainedFocus
08-20 08:49:29.866 20730 20730 D InputTransport: Input channel constructed: fd=64
08-20 08:49:29.866 20730 20730 D InputTransport: Input channel destroyed: fd=80
08-20 08:49:33.217 20730 20730 V InputMethodManager: Starting input: tba=android.view.inputmethod.EditorInfo@933e33 nm : cz.gienger.mobile ic=null
08-20 08:49:33.217 20730 20730 I InputMethodManager: startInputInner - mService.startInputOrWindowGainedFocus
08-20 08:49:33.218 20730 20730 D InputTransport: Input channel constructed: fd=66
08-20 08:49:33.219 20730 20730 D InputTransport: Input channel destroyed: fd=64
08-20 08:49:33.447 20730 20730 D ViewRootImpl@de54ef[MainActivity]: MSG_RESIZED_REPORT: frame=Rect(0, 0 - 768, 1024) ci=Rect(0, 24 - 0, 0) vi=Rect(0, 24 - 0, 0) or=1
08-20 08:49:33.514 20730 20730 D ViewRootImpl@de54ef[MainActivity]: Relayout returned: oldFrame=[0,0][768,1024] newFrame=[0,0][768,1024] result=0x1 surface={isValid=true -1949388800} surfaceGenerationChanged=false
08-20 08:49:33.581 20730 20730 D AbsListView: in onLayout changed
08-20 08:49:34.407 20730 20730 D ViewRootImpl@de54ef[MainActivity]: ViewPostImeInputStage processPointer 0
08-20 08:49:34.438 20730 20730 D AbsListView: reportScrollStateChange() newState : 1
08-20 08:49:34.991 20730 20730 D ViewRootImpl@de54ef[MainActivity]: ViewPostImeInputStage processPointer 1
08-20 08:49:34.991 20730 20730 D AbsListView: onTouchUp() mTouchMode : 3
08-20 08:49:34.991 20730 20730 D AbsListView: onTouchUp() TOUCH_MODE_SCROLL initialVelocity : 3847
08-20 08:49:34.991 20730 20730 D AbsListView: reportScrollStateChange() newState : 2
08-20 08:49:35.190 20730 20730 D AbsListView: reportScrollStateChange() newState : 0
08-20 08:49:36.211 20730 20730 D ViewRootImpl@de54ef[MainActivity]: ViewPostImeInputStage processPointer 0
08-20 08:49:36.279 20730 20730 D ViewRootImpl@de54ef[MainActivity]: ViewPostImeInputStage processPointer 1
08-20 08:49:36.299 20730 20730 D item_click: viewId = 2131820760, position = 0
08-20 08:49:36.303 20730 20730 E cz.gienger.mobile.poaz.configuration.GlobalConfiguration: java.lang.NumberFormatException: null
08-20 08:49:36.303 20730 20730 E cz.gienger.mobile.poaz.configuration.GlobalConfiguration: at java.lang.Integer.parseInt(Integer.java:483)
08-20 08:49:36.303 20730 20730 E cz.gienger.mobile.poaz.configuration.GlobalConfiguration: at java.lang.Integer.parseInt(Integer.java:556)
08-20 08:49:36.303 20730 20730 E cz.gienger.mobile.poaz.configuration.GlobalConfiguration: at cz.gienger.mobile.poaz.configuration.GlobalConfiguration.getPriceTypeEnum(GlobalConfiguration.java:140)
08-20 08:49:36.303 20730 20730 E cz.gienger.mobile.poaz.configuration.GlobalConfiguration: at cz.gienger.mobile.poaz.configuration.GlobalConfiguration.setValues(GlobalConfiguration.java:97)
08-20 08:49:36.303 20730 20730 E cz.gienger.mobile.poaz.configuration.GlobalConfiguration: at cz.gienger.mobile.poaz.configuration.GlobalConfiguration.(GlobalConfiguration.java:36)
08-20 08:49:36.303 20730 20730 E cz.gienger.mobile.poaz.configuration.GlobalConfiguration: at cz.gienger.mobile.poaz.configuration.GlobalConfiguration.get(GlobalConfiguration.java:41)
08-20 08:49:36.303 20730 20730 E cz.gienger.mobile.poaz.configuration.GlobalConfiguration: at cz.gienger.mobile.activity.MainActivity$BroadcastReceiver.onReceive(MainActivity.java:300)
08-20 08:49:36.303 20730 20730 E cz.gienger.mobile.poaz.configuration.GlobalConfiguration: at android.app.LoadedApk$ReceiverDispatcher$Args.run(LoadedApk.java:1185)
08-20 08:49:36.303 20730 20730 E cz.gienger.mobile.poaz.configuration.GlobalConfiguration: at android.os.Handler.handleCallback(Handler.java:751)
08-20 08:49:36.303 20730 20730 E cz.gienger.mobile.poaz.configuration.GlobalConfiguration: at android.os.Handler.dispatchMessage(Handler.java:95)
08-20 08:49:36.303 20730 20730 E cz.gienger.mobile.poaz.configuration.GlobalConfiguration: at android.os.Looper.loop(Looper.java:154)
08-20 08:49:36.303 20730 20730 E cz.gienger.mobile.poaz.configuration.GlobalConfiguration: at android.app.ActivityThread.main(ActivityThread.java:6823)
08-20 08:49:36.303 20730 20730 E cz.gienger.mobile.poaz.configuration.GlobalConfiguration: at java.lang.reflect.Method.invoke(Native Method)
08-20 08:49:36.303 20730 20730 E cz.gienger.mobile.poaz.configuration.GlobalConfiguration: at com.android.internal.os.ZygoteInit$MethodAndArgsCaller.run(ZygoteInit.java:1563)
08-20 08:49:36.303 20730 20730 E cz.gienger.mobile.poaz.configuration.GlobalConfiguration: at com.android.internal.os.ZygoteInit.main(ZygoteInit.java:1451)
08-20 08:49:36.392 20730 20730 D ViewRootImpl@de54ef[MainActivity]: MSG_WINDOW_FOCUS_CHANGED 0
08-20 08:49:36.575 20730 20730 E cz.gienger.mobile.poaz.configuration.GlobalConfiguration: java.lang.NumberFormatException: null
08-20 08:49:36.575 20730 20730 E cz.gienger.mobile.poaz.configuration.GlobalConfiguration: at java.lang.Integer.parseInt(Integer.java:483)
08-20 08:49:36.575 20730 20730 E cz.gienger.mobile.poaz.configuration.GlobalConfiguration: at java.lang.Integer.parseInt(Integer.java:556)
08-20 08:49:36.575 20730 20730 E cz.gienger.mobile.poaz.configuration.GlobalConfiguration: at cz.gienger.mobile.poaz.configuration.GlobalConfiguration.getPriceTypeEnum(GlobalConfiguration.java:140)
08-20 08:49:36.575 20730 20730 E cz.gienger.mobile.poaz.configuration.GlobalConfiguration: at cz.gienger.mobile.poaz.configuration.GlobalConfiguration.setValues(GlobalConfiguration.java:97)
08-20 08:49:36.575 20730 20730 E cz.gienger.mobile.poaz.configuration.GlobalConfiguration: at cz.gienger.mobile.poaz.configuration.GlobalConfiguration.(GlobalConfiguration.java:36)
08-20 08:49:36.575 20730 20730 E cz.gienger.mobile.poaz.configuration.GlobalConfiguration: at cz.gienger.mobile.poaz.configuration.GlobalConfiguration.get(GlobalConfiguration.java:41)
08-20 08:49:36.575 20730 20730 E cz.gienger.mobile.poaz.configuration.GlobalConfiguration: at cz.gienger.mobile.poaz.fragments.CategoryListFragment.onResume(CategoryListFragment.java:159)
08-20 08:49:36.575 20730 20730 E cz.gienger.mobile.poaz.configuration.GlobalConfiguration: at android.support.v4.app.Fragment.performResume(Fragment.java:2294)
08-20 08:49:36.575 20730 20730 E cz.gienger.mobile.poaz.configuration.GlobalConfiguration: at android.support.v4.app.FragmentManagerImpl.moveToState(FragmentManager.java:1387)
08-20 08:49:36.575 20730 20730 E cz.gienger.mobile.poaz.configuration.GlobalConfiguration: at android.support.v4.app.FragmentManagerImpl.moveFragmentToExpectedState(FragmentManager.java:1569)
08-20 08:49:36.575 20730 20730 E cz.gienger.mobile.poaz.configuration.GlobalConfiguration: at android.support.v4.app.FragmentManagerImpl.moveToState(FragmentManager.java:1636)
08-20 08:49:36.575 20730 20730 E cz.gienger.mobile.poaz.configuration.GlobalConfiguration: at android.support.v4.app.FragmentManagerImpl.dispatchResume(FragmentManager.java:2991)
08-20 08:49:36.575 20730 20730 E cz.gienger.mobile.poaz.configuration.GlobalConfiguration: at android.support.v4.app.FragmentController.dispatchResume(FragmentController.java:214)
08-20 08:49:36.575 20730 20730 E cz.gienger.mobile.poaz.configuration.GlobalConfiguration: at android.support.v4.app.FragmentActivity.onResumeFragments(FragmentActivity.java:509)
08-20 08:49:36.575 20730 20730 E cz.gienger.mobile.poaz.configuration.GlobalConfiguration: at android.support.v4.app.FragmentActivity.onPostResume(FragmentActivity.java:498)
08-20 08:49:36.575 20730 20730 E cz.gienger.mobile.poaz.configuration.GlobalConfiguration: at android.support.v7.app.AppCompatActivity.onPostResume(AppCompatActivity.java:172)
08-20 08:49:36.575 20730 20730 E cz.gienger.mobile.poaz.configuration.GlobalConfiguration: at android.app.Activity.performResume(Activity.java:7166)
08-20 08:49:36.575 20730 20730 E cz.gienger.mobile.poaz.configuration.GlobalConfiguration: at android.app.ActivityThread.performResumeActivity(ActivityThread.java:3850)
08-20 08:49:36.575 20730 20730 E cz.gienger.mobile.poaz.configuration.GlobalConfiguration: at android.app.ActivityThread.handleResumeActivity(ActivityThread.java:3914)
08-20 08:49:36.575 20730 20730 E cz.gienger.mobile.poaz.configuration.GlobalConfiguration: at android.app.ActivityThread.handleLaunchActivity(ActivityThread.java:3070)
08-20 08:49:36.575 20730 20730 E cz.gienger.mobile.poaz.configuration.GlobalConfiguration: at android.app.ActivityThread.-wrap14(ActivityThread.java)
08-20 08:49:36.575 20730 20730 E cz.gienger.mobile.poaz.configuration.GlobalConfiguration: at android.app.ActivityThread$H.handleMessage(ActivityThread.java:1659)
08-20 08:49:36.575 20730 20730 E cz.gienger.mobile.poaz.configuration.GlobalConfiguration: at android.os.Handler.dispatchMessage(Handler.java:102)
08-20 08:49:36.575 20730 20730 E cz.gienger.mobile.poaz.configuration.GlobalConfiguration: at android.os.Looper.loop(Looper.java:154)
08-20 08:49:36.575 20730 20730 E cz.gienger.mobile.poaz.configuration.GlobalConfiguration: at android.app.ActivityThread.main(ActivityThread.java:6823)
08-20 08:49:36.575 20730 20730 E cz.gienger.mobile.poaz.configuration.GlobalConfiguration: at java.lang.reflect.Method.invoke(Native Method)
08-20 08:49:36.575 20730 20730 E cz.gienger.mobile.poaz.configuration.GlobalConfiguration: at com.android.internal.os.ZygoteInit$MethodAndArgsCaller.run(ZygoteInit.java:1563)
08-20 08:49:36.575 20730 20730 E cz.gienger.mobile.poaz.configuration.GlobalConfiguration: at com.android.internal.os.ZygoteInit.main(ZygoteInit.java:1451)
08-20 08:49:36.586 20730 20730 D ViewRootImpl@4d6e910[CategoryListActivity]: ThreadedRenderer.create() translucent=false
08-20 08:49:36.589 20730 20730 D InputTransport: Input channel constructed: fd=64
08-20 08:49:36.589 20730 20730 D ViewRootImpl@4d6e910[CategoryListActivity]: setView = DecorView@ce44c09[CategoryListActivity] touchMode=true
08-20 08:49:36.592 20730 20730 D LOCATION_SERVICE: LocationListener gps
08-20 08:49:36.593 20730 20730 D LOCATION_SERVICE: LocationListener network
08-20 08:49:36.594 20730 20730 D LOCATION_SERVICE: onCreate
08-20 08:49:36.595 20730 20730 D LOCATION_SERVICE: initializeLocationManager
08-20 08:49:36.617 20730 20730 D LOCATION_SERVICE: onStartCommand
08-20 08:49:36.621 20730 20730 D ViewRootImpl@4d6e910[CategoryListActivity]: dispatchAttachedToWindow
08-20 08:49:36.651 20730 20730 D ViewRootImpl@4d6e910[CategoryListActivity]: Relayout returned: oldFrame=[0,0][0,0] newFrame=[0,0][768,1024] result=0x27 surface={isValid=true -1985247232} surfaceGenerationChanged=true
08-20 08:49:36.651 20730 20730 D ViewRootImpl@4d6e910[CategoryListActivity]: mHardwareRenderer.initialize() mSurface={isValid=true -1985247232} hwInitialized=true
08-20 08:49:36.833 20730 20730 E cz.gienger.mobile.poaz.configuration.GlobalConfiguration: java.lang.NumberFormatException: null
08-20 08:49:36.833 20730 20730 E cz.gienger.mobile.poaz.configuration.GlobalConfiguration: at java.lang.Integer.parseInt(Integer.java:483)
08-20 08:49:36.833 20730 20730 E cz.gienger.mobile.poaz.configuration.GlobalConfiguration: at java.lang.Integer.parseInt(Integer.java:556)
08-20 08:49:36.833 20730 20730 E cz.gienger.mobile.poaz.configuration.GlobalConfiguration: at cz.gienger.mobile.poaz.configuration.GlobalConfiguration.getPriceTypeEnum(GlobalConfiguration.java:140)
08-20 08:49:36.833 20730 20730 E cz.gienger.mobile.poaz.configuration.GlobalConfiguration: at cz.gienger.mobile.poaz.configuration.GlobalConfiguration.setValues(GlobalConfiguration.java:97)
08-20 08:49:36.833 20730 20730 E cz.gienger.mobile.poaz.configuration.GlobalConfiguration: at cz.gienger.mobile.poaz.configuration.GlobalConfiguration.(GlobalConfiguration.java:36)
08-20 08:49:36.833 20730 20730 E cz.gienger.mobile.poaz.configuration.GlobalConfiguration: at cz.gienger.mobile.poaz.configuration.GlobalConfiguration.get(GlobalConfiguration.java:41)
08-20 08:49:36.833 20730 20730 E cz.gienger.mobile.poaz.configuration.GlobalConfiguration: at cz.gienger.mobile.poaz.activities.PoazActivityBase.initPriceSwitch(PoazActivityBase.java:313)
08-20 08:49:36.833 20730 20730 E cz.gienger.mobile.poaz.configuration.GlobalConfiguration: at cz.gienger.mobile.poaz.activities.PoazActivityBase.onCreateOptionsMenu(PoazActivityBase.java:143)
08-20 08:49:36.833 20730 20730 E cz.gienger.mobile.poaz.configuration.GlobalConfiguration: at android.app.Activity.onCreatePanelMenu(Activity.java:3328)
08-20 08:49:36.833 20730 20730 E cz.gienger.mobile.poaz.configuration.GlobalConfiguration: at android.support.v4.app.FragmentActivity.onCreatePanelMenu(FragmentActivity.java:362)
08-20 08:49:36.833 20730 20730 E cz.gienger.mobile.poaz.configuration.GlobalConfiguration: at android.support.v7.view.WindowCallbackWrapper.onCreatePanelMenu(WindowCallbackWrapper.java:98)
08-20 08:49:36.833 20730 20730 E cz.gienger.mobile.poaz.configuration.GlobalConfiguration: at android.support.v7.app.AppCompatDelegateImplBase$AppCompatWindowCallbackBase.onCreatePanelMenu(AppCompatDelegateImplBase.java:335)
08-20 08:49:36.833 20730 20730 E cz.gienger.mobile.poaz.configuration.GlobalConfiguration: at android.support.v7.app.AppCompatDelegateImplV9.preparePanel(AppCompatDelegateImplV9.java:1368)
08-20 08:49:36.833 20730 20730 E cz.gienger.mobile.poaz.configuration.GlobalConfiguration: at android.support.v7.app.AppCompatDelegateImplV9.doInvalidatePanelMenu(AppCompatDelegateImplV9.java:1648)
08-20 08:49:36.833 20730 20730 E cz.gienger.mobile.poaz.configuration.GlobalConfiguration: at android.support.v7.app.AppCompatDelegateImplV9$1.run(AppCompatDelegateImplV9.java:140)
08-20 08:49:36.833 20730 20730 E cz.gienger.mobile.poaz.configuration.GlobalConfiguration: at android.os.Handler.handleCallback(Handler.java:751)
08-20 08:49:36.833 20730 20730 E cz.gienger.mobile.poaz.configuration.GlobalConfiguration: at android.os.Handler.dispatchMessage(Handler.java:95)
08-20 08:49:36.833 20730 20730 E cz.gienger.mobile.poaz.configuration.GlobalConfiguration: at android.os.Looper.loop(Looper.java:154)
08-20 08:49:36.833 20730 20730 E cz.gienger.mobile.poaz.configuration.GlobalConfiguration: at android.app.ActivityThread.main(ActivityThread.java:6823)
08-20 08:49:36.833 20730 20730 E cz.gienger.mobile.poaz.configuration.GlobalConfiguration: at java.lang.reflect.Method.invoke(Native Method)
08-20 08:49:36.833 20730 20730 E cz.gienger.mobile.poaz.configuration.GlobalConfiguration: at com.android.internal.os.ZygoteInit$MethodAndArgsCaller.run(ZygoteInit.java:1563)
08-20 08:49:36.833 20730 20730 E cz.gienger.mobile.poaz.configuration.GlobalConfiguration: at com.android.internal.os.ZygoteInit.main(ZygoteInit.java:1451)
08-20 08:49:36.854 20730 20730 D ViewRootImpl@4d6e910[CategoryListActivity]: MSG_RESIZED_REPORT: frame=Rect(0, 0 - 768, 1024) ci=Rect(0, 24 - 0, 0) vi=Rect(0, 24 - 0, 0) or=1
08-20 08:49:36.854 20730 20730 D ViewRootImpl@4d6e910[CategoryListActivity]: MSG_WINDOW_FOCUS_CHANGED 1
08-20 08:49:36.854 20730 20730 D ViewRootImpl@4d6e910[CategoryListActivity]: mHardwareRenderer.initializeIfNeeded()#2 mSurface={isValid=true -1985247232}
08-20 08:49:36.856 20730 20730 V InputMethodManager: Starting input: tba=android.view.inputmethod.EditorInfo@72266ad nm : cz.gienger.mobile ic=null
08-20 08:49:36.856 20730 20730 I InputMethodManager: startInputInner - mService.startInputOrWindowGainedFocus
08-20 08:49:36.858 20730 20730 D InputTransport: Input channel constructed: fd=67
08-20 08:49:36.859 20730 20730 D InputTransport: Input channel destroyed: fd=66
08-20 08:49:36.862 20730 20730 D LOCATION_SERVICE: onLocationChanged: Location[network 49,191082,17,534565 acc=21 et=+3d20h55m10s458ms alt=0.0 vel=0.0 bear=0.0 {Bundle[mParcelledData.dataSize=80]}]
08-20 08:49:36.954 20730 20746 D OpenGLRenderer: endAllActiveAnimators on 0x8bc68e00 (RippleDrawable) with handle 0x8ca97d80
08-20 08:49:36.954 20730 20730 D ViewRootImpl@de54ef[MainActivity]: mHardwareRenderer.destroy()#1
08-20 08:49:36.963 20730 20730 D ViewRootImpl@de54ef[MainActivity]: Relayout returned: oldFrame=[0,0][768,1024] newFrame=[0,0][768,1024] result=0x5 surface={isValid=false 0} surfaceGenerationChanged=true
08-20 08:49:37.386 20730 20730 D ViewRootImpl@de54ef[MainActivity]: Relayout returned: oldFrame=[0,0][768,1024] newFrame=[0,0][768,1024] result=0x5 surface={isValid=false 0} surfaceGenerationChanged=false
08-20 08:49:38.288 20730 20730 D ViewRootImpl@4d6e910[CategoryListActivity]: ViewPostImeInputStage processPointer 0
08-20 08:49:38.368 20730 20730 D ViewRootImpl@4d6e910[CategoryListActivity]: ViewPostImeInputStage processPointer 1
08-20 08:49:38.421 20730 20730 D ViewRootImpl@4d6e910[CategoryListActivity]: MSG_WINDOW_FOCUS_CHANGED 0
08-20 08:49:38.484 20730 20730 E cz.gienger.mobile.poaz.configuration.GlobalConfiguration: java.lang.NumberFormatException: null
08-20 08:49:38.484 20730 20730 E cz.gienger.mobile.poaz.configuration.GlobalConfiguration: at java.lang.Integer.parseInt(Integer.java:483)
08-20 08:49:38.484 20730 20730 E cz.gienger.mobile.poaz.configuration.GlobalConfiguration: at java.lang.Integer.parseInt(Integer.java:556)
08-20 08:49:38.484 20730 20730 E cz.gienger.mobile.poaz.configuration.GlobalConfiguration: at cz.gienger.mobile.poaz.configuration.GlobalConfiguration.getPriceTypeEnum(GlobalConfiguration.java:140)
08-20 08:49:38.484 20730 20730 E cz.gienger.mobile.poaz.configuration.GlobalConfiguration: at cz.gienger.mobile.poaz.configuration.GlobalConfiguration.setValues(GlobalConfiguration.java:97)
08-20 08:49:38.484 20730 20730 E cz.gienger.mobile.poaz.configuration.GlobalConfiguration: at cz.gienger.mobile.poaz.configuration.GlobalConfiguration.(GlobalConfiguration.java:36)
08-20 08:49:38.484 20730 20730 E cz.gienger.mobile.poaz.configuration.GlobalConfiguration: at cz.gienger.mobile.poaz.configuration.GlobalConfiguration.get(GlobalConfiguration.java:41)
08-20 08:49:38.484 20730 20730 E cz.gienger.mobile.poaz.configuration.GlobalConfiguration: at cz.gienger.mobile.poaz.adapters.ArticleListAdapter.(ArticleListAdapter.java:84)
08-20 08:49:38.484 20730 20730 E cz.gienger.mobile.poaz.configuration.GlobalConfiguration: at cz.gienger.mobile.poaz.adapters.ArticleListAdapter.(ArticleListAdapter.java:74)
08-20 08:49:38.484 20730 20730 E cz.gienger.mobile.poaz.configuration.GlobalConfiguration: at cz.gienger.mobile.poaz.fragments.ArticleListFragment.onCreate(ArticleListFragment.java:146)
08-20 08:49:38.484 20730 20730 E cz.gienger.mobile.poaz.configuration.GlobalConfiguration: at android.support.v4.app.Fragment.performCreate(Fragment.java:2236)
08-20 08:49:38.484 20730 20730 E cz.gienger.mobile.poaz.configuration.GlobalConfiguration: at android.support.v4.app.FragmentManagerImpl.moveToState(FragmentManager.java:1285)
08-20 08:49:38.484 20730 20730 E cz.gienger.mobile.poaz.configuration.GlobalConfiguration: at android.support.v4.app.FragmentManagerImpl.moveToState(FragmentManager.java:1513)
08-20 08:49:38.484 20730 20730 E cz.gienger.mobile.poaz.configuration.GlobalConfiguration: at android.support.v4.app.FragmentManagerImpl.addFragment(FragmentManager.java:1727)
08-20 08:49:38.484 20730 20730 E cz.gienger.mobile.poaz.configuration.GlobalConfiguration: at android.support.v4.app.FragmentManagerImpl.onCreateView(FragmentManager.java:3517)
08-20 08:49:38.484 20730 20730 E cz.gienger.mobile.poaz.configuration.GlobalConfiguration: at android.support.v4.app.FragmentController.onCreateView(FragmentController.java:111)
08-20 08:49:38.484 20730 20730 E cz.gienger.mobile.poaz.configuration.GlobalConfiguration: at android.support.v4.app.FragmentActivity.dispatchFragmentsOnCreateView(FragmentActivity.java:378)
08-20 08:49:38.484 20730 20730 E cz.gienger.mobile.poaz.configuration.GlobalConfiguration: at android.support.v4.app.BaseFragmentActivityHoneycomb.onCreateView(BaseFragmentActivityHoneycomb.java:33)
08-20 08:49:38.484 20730 20730 E cz.gienger.mobile.poaz.configuration.GlobalConfiguration: at android.support.v4.app.FragmentActivity.onCreateView(FragmentActivity.java:79)
08-20 08:49:38.484 20730 20730 E cz.gienger.mobile.poaz.configuration.GlobalConfiguration: at android.view.LayoutInflater.createViewFromTag(LayoutInflater.java:784)
08-20 08:49:38.484 20730 20730 E cz.gienger.mobile.poaz.configuration.GlobalConfiguration: at android.view.LayoutInflater.createViewFromTag(LayoutInflater.java:734)
08-20 08:49:38.484 20730 20730 E cz.gienger.mobile.poaz.configuration.GlobalConfiguration: at android.view.LayoutInflater.rInflate(LayoutInflater.java:865)
08-20 08:49:38.484 20730 20730 E cz.gienger.mobile.poaz.configuration.GlobalConfiguration: at android.view.LayoutInflater.rInflateChildren(LayoutInflater.java:828)
08-20 08:49:38.484 20730 20730 E cz.gienger.mobile.poaz.configuration.GlobalConfiguration: at android.view.LayoutInflater.inflate(LayoutInflater.java:525)
08-20 08:49:38.484 20730 20730 E cz.gienger.mobile.poaz.configuration.GlobalConfiguration: at android.view.LayoutInflater.inflate(LayoutInflater.java:427)
08-20 08:49:38.484 20730 20730 E cz.gienger.mobile.poaz.configuration.GlobalConfiguration: at android.view.LayoutInflater.inflate(LayoutInflater.java:378)
08-20 08:49:38.484 20730 20730 E cz.gienger.mobile.poaz.configuration.GlobalConfiguration: at android.support.v7.app.AppCompatDelegateImplV9.setContentView(AppCompatDelegateImplV9.java:292)
08-20 08:49:38.484 20730 20730 E cz.gienger.mobile.poaz.configuration.GlobalConfiguration: at android.support.v7.app.AppCompatActivity.setContentView(AppCompatActivity.java:140)
08-20 08:49:38.484 20730 20730 E cz.gienger.mobile.poaz.configuration.GlobalConfiguration: at cz.gienger.mobile.poaz.activities.ArticleListActivity.onCreate(ArticleListActivity.java:42)
08-20 08:49:38.484 20730 20730 E cz.gienger.mobile.poaz.configuration.GlobalConfiguration: at android.app.Activity.performCreate(Activity.java:6977)
08-20 08:49:38.484 20730 20730 E cz.gienger.mobile.poaz.configuration.GlobalConfiguration: at android.app.Instrumentation.callActivityOnCreate(Instrumentation.java:1126)
08-20 08:49:38.484 20730 20730 E cz.gienger.mobile.poaz.configuration.GlobalConfiguration: at android.app.ActivityThread.performLaunchActivity(ActivityThread.java:2946)
08-20 08:49:38.484 20730 20730 E cz.gienger.mobile.poaz.configuration.GlobalConfiguration: at android.app.ActivityThread.handleLaunchActivity(ActivityThread.java:3064)
08-20 08:49:38.484 20730 20730 E cz.gienger.mobile.poaz.configuration.GlobalConfiguration: at android.app.ActivityThread.-wrap14(ActivityThread.java)
08-20 08:49:38.484 20730 20730 E cz.gienger.mobile.poaz.configuration.GlobalConfiguration: at android.app.ActivityThread$H.handleMessage(ActivityThread.java:1659)
08-20 08:49:38.484 20730 20730 E cz.gienger.mobile.poaz.configuration.GlobalConfiguration: at android.os.Handler.dispatchMessage(Handler.java:102)
08-20 08:49:38.484 20730 20730 E cz.gienger.mobile.poaz.configuration.GlobalConfiguration: at android.os.Looper.loop(Looper.java:154)
08-20 08:49:38.484 20730 20730 E cz.gienger.mobile.poaz.configuration.GlobalConfiguration: at android.app.ActivityThread.main(ActivityThread.java:6823)
08-20 08:49:38.484 20730 20730 E cz.gienger.mobile.poaz.configuration.GlobalConfiguration: at java.lang.reflect.Method.invoke(Native Method)
08-20 08:49:38.484 20730 20730 E cz.gienger.mobile.poaz.configuration.GlobalConfiguration: at com.android.internal.os.ZygoteInit$MethodAndArgsCaller.run(ZygoteInit.java:1563)
08-20 08:49:38.484 20730 20730 E cz.gienger.mobile.poaz.configuration.GlobalConfiguration: at com.android.internal.os.ZygoteInit.main(ZygoteInit.java:1451)
08-20 08:49:38.541 20730 20730 E cz.gienger.mobile.poaz.configuration.GlobalConfiguration: java.lang.NumberFormatException: null
08-20 08:49:38.541 20730 20730 E cz.gienger.mobile.poaz.configuration.GlobalConfiguration: at java.lang.Integer.parseInt(Integer.java:483)
08-20 08:49:38.541 20730 20730 E cz.gienger.mobile.poaz.configuration.GlobalConfiguration: at java.lang.Integer.parseInt(Integer.java:556)
08-20 08:49:38.541 20730 20730 E cz.gienger.mobile.poaz.configuration.GlobalConfiguration: at cz.gienger.mobile.poaz.configuration.GlobalConfiguration.getPriceTypeEnum(GlobalConfiguration.java:140)
08-20 08:49:38.541 20730 20730 E cz.gienger.mobile.poaz.configuration.GlobalConfiguration: at cz.gienger.mobile.poaz.configuration.GlobalConfiguration.setValues(GlobalConfiguration.java:97)
08-20 08:49:38.541 20730 20730 E cz.gienger.mobile.poaz.configuration.GlobalConfiguration: at cz.gienger.mobile.poaz.configuration.GlobalConfiguration.(GlobalConfiguration.java:36)
08-20 08:49:38.541 20730 20730 E cz.gienger.mobile.poaz.configuration.GlobalConfiguration: at cz.gienger.mobile.poaz.configuration.GlobalConfiguration.get(GlobalConfiguration.java:41)
08-20 08:49:38.541 20730 20730 E cz.gienger.mobile.poaz.configuration.GlobalConfiguration: at cz.gienger.mobile.poaz.activities.ArticleListActivity.onCreate(ArticleListActivity.java:61)
08-20 08:49:38.541 20730 20730 E cz.gienger.mobile.poaz.configuration.GlobalConfiguration: at android.app.Activity.performCreate(Activity.java:6977)
08-20 08:49:38.541 20730 20730 E cz.gienger.mobile.poaz.configuration.GlobalConfiguration: at android.app.Instrumentation.callActivityOnCreate(Instrumentation.java:1126)
08-20 08:49:38.541 20730 20730 E cz.gienger.mobile.poaz.configuration.GlobalConfiguration: at android.app.ActivityThread.performLaunchActivity(ActivityThread.java:2946)
