--------- beginning of main
08-16 09:14:53.621 2708 2708 V InputMethodManager: Starting input: tba=android.view.inputmethod.EditorInfo@b65904c nm : cz.gienger.mobile ic=com.android.internal.widget.EditableInputConnection@2fdc895
08-16 09:14:53.621 2708 2708 I InputMethodManager: startInputInner - mService.startInputOrWindowGainedFocus
08-16 09:14:53.623 2708 2708 D InputTransport: Input channel constructed: fd=63
08-16 09:14:53.623 2708 2708 D InputTransport: Input channel destroyed: fd=64
08-16 09:14:53.649 2708 2708 W IInputConnectionWrapper: performPrivateCommand on inactive InputConnection
08-16 09:14:53.649 2708 2708 W IInputConnectionWrapper: finishComposingText on inactive InputConnection
08-16 09:14:53.673 2708 2708 D ViewRootImpl@a0b4297[LoginActivity]: MSG_RESIZED_REPORT: frame=Rect(0, 0 - 768, 1024) ci=Rect(0, 24 - 0, 320) vi=Rect(0, 24 - 0, 320) or=1
08-16 09:14:55.392 2708 2708 D ViewRootImpl@a0b4297[LoginActivity]: ViewPostImeInputStage processPointer 0
08-16 09:14:56.003 2708 2708 D ViewRootImpl@a0b4297[LoginActivity]: ViewPostImeInputStage processPointer 1
08-16 09:14:56.431 2708 2708 D ViewRootImpl@a0b4297[LoginActivity]: ViewPostImeInputStage processPointer 0
08-16 09:14:57.171 2708 2708 D ViewRootImpl@a0b4297[LoginActivity]: ViewPostImeInputStage processPointer 1
08-16 09:14:58.080 2708 2708 D ViewRootImpl@a0b4297[LoginActivity]: ViewPostImeInputStage processPointer 0
08-16 09:14:58.211 2708 2708 D ViewRootImpl@a0b4297[LoginActivity]: ViewPostImeInputStage processPointer 1
08-16 09:14:58.914 2708 2708 D ViewRootImpl@a0b4297[LoginActivity]: ViewPostImeInputStage processPointer 0
08-16 09:14:59.238 2708 2708 D ViewRootImpl@a0b4297[LoginActivity]: ViewPostImeInputStage processPointer 1
08-16 09:14:59.664 2708 2708 D ViewRootImpl@a0b4297[LoginActivity]: ViewPostImeInputStage processPointer 0
08-16 09:14:59.956 2708 2708 D ViewRootImpl@a0b4297[LoginActivity]: ViewPostImeInputStage processPointer 1
08-16 09:15:00.200 2708 2708 D ViewRootImpl@a0b4297[LoginActivity]: ViewPostImeInputStage processPointer 0
08-16 09:15:00.593 2708 2708 D ViewRootImpl@a0b4297[LoginActivity]: ViewPostImeInputStage processPointer 1
08-16 09:15:00.918 2708 2708 D ViewRootImpl@a0b4297[LoginActivity]: ViewPostImeInputStage processPointer 0
08-16 09:15:01.196 2708 2708 D ViewRootImpl@a0b4297[LoginActivity]: ViewPostImeInputStage processPointer 1
08-16 09:15:01.198 2708 2708 D InputMethodManager: SSI - flag : 0 Pid : 2708 view : cz.gienger.mobile
08-16 09:15:01.325 2708 2708 D ViewRootImpl@a0b4297[LoginActivity]: ViewPostImeInputStage processPointer 0
08-16 09:15:01.487 2708 2708 D ViewRootImpl@a0b4297[LoginActivity]: ViewPostImeInputStage processPointer 1
08-16 09:15:01.571 2708 2708 D ViewRootImpl@a0b4297[LoginActivity]: ViewPostImeInputStage processPointer 0
08-16 09:15:01.718 2708 2708 D ViewRootImpl@a0b4297[LoginActivity]: ViewPostImeInputStage processPointer 1
08-16 09:15:01.802 2708 2708 D ViewRootImpl@a0b4297[LoginActivity]: ViewPostImeInputStage processPointer 0
08-16 09:15:01.983 2708 2708 D ViewRootImpl@a0b4297[LoginActivity]: ViewPostImeInputStage processPointer 1
08-16 09:15:02.059 2708 2708 D ViewRootImpl@a0b4297[LoginActivity]: ViewPostImeInputStage processPointer 0
08-16 09:15:02.240 2708 2708 D ViewRootImpl@a0b4297[LoginActivity]: ViewPostImeInputStage processPointer 1
08-16 09:15:02.425 2708 2708 D ViewRootImpl@a0b4297[LoginActivity]: ViewPostImeInputStage processPointer 0
08-16 09:15:02.497 2708 2708 D ViewRootImpl@a0b4297[LoginActivity]: ViewPostImeInputStage processPointer 1
08-16 09:15:02.669 2708 2708 D ViewRootImpl@a0b4297[LoginActivity]: ViewPostImeInputStage processPointer 0
08-16 09:15:02.759 2708 2708 D ViewRootImpl@a0b4297[LoginActivity]: ViewPostImeInputStage processPointer 1
08-16 09:15:02.905 2708 2708 D ViewRootImpl@a0b4297[LoginActivity]: ViewPostImeInputStage processPointer 0
08-16 09:15:03.001 2708 2708 D ViewRootImpl@a0b4297[LoginActivity]: ViewPostImeInputStage processPointer 1
08-16 09:15:03.122 2708 2708 D ViewRootImpl@a0b4297[LoginActivity]: ViewPostImeInputStage processPointer 0
08-16 09:15:03.239 2708 2708 D ViewRootImpl@a0b4297[LoginActivity]: ViewPostImeInputStage processPointer 1
08-16 09:15:03.335 2708 2708 D ViewRootImpl@a0b4297[LoginActivity]: ViewPostImeInputStage processPointer 0
08-16 09:15:03.450 2708 2708 D ViewRootImpl@a0b4297[LoginActivity]: ViewPostImeInputStage processPointer 1
08-16 09:15:03.554 2708 2708 D ViewRootImpl@a0b4297[LoginActivity]: ViewPostImeInputStage processPointer 0
08-16 09:15:03.648 2708 2708 D ViewRootImpl@a0b4297[LoginActivity]: ViewPostImeInputStage processPointer 1
08-16 09:15:03.732 2708 2708 D ViewRootImpl@a0b4297[LoginActivity]: ViewPostImeInputStage processPointer 0
08-16 09:15:03.858 2708 2708 D ViewRootImpl@a0b4297[LoginActivity]: ViewPostImeInputStage processPointer 1
08-16 09:15:03.941 2708 2708 D ViewRootImpl@a0b4297[LoginActivity]: ViewPostImeInputStage processPointer 0
08-16 09:15:04.048 2708 2708 D ViewRootImpl@a0b4297[LoginActivity]: ViewPostImeInputStage processPointer 1
08-16 09:15:04.131 2708 2708 D ViewRootImpl@a0b4297[LoginActivity]: ViewPostImeInputStage processPointer 0
08-16 09:15:04.245 2708 2708 D ViewRootImpl@a0b4297[LoginActivity]: ViewPostImeInputStage processPointer 1
08-16 09:15:04.321 2708 2708 D ViewRootImpl@a0b4297[LoginActivity]: ViewPostImeInputStage processPointer 0
08-16 09:15:04.416 2708 2708 D ViewRootImpl@a0b4297[LoginActivity]: ViewPostImeInputStage processPointer 1
08-16 09:15:04.511 2708 2708 D ViewRootImpl@a0b4297[LoginActivity]: ViewPostImeInputStage processPointer 0
08-16 09:15:04.605 2708 2708 D ViewRootImpl@a0b4297[LoginActivity]: ViewPostImeInputStage processPointer 1
08-16 09:15:04.723 2708 2708 D ViewRootImpl@a0b4297[LoginActivity]: ViewPostImeInputStage processPointer 0
08-16 09:15:04.806 2708 2708 D ViewRootImpl@a0b4297[LoginActivity]: ViewPostImeInputStage processPointer 1
08-16 09:15:04.934 2708 2708 D ViewRootImpl@a0b4297[LoginActivity]: ViewPostImeInputStage processPointer 0
08-16 09:15:05.005 2708 2708 D ViewRootImpl@a0b4297[LoginActivity]: ViewPostImeInputStage processPointer 1
08-16 09:15:05.134 2708 2708 D ViewRootImpl@a0b4297[LoginActivity]: ViewPostImeInputStage processPointer 0
08-16 09:15:05.218 2708 2708 D ViewRootImpl@a0b4297[LoginActivity]: ViewPostImeInputStage processPointer 1
08-16 09:15:05.344 2708 2708 D ViewRootImpl@a0b4297[LoginActivity]: ViewPostImeInputStage processPointer 0
08-16 09:15:05.427 2708 2708 D ViewRootImpl@a0b4297[LoginActivity]: ViewPostImeInputStage processPointer 1
08-16 09:15:05.555 2708 2708 D ViewRootImpl@a0b4297[LoginActivity]: ViewPostImeInputStage processPointer 0
08-16 09:15:05.628 2708 2708 D ViewRootImpl@a0b4297[LoginActivity]: ViewPostImeInputStage processPointer 1
08-16 09:15:08.148 2708 2708 D ViewRootImpl@a0b4297[LoginActivity]: ViewPostImeInputStage processPointer 0
08-16 09:15:08.217 2708 2708 D ViewRootImpl@a0b4297[LoginActivity]: ViewPostImeInputStage processPointer 1
08-16 09:15:10.687 2708 2708 D ViewRootImpl@a0b4297[LoginActivity]: MSG_WINDOW_FOCUS_CHANGED 0
08-16 09:15:10.809 2708 2708 D ViewRootImpl@a0b4297[LoginActivity]: mHardwareRenderer.destroy()#1
08-16 09:15:10.825 2708 2708 D ViewRootImpl@a0b4297[LoginActivity]: Relayout returned: oldFrame=[0,0][768,1024] newFrame=[0,0][768,1024] result=0x5 surface={isValid=false 0} surfaceGenerationChanged=true
08-16 09:15:11.233 2708 2708 D ViewRootImpl@a0b4297[LoginActivity]: mHardwareRenderer.destroy()#1
08-16 09:15:11.244 2708 2708 D ViewRootImpl@a0b4297[LoginActivity]: Relayout returned: oldFrame=[0,0][768,1024] newFrame=[0,0][768,1024] result=0x1 surface={isValid=false 0} surfaceGenerationChanged=false
08-16 09:15:11.245 2708 2708 D InputTransport: Input channel destroyed: fd=63
08-16 09:15:11.245 2708 2708 W IInputConnectionWrapper: finishComposingText on inactive InputConnection
08-16 09:15:11.245 2708 2708 W IInputConnectionWrapper: performPrivateCommand on inactive InputConnection
08-16 09:15:11.311 2708 2708 W IInputConnectionWrapper: reportFullscreenMode on inexistent InputConnection
08-16 09:15:11.311 2708 2708 W IInputConnectionWrapper: finishComposingText on inactive InputConnection
08-16 09:15:19.148 2708 2708 D ViewRootImpl@a0b4297[LoginActivity]: mHardwareRenderer.destroy()#1
08-16 09:15:19.161 2708 2708 D ViewRootImpl@a0b4297[LoginActivity]: Relayout returned: oldFrame=[0,0][768,1024] newFrame=[0,0][768,1024] result=0x1 surface={isValid=false 0} surfaceGenerationChanged=false
08-16 09:15:19.180 2708 2708 D ViewRootImpl@a0b4297[LoginActivity]: Relayout returned: oldFrame=[0,0][768,1024] newFrame=[0,0][768,1024] result=0x3 surface={isValid=true -1852897280} surfaceGenerationChanged=true
08-16 09:15:19.181 2708 2708 D ViewRootImpl@a0b4297[LoginActivity]: mHardwareRenderer.initialize() mSurface={isValid=true -1852897280} hwInitialized=true
08-16 09:15:19.186 2708 2708 D ScrollView: onsize change changed
08-16 09:15:19.192 2708 2708 D ViewRootImpl@a0b4297[LoginActivity]: MSG_WINDOW_FOCUS_CHANGED 1
08-16 09:15:19.193 2708 2708 D ViewRootImpl@a0b4297[LoginActivity]: mHardwareRenderer.initializeIfNeeded()#2 mSurface={isValid=true -1852897280}
08-16 09:15:19.204 2708 2708 V InputMethodManager: Starting input: tba=android.view.inputmethod.EditorInfo@810240f nm : cz.gienger.mobile ic=com.android.internal.widget.EditableInputConnection@c761c9c
08-16 09:15:19.204 2708 2708 I InputMethodManager: startInputInner - mService.startInputOrWindowGainedFocus
08-16 09:15:19.220 2708 2708 D InputTransport: Input channel constructed: fd=61
08-16 09:15:19.503 2708 2708 D ViewRootImpl@a0b4297[LoginActivity]: MSG_RESIZED: frame=Rect(0, 0 - 768, 1024) ci=Rect(0, 24 - 0, 320) vi=Rect(0, 24 - 0, 320) or=1
08-16 09:15:19.525 2708 2708 D ViewRootImpl@a0b4297[LoginActivity]: Relayout returned: oldFrame=[0,0][768,1024] newFrame=[0,0][768,1024] result=0x1 surface={isValid=true -1852897280} surfaceGenerationChanged=false
08-16 09:15:19.527 2708 2708 D ScrollView: onsize change changed
08-16 09:15:25.436 2708 2708 D ViewRootImpl@a0b4297[LoginActivity]: ViewPostImeInputStage processPointer 0
08-16 09:15:25.956 2708 2708 D ViewRootImpl@a0b4297[LoginActivity]: ViewPostImeInputStage processPointer 1
08-16 09:15:26.406 2708 2708 D ViewRootImpl@a0b4297[LoginActivity]: ViewPostImeInputStage processPointer 0
08-16 09:15:27.244 2708 2708 D ViewRootImpl@a0b4297[LoginActivity]: ViewPostImeInputStage processPointer 1
08-16 09:15:27.664 2708 2708 D ViewRootImpl@a0b4297[LoginActivity]: ViewPostImeInputStage processPointer 0
08-16 09:15:28.671 2708 2708 D ViewRootImpl@a0b4297[LoginActivity]: ViewPostImeInputStage processPointer 1
08-16 09:15:31.408 2708 2708 D ViewRootImpl@a0b4297[LoginActivity]: ViewPostImeInputStage processPointer 0
08-16 09:15:31.910 2708 2708 D TextView: performLongClick() is called
08-16 09:15:31.910 2708 2708 D TextView: handled is false
08-16 09:15:31.997 2708 2708 D ScrollView: initGoToTop
08-16 09:15:32.003 2708 2708 D ViewRootImpl@3fe24ef[PopupWindow:e5a9dce]: ThreadedRenderer.create() translucent=true
08-16 09:15:32.006 2708 2708 D InputTransport: Input channel constructed: fd=74
08-16 09:15:32.007 2708 2708 D ViewRootImpl@3fe24ef[PopupWindow:e5a9dce]: setView = android.widget.PopupWindow$PopupDecorView{250bbfc V.E...... ......I. 0,0-0,0} touchMode=true
08-16 09:15:32.009 2708 2708 D ViewRootImpl@3fe24ef[PopupWindow:e5a9dce]: dispatchAttachedToWindow
08-16 09:15:32.038 2708 2708 D ViewRootImpl@3fe24ef[PopupWindow:e5a9dce]: Relayout returned: oldFrame=[0,0][0,0] newFrame=[6,204][36,240] result=0x27 surface={isValid=true -1846020096} surfaceGenerationChanged=true
08-16 09:15:32.038 2708 2708 D ViewRootImpl@3fe24ef[PopupWindow:e5a9dce]: mHardwareRenderer.initialize() mSurface={isValid=true -1846020096} hwInitialized=true
08-16 09:15:32.055 2708 2708 D ViewRootImpl@3fe24ef[PopupWindow:e5a9dce]: MSG_RESIZED_REPORT: frame=Rect(6, 204 - 36, 240) ci=Rect(0, 0 - 0, 0) vi=Rect(0, 0 - 0, 0) or=1
08-16 09:15:32.084 2708 2708 D ViewRootImpl@700c4c4[PopupWindow:e0933d7]: ThreadedRenderer.create() translucent=true
08-16 09:15:32.089 2708 2708 D InputTransport: Input channel constructed: fd=75
08-16 09:15:32.090 2708 2708 D ViewRootImpl@700c4c4[PopupWindow:e0933d7]: setView = android.widget.PopupWindow$PopupDecorView{adfafad V.E...... ......I. 0,0-0,0} touchMode=true
08-16 09:15:32.104 2708 2708 D ViewRootImpl@700c4c4[PopupWindow:e0933d7]: dispatchAttachedToWindow
08-16 09:15:32.142 2708 2708 D ViewRootImpl@700c4c4[PopupWindow:e0933d7]: Relayout returned: oldFrame=[0,0][0,0] newFrame=[10,113][243,177] result=0x27 surface={isValid=true -1845567488} surfaceGenerationChanged=true
08-16 09:15:32.142 2708 2708 D ViewRootImpl@700c4c4[PopupWindow:e0933d7]: mHardwareRenderer.initialize() mSurface={isValid=true -1845567488} hwInitialized=true
08-16 09:15:32.189 2708 2708 D ViewRootImpl@700c4c4[PopupWindow:e0933d7]: MSG_RESIZED_REPORT: frame=Rect(10, 113 - 243, 177) ci=Rect(0, 0 - 0, 0) vi=Rect(0, 0 - 0, 0) or=1
08-16 09:15:32.384 2708 2708 D ViewRootImpl@a0b4297[LoginActivity]: ViewPostImeInputStage processPointer 1
08-16 09:15:33.005 2708 2708 D ViewRootImpl@a0b4297[LoginActivity]: ViewPostImeInputStage processPointer 0
08-16 09:15:33.073 2708 2708 D ViewRootImpl@a0b4297[LoginActivity]: ViewPostImeInputStage processPointer 1
08-16 09:15:33.075 2708 2708 D InputMethodManager: SSI - flag : 0 Pid : 2708 view : cz.gienger.mobile
08-16 09:15:33.251 2708 2708 D ViewRootImpl@3fe24ef[PopupWindow:e5a9dce]: mHardwareRenderer.destroy()#4
08-16 09:15:33.251 2708 2708 D ViewRootImpl@3fe24ef[PopupWindow:e5a9dce]: dispatchDetachedFromWindow
08-16 09:15:33.259 2708 2708 D InputTransport: Input channel destroyed: fd=74
08-16 09:15:33.292 2708 2708 D ViewRootImpl@700c4c4[PopupWindow:e0933d7]: mHardwareRenderer.destroy()#4
08-16 09:15:33.292 2708 2708 D ViewRootImpl@700c4c4[PopupWindow:e0933d7]: dispatchDetachedFromWindow
08-16 09:15:33.303 2708 2708 D InputTransport: Input channel destroyed: fd=75
08-16 09:16:13.013 2708 2708 V InputMethodManager: Starting input: tba=android.view.inputmethod.EditorInfo@3a76930 nm : cz.gienger.mobile ic=com.android.internal.widget.EditableInputConnection@b7499a9
08-16 09:16:13.013 2708 2708 I InputMethodManager: startInputInner - mService.startInputOrWindowGainedFocus
08-16 09:16:13.015 2708 2708 D InputTransport: Input channel constructed: fd=74
08-16 09:16:13.015 2708 2708 D InputTransport: Input channel destroyed: fd=61
08-16 09:16:13.016 2708 2708 W IInputConnectionWrapper: performPrivateCommand on inactive InputConnection
08-16 09:16:13.020 2708 2708 W IInputConnectionWrapper: finishComposingText on inactive InputConnection
08-16 09:16:13.035 2708 2708 W IInputConnectionWrapper: performPrivateCommand on inactive InputConnection
08-16 09:16:13.147 2708 2708 W IInputConnectionWrapper: getCursorCapsMode on inactive InputConnection
08-16 09:16:13.226 2708 2708 W IInputConnectionWrapper: getCursorCapsMode on inactive InputConnection
08-16 09:16:13.272 2708 2708 W IInputConnectionWrapper: getSelectedText on inactive InputConnection
08-16 09:16:13.273 2708 2708 W IInputConnectionWrapper: getTextBeforeCursor on inactive InputConnection
08-16 09:16:13.274 2708 2708 W IInputConnectionWrapper: getTextAfterCursor on inactive InputConnection
08-16 09:16:35.490 2708 2708 V InputMethodManager: Starting input: tba=android.view.inputmethod.EditorInfo@92d1b2e nm : cz.gienger.mobile ic=com.android.internal.widget.EditableInputConnection@a10c6cf
08-16 09:16:35.490 2708 2708 I InputMethodManager: startInputInner - mService.startInputOrWindowGainedFocus
08-16 09:16:35.492 2708 2708 D InputTransport: Input channel constructed: fd=63
08-16 09:16:35.492 2708 2708 D InputTransport: Input channel destroyed: fd=74
08-16 09:16:35.519 2708 2708 W IInputConnectionWrapper: performPrivateCommand on inactive InputConnection
08-16 09:16:35.519 2708 2708 W IInputConnectionWrapper: finishComposingText on inactive InputConnection
08-16 09:16:35.558 2708 2708 D ViewRootImpl@a0b4297[LoginActivity]: Relayout returned: oldFrame=[0,0][768,1024] newFrame=[0,0][768,1024] result=0x1 surface={isValid=true -1852897280} surfaceGenerationChanged=false
08-16 09:16:35.562 2708 2708 D ViewRootImpl@a0b4297[LoginActivity]: MSG_RESIZED_REPORT: frame=Rect(0, 0 - 768, 1024) ci=Rect(0, 24 - 0, 320) vi=Rect(0, 24 - 0, 320) or=1
08-16 09:16:37.329 2708 2708 D ViewRootImpl@a0b4297[LoginActivity]: MSG_WINDOW_FOCUS_CHANGED 0
08-16 09:16:37.410 2708 2708 D ViewRootImpl@a0b4297[LoginActivity]: mHardwareRenderer.destroy()#1
08-16 09:16:37.429 2708 2708 D ViewRootImpl@a0b4297[LoginActivity]: Relayout returned: oldFrame=[0,0][768,1024] newFrame=[0,0][768,1024] result=0x5 surface={isValid=false 0} surfaceGenerationChanged=true
08-16 09:16:37.433 2708 2708 D InputTransport: Input channel destroyed: fd=63
08-16 09:16:37.440 2708 2708 W IInputConnectionWrapper: finishComposingText on inactive InputConnection
08-16 09:16:37.440 2708 2708 W IInputConnectionWrapper: performPrivateCommand on inactive InputConnection
08-16 09:16:37.448 2708 2708 W IInputConnectionWrapper: reportFullscreenMode on inexistent InputConnection
08-16 09:16:37.448 2708 2708 W IInputConnectionWrapper: finishComposingText on inactive InputConnection
08-16 09:16:37.491 2708 2708 D ViewRootImpl@a0b4297[LoginActivity]: mHardwareRenderer.destroy()#1
08-16 09:16:37.506 2708 2708 D ViewRootImpl@a0b4297[LoginActivity]: Relayout returned: oldFrame=[0,0][768,1024] newFrame=[0,0][768,1024] result=0x1 surface={isValid=false 0} surfaceGenerationChanged=false
08-16 09:17:36.539 2708 2708 D TextView: SYANI: Clipboard API is calling: clearFilter()
08-16 09:17:36.539 2708 2708 D TextView: SYANI: Clipboard API is calling: unregisterClipboardEventListener()
08-16 09:17:36.540 2708 2708 D TextView: SYANI: Clipboard API is calling: clearFilter()
08-16 09:17:36.540 2708 2708 D TextView: SYANI: Clipboard API is calling: unregisterClipboardEventListener()
08-16 09:17:36.548 2708 2708 D ViewRootImpl@a0b4297[LoginActivity]: mHardwareRenderer.destroy()#4
08-16 09:17:36.548 2708 2708 D ViewRootImpl@a0b4297[LoginActivity]: dispatchDetachedFromWindow
08-16 09:17:36.557 2708 2708 D InputTransport: Input channel destroyed: fd=77
08-16 09:17:36.558 2708 2708 E ViewRootImpl: sendUserActionEvent() returned.
08-16 09:17:36.573 2708 2708 D ViewRootImpl@e064a5a[MainActivity]: mHardwareRenderer.destroy()#1
08-16 09:17:36.585 2708 2708 D ViewRootImpl@e064a5a[MainActivity]: Relayout returned: oldFrame=[0,0][768,1024] newFrame=[0,0][768,1024] result=0x1 surface={isValid=false 0} surfaceGenerationChanged=false
08-16 09:17:36.684 2708 2708 D FILES : /data/user/0/cz.gienger.mobile/files/delivery
08-16 09:17:36.688 2708 2708 D ScrollView: initGoToTop
08-16 09:17:36.713 2708 2708 D ViewRootImpl@f6002bb[LoginActivity]: ThreadedRenderer.create() translucent=false
08-16 09:17:36.719 2708 2708 D InputTransport: Input channel constructed: fd=61
08-16 09:17:36.719 2708 2708 D ViewRootImpl@f6002bb[LoginActivity]: setView = DecorView@45853d8[LoginActivity] touchMode=true
08-16 09:17:36.723 2708 2708 D ViewRootImpl@f6002bb[LoginActivity]: dispatchAttachedToWindow
08-16 09:17:36.756 2708 2708 D ViewRootImpl@f6002bb[LoginActivity]: Relayout returned: oldFrame=[0,0][0,0] newFrame=[0,0][768,1024] result=0x27 surface={isValid=true -1824671744} surfaceGenerationChanged=true
08-16 09:17:36.756 2708 2708 D ViewRootImpl@f6002bb[LoginActivity]: mHardwareRenderer.initialize() mSurface={isValid=true -1824671744} hwInitialized=true
08-16 09:17:36.759 2708 2708 D ScrollView: onsize change changed
08-16 09:17:36.788 2708 2708 D ViewRootImpl@f6002bb[LoginActivity]: MSG_RESIZED_REPORT: frame=Rect(0, 0 - 768, 1024) ci=Rect(0, 24 - 0, 0) vi=Rect(0, 24 - 0, 0) or=1
08-16 09:17:36.788 2708 2708 D ViewRootImpl@f6002bb[LoginActivity]: MSG_WINDOW_FOCUS_CHANGED 1
08-16 09:17:36.788 2708 2708 D ViewRootImpl@f6002bb[LoginActivity]: mHardwareRenderer.initializeIfNeeded()#2 mSurface={isValid=true -1824671744}
08-16 09:17:36.797 2708 2708 V InputMethodManager: Starting input: tba=android.view.inputmethod.EditorInfo@701c5f0 nm : cz.gienger.mobile ic=com.android.internal.widget.EditableInputConnection@db09769
08-16 09:17:36.797 2708 2708 I InputMethodManager: startInputInner - mService.startInputOrWindowGainedFocus
08-16 09:17:36.812 2708 2708 D InputTransport: Input channel constructed: fd=63
08-16 09:17:36.837 2708 2708 D ViewRootImpl@e064a5a[MainActivity]: mHardwareRenderer.destroy()#1
08-16 09:17:36.849 2708 2708 D ViewRootImpl@e064a5a[MainActivity]: Relayout returned: oldFrame=[0,0][768,1024] newFrame=[0,0][768,1024] result=0x1 surface={isValid=false 0} surfaceGenerationChanged=false
08-16 09:17:37.122 2708 2708 D ViewRootImpl@f6002bb[LoginActivity]: MSG_RESIZED: frame=Rect(0, 0 - 768, 1024) ci=Rect(0, 24 - 0, 320) vi=Rect(0, 24 - 0, 320) or=1
08-16 09:17:37.141 2708 2708 D ViewRootImpl@f6002bb[LoginActivity]: Relayout returned: oldFrame=[0,0][768,1024] newFrame=[0,0][768,1024] result=0x1 surface={isValid=true -1824671744} surfaceGenerationChanged=false
08-16 09:17:37.143 2708 2708 D ScrollView: onsize change changed
08-16 09:17:50.233 2708 2708 D ViewRootImpl@f6002bb[LoginActivity]: ViewPostImeInputStage processPointer 0
08-16 09:17:50.303 2708 2708 D ViewRootImpl@f6002bb[LoginActivity]: ViewPostImeInputStage processPointer 1
08-16 09:17:50.315 2708 2708 V InputMethodManager: Starting input: tba=android.view.inputmethod.EditorInfo@ff46308 nm : cz.gienger.mobile ic=com.android.internal.widget.EditableInputConnection@16acaa1
08-16 09:17:50.316 2708 2708 I InputMethodManager: startInputInner - mService.startInputOrWindowGainedFocus
08-16 09:17:50.319 2708 2708 D InputTransport: Input channel constructed: fd=75
08-16 09:17:50.319 2708 2708 D InputTransport: Input channel destroyed: fd=63
08-16 09:17:50.319 2708 2708 D InputMethodManager: SSI - flag : 0 Pid : 2708 view : cz.gienger.mobile
08-16 09:17:50.325 2708 2708 W IInputConnectionWrapper: performPrivateCommand on inactive InputConnection
08-16 09:17:50.325 2708 2708 W IInputConnectionWrapper: finishComposingText on inactive InputConnection
08-16 09:17:57.151 2708 2708 D ViewRootImpl@f6002bb[LoginActivity]: ViewPostImeInputStage processPointer 0
08-16 09:17:57.220 2708 2708 D ViewRootImpl@f6002bb[LoginActivity]: ViewPostImeInputStage processPointer 1
08-16 09:17:57.251 2708 2708 D ScrollView: initGoToTop
08-16 09:17:57.255 2708 2708 D ScrollView: initGoToTop
08-16 09:17:57.264 2708 2708 D ViewRootImpl@6c3603[LoginActivity]: ThreadedRenderer.create() translucent=true
08-16 09:17:57.269 2708 2708 D InputTransport: Input channel constructed: fd=67
08-16 09:17:57.270 2708 2708 D ViewRootImpl@6c3603[LoginActivity]: setView = DecorView@fda1980[LoginActivity] touchMode=true
08-16 09:17:57.275 2708 2439 D MYINTERCEPTOR: /GiengerService.svc/oauth
08-16 09:17:57.276 2708 2439 D OkHttp : --> POST https://testsaig1.gienger.cz/GiengerService.svc/oauth http/1.1
08-16 09:17:57.276 2708 2439 D OkHttp : Content-Type: application/xml; charset=UTF-8
08-16 09:17:57.276 2708 2439 D OkHttp : Content-Length: 298
08-16 09:17:57.276 2708 2708 D ViewRootImpl@6c3603[LoginActivity]: dispatchAttachedToWindow
08-16 09:17:57.276 2708 2439 D OkHttp : --> END POST
08-16 09:17:57.302 2708 2708 D ViewRootImpl@6c3603[LoginActivity]: Relayout returned: oldFrame=[0,0][0,0] newFrame=[108,466][660,582] result=0x27 surface={isValid=true -1850155008} surfaceGenerationChanged=true
08-16 09:17:57.303 2708 2708 D ViewRootImpl@6c3603[LoginActivity]: mHardwareRenderer.initialize() mSurface={isValid=true -1850155008} hwInitialized=true
08-16 09:17:57.321 2708 2708 D ViewRootImpl@6c3603[LoginActivity]: MSG_WINDOW_FOCUS_CHANGED 1
08-16 09:17:57.322 2708 2708 D ViewRootImpl@6c3603[LoginActivity]: mHardwareRenderer.initializeIfNeeded()#2 mSurface={isValid=true -1850155008}
08-16 09:17:57.345 2708 2708 D ViewRootImpl@6c3603[LoginActivity]: MSG_RESIZED_REPORT: frame=Rect(108, 466 - 660, 582) ci=Rect(0, 0 - 0, 0) vi=Rect(0, 0 - 0, 0) or=1
08-16 09:17:57.354 2708 2708 D ViewRootImpl@f6002bb[LoginActivity]: MSG_WINDOW_FOCUS_CHANGED 0
08-16 09:17:58.445 2708 2439 D OkHttp : <-- 200 https://testsaig1.gienger.cz/GiengerService.svc/oauth (1169ms)
08-16 09:17:58.445 2708 2439 D OkHttp : content-type: application/xml; charset=utf-8
08-16 09:17:58.445 2708 2439 D OkHttp : server: Microsoft-IIS/10.0
08-16 09:17:58.445 2708 2439 D OkHttp : x-powered-by: ASP.NET
08-16 09:17:58.446 2708 2439 D OkHttp : date: Thu, 16 Aug 2018 07:17:57 GMT
08-16 09:17:58.446 2708 2439 D OkHttp : content-length: 292
08-16 09:17:58.446 2708 2439 D OkHttp : <-- END HTTP
08-16 09:17:58.472 2708 2439 D MYINTERCEPTOR: /GiengerService.svc/userinfo
08-16 09:17:58.472 2708 2439 D OkHttp : --> POST https://testsaig1.gienger.cz/GiengerService.svc/userinfo http/1.1
08-16 09:17:58.473 2708 2439 D OkHttp : Content-Type: application/xml; charset=UTF-8
08-16 09:17:58.473 2708 2439 D OkHttp : Content-Length: 139
08-16 09:17:58.473 2708 2439 D OkHttp : token: 08106cd19b424cd58e5bd501f943ae3a
08-16 09:17:58.473 2708 2439 D OkHttp : --> END POST
08-16 09:17:58.584 2708 2439 D OkHttp : <-- 200 https://testsaig1.gienger.cz/GiengerService.svc/userinfo (110ms)
08-16 09:17:58.584 2708 2439 D OkHttp : content-type: application/xml; charset=utf-8
08-16 09:17:58.584 2708 2439 D OkHttp : server: Microsoft-IIS/10.0
08-16 09:17:58.584 2708 2439 D OkHttp : x-powered-by: ASP.NET
08-16 09:17:58.584 2708 2439 D OkHttp : date: Thu, 16 Aug 2018 07:17:57 GMT
08-16 09:17:58.585 2708 2439 D OkHttp : content-length: 196
08-16 09:17:58.585 2708 2439 D OkHttp : <-- END HTTP
08-16 09:17:58.622 2708 2708 D ScrollView: initGoToTop
08-16 09:17:58.628 2708 2708 D ScrollView: initGoToTop
08-16 09:17:58.639 2708 2708 D ViewRootImpl@cdcba5b[LoginActivity]: ThreadedRenderer.create() translucent=true
08-16 09:17:58.646 2708 2708 D InputTransport: Input channel constructed: fd=77
08-16 09:17:58.647 2708 2708 D ViewRootImpl@cdcba5b[LoginActivity]: setView = DecorView@82542f8[LoginActivity] touchMode=true
08-16 09:17:58.656 2708 2708 D ViewRootImpl@6c3603[LoginActivity]: mHardwareRenderer.destroy()#4
08-16 09:17:58.657 2708 2708 D ViewRootImpl@6c3603[LoginActivity]: dispatchDetachedFromWindow
08-16 09:17:58.671 2708 2708 D InputTransport: Input channel destroyed: fd=67
08-16 09:17:58.680 2708 2708 D ViewRootImpl@f6002bb[LoginActivity]: Relayout returned: oldFrame=[0,0][768,1024] newFrame=[0,0][768,1024] result=0x1 surface={isValid=true -1824671744} surfaceGenerationChanged=false
08-16 09:17:58.684 2708 2708 D ViewRootImpl@cdcba5b[LoginActivity]: dispatchAttachedToWindow
08-16 09:17:58.722 2708 2708 D ViewRootImpl@cdcba5b[LoginActivity]: Relayout returned: oldFrame=[0,0][0,0] newFrame=[108,423][660,624] result=0x27 surface={isValid=true -1850155008} surfaceGenerationChanged=true
08-16 09:17:58.722 2708 2708 D ViewRootImpl@cdcba5b[LoginActivity]: mHardwareRenderer.initialize() mSurface={isValid=true -1850155008} hwInitialized=true
08-16 09:17:58.731 2708 2708 D ScrollView: onsize change changed
08-16 09:17:58.732 2708 2708 D ScrollView: onsize change changed
08-16 09:17:58.732 2708 2708 D ViewRootImpl@cdcba5b[LoginActivity]: MSG_WINDOW_FOCUS_CHANGED 1
08-16 09:17:58.733 2708 2708 D ViewRootImpl@cdcba5b[LoginActivity]: mHardwareRenderer.initializeIfNeeded()#2 mSurface={isValid=true -1850155008}
08-16 09:17:58.750 2708 2708 D ViewRootImpl@cdcba5b[LoginActivity]: MSG_RESIZED_REPORT: frame=Rect(108, 423 - 660, 624) ci=Rect(0, 0 - 0, 0) vi=Rect(0, 0 - 0, 0) or=1
08-16 09:17:58.763 2708 2708 E ViewRootImpl: sendUserActionEvent() returned.
08-16 09:17:59.797 2708 2708 D ViewRootImpl@cdcba5b[LoginActivity]: ViewPostImeInputStage processPointer 0
08-16 09:17:59.876 2708 2708 D ViewRootImpl@cdcba5b[LoginActivity]: ViewPostImeInputStage processPointer 1
08-16 09:17:59.888 2708 2708 D ALARM_REUPLOAD: scheduling alarm
08-16 09:17:59.905 2708 2708 D ViewRootImpl@cdcba5b[LoginActivity]: mHardwareRenderer.destroy()#4
08-16 09:17:59.905 2708 2708 D ViewRootImpl@cdcba5b[LoginActivity]: dispatchDetachedFromWindow
08-16 09:17:59.914 2708 2708 D InputTransport: Input channel destroyed: fd=77
08-16 09:17:59.928 2708 2439 D MYINTERCEPTOR: /GiengerService.svc/manifests
08-16 09:17:59.928 2708 2439 D OkHttp : --> GET https://testsaig1.gienger.cz/GiengerService.svc/manifests http/1.1
08-16 09:17:59.928 2708 2439 D OkHttp : state: CZ
08-16 09:17:59.928 2708 2439 D OkHttp : token: 08106cd19b424cd58e5bd501f943ae3a
08-16 09:17:59.928 2708 2439 D OkHttp : --> END GET
08-16 09:17:59.942 2708 2708 D TextView: SYANI: Clipboard API is calling: clearFilter()
08-16 09:17:59.942 2708 2708 D TextView: SYANI: Clipboard API is calling: unregisterClipboardEventListener()
08-16 09:17:59.944 2708 2708 D TextView: SYANI: Clipboard API is calling: clearFilter()
08-16 09:17:59.944 2708 2708 D TextView: SYANI: Clipboard API is calling: unregisterClipboardEventListener()
08-16 09:17:59.951 2708 2708 D ViewRootImpl@f6002bb[LoginActivity]: mHardwareRenderer.destroy()#4
08-16 09:17:59.951 2708 2708 D ViewRootImpl@f6002bb[LoginActivity]: dispatchDetachedFromWindow
08-16 09:17:59.952 2708 2708 D InputTransport: Input channel destroyed: fd=61
08-16 09:17:59.978 2708 2708 D FILES : /data/user/0/cz.gienger.mobile/files/delivery
08-16 09:17:59.997 2708 2457 D MYINTERCEPTOR: /GiengerService.svc/manifests
08-16 09:17:59.998 2708 2457 D OkHttp : --> GET https://testsaig1.gienger.cz/GiengerService.svc/manifests http/1.1
08-16 09:17:59.998 2708 2457 D OkHttp : state: CZ
08-16 09:17:59.998 2708 2457 D OkHttp : token: 08106cd19b424cd58e5bd501f943ae3a
08-16 09:18:00.004 2708 2457 D OkHttp : --> END GET
08-16 09:18:00.012 2708 2458 D MYINTERCEPTOR: /GiengerService.svc/manifests
08-16 09:18:00.013 2708 2458 D OkHttp : --> GET https://testsaig1.gienger.cz/GiengerService.svc/manifests http/1.1
08-16 09:18:00.013 2708 2458 D OkHttp : state: CZ
08-16 09:18:00.013 2708 2458 D OkHttp : token: 08106cd19b424cd58e5bd501f943ae3a
08-16 09:18:00.013 2708 2458 D OkHttp : --> END GET
08-16 09:18:00.017 2708 2708 D ViewRootImpl@b3b4cff[LoginActivity]: ThreadedRenderer.create() translucent=false
08-16 09:18:00.022 2708 2708 D InputTransport: Input channel constructed: fd=61
08-16 09:18:00.022 2708 2708 D ViewRootImpl@b3b4cff[LoginActivity]: setView = DecorView@5efaacc[LoginActivity] touchMode=true
08-16 09:18:00.025 2708 2708 D ViewRootImpl@b3b4cff[LoginActivity]: dispatchAttachedToWindow
08-16 09:18:00.060 2708 2708 D ViewRootImpl@b3b4cff[LoginActivity]: Relayout returned: oldFrame=[0,0][0,0] newFrame=[0,0][768,1024] result=0x27 surface={isValid=true -1845358592} surfaceGenerationChanged=true
08-16 09:18:00.061 2708 2708 D ViewRootImpl@b3b4cff[LoginActivity]: mHardwareRenderer.initialize() mSurface={isValid=true -1845358592} hwInitialized=true
08-16 09:18:00.065 2708 2708 D AbsListView: in onLayout changed
08-16 09:18:00.065 2708 2708 E ViewRootImpl: sendUserActionEvent() returned.
08-16 09:18:00.066 2708 2708 E ViewRootImpl: sendUserActionEvent() returned.
08-16 09:18:00.094 2708 2439 D OkHttp : <-- 200 https://testsaig1.gienger.cz/GiengerService.svc/manifests (164ms)
08-16 09:18:00.094 2708 2439 D OkHttp : content-type: application/xml; charset=utf-8
08-16 09:18:00.094 2708 2439 D OkHttp : server: Microsoft-IIS/10.0
08-16 09:18:00.094 2708 2439 D OkHttp : x-powered-by: ASP.NET
08-16 09:18:00.094 2708 2439 D OkHttp : date: Thu, 16 Aug 2018 07:17:59 GMT
08-16 09:18:00.094 2708 2439 D OkHttp : content-length: 11738
08-16 09:18:00.094 2708 2439 D OkHttp : <-- END HTTP
08-16 09:18:00.115 2708 2708 D ViewRootImpl@b3b4cff[LoginActivity]: MSG_RESIZED_REPORT: frame=Rect(0, 0 - 768, 1024) ci=Rect(0, 24 - 0, 320) vi=Rect(0, 24 - 0, 320) or=1
08-16 09:18:00.115 2708 2708 D ViewRootImpl@b3b4cff[LoginActivity]: MSG_WINDOW_FOCUS_CHANGED 1
08-16 09:18:00.115 2708 2708 D ViewRootImpl@b3b4cff[LoginActivity]: mHardwareRenderer.initializeIfNeeded()#2 mSurface={isValid=true -1845358592}
08-16 09:18:00.116 2708 2708 V InputMethodManager: Starting input: tba=android.view.inputmethod.EditorInfo@e1ba991 nm : cz.gienger.mobile ic=null
08-16 09:18:00.116 2708 2708 I InputMethodManager: startInputInner - mService.startInputOrWindowGainedFocus
08-16 09:18:00.139 2708 2708 D InputTransport: Input channel constructed: fd=64
08-16 09:18:00.139 2708 2708 D InputTransport: Input channel destroyed: fd=75
08-16 09:18:00.146 2708 2708 D DOWNLOAD_MANIFESTS: success
08-16 09:18:00.161 2708 2708 E ViewRootImpl: sendUserActionEvent() returned.
08-16 09:18:00.162 2708 2708 W IInputConnectionWrapper: finishComposingText on inactive InputConnection
08-16 09:18:00.162 2708 2708 W IInputConnectionWrapper: performPrivateCommand on inactive InputConnection
08-16 09:18:00.162 2708 2708 W IInputConnectionWrapper: finishComposingText on inactive InputConnection
08-16 09:18:00.200 2708 2708 D ViewRootImpl@b3b4cff[LoginActivity]: MSG_RESIZED: frame=Rect(0, 0 - 768, 1024) ci=Rect(0, 24 - 0, 0) vi=Rect(0, 24 - 0, 0) or=1
08-16 09:18:00.224 2708 2708 D ViewRootImpl@b3b4cff[LoginActivity]: Relayout returned: oldFrame=[0,0][768,1024] newFrame=[0,0][768,1024] result=0x1 surface={isValid=true -1845358592} surfaceGenerationChanged=false
08-16 09:18:00.225 2708 2708 D AbsListView: in onLayout changed
08-16 09:18:00.477 2708 2458 D OkHttp : <-- 200 https://testsaig1.gienger.cz/GiengerService.svc/manifests (463ms)
08-16 09:18:00.477 2708 2458 D OkHttp : content-type: application/xml; charset=utf-8
08-16 09:18:00.477 2708 2458 D OkHttp : server: Microsoft-IIS/10.0
08-16 09:18:00.477 2708 2458 D OkHttp : x-powered-by: ASP.NET
08-16 09:18:00.477 2708 2458 D OkHttp : date: Thu, 16 Aug 2018 07:17:59 GMT
08-16 09:18:00.477 2708 2458 D OkHttp : content-length: 11738
08-16 09:18:00.477 2708 2458 D OkHttp : <-- END HTTP
08-16 09:18:00.482 2708 2457 D OkHttp : <-- 200 https://testsaig1.gienger.cz/GiengerService.svc/manifests (477ms)
08-16 09:18:00.482 2708 2457 D OkHttp : content-type: application/xml; charset=utf-8
08-16 09:18:00.482 2708 2457 D OkHttp : server: Microsoft-IIS/10.0
08-16 09:18:00.482 2708 2457 D OkHttp : x-powered-by: ASP.NET
08-16 09:18:00.482 2708 2457 D OkHttp : date: Thu, 16 Aug 2018 07:17:59 GMT
08-16 09:18:00.482 2708 2457 D OkHttp : content-length: 11738
08-16 09:18:00.482 2708 2457 D OkHttp : <-- END HTTP
08-16 09:18:00.512 2708 2708 D DOWNLOAD_MANIFESTS: success
08-16 09:18:00.528 2708 2708 D DOWNLOAD_MANIFESTS: success
08-16 09:18:00.713 2708 2708 V InputMethodManager: Starting input: tba=android.view.inputmethod.EditorInfo@537cbff nm : cz.gienger.mobile ic=null
08-16 09:18:00.713 2708 2708 I InputMethodManager: startInputInner - mService.startInputOrWindowGainedFocus
08-16 09:18:00.714 2708 2708 D InputTransport: Input channel constructed: fd=59
08-16 09:18:00.714 2708 2708 D InputTransport: Input channel destroyed: fd=64
08-16 09:18:02.863 2708 2708 D ViewRootImpl@b3b4cff[LoginActivity]: ViewPostImeInputStage processPointer 0
08-16 09:18:02.920 2708 2708 D ViewRootImpl@b3b4cff[LoginActivity]: ViewPostImeInputStage processPointer 1
08-16 09:18:02.921 2708 2708 D AbsListView: onTouchUp() mTouchMode : 0
08-16 09:18:04.045 2708 2708 D ViewRootImpl@b3b4cff[LoginActivity]: ViewPostImeInputStage processPointer 0
08-16 09:18:04.104 2708 2708 D ViewRootImpl@b3b4cff[LoginActivity]: ViewPostImeInputStage processPointer 1
08-16 09:18:04.124 2708 2708 D InputMethodManager: HSIFW - flag : 0 Pid : 2708
08-16 09:18:04.148 2708 2708 D AbsListView: in onLayout changed
08-16 09:18:09.886 2708 2708 D ViewRootImpl@b3b4cff[LoginActivity]: ViewPostImeInputStage processPointer 0
08-16 09:18:09.944 2708 2708 D ViewRootImpl@b3b4cff[LoginActivity]: ViewPostImeInputStage processPointer 1
08-16 09:18:09.945 2708 2708 D AbsListView: onTouchUp() mTouchMode : 0
08-16 09:18:19.599 2708 2708 D ViewRootImpl@b3b4cff[LoginActivity]: ViewPostImeInputStage processPointer 0
08-16 09:18:19.699 2708 2708 D ViewRootImpl@b3b4cff[LoginActivity]: ViewPostImeInputStage processPointer 1
08-16 09:18:19.723 2708 2708 D ScrollView: initGoToTop
08-16 09:18:19.727 2708 2708 D ScrollView: initGoToTop
08-16 09:18:19.734 2708 2708 D ViewRootImpl@4f2b54[LoginActivity]: ThreadedRenderer.create() translucent=true
08-16 09:18:19.740 2708 2708 D InputTransport: Input channel constructed: fd=74
08-16 09:18:19.741 2708 2708 D ViewRootImpl@4f2b54[LoginActivity]: setView = DecorView@7e13afd[LoginActivity] touchMode=true
08-16 09:18:19.742 2708 2457 D MYINTERCEPTOR: /GiengerService.svc/manifestinfo
08-16 09:18:19.743 2708 2457 D OkHttp : --> POST https://testsaig1.gienger.cz/GiengerService.svc/manifestinfo http/1.1
08-16 09:18:19.743 2708 2457 D OkHttp : Content-Length: 0
08-16 09:18:19.744 2708 2457 D OkHttp : state: CZ
08-16 09:18:19.744 2708 2457 D OkHttp : id: H13_trasa_H13-02_ranni_30_07_2018
08-16 09:18:19.744 2708 2457 D OkHttp : token: 08106cd19b424cd58e5bd501f943ae3a
08-16 09:18:19.744 2708 2708 D ViewRootImpl@4f2b54[LoginActivity]: dispatchAttachedToWindow
08-16 09:18:19.744 2708 2457 D OkHttp : --> END POST
08-16 09:18:19.767 2708 2708 D ViewRootImpl@4f2b54[LoginActivity]: Relayout returned: oldFrame=[0,0][0,0] newFrame=[108,466][660,582] result=0x27 surface={isValid=true -1826764800} surfaceGenerationChanged=true
08-16 09:18:19.768 2708 2708 D ViewRootImpl@4f2b54[LoginActivity]: mHardwareRenderer.initialize() mSurface={isValid=true -1826764800} hwInitialized=true
08-16 09:18:19.782 2708 2708 D ViewRootImpl@4f2b54[LoginActivity]: MSG_WINDOW_FOCUS_CHANGED 1
08-16 09:18:19.782 2708 2708 D ViewRootImpl@4f2b54[LoginActivity]: mHardwareRenderer.initializeIfNeeded()#2 mSurface={isValid=true -1826764800}
08-16 09:18:19.795 2708 2708 D ViewRootImpl@4f2b54[LoginActivity]: MSG_RESIZED_REPORT: frame=Rect(108, 466 - 660, 582) ci=Rect(0, 0 - 0, 0) vi=Rect(0, 0 - 0, 0) or=1
08-16 09:18:19.815 2708 2708 D ViewRootImpl@b3b4cff[LoginActivity]: MSG_WINDOW_FOCUS_CHANGED 0
08-16 09:18:19.894 2708 2457 D OkHttp : <-- 200 https://testsaig1.gienger.cz/GiengerService.svc/manifestinfo (150ms)
08-16 09:18:19.895 2708 2457 D OkHttp : content-type: application/xml; charset=utf-8
08-16 09:18:19.895 2708 2457 D OkHttp : server: Microsoft-IIS/10.0
08-16 09:18:19.895 2708 2457 D OkHttp : x-powered-by: ASP.NET
08-16 09:18:19.895 2708 2457 D OkHttp : date: Thu, 16 Aug 2018 07:18:18 GMT
08-16 09:18:19.895 2708 2457 D OkHttp : content-length: 183
08-16 09:18:19.895 2708 2457 D OkHttp : <-- END HTTP
08-16 09:18:19.925 2708 2463 D MYINTERCEPTOR: /GiengerService.svc/corrections
08-16 09:18:19.926 2708 2463 D OkHttp : --> GET https://testsaig1.gienger.cz/GiengerService.svc/corrections http/1.1
08-16 09:18:19.926 2708 2463 D OkHttp : token: 08106cd19b424cd58e5bd501f943ae3a
08-16 09:18:19.926 2708 2463 D OkHttp : --> END GET
08-16 09:18:20.045 2708 2463 D OkHttp : <-- 200 https://testsaig1.gienger.cz/GiengerService.svc/corrections (118ms)
08-16 09:18:20.045 2708 2463 D OkHttp : content-type: application/xml; charset=utf-8
08-16 09:18:20.045 2708 2463 D OkHttp : server: Microsoft-IIS/10.0
08-16 09:18:20.045 2708 2463 D OkHttp : x-powered-by: ASP.NET
08-16 09:18:20.046 2708 2463 D OkHttp : date: Thu, 16 Aug 2018 07:18:18 GMT
08-16 09:18:20.046 2708 2463 D OkHttp : content-length: 1267
08-16 09:18:20.046 2708 2463 D OkHttp : <-- END HTTP
08-16 09:18:20.062 2708 2463 D MYINTERCEPTOR: /GiengerService.svc/getorder
08-16 09:18:20.065 2708 2463 D OkHttp : --> POST https://testsaig1.gienger.cz/GiengerService.svc/getorder http/1.1
08-16 09:18:20.065 2708 2463 D OkHttp : Content-Length: 0
08-16 09:18:20.065 2708 2463 D OkHttp : name: 130HT1180206153.xml
08-16 09:18:20.065 2708 2463 D OkHttp : token: 08106cd19b424cd58e5bd501f943ae3a
08-16 09:18:20.065 2708 2463 D OkHttp : --> END POST
08-16 09:18:20.220 2708 2463 D OkHttp : <-- 200 https://testsaig1.gienger.cz/GiengerService.svc/getorder (154ms)
08-16 09:18:20.220 2708 2463 D OkHttp : content-type: application/xml; charset=utf-8
08-16 09:18:20.220 2708 2463 D OkHttp : server: Microsoft-IIS/10.0
08-16 09:18:20.220 2708 2463 D OkHttp : checksum: 6a8ece5ff0f4012acaf875a46fac6896
08-16 09:18:20.220 2708 2463 D OkHttp : x-powered-by: ASP.NET
08-16 09:18:20.220 2708 2463 D OkHttp : date: Thu, 16 Aug 2018 07:18:18 GMT
08-16 09:18:20.221 2708 2463 D OkHttp : content-length: 168493
08-16 09:18:20.221 2708 2463 D OkHttp : <-- END HTTP
08-16 09:18:20.394 2708 2463 D MYINTERCEPTOR: /GiengerService.svc/getorder
08-16 09:18:20.395 2708 2463 D OkHttp : --> POST https://testsaig1.gienger.cz/GiengerService.svc/getorder http/1.1
08-16 09:18:20.395 2708 2463 D OkHttp : Content-Length: 0
08-16 09:18:20.395 2708 2463 D OkHttp : name: 130HT1180207450.xml
08-16 09:18:20.395 2708 2463 D OkHttp : token: 08106cd19b424cd58e5bd501f943ae3a
08-16 09:18:20.395 2708 2463 D OkHttp : --> END POST
08-16 09:18:20.471 2708 2463 D OkHttp : <-- 200 https://testsaig1.gienger.cz/GiengerService.svc/getorder (75ms)
08-16 09:18:20.471 2708 2463 D OkHttp : content-type: application/xml; charset=utf-8
08-16 09:18:20.471 2708 2463 D OkHttp : server: Microsoft-IIS/10.0
08-16 09:18:20.471 2708 2463 D OkHttp : checksum: 4dcae993aebf2f3729f3474a7bd71942
08-16 09:18:20.471 2708 2463 D OkHttp : x-powered-by: ASP.NET
08-16 09:18:20.471 2708 2463 D OkHttp : date: Thu, 16 Aug 2018 07:18:18 GMT
08-16 09:18:20.471 2708 2463 D OkHttp : content-length: 185143
08-16 09:18:20.471 2708 2463 D OkHttp : <-- END HTTP
08-16 09:18:20.663 2708 2463 D MYINTERCEPTOR: /GiengerService.svc/getorder
08-16 09:18:20.665 2708 2463 D OkHttp : --> POST https://testsaig1.gienger.cz/GiengerService.svc/getorder http/1.1
08-16 09:18:20.665 2708 2463 D OkHttp : Content-Length: 0
08-16 09:18:20.665 2708 2463 D OkHttp : name: 130HT1181302358.xml
08-16 09:18:20.665 2708 2463 D OkHttp : token: 08106cd19b424cd58e5bd501f943ae3a
08-16 09:18:20.665 2708 2463 D OkHttp : --> END POST
08-16 09:18:20.728 2708 2463 D OkHttp : <-- 200 https://testsaig1.gienger.cz/GiengerService.svc/getorder (62ms)
08-16 09:18:20.728 2708 2463 D OkHttp : content-type: application/xml; charset=utf-8
08-16 09:18:20.728 2708 2463 D OkHttp : server: Microsoft-IIS/10.0
08-16 09:18:20.728 2708 2463 D OkHttp : checksum: a0e632c69b81303f54caafc6ed93e99f
08-16 09:18:20.728 2708 2463 D OkHttp : x-powered-by: ASP.NET
08-16 09:18:20.729 2708 2463 D OkHttp : date: Thu, 16 Aug 2018 07:18:18 GMT
08-16 09:18:20.729 2708 2463 D OkHttp : content-length: 204637
08-16 09:18:20.729 2708 2463 D OkHttp : <-- END HTTP
08-16 09:18:20.872 2708 2708 D ViewRootImpl@4f2b54[LoginActivity]: mHardwareRenderer.destroy()#4
08-16 09:18:20.872 2708 2708 D ViewRootImpl@4f2b54[LoginActivity]: dispatchDetachedFromWindow
08-16 09:18:20.880 2708 2708 D InputTransport: Input channel destroyed: fd=74
08-16 09:18:20.881 2708 2708 D ViewRootImpl@b3b4cff[LoginActivity]: MSG_WINDOW_FOCUS_CHANGED 1
08-16 09:18:20.881 2708 2708 D ViewRootImpl@b3b4cff[LoginActivity]: mHardwareRenderer.initializeIfNeeded()#2 mSurface={isValid=true -1845358592}
08-16 09:18:20.882 2708 2708 V InputMethodManager: Starting input: tba=android.view.inputmethod.EditorInfo@2dbdd6d nm : cz.gienger.mobile ic=null
08-16 09:18:20.882 2708 2708 I InputMethodManager: startInputInner - mService.startInputOrWindowGainedFocus
08-16 09:18:20.884 2708 2708 D InputTransport: Input channel constructed: fd=74
08-16 09:18:20.884 2708 2708 D InputTransport: Input channel destroyed: fd=59
08-16 09:18:20.884 2708 2708 E ViewRootImpl: sendUserActionEvent() returned.
08-16 09:18:20.904 2708 2708 D AbsListView: in onLayout changed
08-16 09:18:20.979 2708 2708 D AbsListView: in onLayout changed
08-16 09:18:22.560 2708 2708 D ViewRootImpl@b3b4cff[LoginActivity]: ViewPostImeInputStage processPointer 0
08-16 09:18:22.651 2708 2708 D ViewRootImpl@b3b4cff[LoginActivity]: ViewPostImeInputStage processPointer 1
08-16 09:18:22.652 2708 2708 D AbsListView: onTouchUp() mTouchMode : 0
08-16 09:18:24.135 2708 2708 D ViewRootImpl@b3b4cff[LoginActivity]: ViewPostImeInputStage processPointer 0
08-16 09:18:24.187 2708 2708 D ViewRootImpl@b3b4cff[LoginActivity]: ViewPostImeInputStage processPointer 1
08-16 09:18:24.205 2708 2708 D ScrollView: initGoToTop
08-16 09:18:24.208 2708 2708 D ScrollView: initGoToTop
08-16 09:18:24.216 2708 2708 D ViewRootImpl@4ef5b5f[LoginActivity]: ThreadedRenderer.create() translucent=true
08-16 09:18:24.221 2708 2708 D InputTransport: Input channel constructed: fd=68
08-16 09:18:24.221 2708 2708 D ViewRootImpl@4ef5b5f[LoginActivity]: setView = DecorView@23b09ac[LoginActivity] touchMode=true
08-16 09:18:24.222 2708 2708 D ViewRootImpl@4ef5b5f[LoginActivity]: dispatchAttachedToWindow
08-16 09:18:24.244 2708 2708 D ViewRootImpl@4ef5b5f[LoginActivity]: Relayout returned: oldFrame=[0,0][0,0] newFrame=[108,450][660,597] result=0x27 surface={isValid=true -1848768512} surfaceGenerationChanged=true
08-16 09:18:24.244 2708 2708 D ViewRootImpl@4ef5b5f[LoginActivity]: mHardwareRenderer.initialize() mSurface={isValid=true -1848768512} hwInitialized=true
08-16 09:18:24.248 2708 2708 D ScrollView: onsize change changed
08-16 09:18:24.248 2708 2708 D ScrollView: onsize change changed
08-16 09:18:24.261 2708 2708 D ViewRootImpl@4ef5b5f[LoginActivity]: MSG_WINDOW_FOCUS_CHANGED 1
08-16 09:18:24.262 2708 2708 D ViewRootImpl@4ef5b5f[LoginActivity]: mHardwareRenderer.initializeIfNeeded()#2 mSurface={isValid=true -1848768512}
08-16 09:18:24.274 2708 2708 D ViewRootImpl@4ef5b5f[LoginActivity]: MSG_RESIZED_REPORT: frame=Rect(108, 450 - 660, 597) ci=Rect(0, 0 - 0, 0) vi=Rect(0, 0 - 0, 0) or=1
08-16 09:18:24.290 2708 2708 D ViewRootImpl@b3b4cff[LoginActivity]: MSG_WINDOW_FOCUS_CHANGED 0
08-16 09:18:25.215 2708 2708 D ViewRootImpl@4ef5b5f[LoginActivity]: ViewPostImeInputStage processPointer 0
08-16 09:18:25.288 2708 2708 D ViewRootImpl@4ef5b5f[LoginActivity]: ViewPostImeInputStage processPointer 1
08-16 09:18:25.309 2708 2708 D ScrollView: initGoToTop
08-16 09:18:25.314 2708 2708 D ScrollView: initGoToTop
08-16 09:18:25.321 2708 2708 D ViewRootImpl@9e1a129[LoginActivity]: ThreadedRenderer.create() translucent=true
08-16 09:18:25.326 2708 2708 D InputTransport: Input channel constructed: fd=77
08-16 09:18:25.326 2708 2708 D ViewRootImpl@9e1a129[LoginActivity]: setView = DecorView@2e24cae[LoginActivity] touchMode=true
08-16 09:18:25.327 2708 2457 D MYINTERCEPTOR: /GiengerService.svc/assign/H13_trasa_H13-02_ranni_30_07_2018
08-16 09:18:25.328 2708 2457 D OkHttp : --> POST https://testsaig1.gienger.cz/GiengerService.svc/assign/H13_trasa_H13-02_ranni_30_07_2018 http/1.1
08-16 09:18:25.328 2708 2457 D OkHttp : Content-Length: 0
08-16 09:18:25.328 2708 2457 D OkHttp : token: 08106cd19b424cd58e5bd501f943ae3a
08-16 09:18:25.328 2708 2457 D OkHttp : --> END POST
08-16 09:18:25.337 2708 2708 D ViewRootImpl@4ef5b5f[LoginActivity]: mHardwareRenderer.destroy()#4
08-16 09:18:25.337 2708 2708 D ViewRootImpl@4ef5b5f[LoginActivity]: dispatchDetachedFromWindow
08-16 09:18:25.348 2708 2708 D InputTransport: Input channel destroyed: fd=68
08-16 09:18:25.349 2708 2708 D ViewRootImpl@9e1a129[LoginActivity]: dispatchAttachedToWindow
08-16 09:18:25.380 2708 2708 D ViewRootImpl@9e1a129[LoginActivity]: Relayout returned: oldFrame=[0,0][0,0] newFrame=[108,466][660,582] result=0x27 surface={isValid=true -1848768512} surfaceGenerationChanged=true
08-16 09:18:25.380 2708 2708 D ViewRootImpl@9e1a129[LoginActivity]: mHardwareRenderer.initialize() mSurface={isValid=true -1848768512} hwInitialized=true
08-16 09:18:25.383 2708 2708 D ViewRootImpl@9e1a129[LoginActivity]: MSG_WINDOW_FOCUS_CHANGED 1
08-16 09:18:25.384 2708 2708 D ViewRootImpl@9e1a129[LoginActivity]: mHardwareRenderer.initializeIfNeeded()#2 mSurface={isValid=true -1848768512}
08-16 09:18:25.398 2708 2708 D ViewRootImpl@9e1a129[LoginActivity]: MSG_RESIZED_REPORT: frame=Rect(108, 466 - 660, 582) ci=Rect(0, 0 - 0, 0) vi=Rect(0, 0 - 0, 0) or=1
08-16 09:18:25.412 2708 2708 E ViewRootImpl: sendUserActionEvent() returned.
08-16 09:18:25.415 2708 2457 D OkHttp : <-- 200 https://testsaig1.gienger.cz/GiengerService.svc/assign/H13_trasa_H13-02_ranni_30_07_2018 (87ms)
08-16 09:18:25.415 2708 2457 D OkHttp : content-type: application/xml; charset=utf-8
08-16 09:18:25.415 2708 2457 D OkHttp : server: Microsoft-IIS/10.0
08-16 09:18:25.416 2708 2457 D OkHttp : x-powered-by: ASP.NET
08-16 09:18:25.416 2708 2457 D OkHttp : date: Thu, 16 Aug 2018 07:18:24 GMT
08-16 09:18:25.416 2708 2457 D OkHttp : content-length: 187
08-16 09:18:25.416 2708 2457 D OkHttp : <-- END HTTP
08-16 09:18:25.449 2708 2708 D ViewRootImpl@9e1a129[LoginActivity]: mHardwareRenderer.destroy()#4
08-16 09:18:25.449 2708 2708 D ViewRootImpl@9e1a129[LoginActivity]: dispatchDetachedFromWindow
08-16 09:18:25.457 2708 2708 D InputTransport: Input channel destroyed: fd=77
08-16 09:18:25.462 2708 2708 D ALARM_REUPLOAD: alarm already scheduled
08-16 09:18:25.489 2708 2708 D ScrollView: initGoToTop
08-16 09:18:25.495 2708 2708 D ScrollView: initGoToTop
08-16 09:18:25.504 2708 2708 D ViewRootImpl@d914240[LoginActivity]: ThreadedRenderer.create() translucent=true
08-16 09:18:25.512 2708 2708 D InputTransport: Input channel constructed: fd=77
08-16 09:18:25.512 2708 2708 D ViewRootImpl@d914240[LoginActivity]: setView = DecorView@688e579[LoginActivity] touchMode=true
08-16 09:18:25.514 2708 2708 D ViewRootImpl@d914240[LoginActivity]: dispatchAttachedToWindow
08-16 09:18:25.515 2708 2472 D MYINTERCEPTOR: /GiengerService.svc/metadata
08-16 09:18:25.523 2708 2472 D OkHttp : --> GET https://testsaig1.gienger.cz/GiengerService.svc/metadata http/1.1
08-16 09:18:25.523 2708 2472 D OkHttp : token: 08106cd19b424cd58e5bd501f943ae3a
08-16 09:18:25.523 2708 2472 D OkHttp : state: CZ
08-16 09:18:25.523 2708 2472 D OkHttp : --> END GET
08-16 09:18:25.552 2708 2708 D ViewRootImpl@d914240[LoginActivity]: Relayout returned: oldFrame=[0,0][0,0] newFrame=[108,466][660,582] result=0x27 surface={isValid=true -1825718272} surfaceGenerationChanged=true
08-16 09:18:25.552 2708 2708 D ViewRootImpl@d914240[LoginActivity]: mHardwareRenderer.initialize() mSurface={isValid=true -1825718272} hwInitialized=true
08-16 09:18:25.556 2708 2708 D ViewRootImpl@b3b4cff[LoginActivity]: MSG_WINDOW_FOCUS_CHANGED 1
