08-15 14:08:08.648 2708 11031 D FILE_MANAGER: Serializing delivery /data/user/0/cz.gienger.mobile/files/finished/130AT1180434140/130AT1180434140.xml
08-15 14:08:08.648 2708 11031 D FILE_MANAGER: Null files:
08-15 14:08:08.740 2708 11031 D MYINTERCEPTOR: /GiengerService.svc/sendorder
08-15 14:08:08.741 2708 11031 D OkHttp : --> POST https://testsaig1.gienger.cz/GiengerService.svc/sendorder http/1.1
08-15 14:08:08.742 2708 11031 D OkHttp : Content-Type: text/raw
08-15 14:08:08.742 2708 11031 D OkHttp : Content-Length: 9559
08-15 14:08:08.742 2708 11031 D OkHttp : filename: 130AT1180434140.xml
08-15 14:08:08.742 2708 11031 D OkHttp : Checksum: 9948a15bc9523e67840d64cb60947bc2
08-15 14:08:08.742 2708 11031 D OkHttp : token: 8a1e8ea68c9b4da469fa9bcbb6e6a055
08-15 14:08:08.742 2708 11031 D OkHttp : --> END POST
08-15 14:08:08.964 2708 11031 D OkHttp : <-- 200 https://testsaig1.gienger.cz/GiengerService.svc/sendorder (222ms)
08-15 14:08:08.965 2708 11031 D OkHttp : content-type: application/xml; charset=utf-8
08-15 14:08:08.965 2708 11031 D OkHttp : server: Microsoft-IIS/10.0
08-15 14:08:08.965 2708 11031 D OkHttp : x-powered-by: ASP.NET
08-15 14:08:08.965 2708 11031 D OkHttp : date: Wed, 15 Aug 2018 12:08:08 GMT
08-15 14:08:08.965 2708 11031 D OkHttp : content-length: 175
08-15 14:08:08.965 2708 11031 D OkHttp : <-- END HTTP
08-15 14:08:08.968 2708 11031 D sendOrder_SUCCESS: 200
08-15 14:08:08.999 2708 11031 D MESSAGE_SERVICE: ACTION_RESEND_ORDERS
08-15 14:08:09.064 2708 2718 I art : Background partial concurrent mark sweep GC freed 108259(4MB) AllocSpace objects, 7(140KB) LOS objects, 60% free, 7MB/19MB, paused 3.525ms total 116.951ms
08-15 14:08:09.311 2708 2708 D AbsListView: in onLayout changed
08-15 14:08:09.581 2708 2708 D AbsListView: in onLayout changed
08-15 14:08:09.629 2708 2708 D Graph : removeVertex() : insertDummyVertex, because there is no ancestor.
08-15 14:08:09.636 2708 2708 D TextView: SYANI: Clipboard API is calling: clearFilter()
08-15 14:08:09.636 2708 2708 D TextView: SYANI: Clipboard API is calling: unregisterClipboardEventListener()
08-15 14:08:09.645 2708 2708 D ViewRootImpl@35bc0e2[CancelDeliveryActivity]: mHardwareRenderer.destroy()#4
08-15 14:08:09.645 2708 2708 D ViewRootImpl@35bc0e2[CancelDeliveryActivity]: dispatchDetachedFromWindow
08-15 14:08:09.654 2708 2708 D InputTransport: Input channel destroyed: fd=70
08-15 14:08:09.654 2708 2708 D LOCATION_SERVICE: onDestroy
08-15 14:08:20.690 2708 2708 D ViewRootImpl@cae44b2[MainActivity]: ViewPostImeInputStage processPointer 0
08-15 14:08:20.747 2708 2708 D AbsListView: reportScrollStateChange() newState : 1
08-15 14:08:21.392 2708 2708 D ViewRootImpl@cae44b2[MainActivity]: ViewPostImeInputStage processPointer 1
08-15 14:08:21.392 2708 2708 D AbsListView: onTouchUp() mTouchMode : 3
08-15 14:08:21.392 2708 2708 D AbsListView: onTouchUp() TOUCH_MODE_SCROLL initialVelocity : -1023
08-15 14:08:21.392 2708 2708 D AbsListView: reportScrollStateChange() newState : 2
08-15 14:08:21.985 2708 2708 D AbsListView: reportScrollStateChange() newState : 0
08-15 14:08:22.314 2708 2708 D ViewRootImpl@cae44b2[MainActivity]: ViewPostImeInputStage processPointer 0
08-15 14:08:22.393 2708 2708 D ViewRootImpl@cae44b2[MainActivity]: ViewPostImeInputStage processPointer 1
08-15 14:08:22.423 2708 2708 D item_click: viewId = 2131820758, position = 3
08-15 14:08:22.472 2708 2708 D ViewRootImpl@cae44b2[MainActivity]: MSG_WINDOW_FOCUS_CHANGED 0
08-15 14:08:22.522 2708 2708 D ScrollView: initGoToTop
08-15 14:08:22.583 2708 2708 D ViewRootImpl@b05ddc[CancelDeliveryActivity]: ThreadedRenderer.create() translucent=false
08-15 14:08:22.588 2708 2708 D InputTransport: Input channel constructed: fd=63
08-15 14:08:22.588 2708 2708 D ViewRootImpl@b05ddc[CancelDeliveryActivity]: setView = DecorView@bd92ee5[CancelDeliveryActivity] touchMode=true
08-15 14:08:22.597 2708 2708 D ViewRootImpl@b05ddc[CancelDeliveryActivity]: dispatchAttachedToWindow
08-15 14:08:22.630 2708 2708 D ViewRootImpl@b05ddc[CancelDeliveryActivity]: Relayout returned: oldFrame=[0,0][0,0] newFrame=[0,0][768,1024] result=0x27 surface={isValid=true -1801938944} surfaceGenerationChanged=true
08-15 14:08:22.630 2708 2708 D ViewRootImpl@b05ddc[CancelDeliveryActivity]: mHardwareRenderer.initialize() mSurface={isValid=true -1801938944} hwInitialized=true
08-15 14:08:22.638 2708 2708 D ScrollView: onsize change changed
08-15 14:08:22.639 2708 2708 D LOCATION_SERVICE: LocationListener gps
08-15 14:08:22.640 2708 2708 D LOCATION_SERVICE: LocationListener network
08-15 14:08:22.641 2708 2708 D LOCATION_SERVICE: onCreate
08-15 14:08:22.642 2708 2708 D LOCATION_SERVICE: initializeLocationManager
08-15 14:08:22.651 2708 2708 D LOCATION_SERVICE: onStartCommand
08-15 14:08:22.701 2708 2708 D ViewRootImpl@b05ddc[CancelDeliveryActivity]: MSG_RESIZED_REPORT: frame=Rect(0, 0 - 768, 1024) ci=Rect(0, 24 - 0, 0) vi=Rect(0, 24 - 0, 0) or=1
08-15 14:08:22.701 2708 2708 D ViewRootImpl@b05ddc[CancelDeliveryActivity]: MSG_WINDOW_FOCUS_CHANGED 1
08-15 14:08:22.702 2708 2708 D ViewRootImpl@b05ddc[CancelDeliveryActivity]: mHardwareRenderer.initializeIfNeeded()#2 mSurface={isValid=true -1801938944}
08-15 14:08:22.707 2708 2708 V InputMethodManager: Starting input: tba=android.view.inputmethod.EditorInfo@e5b255e nm : cz.gienger.mobile ic=null
08-15 14:08:22.707 2708 2708 I InputMethodManager: startInputInner - mService.startInputOrWindowGainedFocus
08-15 14:08:22.711 2708 2708 D InputTransport: Input channel constructed: fd=61
08-15 14:08:22.711 2708 2708 D InputTransport: Input channel destroyed: fd=67
08-15 14:08:22.776 2708 2774 D OpenGLRenderer: endAllActiveAnimators on 0x932f9880 (RippleDrawable) with handle 0x925fe5b0
08-15 14:08:22.776 2708 2708 D ViewRootImpl@cae44b2[MainActivity]: mHardwareRenderer.destroy()#1
08-15 14:08:22.784 2708 2708 D ViewRootImpl@cae44b2[MainActivity]: Relayout returned: oldFrame=[0,0][768,1024] newFrame=[0,0][768,1024] result=0x5 surface={isValid=false 0} surfaceGenerationChanged=true
08-15 14:08:23.145 2708 2708 D ViewRootImpl@cae44b2[MainActivity]: Relayout returned: oldFrame=[0,0][768,1024] newFrame=[0,0][768,1024] result=0x5 surface={isValid=false 0} surfaceGenerationChanged=false
08-15 14:08:23.649 2708 2708 D ViewRootImpl@b05ddc[CancelDeliveryActivity]: ViewPostImeInputStage processPointer 0
08-15 14:08:23.699 2708 2708 D ViewRootImpl@b05ddc[CancelDeliveryActivity]: ViewPostImeInputStage processPointer 1
08-15 14:08:24.353 2708 2708 D ViewRootImpl@b05ddc[CancelDeliveryActivity]: ViewPostImeInputStage processPointer 0
08-15 14:08:24.391 2708 2708 D ViewRootImpl@b05ddc[CancelDeliveryActivity]: ViewPostImeInputStage processPointer 1
08-15 14:08:24.408 2708 2708 D UNDELIVERED: Reason ID = 9, Comment =
08-15 14:08:24.502 2708 2708 D ViewRootImpl@b05ddc[CancelDeliveryActivity]: MSG_WINDOW_FOCUS_CHANGED 0
08-15 14:08:24.505 2708 11040 D MESSAGE_SERVICE: ACTION_COMPRESS_AND_UPLOAD
08-15 14:08:24.567 2708 2708 D ViewRootImpl@cae44b2[MainActivity]: mHardwareRenderer.destroy()#4
08-15 14:08:24.567 2708 2708 D ViewRootImpl@cae44b2[MainActivity]: dispatchDetachedFromWindow
08-15 14:08:24.576 2708 2708 D InputTransport: Input channel destroyed: fd=76
08-15 14:08:24.799 2708 2708 D ViewRootImpl@55d3b8a[MainActivity]: ThreadedRenderer.create() translucent=false
08-15 14:08:24.802 2708 2708 D InputTransport: Input channel constructed: fd=75
08-15 14:08:24.802 2708 2708 D ViewRootImpl@55d3b8a[MainActivity]: setView = DecorView@79295fb[MainActivity] touchMode=true
08-15 14:08:24.804 2708 2708 D ViewRootImpl@55d3b8a[MainActivity]: dispatchAttachedToWindow
08-15 14:08:24.866 2708 2708 D ViewRootImpl@55d3b8a[MainActivity]: Relayout returned: oldFrame=[0,0][0,0] newFrame=[0,0][768,1024] result=0x27 surface={isValid=true -1847754752} surfaceGenerationChanged=true
08-15 14:08:24.866 2708 2708 D ViewRootImpl@55d3b8a[MainActivity]: mHardwareRenderer.initialize() mSurface={isValid=true -1847754752} hwInitialized=true
08-15 14:08:24.945 2708 2708 D AbsListView: in onLayout changed
08-15 14:08:24.967 2708 2774 D OpenGLRenderer: endAllActiveAnimators on 0x93d51080 (RippleDrawable) with handle 0x91f8e300
08-15 14:08:24.967 2708 2708 D ViewRootImpl@b05ddc[CancelDeliveryActivity]: mHardwareRenderer.destroy()#1
08-15 14:08:24.977 2708 2708 D ViewRootImpl@b05ddc[CancelDeliveryActivity]: Relayout returned: oldFrame=[0,0][768,1024] newFrame=[0,0][768,1024] result=0x5 surface={isValid=false 0} surfaceGenerationChanged=true
08-15 14:08:25.038 2708 2708 D ViewRootImpl@55d3b8a[MainActivity]: MSG_RESIZED_REPORT: frame=Rect(0, 0 - 768, 1024) ci=Rect(0, 24 - 0, 0) vi=Rect(0, 24 - 0, 0) or=1
08-15 14:08:25.038 2708 2708 D ViewRootImpl@55d3b8a[MainActivity]: MSG_WINDOW_FOCUS_CHANGED 1
08-15 14:08:25.038 2708 2708 D ViewRootImpl@55d3b8a[MainActivity]: mHardwareRenderer.initializeIfNeeded()#2 mSurface={isValid=true -1847754752}
08-15 14:08:25.039 2708 2708 V InputMethodManager: Starting input: tba=android.view.inputmethod.EditorInfo@f90877 nm : cz.gienger.mobile ic=null
08-15 14:08:25.040 2708 2708 I InputMethodManager: startInputInner - mService.startInputOrWindowGainedFocus
08-15 14:08:25.049 2708 2708 D InputTransport: Input channel constructed: fd=74
08-15 14:08:25.049 2708 2708 D InputTransport: Input channel destroyed: fd=61
08-15 14:08:25.085 2708 2708 D TextView: SYANI: Clipboard API is calling: clearFilter()
08-15 14:08:25.085 2708 2708 D TextView: SYANI: Clipboard API is calling: unregisterClipboardEventListener()
08-15 14:08:25.095 2708 2708 D ViewRootImpl@b05ddc[CancelDeliveryActivity]: mHardwareRenderer.destroy()#4
08-15 14:08:25.095 2708 2708 D ViewRootImpl@b05ddc[CancelDeliveryActivity]: dispatchDetachedFromWindow
08-15 14:08:25.100 2708 2708 D InputTransport: Input channel destroyed: fd=63
08-15 14:08:25.101 2708 2708 D LOCATION_SERVICE: onDestroy
08-15 14:08:25.245 2708 11040 D FILE_MANAGER: Serializing delivery /data/user/0/cz.gienger.mobile/files/finished/130AT1180434141/130AT1180434141.xml
08-15 14:08:25.245 2708 11040 D FILE_MANAGER: Null files:
08-15 14:08:25.306 2708 11040 D MYINTERCEPTOR: /GiengerService.svc/sendorder
08-15 14:08:25.306 2708 11040 D OkHttp : --> POST https://testsaig1.gienger.cz/GiengerService.svc/sendorder http/1.1
08-15 14:08:25.307 2708 11040 D OkHttp : Content-Type: text/raw
08-15 14:08:25.307 2708 11040 D OkHttp : Content-Length: 3477
08-15 14:08:25.307 2708 11040 D OkHttp : filename: 130AT1180434141.xml
08-15 14:08:25.307 2708 11040 D OkHttp : Checksum: a7152ae6e8b6d46edf169bf827d4acec
08-15 14:08:25.307 2708 11040 D OkHttp : token: 8a1e8ea68c9b4da469fa9bcbb6e6a055
08-15 14:08:25.307 2708 11040 D OkHttp : --> END POST
08-15 14:08:25.417 2708 11040 D OkHttp : <-- 200 https://testsaig1.gienger.cz/GiengerService.svc/sendorder (110ms)
08-15 14:08:25.417 2708 11040 D OkHttp : content-type: application/xml; charset=utf-8
08-15 14:08:25.417 2708 11040 D OkHttp : server: Microsoft-IIS/10.0
08-15 14:08:25.418 2708 11040 D OkHttp : x-powered-by: ASP.NET
08-15 14:08:25.418 2708 11040 D OkHttp : date: Wed, 15 Aug 2018 12:08:24 GMT
08-15 14:08:25.418 2708 11040 D OkHttp : content-length: 175
08-15 14:08:25.418 2708 11040 D OkHttp : <-- END HTTP
08-15 14:08:25.421 2708 11040 D sendOrder_SUCCESS: 200
08-15 14:08:25.442 2708 11040 D MESSAGE_SERVICE: ACTION_RESEND_ORDERS
08-15 14:08:25.721 2708 2708 D AbsListView: in onLayout changed
08-15 14:08:25.944 2708 2708 D ViewRootImpl@55d3b8a[MainActivity]: ViewPostImeInputStage processPointer 0
08-15 14:08:26.035 2708 2708 D AbsListView: in onLayout changed
08-15 14:08:26.350 2708 2708 D ViewRootImpl@55d3b8a[MainActivity]: ViewPostImeInputStage processPointer 1
08-15 14:08:26.620 2708 2708 D ViewRootImpl@55d3b8a[MainActivity]: ViewPostImeInputStage processPointer 0
08-15 14:08:26.662 2708 2708 D AbsListView: reportScrollStateChange() newState : 1
08-15 14:08:27.181 2708 2708 D ViewRootImpl@55d3b8a[MainActivity]: ViewPostImeInputStage processPointer 1
08-15 14:08:27.181 2708 2708 D AbsListView: onTouchUp() mTouchMode : 3
08-15 14:08:27.181 2708 2708 D AbsListView: onTouchUp() TOUCH_MODE_SCROLL initialVelocity : -43
08-15 14:08:27.181 2708 2708 D AbsListView: reportScrollStateChange() newState : 0
08-15 14:08:27.449 2708 2708 D ViewRootImpl@55d3b8a[MainActivity]: ViewPostImeInputStage processPointer 0
08-15 14:08:27.497 2708 2708 D AbsListView: reportScrollStateChange() newState : 1
08-15 14:08:28.119 2708 2708 D ViewRootImpl@55d3b8a[MainActivity]: ViewPostImeInputStage processPointer 1
08-15 14:08:28.120 2708 2708 D AbsListView: onTouchUp() mTouchMode : 3
08-15 14:08:28.120 2708 2708 D AbsListView: onTouchUp() TOUCH_MODE_SCROLL initialVelocity : 135
08-15 14:08:28.120 2708 2708 D AbsListView: reportScrollStateChange() newState : 2
08-15 14:08:28.282 2708 2708 D AbsListView: reportScrollStateChange() newState : 0
08-15 14:08:28.559 2708 2708 D ViewRootImpl@55d3b8a[MainActivity]: ViewPostImeInputStage processPointer 0
08-15 14:08:28.583 2708 2708 D AbsListView: reportScrollStateChange() newState : 1
08-15 14:08:28.683 2708 2708 D ViewRootImpl@55d3b8a[MainActivity]: ViewPostImeInputStage processPointer 1
08-15 14:08:28.683 2708 2708 D AbsListView: onTouchUp() mTouchMode : 3
08-15 14:08:28.684 2708 2708 D AbsListView: onTouchUp() TOUCH_MODE_SCROLL initialVelocity : 5307
08-15 14:08:28.684 2708 2708 D AbsListView: reportScrollStateChange() newState : 2
08-15 14:08:28.968 2708 2708 D AbsListView: reportScrollStateChange() newState : 0
08-15 14:08:29.613 2708 2708 D ViewRootImpl@55d3b8a[MainActivity]: ViewPostImeInputStage processPointer 0
08-15 14:08:29.635 2708 2708 D AbsListView: reportScrollStateChange() newState : 1
08-15 14:08:30.076 2708 2708 D ViewRootImpl@55d3b8a[MainActivity]: ViewPostImeInputStage processPointer 1
08-15 14:08:30.076 2708 2708 D AbsListView: onTouchUp() mTouchMode : 3
08-15 14:08:30.076 2708 2708 D AbsListView: onTouchUp() TOUCH_MODE_SCROLL initialVelocity : 3
08-15 14:08:30.076 2708 2708 D AbsListView: reportScrollStateChange() newState : 0
08-15 14:08:30.665 2708 2708 D ViewRootImpl@55d3b8a[MainActivity]: ViewPostImeInputStage processPointer 0
08-15 14:08:30.724 2708 2708 D ViewRootImpl@55d3b8a[MainActivity]: ViewPostImeInputStage processPointer 1
08-15 14:08:30.743 2708 2708 D item_click: viewId = 2131820758, position = 4
08-15 14:08:30.793 2708 2708 D ViewRootImpl@55d3b8a[MainActivity]: MSG_WINDOW_FOCUS_CHANGED 0
08-15 14:08:30.817 2708 2708 D Graph : removeVertex() : insertDummyVertex, because there is no ancestor.
08-15 14:08:30.842 2708 2708 D ScrollView: initGoToTop
08-15 14:08:30.903 2708 2708 D ViewRootImpl@276bc0c[CancelDeliveryActivity]: ThreadedRenderer.create() translucent=false
08-15 14:08:30.909 2708 2708 D InputTransport: Input channel constructed: fd=70
08-15 14:08:30.910 2708 2708 D ViewRootImpl@276bc0c[CancelDeliveryActivity]: setView = DecorView@721e955[CancelDeliveryActivity] touchMode=true
08-15 14:08:30.911 2708 2708 D LOCATION_SERVICE: LocationListener gps
08-15 14:08:30.912 2708 2708 D LOCATION_SERVICE: LocationListener network
08-15 14:08:30.913 2708 2708 D LOCATION_SERVICE: onCreate
08-15 14:08:30.913 2708 2708 D LOCATION_SERVICE: initializeLocationManager
08-15 14:08:30.926 2708 2708 D LOCATION_SERVICE: onStartCommand
08-15 14:08:30.935 2708 2708 D ViewRootImpl@276bc0c[CancelDeliveryActivity]: dispatchAttachedToWindow
08-15 14:08:30.984 2708 2708 D ViewRootImpl@276bc0c[CancelDeliveryActivity]: Relayout returned: oldFrame=[0,0][0,0] newFrame=[0,0][768,1024] result=0x27 surface={isValid=true -1801938944} surfaceGenerationChanged=true
08-15 14:08:30.985 2708 2708 D ViewRootImpl@276bc0c[CancelDeliveryActivity]: mHardwareRenderer.initialize() mSurface={isValid=true -1801938944} hwInitialized=true
08-15 14:08:30.990 2708 2708 D ScrollView: onsize change changed
08-15 14:08:31.028 2708 2708 D ViewRootImpl@276bc0c[CancelDeliveryActivity]: MSG_RESIZED_REPORT: frame=Rect(0, 0 - 768, 1024) ci=Rect(0, 24 - 0, 0) vi=Rect(0, 24 - 0, 0) or=1
08-15 14:08:31.028 2708 2708 D ViewRootImpl@276bc0c[CancelDeliveryActivity]: MSG_WINDOW_FOCUS_CHANGED 1
08-15 14:08:31.028 2708 2708 D ViewRootImpl@276bc0c[CancelDeliveryActivity]: mHardwareRenderer.initializeIfNeeded()#2 mSurface={isValid=true -1801938944}
08-15 14:08:31.033 2708 2708 V InputMethodManager: Starting input: tba=android.view.inputmethod.EditorInfo@c0d0310 nm : cz.gienger.mobile ic=null
08-15 14:08:31.033 2708 2708 I InputMethodManager: startInputInner - mService.startInputOrWindowGainedFocus
08-15 14:08:31.046 2708 2708 D InputTransport: Input channel constructed: fd=87
08-15 14:08:31.046 2708 2708 D InputTransport: Input channel destroyed: fd=74
08-15 14:08:31.088 2708 2774 D OpenGLRenderer: endAllActiveAnimators on 0x91cfb080 (RippleDrawable) with handle 0x919f9a50
08-15 14:08:31.089 2708 2708 D ViewRootImpl@55d3b8a[MainActivity]: mHardwareRenderer.destroy()#1
08-15 14:08:31.097 2708 2708 D ViewRootImpl@55d3b8a[MainActivity]: Relayout returned: oldFrame=[0,0][768,1024] newFrame=[0,0][768,1024] result=0x5 surface={isValid=false 0} surfaceGenerationChanged=true
08-15 14:08:31.479 2708 2708 D ViewRootImpl@55d3b8a[MainActivity]: Relayout returned: oldFrame=[0,0][768,1024] newFrame=[0,0][768,1024] result=0x5 surface={isValid=false 0} surfaceGenerationChanged=false
08-15 14:08:31.834 2708 2708 D LOCATION_SERVICE: onLocationChanged: Location[network 49,191148,17,534401 acc=21 et=+1h39m14s640ms alt=0.0 vel=0.0 bear=0.0 {Bundle[mParcelledData.dataSize=80]}]
08-15 14:08:32.015 2708 2708 D ViewRootImpl@276bc0c[CancelDeliveryActivity]: ViewPostImeInputStage processPointer 0
08-15 14:08:32.055 2708 2708 D ViewRootImpl@276bc0c[CancelDeliveryActivity]: ViewPostImeInputStage processPointer 1
08-15 14:08:32.956 2708 2708 D ViewRootImpl@276bc0c[CancelDeliveryActivity]: ViewPostImeInputStage processPointer 0
08-15 14:08:33.004 2708 2708 D ViewRootImpl@276bc0c[CancelDeliveryActivity]: ViewPostImeInputStage processPointer 1
08-15 14:08:33.023 2708 2708 D UNDELIVERED: Reason ID = 9, Comment =
08-15 14:08:33.128 2708 2708 D ViewRootImpl@276bc0c[CancelDeliveryActivity]: MSG_WINDOW_FOCUS_CHANGED 0
08-15 14:08:33.130 2708 11046 D MESSAGE_SERVICE: ACTION_COMPRESS_AND_UPLOAD
08-15 14:08:33.165 2708 2708 D ViewRootImpl@55d3b8a[MainActivity]: mHardwareRenderer.destroy()#4
08-15 14:08:33.165 2708 2708 D ViewRootImpl@55d3b8a[MainActivity]: dispatchDetachedFromWindow
08-15 14:08:33.171 2708 2708 D InputTransport: Input channel destroyed: fd=75
08-15 14:08:33.400 2708 2708 D ViewRootImpl@3a1355c[MainActivity]: ThreadedRenderer.create() translucent=false
08-15 14:08:33.404 2708 2708 D InputTransport: Input channel constructed: fd=80
08-15 14:08:33.404 2708 2708 D ViewRootImpl@3a1355c[MainActivity]: setView = DecorView@b0df065[MainActivity] touchMode=true
08-15 14:08:33.406 2708 2708 D ViewRootImpl@3a1355c[MainActivity]: dispatchAttachedToWindow
08-15 14:08:33.470 2708 2708 D ViewRootImpl@3a1355c[MainActivity]: Relayout returned: oldFrame=[0,0][0,0] newFrame=[0,0][768,1024] result=0x27 surface={isValid=true -1847449600} surfaceGenerationChanged=true
08-15 14:08:33.470 2708 2708 D ViewRootImpl@3a1355c[MainActivity]: mHardwareRenderer.initialize() mSurface={isValid=true -1847449600} hwInitialized=true
08-15 14:08:33.560 2708 2708 D AbsListView: in onLayout changed
08-15 14:08:33.575 2708 2774 D OpenGLRenderer: endAllActiveAnimators on 0x93258500 (RippleDrawable) with handle 0x91fad210
08-15 14:08:33.575 2708 2708 D ViewRootImpl@276bc0c[CancelDeliveryActivity]: mHardwareRenderer.destroy()#1
08-15 14:08:33.582 2708 2708 D ViewRootImpl@276bc0c[CancelDeliveryActivity]: Relayout returned: oldFrame=[0,0][768,1024] newFrame=[0,0][768,1024] result=0x5 surface={isValid=false 0} surfaceGenerationChanged=true
08-15 14:08:33.643 2708 2708 D ViewRootImpl@3a1355c[MainActivity]: MSG_RESIZED_REPORT: frame=Rect(0, 0 - 768, 1024) ci=Rect(0, 24 - 0, 0) vi=Rect(0, 24 - 0, 0) or=1
08-15 14:08:33.643 2708 2708 D ViewRootImpl@3a1355c[MainActivity]: MSG_WINDOW_FOCUS_CHANGED 1
08-15 14:08:33.644 2708 2708 D ViewRootImpl@3a1355c[MainActivity]: mHardwareRenderer.initializeIfNeeded()#2 mSurface={isValid=true -1847449600}
08-15 14:08:33.645 2708 2708 V InputMethodManager: Starting input: tba=android.view.inputmethod.EditorInfo@59de677 nm : cz.gienger.mobile ic=null
08-15 14:08:33.645 2708 2708 I InputMethodManager: startInputInner - mService.startInputOrWindowGainedFocus
08-15 14:08:33.656 2708 2708 D InputTransport: Input channel constructed: fd=75
08-15 14:08:33.656 2708 2708 D InputTransport: Input channel destroyed: fd=87
08-15 14:08:33.690 2708 2708 D TextView: SYANI: Clipboard API is calling: clearFilter()
08-15 14:08:33.690 2708 2708 D TextView: SYANI: Clipboard API is calling: unregisterClipboardEventListener()
08-15 14:08:33.700 2708 2708 D ViewRootImpl@276bc0c[CancelDeliveryActivity]: mHardwareRenderer.destroy()#4
08-15 14:08:33.700 2708 2708 D ViewRootImpl@276bc0c[CancelDeliveryActivity]: dispatchDetachedFromWindow
08-15 14:08:33.707 2708 2708 D InputTransport: Input channel destroyed: fd=70
08-15 14:08:33.707 2708 2708 D LOCATION_SERVICE: onDestroy
08-15 14:08:33.853 2708 11046 D FILE_MANAGER: Serializing delivery /data/user/0/cz.gienger.mobile/files/finished/130AT1180434143/130AT1180434143.xml
08-15 14:08:33.853 2708 11046 D FILE_MANAGER: Null files:
08-15 14:08:33.928 2708 11046 D MYINTERCEPTOR: /GiengerService.svc/sendorder
08-15 14:08:33.929 2708 11046 D OkHttp : --> POST https://testsaig1.gienger.cz/GiengerService.svc/sendorder http/1.1
08-15 14:08:33.929 2708 11046 D OkHttp : Content-Type: text/raw
08-15 14:08:33.929 2708 11046 D OkHttp : Content-Length: 10526
08-15 14:08:33.929 2708 11046 D OkHttp : filename: 130AT1180434143.xml
08-15 14:08:33.929 2708 11046 D OkHttp : Checksum: e99f37f1db3bff9bbc01ef712c533793
08-15 14:08:33.929 2708 11046 D OkHttp : token: 8a1e8ea68c9b4da469fa9bcbb6e6a055
08-15 14:08:33.929 2708 11046 D OkHttp : --> END POST
08-15 14:08:34.034 2708 11046 D OkHttp : <-- 200 https://testsaig1.gienger.cz/GiengerService.svc/sendorder (105ms)
08-15 14:08:34.034 2708 11046 D OkHttp : content-type: application/xml; charset=utf-8
08-15 14:08:34.034 2708 11046 D OkHttp : server: Microsoft-IIS/10.0
08-15 14:08:34.034 2708 11046 D OkHttp : x-powered-by: ASP.NET
08-15 14:08:34.035 2708 11046 D OkHttp : date: Wed, 15 Aug 2018 12:08:33 GMT
08-15 14:08:34.035 2708 11046 D OkHttp : content-length: 175
08-15 14:08:34.035 2708 11046 D OkHttp : <-- END HTTP
08-15 14:08:34.038 2708 11046 D sendOrder_SUCCESS: 200
08-15 14:08:34.067 2708 11046 D MESSAGE_SERVICE: ACTION_RESEND_ORDERS
08-15 14:08:34.337 2708 2708 D AbsListView: in onLayout changed
08-15 14:08:34.633 2708 2708 D AbsListView: in onLayout changed
08-15 14:08:36.408 2708 2708 D ViewRootImpl@3a1355c[MainActivity]: ViewPostImeInputStage processPointer 0
08-15 14:08:36.451 2708 2708 D AbsListView: reportScrollStateChange() newState : 1
08-15 14:08:37.134 2708 2708 D ViewRootImpl@3a1355c[MainActivity]: ViewPostImeInputStage processPointer 1
08-15 14:08:37.134 2708 2708 D AbsListView: onTouchUp() mTouchMode : 3
08-15 14:08:37.135 2708 2708 D AbsListView: onTouchUp() TOUCH_MODE_SCROLL initialVelocity : 13
08-15 14:08:37.135 2708 2708 D AbsListView: reportScrollStateChange() newState : 0
08-15 14:08:37.547 2708 2708 D ViewRootImpl@3a1355c[MainActivity]: ViewPostImeInputStage processPointer 0
08-15 14:08:37.620 2708 2708 D AbsListView: reportScrollStateChange() newState : 1
08-15 14:08:38.501 2708 2708 D ViewRootImpl@3a1355c[MainActivity]: ViewPostImeInputStage processPointer 1
08-15 14:08:38.501 2708 2708 D AbsListView: onTouchUp() mTouchMode : 3
08-15 14:08:38.501 2708 2708 D AbsListView: onTouchUp() TOUCH_MODE_SCROLL initialVelocity : -3
08-15 14:08:38.501 2708 2708 D AbsListView: reportScrollStateChange() newState : 0
08-15 14:08:40.442 2708 2708 D ViewRootImpl@3a1355c[MainActivity]: ViewPostImeInputStage processPointer 0
08-15 14:08:40.499 2708 2708 D ViewRootImpl@3a1355c[MainActivity]: ViewPostImeInputStage processPointer 1
08-15 14:08:40.516 2708 2708 D item_click: viewId = 2131820758, position = 5
08-15 14:08:40.570 2708 2708 D ViewRootImpl@3a1355c[MainActivity]: MSG_WINDOW_FOCUS_CHANGED 0
08-15 14:08:40.596 2708 2708 D Graph : removeVertex() : insertDummyVertex, because there is no ancestor.
08-15 14:08:40.622 2708 2708 D ScrollView: initGoToTop
08-15 14:08:40.683 2708 2708 D ViewRootImpl@bd7a824[CancelDeliveryActivity]: ThreadedRenderer.create() translucent=false
08-15 14:08:40.686 2708 2708 D InputTransport: Input channel constructed: fd=89
08-15 14:08:40.686 2708 2708 D ViewRootImpl@bd7a824[CancelDeliveryActivity]: setView = DecorView@fe5bf8d[CancelDeliveryActivity] touchMode=true
08-15 14:08:40.688 2708 2708 D LOCATION_SERVICE: LocationListener gps
08-15 14:08:40.698 2708 2708 D LOCATION_SERVICE: LocationListener network
08-15 14:08:40.699 2708 2708 D LOCATION_SERVICE: onCreate
08-15 14:08:40.699 2708 2708 D LOCATION_SERVICE: initializeLocationManager
08-15 14:08:40.707 2708 2708 D LOCATION_SERVICE: onStartCommand
08-15 14:08:40.714 2708 2708 D ViewRootImpl@bd7a824[CancelDeliveryActivity]: dispatchAttachedToWindow
08-15 14:08:40.752 2708 2708 D ViewRootImpl@bd7a824[CancelDeliveryActivity]: Relayout returned: oldFrame=[0,0][0,0] newFrame=[0,0][768,1024] result=0x27 surface={isValid=true -1801455616} surfaceGenerationChanged=true
08-15 14:08:40.752 2708 2708 D ViewRootImpl@bd7a824[CancelDeliveryActivity]: mHardwareRenderer.initialize() mSurface={isValid=true -1801455616} hwInitialized=true
08-15 14:08:40.758 2708 2708 D ScrollView: onsize change changed
08-15 14:08:40.808 2708 2708 D ViewRootImpl@bd7a824[CancelDeliveryActivity]: MSG_RESIZED_REPORT: frame=Rect(0, 0 - 768, 1024) ci=Rect(0, 24 - 0, 0) vi=Rect(0, 24 - 0, 0) or=1
08-15 14:08:40.809 2708 2708 D ViewRootImpl@bd7a824[CancelDeliveryActivity]: MSG_WINDOW_FOCUS_CHANGED 1
08-15 14:08:40.809 2708 2708 D ViewRootImpl@bd7a824[CancelDeliveryActivity]: mHardwareRenderer.initializeIfNeeded()#2 mSurface={isValid=true -1801455616}
08-15 14:08:40.815 2708 2708 V InputMethodManager: Starting input: tba=android.view.inputmethod.EditorInfo@ca6b3a8 nm : cz.gienger.mobile ic=null
08-15 14:08:40.815 2708 2708 I InputMethodManager: startInputInner - mService.startInputOrWindowGainedFocus
08-15 14:08:40.824 2708 2708 D InputTransport: Input channel constructed: fd=90
08-15 14:08:40.824 2708 2708 D InputTransport: Input channel destroyed: fd=75
08-15 14:08:40.843 2708 2708 D LOCATION_SERVICE: onLocationChanged: Location[network 49,191148,17,534401 acc=21 et=+1h39m23s597ms alt=0.0 vel=0.0 bear=0.0 {Bundle[mParcelledData.dataSize=80]}]
08-15 14:08:40.860 2708 2774 D OpenGLRenderer: endAllActiveAnimators on 0x917a6b00 (RippleDrawable) with handle 0x93228cd0
08-15 14:08:40.860 2708 2708 D ViewRootImpl@3a1355c[MainActivity]: mHardwareRenderer.destroy()#1
08-15 14:08:40.868 2708 2708 D ViewRootImpl@3a1355c[MainActivity]: Relayout returned: oldFrame=[0,0][768,1024] newFrame=[0,0][768,1024] result=0x5 surface={isValid=false 0} surfaceGenerationChanged=true
08-15 14:08:41.269 2708 2708 D ViewRootImpl@3a1355c[MainActivity]: Relayout returned: oldFrame=[0,0][768,1024] newFrame=[0,0][768,1024] result=0x5 surface={isValid=false 0} surfaceGenerationChanged=false
08-15 14:08:42.733 2708 2708 D ViewRootImpl@bd7a824[CancelDeliveryActivity]: ViewPostImeInputStage processPointer 0
08-15 14:08:42.770 2708 2708 D ViewRootImpl@bd7a824[CancelDeliveryActivity]: ViewPostImeInputStage processPointer 1
08-15 14:08:43.445 2708 2708 D ViewRootImpl@bd7a824[CancelDeliveryActivity]: ViewPostImeInputStage processPointer 0
08-15 14:08:43.494 2708 2708 D ViewRootImpl@bd7a824[CancelDeliveryActivity]: ViewPostImeInputStage processPointer 1
08-15 14:08:43.510 2708 2708 D UNDELIVERED: Reason ID = 8, Comment =
08-15 14:08:43.593 2708 2708 D ViewRootImpl@bd7a824[CancelDeliveryActivity]: MSG_WINDOW_FOCUS_CHANGED 0
08-15 14:08:43.596 2708 11053 D MESSAGE_SERVICE: ACTION_COMPRESS_AND_UPLOAD
08-15 14:08:43.629 2708 2708 D ViewRootImpl@3a1355c[MainActivity]: mHardwareRenderer.destroy()#4
08-15 14:08:43.629 2708 2708 D ViewRootImpl@3a1355c[MainActivity]: dispatchDetachedFromWindow
08-15 14:08:43.638 2708 2708 D InputTransport: Input channel destroyed: fd=80
08-15 14:08:43.864 2708 2708 D ViewRootImpl@3d41b74[MainActivity]: ThreadedRenderer.create() translucent=false
08-15 14:08:43.867 2708 2708 D InputTransport: Input channel constructed: fd=78
08-15 14:08:43.867 2708 2708 D ViewRootImpl@3d41b74[MainActivity]: setView = DecorView@165389d[MainActivity] touchMode=true
08-15 14:08:43.870 2708 2708 D ViewRootImpl@3d41b74[MainActivity]: dispatchAttachedToWindow
08-15 14:08:43.927 2708 2708 D ViewRootImpl@3d41b74[MainActivity]: Relayout returned: oldFrame=[0,0][0,0] newFrame=[0,0][768,1024] result=0x27 surface={isValid=true -1847816192} surfaceGenerationChanged=true
08-15 14:08:43.928 2708 2708 D ViewRootImpl@3d41b74[MainActivity]: mHardwareRenderer.initialize() mSurface={isValid=true -1847816192} hwInitialized=true
08-15 14:08:44.009 2708 2708 D AbsListView: in onLayout changed
08-15 14:08:44.030 2708 2774 D OpenGLRenderer: endAllActiveAnimators on 0x95154800 (RippleDrawable) with handle 0x94892bd0
08-15 14:08:44.030 2708 2708 D ViewRootImpl@bd7a824[CancelDeliveryActivity]: mHardwareRenderer.destroy()#1
08-15 14:08:44.039 2708 2708 D ViewRootImpl@bd7a824[CancelDeliveryActivity]: Relayout returned: oldFrame=[0,0][768,1024] newFrame=[0,0][768,1024] result=0x5 surface={isValid=false 0} surfaceGenerationChanged=true
08-15 14:08:44.098 2708 2708 D ViewRootImpl@3d41b74[MainActivity]: MSG_RESIZED_REPORT: frame=Rect(0, 0 - 768, 1024) ci=Rect(0, 24 - 0, 0) vi=Rect(0, 24 - 0, 0) or=1
08-15 14:08:44.098 2708 2708 D ViewRootImpl@3d41b74[MainActivity]: MSG_WINDOW_FOCUS_CHANGED 1
08-15 14:08:44.098 2708 2708 D ViewRootImpl@3d41b74[MainActivity]: mHardwareRenderer.initializeIfNeeded()#2 mSurface={isValid=true -1847816192}
08-15 14:08:44.101 2708 2708 V InputMethodManager: Starting input: tba=android.view.inputmethod.EditorInfo@18df2ef nm : cz.gienger.mobile ic=null
08-15 14:08:44.101 2708 2708 I InputMethodManager: startInputInner - mService.startInputOrWindowGainedFocus
08-15 14:08:44.107 2708 2708 D InputTransport: Input channel constructed: fd=77
08-15 14:08:44.107 2708 2708 D InputTransport: Input channel destroyed: fd=90
08-15 14:08:44.144 2708 2708 D TextView: SYANI: Clipboard API is calling: clearFilter()
08-15 14:08:44.144 2708 2708 D TextView: SYANI: Clipboard API is calling: unregisterClipboardEventListener()
08-15 14:08:44.153 2708 2708 D ViewRootImpl@bd7a824[CancelDeliveryActivity]: mHardwareRenderer.destroy()#4
08-15 14:08:44.153 2708 2708 D ViewRootImpl@bd7a824[CancelDeliveryActivity]: dispatchDetachedFromWindow
08-15 14:08:44.159 2708 2708 D InputTransport: Input channel destroyed: fd=89
08-15 14:08:44.159 2708 2708 D LOCATION_SERVICE: onDestroy
08-15 14:08:44.320 2708 11053 D FILE_MANAGER: Serializing delivery /data/user/0/cz.gienger.mobile/files/finished/130AT1180434187/130AT1180434187.xml
08-15 14:08:44.321 2708 11053 D FILE_MANAGER: Null files:
08-15 14:08:44.390 2708 11053 D MYINTERCEPTOR: /GiengerService.svc/sendorder
08-15 14:08:44.391 2708 11053 D OkHttp : --> POST https://testsaig1.gienger.cz/GiengerService.svc/sendorder http/1.1
08-15 14:08:44.391 2708 11053 D OkHttp : Content-Type: text/raw
08-15 14:08:44.391 2708 11053 D OkHttp : Content-Length: 9782
08-15 14:08:44.391 2708 11053 D OkHttp : filename: 130AT1180434187.xml
08-15 14:08:44.391 2708 11053 D OkHttp : Checksum: 3df6740f5d0b853b23201edcd5b657e4
08-15 14:08:44.391 2708 11053 D OkHttp : token: 8a1e8ea68c9b4da469fa9bcbb6e6a055
08-15 14:08:44.391 2708 11053 D OkHttp : --> END POST
08-15 14:08:44.492 2708 11053 D OkHttp : <-- 200 https://testsaig1.gienger.cz/GiengerService.svc/sendorder (100ms)
08-15 14:08:44.492 2708 11053 D OkHttp : content-type: application/xml; charset=utf-8
08-15 14:08:44.492 2708 11053 D OkHttp : server: Microsoft-IIS/10.0
08-15 14:08:44.492 2708 11053 D OkHttp : x-powered-by: ASP.NET
08-15 14:08:44.492 2708 11053 D OkHttp : date: Wed, 15 Aug 2018 12:08:43 GMT
08-15 14:08:44.492 2708 11053 D OkHttp : content-length: 175
08-15 14:08:44.492 2708 11053 D OkHttp : <-- END HTTP
08-15 14:08:44.496 2708 11053 D sendOrder_SUCCESS: 200
08-15 14:08:44.539 2708 11053 D MESSAGE_SERVICE: ACTION_RESEND_ORDERS
08-15 14:08:44.810 2708 2708 D AbsListView: in onLayout changed
08-15 14:08:45.078 2708 2708 D AbsListView: in onLayout changed
08-15 14:08:47.434 2708 2708 D ViewRootImpl@3d41b74[MainActivity]: ViewPostImeInputStage processPointer 0
08-15 14:08:47.458 2708 2708 D AbsListView: reportScrollStateChange() newState : 1
08-15 14:08:47.973 2708 2708 D ViewRootImpl@3d41b74[MainActivity]: ViewPostImeInputStage processPointer 1
08-15 14:08:47.973 2708 2708 D AbsListView: onTouchUp() mTouchMode : 3
08-15 14:08:47.974 2708 2708 D AbsListView: onTouchUp() TOUCH_MODE_SCROLL initialVelocity : -688
08-15 14:08:47.974 2708 2708 D AbsListView: reportScrollStateChange() newState : 2
08-15 14:08:48.314 2708 2708 D ViewRootImpl@3d41b74[MainActivity]: ViewPostImeInputStage processPointer 0
08-15 14:08:48.355 2708 2708 D AbsListView: reportScrollStateChange() newState : 0
08-15 14:08:48.356 2708 2708 D AbsListView: reportScrollStateChange() newState : 1
08-15 14:08:48.884 2708 2708 D ViewRootImpl@3d41b74[MainActivity]: ViewPostImeInputStage processPointer 1
08-15 14:08:48.885 2708 2708 D AbsListView: onTouchUp() mTouchMode : 3
08-15 14:08:48.885 2708 2708 D AbsListView: onTouchUp() TOUCH_MODE_SCROLL initialVelocity : -927
08-15 14:08:48.885 2708 2708 D AbsListView: reportScrollStateChange() newState : 2
08-15 14:08:49.322 2708 2708 D ViewRootImpl@3d41b74[MainActivity]: ViewPostImeInputStage processPointer 0
08-15 14:08:49.365 2708 2708 D AbsListView: reportScrollStateChange() newState : 0
08-15 14:08:49.368 2708 2708 D AbsListView: reportScrollStateChange() newState : 1
08-15 14:08:49.710 2708 2708 D ViewRootImpl@3d41b74[MainActivity]: ViewPostImeInputStage processPointer 1
08-15 14:08:49.710 2708 2708 D AbsListView: onTouchUp() mTouchMode : 3
08-15 14:08:49.710 2708 2708 D AbsListView: onTouchUp() TOUCH_MODE_SCROLL initialVelocity : -12
08-15 14:08:49.710 2708 2708 D AbsListView: reportScrollStateChange() newState : 0
08-15 14:08:50.495 2708 2708 D ViewRootImpl@3d41b74[MainActivity]: ViewPostImeInputStage processPointer 0
08-15 14:08:50.582 2708 2708 D AbsListView: reportScrollStateChange() newState : 1
08-15 14:08:51.166 2708 2708 D ViewRootImpl@3d41b74[MainActivity]: ViewPostImeInputStage processPointer 1
08-15 14:08:51.166 2708 2708 D AbsListView: onTouchUp() mTouchMode : 3
08-15 14:08:51.166 2708 2708 D AbsListView: onTouchUp() TOUCH_MODE_SCROLL initialVelocity : 10
08-15 14:08:51.166 2708 2708 D AbsListView: reportScrollStateChange() newState : 0
08-15 14:08:57.111 2708 2708 D ViewRootImpl@3d41b74[MainActivity]: ViewPostImeInputStage processPointer 0
08-15 14:08:57.196 2708 2708 D AbsListView: reportScrollStateChange() newState : 1
08-15 14:08:59.964 2708 2708 D ViewRootImpl@3d41b74[MainActivity]: ViewPostImeInputStage processPointer 1
08-15 14:08:59.964 2708 2708 D AbsListView: onTouchUp() mTouchMode : 3
08-15 14:08:59.964 2708 2708 D AbsListView: onTouchUp() TOUCH_MODE_SCROLL initialVelocity : 20
08-15 14:08:59.964 2708 2708 D AbsListView: reportScrollStateChange() newState : 0
08-15 14:09:02.704 2708 2708 D ViewRootImpl@3d41b74[MainActivity]: ViewPostImeInputStage processPointer 0
08-15 14:09:02.792 2708 2708 D AbsListView: reportScrollStateChange() newState : 1
08-15 14:09:03.960 2708 2708 D ViewRootImpl@3d41b74[MainActivity]: ViewPostImeInputStage processPointer 1
08-15 14:09:03.961 2708 2708 D AbsListView: onTouchUp() mTouchMode : 3
08-15 14:09:03.961 2708 2708 D AbsListView: onTouchUp() TOUCH_MODE_SCROLL initialVelocity : -3
08-15 14:09:03.961 2708 2708 D AbsListView: reportScrollStateChange() newState : 0
08-15 14:09:16.789 2708 2708 D ViewRootImpl@3d41b74[MainActivity]: Relayout returned: oldFrame=[0,0][768,1024] newFrame=[0,0][768,1024] result=0x1 surface={isValid=true -1847816192} surfaceGenerationChanged=false
08-15 14:09:16.881 2708 2708 D AbsListView: in onLayout changed
08-15 14:09:16.900 2708 2708 D ViewRootImpl@3d41b74[MainActivity]: MSG_RESIZED_REPORT: frame=Rect(0, 0 - 768, 1024) ci=Rect(0, 24 - 0, 0) vi=Rect(0, 24 - 0, 0) or=1
08-15 14:09:17.930 2708 2708 D ViewRootImpl@3d41b74[MainActivity]: ViewPostImeInputStage processPointer 0
08-15 14:09:17.982 2708 2708 D AbsListView: reportScrollStateChange() newState : 1
08-15 14:09:18.969 2708 2708 D ViewRootImpl@3d41b74[MainActivity]: ViewPostImeInputStage processPointer 1
08-15 14:09:18.969 2708 2708 D AbsListView: onTouchUp() mTouchMode : 3
08-15 14:09:18.970 2708 2708 D AbsListView: onTouchUp() TOUCH_MODE_SCROLL initialVelocity : 0
08-15 14:09:18.970 2708 2708 D AbsListView: reportScrollStateChange() newState : 0
08-15 14:09:19.302 2708 2708 D ViewRootImpl@3d41b74[MainActivity]: ViewPostImeInputStage processPointer 0
08-15 14:09:19.339 2708 2708 D AbsListView: reportScrollStateChange() newState : 1
08-15 14:09:19.851 2708 2708 D ViewRootImpl@3d41b74[MainActivity]: ViewPostImeInputStage processPointer 1
08-15 14:09:19.851 2708 2708 D AbsListView: onTouchUp() mTouchMode : 3
08-15 14:09:19.851 2708 2708 D AbsListView: onTouchUp() TOUCH_MODE_SCROLL initialVelocity : -1366
08-15 14:09:19.851 2708 2708 D AbsListView: reportScrollStateChange() newState : 2
08-15 14:09:20.177 2708 2708 D ViewRootImpl@3d41b74[MainActivity]: ViewPostImeInputStage processPointer 0
08-15 14:09:20.218 2708 2708 D AbsListView: reportScrollStateChange() newState : 0
08-15 14:09:20.219 2708 2708 D AbsListView: reportScrollStateChange() newState : 1
08-15 14:09:20.800 2708 2708 D ViewRootImpl@3d41b74[MainActivity]: ViewPostImeInputStage processPointer 1
08-15 14:09:20.800 2708 2708 D AbsListView: onTouchUp() mTouchMode : 3
08-15 14:09:20.800 2708 2708 D AbsListView: onTouchUp() TOUCH_MODE_SCROLL initialVelocity : -13
08-15 14:09:20.800 2708 2708 D AbsListView: reportScrollStateChange() newState : 0
08-15 14:09:28.673 2708 2708 D ViewRootImpl@3d41b74[MainActivity]: ViewPostImeInputStage processPointer 0
08-15 14:09:28.710 2708 2708 D AbsListView: reportScrollStateChange() newState : 1
08-15 14:09:29.404 2708 2708 D ViewRootImpl@3d41b74[MainActivity]: ViewPostImeInputStage processPointer 1
08-15 14:09:29.404 2708 2708 D AbsListView: onTouchUp() mTouchMode : 3
08-15 14:09:29.404 2708 2708 D AbsListView: onTouchUp() TOUCH_MODE_SCROLL initialVelocity : -39
08-15 14:09:29.404 2708 2708 D AbsListView: reportScrollStateChange() newState : 0
08-15 14:09:32.162 2708 2708 D ViewRootImpl@3d41b74[MainActivity]: ViewPostImeInputStage processPointer 0
08-15 14:09:32.199 2708 2708 D AbsListView: reportScrollStateChange() newState : 1
08-15 14:09:32.558 2708 2708 D ViewRootImpl@3d41b74[MainActivity]: ViewPostImeInputStage processPointer 1
08-15 14:09:32.558 2708 2708 D AbsListView: onTouchUp() mTouchMode : 3
08-15 14:09:32.558 2708 2708 D AbsListView: onTouchUp() TOUCH_MODE_SCROLL initialVelocity : 7
08-15 14:09:32.558 2708 2708 D AbsListView: reportScrollStateChange() newState : 0
08-15 14:09:33.404 2708 2708 D ViewRootImpl@3d41b74[MainActivity]: ViewPostImeInputStage processPointer 0
08-15 14:09:33.420 2708 2708 D AbsListView: reportScrollStateChange() newState : 1
08-15 14:09:33.462 2708 2708 D ViewRootImpl@3d41b74[MainActivity]: ViewPostImeInputStage processPointer 1
08-15 14:09:33.462 2708 2708 D AbsListView: onTouchUp() mTouchMode : 3
08-15 14:09:33.462 2708 2708 D AbsListView: onTouchUp() TOUCH_MODE_SCROLL initialVelocity : 3937
08-15 14:09:33.462 2708 2708 D AbsListView: reportScrollStateChange() newState : 2
08-15 14:09:34.088 2708 2708 D AbsListView: reportScrollStateChange() newState : 0
08-15 14:09:34.603 2708 2708 D ViewRootImpl@3d41b74[MainActivity]: ViewPostImeInputStage processPointer 0
08-15 14:09:34.640 2708 2708 D AbsListView: reportScrollStateChange() newState : 1
08-15 14:09:35.428 2708 2708 D ViewRootImpl@3d41b74[MainActivity]: ViewPostImeInputStage processPointer 1
08-15 14:09:35.428 2708 2708 D AbsListView: onTouchUp() mTouchMode : 3
08-15 14:09:35.428 2708 2708 D AbsListView: onTouchUp() TOUCH_MODE_SCROLL initialVelocity : 2202
08-15 14:09:35.428 2708 2708 D AbsListView: reportScrollStateChange() newState : 2
08-15 14:09:35.625 2708 2708 D AbsListView: reportScrollStateChange() newState : 0
08-15 14:09:36.904 2708 2708 D ViewRootImpl@3d41b74[MainActivity]: ViewPostImeInputStage processPointer 0
08-15 14:09:36.961 2708 2708 D AbsListView: reportScrollStateChange() newState : 1
08-15 14:09:37.181 2708 2708 D ViewRootImpl@3d41b74[MainActivity]: ViewPostImeInputStage processPointer 1
08-15 14:09:37.181 2708 2708 D AbsListView: onTouchUp() mTouchMode : 3
08-15 14:09:37.181 2708 2708 D AbsListView: onTouchUp() TOUCH_MODE_SCROLL initialVelocity : -3209
08-15 14:09:37.181 2708 2708 D AbsListView: reportScrollStateChange() newState : 2
08-15 14:09:38.514 2708 2708 D AbsListView: reportScrollStateChange() newState : 0
08-15 14:09:38.584 2708 2708 D ViewRootImpl@3d41b74[MainActivity]: ViewPostImeInputStage processPointer 0
08-15 14:09:38.616 2708 2708 D AbsListView: reportScrollStateChange() newState : 1
08-15 14:09:38.971 2708 2708 D ViewRootImpl@3d41b74[MainActivity]: ViewPostImeInputStage processPointer 1
08-15 14:09:38.971 2708 2708 D AbsListView: onTouchUp() mTouchMode : 3
08-15 14:09:38.971 2708 2708 D AbsListView: onTouchUp() TOUCH_MODE_SCROLL initialVelocity : 9
08-15 14:09:38.971 2708 2708 D AbsListView: reportScrollStateChange() newState : 0
08-15 14:09:39.463 2708 2708 D ViewRootImpl@3d41b74[MainActivity]: ViewPostImeInputStage processPointer 0
08-15 14:09:39.544 2708 2708 D ViewRootImpl@3d41b74[MainActivity]: ViewPostImeInputStage processPointer 1
08-15 14:09:39.569 2708 2708 D item_click: viewId = 2131820758, position = 6
08-15 14:09:39.617 2708 2708 D ViewRootImpl@3d41b74[MainActivity]: MSG_WINDOW_FOCUS_CHANGED 0
08-15 14:09:39.673 2708 2708 D Graph : removeVertex() : insertDummyVertex, because there is no ancestor.
08-15 14:09:39.705 2708 2708 D ScrollView: initGoToTop
08-15 14:09:39.782 2708 2708 D ViewRootImpl@5020a94[CancelDeliveryActivity]: ThreadedRenderer.create() translucent=false
08-15 14:09:39.789 2708 2708 D InputTransport: Input channel constructed: fd=76
08-15 14:09:39.790 2708 2708 D ViewRootImpl@5020a94[CancelDeliveryActivity]: setView = DecorView@38fc93d[CancelDeliveryActivity] touchMode=true
08-15 14:09:39.797 2708 2708 D ViewRootImpl@5020a94[CancelDeliveryActivity]: dispatchAttachedToWindow
08-15 14:09:39.830 2708 2708 D ViewRootImpl@5020a94[CancelDeliveryActivity]: Relayout returned: oldFrame=[0,0][0,0] newFrame=[0,0][768,1024] result=0x27 surface={isValid=true -1802545152} surfaceGenerationChanged=true
08-15 14:09:39.830 2708 2708 D ViewRootImpl@5020a94[CancelDeliveryActivity]: mHardwareRenderer.initialize() mSurface={isValid=true -1802545152} hwInitialized=true
08-15 14:09:39.837 2708 2708 D ScrollView: onsize change changed
08-15 14:09:39.839 2708 2708 D LOCATION_SERVICE: LocationListener gps
08-15 14:09:39.841 2708 2708 D LOCATION_SERVICE: LocationListener network
08-15 14:09:39.842 2708 2708 D LOCATION_SERVICE: onCreate
08-15 14:09:39.843 2708 2708 D LOCATION_SERVICE: initializeLocationManager
08-15 14:09:39.853 2708 2708 D LOCATION_SERVICE: onStartCommand
08-15 14:09:39.957 2708 2708 D ViewRootImpl@5020a94[CancelDeliveryActivity]: MSG_RESIZED_REPORT: frame=Rect(0, 0 - 768, 1024) ci=Rect(0, 24 - 0, 0) vi=Rect(0, 24 - 0, 0) or=1
08-15 14:09:39.958 2708 2708 D ViewRootImpl@5020a94[CancelDeliveryActivity]: MSG_WINDOW_FOCUS_CHANGED 1
08-15 14:09:39.958 2708 2708 D ViewRootImpl@5020a94[CancelDeliveryActivity]: mHardwareRenderer.initializeIfNeeded()#2 mSurface={isValid=true -1802545152}
08-15 14:09:39.962 2708 2708 V InputMethodManager: Starting input: tba=android.view.inputmethod.EditorInfo@b99356 nm : cz.gienger.mobile ic=null
08-15 14:09:39.962 2708 2708 I InputMethodManager: startInputInner - mService.startInputOrWindowGainedFocus
08-15 14:09:39.972 2708 2708 D InputTransport: Input channel constructed: fd=93
08-15 14:09:39.972 2708 2708 D InputTransport: Input channel destroyed: fd=77
08-15 14:09:40.021 2708 2774 D OpenGLRenderer: endAllActiveAnimators on 0x94d5f780 (RippleDrawable) with handle 0xa1933760
08-15 14:09:40.022 2708 2708 D ViewRootImpl@3d41b74[MainActivity]: mHardwareRenderer.destroy()#1
08-15 14:09:40.027 2708 2708 D ViewRootImpl@3d41b74[MainActivity]: Relayout returned: oldFrame=[0,0][768,1024] newFrame=[0,0][768,1024] result=0x5 surface={isValid=false 0} surfaceGenerationChanged=true
08-15 14:09:40.408 2708 2708 D ViewRootImpl@3d41b74[MainActivity]: Relayout returned: oldFrame=[0,0][768,1024] newFrame=[0,0][768,1024] result=0x5 surface={isValid=false 0} surfaceGenerationChanged=false
08-15 14:09:40.488 2708 2708 D LOCATION_SERVICE: onLocationChanged: Location[network 49,191148,17,534401 acc=21 et=+1h40m23s294ms alt=0.0 vel=0.0 bear=0.0 {Bundle[mParcelledData.dataSize=80]}]
08-15 14:09:40.685 2708 2708 D ViewRootImpl@5020a94[CancelDeliveryActivity]: ViewPostImeInputStage processPointer 0
08-15 14:09:40.737 2708 2708 D ViewRootImpl@5020a94[CancelDeliveryActivity]: ViewPostImeInputStage processPointer 1
08-15 14:09:41.301 2708 2708 D ViewRootImpl@5020a94[CancelDeliveryActivity]: ViewPostImeInputStage processPointer 0
08-15 14:09:41.360 2708 2708 D ViewRootImpl@5020a94[CancelDeliveryActivity]: ViewPostImeInputStage processPointer 1
08-15 14:09:41.381 2708 2708 D UNDELIVERED: Reason ID = 8, Comment =
08-15 14:09:41.463 2708 2708 D ViewRootImpl@5020a94[CancelDeliveryActivity]: MSG_WINDOW_FOCUS_CHANGED 0
08-15 14:09:41.469 2708 11101 D MESSAGE_SERVICE: ACTION_COMPRESS_AND_UPLOAD
08-15 14:09:41.480 2708 2708 D ViewRootImpl@3d41b74[MainActivity]: mHardwareRenderer.destroy()#4
08-15 14:09:41.480 2708 2708 D ViewRootImpl@3d41b74[MainActivity]: dispatchDetachedFromWindow
08-15 14:09:41.503 2708 2708 D InputTransport: Input channel destroyed: fd=78
08-15 14:09:41.735 2708 2708 D ViewRootImpl@9678a49[MainActivity]: ThreadedRenderer.create() translucent=false
08-15 14:09:41.738 2708 2708 D InputTransport: Input channel constructed: fd=87
08-15 14:09:41.739 2708 2708 D ViewRootImpl@9678a49[MainActivity]: setView = DecorView@aae4f4e[MainActivity] touchMode=true
08-15 14:09:41.763 2708 2774 D OpenGLRenderer: endAllActiveAnimators on 0x94ebc500 (RippleDrawable) with handle 0x91faa470
08-15 14:09:41.764 2708 2708 D ViewRootImpl@5020a94[CancelDeliveryActivity]: mHardwareRenderer.destroy()#1
08-15 14:09:41.776 2708 2708 D ViewRootImpl@5020a94[CancelDeliveryActivity]: Relayout returned: oldFrame=[0,0][768,1024] newFrame=[0,0][768,1024] result=0x5 surface={isValid=false 0} surfaceGenerationChanged=true
08-15 14:09:41.777 2708 2708 D ViewRootImpl@9678a49[MainActivity]: dispatchAttachedToWindow
08-15 14:09:41.823 2708 2708 D ViewRootImpl@9678a49[MainActivity]: Relayout returned: oldFrame=[0,0][0,0] newFrame=[0,0][768,1024] result=0x7 surface={isValid=true -1802545152} surfaceGenerationChanged=true
08-15 14:09:41.823 2708 2708 D ViewRootImpl@9678a49[MainActivity]: mHardwareRenderer.initialize() mSurface={isValid=true -1802545152} hwInitialized=true
08-15 14:09:41.900 2708 2708 D AbsListView: in onLayout changed
08-15 14:09:41.953 2708 2708 D ViewRootImpl@9678a49[MainActivity]: MSG_RESIZED_REPORT: frame=Rect(0, 0 - 768, 1024) ci=Rect(0, 24 - 0, 0) vi=Rect(0, 24 - 0, 0) or=1
08-15 14:09:41.953 2708 2708 D ViewRootImpl@9678a49[MainActivity]: MSG_WINDOW_FOCUS_CHANGED 1
08-15 14:09:41.953 2708 2708 D ViewRootImpl@9678a49[MainActivity]: mHardwareRenderer.initializeIfNeeded()#2 mSurface={isValid=true -1802545152}
08-15 14:09:41.955 2708 2708 V InputMethodManager: Starting input: tba=android.view.inputmethod.EditorInfo@ab70ab1 nm : cz.gienger.mobile ic=null
08-15 14:09:41.955 2708 2708 I InputMethodManager: startInputInner - mService.startInputOrWindowGainedFocus
08-15 14:09:41.964 2708 2708 D InputTransport: Input channel constructed: fd=77
08-15 14:09:41.964 2708 2708 D InputTransport: Input channel destroyed: fd=93
08-15 14:09:42.008 2708 2708 D TextView: SYANI: Clipboard API is calling: clearFilter()
08-15 14:09:42.008 2708 2708 D TextView: SYANI: Clipboard API is calling: unregisterClipboardEventListener()
08-15 14:09:42.014 2708 2708 D ViewRootImpl@5020a94[CancelDeliveryActivity]: mHardwareRenderer.destroy()#4
08-15 14:09:42.014 2708 2708 D ViewRootImpl@5020a94[CancelDeliveryActivity]: dispatchDetachedFromWindow
08-15 14:09:42.020 2708 2708 D InputTransport: Input channel destroyed: fd=76
08-15 14:09:42.020 2708 2708 D LOCATION_SERVICE: onDestroy
08-15 14:09:42.199 2708 11101 D FILE_MANAGER: Serializing delivery /data/user/0/cz.gienger.mobile/files/finished/130AT1180434153/130AT1180434153.xml
08-15 14:09:42.199 2708 11101 D FILE_MANAGER: Null files:
08-15 14:09:42.258 2708 11101 D MYINTERCEPTOR: /GiengerService.svc/sendorder
08-15 14:09:42.258 2708 11101 D OkHttp : --> POST https://testsaig1.gienger.cz/GiengerService.svc/sendorder http/1.1
08-15 14:09:42.258 2708 11101 D OkHttp : Content-Type: text/raw
08-15 14:09:42.258 2708 11101 D OkHttp : Content-Length: 4523
08-15 14:09:42.258 2708 11101 D OkHttp : filename: 130AT1180434153.xml
08-15 14:09:42.258 2708 11101 D OkHttp : Checksum: de168c630f573e99b323decd8295e46f
08-15 14:09:42.259 2708 11101 D OkHttp : token: 8a1e8ea68c9b4da469fa9bcbb6e6a055
08-15 14:09:42.259 2708 11101 D OkHttp : --> END POST
08-15 14:09:42.362 2708 11101 D OkHttp : <-- 200 https://testsaig1.gienger.cz/GiengerService.svc/sendorder (103ms)
08-15 14:09:42.363 2708 11101 D OkHttp : content-type: application/xml; charset=utf-8
08-15 14:09:42.363 2708 11101 D OkHttp : server: Microsoft-IIS/10.0
08-15 14:09:42.363 2708 11101 D OkHttp : x-powered-by: ASP.NET
08-15 14:09:42.363 2708 11101 D OkHttp : date: Wed, 15 Aug 2018 12:09:41 GMT
08-15 14:09:42.363 2708 11101 D OkHttp : content-length: 175
08-15 14:09:42.363 2708 11101 D OkHttp : <-- END HTTP
08-15 14:09:42.366 2708 11101 D sendOrder_SUCCESS: 200
08-15 14:09:42.395 2708 11101 D MESSAGE_SERVICE: ACTION_RESEND_ORDERS
