08-15 14:09:42.673 2708 2718 I art : Background partial concurrent mark sweep GC freed 199688(9MB) AllocSpace objects, 20(560KB) LOS objects, 53% free, 10MB/22MB, paused 1.994ms total 142.387ms
08-15 14:09:42.763 2708 2708 D AbsListView: in onLayout changed
08-15 14:09:43.029 2708 2708 D AbsListView: in onLayout changed
08-15 14:09:43.645 2708 2708 D ViewRootImpl@9678a49[MainActivity]: ViewPostImeInputStage processPointer 0
08-15 14:09:43.675 2708 2708 D AbsListView: reportScrollStateChange() newState : 1
08-15 14:09:43.922 2708 2708 D ViewRootImpl@9678a49[MainActivity]: ViewPostImeInputStage processPointer 1
08-15 14:09:43.923 2708 2708 D AbsListView: onTouchUp() mTouchMode : 3
08-15 14:09:43.923 2708 2708 D AbsListView: onTouchUp() TOUCH_MODE_SCROLL initialVelocity : -2743
08-15 14:09:43.923 2708 2708 D AbsListView: reportScrollStateChange() newState : 2
08-15 14:09:44.609 2708 2708 D ViewRootImpl@9678a49[MainActivity]: ViewPostImeInputStage processPointer 0
08-15 14:09:45.066 2708 2708 D AbsListView: reportScrollStateChange() newState : 0
08-15 14:09:45.066 2708 2708 D AbsListView: reportScrollStateChange() newState : 1
08-15 14:09:45.171 2708 2708 D ViewRootImpl@9678a49[MainActivity]: ViewPostImeInputStage processPointer 1
08-15 14:09:45.171 2708 2708 D AbsListView: onTouchUp() mTouchMode : 3
08-15 14:09:45.171 2708 2708 D AbsListView: onTouchUp() TOUCH_MODE_SCROLL initialVelocity : -3
08-15 14:09:45.171 2708 2708 D AbsListView: reportScrollStateChange() newState : 0
08-15 14:09:48.851 2708 2708 D ViewRootImpl@9678a49[MainActivity]: ViewPostImeInputStage processPointer 0
08-15 14:09:48.897 2708 2708 D ViewRootImpl@9678a49[MainActivity]: ViewPostImeInputStage processPointer 1
08-15 14:09:48.909 2708 2708 D item_click: viewId = 2131820758, position = 7
08-15 14:09:48.958 2708 2708 D ViewRootImpl@9678a49[MainActivity]: MSG_WINDOW_FOCUS_CHANGED 0
08-15 14:09:48.981 2708 2708 D Graph : removeVertex() : insertDummyVertex, because there is no ancestor.
08-15 14:09:48.981 2708 2708 D Graph : removeVertex() : insertDummyVertex, because there is no ancestor.
08-15 14:09:49.008 2708 2708 D ScrollView: initGoToTop
08-15 14:09:49.086 2708 2708 D ViewRootImpl@f357dd1[CancelDeliveryActivity]: ThreadedRenderer.create() translucent=false
08-15 14:09:49.090 2708 2708 D InputTransport: Input channel constructed: fd=95
08-15 14:09:49.090 2708 2708 D ViewRootImpl@f357dd1[CancelDeliveryActivity]: setView = DecorView@6c27036[CancelDeliveryActivity] touchMode=true
08-15 14:09:49.092 2708 2708 D LOCATION_SERVICE: LocationListener gps
08-15 14:09:49.093 2708 2708 D LOCATION_SERVICE: LocationListener network
08-15 14:09:49.093 2708 2708 D LOCATION_SERVICE: onCreate
08-15 14:09:49.094 2708 2708 D LOCATION_SERVICE: initializeLocationManager
08-15 14:09:49.100 2708 2708 D LOCATION_SERVICE: onStartCommand
08-15 14:09:49.123 2708 2708 D ViewRootImpl@f357dd1[CancelDeliveryActivity]: dispatchAttachedToWindow
08-15 14:09:49.165 2708 2708 D ViewRootImpl@f357dd1[CancelDeliveryActivity]: Relayout returned: oldFrame=[0,0][0,0] newFrame=[0,0][768,1024] result=0x27 surface={isValid=true -1518481408} surfaceGenerationChanged=true
08-15 14:09:49.165 2708 2708 D ViewRootImpl@f357dd1[CancelDeliveryActivity]: mHardwareRenderer.initialize() mSurface={isValid=true -1518481408} hwInitialized=true
08-15 14:09:49.170 2708 2708 D ScrollView: onsize change changed
08-15 14:09:49.216 2708 2708 D ViewRootImpl@f357dd1[CancelDeliveryActivity]: MSG_RESIZED_REPORT: frame=Rect(0, 0 - 768, 1024) ci=Rect(0, 24 - 0, 0) vi=Rect(0, 24 - 0, 0) or=1
08-15 14:09:49.216 2708 2708 D ViewRootImpl@f357dd1[CancelDeliveryActivity]: MSG_WINDOW_FOCUS_CHANGED 1
08-15 14:09:49.217 2708 2708 D ViewRootImpl@f357dd1[CancelDeliveryActivity]: mHardwareRenderer.initializeIfNeeded()#2 mSurface={isValid=true -1518481408}
08-15 14:09:49.222 2708 2708 V InputMethodManager: Starting input: tba=android.view.inputmethod.EditorInfo@4b05f1a nm : cz.gienger.mobile ic=null
08-15 14:09:49.222 2708 2708 I InputMethodManager: startInputInner - mService.startInputOrWindowGainedFocus
08-15 14:09:49.234 2708 2708 D InputTransport: Input channel constructed: fd=96
08-15 14:09:49.234 2708 2708 D InputTransport: Input channel destroyed: fd=77
08-15 14:09:49.275 2708 2774 D OpenGLRenderer: endAllActiveAnimators on 0x93259680 (RippleDrawable) with handle 0x919f9820
08-15 14:09:49.275 2708 2708 D ViewRootImpl@9678a49[MainActivity]: mHardwareRenderer.destroy()#1
08-15 14:09:49.283 2708 2708 D ViewRootImpl@9678a49[MainActivity]: Relayout returned: oldFrame=[0,0][768,1024] newFrame=[0,0][768,1024] result=0x5 surface={isValid=false 0} surfaceGenerationChanged=true
08-15 14:09:49.663 2708 2708 D ViewRootImpl@9678a49[MainActivity]: Relayout returned: oldFrame=[0,0][768,1024] newFrame=[0,0][768,1024] result=0x5 surface={isValid=false 0} surfaceGenerationChanged=false
08-15 14:09:49.741 2708 2708 D LOCATION_SERVICE: onLocationChanged: Location[network 49,191148,17,534401 acc=21 et=+1h40m32s549ms alt=0.0 vel=0.0 bear=0.0 {Bundle[mParcelledData.dataSize=80]}]
08-15 14:09:50.335 2708 2708 D ViewRootImpl@f357dd1[CancelDeliveryActivity]: ViewPostImeInputStage processPointer 0
08-15 14:09:50.384 2708 2708 D ViewRootImpl@f357dd1[CancelDeliveryActivity]: ViewPostImeInputStage processPointer 1
08-15 14:09:50.972 2708 2708 D ViewRootImpl@f357dd1[CancelDeliveryActivity]: ViewPostImeInputStage processPointer 0
08-15 14:09:51.043 2708 2708 D ViewRootImpl@f357dd1[CancelDeliveryActivity]: ViewPostImeInputStage processPointer 1
08-15 14:09:51.055 2708 2708 D UNDELIVERED: Reason ID = 10, Comment =
08-15 14:09:51.166 2708 11108 D MESSAGE_SERVICE: ACTION_COMPRESS_AND_UPLOAD
08-15 14:09:51.167 2708 2708 D ViewRootImpl@f357dd1[CancelDeliveryActivity]: MSG_WINDOW_FOCUS_CHANGED 0
08-15 14:09:51.189 2708 2708 D ViewRootImpl@9678a49[MainActivity]: mHardwareRenderer.destroy()#4
08-15 14:09:51.189 2708 2708 D ViewRootImpl@9678a49[MainActivity]: dispatchDetachedFromWindow
08-15 14:09:51.195 2708 2708 D InputTransport: Input channel destroyed: fd=87
08-15 14:09:51.419 2708 2708 D ViewRootImpl@2769f06[MainActivity]: ThreadedRenderer.create() translucent=false
08-15 14:09:51.422 2708 2708 D InputTransport: Input channel constructed: fd=85
08-15 14:09:51.422 2708 2708 D ViewRootImpl@2769f06[MainActivity]: setView = DecorView@599b9c7[MainActivity] touchMode=true
08-15 14:09:51.424 2708 2708 D ViewRootImpl@2769f06[MainActivity]: dispatchAttachedToWindow
08-15 14:09:51.483 2708 2708 D ViewRootImpl@2769f06[MainActivity]: Relayout returned: oldFrame=[0,0][0,0] newFrame=[0,0][768,1024] result=0x27 surface={isValid=true -1839638528} surfaceGenerationChanged=true
08-15 14:09:51.484 2708 2708 D ViewRootImpl@2769f06[MainActivity]: mHardwareRenderer.initialize() mSurface={isValid=true -1839638528} hwInitialized=true
08-15 14:09:51.569 2708 2708 D AbsListView: in onLayout changed
08-15 14:09:51.584 2708 2774 D OpenGLRenderer: endAllActiveAnimators on 0x933e6700 (RippleDrawable) with handle 0x91f8e8e0
08-15 14:09:51.584 2708 2708 D ViewRootImpl@f357dd1[CancelDeliveryActivity]: mHardwareRenderer.destroy()#1
08-15 14:09:51.594 2708 2708 D ViewRootImpl@f357dd1[CancelDeliveryActivity]: Relayout returned: oldFrame=[0,0][768,1024] newFrame=[0,0][768,1024] result=0x5 surface={isValid=false 0} surfaceGenerationChanged=true
08-15 14:09:51.650 2708 2708 D ViewRootImpl@2769f06[MainActivity]: MSG_RESIZED_REPORT: frame=Rect(0, 0 - 768, 1024) ci=Rect(0, 24 - 0, 0) vi=Rect(0, 24 - 0, 0) or=1
08-15 14:09:51.650 2708 2708 D ViewRootImpl@2769f06[MainActivity]: MSG_WINDOW_FOCUS_CHANGED 1
08-15 14:09:51.650 2708 2708 D ViewRootImpl@2769f06[MainActivity]: mHardwareRenderer.initializeIfNeeded()#2 mSurface={isValid=true -1839638528}
08-15 14:09:51.652 2708 2708 V InputMethodManager: Starting input: tba=android.view.inputmethod.EditorInfo@5e26f49 nm : cz.gienger.mobile ic=null
08-15 14:09:51.652 2708 2708 I InputMethodManager: startInputInner - mService.startInputOrWindowGainedFocus
08-15 14:09:51.659 2708 2708 D InputTransport: Input channel constructed: fd=80
08-15 14:09:51.659 2708 2708 D InputTransport: Input channel destroyed: fd=96
08-15 14:09:51.696 2708 2708 D TextView: SYANI: Clipboard API is calling: clearFilter()
08-15 14:09:51.696 2708 2708 D TextView: SYANI: Clipboard API is calling: unregisterClipboardEventListener()
08-15 14:09:51.703 2708 2708 D ViewRootImpl@f357dd1[CancelDeliveryActivity]: mHardwareRenderer.destroy()#4
08-15 14:09:51.703 2708 2708 D ViewRootImpl@f357dd1[CancelDeliveryActivity]: dispatchDetachedFromWindow
08-15 14:09:51.709 2708 2708 D InputTransport: Input channel destroyed: fd=95
08-15 14:09:51.709 2708 2708 D LOCATION_SERVICE: onDestroy
08-15 14:09:51.883 2708 11108 D FILE_MANAGER: Serializing delivery /data/user/0/cz.gienger.mobile/files/finished/130AT1180434157/130AT1180434157.xml
08-15 14:09:51.883 2708 11108 D FILE_MANAGER: Null files:
08-15 14:09:51.941 2708 11108 D MYINTERCEPTOR: /GiengerService.svc/sendorder
08-15 14:09:51.941 2708 11108 D OkHttp : --> POST https://testsaig1.gienger.cz/GiengerService.svc/sendorder http/1.1
08-15 14:09:51.941 2708 11108 D OkHttp : Content-Type: text/raw
08-15 14:09:51.942 2708 11108 D OkHttp : Content-Length: 3036
08-15 14:09:51.942 2708 11108 D OkHttp : filename: 130AT1180434157.xml
08-15 14:09:51.942 2708 11108 D OkHttp : Checksum: ae5620d5aaa057fbf5197ac10c6b6f65
08-15 14:09:51.942 2708 11108 D OkHttp : token: 8a1e8ea68c9b4da469fa9bcbb6e6a055
08-15 14:09:51.942 2708 11108 D OkHttp : --> END POST
08-15 14:09:52.092 2708 11108 D OkHttp : <-- 200 https://testsaig1.gienger.cz/GiengerService.svc/sendorder (149ms)
08-15 14:09:52.092 2708 11108 D OkHttp : content-type: application/xml; charset=utf-8
08-15 14:09:52.092 2708 11108 D OkHttp : server: Microsoft-IIS/10.0
08-15 14:09:52.092 2708 11108 D OkHttp : x-powered-by: ASP.NET
08-15 14:09:52.092 2708 11108 D OkHttp : date: Wed, 15 Aug 2018 12:09:51 GMT
08-15 14:09:52.092 2708 11108 D OkHttp : content-length: 175
08-15 14:09:52.092 2708 11108 D OkHttp : <-- END HTTP
08-15 14:09:52.095 2708 11108 D sendOrder_SUCCESS: 200
08-15 14:09:52.116 2708 11108 D MESSAGE_SERVICE: ACTION_RESEND_ORDERS
08-15 14:09:52.390 2708 2708 D AbsListView: in onLayout changed
08-15 14:09:52.411 2708 2708 D ViewRootImpl@2769f06[MainActivity]: ViewPostImeInputStage processPointer 0
08-15 14:09:52.669 2708 2708 D AbsListView: in onLayout changed
08-15 14:09:52.680 2708 2708 D ViewRootImpl@2769f06[MainActivity]: ViewPostImeInputStage processPointer 1
08-15 14:09:52.958 2708 2708 D ViewRootImpl@2769f06[MainActivity]: ViewPostImeInputStage processPointer 0
08-15 14:09:53.013 2708 2708 D AbsListView: reportScrollStateChange() newState : 1
08-15 14:09:53.155 2708 2708 D ViewRootImpl@2769f06[MainActivity]: ViewPostImeInputStage processPointer 1
08-15 14:09:53.155 2708 2708 D AbsListView: onTouchUp() mTouchMode : 3
08-15 14:09:53.155 2708 2708 D AbsListView: onTouchUp() TOUCH_MODE_SCROLL initialVelocity : -1757
08-15 14:09:53.155 2708 2708 D AbsListView: reportScrollStateChange() newState : 2
08-15 14:09:53.688 2708 2708 D ViewRootImpl@2769f06[MainActivity]: ViewPostImeInputStage processPointer 0
08-15 14:09:53.887 2708 2708 D ViewRootImpl@2769f06[MainActivity]: ViewPostImeInputStage processPointer 1
08-15 14:09:53.887 2708 2708 D AbsListView: onTouchUp() mTouchMode : 3
08-15 14:09:53.887 2708 2708 D AbsListView: onTouchUp() TOUCH_MODE_SCROLL initialVelocity : -2124
08-15 14:09:54.360 2708 2708 D ViewRootImpl@2769f06[MainActivity]: ViewPostImeInputStage processPointer 0
08-15 14:09:54.790 2708 2708 D AbsListView: reportScrollStateChange() newState : 0
08-15 14:09:54.791 2708 2708 D AbsListView: reportScrollStateChange() newState : 1
08-15 14:09:54.825 2708 2708 D ViewRootImpl@2769f06[MainActivity]: ViewPostImeInputStage processPointer 1
08-15 14:09:54.825 2708 2708 D AbsListView: onTouchUp() mTouchMode : 3
08-15 14:09:54.825 2708 2708 D AbsListView: onTouchUp() TOUCH_MODE_SCROLL initialVelocity : 0
08-15 14:09:54.826 2708 2708 D AbsListView: reportScrollStateChange() newState : 0
08-15 14:09:55.355 2708 2708 D ViewRootImpl@2769f06[MainActivity]: ViewPostImeInputStage processPointer 0
08-15 14:09:55.414 2708 2708 D ViewRootImpl@2769f06[MainActivity]: ViewPostImeInputStage processPointer 1
08-15 14:09:55.438 2708 2708 D item_click: viewId = 2131820758, position = 8
08-15 14:09:55.492 2708 2708 D ViewRootImpl@2769f06[MainActivity]: MSG_WINDOW_FOCUS_CHANGED 0
08-15 14:09:55.521 2708 2708 D Graph : removeVertex() : insertDummyVertex, because there is no ancestor.
08-15 14:09:55.555 2708 2708 D ScrollView: initGoToTop
08-15 14:09:55.568 2708 2718 I art : Background sticky concurrent mark sweep GC freed 228613(9MB) AllocSpace objects, 9(180KB) LOS objects, 41% free, 13MB/22MB, paused 1.862ms total 125.920ms
08-15 14:09:55.643 2708 2708 D ViewRootImpl@8a98d42[CancelDeliveryActivity]: ThreadedRenderer.create() translucent=false
08-15 14:09:55.647 2708 2708 D InputTransport: Input channel constructed: fd=98
08-15 14:09:55.648 2708 2708 D ViewRootImpl@8a98d42[CancelDeliveryActivity]: setView = DecorView@c477153[CancelDeliveryActivity] touchMode=true
08-15 14:09:55.649 2708 2708 D LOCATION_SERVICE: LocationListener gps
08-15 14:09:55.650 2708 2708 D LOCATION_SERVICE: LocationListener network
08-15 14:09:55.651 2708 2708 D LOCATION_SERVICE: onCreate
08-15 14:09:55.651 2708 2708 D LOCATION_SERVICE: initializeLocationManager
08-15 14:09:55.658 2708 2708 D LOCATION_SERVICE: onStartCommand
08-15 14:09:55.680 2708 2708 D ViewRootImpl@8a98d42[CancelDeliveryActivity]: dispatchAttachedToWindow
08-15 14:09:55.713 2708 2708 D ViewRootImpl@8a98d42[CancelDeliveryActivity]: Relayout returned: oldFrame=[0,0][0,0] newFrame=[0,0][768,1024] result=0x27 surface={isValid=true -1852493824} surfaceGenerationChanged=true
08-15 14:09:55.713 2708 2708 D ViewRootImpl@8a98d42[CancelDeliveryActivity]: mHardwareRenderer.initialize() mSurface={isValid=true -1852493824} hwInitialized=true
08-15 14:09:55.718 2708 2708 D ScrollView: onsize change changed
08-15 14:09:55.755 2708 2708 D ViewRootImpl@8a98d42[CancelDeliveryActivity]: MSG_RESIZED_REPORT: frame=Rect(0, 0 - 768, 1024) ci=Rect(0, 24 - 0, 0) vi=Rect(0, 24 - 0, 0) or=1
08-15 14:09:55.755 2708 2708 D ViewRootImpl@8a98d42[CancelDeliveryActivity]: MSG_WINDOW_FOCUS_CHANGED 1
08-15 14:09:55.755 2708 2708 D ViewRootImpl@8a98d42[CancelDeliveryActivity]: mHardwareRenderer.initializeIfNeeded()#2 mSurface={isValid=true -1852493824}
08-15 14:09:55.760 2708 2708 V InputMethodManager: Starting input: tba=android.view.inputmethod.EditorInfo@c32e66 nm : cz.gienger.mobile ic=null
08-15 14:09:55.760 2708 2708 I InputMethodManager: startInputInner - mService.startInputOrWindowGainedFocus
08-15 14:09:55.772 2708 2708 D InputTransport: Input channel constructed: fd=99
08-15 14:09:55.772 2708 2708 D InputTransport: Input channel destroyed: fd=80
08-15 14:09:55.816 2708 2774 D OpenGLRenderer: endAllActiveAnimators on 0x91cd0700 (RippleDrawable) with handle 0x9298a180
08-15 14:09:55.816 2708 2708 D ViewRootImpl@2769f06[MainActivity]: mHardwareRenderer.destroy()#1
08-15 14:09:55.825 2708 2708 D ViewRootImpl@2769f06[MainActivity]: Relayout returned: oldFrame=[0,0][768,1024] newFrame=[0,0][768,1024] result=0x5 surface={isValid=false 0} surfaceGenerationChanged=true
08-15 14:09:56.210 2708 2708 D ViewRootImpl@2769f06[MainActivity]: Relayout returned: oldFrame=[0,0][768,1024] newFrame=[0,0][768,1024] result=0x5 surface={isValid=false 0} surfaceGenerationChanged=false
08-15 14:09:56.532 2708 2708 D ViewRootImpl@8a98d42[CancelDeliveryActivity]: ViewPostImeInputStage processPointer 0
08-15 14:09:56.582 2708 2708 D ViewRootImpl@8a98d42[CancelDeliveryActivity]: ViewPostImeInputStage processPointer 1
08-15 14:09:57.172 2708 2708 D ViewRootImpl@8a98d42[CancelDeliveryActivity]: ViewPostImeInputStage processPointer 0
08-15 14:09:57.232 2708 2708 D ViewRootImpl@8a98d42[CancelDeliveryActivity]: ViewPostImeInputStage processPointer 1
08-15 14:09:57.251 2708 2708 D UNDELIVERED: Reason ID = 9, Comment =
08-15 14:09:57.332 2708 2708 D ViewRootImpl@8a98d42[CancelDeliveryActivity]: MSG_WINDOW_FOCUS_CHANGED 0
08-15 14:09:57.341 2708 11115 D MESSAGE_SERVICE: ACTION_COMPRESS_AND_UPLOAD
08-15 14:09:57.360 2708 2708 D ViewRootImpl@2769f06[MainActivity]: mHardwareRenderer.destroy()#4
08-15 14:09:57.361 2708 2708 D ViewRootImpl@2769f06[MainActivity]: dispatchDetachedFromWindow
08-15 14:09:57.367 2708 2708 D InputTransport: Input channel destroyed: fd=85
08-15 14:09:57.587 2708 2708 D ViewRootImpl@6c5b8e3[MainActivity]: ThreadedRenderer.create() translucent=false
08-15 14:09:57.590 2708 2708 D InputTransport: Input channel constructed: fd=85
08-15 14:09:57.590 2708 2708 D ViewRootImpl@6c5b8e3[MainActivity]: setView = DecorView@31712e0[MainActivity] touchMode=true
08-15 14:09:57.618 2708 2774 D OpenGLRenderer: endAllActiveAnimators on 0x919f6d00 (RippleDrawable) with handle 0x919e4330
08-15 14:09:57.618 2708 2708 D ViewRootImpl@8a98d42[CancelDeliveryActivity]: mHardwareRenderer.destroy()#1
08-15 14:09:57.631 2708 2708 D ViewRootImpl@8a98d42[CancelDeliveryActivity]: Relayout returned: oldFrame=[0,0][768,1024] newFrame=[0,0][768,1024] result=0x5 surface={isValid=false 0} surfaceGenerationChanged=true
08-15 14:09:57.632 2708 2708 D ViewRootImpl@6c5b8e3[MainActivity]: dispatchAttachedToWindow
08-15 14:09:57.676 2708 2708 D ViewRootImpl@6c5b8e3[MainActivity]: Relayout returned: oldFrame=[0,0][0,0] newFrame=[0,0][768,1024] result=0x7 surface={isValid=true -1852493824} surfaceGenerationChanged=true
08-15 14:09:57.677 2708 2708 D ViewRootImpl@6c5b8e3[MainActivity]: mHardwareRenderer.initialize() mSurface={isValid=true -1852493824} hwInitialized=true
08-15 14:09:57.747 2708 2708 D AbsListView: in onLayout changed
08-15 14:09:57.805 2708 2708 D ViewRootImpl@6c5b8e3[MainActivity]: MSG_RESIZED_REPORT: frame=Rect(0, 0 - 768, 1024) ci=Rect(0, 24 - 0, 0) vi=Rect(0, 24 - 0, 0) or=1
08-15 14:09:57.805 2708 2708 D ViewRootImpl@6c5b8e3[MainActivity]: MSG_WINDOW_FOCUS_CHANGED 1
08-15 14:09:57.805 2708 2708 D ViewRootImpl@6c5b8e3[MainActivity]: mHardwareRenderer.initializeIfNeeded()#2 mSurface={isValid=true -1852493824}
08-15 14:09:57.807 2708 2708 V InputMethodManager: Starting input: tba=android.view.inputmethod.EditorInfo@e3ac70b nm : cz.gienger.mobile ic=null
08-15 14:09:57.807 2708 2708 I InputMethodManager: startInputInner - mService.startInputOrWindowGainedFocus
08-15 14:09:57.815 2708 2708 D InputTransport: Input channel constructed: fd=69
08-15 14:09:57.815 2708 2708 D InputTransport: Input channel destroyed: fd=99
08-15 14:09:57.853 2708 2708 D TextView: SYANI: Clipboard API is calling: clearFilter()
08-15 14:09:57.853 2708 2708 D TextView: SYANI: Clipboard API is calling: unregisterClipboardEventListener()
08-15 14:09:57.861 2708 2708 D ViewRootImpl@8a98d42[CancelDeliveryActivity]: mHardwareRenderer.destroy()#4
08-15 14:09:57.861 2708 2708 D ViewRootImpl@8a98d42[CancelDeliveryActivity]: dispatchDetachedFromWindow
08-15 14:09:57.867 2708 2708 D InputTransport: Input channel destroyed: fd=98
08-15 14:09:57.868 2708 2708 D LOCATION_SERVICE: onDestroy
08-15 14:09:58.063 2708 11115 D FILE_MANAGER: Serializing delivery /data/user/0/cz.gienger.mobile/files/finished/130AT1180434177/130AT1180434177.xml
08-15 14:09:58.063 2708 11115 D FILE_MANAGER: Null files:
08-15 14:09:58.121 2708 11115 D MYINTERCEPTOR: /GiengerService.svc/sendorder
08-15 14:09:58.122 2708 11115 D OkHttp : --> POST https://testsaig1.gienger.cz/GiengerService.svc/sendorder http/1.1
08-15 14:09:58.122 2708 11115 D OkHttp : Content-Type: text/raw
08-15 14:09:58.122 2708 11115 D OkHttp : Content-Length: 4510
08-15 14:09:58.122 2708 11115 D OkHttp : filename: 130AT1180434177.xml
08-15 14:09:58.122 2708 11115 D OkHttp : Checksum: 6e80cf2f85381bce973ee56e759aa86b
08-15 14:09:58.123 2708 11115 D OkHttp : token: 8a1e8ea68c9b4da469fa9bcbb6e6a055
08-15 14:09:58.123 2708 11115 D OkHttp : --> END POST
08-15 14:09:58.220 2708 11115 D OkHttp : <-- 200 https://testsaig1.gienger.cz/GiengerService.svc/sendorder (97ms)
08-15 14:09:58.220 2708 11115 D OkHttp : content-type: application/xml; charset=utf-8
08-15 14:09:58.220 2708 11115 D OkHttp : server: Microsoft-IIS/10.0
08-15 14:09:58.220 2708 11115 D OkHttp : x-powered-by: ASP.NET
08-15 14:09:58.220 2708 11115 D OkHttp : date: Wed, 15 Aug 2018 12:09:57 GMT
08-15 14:09:58.221 2708 11115 D OkHttp : content-length: 175
08-15 14:09:58.221 2708 11115 D OkHttp : <-- END HTTP
08-15 14:09:58.224 2708 11115 D sendOrder_SUCCESS: 200
08-15 14:09:58.254 2708 11115 D MESSAGE_SERVICE: ACTION_RESEND_ORDERS
08-15 14:09:58.529 2708 2708 D AbsListView: in onLayout changed
08-15 14:09:58.541 2708 2708 D ViewRootImpl@6c5b8e3[MainActivity]: ViewPostImeInputStage processPointer 0
08-15 14:09:58.714 2708 2708 D ViewRootImpl@6c5b8e3[MainActivity]: ViewPostImeInputStage processPointer 1
08-15 14:09:58.795 2708 2708 D AbsListView: in onLayout changed
08-15 14:09:59.048 2708 2708 D ViewRootImpl@6c5b8e3[MainActivity]: ViewPostImeInputStage processPointer 0
08-15 14:09:59.093 2708 2708 D AbsListView: reportScrollStateChange() newState : 1
08-15 14:09:59.195 2708 2708 D ViewRootImpl@6c5b8e3[MainActivity]: ViewPostImeInputStage processPointer 1
08-15 14:09:59.195 2708 2708 D AbsListView: onTouchUp() mTouchMode : 3
08-15 14:09:59.195 2708 2708 D AbsListView: onTouchUp() TOUCH_MODE_SCROLL initialVelocity : -2015
08-15 14:09:59.195 2708 2708 D AbsListView: reportScrollStateChange() newState : 2
08-15 14:09:59.732 2708 2708 D ViewRootImpl@6c5b8e3[MainActivity]: ViewPostImeInputStage processPointer 0
08-15 14:09:59.868 2708 2708 D ViewRootImpl@6c5b8e3[MainActivity]: ViewPostImeInputStage processPointer 1
08-15 14:09:59.868 2708 2708 D AbsListView: onTouchUp() mTouchMode : 3
08-15 14:09:59.868 2708 2708 D AbsListView: onTouchUp() TOUCH_MODE_SCROLL initialVelocity : -2221
08-15 14:10:00.306 2708 2708 D ViewRootImpl@6c5b8e3[MainActivity]: ViewPostImeInputStage processPointer 0
08-15 14:10:00.441 2708 2708 D ViewRootImpl@6c5b8e3[MainActivity]: ViewPostImeInputStage processPointer 1
08-15 14:10:00.441 2708 2708 D AbsListView: onTouchUp() mTouchMode : 3
08-15 14:10:00.441 2708 2708 D AbsListView: onTouchUp() TOUCH_MODE_SCROLL initialVelocity : -1564
08-15 14:10:00.887 2708 2708 D ViewRootImpl@6c5b8e3[MainActivity]: ViewPostImeInputStage processPointer 0
08-15 14:10:00.927 2708 2708 D AbsListView: reportScrollStateChange() newState : 0
08-15 14:10:00.928 2708 2708 D AbsListView: reportScrollStateChange() newState : 1
08-15 14:10:01.328 2708 2708 D ViewRootImpl@6c5b8e3[MainActivity]: ViewPostImeInputStage processPointer 1
08-15 14:10:01.328 2708 2708 D AbsListView: onTouchUp() mTouchMode : 3
08-15 14:10:01.328 2708 2708 D AbsListView: onTouchUp() TOUCH_MODE_SCROLL initialVelocity : 74
08-15 14:10:01.328 2708 2708 D AbsListView: reportScrollStateChange() newState : 2
08-15 14:10:01.431 2708 2708 D AbsListView: reportScrollStateChange() newState : 0
08-15 14:10:02.056 2708 2708 D ViewRootImpl@6c5b8e3[MainActivity]: ViewPostImeInputStage processPointer 0
08-15 14:10:02.118 2708 2708 D ViewRootImpl@6c5b8e3[MainActivity]: ViewPostImeInputStage processPointer 1
08-15 14:10:02.126 2708 2708 D item_click: viewId = 2131820758, position = 9
08-15 14:10:02.172 2708 2708 D ViewRootImpl@6c5b8e3[MainActivity]: MSG_WINDOW_FOCUS_CHANGED 0
08-15 14:10:02.258 2708 2708 D ScrollView: initGoToTop
08-15 14:10:02.311 2708 2718 I art : Background partial concurrent mark sweep GC freed 281647(13MB) AllocSpace objects, 19(468KB) LOS objects, 57% free, 8MB/20MB, paused 1.678ms total 162.015ms
08-15 14:10:02.424 2708 2708 D ViewRootImpl@63e446e[CancelDeliveryActivity]: ThreadedRenderer.create() translucent=false
08-15 14:10:02.427 2708 2708 D InputTransport: Input channel constructed: fd=78
08-15 14:10:02.427 2708 2708 D ViewRootImpl@63e446e[CancelDeliveryActivity]: setView = DecorView@c70d70f[CancelDeliveryActivity] touchMode=true
08-15 14:10:02.430 2708 2708 D LOCATION_SERVICE: LocationListener gps
08-15 14:10:02.430 2708 2708 D LOCATION_SERVICE: LocationListener network
08-15 14:10:02.431 2708 2708 D Graph : removeVertex() : insertDummyVertex, because there is no ancestor.
08-15 14:10:02.431 2708 2708 D LOCATION_SERVICE: onCreate
08-15 14:10:02.432 2708 2708 D LOCATION_SERVICE: initializeLocationManager
08-15 14:10:02.439 2708 2708 D LOCATION_SERVICE: onStartCommand
08-15 14:10:02.446 2708 2708 D ViewRootImpl@63e446e[CancelDeliveryActivity]: dispatchAttachedToWindow
08-15 14:10:02.475 2708 2708 D ViewRootImpl@63e446e[CancelDeliveryActivity]: Relayout returned: oldFrame=[0,0][0,0] newFrame=[0,0][768,1024] result=0x27 surface={isValid=true -1848768512} surfaceGenerationChanged=true
08-15 14:10:02.475 2708 2708 D ViewRootImpl@63e446e[CancelDeliveryActivity]: mHardwareRenderer.initialize() mSurface={isValid=true -1848768512} hwInitialized=true
08-15 14:10:02.481 2708 2708 D ScrollView: onsize change changed
08-15 14:10:02.536 2708 2708 D ViewRootImpl@63e446e[CancelDeliveryActivity]: MSG_RESIZED_REPORT: frame=Rect(0, 0 - 768, 1024) ci=Rect(0, 24 - 0, 0) vi=Rect(0, 24 - 0, 0) or=1
08-15 14:10:02.537 2708 2708 D ViewRootImpl@63e446e[CancelDeliveryActivity]: MSG_WINDOW_FOCUS_CHANGED 1
08-15 14:10:02.537 2708 2708 D ViewRootImpl@63e446e[CancelDeliveryActivity]: mHardwareRenderer.initializeIfNeeded()#2 mSurface={isValid=true -1848768512}
08-15 14:10:02.542 2708 2708 V InputMethodManager: Starting input: tba=android.view.inputmethod.EditorInfo@a567dd2 nm : cz.gienger.mobile ic=null
08-15 14:10:02.542 2708 2708 I InputMethodManager: startInputInner - mService.startInputOrWindowGainedFocus
08-15 14:10:02.552 2708 2708 D InputTransport: Input channel constructed: fd=99
08-15 14:10:02.552 2708 2708 D InputTransport: Input channel destroyed: fd=69
08-15 14:10:02.594 2708 2774 D OpenGLRenderer: endAllActiveAnimators on 0x93d51e80 (RippleDrawable) with handle 0x93293cd0
08-15 14:10:02.594 2708 2708 D ViewRootImpl@6c5b8e3[MainActivity]: mHardwareRenderer.destroy()#1
08-15 14:10:02.600 2708 2708 D ViewRootImpl@6c5b8e3[MainActivity]: Relayout returned: oldFrame=[0,0][768,1024] newFrame=[0,0][768,1024] result=0x5 surface={isValid=false 0} surfaceGenerationChanged=true
08-15 14:10:02.991 2708 2708 D ViewRootImpl@6c5b8e3[MainActivity]: Relayout returned: oldFrame=[0,0][768,1024] newFrame=[0,0][768,1024] result=0x5 surface={isValid=false 0} surfaceGenerationChanged=false
08-15 14:10:03.141 2708 2708 D LOCATION_SERVICE: onLocationChanged: Location[network 49,191125,17,534416 acc=21 et=+1h40m45s949ms alt=0.0 vel=0.0 bear=0.0 {Bundle[mParcelledData.dataSize=80]}]
08-15 14:10:03.560 2708 2708 D ViewRootImpl@63e446e[CancelDeliveryActivity]: ViewPostImeInputStage processPointer 0
08-15 14:10:03.610 2708 2708 D ViewRootImpl@63e446e[CancelDeliveryActivity]: ViewPostImeInputStage processPointer 1
08-15 14:10:04.232 2708 2708 D ViewRootImpl@63e446e[CancelDeliveryActivity]: ViewPostImeInputStage processPointer 0
08-15 14:10:04.282 2708 2708 D ViewRootImpl@63e446e[CancelDeliveryActivity]: ViewPostImeInputStage processPointer 1
08-15 14:10:04.301 2708 2708 D UNDELIVERED: Reason ID = 8, Comment =
08-15 14:10:04.377 2708 2708 D ViewRootImpl@63e446e[CancelDeliveryActivity]: MSG_WINDOW_FOCUS_CHANGED 0
08-15 14:10:04.382 2708 11124 D MESSAGE_SERVICE: ACTION_COMPRESS_AND_UPLOAD
08-15 14:10:04.393 2708 2708 D ViewRootImpl@6c5b8e3[MainActivity]: mHardwareRenderer.destroy()#4
08-15 14:10:04.393 2708 2708 D ViewRootImpl@6c5b8e3[MainActivity]: dispatchDetachedFromWindow
08-15 14:10:04.402 2708 2708 D InputTransport: Input channel destroyed: fd=85
08-15 14:10:04.630 2708 2708 D ViewRootImpl@5c6653e[MainActivity]: ThreadedRenderer.create() translucent=false
08-15 14:10:04.633 2708 2708 D InputTransport: Input channel constructed: fd=90
08-15 14:10:04.633 2708 2708 D ViewRootImpl@5c6653e[MainActivity]: setView = DecorView@4462f9f[MainActivity] touchMode=true
08-15 14:10:04.635 2708 2708 D ViewRootImpl@5c6653e[MainActivity]: dispatchAttachedToWindow
08-15 14:10:04.697 2708 2708 D ViewRootImpl@5c6653e[MainActivity]: Relayout returned: oldFrame=[0,0][0,0] newFrame=[0,0][768,1024] result=0x27 surface={isValid=true -1839312896} surfaceGenerationChanged=true
08-15 14:10:04.697 2708 2708 D ViewRootImpl@5c6653e[MainActivity]: mHardwareRenderer.initialize() mSurface={isValid=true -1839312896} hwInitialized=true
08-15 14:10:04.774 2708 2708 D AbsListView: in onLayout changed
08-15 14:10:04.870 2708 2774 D OpenGLRenderer: endAllActiveAnimators on 0x91989c00 (RippleDrawable) with handle 0x918172b0
08-15 14:10:04.871 2708 2708 D ViewRootImpl@63e446e[CancelDeliveryActivity]: mHardwareRenderer.destroy()#1
08-15 14:10:04.879 2708 2708 D ViewRootImpl@63e446e[CancelDeliveryActivity]: Relayout returned: oldFrame=[0,0][768,1024] newFrame=[0,0][768,1024] result=0x5 surface={isValid=false 0} surfaceGenerationChanged=true
08-15 14:10:04.880 2708 2708 D ViewRootImpl@5c6653e[MainActivity]: MSG_RESIZED_REPORT: frame=Rect(0, 0 - 768, 1024) ci=Rect(0, 24 - 0, 0) vi=Rect(0, 24 - 0, 0) or=1
08-15 14:10:04.880 2708 2708 D ViewRootImpl@5c6653e[MainActivity]: MSG_WINDOW_FOCUS_CHANGED 1
08-15 14:10:04.880 2708 2708 D ViewRootImpl@5c6653e[MainActivity]: mHardwareRenderer.initializeIfNeeded()#2 mSurface={isValid=true -1839312896}
08-15 14:10:04.881 2708 2708 V InputMethodManager: Starting input: tba=android.view.inputmethod.EditorInfo@8cc1e99 nm : cz.gienger.mobile ic=null
08-15 14:10:04.881 2708 2708 I InputMethodManager: startInputInner - mService.startInputOrWindowGainedFocus
08-15 14:10:04.883 2708 2708 D InputTransport: Input channel constructed: fd=69
08-15 14:10:04.883 2708 2708 D InputTransport: Input channel destroyed: fd=99
08-15 14:10:04.921 2708 2708 D TextView: SYANI: Clipboard API is calling: clearFilter()
08-15 14:10:04.921 2708 2708 D TextView: SYANI: Clipboard API is calling: unregisterClipboardEventListener()
08-15 14:10:04.928 2708 2708 D ViewRootImpl@63e446e[CancelDeliveryActivity]: mHardwareRenderer.destroy()#4
08-15 14:10:04.928 2708 2708 D ViewRootImpl@63e446e[CancelDeliveryActivity]: dispatchDetachedFromWindow
08-15 14:10:04.934 2708 2708 D InputTransport: Input channel destroyed: fd=78
08-15 14:10:04.935 2708 2708 D LOCATION_SERVICE: onDestroy
08-15 14:10:05.105 2708 11124 D FILE_MANAGER: Serializing delivery /data/user/0/cz.gienger.mobile/files/finished/130AT1180429953/130AT1180429953.xml
08-15 14:10:05.105 2708 11124 D FILE_MANAGER: Null files:
08-15 14:10:05.160 2708 11124 D MYINTERCEPTOR: /GiengerService.svc/sendorder
08-15 14:10:05.161 2708 11124 D OkHttp : --> POST https://testsaig1.gienger.cz/GiengerService.svc/sendorder http/1.1
08-15 14:10:05.161 2708 11124 D OkHttp : Content-Type: text/raw
08-15 14:10:05.162 2708 11124 D OkHttp : Content-Length: 3311
08-15 14:10:05.162 2708 11124 D OkHttp : filename: 130AT1180429953.xml
08-15 14:10:05.162 2708 11124 D OkHttp : Checksum: eb9f867e8ed5a1d90d59366aed5aafd6
08-15 14:10:05.162 2708 11124 D OkHttp : token: 8a1e8ea68c9b4da469fa9bcbb6e6a055
08-15 14:10:05.162 2708 11124 D OkHttp : --> END POST
08-15 14:10:05.293 2708 11124 D OkHttp : <-- 200 https://testsaig1.gienger.cz/GiengerService.svc/sendorder (131ms)
08-15 14:10:05.293 2708 11124 D OkHttp : content-type: application/xml; charset=utf-8
08-15 14:10:05.294 2708 11124 D OkHttp : server: Microsoft-IIS/10.0
08-15 14:10:05.294 2708 11124 D OkHttp : x-powered-by: ASP.NET
08-15 14:10:05.294 2708 11124 D OkHttp : date: Wed, 15 Aug 2018 12:10:04 GMT
08-15 14:10:05.294 2708 11124 D OkHttp : content-length: 175
08-15 14:10:05.294 2708 11124 D OkHttp : <-- END HTTP
08-15 14:10:05.297 2708 11124 D sendOrder_SUCCESS: 200
08-15 14:10:05.318 2708 11124 D MESSAGE_SERVICE: ACTION_RESEND_ORDERS
08-15 14:10:05.595 2708 2708 D AbsListView: in onLayout changed
08-15 14:10:05.863 2708 2708 D AbsListView: in onLayout changed
08-15 14:10:07.209 2708 2708 D ViewRootImpl@5c6653e[MainActivity]: ViewPostImeInputStage processPointer 0
08-15 14:10:07.261 2708 2708 D AbsListView: reportScrollStateChange() newState : 1
08-15 14:10:07.397 2708 2708 D ViewRootImpl@5c6653e[MainActivity]: ViewPostImeInputStage processPointer 1
08-15 14:10:07.398 2708 2708 D AbsListView: onTouchUp() mTouchMode : 3
08-15 14:10:07.398 2708 2708 D AbsListView: onTouchUp() TOUCH_MODE_SCROLL initialVelocity : -3665
08-15 14:10:07.398 2708 2708 D AbsListView: reportScrollStateChange() newState : 2
08-15 14:10:07.973 2708 2708 D ViewRootImpl@5c6653e[MainActivity]: ViewPostImeInputStage processPointer 0
08-15 14:10:08.142 2708 2708 D ViewRootImpl@5c6653e[MainActivity]: ViewPostImeInputStage processPointer 1
08-15 14:10:08.142 2708 2708 D AbsListView: onTouchUp() mTouchMode : 3
08-15 14:10:08.142 2708 2708 D AbsListView: onTouchUp() TOUCH_MODE_SCROLL initialVelocity : -3642
08-15 14:10:08.497 2708 2708 D ViewRootImpl@5c6653e[MainActivity]: ViewPostImeInputStage processPointer 0
08-15 14:10:08.537 2708 2708 D AbsListView: reportScrollStateChange() newState : 0
08-15 14:10:08.539 2708 2708 D AbsListView: reportScrollStateChange() newState : 1
08-15 14:10:08.839 2708 2708 D ViewRootImpl@5c6653e[MainActivity]: ViewPostImeInputStage processPointer 1
08-15 14:10:08.841 2708 2708 D AbsListView: onTouchUp() mTouchMode : 3
08-15 14:10:08.841 2708 2708 D AbsListView: onTouchUp() TOUCH_MODE_SCROLL initialVelocity : 221
08-15 14:10:08.841 2708 2708 D AbsListView: reportScrollStateChange() newState : 2
08-15 14:10:09.054 2708 2708 D AbsListView: reportScrollStateChange() newState : 0
08-15 14:10:09.097 2708 2708 D ViewRootImpl@5c6653e[MainActivity]: ViewPostImeInputStage processPointer 0
08-15 14:10:09.115 2708 2708 D AbsListView: reportScrollStateChange() newState : 1
08-15 14:10:09.222 2708 2708 D ViewRootImpl@5c6653e[MainActivity]: ViewPostImeInputStage processPointer 1
08-15 14:10:09.222 2708 2708 D AbsListView: onTouchUp() mTouchMode : 3
08-15 14:10:09.222 2708 2708 D AbsListView: onTouchUp() TOUCH_MODE_SCROLL initialVelocity : 1871
08-15 14:10:09.222 2708 2708 D AbsListView: reportScrollStateChange() newState : 2
08-15 14:10:09.394 2708 2708 D ViewRootImpl@5c6653e[MainActivity]: ViewPostImeInputStage processPointer 0
08-15 14:10:09.438 2708 2708 D AbsListView: reportScrollStateChange() newState : 0
08-15 14:10:09.438 2708 2708 D AbsListView: reportScrollStateChange() newState : 1
08-15 14:10:09.727 2708 2708 D ViewRootImpl@5c6653e[MainActivity]: ViewPostImeInputStage processPointer 1
08-15 14:10:09.727 2708 2708 D AbsListView: onTouchUp() mTouchMode : 3
08-15 14:10:09.727 2708 2708 D AbsListView: onTouchUp() TOUCH_MODE_SCROLL initialVelocity : 479
08-15 14:10:09.727 2708 2708 D AbsListView: reportScrollStateChange() newState : 2
08-15 14:10:09.953 2708 2708 D ViewRootImpl@5c6653e[MainActivity]: ViewPostImeInputStage processPointer 0
08-15 14:10:10.077 2708 2708 D AbsListView: reportScrollStateChange() newState : 0
08-15 14:10:10.078 2708 2708 D AbsListView: reportScrollStateChange() newState : 1
08-15 14:10:10.337 2708 2708 D ViewRootImpl@5c6653e[MainActivity]: ViewPostImeInputStage processPointer 1
08-15 14:10:10.338 2708 2708 D AbsListView: onTouchUp() mTouchMode : 3
08-15 14:10:10.338 2708 2708 D AbsListView: onTouchUp() TOUCH_MODE_SCROLL initialVelocity : 15
08-15 14:10:10.338 2708 2708 D AbsListView: reportScrollStateChange() newState : 0
08-15 14:10:17.125 2708 2708 D ViewRootImpl@5c6653e[MainActivity]: ViewPostImeInputStage processPointer 0
08-15 14:10:17.192 2708 2708 D ViewRootImpl@5c6653e[MainActivity]: ViewPostImeInputStage processPointer 1
08-15 14:10:17.207 2708 2708 D item_click: viewId = 2131820758, position = 10
08-15 14:10:17.256 2708 2708 D ViewRootImpl@5c6653e[MainActivity]: MSG_WINDOW_FOCUS_CHANGED 0
08-15 14:10:17.308 2708 2708 D ScrollView: initGoToTop
08-15 14:10:17.361 2708 2708 D ViewRootImpl@1c245be[CancelDeliveryActivity]: ThreadedRenderer.create() translucent=false
08-15 14:10:17.364 2708 2708 D InputTransport: Input channel constructed: fd=73
08-15 14:10:17.364 2708 2708 D ViewRootImpl@1c245be[CancelDeliveryActivity]: setView = DecorView@febc61f[CancelDeliveryActivity] touchMode=true
08-15 14:10:17.367 2708 2708 D LOCATION_SERVICE: LocationListener gps
08-15 14:10:17.369 2708 2708 D LOCATION_SERVICE: LocationListener network
08-15 14:10:17.369 2708 2708 D LOCATION_SERVICE: onCreate
08-15 14:10:17.369 2708 2708 D LOCATION_SERVICE: initializeLocationManager
08-15 14:10:17.391 2708 2708 D LOCATION_SERVICE: onStartCommand
08-15 14:10:17.398 2708 2708 D ViewRootImpl@1c245be[CancelDeliveryActivity]: dispatchAttachedToWindow
08-15 14:10:17.424 2708 2708 D ViewRootImpl@1c245be[CancelDeliveryActivity]: Relayout returned: oldFrame=[0,0][0,0] newFrame=[0,0][768,1024] result=0x27 surface={isValid=true -1801603072} surfaceGenerationChanged=true
08-15 14:10:17.425 2708 2708 D ViewRootImpl@1c245be[CancelDeliveryActivity]: mHardwareRenderer.initialize() mSurface={isValid=true -1801603072} hwInitialized=true
08-15 14:10:17.430 2708 2708 D ScrollView: onsize change changed
08-15 14:10:17.479 2708 2708 D ViewRootImpl@1c245be[CancelDeliveryActivity]: MSG_RESIZED_REPORT: frame=Rect(0, 0 - 768, 1024) ci=Rect(0, 24 - 0, 0) vi=Rect(0, 24 - 0, 0) or=1
08-15 14:10:17.479 2708 2708 D ViewRootImpl@1c245be[CancelDeliveryActivity]: MSG_WINDOW_FOCUS_CHANGED 1
08-15 14:10:17.479 2708 2708 D ViewRootImpl@1c245be[CancelDeliveryActivity]: mHardwareRenderer.initializeIfNeeded()#2 mSurface={isValid=true -1801603072}
08-15 14:10:17.484 2708 2708 V InputMethodManager: Starting input: tba=android.view.inputmethod.EditorInfo@b2080b3 nm : cz.gienger.mobile ic=null
08-15 14:10:17.484 2708 2708 I InputMethodManager: startInputInner - mService.startInputOrWindowGainedFocus
08-15 14:10:17.497 2708 2708 D InputTransport: Input channel constructed: fd=80
08-15 14:10:17.497 2708 2708 D InputTransport: Input channel destroyed: fd=69
08-15 14:10:17.514 2708 2708 D LOCATION_SERVICE: onLocationChanged: Location[network 49,191105,17,534285 acc=38 et=+1h41m0s267ms alt=0.0 vel=0.0 bear=0.0 {Bundle[mParcelledData.dataSize=80]}]
08-15 14:10:17.543 2708 2774 D OpenGLRenderer: endAllActiveAnimators on 0x91b46900 (RippleDrawable) with handle 0x920d7720
08-15 14:10:17.543 2708 2708 D ViewRootImpl@5c6653e[MainActivity]: mHardwareRenderer.destroy()#1
08-15 14:10:17.553 2708 2708 D ViewRootImpl@5c6653e[MainActivity]: Relayout returned: oldFrame=[0,0][768,1024] newFrame=[0,0][768,1024] result=0x5 surface={isValid=false 0} surfaceGenerationChanged=true
08-15 14:10:17.941 2708 2708 D ViewRootImpl@5c6653e[MainActivity]: Relayout returned: oldFrame=[0,0][768,1024] newFrame=[0,0][768,1024] result=0x5 surface={isValid=false 0} surfaceGenerationChanged=false
08-15 14:10:18.331 2708 2708 D ViewRootImpl@1c245be[CancelDeliveryActivity]: ViewPostImeInputStage processPointer 0
08-15 14:10:18.391 2708 2708 D ViewRootImpl@1c245be[CancelDeliveryActivity]: ViewPostImeInputStage processPointer 1
08-15 14:10:18.959 2708 2708 D ViewRootImpl@1c245be[CancelDeliveryActivity]: ViewPostImeInputStage processPointer 0
08-15 14:10:19.021 2708 2708 D ViewRootImpl@1c245be[CancelDeliveryActivity]: ViewPostImeInputStage processPointer 1
08-15 14:10:19.035 2708 2708 D UNDELIVERED: Reason ID = 8, Comment =
08-15 14:10:19.144 2708 2708 D ViewRootImpl@1c245be[CancelDeliveryActivity]: MSG_WINDOW_FOCUS_CHANGED 0
08-15 14:10:19.146 2708 11131 D MESSAGE_SERVICE: ACTION_COMPRESS_AND_UPLOAD
08-15 14:10:19.163 2708 2708 D ViewRootImpl@5c6653e[MainActivity]: mHardwareRenderer.destroy()#4
08-15 14:10:19.163 2708 2708 D ViewRootImpl@5c6653e[MainActivity]: dispatchDetachedFromWindow
08-15 14:10:19.169 2708 2708 D InputTransport: Input channel destroyed: fd=90
08-15 14:10:19.422 2708 2708 D ViewRootImpl@d835aaf[MainActivity]: ThreadedRenderer.create() translucent=false
08-15 14:10:19.426 2708 2708 D InputTransport: Input channel constructed: fd=90
08-15 14:10:19.426 2708 2708 D ViewRootImpl@d835aaf[MainActivity]: setView = DecorView@8e91ebc[MainActivity] touchMode=true
08-15 14:10:19.446 2708 2774 D OpenGLRenderer: endAllActiveAnimators on 0x9323ca00 (RippleDrawable) with handle 0x925fec20
08-15 14:10:19.446 2708 2708 D ViewRootImpl@1c245be[CancelDeliveryActivity]: mHardwareRenderer.destroy()#1
08-15 14:10:19.458 2708 2708 D ViewRootImpl@1c245be[CancelDeliveryActivity]: Relayout returned: oldFrame=[0,0][768,1024] newFrame=[0,0][768,1024] result=0x5 surface={isValid=false 0} surfaceGenerationChanged=true
08-15 14:10:19.459 2708 2708 D ViewRootImpl@d835aaf[MainActivity]: dispatchAttachedToWindow
08-15 14:10:19.464 2708 2718 I art : Background sticky concurrent mark sweep GC freed 231880(9MB) AllocSpace objects, 12(240KB) LOS objects, 47% free, 10MB/20MB, paused 1.966ms total 116.424ms
08-15 14:10:19.499 2708 2708 D ViewRootImpl@d835aaf[MainActivity]: Relayout returned: oldFrame=[0,0][0,0] newFrame=[0,0][768,1024] result=0x7 surface={isValid=true -1852897280} surfaceGenerationChanged=true
08-15 14:10:19.500 2708 2708 D ViewRootImpl@d835aaf[MainActivity]: mHardwareRenderer.initialize() mSurface={isValid=true -1852897280} hwInitialized=true
08-15 14:10:19.577 2708 2708 D AbsListView: in onLayout changed
08-15 14:10:19.631 2708 2708 D ViewRootImpl@d835aaf[MainActivity]: MSG_RESIZED_REPORT: frame=Rect(0, 0 - 768, 1024) ci=Rect(0, 24 - 0, 0) vi=Rect(0, 24 - 0, 0) or=1
08-15 14:10:19.631 2708 2708 D ViewRootImpl@d835aaf[MainActivity]: MSG_WINDOW_FOCUS_CHANGED 1
08-15 14:10:19.631 2708 2708 D ViewRootImpl@d835aaf[MainActivity]: mHardwareRenderer.initializeIfNeeded()#2 mSurface={isValid=true -1852897280}
08-15 14:10:19.633 2708 2708 V InputMethodManager: Starting input: tba=android.view.inputmethod.EditorInfo@edc8729 nm : cz.gienger.mobile ic=null
08-15 14:10:19.633 2708 2708 I InputMethodManager: startInputInner - mService.startInputOrWindowGainedFocus
08-15 14:10:19.643 2708 2708 D InputTransport: Input channel constructed: fd=83
08-15 14:10:19.643 2708 2708 D InputTransport: Input channel destroyed: fd=80
08-15 14:10:19.679 2708 2708 D TextView: SYANI: Clipboard API is calling: clearFilter()
08-15 14:10:19.680 2708 2708 D TextView: SYANI: Clipboard API is calling: unregisterClipboardEventListener()
08-15 14:10:19.686 2708 2708 D ViewRootImpl@1c245be[CancelDeliveryActivity]: mHardwareRenderer.destroy()#4
08-15 14:10:19.686 2708 2708 D ViewRootImpl@1c245be[CancelDeliveryActivity]: dispatchDetachedFromWindow
08-15 14:10:19.695 2708 2708 D InputTransport: Input channel destroyed: fd=73
08-15 14:10:19.695 2708 2708 D LOCATION_SERVICE: onDestroy
08-15 14:10:19.863 2708 11131 D FILE_MANAGER: Serializing delivery /data/user/0/cz.gienger.mobile/files/finished/130AT1180704443/130AT1180704443.xml
08-15 14:10:19.863 2708 11131 D FILE_MANAGER: Null files:
08-15 14:10:19.920 2708 11131 D MYINTERCEPTOR: /GiengerService.svc/sendorder
08-15 14:10:19.921 2708 11131 D OkHttp : --> POST https://testsaig1.gienger.cz/GiengerService.svc/sendorder http/1.1
08-15 14:10:19.921 2708 11131 D OkHttp : Content-Type: text/raw
08-15 14:10:19.921 2708 11131 D OkHttp : Content-Length: 2860
08-15 14:10:19.921 2708 11131 D OkHttp : filename: 130AT1180704443.xml
08-15 14:10:19.922 2708 11131 D OkHttp : Checksum: 3563f08a6311c21a5e2cce09db9030bf
08-15 14:10:19.922 2708 11131 D OkHttp : token: 8a1e8ea68c9b4da469fa9bcbb6e6a055
08-15 14:10:19.922 2708 11131 D OkHttp : --> END POST
08-15 14:10:20.027 2708 11131 D OkHttp : <-- 200 https://testsaig1.gienger.cz/GiengerService.svc/sendorder (104ms)
08-15 14:10:20.027 2708 11131 D OkHttp : content-type: application/xml; charset=utf-8
08-15 14:10:20.027 2708 11131 D OkHttp : server: Microsoft-IIS/10.0
08-15 14:10:20.027 2708 11131 D OkHttp : x-powered-by: ASP.NET
08-15 14:10:20.027 2708 11131 D OkHttp : date: Wed, 15 Aug 2018 12:10:19 GMT
08-15 14:10:20.027 2708 11131 D OkHttp : content-length: 175
08-15 14:10:20.027 2708 11131 D OkHttp : <-- END HTTP
08-15 14:10:20.030 2708 11131 D sendOrder_SUCCESS: 200
08-15 14:10:20.057 2708 11131 D MESSAGE_SERVICE: ACTION_RESEND_ORDERS
08-15 14:10:20.324 2708 2708 D AbsListView: in onLayout changed
08-15 14:10:20.590 2708 2708 D AbsListView: in onLayout changed
08-15 14:10:23.227 2708 2708 D ViewRootImpl@d835aaf[MainActivity]: ViewPostImeInputStage processPointer 0
08-15 14:10:23.313 2708 2708 D AbsListView: reportScrollStateChange() newState : 1
08-15 14:10:23.470 2708 2708 D ViewRootImpl@d835aaf[MainActivity]: ViewPostImeInputStage processPointer 1
08-15 14:10:23.471 2708 2708 D AbsListView: onTouchUp() mTouchMode : 3
08-15 14:10:23.471 2708 2708 D AbsListView: onTouchUp() TOUCH_MODE_SCROLL initialVelocity : -1757
08-15 14:10:23.471 2708 2708 D AbsListView: reportScrollStateChange() newState : 2
08-15 14:10:24.085 2708 2708 D ViewRootImpl@d835aaf[MainActivity]: ViewPostImeInputStage processPointer 0
08-15 14:10:24.176 2708 2708 D ViewRootImpl@d835aaf[MainActivity]: ViewPostImeInputStage processPointer 1
08-15 14:10:24.176 2708 2708 D AbsListView: onTouchUp() mTouchMode : 3
08-15 14:10:24.176 2708 2708 D AbsListView: onTouchUp() TOUCH_MODE_SCROLL initialVelocity : -2572
08-15 14:10:24.851 2708 2708 D ViewRootImpl@d835aaf[MainActivity]: ViewPostImeInputStage processPointer 0
08-15 14:10:24.964 2708 2708 D ViewRootImpl@d835aaf[MainActivity]: ViewPostImeInputStage processPointer 1
08-15 14:10:24.964 2708 2708 D AbsListView: onTouchUp() mTouchMode : 3
08-15 14:10:24.964 2708 2708 D AbsListView: onTouchUp() TOUCH_MODE_SCROLL initialVelocity : -2069
08-15 14:10:25.538 2708 2708 D ViewRootImpl@d835aaf[MainActivity]: ViewPostImeInputStage processPointer 0
08-15 14:10:25.641 2708 2708 D ViewRootImpl@d835aaf[MainActivity]: ViewPostImeInputStage processPointer 1
08-15 14:10:25.641 2708 2708 D AbsListView: onTouchUp() mTouchMode : 3
08-15 14:10:25.641 2708 2708 D AbsListView: onTouchUp() TOUCH_MODE_SCROLL initialVelocity : -2255
08-15 14:10:25.944 2708 2708 D ViewRootImpl@d835aaf[MainActivity]: ViewPostImeInputStage processPointer 0
08-15 14:10:25.985 2708 2708 D AbsListView: reportScrollStateChange() newState : 0
08-15 14:10:25.986 2708 2708 D AbsListView: reportScrollStateChange() newState : 1
08-15 14:10:26.189 2708 2708 D ViewRootImpl@d835aaf[MainActivity]: ViewPostImeInputStage processPointer 1
08-15 14:10:26.190 2708 2708 D AbsListView: onTouchUp() mTouchMode : 3
08-15 14:10:26.190 2708 2708 D AbsListView: onTouchUp() TOUCH_MODE_SCROLL initialVelocity : 355
08-15 14:10:26.190 2708 2708 D AbsListView: reportScrollStateChange() newState : 2
08-15 14:10:26.470 2708 2708 D AbsListView: reportScrollStateChange() newState : 0
08-15 14:10:26.492 2708 2708 D ViewRootImpl@d835aaf[MainActivity]: ViewPostImeInputStage processPointer 0
08-15 14:10:26.521 2708 2708 D AbsListView: reportScrollStateChange() newState : 1
08-15 14:10:26.887 2708 2708 D ViewRootImpl@d835aaf[MainActivity]: ViewPostImeInputStage processPointer 1
08-15 14:10:26.887 2708 2708 D AbsListView: onTouchUp() mTouchMode : 3
08-15 14:10:26.887 2708 2708 D AbsListView: onTouchUp() TOUCH_MODE_SCROLL initialVelocity : 60
08-15 14:10:26.887 2708 2708 D AbsListView: reportScrollStateChange() newState : 2
08-15 14:10:26.988 2708 2708 D AbsListView: reportScrollStateChange() newState : 0
08-15 14:10:35.824 2708 2708 D ViewRootImpl@d835aaf[MainActivity]: ViewPostImeInputStage processPointer 0
08-15 14:10:35.869 2708 2708 D ViewRootImpl@d835aaf[MainActivity]: ViewPostImeInputStage processPointer 1
08-15 14:10:35.883 2708 2708 D item_click: viewId = 2131820758, position = 11
08-15 14:10:35.930 2708 2708 D ViewRootImpl@d835aaf[MainActivity]: MSG_WINDOW_FOCUS_CHANGED 0
08-15 14:10:35.985 2708 2708 D ScrollView: initGoToTop
08-15 14:10:36.048 2708 2708 D ViewRootImpl@cfcd14b[CancelDeliveryActivity]: ThreadedRenderer.create() translucent=false
08-15 14:10:36.053 2708 2708 D InputTransport: Input channel constructed: fd=63
08-15 14:10:36.053 2708 2708 D ViewRootImpl@cfcd14b[CancelDeliveryActivity]: setView = DecorView@a6c2728[CancelDeliveryActivity] touchMode=true
08-15 14:10:36.055 2708 2708 D LOCATION_SERVICE: LocationListener gps
08-15 14:10:36.056 2708 2708 D LOCATION_SERVICE: LocationListener network
08-15 14:10:36.057 2708 2708 D LOCATION_SERVICE: onCreate
08-15 14:10:36.057 2708 2708 D LOCATION_SERVICE: initializeLocationManager
08-15 14:10:36.064 2708 2708 D LOCATION_SERVICE: onStartCommand
08-15 14:10:36.091 2708 2708 D ViewRootImpl@cfcd14b[CancelDeliveryActivity]: dispatchAttachedToWindow
08-15 14:10:36.132 2708 2708 D ViewRootImpl@cfcd14b[CancelDeliveryActivity]: Relayout returned: oldFrame=[0,0][0,0] newFrame=[0,0][768,1024] result=0x27 surface={isValid=true -1840025600} surfaceGenerationChanged=true
08-15 14:10:36.133 2708 2708 D ViewRootImpl@cfcd14b[CancelDeliveryActivity]: mHardwareRenderer.initialize() mSurface={isValid=true -1840025600} hwInitialized=true
08-15 14:10:36.137 2708 2708 D ScrollView: onsize change changed
08-15 14:10:36.179 2708 2708 D ViewRootImpl@cfcd14b[CancelDeliveryActivity]: MSG_RESIZED_REPORT: frame=Rect(0, 0 - 768, 1024) ci=Rect(0, 24 - 0, 0) vi=Rect(0, 24 - 0, 0) or=1
08-15 14:10:36.179 2708 2708 D ViewRootImpl@cfcd14b[CancelDeliveryActivity]: MSG_WINDOW_FOCUS_CHANGED 1
08-15 14:10:36.179 2708 2708 D ViewRootImpl@cfcd14b[CancelDeliveryActivity]: mHardwareRenderer.initializeIfNeeded()#2 mSurface={isValid=true -1840025600}
08-15 14:10:36.184 2708 2708 V InputMethodManager: Starting input: tba=android.view.inputmethod.EditorInfo@5e94d35 nm : cz.gienger.mobile ic=null
08-15 14:10:36.185 2708 2708 I InputMethodManager: startInputInner - mService.startInputOrWindowGainedFocus
08-15 14:10:36.194 2708 2708 D InputTransport: Input channel constructed: fd=66
08-15 14:10:36.194 2708 2708 D InputTransport: Input channel destroyed: fd=83
08-15 14:10:36.227 2708 2774 D OpenGLRenderer: endAllActiveAnimators on 0x95944d00 (RippleDrawable) with handle 0x920d7510
08-15 14:10:36.227 2708 2708 D ViewRootImpl@d835aaf[MainActivity]: mHardwareRenderer.destroy()#1
08-15 14:10:36.234 2708 2708 D ViewRootImpl@d835aaf[MainActivity]: Relayout returned: oldFrame=[0,0][768,1024] newFrame=[0,0][768,1024] result=0x5 surface={isValid=false 0} surfaceGenerationChanged=true
