08-15 14:17:14.378 2708 2708 D ViewRootImpl@bff12b4[CartActivity]: dispatchAttachedToWindow
08-15 14:17:14.402 2708 2708 D ViewRootImpl@bff12b4[CartActivity]: Relayout returned: oldFrame=[0,0][0,0] newFrame=[0,0][768,1024] result=0x27 surface={isValid=true -1787787264} surfaceGenerationChanged=true
08-15 14:17:14.402 2708 2708 D ViewRootImpl@bff12b4[CartActivity]: mHardwareRenderer.initialize() mSurface={isValid=true -1787787264} hwInitialized=true
08-15 14:17:14.473 2708 2708 D AbsListView: in onLayout changed
08-15 14:17:14.513 2708 2708 D ViewRootImpl@bff12b4[CartActivity]: MSG_RESIZED_REPORT: frame=Rect(0, 0 - 768, 1024) ci=Rect(0, 24 - 0, 0) vi=Rect(0, 24 - 0, 0) or=1
08-15 14:17:14.513 2708 2708 D ViewRootImpl@bff12b4[CartActivity]: MSG_WINDOW_FOCUS_CHANGED 1
08-15 14:17:14.513 2708 2708 D ViewRootImpl@bff12b4[CartActivity]: mHardwareRenderer.initializeIfNeeded()#2 mSurface={isValid=true -1787787264}
08-15 14:17:14.530 2708 2708 V InputMethodManager: Starting input: tba=android.view.inputmethod.EditorInfo@8b998e3 nm : cz.gienger.mobile ic=null
08-15 14:17:14.530 2708 2708 I InputMethodManager: startInputInner - mService.startInputOrWindowGainedFocus
08-15 14:17:14.539 2708 2708 D InputTransport: Input channel constructed: fd=66
08-15 14:17:14.539 2708 2708 D InputTransport: Input channel destroyed: fd=68
08-15 14:17:14.574 2708 2774 D OpenGLRenderer: endAllActiveAnimators on 0x9476e480 (RippleDrawable) with handle 0x917d30d0
08-15 14:17:14.574 2708 2708 D ViewRootImpl@8606e6b[ArticleListActivity]: mHardwareRenderer.destroy()#1
08-15 14:17:14.583 2708 2708 D ViewRootImpl@8606e6b[ArticleListActivity]: Relayout returned: oldFrame=[0,0][768,1024] newFrame=[0,0][768,1024] result=0x5 surface={isValid=false 0} surfaceGenerationChanged=true
08-15 14:17:14.987 2708 2708 D ViewRootImpl@8606e6b[ArticleListActivity]: Relayout returned: oldFrame=[0,0][768,1024] newFrame=[0,0][768,1024] result=0x5 surface={isValid=false 0} surfaceGenerationChanged=false
08-15 14:17:15.341 2708 2708 D ViewRootImpl@bff12b4[CartActivity]: ViewPostImeInputStage processPointer 0
08-15 14:17:15.424 2708 2708 D ViewRootImpl@bff12b4[CartActivity]: ViewPostImeInputStage processPointer 1
08-15 14:17:15.434 2708 2708 V InputMethodManager: Starting input: tba=android.view.inputmethod.EditorInfo@55af45e nm : cz.gienger.mobile ic=com.android.internal.widget.EditableInputConnection@ce2e03f
08-15 14:17:15.434 2708 2708 I InputMethodManager: startInputInner - mService.startInputOrWindowGainedFocus
08-15 14:17:15.435 2708 2708 D InputTransport: Input channel constructed: fd=74
08-15 14:17:15.435 2708 2708 D InputTransport: Input channel destroyed: fd=66
08-15 14:17:15.436 2708 2708 D InputMethodManager: SSI - flag : 0 Pid : 2708 view : cz.gienger.mobile
08-15 14:17:15.463 2708 2708 D ViewRootImpl@dadf655[PopupWindow:ca6dd0c]: ThreadedRenderer.create() translucent=true
08-15 14:17:15.467 2708 2708 D InputTransport: Input channel constructed: fd=66
08-15 14:17:15.467 2708 2708 D ViewRootImpl@dadf655[PopupWindow:ca6dd0c]: setView = android.widget.PopupWindow$PopupDecorView{eddf86a V.E...... ......I. 0,0-0,0} touchMode=true
08-15 14:17:15.470 2708 2708 D ViewRootImpl@dadf655[PopupWindow:ca6dd0c]: dispatchAttachedToWindow
08-15 14:17:15.505 2708 2708 D ViewRootImpl@dadf655[PopupWindow:ca6dd0c]: Relayout returned: oldFrame=[0,0][0,0] newFrame=[286,877][316,913] result=0x27 surface={isValid=true -1849534464} surfaceGenerationChanged=true
08-15 14:17:15.505 2708 2708 D ViewRootImpl@dadf655[PopupWindow:ca6dd0c]: mHardwareRenderer.initialize() mSurface={isValid=true -1849534464} hwInitialized=true
08-15 14:17:15.524 2708 2708 D ViewRootImpl@dadf655[PopupWindow:ca6dd0c]: MSG_RESIZED_REPORT: frame=Rect(286, 877 - 316, 913) ci=Rect(0, 0 - 0, 0) vi=Rect(0, 0 - 0, 0) or=1
08-15 14:17:15.715 2708 2708 D ViewRootImpl@bff12b4[CartActivity]: MSG_RESIZED: frame=Rect(0, 0 - 768, 1024) ci=Rect(0, 24 - 0, 359) vi=Rect(0, 24 - 0, 359) or=1
08-15 14:17:15.738 2708 2708 D ViewRootImpl@bff12b4[CartActivity]: Relayout returned: oldFrame=[0,0][768,1024] newFrame=[0,0][768,1024] result=0x1 surface={isValid=true -1787787264} surfaceGenerationChanged=false
08-15 14:17:15.753 2708 2708 D AbsListView: in onLayout changed
08-15 14:17:15.796 2708 2708 D ViewRootImpl@dadf655[PopupWindow:ca6dd0c]: mHardwareRenderer.destroy()#4
08-15 14:17:15.796 2708 2708 D ViewRootImpl@dadf655[PopupWindow:ca6dd0c]: dispatchDetachedFromWindow
08-15 14:17:15.805 2708 2708 D InputTransport: Input channel destroyed: fd=66
08-15 14:17:15.836 2708 2708 V InputMethodManager: Starting input: tba=android.view.inputmethod.EditorInfo@507fd27 nm : cz.gienger.mobile ic=com.android.internal.widget.EditableInputConnection@6b2dbd4
08-15 14:17:15.836 2708 2708 I InputMethodManager: startInputInner - mService.startInputOrWindowGainedFocus
08-15 14:17:15.838 2708 2708 D InputTransport: Input channel constructed: fd=66
08-15 14:17:15.838 2708 2708 D InputTransport: Input channel destroyed: fd=74
08-15 14:17:15.840 2708 2708 W IInputConnectionWrapper: getTextBeforeCursor on inactive InputConnection
08-15 14:17:15.911 2708 2708 W IInputConnectionWrapper: finishComposingText on inactive InputConnection
08-15 14:17:17.037 2708 2708 D ViewRootImpl@bff12b4[CartActivity]: ViewPostImeInputStage processKey 0
08-15 14:17:17.038 2708 2708 D ViewRootImpl@bff12b4[CartActivity]: ViewPostImeInputStage processKey 1
08-15 14:17:17.470 2708 2708 D ViewRootImpl@bff12b4[CartActivity]: ViewPostImeInputStage processKey 0
08-15 14:17:17.471 2708 2708 D ViewRootImpl@bff12b4[CartActivity]: ViewPostImeInputStage processKey 1
08-15 14:17:17.541 2708 2708 D ViewRootImpl@bff12b4[CartActivity]: ViewPostImeInputStage processKey 0
08-15 14:17:17.542 2708 2708 D ViewRootImpl@bff12b4[CartActivity]: ViewPostImeInputStage processKey 1
08-15 14:17:17.623 2708 2708 D ViewRootImpl@bff12b4[CartActivity]: ViewPostImeInputStage processKey 0
08-15 14:17:17.624 2708 2708 D ViewRootImpl@bff12b4[CartActivity]: ViewPostImeInputStage processKey 1
08-15 14:17:17.669 2708 2708 D ViewRootImpl@bff12b4[CartActivity]: ViewPostImeInputStage processKey 0
08-15 14:17:17.670 2708 2708 D ViewRootImpl@bff12b4[CartActivity]: ViewPostImeInputStage processKey 1
08-15 14:17:17.730 2708 2708 D ViewRootImpl@bff12b4[CartActivity]: ViewPostImeInputStage processKey 0
08-15 14:17:17.730 2708 2708 D ViewRootImpl@bff12b4[CartActivity]: ViewPostImeInputStage processKey 1
08-15 14:17:17.798 2708 2708 D ViewRootImpl@bff12b4[CartActivity]: ViewPostImeInputStage processKey 0
08-15 14:17:17.799 2708 2708 D ViewRootImpl@bff12b4[CartActivity]: ViewPostImeInputStage processKey 1
08-15 14:17:17.862 2708 2708 D ViewRootImpl@bff12b4[CartActivity]: ViewPostImeInputStage processKey 0
08-15 14:17:17.862 2708 2708 D ViewRootImpl@bff12b4[CartActivity]: ViewPostImeInputStage processKey 1
08-15 14:17:17.923 2708 2708 D ViewRootImpl@bff12b4[CartActivity]: ViewPostImeInputStage processKey 0
08-15 14:17:17.924 2708 2708 D ViewRootImpl@bff12b4[CartActivity]: ViewPostImeInputStage processKey 1
08-15 14:17:17.986 2708 2708 D ViewRootImpl@bff12b4[CartActivity]: ViewPostImeInputStage processKey 0
08-15 14:17:17.987 2708 2708 D ViewRootImpl@bff12b4[CartActivity]: ViewPostImeInputStage processKey 1
08-15 14:17:18.044 2708 2708 D ViewRootImpl@bff12b4[CartActivity]: ViewPostImeInputStage processKey 0
08-15 14:17:18.047 2708 2708 D ViewRootImpl@bff12b4[CartActivity]: ViewPostImeInputStage processKey 1
08-15 14:17:18.108 2708 2708 D ViewRootImpl@bff12b4[CartActivity]: ViewPostImeInputStage processKey 0
08-15 14:17:18.109 2708 2708 D ViewRootImpl@bff12b4[CartActivity]: ViewPostImeInputStage processKey 1
08-15 14:17:18.167 2708 2708 D ViewRootImpl@bff12b4[CartActivity]: ViewPostImeInputStage processKey 0
08-15 14:17:18.168 2708 2708 D ViewRootImpl@bff12b4[CartActivity]: ViewPostImeInputStage processKey 1
08-15 14:17:18.230 2708 2708 D ViewRootImpl@bff12b4[CartActivity]: ViewPostImeInputStage processKey 0
08-15 14:17:18.231 2708 2708 D ViewRootImpl@bff12b4[CartActivity]: ViewPostImeInputStage processKey 1
08-15 14:17:18.647 2708 2708 D ViewRootImpl@bff12b4[CartActivity]: ViewPostImeInputStage processPointer 0
08-15 14:17:18.707 2708 2708 D ViewRootImpl@bff12b4[CartActivity]: ViewPostImeInputStage processPointer 1
08-15 14:17:18.728 2708 2708 V InputMethodManager: Starting input: tba=android.view.inputmethod.EditorInfo@24be140 nm : cz.gienger.mobile ic=com.android.internal.widget.EditableInputConnection@709879
08-15 14:17:18.728 2708 2708 I InputMethodManager: startInputInner - mService.startInputOrWindowGainedFocus
08-15 14:17:18.729 2708 2708 D InputTransport: Input channel constructed: fd=74
08-15 14:17:18.730 2708 2708 D InputTransport: Input channel destroyed: fd=66
08-15 14:17:18.730 2708 2708 D InputMethodManager: SSI - flag : 0 Pid : 2708 view : cz.gienger.mobile
08-15 14:17:18.739 2708 2708 W IInputConnectionWrapper: finishComposingText on inactive InputConnection
08-15 14:17:18.751 2708 2708 D ViewRootImpl@4fbf9be[PopupWindow:ca6dd0c]: ThreadedRenderer.create() translucent=true
08-15 14:17:18.756 2708 2708 D InputTransport: Input channel constructed: fd=66
08-15 14:17:18.757 2708 2708 D ViewRootImpl@4fbf9be[PopupWindow:ca6dd0c]: setView = android.widget.PopupWindow$PopupDecorView{c556a1f V.E...... ......I. 0,0-0,0} touchMode=true
08-15 14:17:18.758 2708 2708 D ViewRootImpl@4fbf9be[PopupWindow:ca6dd0c]: dispatchAttachedToWindow
08-15 14:17:18.779 2708 2708 D ViewRootImpl@4fbf9be[PopupWindow:ca6dd0c]: Relayout returned: oldFrame=[0,0][0,0] newFrame=[286,554][316,590] result=0x27 surface={isValid=true -1849534464} surfaceGenerationChanged=true
08-15 14:17:18.780 2708 2708 D ViewRootImpl@4fbf9be[PopupWindow:ca6dd0c]: mHardwareRenderer.initialize() mSurface={isValid=true -1849534464} hwInitialized=true
08-15 14:17:18.792 2708 2708 D ViewRootImpl@4fbf9be[PopupWindow:ca6dd0c]: MSG_RESIZED_REPORT: frame=Rect(286, 554 - 316, 590) ci=Rect(0, 0 - 0, 0) vi=Rect(0, 0 - 0, 0) or=1
08-15 14:17:19.436 2708 2708 D ViewRootImpl@bff12b4[CartActivity]: ViewPostImeInputStage processKey 0
08-15 14:17:19.445 2708 2708 D ViewRootImpl@bff12b4[CartActivity]: ViewPostImeInputStage processKey 1
08-15 14:17:19.609 2708 2708 D ViewRootImpl@4fbf9be[PopupWindow:ca6dd0c]: mHardwareRenderer.destroy()#4
08-15 14:17:19.609 2708 2708 D ViewRootImpl@4fbf9be[PopupWindow:ca6dd0c]: dispatchDetachedFromWindow
08-15 14:17:19.616 2708 2708 D InputTransport: Input channel destroyed: fd=66
08-15 14:17:19.862 2708 2708 D ViewRootImpl@bff12b4[CartActivity]: ViewPostImeInputStage processKey 0
08-15 14:17:19.883 2708 2708 D ViewRootImpl@bff12b4[CartActivity]: ViewPostImeInputStage processKey 1
08-15 14:17:19.927 2708 2708 D ViewRootImpl@bff12b4[CartActivity]: ViewPostImeInputStage processKey 0
08-15 14:17:19.935 2708 2708 D ViewRootImpl@bff12b4[CartActivity]: ViewPostImeInputStage processKey 1
08-15 14:17:19.987 2708 2708 D ViewRootImpl@bff12b4[CartActivity]: ViewPostImeInputStage processKey 0
08-15 14:17:19.992 2708 2708 D ViewRootImpl@bff12b4[CartActivity]: ViewPostImeInputStage processKey 1
08-15 14:17:20.050 2708 2708 D ViewRootImpl@bff12b4[CartActivity]: ViewPostImeInputStage processKey 0
08-15 14:17:20.055 2708 2708 D ViewRootImpl@bff12b4[CartActivity]: ViewPostImeInputStage processKey 1
08-15 14:17:20.114 2708 2708 D ViewRootImpl@bff12b4[CartActivity]: ViewPostImeInputStage processKey 0
08-15 14:17:20.118 2708 2708 D ViewRootImpl@bff12b4[CartActivity]: ViewPostImeInputStage processKey 1
08-15 14:17:20.177 2708 2708 D ViewRootImpl@bff12b4[CartActivity]: ViewPostImeInputStage processKey 0
08-15 14:17:20.182 2708 2708 D ViewRootImpl@bff12b4[CartActivity]: ViewPostImeInputStage processKey 1
08-15 14:17:20.241 2708 2708 D ViewRootImpl@bff12b4[CartActivity]: ViewPostImeInputStage processKey 0
08-15 14:17:20.245 2708 2708 D ViewRootImpl@bff12b4[CartActivity]: ViewPostImeInputStage processKey 1
08-15 14:17:20.313 2708 2708 D ViewRootImpl@bff12b4[CartActivity]: ViewPostImeInputStage processKey 0
08-15 14:17:20.318 2708 2708 D ViewRootImpl@bff12b4[CartActivity]: ViewPostImeInputStage processKey 1
08-15 14:17:20.377 2708 2708 D ViewRootImpl@bff12b4[CartActivity]: ViewPostImeInputStage processKey 0
08-15 14:17:20.381 2708 2708 D ViewRootImpl@bff12b4[CartActivity]: ViewPostImeInputStage processKey 1
08-15 14:17:20.438 2708 2708 D ViewRootImpl@bff12b4[CartActivity]: ViewPostImeInputStage processKey 0
08-15 14:17:20.442 2708 2708 D ViewRootImpl@bff12b4[CartActivity]: ViewPostImeInputStage processKey 1
08-15 14:17:20.623 2708 2708 D ViewRootImpl@bff12b4[CartActivity]: ViewPostImeInputStage processKey 0
08-15 14:17:20.624 2708 2708 D ViewRootImpl@bff12b4[CartActivity]: ViewPostImeInputStage processKey 1
08-15 14:17:20.683 2708 2708 D ViewRootImpl@bff12b4[CartActivity]: ViewPostImeInputStage processKey 0
08-15 14:17:20.684 2708 2708 D ViewRootImpl@bff12b4[CartActivity]: ViewPostImeInputStage processKey 1
08-15 14:17:20.743 2708 2708 D ViewRootImpl@bff12b4[CartActivity]: ViewPostImeInputStage processKey 0
08-15 14:17:20.744 2708 2708 D ViewRootImpl@bff12b4[CartActivity]: ViewPostImeInputStage processKey 1
08-15 14:17:20.804 2708 2708 D ViewRootImpl@bff12b4[CartActivity]: ViewPostImeInputStage processKey 0
08-15 14:17:20.805 2708 2708 D ViewRootImpl@bff12b4[CartActivity]: ViewPostImeInputStage processKey 1
08-15 14:17:20.869 2708 2708 D ViewRootImpl@bff12b4[CartActivity]: ViewPostImeInputStage processKey 0
08-15 14:17:20.870 2708 2708 D ViewRootImpl@bff12b4[CartActivity]: ViewPostImeInputStage processKey 1
08-15 14:17:20.926 2708 2708 D ViewRootImpl@bff12b4[CartActivity]: ViewPostImeInputStage processKey 0
08-15 14:17:20.927 2708 2708 D ViewRootImpl@bff12b4[CartActivity]: ViewPostImeInputStage processKey 1
08-15 14:17:20.990 2708 2708 D ViewRootImpl@bff12b4[CartActivity]: ViewPostImeInputStage processKey 0
08-15 14:17:20.991 2708 2708 D ViewRootImpl@bff12b4[CartActivity]: ViewPostImeInputStage processKey 1
08-15 14:17:21.051 2708 2708 D ViewRootImpl@bff12b4[CartActivity]: ViewPostImeInputStage processKey 0
08-15 14:17:21.052 2708 2708 D ViewRootImpl@bff12b4[CartActivity]: ViewPostImeInputStage processKey 1
08-15 14:17:21.584 2708 2708 D ViewRootImpl@bff12b4[CartActivity]: ViewPostImeInputStage processPointer 0
08-15 14:17:22.084 2708 2708 D TextView: performLongClick() is called
08-15 14:17:22.084 2708 2708 D TextView: handled is false
08-15 14:17:22.159 2708 2708 D ScrollView: initGoToTop
08-15 14:17:22.166 2708 2708 D ViewRootImpl@f9ab2a0[PopupWindow:ca6dd0c]: ThreadedRenderer.create() translucent=true
08-15 14:17:22.170 2708 2708 D InputTransport: Input channel constructed: fd=66
08-15 14:17:22.170 2708 2708 D ViewRootImpl@f9ab2a0[PopupWindow:ca6dd0c]: setView = android.widget.PopupWindow$PopupDecorView{f0afe59 V.E...... ......I. 0,0-0,0} touchMode=true
08-15 14:17:22.177 2708 2708 D ViewRootImpl@f9ab2a0[PopupWindow:ca6dd0c]: dispatchAttachedToWindow
08-15 14:17:22.202 2708 2708 D ViewRootImpl@f9ab2a0[PopupWindow:ca6dd0c]: Relayout returned: oldFrame=[0,0][0,0] newFrame=[38,554][68,590] result=0x27 surface={isValid=true -1844975616} surfaceGenerationChanged=true
08-15 14:17:22.203 2708 2708 D ViewRootImpl@f9ab2a0[PopupWindow:ca6dd0c]: mHardwareRenderer.initialize() mSurface={isValid=true -1844975616} hwInitialized=true
08-15 14:17:22.220 2708 2708 D ViewRootImpl@f9ab2a0[PopupWindow:ca6dd0c]: MSG_RESIZED_REPORT: frame=Rect(38, 554 - 68, 590) ci=Rect(0, 0 - 0, 0) vi=Rect(0, 0 - 0, 0) or=1
08-15 14:17:22.243 2708 2708 D ViewRootImpl@2040f01[PopupWindow:7907ce8]: ThreadedRenderer.create() translucent=true
08-15 14:17:22.248 2708 2708 D InputTransport: Input channel constructed: fd=75
08-15 14:17:22.249 2708 2708 D ViewRootImpl@2040f01[PopupWindow:7907ce8]: setView = android.widget.PopupWindow$PopupDecorView{412e1a6 V.E...... ......I. 0,0-0,0} touchMode=true
08-15 14:17:22.250 2708 2708 D ViewRootImpl@2040f01[PopupWindow:7907ce8]: dispatchAttachedToWindow
08-15 14:17:22.272 2708 2708 D ViewRootImpl@2040f01[PopupWindow:7907ce8]: Relayout returned: oldFrame=[0,0][0,0] newFrame=[10,463][243,527] result=0x27 surface={isValid=true -1847439360} surfaceGenerationChanged=true
08-15 14:17:22.272 2708 2708 D ViewRootImpl@2040f01[PopupWindow:7907ce8]: mHardwareRenderer.initialize() mSurface={isValid=true -1847439360} hwInitialized=true
08-15 14:17:22.303 2708 2708 D ViewRootImpl@2040f01[PopupWindow:7907ce8]: MSG_RESIZED_REPORT: frame=Rect(10, 463 - 243, 527) ci=Rect(0, 0 - 0, 0) vi=Rect(0, 0 - 0, 0) or=1
08-15 14:17:22.634 2708 2708 D ViewRootImpl@bff12b4[CartActivity]: ViewPostImeInputStage processPointer 1
08-15 14:17:22.958 2708 2708 D ViewRootImpl@2040f01[PopupWindow:7907ce8]: ViewPostImeInputStage processPointer 0
08-15 14:17:23.029 2708 2708 D ViewRootImpl@2040f01[PopupWindow:7907ce8]: ViewPostImeInputStage processPointer 1
08-15 14:17:23.032 2708 2708 W TextView: insertLog : no permission of survey
08-15 14:17:23.041 2708 2708 W TextView: insertLog : no permission of survey
08-15 14:17:23.231 2708 2708 D ViewRootImpl@f9ab2a0[PopupWindow:ca6dd0c]: mHardwareRenderer.destroy()#4
08-15 14:17:23.231 2708 2708 D ViewRootImpl@f9ab2a0[PopupWindow:ca6dd0c]: dispatchDetachedFromWindow
08-15 14:17:23.240 2708 2708 D InputTransport: Input channel destroyed: fd=66
08-15 14:17:23.274 2708 2774 D OpenGLRenderer: endAllActiveAnimators on 0x93adf680 (RippleDrawable) with handle 0x9199e610
08-15 14:17:23.274 2708 2708 D ViewRootImpl@2040f01[PopupWindow:7907ce8]: mHardwareRenderer.destroy()#4
08-15 14:17:23.274 2708 2708 D ViewRootImpl@2040f01[PopupWindow:7907ce8]: dispatchDetachedFromWindow
08-15 14:17:23.288 2708 2708 D InputTransport: Input channel destroyed: fd=75
08-15 14:17:24.193 2708 2708 D ViewRootImpl@bff12b4[CartActivity]: ViewPostImeInputStage processPointer 0
08-15 14:17:24.276 2708 2708 D ViewRootImpl@bff12b4[CartActivity]: ViewPostImeInputStage processPointer 1
08-15 14:17:24.289 2708 2708 D View : requestFocusFromTouch
08-15 14:17:24.307 2708 2708 D ScrollView: initGoToTop
08-15 14:17:24.310 2708 2708 D ScrollView: initGoToTop
08-15 14:17:24.318 2708 2708 D ViewRootImpl@470f5c4[CartActivity]: ThreadedRenderer.create() translucent=true
08-15 14:17:24.324 2708 2708 D InputTransport: Input channel constructed: fd=66
08-15 14:17:24.325 2708 2708 D ViewRootImpl@470f5c4[CartActivity]: setView = DecorView@8928cad[CartActivity] touchMode=false
08-15 14:17:24.326 2708 2708 V InputMethodManager: Starting input: tba=android.view.inputmethod.EditorInfo@810cbe2 nm : cz.gienger.mobile ic=null
08-15 14:17:24.326 2708 2708 I InputMethodManager: startInputInner - mService.startInputOrWindowGainedFocus
08-15 14:17:24.327 2708 2708 D InputTransport: Input channel constructed: fd=75
08-15 14:17:24.327 2708 2708 D InputTransport: Input channel destroyed: fd=74
08-15 14:17:24.331 2708 2708 D ViewRootImpl@470f5c4[CartActivity]: dispatchAttachedToWindow
08-15 14:17:24.375 2708 2708 D ViewRootImpl@470f5c4[CartActivity]: Relayout returned: oldFrame=[0,0][0,0] newFrame=[108,450][660,597] result=0x26 surface={isValid=true -1839310848} surfaceGenerationChanged=true
08-15 14:17:24.375 2708 2708 D ViewRootImpl@470f5c4[CartActivity]: mHardwareRenderer.initialize() mSurface={isValid=true -1839310848} hwInitialized=true
08-15 14:17:24.378 2708 2708 D ScrollView: onsize change changed
08-15 14:17:24.378 2708 2708 D ScrollView: onsize change changed
08-15 14:17:24.380 2708 2708 D ViewRootImpl@470f5c4[CartActivity]: MSG_WINDOW_FOCUS_CHANGED 1
08-15 14:17:24.381 2708 2708 D ViewRootImpl@470f5c4[CartActivity]: mHardwareRenderer.initializeIfNeeded()#2 mSurface={isValid=true -1839310848}
08-15 14:17:24.381 2708 2708 V InputMethodManager: Not IME target window, ignoring
08-15 14:17:24.382 2708 2708 W IInputConnectionWrapper: finishComposingText on inactive InputConnection
08-15 14:17:24.398 2708 2708 D ViewRootImpl@470f5c4[CartActivity]: MSG_RESIZED_REPORT: frame=Rect(108, 450 - 660, 597) ci=Rect(0, 0 - 0, 0) vi=Rect(0, 0 - 0, 0) or=1
08-15 14:17:24.412 2708 2708 D ViewRootImpl@bff12b4[CartActivity]: MSG_WINDOW_FOCUS_CHANGED 0
08-15 14:17:26.026 2708 2708 D ViewRootImpl@470f5c4[CartActivity]: ViewPostImeInputStage processPointer 0
08-15 14:17:26.072 2708 2708 D ViewRootImpl@470f5c4[CartActivity]: ViewPostImeInputStage processPointer 1
08-15 14:17:26.125 2708 2708 D ScrollView: initGoToTop
08-15 14:17:26.130 2708 2708 D ScrollView: initGoToTop
08-15 14:17:26.144 2708 2708 D ViewRootImpl@38a3eb7[CartActivity]: ThreadedRenderer.create() translucent=true
08-15 14:17:26.152 2708 2708 D InputTransport: Input channel constructed: fd=83
08-15 14:17:26.153 2708 2708 D ViewRootImpl@38a3eb7[CartActivity]: setView = DecorView@982a624[CartActivity] touchMode=true
08-15 14:17:26.183 2708 2774 D OpenGLRenderer: endAllActiveAnimators on 0x94489480 (RippleDrawable) with handle 0x919e4270
08-15 14:17:26.183 2708 2708 D ViewRootImpl@470f5c4[CartActivity]: mHardwareRenderer.destroy()#4
08-15 14:17:26.183 2708 2708 D ViewRootImpl@470f5c4[CartActivity]: dispatchDetachedFromWindow
08-15 14:17:26.198 2708 2708 D InputTransport: Input channel destroyed: fd=66
08-15 14:17:26.199 2708 2708 D ViewRootImpl@38a3eb7[CartActivity]: dispatchAttachedToWindow
08-15 14:17:26.232 2708 2708 D ViewRootImpl@38a3eb7[CartActivity]: Relayout returned: oldFrame=[0,0][0,0] newFrame=[108,466][660,582] result=0x27 surface={isValid=true -1839310848} surfaceGenerationChanged=true
08-15 14:17:26.232 2708 2708 D ViewRootImpl@38a3eb7[CartActivity]: mHardwareRenderer.initialize() mSurface={isValid=true -1839310848} hwInitialized=true
08-15 14:17:26.242 2708 2708 D ViewRootImpl@38a3eb7[CartActivity]: MSG_WINDOW_FOCUS_CHANGED 1
08-15 14:17:26.242 2708 2708 D ViewRootImpl@38a3eb7[CartActivity]: mHardwareRenderer.initializeIfNeeded()#2 mSurface={isValid=true -1839310848}
08-15 14:17:26.252 2708 2718 I art : Background sticky concurrent mark sweep GC freed 21081(1136KB) AllocSpace objects, 10(2MB) LOS objects, 0% free, 15MB/15MB, paused 5.024ms total 46.716ms
08-15 14:17:26.262 2708 2708 D ViewRootImpl@38a3eb7[CartActivity]: MSG_RESIZED_REPORT: frame=Rect(108, 466 - 660, 582) ci=Rect(0, 0 - 0, 0) vi=Rect(0, 0 - 0, 0) or=1
08-15 14:17:26.358 2708 2718 I art : Background partial concurrent mark sweep GC freed 77696(3MB) AllocSpace objects, 23(2MB) LOS objects, 49% free, 12MB/24MB, paused 1.248ms total 104.749ms
08-15 14:17:27.216 2708 2718 I art : Background sticky concurrent mark sweep GC freed 421183(12MB) AllocSpace objects, 2(56KB) LOS objects, 36% free, 15MB/24MB, paused 948us total 103.660ms
08-15 14:17:27.937 2708 2718 I art : Background partial concurrent mark sweep GC freed 308617(9MB) AllocSpace objects, 13(424KB) LOS objects, 41% free, 16MB/28MB, paused 1.171ms total 152.427ms
08-15 14:17:29.378 2708 2708 D ViewRootImpl@38a3eb7[CartActivity]: mHardwareRenderer.destroy()#4
08-15 14:17:29.378 2708 2708 D ViewRootImpl@38a3eb7[CartActivity]: dispatchDetachedFromWindow
08-15 14:17:29.391 2708 2708 D InputTransport: Input channel destroyed: fd=83
08-15 14:17:29.435 2708 2708 D ViewRootImpl@bff12b4[CartActivity]: MSG_WINDOW_FOCUS_CHANGED 1
08-15 14:17:29.435 2708 2708 V InputMethodManager: Not IME target window, ignoring
08-15 14:17:29.436 2708 2708 D ViewRootImpl@bff12b4[CartActivity]: mHardwareRenderer.initializeIfNeeded()#2 mSurface={isValid=true -1787787264}
08-15 14:17:29.447 2708 2708 V InputMethodManager: Starting input: tba=android.view.inputmethod.EditorInfo@9518cdd nm : cz.gienger.mobile ic=null
08-15 14:17:29.447 2708 2708 I InputMethodManager: startInputInner - mService.startInputOrWindowGainedFocus
08-15 14:17:29.449 2708 2708 D InputTransport: Input channel constructed: fd=66
08-15 14:17:29.449 2708 2708 D InputTransport: Input channel destroyed: fd=75
08-15 14:17:29.449 2708 2708 E ViewRootImpl: sendUserActionEvent() returned.
08-15 14:17:29.449 2708 2708 D ViewRootImpl@bff12b4[CartActivity]: MSG_WINDOW_FOCUS_CHANGED 0
08-15 14:17:30.283 2708 2708 D ViewRootImpl@bff12b4[CartActivity]: mHardwareRenderer.destroy()#1
08-15 14:17:30.298 2708 2708 D ViewRootImpl@bff12b4[CartActivity]: Relayout returned: oldFrame=[0,0][768,1024] newFrame=[0,0][768,1024] result=0x5 surface={isValid=false 0} surfaceGenerationChanged=true
08-15 14:17:30.298 2708 2708 D InputTransport: Input channel destroyed: fd=66
08-15 14:17:30.703 2708 2708 D ViewRootImpl@bff12b4[CartActivity]: Relayout returned: oldFrame=[0,0][768,1024] newFrame=[0,0][768,1024] result=0x5 surface={isValid=false 0} surfaceGenerationChanged=false
08-15 14:17:43.751 2708 2708 D ViewRootImpl@4c08fb2[PdfArchiveActivity]: ThreadedRenderer.create() translucent=true
08-15 14:17:43.754 2708 2708 D InputTransport: Input channel constructed: fd=61
08-15 14:17:43.754 2708 2708 D ViewRootImpl@4c08fb2[PdfArchiveActivity]: setView = DecorView@7719b03[PdfArchiveActivity] touchMode=true
08-15 14:17:43.758 2708 2708 D ViewRootImpl@4c08fb2[PdfArchiveActivity]: dispatchAttachedToWindow
08-15 14:17:43.783 2708 2708 D ViewRootImpl@4c08fb2[PdfArchiveActivity]: Relayout returned: oldFrame=[0,0][0,0] newFrame=[241,456][527,568] result=0x27 surface={isValid=true -1850159104} surfaceGenerationChanged=true
08-15 14:17:43.783 2708 2708 D ViewRootImpl@4c08fb2[PdfArchiveActivity]: mHardwareRenderer.initialize() mSurface={isValid=true -1850159104} hwInitialized=true
08-15 14:17:43.786 2708 2708 D ViewRootImpl@4c08fb2[PdfArchiveActivity]: MSG_RESIZED_REPORT: frame=Rect(241, 456 - 527, 568) ci=Rect(0, 0 - 0, 0) vi=Rect(0, 0 - 0, 0) or=1
08-15 14:17:43.786 2708 2708 D ViewRootImpl@4c08fb2[PdfArchiveActivity]: MSG_WINDOW_FOCUS_CHANGED 1
08-15 14:17:43.786 2708 2708 D ViewRootImpl@4c08fb2[PdfArchiveActivity]: mHardwareRenderer.initializeIfNeeded()#2 mSurface={isValid=true -1850159104}
08-15 14:17:43.787 2708 2708 V InputMethodManager: Starting input: tba=android.view.inputmethod.EditorInfo@fec1a80 nm : cz.gienger.mobile ic=null
08-15 14:17:43.787 2708 2708 I InputMethodManager: startInputInner - mService.startInputOrWindowGainedFocus
08-15 14:17:43.789 2708 2708 D InputTransport: Input channel constructed: fd=66
08-15 14:17:44.856 2708 2708 D ViewRootImpl@4c08fb2[PdfArchiveActivity]: mHardwareRenderer.destroy()#1
08-15 14:17:44.871 2708 2708 D ViewRootImpl@4c08fb2[PdfArchiveActivity]: Relayout returned: oldFrame=[241,456][527,568] newFrame=[241,456][527,568] result=0x5 surface={isValid=false 0} surfaceGenerationChanged=true
08-15 14:17:44.872 2708 2708 D ViewRootImpl@4c08fb2[PdfArchiveActivity]: MSG_WINDOW_FOCUS_CHANGED 0
08-15 14:17:44.879 2708 2708 D ViewRootImpl@bff12b4[CartActivity]: mHardwareRenderer.destroy()#1
08-15 14:17:44.888 2708 2708 D ViewRootImpl@bff12b4[CartActivity]: Relayout returned: oldFrame=[0,0][768,1024] newFrame=[0,0][768,1024] result=0x1 surface={isValid=false 0} surfaceGenerationChanged=false
08-15 14:17:45.026 2708 2708 D InputTransport: Input channel destroyed: fd=66
08-15 14:17:45.039 2708 11794 D MYINTERCEPTOR: /GiengerService.svc/uploadfinishedorder
08-15 14:17:45.039 2708 11794 D OkHttp : --> POST https://testsaig1.gienger.cz/GiengerService.svc/uploadfinishedorder http/1.1
08-15 14:17:45.040 2708 11794 D OkHttp : Content-Type: text/raw
08-15 14:17:45.040 2708 11794 D OkHttp : Content-Length: 120299
08-15 14:17:45.040 2708 11794 D OkHttp : filename: 46b0e927-2853-4156-8c8b-26bc344f655a.xml
08-15 14:17:45.040 2708 11794 D OkHttp : Checksum: 32f76be4d1d61d2c3b91fde5ebe24835
08-15 14:17:45.040 2708 11794 D OkHttp : token: 8a1e8ea68c9b4da469fa9bcbb6e6a055
08-15 14:17:45.040 2708 11794 D OkHttp : state: CZ
08-15 14:17:45.040 2708 11794 D OkHttp : --> END POST
08-15 14:17:45.041 2708 2708 D ViewRootImpl@ea4a448[CategoryListActivity]: mHardwareRenderer.destroy()#4
08-15 14:17:45.041 2708 2708 D ViewRootImpl@ea4a448[CategoryListActivity]: dispatchDetachedFromWindow
08-15 14:17:45.050 2708 2708 D InputTransport: Input channel destroyed: fd=63
08-15 14:17:45.074 2708 2708 D ViewRootImpl@8606e6b[ArticleListActivity]: mHardwareRenderer.destroy()#4
08-15 14:17:45.074 2708 2708 D ViewRootImpl@8606e6b[ArticleListActivity]: dispatchDetachedFromWindow
08-15 14:17:45.083 2708 2708 D InputTransport: Input channel destroyed: fd=86
08-15 14:17:45.117 2708 2708 D ViewRootImpl@bff12b4[CartActivity]: Relayout returned: oldFrame=[0,0][768,1024] newFrame=[0,0][768,1024] result=0x7 surface={isValid=true -1850159104} surfaceGenerationChanged=true
08-15 14:17:45.119 2708 2708 D ViewRootImpl@bff12b4[CartActivity]: mHardwareRenderer.initialize() mSurface={isValid=true -1850159104} hwInitialized=true
08-15 14:17:45.134 2708 2708 D AbsListView: in onLayout changed
08-15 14:17:45.137 2708 2708 D LOCATION_SERVICE: onDestroy
08-15 14:17:45.381 2708 2708 D ViewRootImpl@2080e97[MainActivity]: Relayout returned: oldFrame=[0,0][768,1024] newFrame=[0,0][768,1024] result=0x7 surface={isValid=true -1850157056} surfaceGenerationChanged=true
08-15 14:17:45.382 2708 2708 D ViewRootImpl@2080e97[MainActivity]: mHardwareRenderer.initialize() mSurface={isValid=true -1850157056} hwInitialized=true
08-15 14:17:45.450 2708 2708 D AbsListView: in onLayout changed
08-15 14:17:45.470 2708 2708 D ViewRootImpl@2080e97[MainActivity]: MSG_WINDOW_FOCUS_CHANGED 1
08-15 14:17:45.470 2708 2708 D ViewRootImpl@2080e97[MainActivity]: mHardwareRenderer.initializeIfNeeded()#2 mSurface={isValid=true -1850157056}
08-15 14:17:45.472 2708 2708 V InputMethodManager: Starting input: tba=android.view.inputmethod.EditorInfo@7315439 nm : cz.gienger.mobile ic=null
08-15 14:17:45.472 2708 2708 I InputMethodManager: startInputInner - mService.startInputOrWindowGainedFocus
08-15 14:17:45.493 2708 2708 D InputTransport: Input channel constructed: fd=70
08-15 14:17:45.547 2708 2708 D ViewRootImpl@bff12b4[CartActivity]: mHardwareRenderer.destroy()#1
08-15 14:17:45.555 2708 2708 D ViewRootImpl@bff12b4[CartActivity]: Relayout returned: oldFrame=[0,0][768,1024] newFrame=[0,0][768,1024] result=0x5 surface={isValid=false 0} surfaceGenerationChanged=true
08-15 14:17:45.566 2708 2708 D ViewRootImpl@4c08fb2[PdfArchiveActivity]: mHardwareRenderer.destroy()#4
08-15 14:17:45.566 2708 2708 D ViewRootImpl@4c08fb2[PdfArchiveActivity]: dispatchDetachedFromWindow
08-15 14:17:45.574 2708 2708 D InputTransport: Input channel destroyed: fd=61
08-15 14:17:45.910 2708 2708 D TextView: SYANI: Clipboard API is calling: clearFilter()
08-15 14:17:45.910 2708 2708 D TextView: SYANI: Clipboard API is calling: unregisterClipboardEventListener()
08-15 14:17:45.915 2708 2708 D TextView: SYANI: Clipboard API is calling: clearFilter()
08-15 14:17:45.915 2708 2708 D TextView: SYANI: Clipboard API is calling: unregisterClipboardEventListener()
08-15 14:17:45.917 2708 2708 D TextView: SYANI: Clipboard API is calling: clearFilter()
08-15 14:17:45.917 2708 2708 D TextView: SYANI: Clipboard API is calling: unregisterClipboardEventListener()
08-15 14:17:45.919 2708 2708 D TextView: SYANI: Clipboard API is calling: clearFilter()
08-15 14:17:45.919 2708 2708 D TextView: SYANI: Clipboard API is calling: unregisterClipboardEventListener()
08-15 14:17:45.921 2708 2708 D TextView: SYANI: Clipboard API is calling: clearFilter()
08-15 14:17:45.921 2708 2708 D TextView: SYANI: Clipboard API is calling: unregisterClipboardEventListener()
08-15 14:17:45.928 2708 2708 D TextView: SYANI: Clipboard API is calling: clearFilter()
08-15 14:17:45.928 2708 2708 D TextView: SYANI: Clipboard API is calling: unregisterClipboardEventListener()
08-15 14:17:45.931 2708 2708 D TextView: SYANI: Clipboard API is calling: clearFilter()
08-15 14:17:45.931 2708 2708 D TextView: SYANI: Clipboard API is calling: unregisterClipboardEventListener()
08-15 14:17:45.933 2708 2708 D TextView: SYANI: Clipboard API is calling: clearFilter()
08-15 14:17:45.933 2708 2708 D TextView: SYANI: Clipboard API is calling: unregisterClipboardEventListener()
08-15 14:17:45.936 2708 2708 D TextView: SYANI: Clipboard API is calling: clearFilter()
08-15 14:17:45.936 2708 2708 D TextView: SYANI: Clipboard API is calling: unregisterClipboardEventListener()
08-15 14:17:45.949 2708 11794 D OkHttp : <-- 200 https://testsaig1.gienger.cz/GiengerService.svc/uploadfinishedorder (908ms)
08-15 14:17:45.949 2708 11794 D OkHttp : content-type: application/xml; charset=utf-8
08-15 14:17:45.949 2708 11794 D OkHttp : server: Microsoft-IIS/10.0
08-15 14:17:45.949 2708 11794 D OkHttp : x-powered-by: ASP.NET
08-15 14:17:45.949 2708 11794 D OkHttp : date: Wed, 15 Aug 2018 12:17:44 GMT
08-15 14:17:45.949 2708 11794 D OkHttp : content-length: 175
08-15 14:17:45.949 2708 11794 D OkHttp : <-- END HTTP
08-15 14:17:45.952 2708 2708 D ViewRootImpl@bff12b4[CartActivity]: mHardwareRenderer.destroy()#4
08-15 14:17:45.952 2708 2708 D ViewRootImpl@bff12b4[CartActivity]: dispatchDetachedFromWindow
08-15 14:17:45.963 2708 2708 D InputTransport: Input channel destroyed: fd=64
08-15 14:17:46.172 2708 2708 D ViewRootImpl@2080e97[MainActivity]: MSG_WINDOW_FOCUS_CHANGED 0
08-15 14:17:46.351 2708 2708 D AbsListView: in onLayout changed
08-15 14:17:46.413 2708 2708 D ScrollView: initGoToTop
08-15 14:17:46.417 2708 2708 D ScrollView: initGoToTop
08-15 14:17:46.426 2708 2708 D ViewRootImpl@3a59e4[MainActivity]: ThreadedRenderer.create() translucent=true
08-15 14:17:46.430 2708 2708 D InputTransport: Input channel constructed: fd=61
08-15 14:17:46.431 2708 2708 D ViewRootImpl@3a59e4[MainActivity]: setView = DecorView@a93ee4d[MainActivity] touchMode=true
08-15 14:17:46.591 2708 2708 D ViewRootImpl@e064a5a[MainActivity]: ThreadedRenderer.create() translucent=false
08-15 14:17:46.594 2708 2708 D InputTransport: Input channel constructed: fd=69
08-15 14:17:46.594 2708 2708 D ViewRootImpl@e064a5a[MainActivity]: setView = DecorView@ef1448b[MainActivity] touchMode=true
08-15 14:17:46.650 2708 2708 D ViewRootImpl@2080e97[MainActivity]: mHardwareRenderer.destroy()#1
08-15 14:17:46.660 2708 2708 D ViewRootImpl@2080e97[MainActivity]: Relayout returned: oldFrame=[0,0][768,1024] newFrame=[0,0][768,1024] result=0x5 surface={isValid=false 0} surfaceGenerationChanged=true
08-15 14:17:46.661 2708 2708 D ViewRootImpl@3a59e4[MainActivity]: dispatchAttachedToWindow
08-15 14:17:46.712 2708 2708 D ViewRootImpl@3a59e4[MainActivity]: Relayout returned: oldFrame=[0,0][0,0] newFrame=[94,445][674,603] result=0x27 surface={isValid=true -1850157056} surfaceGenerationChanged=true
08-15 14:17:46.712 2708 2708 D ViewRootImpl@3a59e4[MainActivity]: mHardwareRenderer.initialize() mSurface={isValid=true -1850157056} hwInitialized=true
08-15 14:17:46.719 2708 2708 D ScrollView: onsize change changed
08-15 14:17:46.719 2708 2708 D ScrollView: onsize change changed
08-15 14:17:46.720 2708 2708 D ViewRootImpl@e064a5a[MainActivity]: dispatchAttachedToWindow
08-15 14:17:46.779 2708 2708 D ViewRootImpl@e064a5a[MainActivity]: Relayout returned: oldFrame=[0,0][0,0] newFrame=[0,0][768,1024] result=0x7 surface={isValid=true -1839638528} surfaceGenerationChanged=true
08-15 14:17:46.779 2708 2708 D ViewRootImpl@e064a5a[MainActivity]: mHardwareRenderer.initialize() mSurface={isValid=true -1839638528} hwInitialized=true
08-15 14:17:46.847 2708 2708 D AbsListView: in onLayout changed
08-15 14:17:46.848 2708 2708 D ViewRootImpl@3a59e4[MainActivity]: MSG_WINDOW_FOCUS_CHANGED 1
08-15 14:17:46.848 2708 2708 D ViewRootImpl@3a59e4[MainActivity]: mHardwareRenderer.initializeIfNeeded()#2 mSurface={isValid=true -1850157056}
08-15 14:17:46.902 2708 2708 D ViewRootImpl@3a59e4[MainActivity]: MSG_RESIZED_REPORT: frame=Rect(94, 445 - 674, 603) ci=Rect(0, 0 - 0, 0) vi=Rect(0, 0 - 0, 0) or=1
08-15 14:17:46.908 2708 2708 D ViewRootImpl@e064a5a[MainActivity]: MSG_RESIZED_REPORT: frame=Rect(0, 0 - 768, 1024) ci=Rect(0, 24 - 0, 0) vi=Rect(0, 24 - 0, 0) or=1
08-15 14:17:46.980 2708 2708 D ViewRootImpl@2080e97[MainActivity]: mHardwareRenderer.destroy()#4
08-15 14:17:46.980 2708 2708 D ViewRootImpl@2080e97[MainActivity]: dispatchDetachedFromWindow
08-15 14:17:46.988 2708 2708 D InputTransport: Input channel destroyed: fd=111
08-15 14:17:49.287 2708 2708 D ViewRootImpl@3a59e4[MainActivity]: ViewPostImeInputStage processPointer 0
08-15 14:17:49.402 2708 2708 D ViewRootImpl@3a59e4[MainActivity]: ViewPostImeInputStage processPointer 1
08-15 14:17:49.463 2708 2708 D ViewRootImpl@3a59e4[MainActivity]: mHardwareRenderer.destroy()#4
08-15 14:17:49.463 2708 2708 D ViewRootImpl@3a59e4[MainActivity]: dispatchDetachedFromWindow
08-15 14:17:49.469 2708 2708 D InputTransport: Input channel destroyed: fd=61
08-15 14:17:49.477 2708 2708 D InputTransport: Input channel constructed: fd=64
08-15 14:17:49.477 2708 2708 D ViewRootImpl@ea2f370[Toast]: setView = android.widget.LinearLayout{a2df6e9 V.E...... ......I. 0,0-0,0} touchMode=true
08-15 14:17:49.477 2708 2708 V Toast : Text: Nani in android.widget.Toast$TN@8034f6e
08-15 14:17:49.477 2708 2708 E ViewRootImpl: sendUserActionEvent() returned.
08-15 14:17:49.499 2708 2708 D ViewRootImpl@ea2f370[Toast]: dispatchAttachedToWindow
08-15 14:17:49.529 2708 2708 D ViewRootImpl@ea2f370[Toast]: Relayout returned: oldFrame=[0,0][0,0] newFrame=[194,916][574,960] result=0x27 surface={isValid=true -1850157056} surfaceGenerationChanged=true
08-15 14:17:49.579 2708 2708 D ViewRootImpl@a7620f7[LogcatActivity]: ThreadedRenderer.create() translucent=true
08-15 14:17:49.582 2708 2708 D InputTransport: Input channel constructed: fd=76
08-15 14:17:49.582 2708 2708 D ViewRootImpl@a7620f7[LogcatActivity]: setView = DecorView@87231cd[LogcatActivity] touchMode=true
08-15 14:17:49.585 2708 2708 D ViewRootImpl@ea2f370[Toast]: MSG_RESIZED_REPORT: frame=Rect(194, 916 - 574, 960) ci=Rect(0, 0 - 0, 0) vi=Rect(0, 0 - 0, 0) or=1
08-15 14:17:49.591 2708 2708 D ViewRootImpl@a7620f7[LogcatActivity]: dispatchAttachedToWindow
08-15 14:17:49.632 2708 2708 D ViewRootImpl@a7620f7[LogcatActivity]: Relayout returned: oldFrame=[0,0][0,0] newFrame=[237,468][531,580] result=0x27 surface={isValid=true -1834682368} surfaceGenerationChanged=true
08-15 14:17:49.632 2708 2708 D ViewRootImpl@a7620f7[LogcatActivity]: mHardwareRenderer.initialize() mSurface={isValid=true -1834682368} hwInitialized=true
08-15 14:17:49.642 2708 2708 D ViewRootImpl@a7620f7[LogcatActivity]: MSG_RESIZED_REPORT: frame=Rect(237, 468 - 531, 580) ci=Rect(0, 0 - 0, 0) vi=Rect(0, 0 - 0, 0) or=1
08-15 14:17:49.642 2708 2708 D ViewRootImpl@a7620f7[LogcatActivity]: MSG_WINDOW_FOCUS_CHANGED 1
08-15 14:17:49.642 2708 2708 D ViewRootImpl@a7620f7[LogcatActivity]: mHardwareRenderer.initializeIfNeeded()#2 mSurface={isValid=true -1834682368}
08-15 14:17:49.643 2708 2718 I art : Background partial concurrent mark sweep GC freed 100036(4MB) AllocSpace objects, 1(20KB) LOS objects, 58% free, 8MB/20MB, paused 1.026ms total 109.340ms
08-15 14:17:49.643 2708 2708 V InputMethodManager: Starting input: tba=android.view.inputmethod.EditorInfo@559da82 nm : cz.gienger.mobile ic=null
08-15 14:17:49.643 2708 2708 I InputMethodManager: startInputInner - mService.startInputOrWindowGainedFocus
08-15 14:17:49.658 2708 2708 D InputTransport: Input channel constructed: fd=82
08-15 14:17:49.658 2708 2708 D InputTransport: Input channel destroyed: fd=70