08-15 14:13:21.494 2708 2708 D ViewRootImpl@ea4a448[CategoryListActivity]: Relayout returned: oldFrame=[0,0][768,1024] newFrame=[0,0][768,1024] result=0x5 surface={isValid=false 0} surfaceGenerationChanged=true
08-15 14:13:21.911 2708 2708 D ViewRootImpl@ea4a448[CategoryListActivity]: Relayout returned: oldFrame=[0,0][768,1024] newFrame=[0,0][768,1024] result=0x5 surface={isValid=false 0} surfaceGenerationChanged=false
08-15 14:13:24.399 2708 2708 D ViewRootImpl@8606e6b[ArticleListActivity]: ViewPostImeInputStage processPointer 0
08-15 14:13:24.435 2708 2708 D ViewRootImpl@8606e6b[ArticleListActivity]: ViewPostImeInputStage processPointer 1
08-15 14:13:24.480 2708 2708 D ViewRootImpl@8606e6b[ArticleListActivity]: MSG_WINDOW_FOCUS_CHANGED 0
08-15 14:13:24.592 2708 2708 D ViewRootImpl@b6a6890[AddArticleToCartActivity]: ThreadedRenderer.create() translucent=false
08-15 14:13:24.595 2708 2708 D InputTransport: Input channel constructed: fd=66
08-15 14:13:24.595 2708 2708 D ViewRootImpl@b6a6890[AddArticleToCartActivity]: setView = DecorView@78a9589[AddArticleToCartActivity] touchMode=true
08-15 14:13:24.600 2708 2708 D ViewRootImpl@b6a6890[AddArticleToCartActivity]: dispatchAttachedToWindow
08-15 14:13:24.635 2708 2708 D ViewRootImpl@b6a6890[AddArticleToCartActivity]: Relayout returned: oldFrame=[0,0][0,0] newFrame=[0,0][768,1024] result=0x27 surface={isValid=true -1839638528} surfaceGenerationChanged=true
08-15 14:13:24.635 2708 2708 D ViewRootImpl@b6a6890[AddArticleToCartActivity]: mHardwareRenderer.initialize() mSurface={isValid=true -1839638528} hwInitialized=true
08-15 14:13:24.676 2708 2708 D ViewRootImpl@b6a6890[AddArticleToCartActivity]: MSG_RESIZED_REPORT: frame=Rect(0, 0 - 768, 1024) ci=Rect(0, 24 - 0, 0) vi=Rect(0, 24 - 0, 0) or=1
08-15 14:13:24.676 2708 2708 D ViewRootImpl@b6a6890[AddArticleToCartActivity]: MSG_WINDOW_FOCUS_CHANGED 1
08-15 14:13:24.676 2708 2708 D ViewRootImpl@b6a6890[AddArticleToCartActivity]: mHardwareRenderer.initializeIfNeeded()#2 mSurface={isValid=true -1839638528}
08-15 14:13:24.686 2708 2708 V InputMethodManager: Starting input: tba=android.view.inputmethod.EditorInfo@9d3823e nm : cz.gienger.mobile ic=com.android.internal.widget.EditableInputConnection@ab1889f
08-15 14:13:24.686 2708 2708 I InputMethodManager: startInputInner - mService.startInputOrWindowGainedFocus
08-15 14:13:24.697 2708 2708 D InputTransport: Input channel constructed: fd=67
08-15 14:13:24.697 2708 2708 D InputTransport: Input channel destroyed: fd=88
08-15 14:13:24.741 2708 2774 D OpenGLRenderer: endAllActiveAnimators on 0x9476c500 (RippleDrawable) with handle 0x91d5c2e0
08-15 14:13:24.742 2708 2708 D ViewRootImpl@8606e6b[ArticleListActivity]: mHardwareRenderer.destroy()#1
08-15 14:13:24.752 2708 2708 D ViewRootImpl@8606e6b[ArticleListActivity]: Relayout returned: oldFrame=[0,0][768,1024] newFrame=[0,0][768,1024] result=0x5 surface={isValid=false 0} surfaceGenerationChanged=true
08-15 14:13:25.035 2708 2708 D ViewRootImpl@b6a6890[AddArticleToCartActivity]: MSG_RESIZED: frame=Rect(0, 0 - 768, 1024) ci=Rect(0, 24 - 0, 0) vi=Rect(0, 24 - 0, 320) or=1
08-15 14:13:25.136 2708 2708 D ViewRootImpl@8606e6b[ArticleListActivity]: Relayout returned: oldFrame=[0,0][768,1024] newFrame=[0,0][768,1024] result=0x5 surface={isValid=false 0} surfaceGenerationChanged=false
08-15 14:13:25.255 2708 2708 D LOCATION_SERVICE: onLocationChanged: Location[network 49,191167,17,534412 acc=21 et=+1h44m8s61ms alt=0.0 vel=0.0 bear=0.0 {Bundle[mParcelledData.dataSize=80]}]
08-15 14:13:27.963 2708 2708 D ViewRootImpl@b6a6890[AddArticleToCartActivity]: ViewPostImeInputStage processPointer 0
08-15 14:13:28.023 2708 2708 D ViewRootImpl@b6a6890[AddArticleToCartActivity]: ViewPostImeInputStage processPointer 1
08-15 14:13:28.027 2708 2708 V InputMethodManager: Starting input: tba=android.view.inputmethod.EditorInfo@963dcd8 nm : cz.gienger.mobile ic=com.android.internal.widget.EditableInputConnection@3df0831
08-15 14:13:28.027 2708 2708 I InputMethodManager: startInputInner - mService.startInputOrWindowGainedFocus
08-15 14:13:28.029 2708 2708 D InputTransport: Input channel constructed: fd=88
08-15 14:13:28.029 2708 2708 D InputTransport: Input channel destroyed: fd=67
08-15 14:13:28.094 2708 2708 D ViewRootImpl@8606e6b[ArticleListActivity]: mHardwareRenderer.destroy()#1
08-15 14:13:28.103 2708 2708 D ViewRootImpl@8606e6b[ArticleListActivity]: Relayout returned: oldFrame=[0,0][768,1024] newFrame=[0,0][768,1024] result=0x1 surface={isValid=false 0} surfaceGenerationChanged=false
08-15 14:13:28.143 2708 2708 D ViewRootImpl@8606e6b[ArticleListActivity]: Relayout returned: oldFrame=[0,0][768,1024] newFrame=[0,0][768,1024] result=0x7 surface={isValid=true -1847199744} surfaceGenerationChanged=true
08-15 14:13:28.143 2708 2708 D ViewRootImpl@8606e6b[ArticleListActivity]: mHardwareRenderer.initialize() mSurface={isValid=true -1847199744} hwInitialized=true
08-15 14:13:28.283 2708 2708 D ViewRootImpl@b6a6890[AddArticleToCartActivity]: MSG_WINDOW_FOCUS_CHANGED 0
08-15 14:13:28.321 2708 2708 D ViewRootImpl@8606e6b[ArticleListActivity]: MSG_RESIZED_REPORT: frame=Rect(0, 0 - 768, 1024) ci=Rect(0, 24 - 0, 320) vi=Rect(0, 24 - 0, 320) or=1
08-15 14:13:28.321 2708 2708 D ViewRootImpl@8606e6b[ArticleListActivity]: MSG_WINDOW_FOCUS_CHANGED 1
08-15 14:13:28.321 2708 2708 D ViewRootImpl@8606e6b[ArticleListActivity]: mHardwareRenderer.initializeIfNeeded()#2 mSurface={isValid=true -1847199744}
08-15 14:13:28.324 2708 2708 V InputMethodManager: Starting input: tba=android.view.inputmethod.EditorInfo@5ee52a2 nm : cz.gienger.mobile ic=null
08-15 14:13:28.324 2708 2708 I InputMethodManager: startInputInner - mService.startInputOrWindowGainedFocus
08-15 14:13:28.363 2708 2708 D InputTransport: Input channel constructed: fd=90
08-15 14:13:28.363 2708 2708 D InputTransport: Input channel destroyed: fd=88
08-15 14:13:28.376 2708 2708 W IInputConnectionWrapper: getCursorCapsMode on inactive InputConnection
08-15 14:13:28.434 2708 2774 D OpenGLRenderer: endAllActiveAnimators on 0x94eb5c00 (RippleDrawable) with handle 0x91d88c80
08-15 14:13:28.435 2708 2708 D ViewRootImpl@b6a6890[AddArticleToCartActivity]: mHardwareRenderer.destroy()#1
08-15 14:13:28.462 2708 2708 D ViewRootImpl@b6a6890[AddArticleToCartActivity]: Relayout returned: oldFrame=[0,0][768,1024] newFrame=[0,0][768,1024] result=0x5 surface={isValid=false 0} surfaceGenerationChanged=true
08-15 14:13:28.468 2708 2708 W IInputConnectionWrapper: finishComposingText on inactive InputConnection
08-15 14:13:28.476 2708 2708 W IInputConnectionWrapper: performPrivateCommand on inactive InputConnection
08-15 14:13:28.476 2708 2708 W IInputConnectionWrapper: finishComposingText on inactive InputConnection
08-15 14:13:28.477 2708 2708 D ViewRootImpl@8606e6b[ArticleListActivity]: MSG_RESIZED: frame=Rect(0, 0 - 768, 1024) ci=Rect(0, 24 - 0, 0) vi=Rect(0, 24 - 0, 0) or=1
08-15 14:13:28.506 2708 2708 D ViewRootImpl@8606e6b[ArticleListActivity]: Relayout returned: oldFrame=[0,0][768,1024] newFrame=[0,0][768,1024] result=0x1 surface={isValid=true -1847199744} surfaceGenerationChanged=false
08-15 14:13:28.766 2708 2708 D TextView: SYANI: Clipboard API is calling: clearFilter()
08-15 14:13:28.766 2708 2708 D TextView: SYANI: Clipboard API is calling: unregisterClipboardEventListener()
08-15 14:13:28.773 2708 2708 D TextView: SYANI: Clipboard API is calling: clearFilter()
08-15 14:13:28.773 2708 2708 D TextView: SYANI: Clipboard API is calling: unregisterClipboardEventListener()
08-15 14:13:28.779 2708 2708 D ViewRootImpl@b6a6890[AddArticleToCartActivity]: mHardwareRenderer.destroy()#4
08-15 14:13:28.780 2708 2708 D ViewRootImpl@b6a6890[AddArticleToCartActivity]: dispatchDetachedFromWindow
08-15 14:13:28.795 2708 2708 D InputTransport: Input channel destroyed: fd=66
08-15 14:13:30.842 2708 2708 D ViewRootImpl@8606e6b[ArticleListActivity]: ViewPostImeInputStage processPointer 0
08-15 14:13:30.891 2708 2708 D ViewRootImpl@8606e6b[ArticleListActivity]: ViewPostImeInputStage processPointer 1
08-15 14:13:30.921 2708 2708 D ViewRootImpl@8606e6b[ArticleListActivity]: MSG_WINDOW_FOCUS_CHANGED 0
08-15 14:13:31.065 2708 2708 D ViewRootImpl@f2b4a48[CartActivity]: ThreadedRenderer.create() translucent=false
08-15 14:13:31.069 2708 2708 D InputTransport: Input channel constructed: fd=66
08-15 14:13:31.069 2708 2708 D ViewRootImpl@f2b4a48[CartActivity]: setView = DecorView@1c0c0e1[CartActivity] touchMode=true
08-15 14:13:31.074 2708 2708 D ViewRootImpl@f2b4a48[CartActivity]: dispatchAttachedToWindow
08-15 14:13:31.101 2708 2708 D ViewRootImpl@f2b4a48[CartActivity]: Relayout returned: oldFrame=[0,0][0,0] newFrame=[0,0][768,1024] result=0x27 surface={isValid=true -1804079104} surfaceGenerationChanged=true
08-15 14:13:31.102 2708 2708 D ViewRootImpl@f2b4a48[CartActivity]: mHardwareRenderer.initialize() mSurface={isValid=true -1804079104} hwInitialized=true
08-15 14:13:31.151 2708 2708 D AbsListView: in onLayout changed
08-15 14:13:31.186 2708 2708 D ViewRootImpl@f2b4a48[CartActivity]: MSG_RESIZED_REPORT: frame=Rect(0, 0 - 768, 1024) ci=Rect(0, 24 - 0, 0) vi=Rect(0, 24 - 0, 0) or=1
08-15 14:13:31.186 2708 2708 D ViewRootImpl@f2b4a48[CartActivity]: MSG_WINDOW_FOCUS_CHANGED 1
08-15 14:13:31.187 2708 2708 D ViewRootImpl@f2b4a48[CartActivity]: mHardwareRenderer.initializeIfNeeded()#2 mSurface={isValid=true -1804079104}
08-15 14:13:31.203 2708 2708 V InputMethodManager: Starting input: tba=android.view.inputmethod.EditorInfo@e2ba68f nm : cz.gienger.mobile ic=null
08-15 14:13:31.203 2708 2708 I InputMethodManager: startInputInner - mService.startInputOrWindowGainedFocus
08-15 14:13:31.205 2708 2708 D InputTransport: Input channel constructed: fd=67
08-15 14:13:31.205 2708 2708 D InputTransport: Input channel destroyed: fd=90
08-15 14:13:31.250 2708 2774 D OpenGLRenderer: endAllActiveAnimators on 0x9476e480 (RippleDrawable) with handle 0x91d88cd0
08-15 14:13:31.250 2708 2708 D ViewRootImpl@8606e6b[ArticleListActivity]: mHardwareRenderer.destroy()#1
08-15 14:13:31.265 2708 2708 D ViewRootImpl@8606e6b[ArticleListActivity]: Relayout returned: oldFrame=[0,0][768,1024] newFrame=[0,0][768,1024] result=0x5 surface={isValid=false 0} surfaceGenerationChanged=true
08-15 14:13:31.685 2708 2708 D ViewRootImpl@8606e6b[ArticleListActivity]: Relayout returned: oldFrame=[0,0][768,1024] newFrame=[0,0][768,1024] result=0x5 surface={isValid=false 0} surfaceGenerationChanged=false
08-15 14:14:09.916 2708 2708 D ViewRootImpl@f2b4a48[CartActivity]: ViewPostImeInputStage processPointer 0
08-15 14:14:09.944 2708 2708 D AbsListView: reportScrollStateChange() newState : 1
08-15 14:14:10.422 2708 2708 D ViewRootImpl@f2b4a48[CartActivity]: ViewPostImeInputStage processPointer 1
08-15 14:14:10.422 2708 2708 D AbsListView: onTouchUp() mTouchMode : 3
08-15 14:14:10.422 2708 2708 D AbsListView: onTouchUp() TOUCH_MODE_SCROLL initialVelocity : 253
08-15 14:14:10.422 2708 2708 D AbsListView: reportScrollStateChange() newState : 0
08-15 14:14:40.127 2708 2708 D ViewRootImpl@f2b4a48[CartActivity]: ViewPostImeInputStage processPointer 0
08-15 14:14:40.218 2708 2708 D ViewRootImpl@f2b4a48[CartActivity]: ViewPostImeInputStage processPointer 1
08-15 14:14:45.211 2708 2708 D ViewRootImpl@f2b4a48[CartActivity]: ViewPostImeInputStage processPointer 0
08-15 14:14:45.291 2708 2708 D ViewRootImpl@f2b4a48[CartActivity]: ViewPostImeInputStage processPointer 1
08-15 14:14:45.340 2708 2708 D ViewRootImpl@f2b4a48[CartActivity]: MSG_WINDOW_FOCUS_CHANGED 0
08-15 14:14:46.627 2708 2708 D ViewRootImpl@f2b4a48[CartActivity]: mHardwareRenderer.destroy()#1
08-15 14:14:46.643 2708 2708 D ViewRootImpl@f2b4a48[CartActivity]: Relayout returned: oldFrame=[0,0][768,1024] newFrame=[0,0][768,1024] result=0x5 surface={isValid=false 0} surfaceGenerationChanged=true
08-15 14:14:46.643 2708 2708 D InputTransport: Input channel destroyed: fd=67
08-15 14:14:47.040 2708 2708 D ViewRootImpl@f2b4a48[CartActivity]: Relayout returned: oldFrame=[0,0][768,1024] newFrame=[0,0][768,1024] result=0x5 surface={isValid=false 0} surfaceGenerationChanged=false
08-15 14:15:33.303 2708 2708 D ViewRootImpl@f2b4a48[CartActivity]: mHardwareRenderer.destroy()#1
08-15 14:15:33.315 2708 2708 D ViewRootImpl@f2b4a48[CartActivity]: Relayout returned: oldFrame=[0,0][768,1024] newFrame=[0,0][768,1024] result=0x1 surface={isValid=false 0} surfaceGenerationChanged=false
08-15 14:15:33.424 2708 2708 D ViewRootImpl@f2b4a48[CartActivity]: Relayout returned: oldFrame=[0,0][768,1024] newFrame=[0,0][768,1024] result=0x7 surface={isValid=true -1849534464} surfaceGenerationChanged=true
08-15 14:15:33.424 2708 2708 D ViewRootImpl@f2b4a48[CartActivity]: mHardwareRenderer.initialize() mSurface={isValid=true -1849534464} hwInitialized=true
08-15 14:15:33.458 2708 2708 D ViewRootImpl@f2b4a48[CartActivity]: MSG_WINDOW_FOCUS_CHANGED 1
08-15 14:15:33.458 2708 2708 D ViewRootImpl@f2b4a48[CartActivity]: mHardwareRenderer.initializeIfNeeded()#2 mSurface={isValid=true -1849534464}
08-15 14:15:33.469 2708 2708 V InputMethodManager: Starting input: tba=android.view.inputmethod.EditorInfo@156c65b nm : cz.gienger.mobile ic=null
08-15 14:15:33.469 2708 2708 I InputMethodManager: startInputInner - mService.startInputOrWindowGainedFocus
08-15 14:15:33.480 2708 2708 D InputTransport: Input channel constructed: fd=61
08-15 14:15:35.947 2708 2708 D ViewRootImpl@f2b4a48[CartActivity]: ViewPostImeInputStage processPointer 0
08-15 14:15:36.452 2708 2708 D TextView: performLongClick() is called
08-15 14:15:36.452 2708 2708 D TextView: handled is false
08-15 14:15:36.515 2708 2708 D ScrollView: initGoToTop
08-15 14:15:36.522 2708 2708 D ViewRootImpl@8bd2e1f[PopupWindow:ed84dbe]: ThreadedRenderer.create() translucent=true
08-15 14:15:36.526 2708 2708 D InputTransport: Input channel constructed: fd=76
08-15 14:15:36.526 2708 2708 D ViewRootImpl@8bd2e1f[PopupWindow:ed84dbe]: setView = android.widget.PopupWindow$PopupDecorView{794456c V.E...... ......I. 0,0-0,0} touchMode=true
08-15 14:15:36.527 2708 2708 D ViewRootImpl@8bd2e1f[PopupWindow:ed84dbe]: dispatchAttachedToWindow
08-15 14:15:36.546 2708 2708 D ViewRootImpl@8bd2e1f[PopupWindow:ed84dbe]: Relayout returned: oldFrame=[0,0][0,0] newFrame=[37,877][67,913] result=0x27 surface={isValid=true -1847199744} surfaceGenerationChanged=true
08-15 14:15:36.546 2708 2708 D ViewRootImpl@8bd2e1f[PopupWindow:ed84dbe]: mHardwareRenderer.initialize() mSurface={isValid=true -1847199744} hwInitialized=true
08-15 14:15:36.565 2708 2708 D ViewRootImpl@8bd2e1f[PopupWindow:ed84dbe]: MSG_RESIZED_REPORT: frame=Rect(37, 877 - 67, 913) ci=Rect(0, 0 - 0, 0) vi=Rect(0, 0 - 0, 0) or=1
08-15 14:15:36.584 2708 2708 D ViewRootImpl@376c834[PopupWindow:9b05f07]: ThreadedRenderer.create() translucent=true
08-15 14:15:36.588 2708 2708 D InputTransport: Input channel constructed: fd=77
08-15 14:15:36.588 2708 2708 D ViewRootImpl@376c834[PopupWindow:9b05f07]: setView = android.widget.PopupWindow$PopupDecorView{6cb465d V.E...... ......I. 0,0-0,0} touchMode=true
08-15 14:15:36.590 2708 2708 D ViewRootImpl@376c834[PopupWindow:9b05f07]: dispatchAttachedToWindow
08-15 14:15:36.612 2708 2708 D ViewRootImpl@376c834[PopupWindow:9b05f07]: Relayout returned: oldFrame=[0,0][0,0] newFrame=[10,786][243,850] result=0x27 surface={isValid=true -1846253568} surfaceGenerationChanged=true
08-15 14:15:36.612 2708 2708 D ViewRootImpl@376c834[PopupWindow:9b05f07]: mHardwareRenderer.initialize() mSurface={isValid=true -1846253568} hwInitialized=true
08-15 14:15:36.648 2708 2708 D ViewRootImpl@376c834[PopupWindow:9b05f07]: MSG_RESIZED_REPORT: frame=Rect(10, 786 - 243, 850) ci=Rect(0, 0 - 0, 0) vi=Rect(0, 0 - 0, 0) or=1
08-15 14:15:37.355 2708 2708 D ViewRootImpl@f2b4a48[CartActivity]: ViewPostImeInputStage processPointer 1
08-15 14:15:37.377 2708 2708 V InputMethodManager: Starting input: tba=android.view.inputmethod.EditorInfo@7d233a0 nm : cz.gienger.mobile ic=com.android.internal.widget.EditableInputConnection@dfaeb59
08-15 14:15:37.377 2708 2708 I InputMethodManager: startInputInner - mService.startInputOrWindowGainedFocus
08-15 14:15:37.380 2708 2708 D InputTransport: Input channel constructed: fd=88
08-15 14:15:37.380 2708 2708 D InputTransport: Input channel destroyed: fd=61
08-15 14:15:40.753 2708 2708 D ViewRootImpl@8bd2e1f[PopupWindow:ed84dbe]: mHardwareRenderer.destroy()#4
08-15 14:15:40.753 2708 2708 D ViewRootImpl@8bd2e1f[PopupWindow:ed84dbe]: dispatchDetachedFromWindow
08-15 14:15:40.763 2708 2708 D InputTransport: Input channel destroyed: fd=76
08-15 14:15:42.350 2708 2708 D ViewRootImpl@f2b4a48[CartActivity]: ViewPostImeInputStage processPointer 0
08-15 14:15:42.389 2708 2708 D ViewRootImpl@f2b4a48[CartActivity]: ViewPostImeInputStage processPointer 1
08-15 14:15:42.389 2708 2708 D AbsListView: onTouchUp() mTouchMode : 0
08-15 14:15:43.588 2708 2708 D ViewRootImpl@376c834[PopupWindow:9b05f07]: mHardwareRenderer.destroy()#4
08-15 14:15:43.588 2708 2708 D ViewRootImpl@376c834[PopupWindow:9b05f07]: dispatchDetachedFromWindow
08-15 14:15:43.597 2708 2708 D InputTransport: Input channel destroyed: fd=77
08-15 14:15:44.523 2708 2708 D ViewRootImpl@f2b4a48[CartActivity]: ViewPostImeInputStage processKey 0
08-15 14:15:44.659 2708 2708 D ViewRootImpl@f2b4a48[CartActivity]: ViewPostImeInputStage processKey 1
08-15 14:15:44.729 2708 2708 D ViewRootImpl@8606e6b[ArticleListActivity]: Relayout returned: oldFrame=[0,0][768,1024] newFrame=[0,0][768,1024] result=0x7 surface={isValid=true -1847199744} surfaceGenerationChanged=true
08-15 14:15:44.729 2708 2708 D ViewRootImpl@8606e6b[ArticleListActivity]: mHardwareRenderer.initialize() mSurface={isValid=true -1847199744} hwInitialized=true
08-15 14:15:44.767 2708 2708 D ViewRootImpl@8606e6b[ArticleListActivity]: MSG_WINDOW_FOCUS_CHANGED 1
08-15 14:15:44.767 2708 2708 D ViewRootImpl@8606e6b[ArticleListActivity]: mHardwareRenderer.initializeIfNeeded()#2 mSurface={isValid=true -1847199744}
08-15 14:15:44.769 2708 2708 V InputMethodManager: Starting input: tba=android.view.inputmethod.EditorInfo@8b6e9cc nm : cz.gienger.mobile ic=null
08-15 14:15:44.769 2708 2708 I InputMethodManager: startInputInner - mService.startInputOrWindowGainedFocus
08-15 14:15:44.780 2708 2708 D InputTransport: Input channel constructed: fd=69
08-15 14:15:44.780 2708 2708 D InputTransport: Input channel destroyed: fd=88
08-15 14:15:44.782 2708 2708 D ViewRootImpl@f2b4a48[CartActivity]: MSG_WINDOW_FOCUS_CHANGED 0
08-15 14:15:44.790 2708 2708 W IInputConnectionWrapper: finishComposingText on inactive InputConnection
08-15 14:15:44.818 2708 2708 D ViewRootImpl@f2b4a48[CartActivity]: mHardwareRenderer.destroy()#1
08-15 14:15:44.826 2708 2708 D ViewRootImpl@f2b4a48[CartActivity]: Relayout returned: oldFrame=[0,0][768,1024] newFrame=[0,0][768,1024] result=0x5 surface={isValid=false 0} surfaceGenerationChanged=true
08-15 14:15:45.236 2708 2708 D TextView: SYANI: Clipboard API is calling: clearFilter()
08-15 14:15:45.236 2708 2708 D TextView: SYANI: Clipboard API is calling: unregisterClipboardEventListener()
08-15 14:15:45.239 2708 2708 D TextView: SYANI: Clipboard API is calling: clearFilter()
08-15 14:15:45.239 2708 2708 D TextView: SYANI: Clipboard API is calling: unregisterClipboardEventListener()
08-15 14:15:45.242 2708 2708 D TextView: SYANI: Clipboard API is calling: clearFilter()
08-15 14:15:45.242 2708 2708 D TextView: SYANI: Clipboard API is calling: unregisterClipboardEventListener()
08-15 14:15:45.244 2708 2708 D TextView: SYANI: Clipboard API is calling: clearFilter()
08-15 14:15:45.244 2708 2708 D TextView: SYANI: Clipboard API is calling: unregisterClipboardEventListener()
08-15 14:15:45.245 2708 2708 D TextView: SYANI: Clipboard API is calling: clearFilter()
08-15 14:15:45.245 2708 2708 D TextView: SYANI: Clipboard API is calling: unregisterClipboardEventListener()
08-15 14:15:45.251 2708 2708 D TextView: SYANI: Clipboard API is calling: clearFilter()
08-15 14:15:45.251 2708 2708 D TextView: SYANI: Clipboard API is calling: unregisterClipboardEventListener()
08-15 14:15:45.253 2708 2708 D TextView: SYANI: Clipboard API is calling: clearFilter()
08-15 14:15:45.253 2708 2708 D TextView: SYANI: Clipboard API is calling: unregisterClipboardEventListener()
08-15 14:15:45.255 2708 2708 D TextView: SYANI: Clipboard API is calling: clearFilter()
08-15 14:15:45.255 2708 2708 D TextView: SYANI: Clipboard API is calling: unregisterClipboardEventListener()
08-15 14:15:45.260 2708 2708 D TextView: SYANI: Clipboard API is calling: clearFilter()
08-15 14:15:45.260 2708 2708 D TextView: SYANI: Clipboard API is calling: unregisterClipboardEventListener()
08-15 14:15:45.275 2708 2708 D ViewRootImpl@f2b4a48[CartActivity]: mHardwareRenderer.destroy()#4
08-15 14:15:45.275 2708 2708 D ViewRootImpl@f2b4a48[CartActivity]: dispatchDetachedFromWindow
08-15 14:15:45.284 2708 2708 D InputTransport: Input channel destroyed: fd=66
08-15 14:15:47.469 2708 2708 D ViewRootImpl@8606e6b[ArticleListActivity]: ViewPostImeInputStage processPointer 0
08-15 14:15:47.515 2708 2708 D ViewRootImpl@8606e6b[ArticleListActivity]: ViewPostImeInputStage processPointer 1
08-15 14:15:47.557 2708 2708 D ViewRootImpl@8606e6b[ArticleListActivity]: MSG_WINDOW_FOCUS_CHANGED 0
08-15 14:15:47.690 2708 2708 D ViewRootImpl@32bbf1a[CartActivity]: ThreadedRenderer.create() translucent=false
08-15 14:15:47.694 2708 2708 D InputTransport: Input channel constructed: fd=64
08-15 14:15:47.694 2708 2708 D ViewRootImpl@32bbf1a[CartActivity]: setView = DecorView@5f67a4b[CartActivity] touchMode=true
08-15 14:15:47.697 2708 2708 D ViewRootImpl@32bbf1a[CartActivity]: dispatchAttachedToWindow
08-15 14:15:47.723 2708 2708 D ViewRootImpl@32bbf1a[CartActivity]: Relayout returned: oldFrame=[0,0][0,0] newFrame=[0,0][768,1024] result=0x27 surface={isValid=true -1840109568} surfaceGenerationChanged=true
08-15 14:15:47.723 2708 2708 D ViewRootImpl@32bbf1a[CartActivity]: mHardwareRenderer.initialize() mSurface={isValid=true -1840109568} hwInitialized=true
08-15 14:15:47.789 2708 2708 D AbsListView: in onLayout changed
08-15 14:15:47.825 2708 2708 D ViewRootImpl@32bbf1a[CartActivity]: MSG_RESIZED_REPORT: frame=Rect(0, 0 - 768, 1024) ci=Rect(0, 24 - 0, 0) vi=Rect(0, 24 - 0, 0) or=1
08-15 14:15:47.825 2708 2708 D ViewRootImpl@32bbf1a[CartActivity]: MSG_WINDOW_FOCUS_CHANGED 1
08-15 14:15:47.826 2708 2708 D ViewRootImpl@32bbf1a[CartActivity]: mHardwareRenderer.initializeIfNeeded()#2 mSurface={isValid=true -1840109568}
08-15 14:15:47.844 2708 2708 V InputMethodManager: Starting input: tba=android.view.inputmethod.EditorInfo@e3f00fc nm : cz.gienger.mobile ic=null
08-15 14:15:47.844 2708 2708 I InputMethodManager: startInputInner - mService.startInputOrWindowGainedFocus
08-15 14:15:47.849 2708 2708 D InputTransport: Input channel constructed: fd=66
08-15 14:15:47.850 2708 2708 D InputTransport: Input channel destroyed: fd=69
08-15 14:15:47.880 2708 2774 D OpenGLRenderer: endAllActiveAnimators on 0x9476e480 (RippleDrawable) with handle 0x9183db40
08-15 14:15:47.880 2708 2708 D ViewRootImpl@8606e6b[ArticleListActivity]: mHardwareRenderer.destroy()#1
08-15 14:15:47.886 2708 2708 D ViewRootImpl@8606e6b[ArticleListActivity]: Relayout returned: oldFrame=[0,0][768,1024] newFrame=[0,0][768,1024] result=0x5 surface={isValid=false 0} surfaceGenerationChanged=true
08-15 14:15:48.338 2708 2708 D ViewRootImpl@8606e6b[ArticleListActivity]: Relayout returned: oldFrame=[0,0][768,1024] newFrame=[0,0][768,1024] result=0x5 surface={isValid=false 0} surfaceGenerationChanged=false
08-15 14:15:49.883 2708 2708 D ViewRootImpl@32bbf1a[CartActivity]: ViewPostImeInputStage processPointer 0
08-15 14:15:49.940 2708 2708 D ViewRootImpl@32bbf1a[CartActivity]: ViewPostImeInputStage processPointer 1
08-15 14:15:49.951 2708 2708 V InputMethodManager: Starting input: tba=android.view.inputmethod.EditorInfo@954ea0b nm : cz.gienger.mobile ic=com.android.internal.widget.EditableInputConnection@7f930e8
08-15 14:15:49.951 2708 2708 I InputMethodManager: startInputInner - mService.startInputOrWindowGainedFocus
08-15 14:15:49.952 2708 2708 D InputTransport: Input channel constructed: fd=69
08-15 14:15:49.952 2708 2708 D InputTransport: Input channel destroyed: fd=66
08-15 14:15:49.952 2708 2708 D InputMethodManager: SSI - flag : 0 Pid : 2708 view : cz.gienger.mobile
08-15 14:15:50.263 2708 2708 D ViewRootImpl@32bbf1a[CartActivity]: MSG_RESIZED: frame=Rect(0, 0 - 768, 1024) ci=Rect(0, 24 - 0, 359) vi=Rect(0, 24 - 0, 359) or=1
08-15 14:15:50.280 2708 2708 D ViewRootImpl@32bbf1a[CartActivity]: Relayout returned: oldFrame=[0,0][768,1024] newFrame=[0,0][768,1024] result=0x1 surface={isValid=true -1840109568} surfaceGenerationChanged=false
08-15 14:15:50.298 2708 2708 D AbsListView: in onLayout changed
08-15 14:15:51.786 2708 2708 D ViewRootImpl@32bbf1a[CartActivity]: ViewPostImeInputStage processPointer 0
08-15 14:15:51.858 2708 2708 D ViewRootImpl@32bbf1a[CartActivity]: ViewPostImeInputStage processPointer 1
08-15 14:15:51.878 2708 2708 V InputMethodManager: Starting input: tba=android.view.inputmethod.EditorInfo@3625f73 nm : cz.gienger.mobile ic=com.android.internal.widget.EditableInputConnection@fe9de30
08-15 14:15:51.878 2708 2708 I InputMethodManager: startInputInner - mService.startInputOrWindowGainedFocus
08-15 14:15:51.880 2708 2708 D InputTransport: Input channel constructed: fd=66
08-15 14:15:51.880 2708 2708 D InputTransport: Input channel destroyed: fd=69
08-15 14:15:51.881 2708 2708 D InputMethodManager: SSI - flag : 0 Pid : 2708 view : cz.gienger.mobile
08-15 14:15:51.885 2708 2708 W IInputConnectionWrapper: finishComposingText on inactive InputConnection
08-15 14:15:53.209 2708 2708 D ViewRootImpl@32bbf1a[CartActivity]: ViewPostImeInputStage processPointer 0
08-15 14:15:53.267 2708 2708 D ViewRootImpl@32bbf1a[CartActivity]: ViewPostImeInputStage processPointer 1
08-15 14:15:53.293 2708 2708 V InputMethodManager: Starting input: tba=android.view.inputmethod.EditorInfo@85a893a nm : cz.gienger.mobile ic=com.android.internal.widget.EditableInputConnection@13849eb
08-15 14:15:53.293 2708 2708 I InputMethodManager: startInputInner - mService.startInputOrWindowGainedFocus
08-15 14:15:53.295 2708 2708 D InputTransport: Input channel constructed: fd=69
08-15 14:15:53.296 2708 2708 D InputTransport: Input channel destroyed: fd=66
08-15 14:15:53.296 2708 2708 D InputMethodManager: SSI - flag : 0 Pid : 2708 view : cz.gienger.mobile
08-15 14:15:53.306 2708 2708 W IInputConnectionWrapper: finishComposingText on inactive InputConnection
08-15 14:15:55.025 2708 2708 D ViewRootImpl@32bbf1a[CartActivity]: ViewPostImeInputStage processPointer 0
08-15 14:15:55.086 2708 2708 D ViewRootImpl@32bbf1a[CartActivity]: ViewPostImeInputStage processPointer 1
08-15 14:15:55.133 2708 2708 D ScrollView: initGoToTop
08-15 14:15:55.137 2708 2708 D ScrollView: initGoToTop
08-15 14:15:55.146 2708 2708 D ViewRootImpl@7037866[CartActivity]: ThreadedRenderer.create() translucent=true
08-15 14:15:55.153 2708 2708 D InputTransport: Input channel constructed: fd=66
08-15 14:15:55.154 2708 2708 D ViewRootImpl@7037866[CartActivity]: setView = DecorView@d87a7[CartActivity] touchMode=true
08-15 14:15:55.162 2708 2708 D ViewRootImpl@7037866[CartActivity]: dispatchAttachedToWindow
08-15 14:15:55.208 2708 2708 D ViewRootImpl@7037866[CartActivity]: Relayout returned: oldFrame=[0,0][0,0] newFrame=[194,258][574,790] result=0x27 surface={isValid=true -1852710912} surfaceGenerationChanged=true
08-15 14:15:55.208 2708 2708 D ViewRootImpl@7037866[CartActivity]: mHardwareRenderer.initialize() mSurface={isValid=true -1852710912} hwInitialized=true
08-15 14:15:55.219 2708 2708 D ScrollView: onsize change changed
08-15 14:15:55.220 2708 2708 D ViewRootImpl@7037866[CartActivity]: MSG_WINDOW_FOCUS_CHANGED 1
08-15 14:15:55.220 2708 2708 D ViewRootImpl@7037866[CartActivity]: mHardwareRenderer.initializeIfNeeded()#2 mSurface={isValid=true -1852710912}
08-15 14:15:55.254 2708 2708 D ViewRootImpl@7037866[CartActivity]: MSG_RESIZED_REPORT: frame=Rect(194, 258 - 574, 790) ci=Rect(0, 0 - 0, 0) vi=Rect(0, 0 - 0, 0) or=1
08-15 14:15:55.289 2708 2708 D ViewRootImpl@32bbf1a[CartActivity]: MSG_WINDOW_FOCUS_CHANGED 0
08-15 14:15:56.626 2708 2708 D ViewRootImpl@7037866[CartActivity]: ViewPostImeInputStage processPointer 0
08-15 14:15:56.686 2708 2708 D ViewRootImpl@7037866[CartActivity]: ViewPostImeInputStage processPointer 1
08-15 14:15:57.217 2708 2708 D ViewRootImpl@7037866[CartActivity]: ViewPostImeInputStage processPointer 0
08-15 14:15:57.286 2708 2708 D ViewRootImpl@7037866[CartActivity]: ViewPostImeInputStage processPointer 1
08-15 14:15:57.331 2708 2708 D ViewRootImpl@7037866[CartActivity]: mHardwareRenderer.destroy()#4
08-15 14:15:57.331 2708 2708 D ViewRootImpl@7037866[CartActivity]: dispatchDetachedFromWindow
08-15 14:15:57.340 2708 2708 D InputTransport: Input channel destroyed: fd=66
08-15 14:15:57.346 2708 2708 D ViewRootImpl@32bbf1a[CartActivity]: MSG_WINDOW_FOCUS_CHANGED 1
08-15 14:15:57.346 2708 2708 D ViewRootImpl@32bbf1a[CartActivity]: mHardwareRenderer.initializeIfNeeded()#2 mSurface={isValid=true -1840109568}
08-15 14:15:57.359 2708 2708 E ViewRootImpl: sendUserActionEvent() returned.
08-15 14:15:58.991 2708 2708 D ViewRootImpl@32bbf1a[CartActivity]: The input has been finished in ImeInputStage.
08-15 14:15:59.096 2708 2708 D ViewRootImpl@32bbf1a[CartActivity]: The input has been finished in ImeInputStage.
08-15 14:15:59.141 2708 2708 D ViewRootImpl@32bbf1a[CartActivity]: MSG_RESIZED: frame=Rect(0, 0 - 768, 1024) ci=Rect(0, 24 - 0, 0) vi=Rect(0, 24 - 0, 0) or=1
08-15 14:15:59.164 2708 2708 D ViewRootImpl@32bbf1a[CartActivity]: Relayout returned: oldFrame=[0,0][768,1024] newFrame=[0,0][768,1024] result=0x1 surface={isValid=true -1840109568} surfaceGenerationChanged=false
08-15 14:15:59.182 2708 2708 D AbsListView: in onLayout changed
08-15 14:15:59.229 2708 2708 V InputMethodManager: Starting input: tba=android.view.inputmethod.EditorInfo@d97161c nm : cz.gienger.mobile ic=com.android.internal.widget.EditableInputConnection@7b92225
08-15 14:15:59.229 2708 2708 I InputMethodManager: startInputInner - mService.startInputOrWindowGainedFocus
08-15 14:15:59.231 2708 2708 D InputTransport: Input channel constructed: fd=66
08-15 14:15:59.231 2708 2708 D InputTransport: Input channel destroyed: fd=69
08-15 14:15:59.233 2708 2708 W IInputConnectionWrapper: finishComposingText on inactive InputConnection
08-15 14:16:00.634 2708 2708 D ViewRootImpl@32bbf1a[CartActivity]: ViewPostImeInputStage processKey 0
08-15 14:16:00.758 2708 2708 D ViewRootImpl@32bbf1a[CartActivity]: ViewPostImeInputStage processKey 1
08-15 14:16:00.823 2708 2708 D ViewRootImpl@8606e6b[ArticleListActivity]: Relayout returned: oldFrame=[0,0][768,1024] newFrame=[0,0][768,1024] result=0x7 surface={isValid=true -1852708864} surfaceGenerationChanged=true
08-15 14:16:00.823 2708 2708 D ViewRootImpl@8606e6b[ArticleListActivity]: mHardwareRenderer.initialize() mSurface={isValid=true -1852708864} hwInitialized=true
08-15 14:16:00.829 2708 2708 D ViewRootImpl@8606e6b[ArticleListActivity]: MSG_WINDOW_FOCUS_CHANGED 1
08-15 14:16:00.829 2708 2708 D ViewRootImpl@8606e6b[ArticleListActivity]: mHardwareRenderer.initializeIfNeeded()#2 mSurface={isValid=true -1852708864}
08-15 14:16:00.833 2708 2708 V InputMethodManager: Starting input: tba=android.view.inputmethod.EditorInfo@2bf59ab nm : cz.gienger.mobile ic=null
08-15 14:16:00.833 2708 2708 I InputMethodManager: startInputInner - mService.startInputOrWindowGainedFocus
08-15 14:16:00.836 2708 2708 D InputTransport: Input channel constructed: fd=69
08-15 14:16:00.836 2708 2708 D InputTransport: Input channel destroyed: fd=66
08-15 14:16:00.871 2708 2708 W IInputConnectionWrapper: finishComposingText on inactive InputConnection
08-15 14:16:00.925 2708 2708 D ViewRootImpl@32bbf1a[CartActivity]: mHardwareRenderer.destroy()#1
08-15 14:16:00.931 2708 2708 D ViewRootImpl@32bbf1a[CartActivity]: Relayout returned: oldFrame=[0,0][768,1024] newFrame=[0,0][768,1024] result=0x5 surface={isValid=false 0} surfaceGenerationChanged=true
08-15 14:16:00.933 2708 2708 D ViewRootImpl@32bbf1a[CartActivity]: MSG_WINDOW_FOCUS_CHANGED 0
08-15 14:16:01.319 2708 2708 D TextView: SYANI: Clipboard API is calling: clearFilter()
08-15 14:16:01.319 2708 2708 D TextView: SYANI: Clipboard API is calling: unregisterClipboardEventListener()
08-15 14:16:01.320 2708 2708 D TextView: SYANI: Clipboard API is calling: clearFilter()
08-15 14:16:01.320 2708 2708 D TextView: SYANI: Clipboard API is calling: unregisterClipboardEventListener()
08-15 14:16:01.322 2708 2708 D TextView: SYANI: Clipboard API is calling: clearFilter()
08-15 14:16:01.322 2708 2708 D TextView: SYANI: Clipboard API is calling: unregisterClipboardEventListener()
08-15 14:16:01.322 2708 2708 D TextView: SYANI: Clipboard API is calling: clearFilter()
08-15 14:16:01.322 2708 2708 D TextView: SYANI: Clipboard API is calling: unregisterClipboardEventListener()
08-15 14:16:01.325 2708 2708 D TextView: SYANI: Clipboard API is calling: clearFilter()
08-15 14:16:01.325 2708 2708 D TextView: SYANI: Clipboard API is calling: unregisterClipboardEventListener()
08-15 14:16:01.332 2708 2708 D TextView: SYANI: Clipboard API is calling: clearFilter()
08-15 14:16:01.332 2708 2708 D TextView: SYANI: Clipboard API is calling: unregisterClipboardEventListener()
08-15 14:16:01.334 2708 2708 D TextView: SYANI: Clipboard API is calling: clearFilter()
08-15 14:16:01.334 2708 2708 D TextView: SYANI: Clipboard API is calling: unregisterClipboardEventListener()
08-15 14:16:01.336 2708 2708 D TextView: SYANI: Clipboard API is calling: clearFilter()
08-15 14:16:01.336 2708 2708 D TextView: SYANI: Clipboard API is calling: unregisterClipboardEventListener()
08-15 14:16:01.341 2708 2708 D TextView: SYANI: Clipboard API is calling: clearFilter()
08-15 14:16:01.341 2708 2708 D TextView: SYANI: Clipboard API is calling: unregisterClipboardEventListener()
08-15 14:16:01.349 2708 2708 D ViewRootImpl@32bbf1a[CartActivity]: mHardwareRenderer.destroy()#4
08-15 14:16:01.349 2708 2708 D ViewRootImpl@32bbf1a[CartActivity]: dispatchDetachedFromWindow
08-15 14:16:01.357 2708 2708 D InputTransport: Input channel destroyed: fd=64
08-15 14:16:02.348 2708 2708 D ViewRootImpl@8606e6b[ArticleListActivity]: ViewPostImeInputStage processPointer 0
08-15 14:16:02.428 2708 2708 D ViewRootImpl@8606e6b[ArticleListActivity]: ViewPostImeInputStage processPointer 1
08-15 14:16:02.461 2708 2708 D ViewRootImpl@8606e6b[ArticleListActivity]: MSG_WINDOW_FOCUS_CHANGED 0
08-15 14:16:02.597 2708 2708 D ViewRootImpl@632d45d[CartActivity]: ThreadedRenderer.create() translucent=false
08-15 14:16:02.604 2708 2708 D InputTransport: Input channel constructed: fd=64
08-15 14:16:02.604 2708 2708 D ViewRootImpl@632d45d[CartActivity]: setView = DecorView@d46f1d2[CartActivity] touchMode=true
08-15 14:16:02.608 2708 2708 D ViewRootImpl@632d45d[CartActivity]: dispatchAttachedToWindow
08-15 14:16:02.640 2708 2708 D ViewRootImpl@632d45d[CartActivity]: Relayout returned: oldFrame=[0,0][0,0] newFrame=[0,0][768,1024] result=0x27 surface={isValid=true -1850155008} surfaceGenerationChanged=true
08-15 14:16:02.640 2708 2708 D ViewRootImpl@632d45d[CartActivity]: mHardwareRenderer.initialize() mSurface={isValid=true -1850155008} hwInitialized=true
08-15 14:16:02.700 2708 2708 D AbsListView: in onLayout changed
08-15 14:16:02.741 2708 2708 D ViewRootImpl@632d45d[CartActivity]: MSG_RESIZED_REPORT: frame=Rect(0, 0 - 768, 1024) ci=Rect(0, 24 - 0, 0) vi=Rect(0, 24 - 0, 0) or=1
08-15 14:16:02.741 2708 2708 D ViewRootImpl@632d45d[CartActivity]: MSG_WINDOW_FOCUS_CHANGED 1
08-15 14:16:02.742 2708 2708 D ViewRootImpl@632d45d[CartActivity]: mHardwareRenderer.initializeIfNeeded()#2 mSurface={isValid=true -1850155008}
08-15 14:16:02.760 2708 2708 V InputMethodManager: Starting input: tba=android.view.inputmethod.EditorInfo@682a61d nm : cz.gienger.mobile ic=null
08-15 14:16:02.760 2708 2708 I InputMethodManager: startInputInner - mService.startInputOrWindowGainedFocus
08-15 14:16:02.761 2708 2708 D InputTransport: Input channel constructed: fd=66
08-15 14:16:02.762 2708 2708 D InputTransport: Input channel destroyed: fd=69
08-15 14:16:02.803 2708 2774 D OpenGLRenderer: endAllActiveAnimators on 0x9476e480 (RippleDrawable) with handle 0x91d5c2e0
08-15 14:16:02.804 2708 2708 D ViewRootImpl@8606e6b[ArticleListActivity]: mHardwareRenderer.destroy()#1
08-15 14:16:02.810 2708 2708 D ViewRootImpl@8606e6b[ArticleListActivity]: Relayout returned: oldFrame=[0,0][768,1024] newFrame=[0,0][768,1024] result=0x5 surface={isValid=false 0} surfaceGenerationChanged=true
08-15 14:16:03.204 2708 2708 D ViewRootImpl@8606e6b[ArticleListActivity]: Relayout returned: oldFrame=[0,0][768,1024] newFrame=[0,0][768,1024] result=0x5 surface={isValid=false 0} surfaceGenerationChanged=false
08-15 14:16:06.257 2708 2708 D ViewRootImpl@632d45d[CartActivity]: ViewPostImeInputStage processPointer 0
08-15 14:16:06.762 2708 2708 D TextView: performLongClick() is called
08-15 14:16:06.763 2708 2708 D TextView: handled is false
08-15 14:16:06.784 2708 2708 D ScrollView: initGoToTop
08-15 14:16:06.793 2708 2708 D ViewRootImpl@76cd8a8[PopupWindow:6b358cb]: ThreadedRenderer.create() translucent=true
08-15 14:16:06.797 2708 2708 D InputTransport: Input channel constructed: fd=76
08-15 14:16:06.797 2708 2708 D ViewRootImpl@76cd8a8[PopupWindow:6b358cb]: setView = android.widget.PopupWindow$PopupDecorView{d4b9fc1 V.E...... ......I. 0,0-0,0} touchMode=true
08-15 14:16:06.798 2708 2708 D ViewRootImpl@76cd8a8[PopupWindow:6b358cb]: dispatchAttachedToWindow
08-15 14:16:06.815 2708 2708 D ViewRootImpl@76cd8a8[PopupWindow:6b358cb]: Relayout returned: oldFrame=[0,0][0,0] newFrame=[38,877][68,913] result=0x27 surface={isValid=true -1847568384} surfaceGenerationChanged=true
08-15 14:16:06.816 2708 2708 D ViewRootImpl@76cd8a8[PopupWindow:6b358cb]: mHardwareRenderer.initialize() mSurface={isValid=true -1847568384} hwInitialized=true
08-15 14:16:06.835 2708 2708 D ViewRootImpl@76cd8a8[PopupWindow:6b358cb]: MSG_RESIZED_REPORT: frame=Rect(38, 877 - 68, 913) ci=Rect(0, 0 - 0, 0) vi=Rect(0, 0 - 0, 0) or=1
08-15 14:16:06.858 2708 2708 D ViewRootImpl@74df69[PopupWindow:48a2df0]: ThreadedRenderer.create() translucent=true
08-15 14:16:06.863 2708 2708 D InputTransport: Input channel constructed: fd=77
08-15 14:16:06.863 2708 2708 D ViewRootImpl@74df69[PopupWindow:48a2df0]: setView = android.widget.PopupWindow$PopupDecorView{20b4dee V.E...... ......I. 0,0-0,0} touchMode=true
08-15 14:16:06.864 2708 2708 D ViewRootImpl@74df69[PopupWindow:48a2df0]: dispatchAttachedToWindow
08-15 14:16:06.897 2708 2708 D ViewRootImpl@74df69[PopupWindow:48a2df0]: Relayout returned: oldFrame=[0,0][0,0] newFrame=[10,786][243,850] result=0x27 surface={isValid=true -1847541760} surfaceGenerationChanged=true
08-15 14:16:06.898 2708 2708 D ViewRootImpl@74df69[PopupWindow:48a2df0]: mHardwareRenderer.initialize() mSurface={isValid=true -1847541760} hwInitialized=true
08-15 14:16:06.928 2708 2708 D ViewRootImpl@74df69[PopupWindow:48a2df0]: MSG_RESIZED_REPORT: frame=Rect(10, 786 - 243, 850) ci=Rect(0, 0 - 0, 0) vi=Rect(0, 0 - 0, 0) or=1
08-15 14:16:07.305 2708 2708 D ViewRootImpl@632d45d[CartActivity]: ViewPostImeInputStage processPointer 1
08-15 14:16:07.331 2708 2708 V InputMethodManager: Starting input: tba=android.view.inputmethod.EditorInfo@3730925 nm : cz.gienger.mobile ic=com.android.internal.widget.EditableInputConnection@c625afa
08-15 14:16:07.331 2708 2708 I InputMethodManager: startInputInner - mService.startInputOrWindowGainedFocus
08-15 14:16:07.333 2708 2708 D InputTransport: Input channel constructed: fd=95
08-15 14:16:07.333 2708 2708 D InputTransport: Input channel destroyed: fd=66
08-15 14:16:07.803 2708 2708 D ViewRootImpl@74df69[PopupWindow:48a2df0]: ViewPostImeInputStage processPointer 0
08-15 14:16:07.884 2708 2708 D ViewRootImpl@74df69[PopupWindow:48a2df0]: ViewPostImeInputStage processPointer 1
08-15 14:16:07.885 2708 2708 W TextView: insertLog : no permission of survey
08-15 14:16:07.895 2708 2708 W TextView: insertLog : no permission of survey
08-15 14:16:08.075 2708 2708 D ViewRootImpl@76cd8a8[PopupWindow:6b358cb]: mHardwareRenderer.destroy()#4
08-15 14:16:08.075 2708 2708 D ViewRootImpl@76cd8a8[PopupWindow:6b358cb]: dispatchDetachedFromWindow
08-15 14:16:08.084 2708 2708 D InputTransport: Input channel destroyed: fd=76
08-15 14:16:08.101 2708 2774 D OpenGLRenderer: endAllActiveAnimators on 0x94ecb280 (RippleDrawable) with handle 0x91d8af20
08-15 14:16:08.102 2708 2708 D ViewRootImpl@74df69[PopupWindow:48a2df0]: mHardwareRenderer.destroy()#4
08-15 14:16:08.102 2708 2708 D ViewRootImpl@74df69[PopupWindow:48a2df0]: dispatchDetachedFromWindow
08-15 14:16:08.110 2708 2708 D InputTransport: Input channel destroyed: fd=77
08-15 14:16:10.213 2708 2708 D ViewRootImpl@632d45d[CartActivity]: ViewPostImeInputStage processPointer 0
08-15 14:16:10.281 2708 2708 D ViewRootImpl@632d45d[CartActivity]: ViewPostImeInputStage processPointer 1
08-15 14:16:10.301 2708 2708 D View : requestFocusFromTouch
08-15 14:16:10.316 2708 2708 V InputMethodManager: Starting input: tba=android.view.inputmethod.EditorInfo@fea9487 nm : cz.gienger.mobile ic=null
08-15 14:16:10.316 2708 2708 I InputMethodManager: startInputInner - mService.startInputOrWindowGainedFocus
08-15 14:16:10.317 2708 2708 D InputTransport: Input channel constructed: fd=66
08-15 14:16:10.317 2708 2708 D InputTransport: Input channel destroyed: fd=95
08-15 14:16:10.330 2708 2708 W IInputConnectionWrapper: finishComposingText on inactive InputConnection
08-15 14:16:50.220 2708 2708 V InputMethodManager: Starting input: tba=android.view.inputmethod.EditorInfo@78c8fb4 nm : cz.gienger.mobile ic=null
08-15 14:16:50.220 2708 2708 I InputMethodManager: startInputInner - mService.startInputOrWindowGainedFocus
08-15 14:16:50.222 2708 2708 D InputTransport: Input channel constructed: fd=68
08-15 14:16:50.222 2708 2708 D InputTransport: Input channel destroyed: fd=66
08-15 14:16:52.861 2708 2708 V InputMethodManager: Starting input: tba=android.view.inputmethod.EditorInfo@3da37dd nm : cz.gienger.mobile ic=null
08-15 14:16:52.861 2708 2708 I InputMethodManager: startInputInner - mService.startInputOrWindowGainedFocus
08-15 14:16:52.862 2708 2708 D InputTransport: Input channel constructed: fd=66
08-15 14:16:52.862 2708 2708 D InputTransport: Input channel destroyed: fd=68
08-15 14:16:53.026 2708 2708 D ViewRootImpl@632d45d[CartActivity]: MSG_RESIZED_REPORT: frame=Rect(0, 0 - 768, 1024) ci=Rect(0, 24 - 0, 0) vi=Rect(0, 24 - 0, 0) or=1
08-15 14:16:53.235 2708 2708 D ViewRootImpl@632d45d[CartActivity]: Relayout returned: oldFrame=[0,0][768,1024] newFrame=[0,0][768,1024] result=0x0 surface={isValid=true -1850155008} surfaceGenerationChanged=false
08-15 14:16:54.275 2708 2708 D ViewRootImpl@632d45d[CartActivity]: ViewPostImeInputStage processPointer 0
08-15 14:16:54.350 2708 2708 D AbsListView: reportScrollStateChange() newState : 1
08-15 14:16:54.582 2708 2708 D ViewRootImpl@632d45d[CartActivity]: ViewPostImeInputStage processPointer 1
08-15 14:16:54.583 2708 2708 D AbsListView: onTouchUp() mTouchMode : 3
08-15 14:16:54.583 2708 2708 D AbsListView: onTouchUp() TOUCH_MODE_SCROLL initialVelocity : -132
08-15 14:16:54.583 2708 2708 D AbsListView: reportScrollStateChange() newState : 0
08-15 14:16:55.305 2708 2708 D ViewRootImpl@632d45d[CartActivity]: ViewPostImeInputStage processPointer 0
08-15 14:16:55.419 2708 2708 D ViewRootImpl@632d45d[CartActivity]: ViewPostImeInputStage processPointer 1
08-15 14:16:55.430 2708 2708 D View : requestFocusFromTouch
08-15 14:16:57.380 2708 2708 D ViewRootImpl@632d45d[CartActivity]: ViewPostImeInputStage processPointer 0
08-15 14:16:57.445 2708 2708 D ViewRootImpl@632d45d[CartActivity]: ViewPostImeInputStage processPointer 1
08-15 14:16:57.493 2708 2708 D ViewRootImpl@632d45d[CartActivity]: MSG_WINDOW_FOCUS_CHANGED 0
08-15 14:16:58.905 2708 2708 D ViewRootImpl@632d45d[CartActivity]: mHardwareRenderer.destroy()#1
08-15 14:16:58.945 2708 2708 D ViewRootImpl@632d45d[CartActivity]: Relayout returned: oldFrame=[0,0][768,1024] newFrame=[0,0][768,1024] result=0x5 surface={isValid=false 0} surfaceGenerationChanged=true
08-15 14:16:58.946 2708 2708 D InputTransport: Input channel destroyed: fd=66
08-15 14:16:59.372 2708 2708 D ViewRootImpl@632d45d[CartActivity]: Relayout returned: oldFrame=[0,0][768,1024] newFrame=[0,0][768,1024] result=0x5 surface={isValid=false 0} surfaceGenerationChanged=false
08-15 14:17:11.488 2708 2708 D ViewRootImpl@632d45d[CartActivity]: mHardwareRenderer.destroy()#1
08-15 14:17:11.497 2708 2708 D ViewRootImpl@632d45d[CartActivity]: Relayout returned: oldFrame=[0,0][768,1024] newFrame=[0,0][768,1024] result=0x1 surface={isValid=false 0} surfaceGenerationChanged=false
08-15 14:17:11.574 2708 2708 D ViewRootImpl@632d45d[CartActivity]: Relayout returned: oldFrame=[0,0][768,1024] newFrame=[0,0][768,1024] result=0x7 surface={isValid=true -1852708864} surfaceGenerationChanged=true
08-15 14:17:11.574 2708 2708 D ViewRootImpl@632d45d[CartActivity]: mHardwareRenderer.initialize() mSurface={isValid=true -1852708864} hwInitialized=true
08-15 14:17:11.607 2708 2708 D ViewRootImpl@632d45d[CartActivity]: MSG_WINDOW_FOCUS_CHANGED 1
08-15 14:17:11.607 2708 2708 D ViewRootImpl@632d45d[CartActivity]: mHardwareRenderer.initializeIfNeeded()#2 mSurface={isValid=true -1852708864}
08-15 14:17:11.616 2708 2708 V InputMethodManager: Starting input: tba=android.view.inputmethod.EditorInfo@419b75f nm : cz.gienger.mobile ic=null
08-15 14:17:11.616 2708 2708 I InputMethodManager: startInputInner - mService.startInputOrWindowGainedFocus
08-15 14:17:11.625 2708 2708 D InputTransport: Input channel constructed: fd=61
08-15 14:17:12.439 2708 2708 D ViewRootImpl@632d45d[CartActivity]: ViewPostImeInputStage processKey 0
08-15 14:17:12.591 2708 2708 D ViewRootImpl@632d45d[CartActivity]: ViewPostImeInputStage processKey 1
08-15 14:17:12.655 2708 2708 D ViewRootImpl@8606e6b[ArticleListActivity]: Relayout returned: oldFrame=[0,0][768,1024] newFrame=[0,0][768,1024] result=0x7 surface={isValid=true -1849534464} surfaceGenerationChanged=true
08-15 14:17:12.656 2708 2708 D ViewRootImpl@8606e6b[ArticleListActivity]: mHardwareRenderer.initialize() mSurface={isValid=true -1849534464} hwInitialized=true
08-15 14:17:12.658 2708 2708 D ViewRootImpl@8606e6b[ArticleListActivity]: MSG_WINDOW_FOCUS_CHANGED 1
08-15 14:17:12.659 2708 2708 D ViewRootImpl@8606e6b[ArticleListActivity]: mHardwareRenderer.initializeIfNeeded()#2 mSurface={isValid=true -1849534464}
08-15 14:17:12.661 2708 2708 V InputMethodManager: Starting input: tba=android.view.inputmethod.EditorInfo@2d57275 nm : cz.gienger.mobile ic=null
08-15 14:17:12.661 2708 2708 I InputMethodManager: startInputInner - mService.startInputOrWindowGainedFocus
08-15 14:17:12.662 2708 2708 D InputTransport: Input channel constructed: fd=68
08-15 14:17:12.662 2708 2708 D InputTransport: Input channel destroyed: fd=61
08-15 14:17:12.726 2708 2708 D ViewRootImpl@632d45d[CartActivity]: mHardwareRenderer.destroy()#1
08-15 14:17:12.740 2708 2708 D ViewRootImpl@632d45d[CartActivity]: Relayout returned: oldFrame=[0,0][768,1024] newFrame=[0,0][768,1024] result=0x5 surface={isValid=false 0} surfaceGenerationChanged=true
08-15 14:17:12.744 2708 2708 D ViewRootImpl@632d45d[CartActivity]: MSG_WINDOW_FOCUS_CHANGED 0
08-15 14:17:13.140 2708 2708 D TextView: SYANI: Clipboard API is calling: clearFilter()
08-15 14:17:13.140 2708 2708 D TextView: SYANI: Clipboard API is calling: unregisterClipboardEventListener()
08-15 14:17:13.143 2708 2708 D TextView: SYANI: Clipboard API is calling: clearFilter()
08-15 14:17:13.143 2708 2708 D TextView: SYANI: Clipboard API is calling: unregisterClipboardEventListener()
08-15 14:17:13.146 2708 2708 D TextView: SYANI: Clipboard API is calling: clearFilter()
08-15 14:17:13.146 2708 2708 D TextView: SYANI: Clipboard API is calling: unregisterClipboardEventListener()
08-15 14:17:13.148 2708 2708 D TextView: SYANI: Clipboard API is calling: clearFilter()
08-15 14:17:13.148 2708 2708 D TextView: SYANI: Clipboard API is calling: unregisterClipboardEventListener()
08-15 14:17:13.151 2708 2708 D TextView: SYANI: Clipboard API is calling: clearFilter()
08-15 14:17:13.151 2708 2708 D TextView: SYANI: Clipboard API is calling: unregisterClipboardEventListener()
08-15 14:17:13.160 2708 2708 D TextView: SYANI: Clipboard API is calling: clearFilter()
08-15 14:17:13.160 2708 2708 D TextView: SYANI: Clipboard API is calling: unregisterClipboardEventListener()
08-15 14:17:13.162 2708 2708 D TextView: SYANI: Clipboard API is calling: clearFilter()
08-15 14:17:13.162 2708 2708 D TextView: SYANI: Clipboard API is calling: unregisterClipboardEventListener()
08-15 14:17:13.164 2708 2708 D TextView: SYANI: Clipboard API is calling: clearFilter()
08-15 14:17:13.165 2708 2708 D TextView: SYANI: Clipboard API is calling: unregisterClipboardEventListener()
08-15 14:17:13.168 2708 2708 D TextView: SYANI: Clipboard API is calling: clearFilter()
08-15 14:17:13.168 2708 2708 D TextView: SYANI: Clipboard API is calling: unregisterClipboardEventListener()
08-15 14:17:13.182 2708 2708 D ViewRootImpl@632d45d[CartActivity]: mHardwareRenderer.destroy()#4
08-15 14:17:13.182 2708 2708 D ViewRootImpl@632d45d[CartActivity]: dispatchDetachedFromWindow
08-15 14:17:13.188 2708 2708 D InputTransport: Input channel destroyed: fd=64
08-15 14:17:14.136 2708 2708 D ViewRootImpl@8606e6b[ArticleListActivity]: ViewPostImeInputStage processPointer 0
08-15 14:17:14.184 2708 2708 D ViewRootImpl@8606e6b[ArticleListActivity]: ViewPostImeInputStage processPointer 1
08-15 14:17:14.226 2708 2708 D ViewRootImpl@8606e6b[ArticleListActivity]: MSG_WINDOW_FOCUS_CHANGED 0
08-15 14:17:14.368 2708 2708 D ViewRootImpl@bff12b4[CartActivity]: ThreadedRenderer.create() translucent=false
08-15 14:17:14.371 2708 2708 D InputTransport: Input channel constructed: fd=64
08-15 14:17:14.372 2708 2708 D ViewRootImpl@bff12b4[CartActivity]: setView = DecorView@e85fedd[CartActivity] touchMode=true
