--------- beginning of main
08-15 14:06:02.216 2708 2708 D InputTransport: Input channel destroyed: fd=63
08-15 14:06:04.124 2708 2708 D ViewRootImpl@cb5796f[CategoryListActivity]: ViewPostImeInputStage processPointer 0
08-15 14:06:04.181 2708 2708 D ViewRootImpl@cb5796f[CategoryListActivity]: ViewPostImeInputStage processPointer 1
08-15 14:06:10.335 2708 2708 D ViewRootImpl@cb5796f[CategoryListActivity]: ViewPostImeInputStage processPointer 0
08-15 14:06:10.380 2708 2708 D ViewRootImpl@cb5796f[CategoryListActivity]: ViewPostImeInputStage processPointer 1
08-15 14:06:15.788 2708 2708 D ViewRootImpl@cb5796f[CategoryListActivity]: ViewPostImeInputStage processPointer 0
08-15 14:06:16.088 2708 2708 D ViewRootImpl@cb5796f[CategoryListActivity]: ViewPostImeInputStage processPointer 1
08-15 14:06:18.366 2708 2708 D ViewRootImpl@cb5796f[CategoryListActivity]: ViewPostImeInputStage processPointer 0
08-15 14:06:18.719 2708 2708 D ViewRootImpl@cb5796f[CategoryListActivity]: ViewPostImeInputStage processPointer 1
08-15 14:06:20.149 2708 2708 D ViewRootImpl@cb5796f[CategoryListActivity]: ViewPostImeInputStage processPointer 0
08-15 14:06:20.362 2708 2708 D ViewRootImpl@cb5796f[CategoryListActivity]: ViewPostImeInputStage processPointer 1
08-15 14:06:21.127 2708 2708 D ViewRootImpl@cb5796f[CategoryListActivity]: ViewPostImeInputStage processPointer 0
08-15 14:06:22.080 2708 2708 D ViewRootImpl@cb5796f[CategoryListActivity]: ViewPostImeInputStage processPointer 1
08-15 14:06:25.696 2708 2708 D LOCATION_SERVICE: onLocationChanged: Location[network 49,191148,17,534401 acc=21 et=+1h37m8s502ms alt=0.0 vel=0.0 bear=0.0 {Bundle[mParcelledData.dataSize=80]}]
08-15 14:06:26.431 2708 2708 D ViewRootImpl@cb5796f[CategoryListActivity]: ViewPostImeInputStage processPointer 0
08-15 14:06:26.499 2708 2708 D ViewRootImpl@cb5796f[CategoryListActivity]: ViewPostImeInputStage processPointer 1
08-15 14:06:28.478 2708 2708 D ViewRootImpl@cb5796f[CategoryListActivity]: ViewPostImeInputStage processPointer 0
08-15 14:06:28.765 2708 2708 D ViewRootImpl@cb5796f[CategoryListActivity]: ViewPostImeInputStage processPointer 1
08-15 14:06:29.286 2708 2708 D ViewRootImpl@cb5796f[CategoryListActivity]: ViewPostImeInputStage processPointer 0
08-15 14:06:29.595 2708 2708 D ViewRootImpl@cb5796f[CategoryListActivity]: ViewPostImeInputStage processPointer 1
08-15 14:06:35.738 2708 2708 D ViewRootImpl@cb5796f[CategoryListActivity]: ViewPostImeInputStage processPointer 0
08-15 14:06:35.808 2708 2708 D ViewRootImpl@cb5796f[CategoryListActivity]: ViewPostImeInputStage processPointer 1
08-15 14:06:44.626 2708 2708 D ViewRootImpl@cb5796f[CategoryListActivity]: ViewPostImeInputStage processPointer 0
08-15 14:06:44.664 2708 2708 D ViewRootImpl@cb5796f[CategoryListActivity]: ViewPostImeInputStage processPointer 1
08-15 14:06:44.690 2708 2708 D ViewRootImpl@cb5796f[CategoryListActivity]: MSG_WINDOW_FOCUS_CHANGED 0
08-15 14:06:44.782 2708 2708 D ViewRootImpl@2ca4e[ArticleListActivity]: ThreadedRenderer.create() translucent=false
08-15 14:06:44.785 2708 2708 D InputTransport: Input channel constructed: fd=67
08-15 14:06:44.785 2708 2708 D ViewRootImpl@2ca4e[ArticleListActivity]: setView = DecorView@128176f[ArticleListActivity] touchMode=true
08-15 14:06:44.788 2708 2708 D ViewRootImpl@2ca4e[ArticleListActivity]: dispatchAttachedToWindow
08-15 14:06:44.809 2708 2708 D ViewRootImpl@2ca4e[ArticleListActivity]: Relayout returned: oldFrame=[0,0][0,0] newFrame=[0,0][768,1024] result=0x27 surface={isValid=true -1826021376} surfaceGenerationChanged=true
08-15 14:06:44.810 2708 2708 D ViewRootImpl@2ca4e[ArticleListActivity]: mHardwareRenderer.initialize() mSurface={isValid=true -1826021376} hwInitialized=true
08-15 14:06:45.260 2708 2708 D ViewRootImpl@2ca4e[ArticleListActivity]: MSG_RESIZED_REPORT: frame=Rect(0, 0 - 768, 1024) ci=Rect(0, 24 - 0, 0) vi=Rect(0, 24 - 0, 0) or=1
08-15 14:06:45.260 2708 2708 D ViewRootImpl@2ca4e[ArticleListActivity]: MSG_WINDOW_FOCUS_CHANGED 1
08-15 14:06:45.260 2708 2708 D ViewRootImpl@2ca4e[ArticleListActivity]: mHardwareRenderer.initializeIfNeeded()#2 mSurface={isValid=true -1826021376}
08-15 14:06:45.261 2708 2708 V InputMethodManager: Starting input: tba=android.view.inputmethod.EditorInfo@58bf57d nm : cz.gienger.mobile ic=null
08-15 14:06:45.261 2708 2708 I InputMethodManager: startInputInner - mService.startInputOrWindowGainedFocus
08-15 14:06:45.263 2708 2708 D InputTransport: Input channel constructed: fd=70
08-15 14:06:45.263 2708 2708 D InputTransport: Input channel destroyed: fd=66
08-15 14:06:45.323 2708 2708 D ViewRootImpl@cb5796f[CategoryListActivity]: mHardwareRenderer.destroy()#1
08-15 14:06:45.331 2708 2708 D ViewRootImpl@cb5796f[CategoryListActivity]: Relayout returned: oldFrame=[0,0][768,1024] newFrame=[0,0][768,1024] result=0x5 surface={isValid=false 0} surfaceGenerationChanged=true
08-15 14:06:45.745 2708 2708 D ViewRootImpl@cb5796f[CategoryListActivity]: Relayout returned: oldFrame=[0,0][768,1024] newFrame=[0,0][768,1024] result=0x5 surface={isValid=false 0} surfaceGenerationChanged=false
08-15 14:06:47.363 2708 2708 D ViewRootImpl@2ca4e[ArticleListActivity]: ViewPostImeInputStage processPointer 0
08-15 14:06:47.501 2708 2708 D ViewRootImpl@2ca4e[ArticleListActivity]: ViewPostImeInputStage processPointer 1
08-15 14:06:48.605 2708 2708 D ViewRootImpl@2ca4e[ArticleListActivity]: ViewPostImeInputStage processPointer 0
08-15 14:06:48.690 2708 2708 D ViewRootImpl@2ca4e[ArticleListActivity]: ViewPostImeInputStage processPointer 1
08-15 14:06:49.707 2708 2708 D ViewRootImpl@2ca4e[ArticleListActivity]: ViewPostImeInputStage processPointer 0
08-15 14:06:49.803 2708 2708 D ViewRootImpl@2ca4e[ArticleListActivity]: ViewPostImeInputStage processPointer 1
08-15 14:06:50.558 2708 2708 D ViewRootImpl@2ca4e[ArticleListActivity]: ViewPostImeInputStage processPointer 0
08-15 14:06:50.694 2708 2708 D ViewRootImpl@2ca4e[ArticleListActivity]: ViewPostImeInputStage processPointer 1
08-15 14:06:51.866 2708 2708 D ViewRootImpl@2ca4e[ArticleListActivity]: ViewPostImeInputStage processPointer 0
08-15 14:06:51.990 2708 2708 D ViewRootImpl@2ca4e[ArticleListActivity]: ViewPostImeInputStage processPointer 1
08-15 14:06:53.846 2708 2708 D ViewRootImpl@2ca4e[ArticleListActivity]: ViewPostImeInputStage processPointer 0
08-15 14:06:53.992 2708 2708 D ViewRootImpl@2ca4e[ArticleListActivity]: ViewPostImeInputStage processPointer 1
08-15 14:06:55.712 2708 2708 D ViewRootImpl@2ca4e[ArticleListActivity]: ViewPostImeInputStage processPointer 0
08-15 14:06:55.827 2708 2708 D ViewRootImpl@2ca4e[ArticleListActivity]: ViewPostImeInputStage processPointer 1
08-15 14:06:56.881 2708 2718 I art : Background sticky concurrent mark sweep GC freed 166101(8MB) AllocSpace objects, 3(60KB) LOS objects, 43% free, 10MB/19MB, paused 1.448ms total 124.407ms
08-15 14:06:58.057 2708 2708 D ViewRootImpl@2ca4e[ArticleListActivity]: ViewPostImeInputStage processPointer 0
08-15 14:06:58.182 2708 2708 D ViewRootImpl@2ca4e[ArticleListActivity]: ViewPostImeInputStage processPointer 1
08-15 14:07:01.084 2708 2708 D ViewRootImpl@2ca4e[ArticleListActivity]: ViewPostImeInputStage processPointer 0
08-15 14:07:01.218 2708 2708 D ViewRootImpl@2ca4e[ArticleListActivity]: ViewPostImeInputStage processPointer 1
08-15 14:07:03.632 2708 2708 D ViewRootImpl@2ca4e[ArticleListActivity]: ViewPostImeInputStage processPointer 0
08-15 14:07:03.825 2708 2708 D ViewRootImpl@2ca4e[ArticleListActivity]: ViewPostImeInputStage processPointer 1
08-15 14:07:04.952 2708 2708 D ViewRootImpl@2ca4e[ArticleListActivity]: ViewPostImeInputStage processPointer 0
08-15 14:07:05.374 2708 2708 D ViewRootImpl@2ca4e[ArticleListActivity]: ViewPostImeInputStage processPointer 1
08-15 14:07:05.916 2708 2708 D ViewRootImpl@2ca4e[ArticleListActivity]: ViewPostImeInputStage processPointer 0
08-15 14:07:05.999 2708 2708 D ViewRootImpl@2ca4e[ArticleListActivity]: ViewPostImeInputStage processPointer 1
08-15 14:07:06.074 2708 2708 D ViewRootImpl@cb5796f[CategoryListActivity]: Relayout returned: oldFrame=[0,0][768,1024] newFrame=[0,0][768,1024] result=0x7 surface={isValid=true -1848770560} surfaceGenerationChanged=true
08-15 14:07:06.074 2708 2708 D ViewRootImpl@cb5796f[CategoryListActivity]: mHardwareRenderer.initialize() mSurface={isValid=true -1848770560} hwInitialized=true
08-15 14:07:06.105 2708 2708 D ViewRootImpl@cb5796f[CategoryListActivity]: MSG_WINDOW_FOCUS_CHANGED 1
08-15 14:07:06.105 2708 2708 D ViewRootImpl@cb5796f[CategoryListActivity]: mHardwareRenderer.initializeIfNeeded()#2 mSurface={isValid=true -1848770560}
08-15 14:07:06.108 2708 2708 V InputMethodManager: Starting input: tba=android.view.inputmethod.EditorInfo@16adfce nm : cz.gienger.mobile ic=null
08-15 14:07:06.108 2708 2708 I InputMethodManager: startInputInner - mService.startInputOrWindowGainedFocus
08-15 14:07:06.133 2708 2708 D InputTransport: Input channel constructed: fd=63
08-15 14:07:06.133 2708 2708 D InputTransport: Input channel destroyed: fd=70
08-15 14:07:06.138 2708 2708 D ViewRootImpl@2ca4e[ArticleListActivity]: MSG_WINDOW_FOCUS_CHANGED 0
08-15 14:07:06.196 2708 2774 D OpenGLRenderer: endAllActiveAnimators on 0x95938980 (RippleDrawable) with handle 0x94efefe0
08-15 14:07:06.197 2708 2708 D ViewRootImpl@2ca4e[ArticleListActivity]: mHardwareRenderer.destroy()#1
08-15 14:07:06.212 2708 2708 D ViewRootImpl@2ca4e[ArticleListActivity]: Relayout returned: oldFrame=[0,0][768,1024] newFrame=[0,0][768,1024] result=0x5 surface={isValid=false 0} surfaceGenerationChanged=true
08-15 14:07:06.587 2708 2708 D ViewRootImpl@2ca4e[ArticleListActivity]: mHardwareRenderer.destroy()#4
08-15 14:07:06.587 2708 2708 D ViewRootImpl@2ca4e[ArticleListActivity]: dispatchDetachedFromWindow
08-15 14:07:06.596 2708 2708 D InputTransport: Input channel destroyed: fd=67
08-15 14:07:12.351 2708 2708 D ViewRootImpl@cb5796f[CategoryListActivity]: ViewPostImeInputStage processPointer 0
08-15 14:07:12.398 2708 2708 D ViewRootImpl@cb5796f[CategoryListActivity]: ViewPostImeInputStage processPointer 1
08-15 14:07:12.449 2708 2708 D ViewRootImpl@cb5796f[CategoryListActivity]: MSG_WINDOW_FOCUS_CHANGED 0
08-15 14:07:12.590 2708 2708 D ViewRootImpl@42f7d31[CartActivity]: ThreadedRenderer.create() translucent=false
08-15 14:07:12.594 2708 2708 D InputTransport: Input channel constructed: fd=67
08-15 14:07:12.594 2708 2708 D ViewRootImpl@42f7d31[CartActivity]: setView = DecorView@5436c16[CartActivity] touchMode=true
08-15 14:07:12.597 2708 2708 D ViewRootImpl@42f7d31[CartActivity]: dispatchAttachedToWindow
08-15 14:07:12.626 2708 2708 D ViewRootImpl@42f7d31[CartActivity]: Relayout returned: oldFrame=[0,0][0,0] newFrame=[0,0][768,1024] result=0x27 surface={isValid=true -1852884992} surfaceGenerationChanged=true
08-15 14:07:12.626 2708 2708 D ViewRootImpl@42f7d31[CartActivity]: mHardwareRenderer.initialize() mSurface={isValid=true -1852884992} hwInitialized=true
08-15 14:07:12.681 2708 2708 D AbsListView: in onLayout changed
08-15 14:07:12.727 2708 2708 D ViewRootImpl@42f7d31[CartActivity]: MSG_RESIZED_REPORT: frame=Rect(0, 0 - 768, 1024) ci=Rect(0, 24 - 0, 0) vi=Rect(0, 24 - 0, 0) or=1
08-15 14:07:12.727 2708 2708 D ViewRootImpl@42f7d31[CartActivity]: MSG_WINDOW_FOCUS_CHANGED 1
08-15 14:07:12.727 2708 2708 D ViewRootImpl@42f7d31[CartActivity]: mHardwareRenderer.initializeIfNeeded()#2 mSurface={isValid=true -1852884992}
08-15 14:07:12.744 2708 2708 V InputMethodManager: Starting input: tba=android.view.inputmethod.EditorInfo@e244a98 nm : cz.gienger.mobile ic=null
08-15 14:07:12.744 2708 2708 I InputMethodManager: startInputInner - mService.startInputOrWindowGainedFocus
08-15 14:07:12.746 2708 2708 D InputTransport: Input channel constructed: fd=76
08-15 14:07:12.746 2708 2708 D InputTransport: Input channel destroyed: fd=63
08-15 14:07:12.781 2708 2774 D OpenGLRenderer: endAllActiveAnimators on 0x94488680 (RippleDrawable) with handle 0x94eff0d0
08-15 14:07:12.781 2708 2708 D ViewRootImpl@cb5796f[CategoryListActivity]: mHardwareRenderer.destroy()#1
08-15 14:07:12.789 2708 2708 D ViewRootImpl@cb5796f[CategoryListActivity]: Relayout returned: oldFrame=[0,0][768,1024] newFrame=[0,0][768,1024] result=0x5 surface={isValid=false 0} surfaceGenerationChanged=true
08-15 14:07:13.224 2708 2708 D ViewRootImpl@cb5796f[CategoryListActivity]: Relayout returned: oldFrame=[0,0][768,1024] newFrame=[0,0][768,1024] result=0x5 surface={isValid=false 0} surfaceGenerationChanged=false
08-15 14:07:14.635 2708 2708 D ViewRootImpl@42f7d31[CartActivity]: ViewPostImeInputStage processPointer 0
08-15 14:07:14.681 2708 2708 D ViewRootImpl@42f7d31[CartActivity]: ViewPostImeInputStage processPointer 1
08-15 14:07:14.691 2708 2708 V InputMethodManager: Starting input: tba=android.view.inputmethod.EditorInfo@9ac8557 nm : cz.gienger.mobile ic=com.android.internal.widget.EditableInputConnection@75f7844
08-15 14:07:14.691 2708 2708 I InputMethodManager: startInputInner - mService.startInputOrWindowGainedFocus
08-15 14:07:14.692 2708 2708 D InputTransport: Input channel constructed: fd=63
08-15 14:07:14.692 2708 2708 D InputTransport: Input channel destroyed: fd=76
08-15 14:07:14.693 2708 2708 D InputMethodManager: SSI - flag : 0 Pid : 2708 view : cz.gienger.mobile
08-15 14:07:15.047 2708 2708 D ViewRootImpl@42f7d31[CartActivity]: MSG_RESIZED: frame=Rect(0, 0 - 768, 1024) ci=Rect(0, 24 - 0, 359) vi=Rect(0, 24 - 0, 359) or=1
08-15 14:07:15.081 2708 2708 D ViewRootImpl@42f7d31[CartActivity]: Relayout returned: oldFrame=[0,0][768,1024] newFrame=[0,0][768,1024] result=0x1 surface={isValid=true -1852884992} surfaceGenerationChanged=false
08-15 14:07:15.095 2708 2708 D AbsListView: in onLayout changed
08-15 14:07:16.453 2708 2708 D ViewRootImpl@42f7d31[CartActivity]: ViewPostImeInputStage processPointer 0
08-15 14:07:16.512 2708 2708 D ViewRootImpl@42f7d31[CartActivity]: ViewPostImeInputStage processPointer 1
08-15 14:07:16.533 2708 2708 V InputMethodManager: Starting input: tba=android.view.inputmethod.EditorInfo@5536499 nm : cz.gienger.mobile ic=com.android.internal.widget.EditableInputConnection@47ea35e
08-15 14:07:16.533 2708 2708 I InputMethodManager: startInputInner - mService.startInputOrWindowGainedFocus
08-15 14:07:16.535 2708 2708 D InputTransport: Input channel constructed: fd=66
08-15 14:07:16.535 2708 2708 D InputTransport: Input channel destroyed: fd=63
08-15 14:07:16.535 2708 2708 D InputMethodManager: SSI - flag : 0 Pid : 2708 view : cz.gienger.mobile
08-15 14:07:16.543 2708 2708 W IInputConnectionWrapper: finishComposingText on inactive InputConnection
08-15 14:07:17.769 2708 2708 D ViewRootImpl@42f7d31[CartActivity]: ViewPostImeInputStage processPointer 0
08-15 14:07:17.819 2708 2708 D ViewRootImpl@42f7d31[CartActivity]: ViewPostImeInputStage processPointer 1
08-15 14:07:17.846 2708 2708 V InputMethodManager: Starting input: tba=android.view.inputmethod.EditorInfo@940dd1 nm : cz.gienger.mobile ic=com.android.internal.widget.EditableInputConnection@be5c036
08-15 14:07:17.846 2708 2708 I InputMethodManager: startInputInner - mService.startInputOrWindowGainedFocus
08-15 14:07:17.849 2708 2708 D InputTransport: Input channel constructed: fd=63
08-15 14:07:17.849 2708 2708 D InputTransport: Input channel destroyed: fd=66
08-15 14:07:17.849 2708 2708 D InputMethodManager: SSI - flag : 0 Pid : 2708 view : cz.gienger.mobile
08-15 14:07:17.855 2708 2708 W IInputConnectionWrapper: finishComposingText on inactive InputConnection
08-15 14:07:18.845 2708 2708 D ViewRootImpl@42f7d31[CartActivity]: ViewPostImeInputStage processPointer 0
08-15 14:07:18.908 2708 2708 D ViewRootImpl@42f7d31[CartActivity]: ViewPostImeInputStage processPointer 1
08-15 14:07:18.931 2708 2708 V InputMethodManager: Starting input: tba=android.view.inputmethod.EditorInfo@4a9a609 nm : cz.gienger.mobile ic=com.android.internal.widget.EditableInputConnection@c8a00e
08-15 14:07:18.932 2708 2708 I InputMethodManager: startInputInner - mService.startInputOrWindowGainedFocus
08-15 14:07:18.933 2708 2708 D InputTransport: Input channel constructed: fd=66
08-15 14:07:18.934 2708 2708 D InputTransport: Input channel destroyed: fd=63
08-15 14:07:18.934 2708 2708 D InputMethodManager: SSI - flag : 0 Pid : 2708 view : cz.gienger.mobile
08-15 14:07:18.940 2708 2708 W IInputConnectionWrapper: finishComposingText on inactive InputConnection
08-15 14:07:19.996 2708 2708 D ViewRootImpl@42f7d31[CartActivity]: ViewPostImeInputStage processPointer 0
08-15 14:07:20.053 2708 2708 D ViewRootImpl@42f7d31[CartActivity]: ViewPostImeInputStage processPointer 1
08-15 14:07:20.106 2708 2708 D ScrollView: initGoToTop
08-15 14:07:20.110 2708 2708 D ScrollView: initGoToTop
08-15 14:07:20.119 2708 2708 D ViewRootImpl@c9f5ea5[CartActivity]: ThreadedRenderer.create() translucent=true
08-15 14:07:20.125 2708 2708 D InputTransport: Input channel constructed: fd=63
08-15 14:07:20.125 2708 2708 D ViewRootImpl@c9f5ea5[CartActivity]: setView = DecorView@74fc27a[CartActivity] touchMode=true
08-15 14:07:20.132 2708 2708 D ViewRootImpl@c9f5ea5[CartActivity]: dispatchAttachedToWindow
08-15 14:07:20.175 2708 2708 D ViewRootImpl@c9f5ea5[CartActivity]: Relayout returned: oldFrame=[0,0][0,0] newFrame=[194,258][574,790] result=0x27 surface={isValid=true -1847695360} surfaceGenerationChanged=true
08-15 14:07:20.175 2708 2708 D ViewRootImpl@c9f5ea5[CartActivity]: mHardwareRenderer.initialize() mSurface={isValid=true -1847695360} hwInitialized=true
08-15 14:07:20.183 2708 2708 D ScrollView: onsize change changed
08-15 14:07:20.184 2708 2708 D ViewRootImpl@c9f5ea5[CartActivity]: MSG_WINDOW_FOCUS_CHANGED 1
08-15 14:07:20.184 2708 2708 D ViewRootImpl@c9f5ea5[CartActivity]: mHardwareRenderer.initializeIfNeeded()#2 mSurface={isValid=true -1847695360}
08-15 14:07:20.212 2708 2708 D ViewRootImpl@c9f5ea5[CartActivity]: MSG_RESIZED_REPORT: frame=Rect(194, 258 - 574, 790) ci=Rect(0, 0 - 0, 0) vi=Rect(0, 0 - 0, 0) or=1
08-15 14:07:20.240 2708 2708 D ViewRootImpl@42f7d31[CartActivity]: MSG_WINDOW_FOCUS_CHANGED 0
08-15 14:07:21.084 2708 2708 D ViewRootImpl@c9f5ea5[CartActivity]: ViewPostImeInputStage processPointer 0
08-15 14:07:21.142 2708 2708 D ViewRootImpl@c9f5ea5[CartActivity]: ViewPostImeInputStage processPointer 1
08-15 14:07:21.718 2708 2708 D ViewRootImpl@c9f5ea5[CartActivity]: ViewPostImeInputStage processPointer 0
08-15 14:07:21.789 2708 2708 D ViewRootImpl@c9f5ea5[CartActivity]: ViewPostImeInputStage processPointer 1
08-15 14:07:21.848 2708 2708 D ViewRootImpl@c9f5ea5[CartActivity]: mHardwareRenderer.destroy()#4
08-15 14:07:21.848 2708 2708 D ViewRootImpl@c9f5ea5[CartActivity]: dispatchDetachedFromWindow
08-15 14:07:21.858 2708 2708 D InputTransport: Input channel destroyed: fd=63
08-15 14:07:21.862 2708 2708 D ViewRootImpl@42f7d31[CartActivity]: MSG_WINDOW_FOCUS_CHANGED 1
08-15 14:07:21.863 2708 2708 D ViewRootImpl@42f7d31[CartActivity]: mHardwareRenderer.initializeIfNeeded()#2 mSurface={isValid=true -1852884992}
08-15 14:07:21.877 2708 2708 E ViewRootImpl: sendUserActionEvent() returned.
08-15 14:07:22.810 2708 2708 D ViewRootImpl@42f7d31[CartActivity]: ViewPostImeInputStage processPointer 0
08-15 14:07:22.870 2708 2708 D AbsListView: reportScrollStateChange() newState : 1
08-15 14:07:23.153 2708 2708 D ViewRootImpl@42f7d31[CartActivity]: ViewPostImeInputStage processPointer 1
08-15 14:07:23.153 2708 2708 D AbsListView: onTouchUp() mTouchMode : 3
08-15 14:07:23.153 2708 2708 D AbsListView: onTouchUp() TOUCH_MODE_SCROLL initialVelocity : -161
08-15 14:07:23.153 2708 2708 D AbsListView: reportScrollStateChange() newState : 0
08-15 14:07:23.524 2708 2708 D ViewRootImpl@42f7d31[CartActivity]: ViewPostImeInputStage processPointer 0
08-15 14:07:23.592 2708 2708 D ViewRootImpl@42f7d31[CartActivity]: ViewPostImeInputStage processPointer 1
08-15 14:07:24.705 2708 2708 D ViewRootImpl@42f7d31[CartActivity]: ViewPostImeInputStage processPointer 0
08-15 14:07:24.773 2708 2708 D ViewRootImpl@42f7d31[CartActivity]: ViewPostImeInputStage processPointer 1
08-15 14:07:24.805 2708 2708 D ScrollView: initGoToTop
08-15 14:07:24.810 2708 2708 D ScrollView: initGoToTop
08-15 14:07:24.819 2708 2708 D ViewRootImpl@d48358e[CartActivity]: ThreadedRenderer.create() translucent=true
08-15 14:07:24.824 2708 2708 D InputTransport: Input channel constructed: fd=63
08-15 14:07:24.824 2708 2708 D ViewRootImpl@d48358e[CartActivity]: setView = DecorView@1e441af[CartActivity] touchMode=true
08-15 14:07:24.826 2708 2708 D ViewRootImpl@d48358e[CartActivity]: dispatchAttachedToWindow
08-15 14:07:24.884 2708 2708 D ViewRootImpl@d48358e[CartActivity]: Relayout returned: oldFrame=[0,0][0,0] newFrame=[94,24][674,1024] result=0x27 surface={isValid=true -1847595008} surfaceGenerationChanged=true
08-15 14:07:24.884 2708 2708 D ViewRootImpl@d48358e[CartActivity]: mHardwareRenderer.initialize() mSurface={isValid=true -1847595008} hwInitialized=true
08-15 14:07:24.956 2708 2708 D AbsListView: in onLayout changed
08-15 14:07:24.956 2708 2708 D ScrollView: onsize change changed
08-15 14:07:24.966 2708 2708 D ViewRootImpl@d48358e[CartActivity]: MSG_WINDOW_FOCUS_CHANGED 1
08-15 14:07:24.966 2708 2708 D ViewRootImpl@d48358e[CartActivity]: mHardwareRenderer.initializeIfNeeded()#2 mSurface={isValid=true -1847595008}
08-15 14:07:24.966 2708 2708 V InputMethodManager: Not IME target window, ignoring
08-15 14:07:25.007 2708 2708 D ViewRootImpl@d48358e[CartActivity]: MSG_RESIZED_REPORT: frame=Rect(94, 24 - 674, 1024) ci=Rect(0, 0 - 0, 0) vi=Rect(0, 0 - 0, 0) or=1
08-15 14:07:25.050 2708 2708 D ViewRootImpl@42f7d31[CartActivity]: MSG_WINDOW_FOCUS_CHANGED 0
08-15 14:07:30.779 2708 2708 D ViewRootImpl@d48358e[CartActivity]: ViewPostImeInputStage processPointer 0
08-15 14:07:30.838 2708 2708 D ViewRootImpl@d48358e[CartActivity]: ViewPostImeInputStage processPointer 1
08-15 14:07:32.038 2708 2708 D ViewRootImpl@d48358e[CartActivity]: ViewPostImeInputStage processPointer 0
08-15 14:07:32.150 2708 2708 D ViewRootImpl@d48358e[CartActivity]: ViewPostImeInputStage processPointer 1
08-15 14:07:32.213 2708 2708 D ViewRootImpl@d48358e[CartActivity]: mHardwareRenderer.destroy()#4
08-15 14:07:32.213 2708 2708 D ViewRootImpl@d48358e[CartActivity]: dispatchDetachedFromWindow
08-15 14:07:32.227 2708 2708 D InputTransport: Input channel destroyed: fd=63
08-15 14:07:32.234 2708 2708 D ViewRootImpl@42f7d31[CartActivity]: MSG_WINDOW_FOCUS_CHANGED 1
08-15 14:07:32.235 2708 2708 D ViewRootImpl@42f7d31[CartActivity]: mHardwareRenderer.initializeIfNeeded()#2 mSurface={isValid=true -1852884992}
08-15 14:07:32.252 2708 2708 E ViewRootImpl: sendUserActionEvent() returned.
08-15 14:07:33.567 2708 2708 D ViewRootImpl@42f7d31[CartActivity]: ViewPostImeInputStage processPointer 0
08-15 14:07:33.623 2708 2708 D AbsListView: reportScrollStateChange() newState : 1
08-15 14:07:33.973 2708 2708 D ViewRootImpl@42f7d31[CartActivity]: ViewPostImeInputStage processPointer 1
08-15 14:07:33.974 2708 2708 D AbsListView: onTouchUp() mTouchMode : 3
08-15 14:07:33.974 2708 2708 D AbsListView: onTouchUp() TOUCH_MODE_SCROLL initialVelocity : -838
08-15 14:07:33.974 2708 2708 D AbsListView: reportScrollStateChange() newState : 0
08-15 14:07:34.498 2708 2708 D ViewRootImpl@42f7d31[CartActivity]: ViewPostImeInputStage processPointer 0
08-15 14:07:34.580 2708 2708 D ViewRootImpl@42f7d31[CartActivity]: ViewPostImeInputStage processPointer 1
08-15 14:07:34.586 2708 2708 D View : requestFocusFromTouch
08-15 14:07:34.610 2708 2708 D ScrollView: initGoToTop
08-15 14:07:34.614 2708 2708 D ScrollView: initGoToTop
08-15 14:07:34.623 2708 2708 D ViewRootImpl@34a8074[CartActivity]: ThreadedRenderer.create() translucent=true
08-15 14:07:34.629 2708 2708 D InputTransport: Input channel constructed: fd=63
08-15 14:07:34.629 2708 2708 D ViewRootImpl@34a8074[CartActivity]: setView = DecorView@794399d[CartActivity] touchMode=false
08-15 14:07:34.631 2708 2708 V InputMethodManager: Starting input: tba=android.view.inputmethod.EditorInfo@188e12 nm : cz.gienger.mobile ic=null
08-15 14:07:34.631 2708 2708 I InputMethodManager: startInputInner - mService.startInputOrWindowGainedFocus
08-15 14:07:34.632 2708 2708 D InputTransport: Input channel constructed: fd=69
08-15 14:07:34.632 2708 2708 D InputTransport: Input channel destroyed: fd=66
08-15 14:07:34.636 2708 2708 D ViewRootImpl@34a8074[CartActivity]: dispatchAttachedToWindow
08-15 14:07:34.671 2708 2708 D ViewRootImpl@34a8074[CartActivity]: Relayout returned: oldFrame=[0,0][0,0] newFrame=[108,450][660,597] result=0x26 surface={isValid=true -1846255616} surfaceGenerationChanged=true
08-15 14:07:34.672 2708 2708 D ViewRootImpl@34a8074[CartActivity]: mHardwareRenderer.initialize() mSurface={isValid=true -1846255616} hwInitialized=true
08-15 14:07:34.676 2708 2708 D ScrollView: onsize change changed
08-15 14:07:34.676 2708 2708 D ScrollView: onsize change changed
08-15 14:07:34.677 2708 2708 D ViewRootImpl@34a8074[CartActivity]: MSG_WINDOW_FOCUS_CHANGED 1
08-15 14:07:34.678 2708 2708 D ViewRootImpl@34a8074[CartActivity]: mHardwareRenderer.initializeIfNeeded()#2 mSurface={isValid=true -1846255616}
08-15 14:07:34.678 2708 2708 V InputMethodManager: Not IME target window, ignoring
08-15 14:07:34.678 2708 2708 W IInputConnectionWrapper: finishComposingText on inactive InputConnection
08-15 14:07:34.692 2708 2708 D ViewRootImpl@34a8074[CartActivity]: MSG_RESIZED_REPORT: frame=Rect(108, 450 - 660, 597) ci=Rect(0, 0 - 0, 0) vi=Rect(0, 0 - 0, 0) or=1
08-15 14:07:34.734 2708 2708 D ViewRootImpl@42f7d31[CartActivity]: MSG_WINDOW_FOCUS_CHANGED 0
08-15 14:07:35.551 2708 2708 D ViewRootImpl@34a8074[CartActivity]: ViewPostImeInputStage processPointer 0
08-15 14:07:35.595 2708 2708 D ViewRootImpl@34a8074[CartActivity]: ViewPostImeInputStage processPointer 1
08-15 14:07:35.626 2708 2708 D ScrollView: initGoToTop
08-15 14:07:35.630 2708 2708 D ScrollView: initGoToTop
08-15 14:07:35.641 2708 2708 D ViewRootImpl@c35fe27[CartActivity]: ThreadedRenderer.create() translucent=true
08-15 14:07:35.646 2708 2708 D InputTransport: Input channel constructed: fd=87
08-15 14:07:35.646 2708 2708 D ViewRootImpl@c35fe27[CartActivity]: setView = DecorView@f9748d4[CartActivity] touchMode=true
08-15 14:07:35.661 2708 2774 D OpenGLRenderer: endAllActiveAnimators on 0x942eee80 (RippleDrawable) with handle 0x91eda630
08-15 14:07:35.661 2708 2708 D ViewRootImpl@34a8074[CartActivity]: mHardwareRenderer.destroy()#4
08-15 14:07:35.662 2708 2708 D ViewRootImpl@34a8074[CartActivity]: dispatchDetachedFromWindow
08-15 14:07:35.676 2708 2708 D InputTransport: Input channel destroyed: fd=63
08-15 14:07:35.678 2708 2708 D ViewRootImpl@c35fe27[CartActivity]: dispatchAttachedToWindow
08-15 14:07:35.711 2708 2708 D ViewRootImpl@c35fe27[CartActivity]: Relayout returned: oldFrame=[0,0][0,0] newFrame=[108,466][660,582] result=0x27 surface={isValid=true -1847543808} surfaceGenerationChanged=true
08-15 14:07:35.712 2708 2708 D ViewRootImpl@c35fe27[CartActivity]: mHardwareRenderer.initialize() mSurface={isValid=true -1847543808} hwInitialized=true
08-15 14:07:35.721 2708 2708 D ViewRootImpl@c35fe27[CartActivity]: MSG_WINDOW_FOCUS_CHANGED 1
08-15 14:07:35.721 2708 2708 D ViewRootImpl@c35fe27[CartActivity]: mHardwareRenderer.initializeIfNeeded()#2 mSurface={isValid=true -1847543808}
08-15 14:07:35.731 2708 2708 D ViewRootImpl@c35fe27[CartActivity]: MSG_RESIZED_REPORT: frame=Rect(108, 466 - 660, 582) ci=Rect(0, 0 - 0, 0) vi=Rect(0, 0 - 0, 0) or=1
08-15 14:07:35.746 2708 2708 D ViewRootImpl@c35fe27[CartActivity]: ViewPostImeInputStage processPointer 0
08-15 14:07:35.766 2708 2708 E ViewRootImpl: sendUserActionEvent() returned.
08-15 14:07:35.798 2708 2708 D ViewRootImpl@c35fe27[CartActivity]: ViewPostImeInputStage processPointer 1
08-15 14:07:35.823 2708 2718 I art : Background partial concurrent mark sweep GC freed 181499(9MB) AllocSpace objects, 20(4MB) LOS objects, 45% free, 14MB/26MB, paused 8.774ms total 165.537ms
08-15 14:07:36.714 2708 2718 I art : Background sticky concurrent mark sweep GC freed 426006(12MB) AllocSpace objects, 3(92KB) LOS objects, 43% free, 14MB/26MB, paused 1.539ms total 117.758ms
08-15 14:07:37.496 2708 2718 I art : Background partial concurrent mark sweep GC freed 363778(11MB) AllocSpace objects, 10(296KB) LOS objects, 41% free, 16MB/28MB, paused 1.687ms total 164.557ms
08-15 14:07:38.518 2708 2718 I art : Background partial concurrent mark sweep GC freed 309576(8MB) AllocSpace objects, 8(916KB) LOS objects, 39% free, 20MB/34MB, paused 1.192ms total 154.111ms
08-15 14:07:38.992 2708 2708 D ViewRootImpl@c35fe27[CartActivity]: mHardwareRenderer.destroy()#4
08-15 14:07:38.992 2708 2708 D ViewRootImpl@c35fe27[CartActivity]: dispatchDetachedFromWindow
08-15 14:07:39.008 2708 2708 D InputTransport: Input channel destroyed: fd=87
08-15 14:07:39.045 2708 2708 D ViewRootImpl@42f7d31[CartActivity]: MSG_WINDOW_FOCUS_CHANGED 1
08-15 14:07:39.045 2708 2708 V InputMethodManager: Not IME target window, ignoring
08-15 14:07:39.046 2708 2708 D ViewRootImpl@42f7d31[CartActivity]: mHardwareRenderer.initializeIfNeeded()#2 mSurface={isValid=true -1852884992}
08-15 14:07:39.055 2708 2708 V InputMethodManager: Starting input: tba=android.view.inputmethod.EditorInfo@fbac5cd nm : cz.gienger.mobile ic=null
08-15 14:07:39.055 2708 2708 I InputMethodManager: startInputInner - mService.startInputOrWindowGainedFocus
08-15 14:07:39.061 2708 2708 D InputTransport: Input channel constructed: fd=63
08-15 14:07:39.061 2708 2708 D InputTransport: Input channel destroyed: fd=69
08-15 14:07:39.061 2708 2708 E ViewRootImpl: sendUserActionEvent() returned.
08-15 14:07:39.061 2708 2708 D ViewRootImpl@42f7d31[CartActivity]: MSG_WINDOW_FOCUS_CHANGED 0
08-15 14:07:40.165 2708 2708 D ViewRootImpl@42f7d31[CartActivity]: mHardwareRenderer.destroy()#1
08-15 14:07:40.174 2708 2708 D ViewRootImpl@42f7d31[CartActivity]: Relayout returned: oldFrame=[0,0][768,1024] newFrame=[0,0][768,1024] result=0x5 surface={isValid=false 0} surfaceGenerationChanged=true
08-15 14:07:40.175 2708 2708 D InputTransport: Input channel destroyed: fd=63
08-15 14:07:40.583 2708 2708 D ViewRootImpl@42f7d31[CartActivity]: Relayout returned: oldFrame=[0,0][768,1024] newFrame=[0,0][768,1024] result=0x5 surface={isValid=false 0} surfaceGenerationChanged=false
08-15 14:07:48.488 2708 2708 D Graph : removeVertex() : insertDummyVertex, because there is no ancestor.
08-15 14:07:48.522 2708 2708 D ViewRootImpl@7b1c5e2[PdfArchiveActivity]: ThreadedRenderer.create() translucent=true
08-15 14:07:48.525 2708 2708 D InputTransport: Input channel constructed: fd=61
08-15 14:07:48.525 2708 2708 D ViewRootImpl@7b1c5e2[PdfArchiveActivity]: setView = DecorView@fc84d73[PdfArchiveActivity] touchMode=true
08-15 14:07:48.527 2708 2708 D ViewRootImpl@7b1c5e2[PdfArchiveActivity]: dispatchAttachedToWindow
08-15 14:07:48.552 2708 2708 D ViewRootImpl@7b1c5e2[PdfArchiveActivity]: Relayout returned: oldFrame=[0,0][0,0] newFrame=[241,456][527,568] result=0x27 surface={isValid=true -1518481408} surfaceGenerationChanged=true
08-15 14:07:48.552 2708 2708 D ViewRootImpl@7b1c5e2[PdfArchiveActivity]: mHardwareRenderer.initialize() mSurface={isValid=true -1518481408} hwInitialized=true
08-15 14:07:48.555 2708 2708 D ViewRootImpl@7b1c5e2[PdfArchiveActivity]: MSG_RESIZED_REPORT: frame=Rect(241, 456 - 527, 568) ci=Rect(0, 0 - 0, 0) vi=Rect(0, 0 - 0, 0) or=1
08-15 14:07:48.555 2708 2708 D ViewRootImpl@7b1c5e2[PdfArchiveActivity]: MSG_WINDOW_FOCUS_CHANGED 1
08-15 14:07:48.555 2708 2708 D ViewRootImpl@7b1c5e2[PdfArchiveActivity]: mHardwareRenderer.initializeIfNeeded()#2 mSurface={isValid=true -1518481408}
08-15 14:07:48.555 2708 2708 V InputMethodManager: Starting input: tba=android.view.inputmethod.EditorInfo@9d43430 nm : cz.gienger.mobile ic=null
08-15 14:07:48.556 2708 2708 I InputMethodManager: startInputInner - mService.startInputOrWindowGainedFocus
08-15 14:07:48.557 2708 2708 D InputTransport: Input channel constructed: fd=63
08-15 14:07:49.610 2708 2708 D ViewRootImpl@7b1c5e2[PdfArchiveActivity]: mHardwareRenderer.destroy()#1
08-15 14:07:49.621 2708 2708 D ViewRootImpl@7b1c5e2[PdfArchiveActivity]: Relayout returned: oldFrame=[241,456][527,568] newFrame=[241,456][527,568] result=0x5 surface={isValid=false 0} surfaceGenerationChanged=true
08-15 14:07:49.621 2708 2708 D ViewRootImpl@7b1c5e2[PdfArchiveActivity]: MSG_WINDOW_FOCUS_CHANGED 0
08-15 14:07:49.631 2708 2708 D InputTransport: Input channel destroyed: fd=63
08-15 14:07:49.656 2708 2708 D ViewRootImpl@42f7d31[CartActivity]: mHardwareRenderer.destroy()#1
08-15 14:07:49.664 2708 2708 D ViewRootImpl@42f7d31[CartActivity]: Relayout returned: oldFrame=[0,0][768,1024] newFrame=[0,0][768,1024] result=0x1 surface={isValid=false 0} surfaceGenerationChanged=false
08-15 14:07:49.806 2708 2708 D ViewRootImpl@42f7d31[CartActivity]: Relayout returned: oldFrame=[0,0][768,1024] newFrame=[0,0][768,1024] result=0x7 surface={isValid=true -1518481408} surfaceGenerationChanged=true
08-15 14:07:49.806 2708 2708 D ViewRootImpl@42f7d31[CartActivity]: mHardwareRenderer.initialize() mSurface={isValid=true -1518481408} hwInitialized=true
08-15 14:07:49.822 2708 2708 D AbsListView: in onLayout changed
08-15 14:07:49.847 2708 11023 D MYINTERCEPTOR: /GiengerService.svc/uploadfinishedorder
08-15 14:07:49.853 2708 11023 D OkHttp : --> POST https://testsaig1.gienger.cz/GiengerService.svc/uploadfinishedorder http/1.1
08-15 14:07:49.853 2708 11023 D OkHttp : Content-Type: text/raw
08-15 14:07:49.853 2708 11023 D OkHttp : Content-Length: 102317
08-15 14:07:49.853 2708 11023 D OkHttp : filename: dd48bbea-9620-47f9-87d5-9c4a19a9ea0a.xml
08-15 14:07:49.853 2708 11023 D OkHttp : Checksum: 3e408b3aa61056ec4c27b25924cd798b
08-15 14:07:49.853 2708 11023 D OkHttp : token: 8a1e8ea68c9b4da469fa9bcbb6e6a055
08-15 14:07:49.853 2708 11023 D OkHttp : state: CZ
08-15 14:07:49.853 2708 11023 D OkHttp : --> END POST
08-15 14:07:49.859 2708 2708 D ViewRootImpl@cb5796f[CategoryListActivity]: mHardwareRenderer.destroy()#4
08-15 14:07:49.859 2708 2708 D ViewRootImpl@cb5796f[CategoryListActivity]: dispatchDetachedFromWindow
08-15 14:07:49.870 2708 2708 D InputTransport: Input channel destroyed: fd=64
08-15 14:07:49.912 2708 2708 D LOCATION_SERVICE: onDestroy
08-15 14:07:50.140 2708 2708 D ViewRootImpl@b0e0ecb[MainActivity]: Relayout returned: oldFrame=[0,0][768,1024] newFrame=[0,0][768,1024] result=0x7 surface={isValid=true -1853788160} surfaceGenerationChanged=true
08-15 14:07:50.140 2708 2708 D ViewRootImpl@b0e0ecb[MainActivity]: mHardwareRenderer.initialize() mSurface={isValid=true -1853788160} hwInitialized=true
08-15 14:07:50.189 2708 2708 D AbsListView: in onLayout changed
08-15 14:07:50.209 2708 2708 D ViewRootImpl@b0e0ecb[MainActivity]: MSG_WINDOW_FOCUS_CHANGED 1
08-15 14:07:50.210 2708 2708 D ViewRootImpl@b0e0ecb[MainActivity]: mHardwareRenderer.initializeIfNeeded()#2 mSurface={isValid=true -1853788160}
08-15 14:07:50.211 2708 2708 V InputMethodManager: Starting input: tba=android.view.inputmethod.EditorInfo@878a95a nm : cz.gienger.mobile ic=null
08-15 14:07:50.211 2708 2708 I InputMethodManager: startInputInner - mService.startInputOrWindowGainedFocus
08-15 14:07:50.234 2708 2708 D InputTransport: Input channel constructed: fd=76
08-15 14:07:50.297 2708 2708 D ViewRootImpl@42f7d31[CartActivity]: mHardwareRenderer.destroy()#1
08-15 14:07:50.306 2708 2708 D ViewRootImpl@42f7d31[CartActivity]: Relayout returned: oldFrame=[0,0][768,1024] newFrame=[0,0][768,1024] result=0x5 surface={isValid=false 0} surfaceGenerationChanged=true
08-15 14:07:50.314 2708 2708 D ViewRootImpl@7b1c5e2[PdfArchiveActivity]: mHardwareRenderer.destroy()#4
08-15 14:07:50.314 2708 2708 D ViewRootImpl@7b1c5e2[PdfArchiveActivity]: dispatchDetachedFromWindow
08-15 14:07:50.324 2708 2708 D InputTransport: Input channel destroyed: fd=61
08-15 14:07:50.645 2708 2708 D TextView: SYANI: Clipboard API is calling: clearFilter()
08-15 14:07:50.645 2708 2708 D TextView: SYANI: Clipboard API is calling: unregisterClipboardEventListener()
08-15 14:07:50.646 2708 2708 D TextView: SYANI: Clipboard API is calling: clearFilter()
08-15 14:07:50.646 2708 2708 D TextView: SYANI: Clipboard API is calling: unregisterClipboardEventListener()
08-15 14:07:50.647 2708 2708 D TextView: SYANI: Clipboard API is calling: clearFilter()
08-15 14:07:50.648 2708 2708 D TextView: SYANI: Clipboard API is calling: unregisterClipboardEventListener()
08-15 14:07:50.650 2708 2708 D TextView: SYANI: Clipboard API is calling: clearFilter()
08-15 14:07:50.650 2708 2708 D TextView: SYANI: Clipboard API is calling: unregisterClipboardEventListener()
08-15 14:07:50.651 2708 2708 D TextView: SYANI: Clipboard API is calling: clearFilter()
08-15 14:07:50.651 2708 2708 D TextView: SYANI: Clipboard API is calling: unregisterClipboardEventListener()
08-15 14:07:50.659 2708 2708 D TextView: SYANI: Clipboard API is calling: clearFilter()
08-15 14:07:50.659 2708 2708 D TextView: SYANI: Clipboard API is calling: unregisterClipboardEventListener()
08-15 14:07:50.661 2708 2708 D TextView: SYANI: Clipboard API is calling: clearFilter()
08-15 14:07:50.661 2708 2708 D TextView: SYANI: Clipboard API is calling: unregisterClipboardEventListener()
08-15 14:07:50.663 2708 2708 D TextView: SYANI: Clipboard API is calling: clearFilter()
08-15 14:07:50.663 2708 2708 D TextView: SYANI: Clipboard API is calling: unregisterClipboardEventListener()
08-15 14:07:50.667 2708 2708 D TextView: SYANI: Clipboard API is calling: clearFilter()
08-15 14:07:50.668 2708 2708 D TextView: SYANI: Clipboard API is calling: unregisterClipboardEventListener()
08-15 14:07:50.675 2708 2708 D ViewRootImpl@42f7d31[CartActivity]: mHardwareRenderer.destroy()#4
08-15 14:07:50.675 2708 2708 D ViewRootImpl@42f7d31[CartActivity]: dispatchDetachedFromWindow
08-15 14:07:50.692 2708 2708 D InputTransport: Input channel destroyed: fd=67
08-15 14:07:50.860 2708 11023 D OkHttp : <-- 200 https://testsaig1.gienger.cz/GiengerService.svc/uploadfinishedorder (1006ms)
08-15 14:07:50.860 2708 11023 D OkHttp : content-type: application/xml; charset=utf-8
08-15 14:07:50.860 2708 11023 D OkHttp : server: Microsoft-IIS/10.0
08-15 14:07:50.860 2708 11023 D OkHttp : x-powered-by: ASP.NET
08-15 14:07:50.860 2708 11023 D OkHttp : date: Wed, 15 Aug 2018 12:07:49 GMT
08-15 14:07:50.860 2708 11023 D OkHttp : content-length: 175
08-15 14:07:50.860 2708 11023 D OkHttp : <-- END HTTP
08-15 14:07:51.295 2708 2708 D ViewRootImpl: updatePointerIcon pointerType = 20001, calling pid = 2708
08-15 14:07:51.296 2708 2708 D InputManager: setPointerIconType iconId = 20001, callingPid = 2708
08-15 14:07:51.298 2708 2708 D ViewRootImpl: updatePointerIcon pointerType = 20001, calling pid = 2708
08-15 14:07:51.299 2708 2708 D InputManager: setPointerIconType iconId = 20001, callingPid = 2708
08-15 14:07:51.332 2708 2708 D ViewRootImpl@b0e0ecb[MainActivity]: ViewPostImeInputStage processPointer 0
08-15 14:07:51.333 2708 2708 D ViewRootImpl: updatePointerIcon pointerType = 20001, calling pid = 2708
08-15 14:07:51.333 2708 2708 D InputManager: setPointerIconType iconId = 20001, callingPid = 2708
08-15 14:07:51.350 2708 2708 D AbsListView: reportScrollStateChange() newState : 1
08-15 14:07:51.496 2708 2708 D ViewRootImpl@b0e0ecb[MainActivity]: ViewPostImeInputStage processPointer 1
08-15 14:07:51.496 2708 2708 D AbsListView: onTouchUp() mTouchMode : 3
08-15 14:07:51.496 2708 2708 D AbsListView: onTouchUp() TOUCH_MODE_SCROLL initialVelocity : -4774
08-15 14:07:51.496 2708 2708 D AbsListView: reportScrollStateChange() newState : 2
08-15 14:07:51.498 2708 2708 D ViewRootImpl: updatePointerIcon pointerType = 20001, calling pid = 2708
08-15 14:07:51.499 2708 2708 D InputManager: setPointerIconType iconId = 20001, callingPid = 2708
08-15 14:07:51.500 2708 2708 D ViewRootImpl: updatePointerIcon pointerType = 20001, calling pid = 2708
08-15 14:07:51.500 2708 2708 D InputManager: setPointerIconType iconId = 20001, callingPid = 2708
08-15 14:07:52.171 2708 2708 D ViewRootImpl: updatePointerIcon pointerType = 20001, calling pid = 2708
08-15 14:07:52.171 2708 2708 D InputManager: setPointerIconType iconId = 20001, callingPid = 2708
08-15 14:07:52.215 2708 2708 D ViewRootImpl@b0e0ecb[MainActivity]: ViewPostImeInputStage processPointer 0
08-15 14:07:52.216 2708 2708 D ViewRootImpl: updatePointerIcon pointerType = 20001, calling pid = 2708
08-15 14:07:52.217 2708 2708 D InputManager: setPointerIconType iconId = 20001, callingPid = 2708
08-15 14:07:52.257 2708 2708 D AbsListView: reportScrollStateChange() newState : 0
08-15 14:07:52.258 2708 2708 D AbsListView: reportScrollStateChange() newState : 1
08-15 14:07:52.275 2708 2708 D ViewRootImpl@b0e0ecb[MainActivity]: ViewPostImeInputStage processPointer 1
08-15 14:07:52.275 2708 2708 D AbsListView: onTouchUp() mTouchMode : 3
08-15 14:07:52.275 2708 2708 D AbsListView: onTouchUp() TOUCH_MODE_SCROLL initialVelocity : 7496
08-15 14:07:52.275 2708 2708 D AbsListView: reportScrollStateChange() newState : 2
08-15 14:07:52.282 2708 2708 D ViewRootImpl: updatePointerIcon pointerType = 20001, calling pid = 2708
08-15 14:07:52.283 2708 2708 D InputManager: setPointerIconType iconId = 20001, callingPid = 2708
08-15 14:07:52.283 2708 2708 D ViewRootImpl: updatePointerIcon pointerType = 20001, calling pid = 2708
08-15 14:07:52.283 2708 2708 D InputManager: setPointerIconType iconId = 20001, callingPid = 2708
08-15 14:07:52.787 2708 2708 D AbsListView: reportScrollStateChange() newState : 0
08-15 14:07:56.890 2708 2708 D ViewRootImpl: updatePointerIcon pointerType = 20001, calling pid = 2708
08-15 14:07:56.890 2708 2708 D InputManager: setPointerIconType iconId = 20001, callingPid = 2708
08-15 14:08:04.936 2708 2708 D ViewRootImpl: updatePointerIcon pointerType = 20001, calling pid = 2708
08-15 14:08:04.937 2708 2708 D InputManager: setPointerIconType iconId = 20001, callingPid = 2708
08-15 14:08:04.973 2708 2708 D ViewRootImpl@b0e0ecb[MainActivity]: ViewPostImeInputStage processPointer 0
08-15 14:08:04.975 2708 2708 D ViewRootImpl: updatePointerIcon pointerType = 20001, calling pid = 2708
08-15 14:08:04.975 2708 2708 D InputManager: setPointerIconType iconId = 20001, callingPid = 2708
08-15 14:08:04.997 2708 2708 D AbsListView: reportScrollStateChange() newState : 1
08-15 14:08:05.290 2708 2708 D ViewRootImpl@b0e0ecb[MainActivity]: ViewPostImeInputStage processPointer 1
08-15 14:08:05.290 2708 2708 D AbsListView: onTouchUp() mTouchMode : 3
08-15 14:08:05.290 2708 2708 D AbsListView: onTouchUp() TOUCH_MODE_SCROLL initialVelocity : -30
08-15 14:08:05.290 2708 2708 D AbsListView: reportScrollStateChange() newState : 0
08-15 14:08:05.294 2708 2708 D ViewRootImpl: updatePointerIcon pointerType = 20001, calling pid = 2708
08-15 14:08:05.295 2708 2708 D InputManager: setPointerIconType iconId = 20001, callingPid = 2708
08-15 14:08:05.296 2708 2708 D ViewRootImpl: updatePointerIcon pointerType = 20001, calling pid = 2708
08-15 14:08:05.297 2708 2708 D InputManager: setPointerIconType iconId = 20001, callingPid = 2708
08-15 14:08:05.545 2708 2708 D ViewRootImpl: updatePointerIcon pointerType = 20001, calling pid = 2708
08-15 14:08:05.545 2708 2708 D InputManager: setPointerIconType iconId = 20001, callingPid = 2708
08-15 14:08:05.670 2708 2708 D ViewRootImpl@b0e0ecb[MainActivity]: ViewPostImeInputStage processPointer 0
08-15 14:08:05.671 2708 2708 D ViewRootImpl: updatePointerIcon pointerType = 20001, calling pid = 2708
08-15 14:08:05.671 2708 2708 D InputManager: setPointerIconType iconId = 20001, callingPid = 2708
08-15 14:08:05.716 2708 2708 D ViewRootImpl@b0e0ecb[MainActivity]: ViewPostImeInputStage processPointer 1
08-15 14:08:05.722 2708 2708 D ViewRootImpl: updatePointerIcon pointerType = 20001, calling pid = 2708
08-15 14:08:05.723 2708 2708 D InputManager: setPointerIconType iconId = 20001, callingPid = 2708
08-15 14:08:05.723 2708 2708 D ViewRootImpl: updatePointerIcon pointerType = 20001, calling pid = 2708
08-15 14:08:05.723 2708 2708 D InputManager: setPointerIconType iconId = 20001, callingPid = 2708
08-15 14:08:05.737 2708 2708 D item_click: viewId = 2131820758, position = 2
08-15 14:08:05.795 2708 2708 D ViewRootImpl@b0e0ecb[MainActivity]: MSG_WINDOW_FOCUS_CHANGED 0
08-15 14:08:05.849 2708 2708 D ScrollView: initGoToTop
08-15 14:08:05.910 2708 2708 D ViewRootImpl@35bc0e2[CancelDeliveryActivity]: ThreadedRenderer.create() translucent=false
08-15 14:08:05.912 2708 2708 D InputTransport: Input channel constructed: fd=70
08-15 14:08:05.912 2708 2708 D ViewRootImpl@35bc0e2[CancelDeliveryActivity]: setView = DecorView@3a22c73[CancelDeliveryActivity] touchMode=true
08-15 14:08:05.919 2708 2708 D ViewRootImpl@35bc0e2[CancelDeliveryActivity]: dispatchAttachedToWindow
08-15 14:08:05.958 2708 2708 D ViewRootImpl@35bc0e2[CancelDeliveryActivity]: Relayout returned: oldFrame=[0,0][0,0] newFrame=[0,0][768,1024] result=0x27 surface={isValid=true -1852854272} surfaceGenerationChanged=true
08-15 14:08:05.959 2708 2708 D ViewRootImpl@35bc0e2[CancelDeliveryActivity]: mHardwareRenderer.initialize() mSurface={isValid=true -1852854272} hwInitialized=true
08-15 14:08:05.963 2708 2708 D ScrollView: onsize change changed
08-15 14:08:05.965 2708 2708 D LOCATION_SERVICE: LocationListener gps
08-15 14:08:05.970 2708 2708 D LOCATION_SERVICE: LocationListener network
08-15 14:08:05.972 2708 2708 D LOCATION_SERVICE: onCreate
08-15 14:08:05.972 2708 2708 D LOCATION_SERVICE: initializeLocationManager
08-15 14:08:05.982 2708 2708 D LOCATION_SERVICE: onStartCommand
08-15 14:08:06.045 2708 2708 D ViewRootImpl@35bc0e2[CancelDeliveryActivity]: MSG_RESIZED_REPORT: frame=Rect(0, 0 - 768, 1024) ci=Rect(0, 24 - 0, 0) vi=Rect(0, 24 - 0, 0) or=1
08-15 14:08:06.046 2708 2708 D ViewRootImpl@35bc0e2[CancelDeliveryActivity]: MSG_WINDOW_FOCUS_CHANGED 1
08-15 14:08:06.046 2708 2708 D ViewRootImpl@35bc0e2[CancelDeliveryActivity]: mHardwareRenderer.initializeIfNeeded()#2 mSurface={isValid=true -1852854272}
08-15 14:08:06.052 2708 2708 V InputMethodManager: Starting input: tba=android.view.inputmethod.EditorInfo@f6d1006 nm : cz.gienger.mobile ic=null
08-15 14:08:06.052 2708 2708 I InputMethodManager: startInputInner - mService.startInputOrWindowGainedFocus
08-15 14:08:06.060 2708 2708 D InputTransport: Input channel constructed: fd=73
08-15 14:08:06.060 2708 2708 D InputTransport: Input channel destroyed: fd=76
08-15 14:08:06.102 2708 2774 D OpenGLRenderer: endAllActiveAnimators on 0x93387600 (RippleDrawable) with handle 0x917d35c0
08-15 14:08:06.103 2708 2708 D ViewRootImpl@b0e0ecb[MainActivity]: mHardwareRenderer.destroy()#1
08-15 14:08:06.110 2708 2708 D ViewRootImpl@b0e0ecb[MainActivity]: Relayout returned: oldFrame=[0,0][768,1024] newFrame=[0,0][768,1024] result=0x5 surface={isValid=false 0} surfaceGenerationChanged=true
08-15 14:08:06.490 2708 2708 D ViewRootImpl@b0e0ecb[MainActivity]: Relayout returned: oldFrame=[0,0][768,1024] newFrame=[0,0][768,1024] result=0x5 surface={isValid=false 0} surfaceGenerationChanged=false
08-15 14:08:07.087 2708 2708 D ViewRootImpl@35bc0e2[CancelDeliveryActivity]: ViewPostImeInputStage processPointer 0
08-15 14:08:07.125 2708 2708 D ViewRootImpl@35bc0e2[CancelDeliveryActivity]: ViewPostImeInputStage processPointer 1
08-15 14:08:07.735 2708 2708 D ViewRootImpl@35bc0e2[CancelDeliveryActivity]: ViewPostImeInputStage processPointer 0
08-15 14:08:07.786 2708 2708 D ViewRootImpl@35bc0e2[CancelDeliveryActivity]: ViewPostImeInputStage processPointer 1
08-15 14:08:07.803 2708 2708 D UNDELIVERED: Reason ID = 2, Comment =
08-15 14:08:07.915 2708 2708 D ViewRootImpl@35bc0e2[CancelDeliveryActivity]: MSG_WINDOW_FOCUS_CHANGED 0
08-15 14:08:07.917 2708 11031 D MESSAGE_SERVICE: ACTION_COMPRESS_AND_UPLOAD
08-15 14:08:07.966 2708 2708 D ViewRootImpl@b0e0ecb[MainActivity]: mHardwareRenderer.destroy()#4
08-15 14:08:07.966 2708 2708 D ViewRootImpl@b0e0ecb[MainActivity]: dispatchDetachedFromWindow
08-15 14:08:07.976 2708 2708 D InputTransport: Input channel destroyed: fd=78
08-15 14:08:08.200 2708 2708 D ViewRootImpl@cae44b2[MainActivity]: ThreadedRenderer.create() translucent=false
08-15 14:08:08.203 2708 2708 D InputTransport: Input channel constructed: fd=76
08-15 14:08:08.203 2708 2708 D ViewRootImpl@cae44b2[MainActivity]: setView = DecorView@2cdac03[MainActivity] touchMode=true
08-15 14:08:08.206 2708 2708 D ViewRootImpl@cae44b2[MainActivity]: dispatchAttachedToWindow
08-15 14:08:08.266 2708 2708 D ViewRootImpl@cae44b2[MainActivity]: Relayout returned: oldFrame=[0,0][0,0] newFrame=[0,0][768,1024] result=0x27 surface={isValid=true -1814564864} surfaceGenerationChanged=true
08-15 14:08:08.267 2708 2708 D ViewRootImpl@cae44b2[MainActivity]: mHardwareRenderer.initialize() mSurface={isValid=true -1814564864} hwInitialized=true
08-15 14:08:08.356 2708 2708 D AbsListView: in onLayout changed
08-15 14:08:08.378 2708 2774 D OpenGLRenderer: endAllActiveAnimators on 0x9448b080 (RippleDrawable) with handle 0x925fefc0
08-15 14:08:08.379 2708 2708 D ViewRootImpl@35bc0e2[CancelDeliveryActivity]: mHardwareRenderer.destroy()#1
08-15 14:08:08.395 2708 2708 D ViewRootImpl@35bc0e2[CancelDeliveryActivity]: Relayout returned: oldFrame=[0,0][768,1024] newFrame=[0,0][768,1024] result=0x5 surface={isValid=false 0} surfaceGenerationChanged=true
08-15 14:08:08.459 2708 2708 D ViewRootImpl@cae44b2[MainActivity]: MSG_RESIZED_REPORT: frame=Rect(0, 0 - 768, 1024) ci=Rect(0, 24 - 0, 0) vi=Rect(0, 24 - 0, 0) or=1
08-15 14:08:08.459 2708 2708 D ViewRootImpl@cae44b2[MainActivity]: MSG_WINDOW_FOCUS_CHANGED 1
08-15 14:08:08.459 2708 2708 D ViewRootImpl@cae44b2[MainActivity]: mHardwareRenderer.initializeIfNeeded()#2 mSurface={isValid=true -1814564864}
08-15 14:08:08.461 2708 2708 V InputMethodManager: Starting input: tba=android.view.inputmethod.EditorInfo@42722ff nm : cz.gienger.mobile ic=null
08-15 14:08:08.461 2708 2708 I InputMethodManager: startInputInner - mService.startInputOrWindowGainedFocus
08-15 14:08:08.468 2708 2708 D InputTransport: Input channel constructed: fd=67
08-15 14:08:08.468 2708 2708 D InputTransport: Input channel destroyed: fd=73
