08-15 14:10:36.640 2708 2708 D ViewRootImpl@d835aaf[MainActivity]: Relayout returned: oldFrame=[0,0][768,1024] newFrame=[0,0][768,1024] result=0x5 surface={isValid=false 0} surfaceGenerationChanged=false
08-15 14:10:36.666 2708 2708 D LOCATION_SERVICE: onLocationChanged: Location[network 49,191167,17,534412 acc=21 et=+1h41m19s472ms alt=0.0 vel=0.0 bear=0.0 {Bundle[mParcelledData.dataSize=80]}]
08-15 14:10:37.141 2708 2708 D ViewRootImpl@cfcd14b[CancelDeliveryActivity]: ViewPostImeInputStage processPointer 0
08-15 14:10:37.170 2708 2708 D ViewRootImpl@cfcd14b[CancelDeliveryActivity]: ViewPostImeInputStage processPointer 1
08-15 14:10:37.864 2708 2708 D ViewRootImpl@cfcd14b[CancelDeliveryActivity]: ViewPostImeInputStage processPointer 0
08-15 14:10:37.915 2708 2708 D ViewRootImpl@cfcd14b[CancelDeliveryActivity]: ViewPostImeInputStage processPointer 1
08-15 14:10:37.941 2708 2708 D UNDELIVERED: Reason ID = 9, Comment =
08-15 14:10:38.023 2708 2708 D ViewRootImpl@cfcd14b[CancelDeliveryActivity]: MSG_WINDOW_FOCUS_CHANGED 0
08-15 14:10:38.027 2708 11139 D MESSAGE_SERVICE: ACTION_COMPRESS_AND_UPLOAD
08-15 14:10:38.041 2708 2708 D ViewRootImpl@d835aaf[MainActivity]: mHardwareRenderer.destroy()#4
08-15 14:10:38.041 2708 2708 D ViewRootImpl@d835aaf[MainActivity]: dispatchDetachedFromWindow
08-15 14:10:38.057 2708 2708 D InputTransport: Input channel destroyed: fd=90
08-15 14:10:38.277 2708 2708 D ViewRootImpl@5805978[MainActivity]: ThreadedRenderer.create() translucent=false
08-15 14:10:38.280 2708 2708 D InputTransport: Input channel constructed: fd=85
08-15 14:10:38.281 2708 2708 D ViewRootImpl@5805978[MainActivity]: setView = DecorView@db8d851[MainActivity] touchMode=true
08-15 14:10:38.283 2708 2708 D ViewRootImpl@5805978[MainActivity]: dispatchAttachedToWindow
08-15 14:10:38.341 2708 2708 D ViewRootImpl@5805978[MainActivity]: Relayout returned: oldFrame=[0,0][0,0] newFrame=[0,0][768,1024] result=0x27 surface={isValid=true -1797910528} surfaceGenerationChanged=true
08-15 14:10:38.341 2708 2708 D ViewRootImpl@5805978[MainActivity]: mHardwareRenderer.initialize() mSurface={isValid=true -1797910528} hwInitialized=true
08-15 14:10:38.440 2708 2708 D AbsListView: in onLayout changed
08-15 14:10:38.473 2708 2774 D OpenGLRenderer: endAllActiveAnimators on 0x91ad8080 (RippleDrawable) with handle 0x929aa9c0
08-15 14:10:38.474 2708 2708 D ViewRootImpl@cfcd14b[CancelDeliveryActivity]: mHardwareRenderer.destroy()#1
08-15 14:10:38.484 2708 2708 D ViewRootImpl@cfcd14b[CancelDeliveryActivity]: Relayout returned: oldFrame=[0,0][768,1024] newFrame=[0,0][768,1024] result=0x5 surface={isValid=false 0} surfaceGenerationChanged=true
08-15 14:10:38.522 2708 2718 I art : Background partial concurrent mark sweep GC freed 254892(11MB) AllocSpace objects, 17(352KB) LOS objects, 57% free, 8MB/20MB, paused 2.003ms total 145.607ms
08-15 14:10:38.571 2708 2708 D ViewRootImpl@5805978[MainActivity]: MSG_RESIZED_REPORT: frame=Rect(0, 0 - 768, 1024) ci=Rect(0, 24 - 0, 0) vi=Rect(0, 24 - 0, 0) or=1
08-15 14:10:38.571 2708 2708 D ViewRootImpl@5805978[MainActivity]: MSG_WINDOW_FOCUS_CHANGED 1
08-15 14:10:38.571 2708 2708 D ViewRootImpl@5805978[MainActivity]: mHardwareRenderer.initializeIfNeeded()#2 mSurface={isValid=true -1797910528}
08-15 14:10:38.573 2708 2708 V InputMethodManager: Starting input: tba=android.view.inputmethod.EditorInfo@569ca75 nm : cz.gienger.mobile ic=null
08-15 14:10:38.573 2708 2708 I InputMethodManager: startInputInner - mService.startInputOrWindowGainedFocus
08-15 14:10:38.577 2708 2708 D InputTransport: Input channel constructed: fd=68
08-15 14:10:38.577 2708 2708 D InputTransport: Input channel destroyed: fd=66
08-15 14:10:38.604 2708 2708 D Graph : removeVertex() : insertDummyVertex, because there is no ancestor.
08-15 14:10:38.604 2708 2708 D Graph : removeVertex() : insertDummyVertex, because there is no ancestor.
08-15 14:10:38.613 2708 2708 D TextView: SYANI: Clipboard API is calling: clearFilter()
08-15 14:10:38.613 2708 2708 D TextView: SYANI: Clipboard API is calling: unregisterClipboardEventListener()
08-15 14:10:38.621 2708 2708 D ViewRootImpl@cfcd14b[CancelDeliveryActivity]: mHardwareRenderer.destroy()#4
08-15 14:10:38.621 2708 2708 D ViewRootImpl@cfcd14b[CancelDeliveryActivity]: dispatchDetachedFromWindow
08-15 14:10:38.627 2708 2708 D InputTransport: Input channel destroyed: fd=63
08-15 14:10:38.627 2708 2708 D LOCATION_SERVICE: onDestroy
08-15 14:10:38.751 2708 11139 D FILE_MANAGER: Serializing delivery /data/user/0/cz.gienger.mobile/files/finished/130AT1180434009/130AT1180434009.xml
08-15 14:10:38.751 2708 11139 D FILE_MANAGER: Null files:
08-15 14:10:38.808 2708 11139 D MYINTERCEPTOR: /GiengerService.svc/sendorder
08-15 14:10:38.809 2708 11139 D OkHttp : --> POST https://testsaig1.gienger.cz/GiengerService.svc/sendorder http/1.1
08-15 14:10:38.809 2708 11139 D OkHttp : Content-Type: text/raw
08-15 14:10:38.809 2708 11139 D OkHttp : Content-Length: 2899
08-15 14:10:38.809 2708 11139 D OkHttp : filename: 130AT1180434009.xml
08-15 14:10:38.809 2708 11139 D OkHttp : Checksum: 5fab44abfffcbd55dbaf1442de98041d
08-15 14:10:38.809 2708 11139 D OkHttp : token: 8a1e8ea68c9b4da469fa9bcbb6e6a055
08-15 14:10:38.809 2708 11139 D OkHttp : --> END POST
08-15 14:10:38.922 2708 11139 D OkHttp : <-- 200 https://testsaig1.gienger.cz/GiengerService.svc/sendorder (112ms)
08-15 14:10:38.922 2708 11139 D OkHttp : content-type: application/xml; charset=utf-8
08-15 14:10:38.922 2708 11139 D OkHttp : server: Microsoft-IIS/10.0
08-15 14:10:38.922 2708 11139 D OkHttp : x-powered-by: ASP.NET
08-15 14:10:38.923 2708 11139 D OkHttp : date: Wed, 15 Aug 2018 12:10:38 GMT
08-15 14:10:38.923 2708 11139 D OkHttp : content-length: 175
08-15 14:10:38.923 2708 11139 D OkHttp : <-- END HTTP
08-15 14:10:38.926 2708 11139 D sendOrder_SUCCESS: 200
08-15 14:10:38.956 2708 11139 D MESSAGE_SERVICE: ACTION_RESEND_ORDERS
08-15 14:10:39.218 2708 2708 D AbsListView: in onLayout changed
08-15 14:10:39.409 2708 2708 D ViewRootImpl@5805978[MainActivity]: ViewPostImeInputStage processPointer 0
08-15 14:10:39.494 2708 2708 D AbsListView: in onLayout changed
08-15 14:10:39.506 2708 2708 D ViewRootImpl@5805978[MainActivity]: ViewPostImeInputStage processPointer 1
08-15 14:10:39.846 2708 2708 D ViewRootImpl@5805978[MainActivity]: ViewPostImeInputStage processPointer 0
08-15 14:10:39.883 2708 2708 D AbsListView: reportScrollStateChange() newState : 1
08-15 14:10:40.021 2708 2708 D ViewRootImpl@5805978[MainActivity]: ViewPostImeInputStage processPointer 1
08-15 14:10:40.021 2708 2708 D AbsListView: onTouchUp() mTouchMode : 3
08-15 14:10:40.021 2708 2708 D AbsListView: onTouchUp() TOUCH_MODE_SCROLL initialVelocity : -2080
08-15 14:10:40.021 2708 2708 D AbsListView: reportScrollStateChange() newState : 2
08-15 14:10:40.593 2708 2708 D ViewRootImpl@5805978[MainActivity]: ViewPostImeInputStage processPointer 0
08-15 14:10:40.725 2708 2708 D ViewRootImpl@5805978[MainActivity]: ViewPostImeInputStage processPointer 1
08-15 14:10:40.726 2708 2708 D AbsListView: onTouchUp() mTouchMode : 3
08-15 14:10:40.726 2708 2708 D AbsListView: onTouchUp() TOUCH_MODE_SCROLL initialVelocity : -4073
08-15 14:10:41.141 2708 2708 D ViewRootImpl@5805978[MainActivity]: ViewPostImeInputStage processPointer 0
08-15 14:10:41.183 2708 2708 D AbsListView: reportScrollStateChange() newState : 0
08-15 14:10:41.185 2708 2708 D AbsListView: reportScrollStateChange() newState : 1
08-15 14:10:41.576 2708 2708 D ViewRootImpl@5805978[MainActivity]: ViewPostImeInputStage processPointer 1
08-15 14:10:41.577 2708 2708 D AbsListView: onTouchUp() mTouchMode : 3
08-15 14:10:41.577 2708 2708 D AbsListView: onTouchUp() TOUCH_MODE_SCROLL initialVelocity : -1863
08-15 14:10:41.577 2708 2708 D AbsListView: reportScrollStateChange() newState : 2
08-15 14:10:42.008 2708 2708 D ViewRootImpl@5805978[MainActivity]: ViewPostImeInputStage processPointer 0
08-15 14:10:42.050 2708 2708 D AbsListView: reportScrollStateChange() newState : 0
08-15 14:10:42.050 2708 2708 D AbsListView: reportScrollStateChange() newState : 1
08-15 14:10:42.305 2708 2708 D ViewRootImpl@5805978[MainActivity]: ViewPostImeInputStage processPointer 1
08-15 14:10:42.305 2708 2708 D AbsListView: onTouchUp() mTouchMode : 3
08-15 14:10:42.305 2708 2708 D AbsListView: onTouchUp() TOUCH_MODE_SCROLL initialVelocity : 2
08-15 14:10:42.305 2708 2708 D AbsListView: reportScrollStateChange() newState : 0
08-15 14:10:42.604 2708 2708 D ViewRootImpl@5805978[MainActivity]: ViewPostImeInputStage processPointer 0
08-15 14:10:42.660 2708 2708 D ViewRootImpl@5805978[MainActivity]: ViewPostImeInputStage processPointer 1
08-15 14:10:42.680 2708 2708 D item_click: viewId = 2131820758, position = 12
08-15 14:10:42.731 2708 2708 D ViewRootImpl@5805978[MainActivity]: MSG_WINDOW_FOCUS_CHANGED 0
08-15 14:10:42.799 2708 2708 D ScrollView: initGoToTop
08-15 14:10:42.870 2708 2708 D ViewRootImpl@c506bf7[CancelDeliveryActivity]: ThreadedRenderer.create() translucent=false
08-15 14:10:42.872 2708 2708 D InputTransport: Input channel constructed: fd=70
08-15 14:10:42.873 2708 2708 D ViewRootImpl@c506bf7[CancelDeliveryActivity]: setView = DecorView@72d6a64[CancelDeliveryActivity] touchMode=true
08-15 14:10:42.897 2708 2708 D ViewRootImpl@c506bf7[CancelDeliveryActivity]: dispatchAttachedToWindow
08-15 14:10:42.933 2708 2708 D ViewRootImpl@c506bf7[CancelDeliveryActivity]: Relayout returned: oldFrame=[0,0][0,0] newFrame=[0,0][768,1024] result=0x27 surface={isValid=true -1801605120} surfaceGenerationChanged=true
08-15 14:10:42.933 2708 2708 D ViewRootImpl@c506bf7[CancelDeliveryActivity]: mHardwareRenderer.initialize() mSurface={isValid=true -1801605120} hwInitialized=true
08-15 14:10:42.937 2708 2708 D ScrollView: onsize change changed
08-15 14:10:42.938 2708 2708 D LOCATION_SERVICE: LocationListener gps
08-15 14:10:42.939 2708 2708 D LOCATION_SERVICE: LocationListener network
08-15 14:10:42.940 2708 2708 D LOCATION_SERVICE: onCreate
08-15 14:10:42.940 2708 2708 D LOCATION_SERVICE: initializeLocationManager
08-15 14:10:42.955 2708 2708 D LOCATION_SERVICE: onStartCommand
08-15 14:10:43.013 2708 2708 D ViewRootImpl@c506bf7[CancelDeliveryActivity]: MSG_RESIZED_REPORT: frame=Rect(0, 0 - 768, 1024) ci=Rect(0, 24 - 0, 0) vi=Rect(0, 24 - 0, 0) or=1
08-15 14:10:43.013 2708 2708 D ViewRootImpl@c506bf7[CancelDeliveryActivity]: MSG_WINDOW_FOCUS_CHANGED 1
08-15 14:10:43.014 2708 2708 D ViewRootImpl@c506bf7[CancelDeliveryActivity]: mHardwareRenderer.initializeIfNeeded()#2 mSurface={isValid=true -1801605120}
08-15 14:10:43.019 2708 2708 V InputMethodManager: Starting input: tba=android.view.inputmethod.EditorInfo@384bf0b nm : cz.gienger.mobile ic=null
08-15 14:10:43.019 2708 2708 I InputMethodManager: startInputInner - mService.startInputOrWindowGainedFocus
08-15 14:10:43.024 2708 2708 D InputTransport: Input channel constructed: fd=79
08-15 14:10:43.024 2708 2708 D InputTransport: Input channel destroyed: fd=68
08-15 14:10:43.081 2708 2774 D OpenGLRenderer: endAllActiveAnimators on 0x933eb400 (RippleDrawable) with handle 0x91d8a960
08-15 14:10:43.081 2708 2708 D ViewRootImpl@5805978[MainActivity]: mHardwareRenderer.destroy()#1
08-15 14:10:43.088 2708 2708 D ViewRootImpl@5805978[MainActivity]: Relayout returned: oldFrame=[0,0][768,1024] newFrame=[0,0][768,1024] result=0x5 surface={isValid=false 0} surfaceGenerationChanged=true
08-15 14:10:43.481 2708 2708 D ViewRootImpl@5805978[MainActivity]: Relayout returned: oldFrame=[0,0][768,1024] newFrame=[0,0][768,1024] result=0x5 surface={isValid=false 0} surfaceGenerationChanged=false
08-15 14:10:43.980 2708 2708 D ViewRootImpl@c506bf7[CancelDeliveryActivity]: ViewPostImeInputStage processPointer 0
08-15 14:10:44.041 2708 2708 D ViewRootImpl@c506bf7[CancelDeliveryActivity]: ViewPostImeInputStage processPointer 1
08-15 14:10:44.811 2708 2708 D ViewRootImpl@c506bf7[CancelDeliveryActivity]: ViewPostImeInputStage processPointer 0
08-15 14:10:44.862 2708 2708 D ViewRootImpl@c506bf7[CancelDeliveryActivity]: ViewPostImeInputStage processPointer 1
08-15 14:10:44.878 2708 2708 D UNDELIVERED: Reason ID = 10, Comment =
08-15 14:10:44.950 2708 2708 D ViewRootImpl@c506bf7[CancelDeliveryActivity]: MSG_WINDOW_FOCUS_CHANGED 0
08-15 14:10:44.950 2708 11145 D MESSAGE_SERVICE: ACTION_COMPRESS_AND_UPLOAD
08-15 14:10:44.964 2708 2708 D ViewRootImpl@5805978[MainActivity]: mHardwareRenderer.destroy()#4
08-15 14:10:44.965 2708 2708 D ViewRootImpl@5805978[MainActivity]: dispatchDetachedFromWindow
08-15 14:10:44.975 2708 2708 D InputTransport: Input channel destroyed: fd=85
08-15 14:10:45.214 2708 2708 D ViewRootImpl@e63ac6[MainActivity]: ThreadedRenderer.create() translucent=false
08-15 14:10:45.217 2708 2708 D InputTransport: Input channel constructed: fd=84
08-15 14:10:45.217 2708 2708 D ViewRootImpl@e63ac6[MainActivity]: setView = DecorView@3138a87[MainActivity] touchMode=true
08-15 14:10:45.220 2708 2708 D ViewRootImpl@e63ac6[MainActivity]: dispatchAttachedToWindow
08-15 14:10:45.275 2708 2708 D ViewRootImpl@e63ac6[MainActivity]: Relayout returned: oldFrame=[0,0][0,0] newFrame=[0,0][768,1024] result=0x27 surface={isValid=true -1854251008} surfaceGenerationChanged=true
08-15 14:10:45.275 2708 2708 D ViewRootImpl@e63ac6[MainActivity]: mHardwareRenderer.initialize() mSurface={isValid=true -1854251008} hwInitialized=true
08-15 14:10:45.357 2708 2708 D AbsListView: in onLayout changed
08-15 14:10:45.451 2708 2774 D OpenGLRenderer: endAllActiveAnimators on 0x9488c280 (RippleDrawable) with handle 0x91faa8b0
08-15 14:10:45.451 2708 2708 D ViewRootImpl@c506bf7[CancelDeliveryActivity]: mHardwareRenderer.destroy()#1
08-15 14:10:45.459 2708 2708 D ViewRootImpl@c506bf7[CancelDeliveryActivity]: Relayout returned: oldFrame=[0,0][768,1024] newFrame=[0,0][768,1024] result=0x5 surface={isValid=false 0} surfaceGenerationChanged=true
08-15 14:10:45.460 2708 2708 D ViewRootImpl@e63ac6[MainActivity]: MSG_RESIZED_REPORT: frame=Rect(0, 0 - 768, 1024) ci=Rect(0, 24 - 0, 0) vi=Rect(0, 24 - 0, 0) or=1
08-15 14:10:45.460 2708 2708 D ViewRootImpl@e63ac6[MainActivity]: MSG_WINDOW_FOCUS_CHANGED 1
08-15 14:10:45.460 2708 2708 D ViewRootImpl@e63ac6[MainActivity]: mHardwareRenderer.initializeIfNeeded()#2 mSurface={isValid=true -1854251008}
08-15 14:10:45.464 2708 2708 V InputMethodManager: Starting input: tba=android.view.inputmethod.EditorInfo@5f0aa09 nm : cz.gienger.mobile ic=null
08-15 14:10:45.464 2708 2708 I InputMethodManager: startInputInner - mService.startInputOrWindowGainedFocus
08-15 14:10:45.467 2708 2708 D InputTransport: Input channel constructed: fd=68
08-15 14:10:45.467 2708 2708 D InputTransport: Input channel destroyed: fd=79
08-15 14:10:45.510 2708 2708 D TextView: SYANI: Clipboard API is calling: clearFilter()
08-15 14:10:45.510 2708 2708 D TextView: SYANI: Clipboard API is calling: unregisterClipboardEventListener()
08-15 14:10:45.521 2708 2708 D ViewRootImpl@c506bf7[CancelDeliveryActivity]: mHardwareRenderer.destroy()#4
08-15 14:10:45.521 2708 2708 D ViewRootImpl@c506bf7[CancelDeliveryActivity]: dispatchDetachedFromWindow
08-15 14:10:45.527 2708 2708 D InputTransport: Input channel destroyed: fd=70
08-15 14:10:45.528 2708 2708 D LOCATION_SERVICE: onDestroy
08-15 14:10:45.667 2708 11145 D FILE_MANAGER: Serializing delivery /data/user/0/cz.gienger.mobile/files/finished/130AT1180434010/130AT1180434010.xml
08-15 14:10:45.668 2708 11145 D FILE_MANAGER: Null files:
08-15 14:10:45.727 2708 11145 D MYINTERCEPTOR: /GiengerService.svc/sendorder
08-15 14:10:45.728 2708 11145 D OkHttp : --> POST https://testsaig1.gienger.cz/GiengerService.svc/sendorder http/1.1
08-15 14:10:45.728 2708 11145 D OkHttp : Content-Type: text/raw
08-15 14:10:45.728 2708 11145 D OkHttp : Content-Length: 4893
08-15 14:10:45.728 2708 11145 D OkHttp : filename: 130AT1180434010.xml
08-15 14:10:45.728 2708 11145 D OkHttp : Checksum: ab93ebc5aba1dd3f7e1865af5741a38d
08-15 14:10:45.728 2708 11145 D OkHttp : token: 8a1e8ea68c9b4da469fa9bcbb6e6a055
08-15 14:10:45.728 2708 11145 D OkHttp : --> END POST
08-15 14:10:45.857 2708 11145 D OkHttp : <-- 200 https://testsaig1.gienger.cz/GiengerService.svc/sendorder (128ms)
08-15 14:10:45.857 2708 11145 D OkHttp : content-type: application/xml; charset=utf-8
08-15 14:10:45.857 2708 11145 D OkHttp : server: Microsoft-IIS/10.0
08-15 14:10:45.857 2708 11145 D OkHttp : x-powered-by: ASP.NET
08-15 14:10:45.857 2708 11145 D OkHttp : date: Wed, 15 Aug 2018 12:10:44 GMT
08-15 14:10:45.857 2708 11145 D OkHttp : content-length: 175
08-15 14:10:45.857 2708 11145 D OkHttp : <-- END HTTP
08-15 14:10:45.860 2708 11145 D sendOrder_SUCCESS: 200
08-15 14:10:45.888 2708 11145 D MESSAGE_SERVICE: ACTION_RESEND_ORDERS
08-15 14:10:46.102 2708 2718 I art : Background sticky concurrent mark sweep GC freed 238512(9MB) AllocSpace objects, 15(300KB) LOS objects, 45% free, 11MB/20MB, paused 2.589ms total 102.295ms
08-15 14:10:46.106 2708 2708 D ViewRootImpl@e63ac6[MainActivity]: ViewPostImeInputStage processPointer 0
08-15 14:10:46.195 2708 2708 D AbsListView: in onLayout changed
08-15 14:10:46.387 2708 2708 D ViewRootImpl@e63ac6[MainActivity]: ViewPostImeInputStage processPointer 1
08-15 14:10:46.467 2708 2708 D AbsListView: in onLayout changed
08-15 14:10:46.563 2708 2708 D ViewRootImpl@e63ac6[MainActivity]: ViewPostImeInputStage processPointer 0
08-15 14:10:46.598 2708 2708 D AbsListView: reportScrollStateChange() newState : 1
08-15 14:10:46.713 2708 2708 D ViewRootImpl@e63ac6[MainActivity]: ViewPostImeInputStage processPointer 1
08-15 14:10:46.714 2708 2708 D AbsListView: onTouchUp() mTouchMode : 3
08-15 14:10:46.714 2708 2708 D AbsListView: onTouchUp() TOUCH_MODE_SCROLL initialVelocity : -4029
08-15 14:10:46.714 2708 2708 D AbsListView: reportScrollStateChange() newState : 2
08-15 14:10:47.302 2708 2708 D ViewRootImpl@e63ac6[MainActivity]: ViewPostImeInputStage processPointer 0
08-15 14:10:47.343 2708 2708 D AbsListView: reportScrollStateChange() newState : 0
08-15 14:10:47.344 2708 2708 D AbsListView: reportScrollStateChange() newState : 1
08-15 14:10:47.635 2708 2708 D ViewRootImpl@e63ac6[MainActivity]: ViewPostImeInputStage processPointer 1
08-15 14:10:47.635 2708 2708 D AbsListView: onTouchUp() mTouchMode : 3
08-15 14:10:47.635 2708 2708 D AbsListView: onTouchUp() TOUCH_MODE_SCROLL initialVelocity : -1420
08-15 14:10:47.635 2708 2708 D AbsListView: reportScrollStateChange() newState : 2
08-15 14:10:48.141 2708 2708 D ViewRootImpl@e63ac6[MainActivity]: ViewPostImeInputStage processPointer 0
08-15 14:10:48.266 2708 2708 D ViewRootImpl@e63ac6[MainActivity]: ViewPostImeInputStage processPointer 1
08-15 14:10:48.267 2708 2708 D AbsListView: onTouchUp() mTouchMode : 3
08-15 14:10:48.267 2708 2708 D AbsListView: onTouchUp() TOUCH_MODE_SCROLL initialVelocity : -3483
08-15 14:10:48.641 2708 2708 D ViewRootImpl@e63ac6[MainActivity]: ViewPostImeInputStage processPointer 0
08-15 14:10:48.682 2708 2708 D AbsListView: reportScrollStateChange() newState : 0
08-15 14:10:48.683 2708 2708 D AbsListView: reportScrollStateChange() newState : 1
08-15 14:10:48.952 2708 2708 D ViewRootImpl@e63ac6[MainActivity]: ViewPostImeInputStage processPointer 1
08-15 14:10:48.952 2708 2708 D AbsListView: onTouchUp() mTouchMode : 3
08-15 14:10:48.952 2708 2708 D AbsListView: onTouchUp() TOUCH_MODE_SCROLL initialVelocity : 1624
08-15 14:10:48.952 2708 2708 D AbsListView: reportScrollStateChange() newState : 2
08-15 14:10:49.229 2708 2708 D ViewRootImpl@e63ac6[MainActivity]: ViewPostImeInputStage processPointer 0
08-15 14:10:49.277 2708 2708 D AbsListView: reportScrollStateChange() newState : 0
08-15 14:10:49.279 2708 2708 D AbsListView: reportScrollStateChange() newState : 1
08-15 14:10:49.582 2708 2708 D ViewRootImpl@e63ac6[MainActivity]: ViewPostImeInputStage processPointer 1
08-15 14:10:49.584 2708 2708 D AbsListView: onTouchUp() mTouchMode : 3
08-15 14:10:49.584 2708 2708 D AbsListView: onTouchUp() TOUCH_MODE_SCROLL initialVelocity : 14
08-15 14:10:49.584 2708 2708 D AbsListView: reportScrollStateChange() newState : 0
08-15 14:10:49.898 2708 2708 D ViewRootImpl@e63ac6[MainActivity]: ViewPostImeInputStage processPointer 0
08-15 14:10:49.948 2708 2708 D ViewRootImpl@e63ac6[MainActivity]: ViewPostImeInputStage processPointer 1
08-15 14:10:49.963 2708 2708 D item_click: viewId = 2131820758, position = 13
08-15 14:10:50.007 2708 2708 D ViewRootImpl@e63ac6[MainActivity]: MSG_WINDOW_FOCUS_CHANGED 0
08-15 14:10:50.035 2708 2708 D Graph : removeVertex() : insertDummyVertex, because there is no ancestor.
08-15 14:10:50.061 2708 2708 D ScrollView: initGoToTop
08-15 14:10:50.119 2708 2708 D ViewRootImpl@733eafd[CancelDeliveryActivity]: ThreadedRenderer.create() translucent=false
08-15 14:10:50.122 2708 2708 D InputTransport: Input channel constructed: fd=94
08-15 14:10:50.122 2708 2708 D ViewRootImpl@733eafd[CancelDeliveryActivity]: setView = DecorView@f6253f2[CancelDeliveryActivity] touchMode=true
08-15 14:10:50.128 2708 2708 D ViewRootImpl@733eafd[CancelDeliveryActivity]: dispatchAttachedToWindow
08-15 14:10:50.163 2708 2708 D ViewRootImpl@733eafd[CancelDeliveryActivity]: Relayout returned: oldFrame=[0,0][0,0] newFrame=[0,0][768,1024] result=0x27 surface={isValid=true -1825433600} surfaceGenerationChanged=true
08-15 14:10:50.163 2708 2708 D ViewRootImpl@733eafd[CancelDeliveryActivity]: mHardwareRenderer.initialize() mSurface={isValid=true -1825433600} hwInitialized=true
08-15 14:10:50.167 2708 2708 D ScrollView: onsize change changed
08-15 14:10:50.168 2708 2708 D LOCATION_SERVICE: LocationListener gps
08-15 14:10:50.169 2708 2708 D LOCATION_SERVICE: LocationListener network
08-15 14:10:50.170 2708 2708 D LOCATION_SERVICE: onCreate
08-15 14:10:50.170 2708 2708 D LOCATION_SERVICE: initializeLocationManager
08-15 14:10:50.177 2708 2708 D LOCATION_SERVICE: onStartCommand
08-15 14:10:50.244 2708 2708 D ViewRootImpl@733eafd[CancelDeliveryActivity]: MSG_RESIZED_REPORT: frame=Rect(0, 0 - 768, 1024) ci=Rect(0, 24 - 0, 0) vi=Rect(0, 24 - 0, 0) or=1
08-15 14:10:50.244 2708 2708 D ViewRootImpl@733eafd[CancelDeliveryActivity]: MSG_WINDOW_FOCUS_CHANGED 1
08-15 14:10:50.244 2708 2708 D ViewRootImpl@733eafd[CancelDeliveryActivity]: mHardwareRenderer.initializeIfNeeded()#2 mSurface={isValid=true -1825433600}
08-15 14:10:50.249 2708 2708 V InputMethodManager: Starting input: tba=android.view.inputmethod.EditorInfo@f132f31 nm : cz.gienger.mobile ic=null
08-15 14:10:50.249 2708 2708 I InputMethodManager: startInputInner - mService.startInputOrWindowGainedFocus
08-15 14:10:50.254 2708 2708 D InputTransport: Input channel constructed: fd=96
08-15 14:10:50.254 2708 2708 D InputTransport: Input channel destroyed: fd=68
08-15 14:10:50.313 2708 2774 D OpenGLRenderer: endAllActiveAnimators on 0x933e6380 (RippleDrawable) with handle 0x91d8a830
08-15 14:10:50.313 2708 2708 D ViewRootImpl@e63ac6[MainActivity]: mHardwareRenderer.destroy()#1
08-15 14:10:50.319 2708 2708 D ViewRootImpl@e63ac6[MainActivity]: Relayout returned: oldFrame=[0,0][768,1024] newFrame=[0,0][768,1024] result=0x5 surface={isValid=false 0} surfaceGenerationChanged=true
08-15 14:10:50.697 2708 2708 D ViewRootImpl@e63ac6[MainActivity]: Relayout returned: oldFrame=[0,0][768,1024] newFrame=[0,0][768,1024] result=0x5 surface={isValid=false 0} surfaceGenerationChanged=false
08-15 14:10:50.847 2708 2708 D LOCATION_SERVICE: onLocationChanged: Location[network 49,191129,17,534389 acc=21 et=+1h41m33s655ms alt=0.0 vel=0.0 bear=0.0 {Bundle[mParcelledData.dataSize=80]}]
08-15 14:10:51.304 2708 2708 D ViewRootImpl@733eafd[CancelDeliveryActivity]: ViewPostImeInputStage processPointer 0
08-15 14:10:51.377 2708 2708 D ViewRootImpl@733eafd[CancelDeliveryActivity]: ViewPostImeInputStage processPointer 1
08-15 14:10:52.070 2708 2708 D ViewRootImpl@733eafd[CancelDeliveryActivity]: ViewPostImeInputStage processPointer 0
08-15 14:10:52.142 2708 2708 D ViewRootImpl@733eafd[CancelDeliveryActivity]: ViewPostImeInputStage processPointer 1
08-15 14:10:52.155 2708 2708 D UNDELIVERED: Reason ID = 8, Comment =
08-15 14:10:52.222 2708 11152 D MESSAGE_SERVICE: ACTION_COMPRESS_AND_UPLOAD
08-15 14:10:52.255 2708 2708 D ViewRootImpl@733eafd[CancelDeliveryActivity]: MSG_WINDOW_FOCUS_CHANGED 0
08-15 14:10:52.275 2708 2708 D ViewRootImpl@e63ac6[MainActivity]: mHardwareRenderer.destroy()#4
08-15 14:10:52.275 2708 2708 D ViewRootImpl@e63ac6[MainActivity]: dispatchDetachedFromWindow
08-15 14:10:52.287 2708 2708 D InputTransport: Input channel destroyed: fd=84
08-15 14:10:52.510 2708 2708 D ViewRootImpl@c5a880d[MainActivity]: ThreadedRenderer.create() translucent=false
08-15 14:10:52.514 2708 2708 D InputTransport: Input channel constructed: fd=84
08-15 14:10:52.515 2708 2708 D ViewRootImpl@c5a880d[MainActivity]: setView = DecorView@f0e13c2[MainActivity] touchMode=true
08-15 14:10:52.518 2708 2708 D ViewRootImpl@c5a880d[MainActivity]: dispatchAttachedToWindow
08-15 14:10:52.590 2708 2708 D ViewRootImpl@c5a880d[MainActivity]: Relayout returned: oldFrame=[0,0][0,0] newFrame=[0,0][768,1024] result=0x27 surface={isValid=true -1815261184} surfaceGenerationChanged=true
08-15 14:10:52.590 2708 2708 D ViewRootImpl@c5a880d[MainActivity]: mHardwareRenderer.initialize() mSurface={isValid=true -1815261184} hwInitialized=true
08-15 14:10:52.672 2708 2708 D AbsListView: in onLayout changed
08-15 14:10:52.687 2708 2774 D OpenGLRenderer: endAllActiveAnimators on 0x93ae2080 (RippleDrawable) with handle 0x925fed00
08-15 14:10:52.688 2708 2708 D ViewRootImpl@733eafd[CancelDeliveryActivity]: mHardwareRenderer.destroy()#1
08-15 14:10:52.701 2708 2708 D ViewRootImpl@733eafd[CancelDeliveryActivity]: Relayout returned: oldFrame=[0,0][768,1024] newFrame=[0,0][768,1024] result=0x5 surface={isValid=false 0} surfaceGenerationChanged=true
08-15 14:10:52.765 2708 2708 D ViewRootImpl@c5a880d[MainActivity]: MSG_RESIZED_REPORT: frame=Rect(0, 0 - 768, 1024) ci=Rect(0, 24 - 0, 0) vi=Rect(0, 24 - 0, 0) or=1
08-15 14:10:52.765 2708 2708 D ViewRootImpl@c5a880d[MainActivity]: MSG_WINDOW_FOCUS_CHANGED 1
08-15 14:10:52.765 2708 2708 D ViewRootImpl@c5a880d[MainActivity]: mHardwareRenderer.initializeIfNeeded()#2 mSurface={isValid=true -1815261184}
08-15 14:10:52.767 2708 2708 V InputMethodManager: Starting input: tba=android.view.inputmethod.EditorInfo@359ab2c nm : cz.gienger.mobile ic=null
08-15 14:10:52.767 2708 2708 I InputMethodManager: startInputInner - mService.startInputOrWindowGainedFocus
08-15 14:10:52.774 2708 2708 D InputTransport: Input channel constructed: fd=79
08-15 14:10:52.774 2708 2708 D InputTransport: Input channel destroyed: fd=96
08-15 14:10:52.816 2708 2708 D TextView: SYANI: Clipboard API is calling: clearFilter()
08-15 14:10:52.816 2708 2708 D TextView: SYANI: Clipboard API is calling: unregisterClipboardEventListener()
08-15 14:10:52.822 2708 2708 D ViewRootImpl@733eafd[CancelDeliveryActivity]: mHardwareRenderer.destroy()#4
08-15 14:10:52.822 2708 2708 D ViewRootImpl@733eafd[CancelDeliveryActivity]: dispatchDetachedFromWindow
08-15 14:10:52.828 2708 2708 D InputTransport: Input channel destroyed: fd=94
08-15 14:10:52.828 2708 2708 D LOCATION_SERVICE: onDestroy
08-15 14:10:52.941 2708 11152 D FILE_MANAGER: Serializing delivery /data/user/0/cz.gienger.mobile/files/finished/130AT1180434170/130AT1180434170.xml
08-15 14:10:52.941 2708 11152 D FILE_MANAGER: Null files:
08-15 14:10:53.005 2708 11152 D MYINTERCEPTOR: /GiengerService.svc/sendorder
08-15 14:10:53.005 2708 11152 D OkHttp : --> POST https://testsaig1.gienger.cz/GiengerService.svc/sendorder http/1.1
08-15 14:10:53.005 2708 11152 D OkHttp : Content-Type: text/raw
08-15 14:10:53.005 2708 11152 D OkHttp : Content-Length: 3483
08-15 14:10:53.005 2708 11152 D OkHttp : filename: 130AT1180434170.xml
08-15 14:10:53.005 2708 11152 D OkHttp : Checksum: 032d71674bc47f65884a8e7985fe71df
08-15 14:10:53.006 2708 11152 D OkHttp : token: 8a1e8ea68c9b4da469fa9bcbb6e6a055
08-15 14:10:53.006 2708 11152 D OkHttp : --> END POST
08-15 14:10:53.104 2708 11152 D OkHttp : <-- 200 https://testsaig1.gienger.cz/GiengerService.svc/sendorder (98ms)
08-15 14:10:53.104 2708 11152 D OkHttp : content-type: application/xml; charset=utf-8
08-15 14:10:53.104 2708 11152 D OkHttp : server: Microsoft-IIS/10.0
08-15 14:10:53.104 2708 11152 D OkHttp : x-powered-by: ASP.NET
08-15 14:10:53.104 2708 11152 D OkHttp : date: Wed, 15 Aug 2018 12:10:52 GMT
08-15 14:10:53.104 2708 11152 D OkHttp : content-length: 175
08-15 14:10:53.104 2708 11152 D OkHttp : <-- END HTTP
08-15 14:10:53.107 2708 11152 D sendOrder_SUCCESS: 200
08-15 14:10:53.141 2708 11152 D MESSAGE_SERVICE: ACTION_RESEND_ORDERS
08-15 14:10:53.429 2708 2708 D AbsListView: in onLayout changed
08-15 14:10:53.441 2708 2708 D ViewRootImpl@c5a880d[MainActivity]: ViewPostImeInputStage processPointer 0
08-15 14:10:53.446 2708 2708 D AbsListView: reportScrollStateChange() newState : 1
08-15 14:10:53.621 2708 2708 D ViewRootImpl@c5a880d[MainActivity]: ViewPostImeInputStage processPointer 1
08-15 14:10:53.700 2708 2708 D AbsListView: in onLayout changed
08-15 14:10:54.068 2708 2708 D ViewRootImpl@c5a880d[MainActivity]: ViewPostImeInputStage processPointer 0
08-15 14:10:54.099 2708 2708 D AbsListView: reportScrollStateChange() newState : 1
08-15 14:10:54.231 2708 2708 D ViewRootImpl@c5a880d[MainActivity]: ViewPostImeInputStage processPointer 1
08-15 14:10:54.232 2708 2708 D AbsListView: onTouchUp() mTouchMode : 3
08-15 14:10:54.232 2708 2708 D AbsListView: onTouchUp() TOUCH_MODE_SCROLL initialVelocity : -2955
08-15 14:10:54.232 2708 2708 D AbsListView: reportScrollStateChange() newState : 2
08-15 14:10:54.917 2708 2708 D ViewRootImpl@c5a880d[MainActivity]: ViewPostImeInputStage processPointer 0
08-15 14:10:55.058 2708 2708 D ViewRootImpl@c5a880d[MainActivity]: ViewPostImeInputStage processPointer 1
08-15 14:10:55.058 2708 2708 D AbsListView: onTouchUp() mTouchMode : 3
08-15 14:10:55.058 2708 2708 D AbsListView: onTouchUp() TOUCH_MODE_SCROLL initialVelocity : -2395
08-15 14:10:55.796 2708 2708 D ViewRootImpl@c5a880d[MainActivity]: ViewPostImeInputStage processPointer 0
08-15 14:10:55.909 2708 2708 D ViewRootImpl@c5a880d[MainActivity]: ViewPostImeInputStage processPointer 1
08-15 14:10:55.909 2708 2708 D AbsListView: onTouchUp() mTouchMode : 3
08-15 14:10:55.909 2708 2708 D AbsListView: onTouchUp() TOUCH_MODE_SCROLL initialVelocity : -3546
08-15 14:10:56.253 2708 2708 D ViewRootImpl@c5a880d[MainActivity]: ViewPostImeInputStage processPointer 0
08-15 14:10:56.293 2708 2708 D AbsListView: reportScrollStateChange() newState : 0
08-15 14:10:56.295 2708 2708 D AbsListView: reportScrollStateChange() newState : 1
08-15 14:10:56.621 2708 2708 D ViewRootImpl@c5a880d[MainActivity]: ViewPostImeInputStage processPointer 1
08-15 14:10:56.622 2708 2708 D AbsListView: onTouchUp() mTouchMode : 3
08-15 14:10:56.622 2708 2708 D AbsListView: onTouchUp() TOUCH_MODE_SCROLL initialVelocity : 2046
08-15 14:10:56.622 2708 2708 D AbsListView: reportScrollStateChange() newState : 2
08-15 14:10:56.960 2708 2708 D ViewRootImpl@c5a880d[MainActivity]: ViewPostImeInputStage processPointer 0
08-15 14:10:57.001 2708 2708 D AbsListView: reportScrollStateChange() newState : 0
08-15 14:10:57.001 2708 2708 D AbsListView: reportScrollStateChange() newState : 1
08-15 14:10:57.495 2708 2708 D ViewRootImpl@c5a880d[MainActivity]: ViewPostImeInputStage processPointer 1
08-15 14:10:57.496 2708 2708 D AbsListView: onTouchUp() mTouchMode : 3
08-15 14:10:57.496 2708 2708 D AbsListView: onTouchUp() TOUCH_MODE_SCROLL initialVelocity : 0
08-15 14:10:57.496 2708 2708 D AbsListView: reportScrollStateChange() newState : 0
08-15 14:11:16.636 2708 2708 D ViewRootImpl@c5a880d[MainActivity]: ViewPostImeInputStage processPointer 0
08-15 14:11:16.692 2708 2708 D ViewRootImpl@c5a880d[MainActivity]: ViewPostImeInputStage processPointer 1
08-15 14:11:16.704 2708 2708 D item_click: viewId = 2131820758, position = 14
08-15 14:11:16.757 2708 2708 D ViewRootImpl@c5a880d[MainActivity]: MSG_WINDOW_FOCUS_CHANGED 0
08-15 14:11:16.782 2708 2708 D Graph : removeVertex() : insertDummyVertex, because there is no ancestor.
08-15 14:11:16.812 2708 2708 D ScrollView: initGoToTop
08-15 14:11:16.881 2708 2708 D ViewRootImpl@912c005[CancelDeliveryActivity]: ThreadedRenderer.create() translucent=false
08-15 14:11:16.888 2708 2708 D InputTransport: Input channel constructed: fd=94
08-15 14:11:16.888 2708 2708 D ViewRootImpl@912c005[CancelDeliveryActivity]: setView = DecorView@c5b785a[CancelDeliveryActivity] touchMode=true
08-15 14:11:16.890 2708 2708 D LOCATION_SERVICE: LocationListener gps
08-15 14:11:16.891 2708 2708 D LOCATION_SERVICE: LocationListener network
08-15 14:11:16.892 2708 2708 D LOCATION_SERVICE: onCreate
08-15 14:11:16.892 2708 2708 D LOCATION_SERVICE: initializeLocationManager
08-15 14:11:16.908 2708 2708 D LOCATION_SERVICE: onStartCommand
08-15 14:11:16.925 2708 2708 D ViewRootImpl@912c005[CancelDeliveryActivity]: dispatchAttachedToWindow
08-15 14:11:16.962 2708 2708 D ViewRootImpl@912c005[CancelDeliveryActivity]: Relayout returned: oldFrame=[0,0][0,0] newFrame=[0,0][768,1024] result=0x27 surface={isValid=true -1825433600} surfaceGenerationChanged=true
08-15 14:11:16.962 2708 2708 D ViewRootImpl@912c005[CancelDeliveryActivity]: mHardwareRenderer.initialize() mSurface={isValid=true -1825433600} hwInitialized=true
08-15 14:11:16.966 2708 2708 D ScrollView: onsize change changed
08-15 14:11:17.003 2708 2708 D ViewRootImpl@912c005[CancelDeliveryActivity]: MSG_RESIZED_REPORT: frame=Rect(0, 0 - 768, 1024) ci=Rect(0, 24 - 0, 0) vi=Rect(0, 24 - 0, 0) or=1
08-15 14:11:17.003 2708 2708 D ViewRootImpl@912c005[CancelDeliveryActivity]: MSG_WINDOW_FOCUS_CHANGED 1
08-15 14:11:17.004 2708 2708 D ViewRootImpl@912c005[CancelDeliveryActivity]: mHardwareRenderer.initializeIfNeeded()#2 mSurface={isValid=true -1825433600}
08-15 14:11:17.011 2708 2708 V InputMethodManager: Starting input: tba=android.view.inputmethod.EditorInfo@6aa95f nm : cz.gienger.mobile ic=null
08-15 14:11:17.011 2708 2708 I InputMethodManager: startInputInner - mService.startInputOrWindowGainedFocus
08-15 14:11:17.022 2708 2708 D InputTransport: Input channel constructed: fd=103
08-15 14:11:17.022 2708 2708 D InputTransport: Input channel destroyed: fd=79
08-15 14:11:17.064 2708 2774 D OpenGLRenderer: endAllActiveAnimators on 0x93aa4400 (RippleDrawable) with handle 0x91f8e8f0
08-15 14:11:17.064 2708 2708 D ViewRootImpl@c5a880d[MainActivity]: mHardwareRenderer.destroy()#1
08-15 14:11:17.074 2708 2708 D ViewRootImpl@c5a880d[MainActivity]: Relayout returned: oldFrame=[0,0][768,1024] newFrame=[0,0][768,1024] result=0x5 surface={isValid=false 0} surfaceGenerationChanged=true
08-15 14:11:17.457 2708 2708 D ViewRootImpl@c5a880d[MainActivity]: Relayout returned: oldFrame=[0,0][768,1024] newFrame=[0,0][768,1024] result=0x5 surface={isValid=false 0} surfaceGenerationChanged=false
08-15 14:11:17.990 2708 2708 D ViewRootImpl@912c005[CancelDeliveryActivity]: ViewPostImeInputStage processPointer 0
08-15 14:11:18.051 2708 2708 D ViewRootImpl@912c005[CancelDeliveryActivity]: ViewPostImeInputStage processPointer 1
08-15 14:11:18.713 2708 2708 D ViewRootImpl@912c005[CancelDeliveryActivity]: ViewPostImeInputStage processPointer 0
08-15 14:11:18.774 2708 2708 D ViewRootImpl@912c005[CancelDeliveryActivity]: ViewPostImeInputStage processPointer 1
08-15 14:11:18.796 2708 2708 D UNDELIVERED: Reason ID = 8, Comment =
08-15 14:11:18.880 2708 2708 D ViewRootImpl@912c005[CancelDeliveryActivity]: MSG_WINDOW_FOCUS_CHANGED 0
08-15 14:11:18.883 2708 11162 D MESSAGE_SERVICE: ACTION_COMPRESS_AND_UPLOAD
08-15 14:11:18.898 2708 2708 D ViewRootImpl@c5a880d[MainActivity]: mHardwareRenderer.destroy()#4
08-15 14:11:18.898 2708 2708 D ViewRootImpl@c5a880d[MainActivity]: dispatchDetachedFromWindow
08-15 14:11:18.914 2708 2708 D InputTransport: Input channel destroyed: fd=84
08-15 14:11:19.132 2708 2708 D ViewRootImpl@d46d41b[MainActivity]: ThreadedRenderer.create() translucent=false
08-15 14:11:19.135 2708 2708 D InputTransport: Input channel constructed: fd=84
08-15 14:11:19.135 2708 2708 D ViewRootImpl@d46d41b[MainActivity]: setView = DecorView@3aab9b8[MainActivity] touchMode=true
08-15 14:11:19.138 2708 2708 D ViewRootImpl@d46d41b[MainActivity]: dispatchAttachedToWindow
08-15 14:11:19.201 2708 2708 D ViewRootImpl@d46d41b[MainActivity]: Relayout returned: oldFrame=[0,0][0,0] newFrame=[0,0][768,1024] result=0x27 surface={isValid=true -1835053056} surfaceGenerationChanged=true
08-15 14:11:19.202 2708 2708 D ViewRootImpl@d46d41b[MainActivity]: mHardwareRenderer.initialize() mSurface={isValid=true -1835053056} hwInitialized=true
08-15 14:11:19.301 2708 2708 D AbsListView: in onLayout changed
08-15 14:11:19.314 2708 2774 D OpenGLRenderer: endAllActiveAnimators on 0x91c74e80 (RippleDrawable) with handle 0x9183e5e0
08-15 14:11:19.315 2708 2708 D ViewRootImpl@912c005[CancelDeliveryActivity]: mHardwareRenderer.destroy()#1
08-15 14:11:19.323 2708 2708 D ViewRootImpl@912c005[CancelDeliveryActivity]: Relayout returned: oldFrame=[0,0][768,1024] newFrame=[0,0][768,1024] result=0x5 surface={isValid=false 0} surfaceGenerationChanged=true
08-15 14:11:19.385 2708 2708 D ViewRootImpl@d46d41b[MainActivity]: MSG_RESIZED_REPORT: frame=Rect(0, 0 - 768, 1024) ci=Rect(0, 24 - 0, 0) vi=Rect(0, 24 - 0, 0) or=1
08-15 14:11:19.385 2708 2708 D ViewRootImpl@d46d41b[MainActivity]: MSG_WINDOW_FOCUS_CHANGED 1
08-15 14:11:19.385 2708 2708 D ViewRootImpl@d46d41b[MainActivity]: mHardwareRenderer.initializeIfNeeded()#2 mSurface={isValid=true -1835053056}
08-15 14:11:19.387 2708 2708 V InputMethodManager: Starting input: tba=android.view.inputmethod.EditorInfo@51b04f2 nm : cz.gienger.mobile ic=null
08-15 14:11:19.387 2708 2708 I InputMethodManager: startInputInner - mService.startInputOrWindowGainedFocus
08-15 14:11:19.394 2708 2708 D InputTransport: Input channel constructed: fd=79
08-15 14:11:19.394 2708 2708 D InputTransport: Input channel destroyed: fd=103
08-15 14:11:19.434 2708 2708 D TextView: SYANI: Clipboard API is calling: clearFilter()
08-15 14:11:19.434 2708 2708 D TextView: SYANI: Clipboard API is calling: unregisterClipboardEventListener()
08-15 14:11:19.443 2708 2708 D ViewRootImpl@912c005[CancelDeliveryActivity]: mHardwareRenderer.destroy()#4
08-15 14:11:19.443 2708 2708 D ViewRootImpl@912c005[CancelDeliveryActivity]: dispatchDetachedFromWindow
08-15 14:11:19.449 2708 2708 D InputTransport: Input channel destroyed: fd=94
08-15 14:11:19.449 2708 2708 D LOCATION_SERVICE: onDestroy
08-15 14:11:19.606 2708 11162 D FILE_MANAGER: Serializing delivery /data/user/0/cz.gienger.mobile/files/finished/130AT1180434137/130AT1180434137.xml
08-15 14:11:19.606 2708 11162 D FILE_MANAGER: Null files:
08-15 14:11:19.665 2708 11162 D MYINTERCEPTOR: /GiengerService.svc/sendorder
08-15 14:11:19.666 2708 11162 D OkHttp : --> POST https://testsaig1.gienger.cz/GiengerService.svc/sendorder http/1.1
08-15 14:11:19.666 2708 11162 D OkHttp : Content-Type: text/raw
08-15 14:11:19.666 2708 11162 D OkHttp : Content-Length: 4005
08-15 14:11:19.666 2708 11162 D OkHttp : filename: 130AT1180434137.xml
08-15 14:11:19.666 2708 11162 D OkHttp : Checksum: 1b4fef7bcf90d4a46d3f2412f79bac32
08-15 14:11:19.666 2708 11162 D OkHttp : token: 8a1e8ea68c9b4da469fa9bcbb6e6a055
08-15 14:11:19.666 2708 11162 D OkHttp : --> END POST
08-15 14:11:19.777 2708 11162 D OkHttp : <-- 200 https://testsaig1.gienger.cz/GiengerService.svc/sendorder (110ms)
08-15 14:11:19.777 2708 11162 D OkHttp : content-type: application/xml; charset=utf-8
08-15 14:11:19.777 2708 11162 D OkHttp : server: Microsoft-IIS/10.0
08-15 14:11:19.777 2708 11162 D OkHttp : x-powered-by: ASP.NET
08-15 14:11:19.777 2708 11162 D OkHttp : date: Wed, 15 Aug 2018 12:11:18 GMT
08-15 14:11:19.777 2708 11162 D OkHttp : content-length: 175
08-15 14:11:19.777 2708 11162 D OkHttp : <-- END HTTP
08-15 14:11:19.780 2708 11162 D sendOrder_SUCCESS: 200
08-15 14:11:19.806 2708 11162 D MESSAGE_SERVICE: ACTION_RESEND_ORDERS
08-15 14:11:20.085 2708 2708 D AbsListView: in onLayout changed
08-15 14:11:20.278 2708 2708 D ViewRootImpl@d46d41b[MainActivity]: ViewPostImeInputStage processPointer 0
08-15 14:11:20.363 2708 2708 D AbsListView: in onLayout changed
08-15 14:11:20.373 2708 2708 D ViewRootImpl@d46d41b[MainActivity]: ViewPostImeInputStage processPointer 1
08-15 14:11:20.739 2708 2708 D ViewRootImpl@d46d41b[MainActivity]: ViewPostImeInputStage processPointer 0
08-15 14:11:20.774 2708 2708 D AbsListView: reportScrollStateChange() newState : 1
08-15 14:11:20.862 2708 2708 D ViewRootImpl@d46d41b[MainActivity]: ViewPostImeInputStage processPointer 1
08-15 14:11:20.862 2708 2708 D AbsListView: onTouchUp() mTouchMode : 3
08-15 14:11:20.862 2708 2708 D AbsListView: onTouchUp() TOUCH_MODE_SCROLL initialVelocity : -4022
08-15 14:11:20.863 2708 2708 D AbsListView: reportScrollStateChange() newState : 2
08-15 14:11:21.295 2708 2708 D ViewRootImpl@d46d41b[MainActivity]: ViewPostImeInputStage processPointer 0
08-15 14:11:21.335 2708 2708 D AbsListView: reportScrollStateChange() newState : 0
08-15 14:11:21.336 2708 2708 D AbsListView: reportScrollStateChange() newState : 1
08-15 14:11:21.788 2708 2708 D ViewRootImpl@d46d41b[MainActivity]: ViewPostImeInputStage processPointer 1
08-15 14:11:21.789 2708 2708 D AbsListView: onTouchUp() mTouchMode : 3
08-15 14:11:21.789 2708 2708 D AbsListView: onTouchUp() TOUCH_MODE_SCROLL initialVelocity : -307
08-15 14:11:21.789 2708 2708 D AbsListView: reportScrollStateChange() newState : 2
08-15 14:11:22.045 2708 2708 D AbsListView: reportScrollStateChange() newState : 0
08-15 14:11:24.107 2708 2708 D ViewRootImpl@d46d41b[MainActivity]: ViewPostImeInputStage processPointer 0
08-15 14:11:24.131 2708 2708 D AbsListView: reportScrollStateChange() newState : 1
08-15 14:11:24.208 2708 2708 D ViewRootImpl@d46d41b[MainActivity]: ViewPostImeInputStage processPointer 1
08-15 14:11:24.209 2708 2708 D AbsListView: onTouchUp() mTouchMode : 3
08-15 14:11:24.209 2708 2708 D AbsListView: onTouchUp() TOUCH_MODE_SCROLL initialVelocity : -4585
08-15 14:11:24.209 2708 2708 D AbsListView: reportScrollStateChange() newState : 2
08-15 14:11:24.534 2708 2708 D ViewRootImpl@d46d41b[MainActivity]: ViewPostImeInputStage processPointer 0
08-15 14:11:24.620 2708 2708 D AbsListView: reportScrollStateChange() newState : 0
08-15 14:11:24.621 2708 2708 D AbsListView: reportScrollStateChange() newState : 1
08-15 14:11:24.954 2708 2708 D ViewRootImpl@d46d41b[MainActivity]: ViewPostImeInputStage processPointer 1
08-15 14:11:24.955 2708 2708 D AbsListView: onTouchUp() mTouchMode : 3
08-15 14:11:24.955 2708 2708 D AbsListView: onTouchUp() TOUCH_MODE_SCROLL initialVelocity : -1209
08-15 14:11:24.955 2708 2708 D AbsListView: reportScrollStateChange() newState : 2
08-15 14:11:25.354 2708 2708 D ViewRootImpl@d46d41b[MainActivity]: ViewPostImeInputStage processPointer 0
08-15 14:11:25.639 2708 2708 D AbsListView: reportScrollStateChange() newState : 0
08-15 14:11:25.640 2708 2708 D AbsListView: reportScrollStateChange() newState : 1
08-15 14:11:25.752 2708 2708 D ViewRootImpl@d46d41b[MainActivity]: ViewPostImeInputStage processPointer 1
08-15 14:11:25.752 2708 2708 D AbsListView: onTouchUp() mTouchMode : 3
08-15 14:11:25.752 2708 2708 D AbsListView: onTouchUp() TOUCH_MODE_SCROLL initialVelocity : 7
08-15 14:11:25.752 2708 2708 D AbsListView: reportScrollStateChange() newState : 0
08-15 14:11:26.048 2708 2708 D ViewRootImpl@d46d41b[MainActivity]: ViewPostImeInputStage processPointer 0
08-15 14:11:26.117 2708 2708 D ViewRootImpl@d46d41b[MainActivity]: ViewPostImeInputStage processPointer 1
08-15 14:11:26.139 2708 2708 D item_click: viewId = 2131820758, position = 15
08-15 14:11:26.188 2708 2708 D ViewRootImpl@d46d41b[MainActivity]: MSG_WINDOW_FOCUS_CHANGED 0
08-15 14:11:26.215 2708 2708 D Graph : removeVertex() : insertDummyVertex, because there is no ancestor.
08-15 14:11:26.238 2708 2708 D ScrollView: initGoToTop
08-15 14:11:26.299 2708 2708 D ViewRootImpl@2e79228[CancelDeliveryActivity]: ThreadedRenderer.create() translucent=false
08-15 14:11:26.304 2708 2708 D InputTransport: Input channel constructed: fd=101
08-15 14:11:26.304 2708 2708 D ViewRootImpl@2e79228[CancelDeliveryActivity]: setView = DecorView@e119b41[CancelDeliveryActivity] touchMode=true
08-15 14:11:26.314 2708 2708 D ViewRootImpl@2e79228[CancelDeliveryActivity]: dispatchAttachedToWindow
08-15 14:11:26.343 2708 2708 D ViewRootImpl@2e79228[CancelDeliveryActivity]: Relayout returned: oldFrame=[0,0][0,0] newFrame=[0,0][768,1024] result=0x27 surface={isValid=true -1825572864} surfaceGenerationChanged=true
08-15 14:11:26.343 2708 2708 D ViewRootImpl@2e79228[CancelDeliveryActivity]: mHardwareRenderer.initialize() mSurface={isValid=true -1825572864} hwInitialized=true
08-15 14:11:26.348 2708 2708 D ScrollView: onsize change changed
08-15 14:11:26.349 2708 2708 D LOCATION_SERVICE: LocationListener gps
08-15 14:11:26.350 2708 2708 D LOCATION_SERVICE: LocationListener network
08-15 14:11:26.351 2708 2708 D LOCATION_SERVICE: onCreate
08-15 14:11:26.351 2708 2708 D LOCATION_SERVICE: initializeLocationManager
08-15 14:11:26.362 2708 2708 D LOCATION_SERVICE: onStartCommand
08-15 14:11:26.410 2708 2708 D ViewRootImpl@2e79228[CancelDeliveryActivity]: MSG_RESIZED_REPORT: frame=Rect(0, 0 - 768, 1024) ci=Rect(0, 24 - 0, 0) vi=Rect(0, 24 - 0, 0) or=1
08-15 14:11:26.410 2708 2708 D ViewRootImpl@2e79228[CancelDeliveryActivity]: MSG_WINDOW_FOCUS_CHANGED 1
08-15 14:11:26.411 2708 2708 D ViewRootImpl@2e79228[CancelDeliveryActivity]: mHardwareRenderer.initializeIfNeeded()#2 mSurface={isValid=true -1825572864}
08-15 14:11:26.417 2708 2708 V InputMethodManager: Starting input: tba=android.view.inputmethod.EditorInfo@e1aac35 nm : cz.gienger.mobile ic=null
08-15 14:11:26.417 2708 2708 I InputMethodManager: startInputInner - mService.startInputOrWindowGainedFocus
08-15 14:11:26.428 2708 2708 D InputTransport: Input channel constructed: fd=102
08-15 14:11:26.428 2708 2708 D InputTransport: Input channel destroyed: fd=79
08-15 14:11:26.500 2708 2774 D OpenGLRenderer: endAllActiveAnimators on 0x919c6300 (RippleDrawable) with handle 0x91d5cee0
08-15 14:11:26.500 2708 2708 D ViewRootImpl@d46d41b[MainActivity]: mHardwareRenderer.destroy()#1
08-15 14:11:26.508 2708 2708 D ViewRootImpl@d46d41b[MainActivity]: Relayout returned: oldFrame=[0,0][768,1024] newFrame=[0,0][768,1024] result=0x5 surface={isValid=false 0} surfaceGenerationChanged=true
08-15 14:11:26.877 2708 2708 D ViewRootImpl@d46d41b[MainActivity]: Relayout returned: oldFrame=[0,0][768,1024] newFrame=[0,0][768,1024] result=0x5 surface={isValid=false 0} surfaceGenerationChanged=false
08-15 14:11:26.951 2708 2708 D LOCATION_SERVICE: onLocationChanged: Location[network 49,191107,17,534404 acc=21 et=+1h42m9s758ms alt=0.0 vel=0.0 bear=0.0 {Bundle[mParcelledData.dataSize=80]}]
08-15 14:11:27.485 2708 2708 D ViewRootImpl@2e79228[CancelDeliveryActivity]: ViewPostImeInputStage processPointer 0
08-15 14:11:27.533 2708 2708 D ViewRootImpl@2e79228[CancelDeliveryActivity]: ViewPostImeInputStage processPointer 1
08-15 14:11:28.150 2708 2708 D ViewRootImpl@2e79228[CancelDeliveryActivity]: ViewPostImeInputStage processPointer 0
08-15 14:11:28.199 2708 2708 D ViewRootImpl@2e79228[CancelDeliveryActivity]: ViewPostImeInputStage processPointer 1
08-15 14:11:28.220 2708 2708 D UNDELIVERED: Reason ID = 7, Comment =
08-15 14:11:28.314 2708 2708 D ViewRootImpl@2e79228[CancelDeliveryActivity]: MSG_WINDOW_FOCUS_CHANGED 0
08-15 14:11:28.318 2708 11170 D MESSAGE_SERVICE: ACTION_COMPRESS_AND_UPLOAD
08-15 14:11:28.344 2708 2708 D ViewRootImpl@d46d41b[MainActivity]: mHardwareRenderer.destroy()#4
08-15 14:11:28.344 2708 2708 D ViewRootImpl@d46d41b[MainActivity]: dispatchDetachedFromWindow
08-15 14:11:28.352 2708 2708 D InputTransport: Input channel destroyed: fd=84
08-15 14:11:28.619 2708 2718 I art : Background partial concurrent mark sweep GC freed 233027(11MB) AllocSpace objects, 12(304KB) LOS objects, 54% free, 10MB/22MB, paused 2.667ms total 173.478ms
08-15 14:11:28.766 2708 2708 D ViewRootImpl@ea71bb6[MainActivity]: ThreadedRenderer.create() translucent=false
08-15 14:11:28.770 2708 2708 D InputTransport: Input channel constructed: fd=84
08-15 14:11:28.770 2708 2708 D ViewRootImpl@ea71bb6[MainActivity]: setView = DecorView@c5c70b7[MainActivity] touchMode=true
08-15 14:11:28.774 2708 2708 D ViewRootImpl@ea71bb6[MainActivity]: dispatchAttachedToWindow
08-15 14:11:28.833 2708 2708 D ViewRootImpl@ea71bb6[MainActivity]: Relayout returned: oldFrame=[0,0][0,0] newFrame=[0,0][768,1024] result=0x27 surface={isValid=true -1854251008} surfaceGenerationChanged=true
08-15 14:11:28.834 2708 2708 D ViewRootImpl@ea71bb6[MainActivity]: mHardwareRenderer.initialize() mSurface={isValid=true -1854251008} hwInitialized=true
08-15 14:11:28.907 2708 2708 D AbsListView: in onLayout changed
08-15 14:11:28.921 2708 2774 D OpenGLRenderer: endAllActiveAnimators on 0x94e99480 (RippleDrawable) with handle 0x91d8a3c0
08-15 14:11:28.921 2708 2708 D ViewRootImpl@2e79228[CancelDeliveryActivity]: mHardwareRenderer.destroy()#1
08-15 14:11:28.930 2708 2708 D ViewRootImpl@2e79228[CancelDeliveryActivity]: Relayout returned: oldFrame=[0,0][768,1024] newFrame=[0,0][768,1024] result=0x5 surface={isValid=false 0} surfaceGenerationChanged=true
08-15 14:11:28.988 2708 2708 D ViewRootImpl@ea71bb6[MainActivity]: MSG_RESIZED_REPORT: frame=Rect(0, 0 - 768, 1024) ci=Rect(0, 24 - 0, 0) vi=Rect(0, 24 - 0, 0) or=1
08-15 14:11:28.988 2708 2708 D ViewRootImpl@ea71bb6[MainActivity]: MSG_WINDOW_FOCUS_CHANGED 1
08-15 14:11:28.988 2708 2708 D ViewRootImpl@ea71bb6[MainActivity]: mHardwareRenderer.initializeIfNeeded()#2 mSurface={isValid=true -1854251008}
08-15 14:11:28.990 2708 2708 V InputMethodManager: Starting input: tba=android.view.inputmethod.EditorInfo@346398 nm : cz.gienger.mobile ic=null
08-15 14:11:28.990 2708 2708 I InputMethodManager: startInputInner - mService.startInputOrWindowGainedFocus
08-15 14:11:29.000 2708 2708 D InputTransport: Input channel constructed: fd=83
08-15 14:11:29.000 2708 2708 D InputTransport: Input channel destroyed: fd=102
