08-15 14:11:29.036 2708 2708 D Graph : removeVertex() : insertDummyVertex, because there is no ancestor.
08-15 14:11:29.045 2708 11170 D FILE_MANAGER: Serializing delivery /data/user/0/cz.gienger.mobile/files/finished/130AT1180434184/130AT1180434184.xml
08-15 14:11:29.045 2708 11170 D FILE_MANAGER: Null files:
08-15 14:11:29.047 2708 2708 D TextView: SYANI: Clipboard API is calling: clearFilter()
08-15 14:11:29.047 2708 2708 D TextView: SYANI: Clipboard API is calling: unregisterClipboardEventListener()
08-15 14:11:29.055 2708 2708 D ViewRootImpl@2e79228[CancelDeliveryActivity]: mHardwareRenderer.destroy()#4
08-15 14:11:29.055 2708 2708 D ViewRootImpl@2e79228[CancelDeliveryActivity]: dispatchDetachedFromWindow
08-15 14:11:29.063 2708 2708 D InputTransport: Input channel destroyed: fd=101
08-15 14:11:29.063 2708 2708 D LOCATION_SERVICE: onDestroy
08-15 14:11:29.108 2708 11170 D MYINTERCEPTOR: /GiengerService.svc/sendorder
08-15 14:11:29.109 2708 11170 D OkHttp : --> POST https://testsaig1.gienger.cz/GiengerService.svc/sendorder http/1.1
08-15 14:11:29.109 2708 11170 D OkHttp : Content-Type: text/raw
08-15 14:11:29.109 2708 11170 D OkHttp : Content-Length: 3703
08-15 14:11:29.109 2708 11170 D OkHttp : filename: 130AT1180434184.xml
08-15 14:11:29.109 2708 11170 D OkHttp : Checksum: edc45047e304635dcaa26e3f2fc81831
08-15 14:11:29.109 2708 11170 D OkHttp : token: 8a1e8ea68c9b4da469fa9bcbb6e6a055
08-15 14:11:29.109 2708 11170 D OkHttp : --> END POST
08-15 14:11:29.235 2708 11170 D OkHttp : <-- 200 https://testsaig1.gienger.cz/GiengerService.svc/sendorder (125ms)
08-15 14:11:29.235 2708 11170 D OkHttp : content-type: application/xml; charset=utf-8
08-15 14:11:29.235 2708 11170 D OkHttp : server: Microsoft-IIS/10.0
08-15 14:11:29.236 2708 11170 D OkHttp : x-powered-by: ASP.NET
08-15 14:11:29.236 2708 11170 D OkHttp : date: Wed, 15 Aug 2018 12:11:28 GMT
08-15 14:11:29.236 2708 11170 D OkHttp : content-length: 175
08-15 14:11:29.236 2708 11170 D OkHttp : <-- END HTTP
08-15 14:11:29.238 2708 11170 D sendOrder_SUCCESS: 200
08-15 14:11:29.266 2708 11170 D MESSAGE_SERVICE: ACTION_RESEND_ORDERS
08-15 14:11:29.530 2708 2708 D AbsListView: in onLayout changed
08-15 14:11:29.739 2708 2708 D ViewRootImpl@ea71bb6[MainActivity]: ViewPostImeInputStage processPointer 0
08-15 14:11:29.824 2708 2708 D AbsListView: in onLayout changed
08-15 14:11:29.835 2708 2708 D ViewRootImpl@ea71bb6[MainActivity]: ViewPostImeInputStage processPointer 1
08-15 14:11:30.159 2708 2708 D ViewRootImpl@ea71bb6[MainActivity]: ViewPostImeInputStage processPointer 0
08-15 14:11:30.195 2708 2708 D AbsListView: reportScrollStateChange() newState : 1
08-15 14:11:30.261 2708 2708 D ViewRootImpl@ea71bb6[MainActivity]: ViewPostImeInputStage processPointer 1
08-15 14:11:30.262 2708 2708 D AbsListView: onTouchUp() mTouchMode : 3
08-15 14:11:30.262 2708 2708 D AbsListView: onTouchUp() TOUCH_MODE_SCROLL initialVelocity : -4615
08-15 14:11:30.262 2708 2708 D AbsListView: reportScrollStateChange() newState : 2
08-15 14:11:30.893 2708 2708 D ViewRootImpl@ea71bb6[MainActivity]: ViewPostImeInputStage processPointer 0
08-15 14:11:30.936 2708 2708 D AbsListView: reportScrollStateChange() newState : 0
08-15 14:11:30.936 2708 2708 D AbsListView: reportScrollStateChange() newState : 1
08-15 14:11:31.128 2708 2708 D ViewRootImpl@ea71bb6[MainActivity]: ViewPostImeInputStage processPointer 1
08-15 14:11:31.131 2708 2708 D AbsListView: onTouchUp() mTouchMode : 3
08-15 14:11:31.131 2708 2708 D AbsListView: onTouchUp() TOUCH_MODE_SCROLL initialVelocity : -1172
08-15 14:11:31.131 2708 2708 D AbsListView: reportScrollStateChange() newState : 2
08-15 14:11:31.571 2708 2708 D ViewRootImpl@ea71bb6[MainActivity]: ViewPostImeInputStage processPointer 0
08-15 14:11:31.776 2708 2708 D AbsListView: reportScrollStateChange() newState : 0
08-15 14:11:31.777 2708 2708 D AbsListView: reportScrollStateChange() newState : 1
08-15 14:11:31.892 2708 2708 D ViewRootImpl@ea71bb6[MainActivity]: ViewPostImeInputStage processPointer 1
08-15 14:11:31.893 2708 2708 D AbsListView: onTouchUp() mTouchMode : 3
08-15 14:11:31.893 2708 2708 D AbsListView: onTouchUp() TOUCH_MODE_SCROLL initialVelocity : -82
08-15 14:11:31.893 2708 2708 D AbsListView: reportScrollStateChange() newState : 2
08-15 14:11:32.016 2708 2708 D AbsListView: reportScrollStateChange() newState : 0
08-15 14:11:32.281 2708 2708 D ViewRootImpl@ea71bb6[MainActivity]: ViewPostImeInputStage processPointer 0
08-15 14:11:32.316 2708 2708 D AbsListView: reportScrollStateChange() newState : 1
08-15 14:11:32.394 2708 2708 D ViewRootImpl@ea71bb6[MainActivity]: ViewPostImeInputStage processPointer 1
08-15 14:11:32.394 2708 2708 D AbsListView: onTouchUp() mTouchMode : 3
08-15 14:11:32.394 2708 2708 D AbsListView: onTouchUp() TOUCH_MODE_SCROLL initialVelocity : -4082
08-15 14:11:32.394 2708 2708 D AbsListView: reportScrollStateChange() newState : 2
08-15 14:11:32.663 2708 2708 D ViewRootImpl@ea71bb6[MainActivity]: ViewPostImeInputStage processPointer 0
08-15 14:11:32.703 2708 2708 D AbsListView: reportScrollStateChange() newState : 0
08-15 14:11:32.705 2708 2708 D AbsListView: reportScrollStateChange() newState : 1
08-15 14:11:32.996 2708 2708 D ViewRootImpl@ea71bb6[MainActivity]: ViewPostImeInputStage processPointer 1
08-15 14:11:32.997 2708 2708 D AbsListView: onTouchUp() mTouchMode : 3
08-15 14:11:32.997 2708 2708 D AbsListView: onTouchUp() TOUCH_MODE_SCROLL initialVelocity : -1309
08-15 14:11:32.997 2708 2708 D AbsListView: reportScrollStateChange() newState : 2
08-15 14:11:33.274 2708 2708 D ViewRootImpl@ea71bb6[MainActivity]: ViewPostImeInputStage processPointer 0
08-15 14:11:33.316 2708 2708 D AbsListView: reportScrollStateChange() newState : 0
08-15 14:11:33.316 2708 2708 D AbsListView: reportScrollStateChange() newState : 1
08-15 14:11:33.563 2708 2708 D ViewRootImpl@ea71bb6[MainActivity]: ViewPostImeInputStage processPointer 1
08-15 14:11:33.563 2708 2708 D AbsListView: onTouchUp() mTouchMode : 3
08-15 14:11:33.563 2708 2708 D AbsListView: onTouchUp() TOUCH_MODE_SCROLL initialVelocity : -23
08-15 14:11:33.563 2708 2708 D AbsListView: reportScrollStateChange() newState : 0
08-15 14:11:33.908 2708 2708 D ViewRootImpl@ea71bb6[MainActivity]: ViewPostImeInputStage processPointer 0
08-15 14:11:33.967 2708 2708 D ViewRootImpl@ea71bb6[MainActivity]: ViewPostImeInputStage processPointer 1
08-15 14:11:33.988 2708 2708 D item_click: viewId = 2131820758, position = 16
08-15 14:11:34.038 2708 2708 D ViewRootImpl@ea71bb6[MainActivity]: MSG_WINDOW_FOCUS_CHANGED 0
08-15 14:11:34.092 2708 2708 D ScrollView: initGoToTop
08-15 14:11:34.156 2708 2708 D ViewRootImpl@67473c3[CancelDeliveryActivity]: ThreadedRenderer.create() translucent=false
08-15 14:11:34.159 2708 2708 D InputTransport: Input channel constructed: fd=82
08-15 14:11:34.159 2708 2708 D ViewRootImpl@67473c3[CancelDeliveryActivity]: setView = DecorView@6ace440[CancelDeliveryActivity] touchMode=true
08-15 14:11:34.166 2708 2708 D ViewRootImpl@67473c3[CancelDeliveryActivity]: dispatchAttachedToWindow
08-15 14:11:34.194 2708 2708 D ViewRootImpl@67473c3[CancelDeliveryActivity]: Relayout returned: oldFrame=[0,0][0,0] newFrame=[0,0][768,1024] result=0x27 surface={isValid=true -1845567488} surfaceGenerationChanged=true
08-15 14:11:34.194 2708 2708 D ViewRootImpl@67473c3[CancelDeliveryActivity]: mHardwareRenderer.initialize() mSurface={isValid=true -1845567488} hwInitialized=true
08-15 14:11:34.199 2708 2708 D ScrollView: onsize change changed
08-15 14:11:34.200 2708 2708 D LOCATION_SERVICE: LocationListener gps
08-15 14:11:34.200 2708 2708 D LOCATION_SERVICE: LocationListener network
08-15 14:11:34.201 2708 2708 D LOCATION_SERVICE: onCreate
08-15 14:11:34.201 2708 2708 D LOCATION_SERVICE: initializeLocationManager
08-15 14:11:34.208 2708 2708 D LOCATION_SERVICE: onStartCommand
08-15 14:11:34.281 2708 2708 D ViewRootImpl@67473c3[CancelDeliveryActivity]: MSG_RESIZED_REPORT: frame=Rect(0, 0 - 768, 1024) ci=Rect(0, 24 - 0, 0) vi=Rect(0, 24 - 0, 0) or=1
08-15 14:11:34.281 2708 2708 D ViewRootImpl@67473c3[CancelDeliveryActivity]: MSG_WINDOW_FOCUS_CHANGED 1
08-15 14:11:34.281 2708 2708 D ViewRootImpl@67473c3[CancelDeliveryActivity]: mHardwareRenderer.initializeIfNeeded()#2 mSurface={isValid=true -1845567488}
08-15 14:11:34.285 2708 2708 V InputMethodManager: Starting input: tba=android.view.inputmethod.EditorInfo@3847d17 nm : cz.gienger.mobile ic=null
08-15 14:11:34.286 2708 2708 I InputMethodManager: startInputInner - mService.startInputOrWindowGainedFocus
08-15 14:11:34.290 2708 2708 D InputTransport: Input channel constructed: fd=105
08-15 14:11:34.290 2708 2708 D InputTransport: Input channel destroyed: fd=83
08-15 14:11:34.356 2708 2774 D OpenGLRenderer: endAllActiveAnimators on 0x94c62480 (RippleDrawable) with handle 0x91c0d420
08-15 14:11:34.356 2708 2708 D ViewRootImpl@ea71bb6[MainActivity]: mHardwareRenderer.destroy()#1
08-15 14:11:34.362 2708 2708 D ViewRootImpl@ea71bb6[MainActivity]: Relayout returned: oldFrame=[0,0][768,1024] newFrame=[0,0][768,1024] result=0x5 surface={isValid=false 0} surfaceGenerationChanged=true
08-15 14:11:34.728 2708 2708 D ViewRootImpl@ea71bb6[MainActivity]: Relayout returned: oldFrame=[0,0][768,1024] newFrame=[0,0][768,1024] result=0x5 surface={isValid=false 0} surfaceGenerationChanged=false
08-15 14:11:35.432 2708 2708 D ViewRootImpl@67473c3[CancelDeliveryActivity]: ViewPostImeInputStage processPointer 0
08-15 14:11:35.471 2708 2708 D ViewRootImpl@67473c3[CancelDeliveryActivity]: ViewPostImeInputStage processPointer 1
08-15 14:11:36.107 2708 2708 D ViewRootImpl@67473c3[CancelDeliveryActivity]: ViewPostImeInputStage processPointer 0
08-15 14:11:36.153 2708 2708 D ViewRootImpl@67473c3[CancelDeliveryActivity]: ViewPostImeInputStage processPointer 1
08-15 14:11:36.170 2708 2708 D UNDELIVERED: Reason ID = 9, Comment =
08-15 14:11:36.272 2708 2708 D ViewRootImpl@67473c3[CancelDeliveryActivity]: MSG_WINDOW_FOCUS_CHANGED 0
08-15 14:11:36.277 2708 11177 D MESSAGE_SERVICE: ACTION_COMPRESS_AND_UPLOAD
08-15 14:11:36.305 2708 2708 D ViewRootImpl@ea71bb6[MainActivity]: mHardwareRenderer.destroy()#4
08-15 14:11:36.305 2708 2708 D ViewRootImpl@ea71bb6[MainActivity]: dispatchDetachedFromWindow
08-15 14:11:36.312 2708 2708 D InputTransport: Input channel destroyed: fd=84
08-15 14:11:36.550 2708 2708 D ViewRootImpl@fd43342[MainActivity]: ThreadedRenderer.create() translucent=false
08-15 14:11:36.553 2708 2708 D InputTransport: Input channel constructed: fd=86
08-15 14:11:36.553 2708 2708 D ViewRootImpl@fd43342[MainActivity]: setView = DecorView@c041f53[MainActivity] touchMode=true
08-15 14:11:36.555 2708 2708 D ViewRootImpl@fd43342[MainActivity]: dispatchAttachedToWindow
08-15 14:11:36.618 2708 2708 D ViewRootImpl@fd43342[MainActivity]: Relayout returned: oldFrame=[0,0][0,0] newFrame=[0,0][768,1024] result=0x27 surface={isValid=true -1825050624} surfaceGenerationChanged=true
08-15 14:11:36.618 2708 2708 D ViewRootImpl@fd43342[MainActivity]: mHardwareRenderer.initialize() mSurface={isValid=true -1825050624} hwInitialized=true
08-15 14:11:36.700 2708 2708 D AbsListView: in onLayout changed
08-15 14:11:36.720 2708 2774 D OpenGLRenderer: endAllActiveAnimators on 0x95721300 (RippleDrawable) with handle 0x91d5cf20
08-15 14:11:36.720 2708 2708 D ViewRootImpl@67473c3[CancelDeliveryActivity]: mHardwareRenderer.destroy()#1
08-15 14:11:36.730 2708 2708 D ViewRootImpl@67473c3[CancelDeliveryActivity]: Relayout returned: oldFrame=[0,0][768,1024] newFrame=[0,0][768,1024] result=0x5 surface={isValid=false 0} surfaceGenerationChanged=true
08-15 14:11:36.794 2708 2708 D ViewRootImpl@fd43342[MainActivity]: MSG_RESIZED_REPORT: frame=Rect(0, 0 - 768, 1024) ci=Rect(0, 24 - 0, 0) vi=Rect(0, 24 - 0, 0) or=1
08-15 14:11:36.794 2708 2708 D ViewRootImpl@fd43342[MainActivity]: MSG_WINDOW_FOCUS_CHANGED 1
08-15 14:11:36.795 2708 2708 D ViewRootImpl@fd43342[MainActivity]: mHardwareRenderer.initializeIfNeeded()#2 mSurface={isValid=true -1825050624}
08-15 14:11:36.796 2708 2708 V InputMethodManager: Starting input: tba=android.view.inputmethod.EditorInfo@3ae7775 nm : cz.gienger.mobile ic=null
08-15 14:11:36.796 2708 2708 I InputMethodManager: startInputInner - mService.startInputOrWindowGainedFocus
08-15 14:11:36.801 2708 2708 D InputTransport: Input channel constructed: fd=84
08-15 14:11:36.801 2708 2708 D InputTransport: Input channel destroyed: fd=105
08-15 14:11:36.840 2708 2708 D TextView: SYANI: Clipboard API is calling: clearFilter()
08-15 14:11:36.840 2708 2708 D TextView: SYANI: Clipboard API is calling: unregisterClipboardEventListener()
08-15 14:11:36.848 2708 2708 D ViewRootImpl@67473c3[CancelDeliveryActivity]: mHardwareRenderer.destroy()#4
08-15 14:11:36.848 2708 2708 D ViewRootImpl@67473c3[CancelDeliveryActivity]: dispatchDetachedFromWindow
08-15 14:11:36.853 2708 2708 D InputTransport: Input channel destroyed: fd=82
08-15 14:11:36.853 2708 2708 D LOCATION_SERVICE: onDestroy
08-15 14:11:37.002 2708 11177 D FILE_MANAGER: Serializing delivery /data/user/0/cz.gienger.mobile/files/finished/130AT1182103559/130AT1182103559.xml
08-15 14:11:37.002 2708 11177 D FILE_MANAGER: Null files:
08-15 14:11:37.070 2708 11177 D MYINTERCEPTOR: /GiengerService.svc/sendorder
08-15 14:11:37.070 2708 11177 D OkHttp : --> POST https://testsaig1.gienger.cz/GiengerService.svc/sendorder http/1.1
08-15 14:11:37.070 2708 11177 D OkHttp : Content-Type: text/raw
08-15 14:11:37.071 2708 11177 D OkHttp : Content-Length: 6891
08-15 14:11:37.071 2708 11177 D OkHttp : filename: 130AT1182103559.xml
08-15 14:11:37.071 2708 11177 D OkHttp : Checksum: d63157e93a3def87007482053fd5adcc
08-15 14:11:37.071 2708 11177 D OkHttp : token: 8a1e8ea68c9b4da469fa9bcbb6e6a055
08-15 14:11:37.071 2708 11177 D OkHttp : --> END POST
08-15 14:11:37.186 2708 11177 D OkHttp : <-- 200 https://testsaig1.gienger.cz/GiengerService.svc/sendorder (114ms)
08-15 14:11:37.186 2708 11177 D OkHttp : content-type: application/xml; charset=utf-8
08-15 14:11:37.186 2708 11177 D OkHttp : server: Microsoft-IIS/10.0
08-15 14:11:37.186 2708 11177 D OkHttp : x-powered-by: ASP.NET
08-15 14:11:37.186 2708 11177 D OkHttp : date: Wed, 15 Aug 2018 12:11:36 GMT
08-15 14:11:37.186 2708 11177 D OkHttp : content-length: 175
08-15 14:11:37.186 2708 11177 D OkHttp : <-- END HTTP
08-15 14:11:37.189 2708 11177 D sendOrder_SUCCESS: 200
08-15 14:11:37.212 2708 11177 D MESSAGE_SERVICE: ACTION_RESEND_ORDERS
08-15 14:11:37.325 2708 2718 I art : Background sticky concurrent mark sweep GC freed 234982(9MB) AllocSpace objects, 16(316KB) LOS objects, 43% free, 12MB/22MB, paused 1.957ms total 110.336ms
08-15 14:11:37.498 2708 2708 D AbsListView: in onLayout changed
08-15 14:11:37.777 2708 2708 D AbsListView: in onLayout changed
08-15 14:11:39.331 2708 2708 D ViewRootImpl@fd43342[MainActivity]: ViewPostImeInputStage processPointer 0
08-15 14:11:39.365 2708 2708 D AbsListView: reportScrollStateChange() newState : 1
08-15 14:11:39.501 2708 2708 D ViewRootImpl@fd43342[MainActivity]: ViewPostImeInputStage processPointer 1
08-15 14:11:39.501 2708 2708 D AbsListView: onTouchUp() mTouchMode : 3
08-15 14:11:39.501 2708 2708 D AbsListView: onTouchUp() TOUCH_MODE_SCROLL initialVelocity : -4745
08-15 14:11:39.501 2708 2708 D AbsListView: reportScrollStateChange() newState : 2
08-15 14:11:39.912 2708 2708 D ViewRootImpl@fd43342[MainActivity]: ViewPostImeInputStage processPointer 0
08-15 14:11:39.956 2708 2708 D AbsListView: reportScrollStateChange() newState : 0
08-15 14:11:39.957 2708 2708 D AbsListView: reportScrollStateChange() newState : 1
08-15 14:11:40.322 2708 2708 D ViewRootImpl@fd43342[MainActivity]: ViewPostImeInputStage processPointer 1
08-15 14:11:40.323 2708 2708 D AbsListView: onTouchUp() mTouchMode : 3
08-15 14:11:40.323 2708 2708 D AbsListView: onTouchUp() TOUCH_MODE_SCROLL initialVelocity : -2141
08-15 14:11:40.323 2708 2708 D AbsListView: reportScrollStateChange() newState : 2
08-15 14:11:40.813 2708 2708 D ViewRootImpl@fd43342[MainActivity]: ViewPostImeInputStage processPointer 0
08-15 14:11:41.071 2708 2708 D ViewRootImpl@fd43342[MainActivity]: ViewPostImeInputStage processPointer 1
08-15 14:11:41.071 2708 2708 D AbsListView: onTouchUp() mTouchMode : 3
08-15 14:11:41.071 2708 2708 D AbsListView: onTouchUp() TOUCH_MODE_SCROLL initialVelocity : -1506
08-15 14:11:41.442 2708 2708 D ViewRootImpl@fd43342[MainActivity]: ViewPostImeInputStage processPointer 0
08-15 14:11:41.577 2708 2708 D ViewRootImpl@fd43342[MainActivity]: ViewPostImeInputStage processPointer 1
08-15 14:11:41.577 2708 2708 D AbsListView: onTouchUp() mTouchMode : 3
08-15 14:11:41.577 2708 2708 D AbsListView: onTouchUp() TOUCH_MODE_SCROLL initialVelocity : -4868
08-15 14:11:41.787 2708 2708 D AbsListView: reportScrollStateChange() newState : 0
08-15 14:11:41.836 2708 2708 D ViewRootImpl@fd43342[MainActivity]: ViewPostImeInputStage processPointer 0
08-15 14:11:42.057 2708 2708 D AbsListView: reportScrollStateChange() newState : 1
08-15 14:11:42.530 2708 2708 D ViewRootImpl@fd43342[MainActivity]: ViewPostImeInputStage processPointer 1
08-15 14:11:42.530 2708 2708 D AbsListView: onTouchUp() mTouchMode : 3
08-15 14:11:42.530 2708 2708 D AbsListView: onTouchUp() TOUCH_MODE_SCROLL initialVelocity : 0
08-15 14:11:42.530 2708 2708 D AbsListView: reportScrollStateChange() newState : 0
08-15 14:11:43.054 2708 2708 D ViewRootImpl@fd43342[MainActivity]: ViewPostImeInputStage processPointer 0
08-15 14:11:43.113 2708 2708 D ViewRootImpl@fd43342[MainActivity]: ViewPostImeInputStage processPointer 1
08-15 14:11:43.142 2708 2708 D item_click: viewId = 2131820758, position = 17
08-15 14:11:43.191 2708 2708 D ViewRootImpl@fd43342[MainActivity]: MSG_WINDOW_FOCUS_CHANGED 0
08-15 14:11:43.213 2708 2708 D Graph : removeVertex() : insertDummyVertex, because there is no ancestor.
08-15 14:11:43.244 2708 2708 D ScrollView: initGoToTop
08-15 14:11:43.308 2708 2708 D ViewRootImpl@1da5d85[CancelDeliveryActivity]: ThreadedRenderer.create() translucent=false
08-15 14:11:43.312 2708 2708 D InputTransport: Input channel constructed: fd=107
08-15 14:11:43.312 2708 2708 D ViewRootImpl@1da5d85[CancelDeliveryActivity]: setView = DecorView@c5687da[CancelDeliveryActivity] touchMode=true
08-15 14:11:43.315 2708 2708 D LOCATION_SERVICE: LocationListener gps
08-15 14:11:43.316 2708 2708 D LOCATION_SERVICE: LocationListener network
08-15 14:11:43.317 2708 2708 D LOCATION_SERVICE: onCreate
08-15 14:11:43.317 2708 2708 D LOCATION_SERVICE: initializeLocationManager
08-15 14:11:43.329 2708 2708 D LOCATION_SERVICE: onStartCommand
08-15 14:11:43.339 2708 2708 D ViewRootImpl@1da5d85[CancelDeliveryActivity]: dispatchAttachedToWindow
08-15 14:11:43.368 2708 2708 D ViewRootImpl@1da5d85[CancelDeliveryActivity]: Relayout returned: oldFrame=[0,0][0,0] newFrame=[0,0][768,1024] result=0x27 surface={isValid=true -1846022144} surfaceGenerationChanged=true
08-15 14:11:43.368 2708 2708 D ViewRootImpl@1da5d85[CancelDeliveryActivity]: mHardwareRenderer.initialize() mSurface={isValid=true -1846022144} hwInitialized=true
08-15 14:11:43.373 2708 2708 D ScrollView: onsize change changed
08-15 14:11:43.421 2708 2708 D ViewRootImpl@1da5d85[CancelDeliveryActivity]: MSG_RESIZED_REPORT: frame=Rect(0, 0 - 768, 1024) ci=Rect(0, 24 - 0, 0) vi=Rect(0, 24 - 0, 0) or=1
08-15 14:11:43.421 2708 2708 D ViewRootImpl@1da5d85[CancelDeliveryActivity]: MSG_WINDOW_FOCUS_CHANGED 1
08-15 14:11:43.421 2708 2708 D ViewRootImpl@1da5d85[CancelDeliveryActivity]: mHardwareRenderer.initializeIfNeeded()#2 mSurface={isValid=true -1846022144}
08-15 14:11:43.428 2708 2708 V InputMethodManager: Starting input: tba=android.view.inputmethod.EditorInfo@f809b39 nm : cz.gienger.mobile ic=null
08-15 14:11:43.428 2708 2708 I InputMethodManager: startInputInner - mService.startInputOrWindowGainedFocus
08-15 14:11:43.438 2708 2708 D InputTransport: Input channel constructed: fd=108
08-15 14:11:43.438 2708 2708 D InputTransport: Input channel destroyed: fd=84
08-15 14:11:43.483 2708 2774 D OpenGLRenderer: endAllActiveAnimators on 0x94c5fa80 (RippleDrawable) with handle 0x91c0d0b0
08-15 14:11:43.484 2708 2708 D ViewRootImpl@fd43342[MainActivity]: mHardwareRenderer.destroy()#1
08-15 14:11:43.490 2708 2708 D ViewRootImpl@fd43342[MainActivity]: Relayout returned: oldFrame=[0,0][768,1024] newFrame=[0,0][768,1024] result=0x5 surface={isValid=false 0} surfaceGenerationChanged=true
08-15 14:11:43.882 2708 2708 D ViewRootImpl@fd43342[MainActivity]: Relayout returned: oldFrame=[0,0][768,1024] newFrame=[0,0][768,1024] result=0x5 surface={isValid=false 0} surfaceGenerationChanged=false
08-15 14:11:44.123 2708 2708 D LOCATION_SERVICE: onLocationChanged: Location[network 49,191107,17,534404 acc=21 et=+1h42m26s932ms alt=0.0 vel=0.0 bear=0.0 {Bundle[mParcelledData.dataSize=80]}]
08-15 14:11:44.153 2708 2708 D ViewRootImpl@1da5d85[CancelDeliveryActivity]: ViewPostImeInputStage processPointer 0
08-15 14:11:44.214 2708 2708 D ViewRootImpl@1da5d85[CancelDeliveryActivity]: ViewPostImeInputStage processPointer 1
08-15 14:11:44.789 2708 2708 D ViewRootImpl@1da5d85[CancelDeliveryActivity]: ViewPostImeInputStage processPointer 0
08-15 14:11:44.862 2708 2708 D ViewRootImpl@1da5d85[CancelDeliveryActivity]: ViewPostImeInputStage processPointer 1
08-15 14:11:44.873 2708 2708 D UNDELIVERED: Reason ID = 8, Comment =
08-15 14:11:44.981 2708 2708 D ViewRootImpl@1da5d85[CancelDeliveryActivity]: MSG_WINDOW_FOCUS_CHANGED 0
08-15 14:11:44.992 2708 11186 D MESSAGE_SERVICE: ACTION_COMPRESS_AND_UPLOAD
08-15 14:11:45.002 2708 2708 D ViewRootImpl@fd43342[MainActivity]: mHardwareRenderer.destroy()#4
08-15 14:11:45.002 2708 2708 D ViewRootImpl@fd43342[MainActivity]: dispatchDetachedFromWindow
08-15 14:11:45.011 2708 2708 D InputTransport: Input channel destroyed: fd=86
08-15 14:11:45.230 2708 2708 D ViewRootImpl@a435895[MainActivity]: ThreadedRenderer.create() translucent=false
08-15 14:11:45.233 2708 2708 D InputTransport: Input channel constructed: fd=90
08-15 14:11:45.233 2708 2708 D ViewRootImpl@a435895[MainActivity]: setView = DecorView@be84daa[MainActivity] touchMode=true
08-15 14:11:45.253 2708 2774 D OpenGLRenderer: endAllActiveAnimators on 0x95721d80 (RippleDrawable) with handle 0x91fadfb0
08-15 14:11:45.253 2708 2708 D ViewRootImpl@1da5d85[CancelDeliveryActivity]: mHardwareRenderer.destroy()#1
08-15 14:11:45.260 2708 2708 D ViewRootImpl@1da5d85[CancelDeliveryActivity]: Relayout returned: oldFrame=[0,0][768,1024] newFrame=[0,0][768,1024] result=0x5 surface={isValid=false 0} surfaceGenerationChanged=true
08-15 14:11:45.262 2708 2708 D ViewRootImpl@a435895[MainActivity]: dispatchAttachedToWindow
08-15 14:11:45.310 2708 2708 D ViewRootImpl@a435895[MainActivity]: Relayout returned: oldFrame=[0,0][0,0] newFrame=[0,0][768,1024] result=0x7 surface={isValid=true -1846022144} surfaceGenerationChanged=true
08-15 14:11:45.311 2708 2708 D ViewRootImpl@a435895[MainActivity]: mHardwareRenderer.initialize() mSurface={isValid=true -1846022144} hwInitialized=true
08-15 14:11:45.383 2708 2708 D AbsListView: in onLayout changed
08-15 14:11:45.439 2708 2708 D ViewRootImpl@a435895[MainActivity]: MSG_RESIZED_REPORT: frame=Rect(0, 0 - 768, 1024) ci=Rect(0, 24 - 0, 0) vi=Rect(0, 24 - 0, 0) or=1
08-15 14:11:45.439 2708 2708 D ViewRootImpl@a435895[MainActivity]: MSG_WINDOW_FOCUS_CHANGED 1
08-15 14:11:45.440 2708 2708 D ViewRootImpl@a435895[MainActivity]: mHardwareRenderer.initializeIfNeeded()#2 mSurface={isValid=true -1846022144}
08-15 14:11:45.441 2708 2708 V InputMethodManager: Starting input: tba=android.view.inputmethod.EditorInfo@186b7d4 nm : cz.gienger.mobile ic=null
08-15 14:11:45.441 2708 2708 I InputMethodManager: startInputInner - mService.startInputOrWindowGainedFocus
08-15 14:11:45.455 2708 2708 D InputTransport: Input channel constructed: fd=86
08-15 14:11:45.455 2708 2708 D InputTransport: Input channel destroyed: fd=108
08-15 14:11:45.491 2708 2708 D TextView: SYANI: Clipboard API is calling: clearFilter()
08-15 14:11:45.492 2708 2708 D TextView: SYANI: Clipboard API is calling: unregisterClipboardEventListener()
08-15 14:11:45.502 2708 2708 D ViewRootImpl@1da5d85[CancelDeliveryActivity]: mHardwareRenderer.destroy()#4
08-15 14:11:45.502 2708 2708 D ViewRootImpl@1da5d85[CancelDeliveryActivity]: dispatchDetachedFromWindow
08-15 14:11:45.509 2708 2708 D InputTransport: Input channel destroyed: fd=107
08-15 14:11:45.509 2708 2708 D LOCATION_SERVICE: onDestroy
08-15 14:11:45.719 2708 11186 D FILE_MANAGER: Serializing delivery /data/user/0/cz.gienger.mobile/files/finished/130AT1182103578/130AT1182103578.xml
08-15 14:11:45.719 2708 11186 D FILE_MANAGER: Null files:
08-15 14:11:45.773 2708 11186 D MYINTERCEPTOR: /GiengerService.svc/sendorder
08-15 14:11:45.773 2708 11186 D OkHttp : --> POST https://testsaig1.gienger.cz/GiengerService.svc/sendorder http/1.1
08-15 14:11:45.773 2708 11186 D OkHttp : Content-Type: text/raw
08-15 14:11:45.774 2708 11186 D OkHttp : Content-Length: 2987
08-15 14:11:45.774 2708 11186 D OkHttp : filename: 130AT1182103578.xml
08-15 14:11:45.774 2708 11186 D OkHttp : Checksum: ea762ac0e40dc19257990769df21eb0c
08-15 14:11:45.774 2708 11186 D OkHttp : token: 8a1e8ea68c9b4da469fa9bcbb6e6a055
08-15 14:11:45.774 2708 11186 D OkHttp : --> END POST
08-15 14:11:45.872 2708 11186 D OkHttp : <-- 200 https://testsaig1.gienger.cz/GiengerService.svc/sendorder (98ms)
08-15 14:11:45.872 2708 11186 D OkHttp : content-type: application/xml; charset=utf-8
08-15 14:11:45.872 2708 11186 D OkHttp : server: Microsoft-IIS/10.0
08-15 14:11:45.872 2708 11186 D OkHttp : x-powered-by: ASP.NET
08-15 14:11:45.872 2708 11186 D OkHttp : date: Wed, 15 Aug 2018 12:11:44 GMT
08-15 14:11:45.872 2708 11186 D OkHttp : content-length: 175
08-15 14:11:45.872 2708 11186 D OkHttp : <-- END HTTP
08-15 14:11:45.875 2708 11186 D sendOrder_SUCCESS: 200
08-15 14:11:45.906 2708 11186 D MESSAGE_SERVICE: ACTION_RESEND_ORDERS
08-15 14:11:46.115 2708 2708 D ViewRootImpl@a435895[MainActivity]: ViewPostImeInputStage processPointer 0
08-15 14:11:46.209 2708 2708 D AbsListView: in onLayout changed
08-15 14:11:46.222 2708 2708 D ViewRootImpl@a435895[MainActivity]: ViewPostImeInputStage processPointer 1
08-15 14:11:46.483 2708 2708 D AbsListView: in onLayout changed
08-15 14:11:46.495 2708 2708 D ViewRootImpl@a435895[MainActivity]: ViewPostImeInputStage processPointer 0
08-15 14:11:46.549 2708 2708 D AbsListView: reportScrollStateChange() newState : 1
08-15 14:11:46.637 2708 2708 D ViewRootImpl@a435895[MainActivity]: ViewPostImeInputStage processPointer 1
08-15 14:11:46.638 2708 2708 D AbsListView: onTouchUp() mTouchMode : 3
08-15 14:11:46.638 2708 2708 D AbsListView: onTouchUp() TOUCH_MODE_SCROLL initialVelocity : -6075
08-15 14:11:46.638 2708 2708 D AbsListView: reportScrollStateChange() newState : 2
08-15 14:11:47.541 2708 2708 D ViewRootImpl@a435895[MainActivity]: ViewPostImeInputStage processPointer 0
08-15 14:11:47.609 2708 2708 D ViewRootImpl@a435895[MainActivity]: ViewPostImeInputStage processPointer 1
08-15 14:11:47.609 2708 2708 D AbsListView: onTouchUp() mTouchMode : 3
08-15 14:11:47.609 2708 2708 D AbsListView: onTouchUp() TOUCH_MODE_SCROLL initialVelocity : -8000
08-15 14:11:47.802 2708 2708 D AbsListView: reportScrollStateChange() newState : 0
08-15 14:11:48.391 2708 2708 D ViewRootImpl@a435895[MainActivity]: ViewPostImeInputStage processPointer 0
08-15 14:11:48.437 2708 2708 D ViewRootImpl@a435895[MainActivity]: ViewPostImeInputStage processPointer 1
08-15 14:11:48.454 2708 2708 D item_click: viewId = 2131820758, position = 18
08-15 14:11:48.512 2708 2708 D ViewRootImpl@a435895[MainActivity]: MSG_WINDOW_FOCUS_CHANGED 0
08-15 14:11:48.539 2708 2708 D Graph : removeVertex() : insertDummyVertex, because there is no ancestor.
08-15 14:11:48.563 2708 2708 D ScrollView: initGoToTop
08-15 14:11:48.626 2708 2708 D ViewRootImpl@971f62a[CancelDeliveryActivity]: ThreadedRenderer.create() translucent=false
08-15 14:11:48.629 2708 2708 D InputTransport: Input channel constructed: fd=83
08-15 14:11:48.629 2708 2708 D ViewRootImpl@971f62a[CancelDeliveryActivity]: setView = DecorView@d02cc1b[CancelDeliveryActivity] touchMode=true
08-15 14:11:48.631 2708 2708 D LOCATION_SERVICE: LocationListener gps
08-15 14:11:48.631 2708 2708 D LOCATION_SERVICE: LocationListener network
08-15 14:11:48.632 2708 2708 D LOCATION_SERVICE: onCreate
08-15 14:11:48.632 2708 2708 D LOCATION_SERVICE: initializeLocationManager
08-15 14:11:48.643 2708 2708 D LOCATION_SERVICE: onStartCommand
08-15 14:11:48.661 2708 2708 D ViewRootImpl@971f62a[CancelDeliveryActivity]: dispatchAttachedToWindow
08-15 14:11:48.696 2708 2708 D ViewRootImpl@971f62a[CancelDeliveryActivity]: Relayout returned: oldFrame=[0,0][0,0] newFrame=[0,0][768,1024] result=0x27 surface={isValid=true -1533962240} surfaceGenerationChanged=true
08-15 14:11:48.696 2708 2708 D ViewRootImpl@971f62a[CancelDeliveryActivity]: mHardwareRenderer.initialize() mSurface={isValid=true -1533962240} hwInitialized=true
08-15 14:11:48.701 2708 2708 D ScrollView: onsize change changed
08-15 14:11:48.738 2708 2708 D ViewRootImpl@971f62a[CancelDeliveryActivity]: MSG_RESIZED_REPORT: frame=Rect(0, 0 - 768, 1024) ci=Rect(0, 24 - 0, 0) vi=Rect(0, 24 - 0, 0) or=1
08-15 14:11:48.738 2708 2708 D ViewRootImpl@971f62a[CancelDeliveryActivity]: MSG_WINDOW_FOCUS_CHANGED 1
08-15 14:11:48.738 2708 2708 D ViewRootImpl@971f62a[CancelDeliveryActivity]: mHardwareRenderer.initializeIfNeeded()#2 mSurface={isValid=true -1533962240}
08-15 14:11:48.743 2708 2708 V InputMethodManager: Starting input: tba=android.view.inputmethod.EditorInfo@edbe5ef nm : cz.gienger.mobile ic=null
08-15 14:11:48.743 2708 2708 I InputMethodManager: startInputInner - mService.startInputOrWindowGainedFocus
08-15 14:11:48.755 2708 2708 D InputTransport: Input channel constructed: fd=84
08-15 14:11:48.755 2708 2708 D InputTransport: Input channel destroyed: fd=86
08-15 14:11:48.800 2708 2774 D OpenGLRenderer: endAllActiveAnimators on 0x9192ef80 (RippleDrawable) with handle 0x9298a890
08-15 14:11:48.800 2708 2708 D ViewRootImpl@a435895[MainActivity]: mHardwareRenderer.destroy()#1
08-15 14:11:48.808 2708 2708 D ViewRootImpl@a435895[MainActivity]: Relayout returned: oldFrame=[0,0][768,1024] newFrame=[0,0][768,1024] result=0x5 surface={isValid=false 0} surfaceGenerationChanged=true
08-15 14:11:49.194 2708 2708 D ViewRootImpl@a435895[MainActivity]: Relayout returned: oldFrame=[0,0][768,1024] newFrame=[0,0][768,1024] result=0x5 surface={isValid=false 0} surfaceGenerationChanged=false
08-15 14:11:50.040 2708 2708 D ViewRootImpl@971f62a[CancelDeliveryActivity]: ViewPostImeInputStage processPointer 0
08-15 14:11:50.100 2708 2708 D ViewRootImpl@971f62a[CancelDeliveryActivity]: ViewPostImeInputStage processPointer 1
08-15 14:11:50.717 2708 2708 D ViewRootImpl@971f62a[CancelDeliveryActivity]: ViewPostImeInputStage processPointer 0
08-15 14:11:50.790 2708 2708 D ViewRootImpl@971f62a[CancelDeliveryActivity]: ViewPostImeInputStage processPointer 1
08-15 14:11:50.810 2708 2708 D UNDELIVERED: Reason ID = 0, Comment =
08-15 14:11:50.900 2708 2708 D ViewRootImpl@971f62a[CancelDeliveryActivity]: MSG_WINDOW_FOCUS_CHANGED 0
08-15 14:11:50.901 2708 11193 D MESSAGE_SERVICE: ACTION_COMPRESS_AND_UPLOAD
08-15 14:11:50.926 2708 2708 D ViewRootImpl@a435895[MainActivity]: mHardwareRenderer.destroy()#4
08-15 14:11:50.926 2708 2708 D ViewRootImpl@a435895[MainActivity]: dispatchDetachedFromWindow
08-15 14:11:50.933 2708 2708 D InputTransport: Input channel destroyed: fd=90
08-15 14:11:51.153 2708 2708 D ViewRootImpl@a0161ab[MainActivity]: ThreadedRenderer.create() translucent=false
08-15 14:11:51.156 2708 2708 D InputTransport: Input channel constructed: fd=105
08-15 14:11:51.156 2708 2708 D ViewRootImpl@a0161ab[MainActivity]: setView = DecorView@39ae008[MainActivity] touchMode=true
08-15 14:11:51.158 2708 2708 D ViewRootImpl@a0161ab[MainActivity]: dispatchAttachedToWindow
08-15 14:11:51.221 2708 2708 D ViewRootImpl@a0161ab[MainActivity]: Relayout returned: oldFrame=[0,0][0,0] newFrame=[0,0][768,1024] result=0x27 surface={isValid=true -1824673792} surfaceGenerationChanged=true
08-15 14:11:51.221 2708 2708 D ViewRootImpl@a0161ab[MainActivity]: mHardwareRenderer.initialize() mSurface={isValid=true -1824673792} hwInitialized=true
08-15 14:11:51.327 2708 2708 D AbsListView: in onLayout changed
08-15 14:11:51.354 2708 2774 D OpenGLRenderer: endAllActiveAnimators on 0x94d5cd80 (RippleDrawable) with handle 0x932932a0
08-15 14:11:51.355 2708 2708 D ViewRootImpl@971f62a[CancelDeliveryActivity]: mHardwareRenderer.destroy()#1
08-15 14:11:51.366 2708 2708 D ViewRootImpl@971f62a[CancelDeliveryActivity]: Relayout returned: oldFrame=[0,0][768,1024] newFrame=[0,0][768,1024] result=0x5 surface={isValid=false 0} surfaceGenerationChanged=true
08-15 14:11:51.426 2708 2708 D ViewRootImpl@a0161ab[MainActivity]: MSG_RESIZED_REPORT: frame=Rect(0, 0 - 768, 1024) ci=Rect(0, 24 - 0, 0) vi=Rect(0, 24 - 0, 0) or=1
08-15 14:11:51.427 2708 2708 D ViewRootImpl@a0161ab[MainActivity]: MSG_WINDOW_FOCUS_CHANGED 1
08-15 14:11:51.427 2708 2708 D ViewRootImpl@a0161ab[MainActivity]: mHardwareRenderer.initializeIfNeeded()#2 mSurface={isValid=true -1824673792}
08-15 14:11:51.428 2708 2708 V InputMethodManager: Starting input: tba=android.view.inputmethod.EditorInfo@1565cc2 nm : cz.gienger.mobile ic=null
08-15 14:11:51.428 2708 2708 I InputMethodManager: startInputInner - mService.startInputOrWindowGainedFocus
08-15 14:11:51.435 2708 2708 D InputTransport: Input channel constructed: fd=86
08-15 14:11:51.435 2708 2708 D InputTransport: Input channel destroyed: fd=84
08-15 14:11:51.471 2708 2708 D TextView: SYANI: Clipboard API is calling: clearFilter()
08-15 14:11:51.471 2708 2708 D TextView: SYANI: Clipboard API is calling: unregisterClipboardEventListener()
08-15 14:11:51.481 2708 2708 D ViewRootImpl@971f62a[CancelDeliveryActivity]: mHardwareRenderer.destroy()#4
08-15 14:11:51.481 2708 2708 D ViewRootImpl@971f62a[CancelDeliveryActivity]: dispatchDetachedFromWindow
08-15 14:11:51.486 2708 2708 D InputTransport: Input channel destroyed: fd=83
08-15 14:11:51.486 2708 2708 D LOCATION_SERVICE: onDestroy
08-15 14:11:51.621 2708 11193 D FILE_MANAGER: Serializing delivery /data/user/0/cz.gienger.mobile/files/finished/130AT1181706477/130AT1181706477.xml
08-15 14:11:51.621 2708 11193 D FILE_MANAGER: Null files:
08-15 14:11:51.695 2708 11193 D MYINTERCEPTOR: /GiengerService.svc/sendorder
08-15 14:11:51.695 2708 11193 D OkHttp : --> POST https://testsaig1.gienger.cz/GiengerService.svc/sendorder http/1.1
08-15 14:11:51.695 2708 11193 D OkHttp : Content-Type: text/raw
08-15 14:11:51.695 2708 11193 D OkHttp : Content-Length: 11254
08-15 14:11:51.696 2708 11193 D OkHttp : filename: 130AT1181706477.xml
08-15 14:11:51.696 2708 11193 D OkHttp : Checksum: 2df0bf70d2c842229ed47118c1331e00
08-15 14:11:51.696 2708 11193 D OkHttp : token: 8a1e8ea68c9b4da469fa9bcbb6e6a055
08-15 14:11:51.696 2708 11193 D OkHttp : --> END POST
08-15 14:11:51.803 2708 11193 D OkHttp : <-- 200 https://testsaig1.gienger.cz/GiengerService.svc/sendorder (107ms)
08-15 14:11:51.803 2708 11193 D OkHttp : content-type: application/xml; charset=utf-8
08-15 14:11:51.803 2708 11193 D OkHttp : server: Microsoft-IIS/10.0
08-15 14:11:51.803 2708 11193 D OkHttp : x-powered-by: ASP.NET
08-15 14:11:51.803 2708 11193 D OkHttp : date: Wed, 15 Aug 2018 12:11:50 GMT
08-15 14:11:51.803 2708 11193 D OkHttp : content-length: 175
08-15 14:11:51.803 2708 11193 D OkHttp : <-- END HTTP
08-15 14:11:51.814 2708 11193 D sendOrder_SUCCESS: 200
08-15 14:11:51.876 2708 11193 D MESSAGE_SERVICE: ACTION_RESEND_ORDERS
08-15 14:11:52.138 2708 2708 D AbsListView: in onLayout changed
08-15 14:11:52.323 2708 2708 D ViewRootImpl@a0161ab[MainActivity]: MSG_WINDOW_FOCUS_CHANGED 0
08-15 14:11:52.513 2708 2708 D AbsListView: in onLayout changed
08-15 14:11:52.528 2708 2708 D Graph : removeVertex() : insertDummyVertex, because there is no ancestor.
08-15 14:11:52.579 2708 2708 D ScrollView: initGoToTop
08-15 14:11:52.584 2708 2708 D ScrollView: initGoToTop
08-15 14:11:52.593 2708 2708 D ViewRootImpl@15f84f9[MainActivity]: ThreadedRenderer.create() translucent=true
08-15 14:11:52.598 2708 2708 D InputTransport: Input channel constructed: fd=110
08-15 14:11:52.598 2708 2708 D ViewRootImpl@15f84f9[MainActivity]: setView = DecorView@1c5ac3e[MainActivity] touchMode=true
08-15 14:11:52.773 2708 2708 D ViewRootImpl@2080e97[MainActivity]: ThreadedRenderer.create() translucent=false
08-15 14:11:52.777 2708 2708 D InputTransport: Input channel constructed: fd=111
08-15 14:11:52.777 2708 2708 D ViewRootImpl@2080e97[MainActivity]: setView = DecorView@1aa6884[MainActivity] touchMode=true
08-15 14:11:52.816 2708 2708 D ViewRootImpl@a0161ab[MainActivity]: mHardwareRenderer.destroy()#1
08-15 14:11:52.824 2708 2708 D ViewRootImpl@a0161ab[MainActivity]: Relayout returned: oldFrame=[0,0][768,1024] newFrame=[0,0][768,1024] result=0x5 surface={isValid=false 0} surfaceGenerationChanged=true
08-15 14:11:52.825 2708 2708 D ViewRootImpl@15f84f9[MainActivity]: dispatchAttachedToWindow
08-15 14:11:52.886 2708 2718 I art : Background partial concurrent mark sweep GC freed 256764(12MB) AllocSpace objects, 21(456KB) LOS objects, 55% free, 9MB/21MB, paused 1.814ms total 161.597ms
08-15 14:11:52.939 2708 2708 D ViewRootImpl@15f84f9[MainActivity]: Relayout returned: oldFrame=[0,0][0,0] newFrame=[94,445][674,603] result=0x27 surface={isValid=true -1852899328} surfaceGenerationChanged=true
08-15 14:11:52.939 2708 2708 D ViewRootImpl@15f84f9[MainActivity]: mHardwareRenderer.initialize() mSurface={isValid=true -1852899328} hwInitialized=true
08-15 14:11:52.941 2708 2708 D ScrollView: onsize change changed
08-15 14:11:52.941 2708 2708 D ScrollView: onsize change changed
08-15 14:11:52.942 2708 2708 D ViewRootImpl@2080e97[MainActivity]: dispatchAttachedToWindow
08-15 14:11:52.977 2708 2708 D ViewRootImpl@2080e97[MainActivity]: Relayout returned: oldFrame=[0,0][0,0] newFrame=[0,0][768,1024] result=0x7 surface={isValid=true -1852493824} surfaceGenerationChanged=true
08-15 14:11:52.978 2708 2708 D ViewRootImpl@2080e97[MainActivity]: mHardwareRenderer.initialize() mSurface={isValid=true -1852493824} hwInitialized=true
08-15 14:11:53.045 2708 2708 D AbsListView: in onLayout changed
08-15 14:11:53.046 2708 2708 D ViewRootImpl@15f84f9[MainActivity]: MSG_WINDOW_FOCUS_CHANGED 1
08-15 14:11:53.046 2708 2708 D ViewRootImpl@15f84f9[MainActivity]: mHardwareRenderer.initializeIfNeeded()#2 mSurface={isValid=true -1852899328}
08-15 14:11:53.111 2708 2708 D ViewRootImpl@15f84f9[MainActivity]: MSG_RESIZED_REPORT: frame=Rect(94, 445 - 674, 603) ci=Rect(0, 0 - 0, 0) vi=Rect(0, 0 - 0, 0) or=1
08-15 14:11:53.118 2708 2708 D ViewRootImpl@2080e97[MainActivity]: MSG_RESIZED_REPORT: frame=Rect(0, 0 - 768, 1024) ci=Rect(0, 24 - 0, 0) vi=Rect(0, 24 - 0, 0) or=1
08-15 14:11:53.200 2708 2708 D Graph : removeVertex() : insertDummyVertex, because there is no ancestor.
08-15 14:11:53.208 2708 2708 D ViewRootImpl@a0161ab[MainActivity]: mHardwareRenderer.destroy()#4
08-15 14:11:53.208 2708 2708 D ViewRootImpl@a0161ab[MainActivity]: dispatchDetachedFromWindow
08-15 14:11:53.215 2708 2708 D InputTransport: Input channel destroyed: fd=105
08-15 14:12:34.355 2708 2708 D AbsListView: in onLayout changed
08-15 14:12:34.357 2708 2708 D ViewRootImpl@2080e97[MainActivity]: MSG_RESIZED_REPORT: frame=Rect(0, 0 - 768, 1024) ci=Rect(0, 24 - 0, 0) vi=Rect(0, 24 - 0, 0) or=1
08-15 14:12:34.357 2708 2708 D ViewRootImpl@15f84f9[MainActivity]: MSG_RESIZED_REPORT: frame=Rect(94, 445 - 674, 603) ci=Rect(0, 0 - 0, 0) vi=Rect(0, 0 - 0, 0) or=1
08-15 14:12:53.094 2708 2708 D ViewRootImpl@15f84f9[MainActivity]: ViewPostImeInputStage processPointer 0
08-15 14:12:53.149 2708 2708 D ViewRootImpl@15f84f9[MainActivity]: ViewPostImeInputStage processPointer 1
08-15 14:12:53.178 2708 2708 D ViewRootImpl@15f84f9[MainActivity]: mHardwareRenderer.destroy()#4
08-15 14:12:53.178 2708 2708 D ViewRootImpl@15f84f9[MainActivity]: dispatchDetachedFromWindow
08-15 14:12:53.188 2708 2708 D InputTransport: Input channel destroyed: fd=110
08-15 14:12:53.188 2708 2708 D ViewRootImpl@2080e97[MainActivity]: MSG_WINDOW_FOCUS_CHANGED 1
08-15 14:12:53.188 2708 2708 D ViewRootImpl@2080e97[MainActivity]: mHardwareRenderer.initializeIfNeeded()#2 mSurface={isValid=true -1852493824}
08-15 14:12:53.190 2708 2708 V InputMethodManager: Starting input: tba=android.view.inputmethod.EditorInfo@bdc80c9 nm : cz.gienger.mobile ic=null
08-15 14:12:53.190 2708 2708 I InputMethodManager: startInputInner - mService.startInputOrWindowGainedFocus
08-15 14:12:53.195 2708 2708 D InputTransport: Input channel constructed: fd=66
08-15 14:12:53.195 2708 2708 D InputTransport: Input channel destroyed: fd=86
08-15 14:12:53.196 2708 2708 E ViewRootImpl: sendUserActionEvent() returned.
08-15 14:12:58.334 2708 2708 D ViewRootImpl@2080e97[MainActivity]: ViewPostImeInputStage processPointer 0
08-15 14:12:58.386 2708 2708 D AbsListView: reportScrollStateChange() newState : 1
08-15 14:12:58.545 2708 2708 D ViewRootImpl@2080e97[MainActivity]: ViewPostImeInputStage processPointer 1
08-15 14:12:58.545 2708 2708 D AbsListView: onTouchUp() mTouchMode : 3
08-15 14:12:58.546 2708 2708 D AbsListView: onTouchUp() TOUCH_MODE_SCROLL initialVelocity : -543
08-15 14:12:58.546 2708 2708 D AbsListView: reportScrollStateChange() newState : 2
08-15 14:12:58.920 2708 2708 D AbsListView: reportScrollStateChange() newState : 0
08-15 14:12:59.109 2708 2708 D ViewRootImpl@2080e97[MainActivity]: ViewPostImeInputStage processPointer 0
08-15 14:12:59.171 2708 2708 D AbsListView: reportScrollStateChange() newState : 1
08-15 14:12:59.195 2708 2708 D ViewRootImpl@2080e97[MainActivity]: ViewPostImeInputStage processPointer 1
08-15 14:12:59.195 2708 2708 D AbsListView: onTouchUp() mTouchMode : 3
08-15 14:12:59.195 2708 2708 D AbsListView: onTouchUp() TOUCH_MODE_SCROLL initialVelocity : -2509
08-15 14:12:59.195 2708 2708 D AbsListView: reportScrollStateChange() newState : 2
08-15 14:12:59.996 2708 2708 D ViewRootImpl@2080e97[MainActivity]: ViewPostImeInputStage processPointer 0
08-15 14:13:00.086 2708 2708 D ViewRootImpl@2080e97[MainActivity]: ViewPostImeInputStage processPointer 1
08-15 14:13:00.086 2708 2708 D AbsListView: onTouchUp() mTouchMode : 3
08-15 14:13:00.086 2708 2708 D AbsListView: onTouchUp() TOUCH_MODE_SCROLL initialVelocity : -8000
08-15 14:13:00.641 2708 2708 D AbsListView: reportScrollStateChange() newState : 0
08-15 14:13:02.667 2708 2708 D ViewRootImpl@2080e97[MainActivity]: ViewPostImeInputStage processPointer 0
08-15 14:13:02.695 2708 2708 D AbsListView: reportScrollStateChange() newState : 1
08-15 14:13:02.739 2708 2708 D ViewRootImpl@2080e97[MainActivity]: ViewPostImeInputStage processPointer 1
08-15 14:13:02.739 2708 2708 D AbsListView: onTouchUp() mTouchMode : 3
08-15 14:13:02.739 2708 2708 D AbsListView: onTouchUp() TOUCH_MODE_SCROLL initialVelocity : 6215
08-15 14:13:02.739 2708 2708 D AbsListView: reportScrollStateChange() newState : 2
08-15 14:13:04.459 2708 2708 D ViewRootImpl@2080e97[MainActivity]: ViewPostImeInputStage processPointer 0
08-15 14:13:04.460 2708 2708 D AbsListView: reportScrollStateChange() newState : 0
08-15 14:13:04.551 2708 2708 D ViewRootImpl@2080e97[MainActivity]: ViewPostImeInputStage processPointer 1
08-15 14:13:04.551 2708 2708 D AbsListView: onTouchUp() mTouchMode : 3
08-15 14:13:04.551 2708 2708 D AbsListView: onTouchUp() TOUCH_MODE_SCROLL initialVelocity : 0
08-15 14:13:05.148 2708 2708 D ViewRootImpl@2080e97[MainActivity]: ViewPostImeInputStage processPointer 0
08-15 14:13:05.302 2708 2708 D AbsListView: reportScrollStateChange() newState : 1
08-15 14:13:05.872 2708 2708 D ViewRootImpl@2080e97[MainActivity]: ViewPostImeInputStage processPointer 1
08-15 14:13:05.872 2708 2708 D AbsListView: onTouchUp() mTouchMode : 3
08-15 14:13:05.872 2708 2708 D AbsListView: onTouchUp() TOUCH_MODE_SCROLL initialVelocity : -4919
08-15 14:13:05.872 2708 2708 D AbsListView: reportScrollStateChange() newState : 2
08-15 14:13:06.590 2708 2708 D ViewRootImpl@2080e97[MainActivity]: ViewPostImeInputStage processPointer 0
08-15 14:13:06.640 2708 2708 D ViewRootImpl@2080e97[MainActivity]: ViewPostImeInputStage processPointer 1
08-15 14:13:06.640 2708 2708 D AbsListView: onTouchUp() mTouchMode : 3
08-15 14:13:06.640 2708 2708 D AbsListView: onTouchUp() TOUCH_MODE_SCROLL initialVelocity : -8000
08-15 14:13:06.954 2708 2708 D AbsListView: reportScrollStateChange() newState : 0
08-15 14:13:11.607 2708 2708 D ViewRootImpl@2080e97[MainActivity]: ViewPostImeInputStage processPointer 0
08-15 14:13:11.645 2708 2708 D ViewRootImpl@2080e97[MainActivity]: ViewPostImeInputStage processPointer 1
08-15 14:13:11.661 2708 2708 D item_click: viewId = 2131820760, position = 18
08-15 14:13:11.724 2708 2708 D ViewRootImpl@2080e97[MainActivity]: MSG_WINDOW_FOCUS_CHANGED 0
08-15 14:13:11.861 2708 2708 D ViewRootImpl@ea4a448[CategoryListActivity]: ThreadedRenderer.create() translucent=false
08-15 14:13:11.864 2708 2708 D InputTransport: Input channel constructed: fd=63
08-15 14:13:11.865 2708 2708 D ViewRootImpl@ea4a448[CategoryListActivity]: setView = DecorView@dd812e1[CategoryListActivity] touchMode=true
08-15 14:13:11.866 2708 2708 D LOCATION_SERVICE: LocationListener gps
08-15 14:13:11.866 2708 2708 D LOCATION_SERVICE: LocationListener network
08-15 14:13:11.867 2708 2708 D LOCATION_SERVICE: onCreate
08-15 14:13:11.867 2708 2708 D LOCATION_SERVICE: initializeLocationManager
08-15 14:13:11.879 2708 2708 D LOCATION_SERVICE: onStartCommand
08-15 14:13:11.880 2708 2708 D ViewRootImpl@ea4a448[CategoryListActivity]: dispatchAttachedToWindow
08-15 14:13:11.909 2708 2708 D ViewRootImpl@ea4a448[CategoryListActivity]: Relayout returned: oldFrame=[0,0][0,0] newFrame=[0,0][768,1024] result=0x27 surface={isValid=true -1852903424} surfaceGenerationChanged=true
08-15 14:13:11.910 2708 2708 D ViewRootImpl@ea4a448[CategoryListActivity]: mHardwareRenderer.initialize() mSurface={isValid=true -1852903424} hwInitialized=true
08-15 14:13:12.039 2708 2708 D ViewRootImpl@ea4a448[CategoryListActivity]: MSG_RESIZED_REPORT: frame=Rect(0, 0 - 768, 1024) ci=Rect(0, 24 - 0, 0) vi=Rect(0, 24 - 0, 0) or=1
08-15 14:13:12.039 2708 2708 D ViewRootImpl@ea4a448[CategoryListActivity]: MSG_WINDOW_FOCUS_CHANGED 1
08-15 14:13:12.040 2708 2708 D ViewRootImpl@ea4a448[CategoryListActivity]: mHardwareRenderer.initializeIfNeeded()#2 mSurface={isValid=true -1852903424}
08-15 14:13:12.041 2708 2708 V InputMethodManager: Starting input: tba=android.view.inputmethod.EditorInfo@8e6a37c nm : cz.gienger.mobile ic=null
08-15 14:13:12.041 2708 2708 I InputMethodManager: startInputInner - mService.startInputOrWindowGainedFocus
08-15 14:13:12.043 2708 2708 D InputTransport: Input channel constructed: fd=67
08-15 14:13:12.043 2708 2708 D InputTransport: Input channel destroyed: fd=66
08-15 14:13:12.108 2708 2774 D OpenGLRenderer: endAllActiveAnimators on 0x933e7500 (RippleDrawable) with handle 0x9183d5e0
08-15 14:13:12.108 2708 2708 D ViewRootImpl@2080e97[MainActivity]: mHardwareRenderer.destroy()#1
08-15 14:13:12.115 2708 2708 D ViewRootImpl@2080e97[MainActivity]: Relayout returned: oldFrame=[0,0][768,1024] newFrame=[0,0][768,1024] result=0x5 surface={isValid=false 0} surfaceGenerationChanged=true
08-15 14:13:12.524 2708 2708 D ViewRootImpl@2080e97[MainActivity]: Relayout returned: oldFrame=[0,0][768,1024] newFrame=[0,0][768,1024] result=0x5 surface={isValid=false 0} surfaceGenerationChanged=false
08-15 14:13:16.633 2708 2708 D ViewRootImpl@ea4a448[CategoryListActivity]: ViewPostImeInputStage processPointer 0
08-15 14:13:16.681 2708 2708 D ViewRootImpl@ea4a448[CategoryListActivity]: ViewPostImeInputStage processPointer 1
08-15 14:13:18.341 2708 2708 D ViewRootImpl@ea4a448[CategoryListActivity]: ViewPostImeInputStage processPointer 0
08-15 14:13:18.412 2708 2708 D ViewRootImpl@ea4a448[CategoryListActivity]: ViewPostImeInputStage processPointer 1
08-15 14:13:20.752 2708 2708 D ViewRootImpl@ea4a448[CategoryListActivity]: ViewPostImeInputStage processPointer 0
08-15 14:13:20.820 2708 2708 D ViewRootImpl@ea4a448[CategoryListActivity]: ViewPostImeInputStage processPointer 1
08-15 14:13:20.848 2708 2708 D ViewRootImpl@ea4a448[CategoryListActivity]: MSG_WINDOW_FOCUS_CHANGED 0
08-15 14:13:20.934 2708 2708 D ViewRootImpl@8606e6b[ArticleListActivity]: ThreadedRenderer.create() translucent=false
08-15 14:13:20.939 2708 2708 D InputTransport: Input channel constructed: fd=86
08-15 14:13:20.939 2708 2708 D ViewRootImpl@8606e6b[ArticleListActivity]: setView = DecorView@475cdc8[ArticleListActivity] touchMode=true
08-15 14:13:20.942 2708 2708 D ViewRootImpl@8606e6b[ArticleListActivity]: dispatchAttachedToWindow
08-15 14:13:20.982 2708 2708 D ViewRootImpl@8606e6b[ArticleListActivity]: Relayout returned: oldFrame=[0,0][0,0] newFrame=[0,0][768,1024] result=0x27 surface={isValid=true -1847199744} surfaceGenerationChanged=true
08-15 14:13:20.982 2708 2708 D ViewRootImpl@8606e6b[ArticleListActivity]: mHardwareRenderer.initialize() mSurface={isValid=true -1847199744} hwInitialized=true
08-15 14:13:21.415 2708 2708 D ViewRootImpl@8606e6b[ArticleListActivity]: MSG_RESIZED_REPORT: frame=Rect(0, 0 - 768, 1024) ci=Rect(0, 24 - 0, 0) vi=Rect(0, 24 - 0, 0) or=1
08-15 14:13:21.415 2708 2708 D ViewRootImpl@8606e6b[ArticleListActivity]: MSG_WINDOW_FOCUS_CHANGED 1
08-15 14:13:21.415 2708 2708 D ViewRootImpl@8606e6b[ArticleListActivity]: mHardwareRenderer.initializeIfNeeded()#2 mSurface={isValid=true -1847199744}
08-15 14:13:21.417 2708 2708 V InputMethodManager: Starting input: tba=android.view.inputmethod.EditorInfo@ec57aff nm : cz.gienger.mobile ic=null
08-15 14:13:21.417 2708 2708 I InputMethodManager: startInputInner - mService.startInputOrWindowGainedFocus
08-15 14:13:21.418 2708 2708 D InputTransport: Input channel constructed: fd=88
08-15 14:13:21.418 2708 2708 D InputTransport: Input channel destroyed: fd=67
08-15 14:13:21.485 2708 2708 D ViewRootImpl@ea4a448[CategoryListActivity]: mHardwareRenderer.destroy()#1
