08-15 13:54:06.643 2708 2708 D ViewRootImpl@c3b413a[ArticleListActivity]: Relayout returned: oldFrame=[0,0][768,1024] newFrame=[0,0][768,1024] result=0x7 surface={isValid=true -1850886144} surfaceGenerationChanged=true
08-15 13:54:06.644 2708 2708 D ViewRootImpl@c3b413a[ArticleListActivity]: mHardwareRenderer.initialize() mSurface={isValid=true -1850886144} hwInitialized=true
08-15 13:54:06.765 2708 2708 D ViewRootImpl@49492e2[AddArticleToCartActivity]: MSG_WINDOW_FOCUS_CHANGED 0
08-15 13:54:06.817 2708 2708 D ViewRootImpl@c3b413a[ArticleListActivity]: MSG_RESIZED_REPORT: frame=Rect(0, 0 - 768, 1024) ci=Rect(0, 24 - 0, 320) vi=Rect(0, 24 - 0, 320) or=1
08-15 13:54:06.817 2708 2708 D ViewRootImpl@c3b413a[ArticleListActivity]: MSG_WINDOW_FOCUS_CHANGED 1
08-15 13:54:06.818 2708 2708 D ViewRootImpl@c3b413a[ArticleListActivity]: mHardwareRenderer.initializeIfNeeded()#2 mSurface={isValid=true -1850886144}
08-15 13:54:06.830 2708 2708 V InputMethodManager: Starting input: tba=android.view.inputmethod.EditorInfo@cb31851 nm : cz.gienger.mobile ic=null
08-15 13:54:06.830 2708 2708 I InputMethodManager: startInputInner - mService.startInputOrWindowGainedFocus
08-15 13:54:06.842 2708 2708 D InputTransport: Input channel constructed: fd=78
08-15 13:54:06.842 2708 2708 D InputTransport: Input channel destroyed: fd=77
08-15 13:54:06.858 2708 2708 W IInputConnectionWrapper: getCursorCapsMode on inactive InputConnection
08-15 13:54:06.905 2708 2774 D OpenGLRenderer: endAllActiveAnimators on 0x918fa400 (RippleDrawable) with handle 0x94892310
08-15 13:54:06.906 2708 2708 D ViewRootImpl@49492e2[AddArticleToCartActivity]: mHardwareRenderer.destroy()#1
08-15 13:54:06.920 2708 2708 D ViewRootImpl@49492e2[AddArticleToCartActivity]: Relayout returned: oldFrame=[0,0][768,1024] newFrame=[0,0][768,1024] result=0x5 surface={isValid=false 0} surfaceGenerationChanged=true
08-15 13:54:06.925 2708 2708 W IInputConnectionWrapper: finishComposingText on inactive InputConnection
08-15 13:54:06.925 2708 2708 W IInputConnectionWrapper: performPrivateCommand on inactive InputConnection
08-15 13:54:06.931 2708 2708 W IInputConnectionWrapper: finishComposingText on inactive InputConnection
08-15 13:54:06.933 2708 2708 D ViewRootImpl@c3b413a[ArticleListActivity]: MSG_RESIZED: frame=Rect(0, 0 - 768, 1024) ci=Rect(0, 24 - 0, 0) vi=Rect(0, 24 - 0, 0) or=1
08-15 13:54:06.980 2708 2708 D ViewRootImpl@c3b413a[ArticleListActivity]: Relayout returned: oldFrame=[0,0][768,1024] newFrame=[0,0][768,1024] result=0x1 surface={isValid=true -1850886144} surfaceGenerationChanged=false
08-15 13:54:07.267 2708 2708 D TextView: SYANI: Clipboard API is calling: clearFilter()
08-15 13:54:07.267 2708 2708 D TextView: SYANI: Clipboard API is calling: unregisterClipboardEventListener()
08-15 13:54:07.271 2708 2708 D TextView: SYANI: Clipboard API is calling: clearFilter()
08-15 13:54:07.272 2708 2708 D TextView: SYANI: Clipboard API is calling: unregisterClipboardEventListener()
08-15 13:54:07.278 2708 2708 D ViewRootImpl@49492e2[AddArticleToCartActivity]: mHardwareRenderer.destroy()#4
08-15 13:54:07.278 2708 2708 D ViewRootImpl@49492e2[AddArticleToCartActivity]: dispatchDetachedFromWindow
08-15 13:54:07.286 2708 2708 D InputTransport: Input channel destroyed: fd=63
08-15 13:54:08.043 2708 2708 D ViewRootImpl@c3b413a[ArticleListActivity]: ViewPostImeInputStage processPointer 0
08-15 13:54:08.121 2708 2708 D ViewRootImpl@c3b413a[ArticleListActivity]: ViewPostImeInputStage processPointer 1
08-15 13:54:08.150 2708 2708 D ViewRootImpl@c3b413a[ArticleListActivity]: MSG_WINDOW_FOCUS_CHANGED 0
08-15 13:54:08.291 2708 2708 D ViewRootImpl@f9ba8ce[CartActivity]: ThreadedRenderer.create() translucent=false
08-15 13:54:08.294 2708 2708 D InputTransport: Input channel constructed: fd=66
08-15 13:54:08.295 2708 2708 D ViewRootImpl@f9ba8ce[CartActivity]: setView = DecorView@9d3ef[CartActivity] touchMode=true
08-15 13:54:08.307 2708 2708 D ViewRootImpl@f9ba8ce[CartActivity]: dispatchAttachedToWindow
08-15 13:54:08.337 2708 2708 D ViewRootImpl@f9ba8ce[CartActivity]: Relayout returned: oldFrame=[0,0][0,0] newFrame=[0,0][768,1024] result=0x27 surface={isValid=true -1825310720} surfaceGenerationChanged=true
08-15 13:54:08.337 2708 2708 D ViewRootImpl@f9ba8ce[CartActivity]: mHardwareRenderer.initialize() mSurface={isValid=true -1825310720} hwInitialized=true
08-15 13:54:08.433 2708 2708 D AbsListView: in onLayout changed
08-15 13:54:08.470 2708 2708 D ViewRootImpl@f9ba8ce[CartActivity]: MSG_RESIZED_REPORT: frame=Rect(0, 0 - 768, 1024) ci=Rect(0, 24 - 0, 0) vi=Rect(0, 24 - 0, 0) or=1
08-15 13:54:08.471 2708 2708 D ViewRootImpl@f9ba8ce[CartActivity]: MSG_WINDOW_FOCUS_CHANGED 1
08-15 13:54:08.471 2708 2708 D ViewRootImpl@f9ba8ce[CartActivity]: mHardwareRenderer.initializeIfNeeded()#2 mSurface={isValid=true -1825310720}
08-15 13:54:08.489 2708 2708 V InputMethodManager: Starting input: tba=android.view.inputmethod.EditorInfo@e76d254 nm : cz.gienger.mobile ic=null
08-15 13:54:08.489 2708 2708 I InputMethodManager: startInputInner - mService.startInputOrWindowGainedFocus
08-15 13:54:08.496 2708 2708 D InputTransport: Input channel constructed: fd=67
08-15 13:54:08.496 2708 2708 D InputTransport: Input channel destroyed: fd=78
08-15 13:54:08.531 2708 2774 D OpenGLRenderer: endAllActiveAnimators on 0x94a86480 (RippleDrawable) with handle 0x94892310
08-15 13:54:08.531 2708 2708 D ViewRootImpl@c3b413a[ArticleListActivity]: mHardwareRenderer.destroy()#1
08-15 13:54:08.537 2708 2708 D ViewRootImpl@c3b413a[ArticleListActivity]: Relayout returned: oldFrame=[0,0][768,1024] newFrame=[0,0][768,1024] result=0x5 surface={isValid=false 0} surfaceGenerationChanged=true
08-15 13:54:08.951 2708 2708 D ViewRootImpl@c3b413a[ArticleListActivity]: Relayout returned: oldFrame=[0,0][768,1024] newFrame=[0,0][768,1024] result=0x5 surface={isValid=false 0} surfaceGenerationChanged=false
08-15 13:54:10.060 2708 2708 D LOCATION_SERVICE: onLocationChanged: Location[network 49,191118,17,534396 acc=21 et=+1h24m52s864ms alt=0.0 vel=0.0 bear=0.0 {Bundle[mParcelledData.dataSize=80]}]
08-15 13:54:10.835 2708 2708 D ViewRootImpl@f9ba8ce[CartActivity]: ViewPostImeInputStage processPointer 0
08-15 13:54:10.904 2708 2708 D ViewRootImpl@f9ba8ce[CartActivity]: ViewPostImeInputStage processPointer 1
08-15 13:54:10.914 2708 2708 V InputMethodManager: Starting input: tba=android.view.inputmethod.EditorInfo@6808d43 nm : cz.gienger.mobile ic=com.android.internal.widget.EditableInputConnection@498bfc0
08-15 13:54:10.914 2708 2708 I InputMethodManager: startInputInner - mService.startInputOrWindowGainedFocus
08-15 13:54:10.917 2708 2708 D InputTransport: Input channel constructed: fd=68
08-15 13:54:10.917 2708 2708 D InputTransport: Input channel destroyed: fd=67
08-15 13:54:10.918 2708 2708 D InputMethodManager: SSI - flag : 0 Pid : 2708 view : cz.gienger.mobile
08-15 13:54:11.221 2708 2708 D ViewRootImpl@f9ba8ce[CartActivity]: MSG_RESIZED: frame=Rect(0, 0 - 768, 1024) ci=Rect(0, 24 - 0, 359) vi=Rect(0, 24 - 0, 359) or=1
08-15 13:54:11.237 2708 2708 D ViewRootImpl@f9ba8ce[CartActivity]: Relayout returned: oldFrame=[0,0][768,1024] newFrame=[0,0][768,1024] result=0x1 surface={isValid=true -1825310720} surfaceGenerationChanged=false
08-15 13:54:11.258 2708 2708 D AbsListView: in onLayout changed
08-15 13:54:12.572 2708 2708 D ViewRootImpl@f9ba8ce[CartActivity]: ViewPostImeInputStage processPointer 0
08-15 13:54:12.642 2708 2708 D ViewRootImpl@f9ba8ce[CartActivity]: ViewPostImeInputStage processPointer 1
08-15 13:54:12.665 2708 2708 V InputMethodManager: Starting input: tba=android.view.inputmethod.EditorInfo@1d18825 nm : cz.gienger.mobile ic=com.android.internal.widget.EditableInputConnection@f506dfa
08-15 13:54:12.665 2708 2708 I InputMethodManager: startInputInner - mService.startInputOrWindowGainedFocus
08-15 13:54:12.667 2708 2708 D InputTransport: Input channel constructed: fd=67
08-15 13:54:12.667 2708 2708 D InputTransport: Input channel destroyed: fd=68
08-15 13:54:12.667 2708 2708 D InputMethodManager: SSI - flag : 0 Pid : 2708 view : cz.gienger.mobile
08-15 13:54:12.672 2708 2708 W IInputConnectionWrapper: finishComposingText on inactive InputConnection
08-15 13:54:13.782 2708 2708 D ViewRootImpl@f9ba8ce[CartActivity]: ViewPostImeInputStage processPointer 0
08-15 13:54:13.861 2708 2708 D ViewRootImpl@f9ba8ce[CartActivity]: ViewPostImeInputStage processPointer 1
08-15 13:54:13.885 2708 2708 V InputMethodManager: Starting input: tba=android.view.inputmethod.EditorInfo@1a996dd nm : cz.gienger.mobile ic=com.android.internal.widget.EditableInputConnection@d1ac252
08-15 13:54:13.886 2708 2708 I InputMethodManager: startInputInner - mService.startInputOrWindowGainedFocus
08-15 13:54:13.888 2708 2708 D InputTransport: Input channel constructed: fd=68
08-15 13:54:13.888 2708 2708 D InputTransport: Input channel destroyed: fd=67
08-15 13:54:13.888 2708 2708 D InputMethodManager: SSI - flag : 0 Pid : 2708 view : cz.gienger.mobile
08-15 13:54:13.896 2708 2708 W IInputConnectionWrapper: finishComposingText on inactive InputConnection
08-15 13:54:15.872 2708 2708 D ViewRootImpl@f9ba8ce[CartActivity]: ViewPostImeInputStage processPointer 0
08-15 13:54:15.939 2708 2708 D ViewRootImpl@f9ba8ce[CartActivity]: ViewPostImeInputStage processPointer 1
08-15 13:54:15.959 2708 2708 V InputMethodManager: Starting input: tba=android.view.inputmethod.EditorInfo@da7fc4c nm : cz.gienger.mobile ic=com.android.internal.widget.EditableInputConnection@e2dc495
08-15 13:54:15.959 2708 2708 I InputMethodManager: startInputInner - mService.startInputOrWindowGainedFocus
08-15 13:54:15.961 2708 2708 D InputTransport: Input channel constructed: fd=69
08-15 13:54:15.961 2708 2708 D InputTransport: Input channel destroyed: fd=68
08-15 13:54:15.961 2708 2708 D InputMethodManager: SSI - flag : 0 Pid : 2708 view : cz.gienger.mobile
08-15 13:54:15.965 2708 2708 W IInputConnectionWrapper: finishComposingText on inactive InputConnection
08-15 13:54:17.490 2708 2708 D ViewRootImpl@f9ba8ce[CartActivity]: ViewPostImeInputStage processPointer 0
08-15 13:54:17.550 2708 2708 D ViewRootImpl@f9ba8ce[CartActivity]: ViewPostImeInputStage processPointer 1
08-15 13:54:17.609 2708 2708 D ScrollView: initGoToTop
08-15 13:54:17.614 2708 2708 D ScrollView: initGoToTop
08-15 13:54:17.623 2708 2708 D ViewRootImpl@5dfc17b[CartActivity]: ThreadedRenderer.create() translucent=true
08-15 13:54:17.630 2708 2708 D InputTransport: Input channel constructed: fd=67
08-15 13:54:17.630 2708 2708 D ViewRootImpl@5dfc17b[CartActivity]: setView = DecorView@d5b0b98[CartActivity] touchMode=true
08-15 13:54:17.633 2708 2708 D ViewRootImpl@5dfc17b[CartActivity]: dispatchAttachedToWindow
08-15 13:54:17.687 2708 2708 D ViewRootImpl@5dfc17b[CartActivity]: Relayout returned: oldFrame=[0,0][0,0] newFrame=[194,258][574,790] result=0x27 surface={isValid=true -1809115136} surfaceGenerationChanged=true
08-15 13:54:17.687 2708 2708 D ViewRootImpl@5dfc17b[CartActivity]: mHardwareRenderer.initialize() mSurface={isValid=true -1809115136} hwInitialized=true
08-15 13:54:17.696 2708 2708 D ScrollView: onsize change changed
08-15 13:54:17.698 2708 2708 D ViewRootImpl@5dfc17b[CartActivity]: MSG_WINDOW_FOCUS_CHANGED 1
08-15 13:54:17.698 2708 2708 D ViewRootImpl@5dfc17b[CartActivity]: mHardwareRenderer.initializeIfNeeded()#2 mSurface={isValid=true -1809115136}
08-15 13:54:17.722 2708 2708 D ViewRootImpl@5dfc17b[CartActivity]: MSG_RESIZED_REPORT: frame=Rect(194, 258 - 574, 790) ci=Rect(0, 0 - 0, 0) vi=Rect(0, 0 - 0, 0) or=1
08-15 13:54:17.748 2708 2718 I art : Background partial concurrent mark sweep GC freed 256380(12MB) AllocSpace objects, 4(136KB) LOS objects, 53% free, 10MB/22MB, paused 930us total 163.012ms
08-15 13:54:17.752 2708 2708 D ViewRootImpl@f9ba8ce[CartActivity]: MSG_WINDOW_FOCUS_CHANGED 0
08-15 13:54:18.718 2708 2708 D ViewRootImpl@5dfc17b[CartActivity]: ViewPostImeInputStage processPointer 0
08-15 13:54:18.798 2708 2708 D ViewRootImpl@5dfc17b[CartActivity]: ViewPostImeInputStage processPointer 1
08-15 13:54:19.612 2708 2708 D ViewRootImpl@5dfc17b[CartActivity]: ViewPostImeInputStage processPointer 0
08-15 13:54:19.724 2708 2708 D ViewRootImpl@5dfc17b[CartActivity]: ViewPostImeInputStage processPointer 1
08-15 13:54:19.751 2708 2708 D ViewRootImpl@5dfc17b[CartActivity]: mHardwareRenderer.destroy()#4
08-15 13:54:19.751 2708 2708 D ViewRootImpl@5dfc17b[CartActivity]: dispatchDetachedFromWindow
08-15 13:54:19.760 2708 2708 D InputTransport: Input channel destroyed: fd=67
08-15 13:54:19.763 2708 2708 D ViewRootImpl@f9ba8ce[CartActivity]: MSG_WINDOW_FOCUS_CHANGED 1
08-15 13:54:19.763 2708 2708 D ViewRootImpl@f9ba8ce[CartActivity]: mHardwareRenderer.initializeIfNeeded()#2 mSurface={isValid=true -1825310720}
08-15 13:54:19.776 2708 2708 E ViewRootImpl: sendUserActionEvent() returned.
08-15 13:54:20.739 2708 2708 D ViewRootImpl@f9ba8ce[CartActivity]: ViewPostImeInputStage processPointer 0
08-15 13:54:20.798 2708 2708 D AbsListView: reportScrollStateChange() newState : 1
08-15 13:54:21.181 2708 2708 D ViewRootImpl@f9ba8ce[CartActivity]: ViewPostImeInputStage processPointer 1
08-15 13:54:21.181 2708 2708 D AbsListView: onTouchUp() mTouchMode : 3
08-15 13:54:21.181 2708 2708 D AbsListView: onTouchUp() TOUCH_MODE_SCROLL initialVelocity : -46
08-15 13:54:21.181 2708 2708 D AbsListView: reportScrollStateChange() newState : 0
08-15 13:54:22.871 2708 2708 D ViewRootImpl@f9ba8ce[CartActivity]: ViewPostImeInputStage processPointer 0
08-15 13:54:22.939 2708 2708 D ViewRootImpl@f9ba8ce[CartActivity]: ViewPostImeInputStage processPointer 1
08-15 13:54:24.528 2708 2708 D ViewRootImpl@f9ba8ce[CartActivity]: ViewPostImeInputStage processPointer 0
08-15 13:54:24.608 2708 2708 D ViewRootImpl@f9ba8ce[CartActivity]: ViewPostImeInputStage processPointer 1
08-15 13:54:24.657 2708 2708 D ViewRootImpl@f9ba8ce[CartActivity]: MSG_WINDOW_FOCUS_CHANGED 0
08-15 13:54:25.861 2708 2708 D ViewRootImpl@f9ba8ce[CartActivity]: mHardwareRenderer.destroy()#1
08-15 13:54:25.869 2708 2708 D ViewRootImpl@f9ba8ce[CartActivity]: Relayout returned: oldFrame=[0,0][768,1024] newFrame=[0,0][768,1024] result=0x5 surface={isValid=false 0} surfaceGenerationChanged=true
08-15 13:54:25.875 2708 2708 D InputTransport: Input channel destroyed: fd=69
08-15 13:54:25.875 2708 2708 W IInputConnectionWrapper: finishComposingText on inactive InputConnection
08-15 13:54:25.909 2708 2708 W IInputConnectionWrapper: reportFullscreenMode on inexistent InputConnection
08-15 13:54:25.910 2708 2708 W IInputConnectionWrapper: finishComposingText on inactive InputConnection
08-15 13:54:26.322 2708 2708 D ViewRootImpl@f9ba8ce[CartActivity]: Relayout returned: oldFrame=[0,0][768,1024] newFrame=[0,0][768,1024] result=0x5 surface={isValid=false 0} surfaceGenerationChanged=false
08-15 13:54:45.260 2708 2708 D ViewRootImpl@f9ba8ce[CartActivity]: mHardwareRenderer.destroy()#1
08-15 13:54:45.271 2708 2708 D ViewRootImpl@f9ba8ce[CartActivity]: Relayout returned: oldFrame=[0,0][768,1024] newFrame=[0,0][768,1024] result=0x1 surface={isValid=false 0} surfaceGenerationChanged=false
08-15 13:54:45.358 2708 2708 V InputMethodManager: Starting input: tba=android.view.inputmethod.EditorInfo@5f06dcc nm : cz.gienger.mobile ic=com.android.internal.widget.EditableInputConnection@9b1815
08-15 13:54:45.358 2708 2708 I InputMethodManager: startInputInner - mService.startInputOrWindowGainedFocus
08-15 13:54:45.377 2708 2708 D ViewRootImpl@f9ba8ce[CartActivity]: Relayout returned: oldFrame=[0,0][768,1024] newFrame=[0,0][768,1024] result=0x7 surface={isValid=true -1852884992} surfaceGenerationChanged=true
08-15 13:54:45.377 2708 2708 D ViewRootImpl@f9ba8ce[CartActivity]: mHardwareRenderer.initialize() mSurface={isValid=true -1852884992} hwInitialized=true
08-15 13:54:45.399 2708 2708 D AbsListView: in onLayout changed
08-15 13:54:45.423 2708 2708 D ViewRootImpl@f9ba8ce[CartActivity]: MSG_RESIZED_REPORT: frame=Rect(0, 0 - 768, 1024) ci=Rect(0, 24 - 0, 0) vi=Rect(0, 24 - 0, 0) or=1
08-15 13:54:45.423 2708 2708 D ViewRootImpl@f9ba8ce[CartActivity]: MSG_WINDOW_FOCUS_CHANGED 1
08-15 13:54:45.423 2708 2708 D ViewRootImpl@f9ba8ce[CartActivity]: mHardwareRenderer.initializeIfNeeded()#2 mSurface={isValid=true -1852884992}
08-15 13:54:45.438 2708 2708 V InputMethodManager: Starting input: tba=android.view.inputmethod.EditorInfo@9f17494 nm : cz.gienger.mobile ic=com.android.internal.widget.EditableInputConnection@bcbeb3d
08-15 13:54:45.438 2708 2708 I InputMethodManager: startInputInner - mService.startInputOrWindowGainedFocus
08-15 13:54:45.442 2708 2708 D InputTransport: Input channel constructed: fd=63
08-15 13:54:45.478 2708 2708 V InputMethodManager: Starting input: tba=android.view.inputmethod.EditorInfo@5adef32 nm : cz.gienger.mobile ic=com.android.internal.widget.EditableInputConnection@c9c4483
08-15 13:54:45.478 2708 2708 I InputMethodManager: startInputInner - mService.startInputOrWindowGainedFocus
08-15 13:54:45.484 2708 2708 D InputTransport: Input channel constructed: fd=69
08-15 13:54:45.484 2708 2708 D InputTransport: Input channel destroyed: fd=63
08-15 13:54:45.487 2708 2708 W IInputConnectionWrapper: finishComposingText on inactive InputConnection
08-15 13:54:47.117 2708 2708 D ViewRootImpl@f9ba8ce[CartActivity]: ViewPostImeInputStage processPointer 0
08-15 13:54:47.631 2708 2708 D TextView: performLongClick() is called
08-15 13:54:47.631 2708 2708 D TextView: handled is false
08-15 13:54:47.699 2708 2708 D ScrollView: initGoToTop
08-15 13:54:47.706 2708 2708 D ViewRootImpl@5d86306[PopupWindow:11339e1]: ThreadedRenderer.create() translucent=true
08-15 13:54:47.710 2708 2708 D InputTransport: Input channel constructed: fd=77
08-15 13:54:47.710 2708 2708 D ViewRootImpl@5d86306[PopupWindow:11339e1]: setView = android.widget.PopupWindow$PopupDecorView{7f22dc7 V.E...... ......I. 0,0-0,0} touchMode=true
08-15 13:54:47.711 2708 2708 D ViewRootImpl@5d86306[PopupWindow:11339e1]: dispatchAttachedToWindow
08-15 13:54:47.736 2708 2708 D ViewRootImpl@5d86306[PopupWindow:11339e1]: Relayout returned: oldFrame=[0,0][0,0] newFrame=[37,913][67,949] result=0x27 surface={isValid=true -1839415296} surfaceGenerationChanged=true
08-15 13:54:47.736 2708 2708 D ViewRootImpl@5d86306[PopupWindow:11339e1]: mHardwareRenderer.initialize() mSurface={isValid=true -1839415296} hwInitialized=true
08-15 13:54:47.753 2708 2708 D ViewRootImpl@5d86306[PopupWindow:11339e1]: MSG_RESIZED_REPORT: frame=Rect(37, 913 - 67, 949) ci=Rect(0, 0 - 0, 0) vi=Rect(0, 0 - 0, 0) or=1
08-15 13:54:47.779 2708 2708 D ViewRootImpl@56125af[PopupWindow:6da298e]: ThreadedRenderer.create() translucent=true
08-15 13:54:47.782 2708 2708 D InputTransport: Input channel constructed: fd=78
08-15 13:54:47.783 2708 2708 D ViewRootImpl@56125af[PopupWindow:6da298e]: setView = android.widget.PopupWindow$PopupDecorView{8328dbc V.E...... ......I. 0,0-0,0} touchMode=true
08-15 13:54:47.784 2708 2708 D ViewRootImpl@56125af[PopupWindow:6da298e]: dispatchAttachedToWindow
08-15 13:54:47.804 2708 2708 D ViewRootImpl@56125af[PopupWindow:6da298e]: Relayout returned: oldFrame=[0,0][0,0] newFrame=[10,822][243,886] result=0x27 surface={isValid=true -1839310848} surfaceGenerationChanged=true
08-15 13:54:47.804 2708 2708 D ViewRootImpl@56125af[PopupWindow:6da298e]: mHardwareRenderer.initialize() mSurface={isValid=true -1839310848} hwInitialized=true
08-15 13:54:47.837 2708 2708 D ViewRootImpl@56125af[PopupWindow:6da298e]: MSG_RESIZED_REPORT: frame=Rect(10, 822 - 243, 886) ci=Rect(0, 0 - 0, 0) vi=Rect(0, 0 - 0, 0) or=1
08-15 13:54:48.095 2708 2708 D ViewRootImpl@f9ba8ce[CartActivity]: ViewPostImeInputStage processPointer 1
08-15 13:54:48.120 2708 2708 V InputMethodManager: Starting input: tba=android.view.inputmethod.EditorInfo@7a46dcb nm : cz.gienger.mobile ic=com.android.internal.widget.EditableInputConnection@78c9a8
08-15 13:54:48.120 2708 2708 I InputMethodManager: startInputInner - mService.startInputOrWindowGainedFocus
08-15 13:54:48.124 2708 2708 D InputTransport: Input channel constructed: fd=93
08-15 13:54:48.124 2708 2708 D InputTransport: Input channel destroyed: fd=69
08-15 13:54:48.127 2708 2708 W IInputConnectionWrapper: finishComposingText on inactive InputConnection
08-15 13:54:48.829 2708 2708 D ViewRootImpl@56125af[PopupWindow:6da298e]: ViewPostImeInputStage processPointer 0
08-15 13:54:48.917 2708 2708 D ViewRootImpl@56125af[PopupWindow:6da298e]: ViewPostImeInputStage processPointer 1
08-15 13:54:48.919 2708 2708 W TextView: insertLog : no permission of survey
08-15 13:54:48.930 2708 2708 W TextView: insertLog : no permission of survey
08-15 13:54:49.103 2708 2708 D ViewRootImpl@5d86306[PopupWindow:11339e1]: mHardwareRenderer.destroy()#4
08-15 13:54:49.103 2708 2708 D ViewRootImpl@5d86306[PopupWindow:11339e1]: dispatchDetachedFromWindow
08-15 13:54:49.110 2708 2708 D InputTransport: Input channel destroyed: fd=77
08-15 13:54:49.149 2708 2774 D OpenGLRenderer: endAllActiveAnimators on 0x918fb200 (RippleDrawable) with handle 0x919f9fa0
08-15 13:54:49.150 2708 2708 D ViewRootImpl@56125af[PopupWindow:6da298e]: mHardwareRenderer.destroy()#4
08-15 13:54:49.150 2708 2708 D ViewRootImpl@56125af[PopupWindow:6da298e]: dispatchDetachedFromWindow
08-15 13:54:49.157 2708 2708 D InputTransport: Input channel destroyed: fd=78
08-15 13:54:53.611 2708 2708 D ViewRootImpl@f9ba8ce[CartActivity]: ViewPostImeInputStage processPointer 0
08-15 13:54:53.670 2708 2708 D ViewRootImpl@f9ba8ce[CartActivity]: ViewPostImeInputStage processPointer 1
08-15 13:54:53.689 2708 2708 D View : requestFocusFromTouch
08-15 13:54:53.714 2708 2708 D ScrollView: initGoToTop
08-15 13:54:53.718 2708 2708 D ScrollView: initGoToTop
08-15 13:54:53.726 2708 2708 D ViewRootImpl@d3fe2a2[CartActivity]: ThreadedRenderer.create() translucent=true
08-15 13:54:53.734 2708 2708 D InputTransport: Input channel constructed: fd=69
08-15 13:54:53.734 2708 2708 D ViewRootImpl@d3fe2a2[CartActivity]: setView = DecorView@68d0b33[CartActivity] touchMode=false
08-15 13:54:53.735 2708 2708 V InputMethodManager: Starting input: tba=android.view.inputmethod.EditorInfo@fe97ef0 nm : cz.gienger.mobile ic=null
08-15 13:54:53.735 2708 2708 I InputMethodManager: startInputInner - mService.startInputOrWindowGainedFocus
08-15 13:54:53.736 2708 2708 D InputTransport: Input channel constructed: fd=77
08-15 13:54:53.737 2708 2708 D InputTransport: Input channel destroyed: fd=93
08-15 13:54:53.739 2708 2708 D ViewRootImpl@d3fe2a2[CartActivity]: dispatchAttachedToWindow
08-15 13:54:53.767 2708 2708 D ViewRootImpl@d3fe2a2[CartActivity]: Relayout returned: oldFrame=[0,0][0,0] newFrame=[108,450][660,597] result=0x26 surface={isValid=true -1825574912} surfaceGenerationChanged=true
08-15 13:54:53.768 2708 2708 D ViewRootImpl@d3fe2a2[CartActivity]: mHardwareRenderer.initialize() mSurface={isValid=true -1825574912} hwInitialized=true
08-15 13:54:53.770 2708 2708 D ScrollView: onsize change changed
08-15 13:54:53.771 2708 2708 D ScrollView: onsize change changed
08-15 13:54:53.772 2708 2708 D ViewRootImpl@d3fe2a2[CartActivity]: MSG_WINDOW_FOCUS_CHANGED 1
08-15 13:54:53.772 2708 2708 D ViewRootImpl@d3fe2a2[CartActivity]: mHardwareRenderer.initializeIfNeeded()#2 mSurface={isValid=true -1825574912}
08-15 13:54:53.772 2708 2708 V InputMethodManager: Not IME target window, ignoring
08-15 13:54:53.773 2708 2708 W IInputConnectionWrapper: finishComposingText on inactive InputConnection
08-15 13:54:53.791 2708 2708 D ViewRootImpl@d3fe2a2[CartActivity]: MSG_RESIZED_REPORT: frame=Rect(108, 450 - 660, 597) ci=Rect(0, 0 - 0, 0) vi=Rect(0, 0 - 0, 0) or=1
08-15 13:54:53.811 2708 2708 D ViewRootImpl@f9ba8ce[CartActivity]: MSG_WINDOW_FOCUS_CHANGED 0
08-15 13:54:56.142 2708 2708 D ViewRootImpl@d3fe2a2[CartActivity]: ViewPostImeInputStage processPointer 0
08-15 13:54:56.188 2708 2708 D ViewRootImpl@d3fe2a2[CartActivity]: ViewPostImeInputStage processPointer 1
08-15 13:54:56.219 2708 2708 D ScrollView: initGoToTop
08-15 13:54:56.223 2708 2708 D ScrollView: initGoToTop
08-15 13:54:56.230 2708 2708 D ViewRootImpl@d6dff4d[CartActivity]: ThreadedRenderer.create() translucent=true
08-15 13:54:56.237 2708 2708 D InputTransport: Input channel constructed: fd=85
08-15 13:54:56.237 2708 2708 D ViewRootImpl@d6dff4d[CartActivity]: setView = DecorView@e2d5a02[CartActivity] touchMode=true
08-15 13:54:56.246 2708 2774 D OpenGLRenderer: endAllActiveAnimators on 0x91b41500 (RippleDrawable) with handle 0x91b476a0
08-15 13:54:56.247 2708 2708 D ViewRootImpl@d3fe2a2[CartActivity]: mHardwareRenderer.destroy()#4
08-15 13:54:56.247 2708 2708 D ViewRootImpl@d3fe2a2[CartActivity]: dispatchDetachedFromWindow
08-15 13:54:56.259 2708 2708 D InputTransport: Input channel destroyed: fd=69
08-15 13:54:56.261 2708 2708 D ViewRootImpl@d6dff4d[CartActivity]: dispatchAttachedToWindow
08-15 13:54:56.291 2708 2708 D ViewRootImpl@d6dff4d[CartActivity]: Relayout returned: oldFrame=[0,0][0,0] newFrame=[108,466][660,582] result=0x27 surface={isValid=true -1834973184} surfaceGenerationChanged=true
08-15 13:54:56.291 2708 2708 D ViewRootImpl@d6dff4d[CartActivity]: mHardwareRenderer.initialize() mSurface={isValid=true -1834973184} hwInitialized=true
08-15 13:54:56.301 2708 2708 D ViewRootImpl@d6dff4d[CartActivity]: MSG_WINDOW_FOCUS_CHANGED 1
08-15 13:54:56.302 2708 2708 D ViewRootImpl@d6dff4d[CartActivity]: mHardwareRenderer.initializeIfNeeded()#2 mSurface={isValid=true -1834973184}
08-15 13:54:56.318 2708 2708 D ViewRootImpl@d6dff4d[CartActivity]: MSG_RESIZED_REPORT: frame=Rect(108, 466 - 660, 582) ci=Rect(0, 0 - 0, 0) vi=Rect(0, 0 - 0, 0) or=1
08-15 13:54:57.403 2708 2718 I art : Background sticky concurrent mark sweep GC freed 418785(12MB) AllocSpace objects, 4(140KB) LOS objects, 28% free, 16MB/23MB, paused 1.960ms total 104.977ms
08-15 13:54:58.016 2708 2718 I art : Background partial concurrent mark sweep GC freed 254710(7MB) AllocSpace objects, 5(1024KB) LOS objects, 41% free, 16MB/28MB, paused 985us total 142.691ms
08-15 13:54:59.003 2708 2718 I art : Background partial concurrent mark sweep GC freed 264102(7MB) AllocSpace objects, 6(1880KB) LOS objects, 40% free, 21MB/35MB, paused 992us total 154.430ms
08-15 13:54:59.554 2708 2708 D ViewRootImpl@d6dff4d[CartActivity]: mHardwareRenderer.destroy()#4
08-15 13:54:59.554 2708 2708 D ViewRootImpl@d6dff4d[CartActivity]: dispatchDetachedFromWindow
08-15 13:54:59.564 2708 2708 D InputTransport: Input channel destroyed: fd=85
08-15 13:54:59.597 2708 2708 D ViewRootImpl@f9ba8ce[CartActivity]: MSG_WINDOW_FOCUS_CHANGED 1
08-15 13:54:59.598 2708 2708 V InputMethodManager: Not IME target window, ignoring
08-15 13:54:59.598 2708 2708 D ViewRootImpl@f9ba8ce[CartActivity]: mHardwareRenderer.initializeIfNeeded()#2 mSurface={isValid=true -1852884992}
08-15 13:54:59.610 2708 2708 V InputMethodManager: Starting input: tba=android.view.inputmethod.EditorInfo@f22ee3 nm : cz.gienger.mobile ic=null
08-15 13:54:59.610 2708 2708 I InputMethodManager: startInputInner - mService.startInputOrWindowGainedFocus
08-15 13:54:59.612 2708 2708 D InputTransport: Input channel constructed: fd=69
08-15 13:54:59.612 2708 2708 D InputTransport: Input channel destroyed: fd=77
08-15 13:54:59.612 2708 2708 E ViewRootImpl: sendUserActionEvent() returned.
08-15 13:54:59.639 2708 2708 D ViewRootImpl@f9ba8ce[CartActivity]: MSG_WINDOW_FOCUS_CHANGED 0
08-15 13:55:01.016 2708 2708 D ViewRootImpl@f9ba8ce[CartActivity]: mHardwareRenderer.destroy()#1
08-15 13:55:01.028 2708 2708 D ViewRootImpl@f9ba8ce[CartActivity]: Relayout returned: oldFrame=[0,0][768,1024] newFrame=[0,0][768,1024] result=0x5 surface={isValid=false 0} surfaceGenerationChanged=true
08-15 13:55:01.029 2708 2708 D InputTransport: Input channel destroyed: fd=69
08-15 13:55:01.453 2708 2708 D ViewRootImpl@f9ba8ce[CartActivity]: Relayout returned: oldFrame=[0,0][768,1024] newFrame=[0,0][768,1024] result=0x5 surface={isValid=false 0} surfaceGenerationChanged=false
08-15 13:55:25.566 2708 2708 D ViewRootImpl@11d1e79[PdfArchiveActivity]: ThreadedRenderer.create() translucent=true
08-15 13:55:25.569 2708 2708 D InputTransport: Input channel constructed: fd=63
08-15 13:55:25.569 2708 2708 D ViewRootImpl@11d1e79[PdfArchiveActivity]: setView = DecorView@34507be[PdfArchiveActivity] touchMode=true
08-15 13:55:25.578 2708 2708 D ViewRootImpl@11d1e79[PdfArchiveActivity]: dispatchAttachedToWindow
08-15 13:55:25.602 2708 2708 D ViewRootImpl@11d1e79[PdfArchiveActivity]: Relayout returned: oldFrame=[0,0][0,0] newFrame=[241,456][527,568] result=0x27 surface={isValid=true -1825574912} surfaceGenerationChanged=true
08-15 13:55:25.603 2708 2708 D ViewRootImpl@11d1e79[PdfArchiveActivity]: mHardwareRenderer.initialize() mSurface={isValid=true -1825574912} hwInitialized=true
08-15 13:55:25.607 2708 2708 D ViewRootImpl@11d1e79[PdfArchiveActivity]: MSG_RESIZED_REPORT: frame=Rect(241, 456 - 527, 568) ci=Rect(0, 0 - 0, 0) vi=Rect(0, 0 - 0, 0) or=1
08-15 13:55:25.607 2708 2708 D ViewRootImpl@11d1e79[PdfArchiveActivity]: MSG_WINDOW_FOCUS_CHANGED 1
08-15 13:55:25.607 2708 2708 D ViewRootImpl@11d1e79[PdfArchiveActivity]: mHardwareRenderer.initializeIfNeeded()#2 mSurface={isValid=true -1825574912}
08-15 13:55:25.608 2708 2708 V InputMethodManager: Starting input: tba=android.view.inputmethod.EditorInfo@7b4601f nm : cz.gienger.mobile ic=null
08-15 13:55:25.608 2708 2708 I InputMethodManager: startInputInner - mService.startInputOrWindowGainedFocus
08-15 13:55:25.609 2708 2708 D InputTransport: Input channel constructed: fd=67
08-15 13:55:26.678 2708 2708 D ViewRootImpl@11d1e79[PdfArchiveActivity]: mHardwareRenderer.destroy()#1
08-15 13:55:26.689 2708 2708 D ViewRootImpl@11d1e79[PdfArchiveActivity]: Relayout returned: oldFrame=[241,456][527,568] newFrame=[241,456][527,568] result=0x5 surface={isValid=false 0} surfaceGenerationChanged=true
08-15 13:55:26.689 2708 2708 D ViewRootImpl@11d1e79[PdfArchiveActivity]: MSG_WINDOW_FOCUS_CHANGED 0
08-15 13:55:26.691 2708 2708 D ViewRootImpl@f9ba8ce[CartActivity]: mHardwareRenderer.destroy()#1
08-15 13:55:26.703 2708 2708 D ViewRootImpl@f9ba8ce[CartActivity]: Relayout returned: oldFrame=[0,0][768,1024] newFrame=[0,0][768,1024] result=0x1 surface={isValid=false 0} surfaceGenerationChanged=false
08-15 13:55:26.837 2708 10572 D MYINTERCEPTOR: /GiengerService.svc/uploadfinishedorder
08-15 13:55:26.838 2708 10572 D OkHttp : --> POST https://testsaig1.gienger.cz/GiengerService.svc/uploadfinishedorder http/1.1
08-15 13:55:26.838 2708 10572 D OkHttp : Content-Type: text/raw
08-15 13:55:26.838 2708 10572 D OkHttp : Content-Length: 117244
08-15 13:55:26.838 2708 10572 D OkHttp : filename: 9c3ff462-5c60-4776-9952-9729873d67e8.xml
08-15 13:55:26.839 2708 10572 D OkHttp : Checksum: 27d2c9bdc094ea34f0ab8dbe621114a9
08-15 13:55:26.839 2708 10572 D OkHttp : token: f61336e178b73a9e433b2c5314d1e477
08-15 13:55:26.839 2708 10572 D OkHttp : state: CZ
08-15 13:55:26.839 2708 10572 D OkHttp : --> END POST
08-15 13:55:26.841 2708 2708 D ViewRootImpl@32b67ac[CategoryListActivity]: mHardwareRenderer.destroy()#4
08-15 13:55:26.841 2708 2708 D ViewRootImpl@32b67ac[CategoryListActivity]: dispatchDetachedFromWindow
08-15 13:55:26.850 2708 2708 D InputTransport: Input channel destroyed: fd=74
08-15 13:55:26.876 2708 2708 D ViewRootImpl@c3b413a[ArticleListActivity]: mHardwareRenderer.destroy()#4
08-15 13:55:26.876 2708 2708 D ViewRootImpl@c3b413a[ArticleListActivity]: dispatchDetachedFromWindow
08-15 13:55:26.882 2708 2708 D InputTransport: Input channel destroyed: fd=64
08-15 13:55:26.941 2708 2708 D ViewRootImpl@f9ba8ce[CartActivity]: Relayout returned: oldFrame=[0,0][768,1024] newFrame=[0,0][768,1024] result=0x7 surface={isValid=true -1825574912} surfaceGenerationChanged=true
08-15 13:55:26.942 2708 2708 D ViewRootImpl@f9ba8ce[CartActivity]: mHardwareRenderer.initialize() mSurface={isValid=true -1825574912} hwInitialized=true
08-15 13:55:26.964 2708 2708 D AbsListView: in onLayout changed
08-15 13:55:26.966 2708 2708 D LOCATION_SERVICE: onDestroy
08-15 13:55:27.260 2708 2708 D ViewRootImpl@98fc5ec[MainActivity]: Relayout returned: oldFrame=[0,0][768,1024] newFrame=[0,0][768,1024] result=0x7 surface={isValid=true -1825310720} surfaceGenerationChanged=true
08-15 13:55:27.261 2708 2708 D ViewRootImpl@98fc5ec[MainActivity]: mHardwareRenderer.initialize() mSurface={isValid=true -1825310720} hwInitialized=true
08-15 13:55:27.322 2708 2708 D AbsListView: in onLayout changed
08-15 13:55:27.345 2708 2708 D ViewRootImpl@98fc5ec[MainActivity]: MSG_WINDOW_FOCUS_CHANGED 1
08-15 13:55:27.345 2708 2708 D ViewRootImpl@98fc5ec[MainActivity]: mHardwareRenderer.initializeIfNeeded()#2 mSurface={isValid=true -1825310720}
08-15 13:55:27.347 2708 2708 V InputMethodManager: Starting input: tba=android.view.inputmethod.EditorInfo@8edf3ea nm : cz.gienger.mobile ic=null
08-15 13:55:27.347 2708 2708 I InputMethodManager: startInputInner - mService.startInputOrWindowGainedFocus
08-15 13:55:27.364 2708 2708 D InputTransport: Input channel constructed: fd=74
08-15 13:55:27.364 2708 2708 D InputTransport: Input channel destroyed: fd=67
08-15 13:55:27.404 2708 2708 D ViewRootImpl@f9ba8ce[CartActivity]: mHardwareRenderer.destroy()#1
08-15 13:55:27.412 2708 2708 D ViewRootImpl@f9ba8ce[CartActivity]: Relayout returned: oldFrame=[0,0][768,1024] newFrame=[0,0][768,1024] result=0x5 surface={isValid=false 0} surfaceGenerationChanged=true
08-15 13:55:27.426 2708 10572 D OkHttp : <-- 200 https://testsaig1.gienger.cz/GiengerService.svc/uploadfinishedorder (587ms)
08-15 13:55:27.426 2708 10572 D OkHttp : content-type: application/xml; charset=utf-8
08-15 13:55:27.426 2708 10572 D OkHttp : server: Microsoft-IIS/10.0
08-15 13:55:27.426 2708 10572 D OkHttp : x-powered-by: ASP.NET
08-15 13:55:27.426 2708 10572 D OkHttp : date: Wed, 15 Aug 2018 11:55:26 GMT
08-15 13:55:27.426 2708 10572 D OkHttp : content-length: 175
08-15 13:55:27.426 2708 10572 D OkHttp : <-- END HTTP
08-15 13:55:27.428 2708 2708 D ViewRootImpl@11d1e79[PdfArchiveActivity]: mHardwareRenderer.destroy()#4
08-15 13:55:27.428 2708 2708 D ViewRootImpl@11d1e79[PdfArchiveActivity]: dispatchDetachedFromWindow
08-15 13:55:27.440 2708 2708 D InputTransport: Input channel destroyed: fd=63
08-15 13:55:27.783 2708 2708 D TextView: SYANI: Clipboard API is calling: clearFilter()
08-15 13:55:27.783 2708 2708 D TextView: SYANI: Clipboard API is calling: unregisterClipboardEventListener()
08-15 13:55:27.784 2708 2708 D TextView: SYANI: Clipboard API is calling: clearFilter()
08-15 13:55:27.784 2708 2708 D TextView: SYANI: Clipboard API is calling: unregisterClipboardEventListener()
08-15 13:55:27.785 2708 2708 D TextView: SYANI: Clipboard API is calling: clearFilter()
08-15 13:55:27.785 2708 2708 D TextView: SYANI: Clipboard API is calling: unregisterClipboardEventListener()
08-15 13:55:27.786 2708 2708 D TextView: SYANI: Clipboard API is calling: clearFilter()
08-15 13:55:27.786 2708 2708 D TextView: SYANI: Clipboard API is calling: unregisterClipboardEventListener()
08-15 13:55:27.787 2708 2708 D TextView: SYANI: Clipboard API is calling: clearFilter()
08-15 13:55:27.787 2708 2708 D TextView: SYANI: Clipboard API is calling: unregisterClipboardEventListener()
08-15 13:55:27.792 2708 2708 D TextView: SYANI: Clipboard API is calling: clearFilter()
08-15 13:55:27.792 2708 2708 D TextView: SYANI: Clipboard API is calling: unregisterClipboardEventListener()
08-15 13:55:27.795 2708 2708 D TextView: SYANI: Clipboard API is calling: clearFilter()
08-15 13:55:27.795 2708 2708 D TextView: SYANI: Clipboard API is calling: unregisterClipboardEventListener()
08-15 13:55:27.797 2708 2708 D TextView: SYANI: Clipboard API is calling: clearFilter()
08-15 13:55:27.797 2708 2708 D TextView: SYANI: Clipboard API is calling: unregisterClipboardEventListener()
08-15 13:55:27.801 2708 2708 D TextView: SYANI: Clipboard API is calling: clearFilter()
08-15 13:55:27.802 2708 2708 D TextView: SYANI: Clipboard API is calling: unregisterClipboardEventListener()
08-15 13:55:27.809 2708 2708 D ViewRootImpl@f9ba8ce[CartActivity]: mHardwareRenderer.destroy()#4
08-15 13:55:27.809 2708 2708 D ViewRootImpl@f9ba8ce[CartActivity]: dispatchDetachedFromWindow
08-15 13:55:27.817 2708 2708 D InputTransport: Input channel destroyed: fd=66
08-15 13:55:31.532 2708 2708 D ViewRootImpl: updatePointerIcon pointerType = 20001, calling pid = 2708
08-15 13:55:31.532 2708 2708 D InputManager: setPointerIconType iconId = 20001, callingPid = 2708
08-15 13:55:31.534 2708 2708 D ViewRootImpl: updatePointerIcon pointerType = 20001, calling pid = 2708
08-15 13:55:31.534 2708 2708 D InputManager: setPointerIconType iconId = 20001, callingPid = 2708
08-15 13:55:31.562 2708 2708 D ViewRootImpl@98fc5ec[MainActivity]: ViewPostImeInputStage processPointer 0
08-15 13:55:31.563 2708 2708 D ViewRootImpl: updatePointerIcon pointerType = 20001, calling pid = 2708
08-15 13:55:31.564 2708 2708 D InputManager: setPointerIconType iconId = 20001, callingPid = 2708
08-15 13:55:31.609 2708 2708 D AbsListView: reportScrollStateChange() newState : 1
08-15 13:55:32.307 2708 2708 D ViewRootImpl@98fc5ec[MainActivity]: ViewPostImeInputStage processPointer 1
08-15 13:55:32.307 2708 2708 D AbsListView: onTouchUp() mTouchMode : 3
08-15 13:55:32.307 2708 2708 D AbsListView: onTouchUp() TOUCH_MODE_SCROLL initialVelocity : 71
08-15 13:55:32.307 2708 2708 D AbsListView: reportScrollStateChange() newState : 0
08-15 13:55:32.314 2708 2708 D ViewRootImpl: updatePointerIcon pointerType = 20001, calling pid = 2708
08-15 13:55:32.315 2708 2708 D InputManager: setPointerIconType iconId = 20001, callingPid = 2708
08-15 13:55:32.316 2708 2708 D ViewRootImpl: updatePointerIcon pointerType = 20001, calling pid = 2708
08-15 13:55:32.316 2708 2708 D InputManager: setPointerIconType iconId = 20001, callingPid = 2708
08-15 13:55:32.485 2708 2708 D ViewRootImpl: updatePointerIcon pointerType = 20001, calling pid = 2708
08-15 13:55:32.486 2708 2708 D InputManager: setPointerIconType iconId = 20001, callingPid = 2708
08-15 13:55:33.541 2708 2708 D ViewRootImpl: updatePointerIcon pointerType = 20001, calling pid = 2708
08-15 13:55:33.542 2708 2708 D InputManager: setPointerIconType iconId = 20001, callingPid = 2708
08-15 13:55:33.941 2708 2708 D ViewRootImpl: updatePointerIcon pointerType = 20001, calling pid = 2708
08-15 13:55:33.941 2708 2708 D InputManager: setPointerIconType iconId = 20001, callingPid = 2708
08-15 13:55:34.726 2708 2708 D ViewRootImpl: updatePointerIcon pointerType = 20001, calling pid = 2708
08-15 13:55:34.727 2708 2708 D InputManager: setPointerIconType iconId = 20001, callingPid = 2708
08-15 13:55:35.028 2708 2708 D ViewRootImpl@98fc5ec[MainActivity]: ViewPostImeInputStage processPointer 0
08-15 13:55:35.029 2708 2708 D ViewRootImpl: updatePointerIcon pointerType = 20001, calling pid = 2708
08-15 13:55:35.030 2708 2708 D InputManager: setPointerIconType iconId = 20001, callingPid = 2708
08-15 13:55:35.068 2708 2708 D ViewRootImpl@98fc5ec[MainActivity]: ViewPostImeInputStage processPointer 1
08-15 13:55:35.073 2708 2708 D ViewRootImpl: updatePointerIcon pointerType = 20001, calling pid = 2708
08-15 13:55:35.073 2708 2708 D InputManager: setPointerIconType iconId = 20001, callingPid = 2708
08-15 13:55:35.074 2708 2708 D ViewRootImpl: updatePointerIcon pointerType = 20001, calling pid = 2708
08-15 13:55:35.076 2708 2708 D InputManager: setPointerIconType iconId = 20001, callingPid = 2708
08-15 13:55:35.113 2708 2708 D ViewRootImpl@98fc5ec[MainActivity]: MSG_WINDOW_FOCUS_CHANGED 0
08-15 13:55:35.185 2708 2708 D ViewRootImpl@cb4ebdd[LogcatActivity]: ThreadedRenderer.create() translucent=true
08-15 13:55:35.188 2708 2708 D InputTransport: Input channel constructed: fd=68
08-15 13:55:35.189 2708 2708 D ViewRootImpl@cb4ebdd[LogcatActivity]: setView = DecorView@2d3f352[LogcatActivity] touchMode=true
08-15 13:55:35.194 2708 2708 D ViewRootImpl@cb4ebdd[LogcatActivity]: dispatchAttachedToWindow
08-15 13:55:35.223 2708 2708 D ViewRootImpl@cb4ebdd[LogcatActivity]: Relayout returned: oldFrame=[0,0][0,0] newFrame=[237,468][531,580] result=0x27 surface={isValid=true -1826764800} surfaceGenerationChanged=true
08-15 13:55:35.223 2708 2708 D ViewRootImpl@cb4ebdd[LogcatActivity]: mHardwareRenderer.initialize() mSurface={isValid=true -1826764800} hwInitialized=true
08-15 13:55:35.227 2708 2708 D ViewRootImpl@cb4ebdd[LogcatActivity]: MSG_RESIZED_REPORT: frame=Rect(237, 468 - 531, 580) ci=Rect(0, 0 - 0, 0) vi=Rect(0, 0 - 0, 0) or=1
08-15 13:55:35.228 2708 2708 D ViewRootImpl@cb4ebdd[LogcatActivity]: MSG_WINDOW_FOCUS_CHANGED 1
08-15 13:55:35.228 2708 2708 D ViewRootImpl@cb4ebdd[LogcatActivity]: mHardwareRenderer.initializeIfNeeded()#2 mSurface={isValid=true -1826764800}
08-15 13:55:35.228 2708 2708 V InputMethodManager: Starting input: tba=android.view.inputmethod.EditorInfo@bcdc623 nm : cz.gienger.mobile ic=null
08-15 13:55:35.228 2708 2708 I InputMethodManager: startInputInner - mService.startInputOrWindowGainedFocus
08-15 13:55:35.230 2708 2708 D InputTransport: Input channel constructed: fd=76
08-15 13:55:35.230 2708 2708 D InputTransport: Input channel destroyed: fd=74