08-15 13:49:09.018 2708 2718 I art : Background partial concurrent mark sweep GC freed 190281(8MB) AllocSpace objects, 9(1648KB) LOS objects, 52% free, 10MB/22MB, paused 1.246ms total 137.577ms
08-15 13:49:09.170 2708 2708 D AbsListView: in onLayout changed
08-15 13:49:10.278 2708 2708 D ViewRootImpl@98fc5ec[MainActivity]: ViewPostImeInputStage processPointer 0
08-15 13:49:10.345 2708 2708 D AbsListView: reportScrollStateChange() newState : 1
08-15 13:49:10.590 2708 2708 D ViewRootImpl@98fc5ec[MainActivity]: ViewPostImeInputStage processPointer 1
08-15 13:49:10.590 2708 2708 D AbsListView: onTouchUp() mTouchMode : 3
08-15 13:49:10.590 2708 2708 D AbsListView: onTouchUp() TOUCH_MODE_SCROLL initialVelocity : -912
08-15 13:49:10.590 2708 2708 D AbsListView: reportScrollStateChange() newState : 2
08-15 13:49:11.011 2708 2708 D ViewRootImpl@98fc5ec[MainActivity]: ViewPostImeInputStage processPointer 0
08-15 13:49:11.054 2708 2708 D AbsListView: reportScrollStateChange() newState : 0
08-15 13:49:11.056 2708 2708 D AbsListView: reportScrollStateChange() newState : 1
08-15 13:49:11.188 2708 2708 D ViewRootImpl@98fc5ec[MainActivity]: ViewPostImeInputStage processPointer 1
08-15 13:49:11.188 2708 2708 D AbsListView: onTouchUp() mTouchMode : 3
08-15 13:49:11.188 2708 2708 D AbsListView: onTouchUp() TOUCH_MODE_SCROLL initialVelocity : 441
08-15 13:49:11.188 2708 2708 D AbsListView: reportScrollStateChange() newState : 2
08-15 13:49:11.514 2708 2708 D AbsListView: reportScrollStateChange() newState : 0
08-15 13:49:11.651 2708 2708 D ViewRootImpl@98fc5ec[MainActivity]: ViewPostImeInputStage processPointer 0
08-15 13:49:11.682 2708 2708 D AbsListView: reportScrollStateChange() newState : 1
08-15 13:49:12.016 2708 2708 D ViewRootImpl@98fc5ec[MainActivity]: ViewPostImeInputStage processPointer 1
08-15 13:49:12.016 2708 2708 D AbsListView: onTouchUp() mTouchMode : 3
08-15 13:49:12.016 2708 2708 D AbsListView: onTouchUp() TOUCH_MODE_SCROLL initialVelocity : 0
08-15 13:49:12.016 2708 2708 D AbsListView: reportScrollStateChange() newState : 0
08-15 13:49:21.300 2708 2708 D ViewRootImpl@98fc5ec[MainActivity]: ViewPostImeInputStage processPointer 0
08-15 13:49:21.314 2708 2708 D AbsListView: reportScrollStateChange() newState : 1
08-15 13:49:21.564 2708 2708 D ViewRootImpl@98fc5ec[MainActivity]: ViewPostImeInputStage processPointer 1
08-15 13:49:21.565 2708 2708 D AbsListView: onTouchUp() mTouchMode : 3
08-15 13:49:21.565 2708 2708 D AbsListView: onTouchUp() TOUCH_MODE_SCROLL initialVelocity : -1790
08-15 13:49:21.565 2708 2708 D AbsListView: reportScrollStateChange() newState : 2
08-15 13:49:22.281 2708 2708 D ViewRootImpl@98fc5ec[MainActivity]: ViewPostImeInputStage processPointer 0
08-15 13:49:22.451 2708 2708 D AbsListView: reportScrollStateChange() newState : 0
08-15 13:49:22.451 2708 2708 D AbsListView: reportScrollStateChange() newState : 1
08-15 13:49:22.495 2708 2708 D ViewRootImpl@98fc5ec[MainActivity]: ViewPostImeInputStage processPointer 1
08-15 13:49:22.495 2708 2708 D AbsListView: onTouchUp() mTouchMode : 3
08-15 13:49:22.495 2708 2708 D AbsListView: onTouchUp() TOUCH_MODE_SCROLL initialVelocity : -1381
08-15 13:49:22.495 2708 2708 D AbsListView: reportScrollStateChange() newState : 2
08-15 13:49:23.226 2708 2708 D AbsListView: reportScrollStateChange() newState : 0
08-15 13:49:23.340 2708 2708 D ViewRootImpl@98fc5ec[MainActivity]: ViewPostImeInputStage processPointer 0
08-15 13:49:23.374 2708 2708 D AbsListView: reportScrollStateChange() newState : 1
08-15 13:49:23.615 2708 2708 D ViewRootImpl@98fc5ec[MainActivity]: ViewPostImeInputStage processPointer 1
08-15 13:49:23.615 2708 2708 D AbsListView: onTouchUp() mTouchMode : 3
08-15 13:49:23.615 2708 2708 D AbsListView: onTouchUp() TOUCH_MODE_SCROLL initialVelocity : -1010
08-15 13:49:23.615 2708 2708 D AbsListView: reportScrollStateChange() newState : 2
08-15 13:49:24.018 2708 2708 D ViewRootImpl@98fc5ec[MainActivity]: ViewPostImeInputStage processPointer 0
08-15 13:49:24.229 2708 2708 D AbsListView: reportScrollStateChange() newState : 0
08-15 13:49:24.230 2708 2708 D AbsListView: reportScrollStateChange() newState : 1
08-15 13:49:24.296 2708 2708 D ViewRootImpl@98fc5ec[MainActivity]: ViewPostImeInputStage processPointer 1
08-15 13:49:24.297 2708 2708 D AbsListView: onTouchUp() mTouchMode : 3
08-15 13:49:24.297 2708 2708 D AbsListView: onTouchUp() TOUCH_MODE_SCROLL initialVelocity : -487
08-15 13:49:24.297 2708 2708 D AbsListView: reportScrollStateChange() newState : 2
08-15 13:49:24.645 2708 2708 D AbsListView: reportScrollStateChange() newState : 0
08-15 13:49:29.907 2708 2708 D ViewRootImpl@98fc5ec[MainActivity]: ViewPostImeInputStage processPointer 0
08-15 13:49:29.964 2708 2708 D AbsListView: reportScrollStateChange() newState : 1
08-15 13:49:30.370 2708 2708 D ViewRootImpl@98fc5ec[MainActivity]: ViewPostImeInputStage processPointer 1
08-15 13:49:30.370 2708 2708 D AbsListView: onTouchUp() mTouchMode : 3
08-15 13:49:30.370 2708 2708 D AbsListView: onTouchUp() TOUCH_MODE_SCROLL initialVelocity : -329
08-15 13:49:30.370 2708 2708 D AbsListView: reportScrollStateChange() newState : 2
08-15 13:49:30.647 2708 2708 D ViewRootImpl: updatePointerIcon pointerType = 20001, calling pid = 2708
08-15 13:49:30.647 2708 2708 D InputManager: setPointerIconType iconId = 20001, callingPid = 2708
08-15 13:49:30.650 2708 2708 D ViewRootImpl: updatePointerIcon pointerType = 20001, calling pid = 2708
08-15 13:49:30.650 2708 2708 D InputManager: setPointerIconType iconId = 20001, callingPid = 2708
08-15 13:49:30.652 2708 2708 D AbsListView: reportScrollStateChange() newState : 0
08-15 13:49:30.704 2708 2708 D ViewRootImpl@98fc5ec[MainActivity]: ViewPostImeInputStage processPointer 0
08-15 13:49:30.705 2708 2708 D ViewRootImpl: updatePointerIcon pointerType = 20001, calling pid = 2708
08-15 13:49:30.706 2708 2708 D InputManager: setPointerIconType iconId = 20001, callingPid = 2708
08-15 13:49:30.723 2708 2708 D AbsListView: reportScrollStateChange() newState : 1
08-15 13:49:30.962 2708 2708 D ViewRootImpl@98fc5ec[MainActivity]: ViewPostImeInputStage processPointer 1
08-15 13:49:30.962 2708 2708 D AbsListView: onTouchUp() mTouchMode : 3
08-15 13:49:30.963 2708 2708 D AbsListView: onTouchUp() TOUCH_MODE_SCROLL initialVelocity : -946
08-15 13:49:30.963 2708 2708 D AbsListView: reportScrollStateChange() newState : 2
08-15 13:49:30.975 2708 2708 D ViewRootImpl: updatePointerIcon pointerType = 20001, calling pid = 2708
08-15 13:49:30.975 2708 2708 D InputManager: setPointerIconType iconId = 20001, callingPid = 2708
08-15 13:49:30.977 2708 2708 D ViewRootImpl: updatePointerIcon pointerType = 20001, calling pid = 2708
08-15 13:49:30.978 2708 2708 D InputManager: setPointerIconType iconId = 20001, callingPid = 2708
08-15 13:49:31.526 2708 2708 D AbsListView: reportScrollStateChange() newState : 0
08-15 13:50:19.584 2708 2708 D ViewRootImpl@98fc5ec[MainActivity]: MSG_RESIZED_REPORT: frame=Rect(0, 0 - 768, 1024) ci=Rect(0, 24 - 0, 0) vi=Rect(0, 24 - 0, 0) or=1
08-15 13:50:19.622 2708 2708 D ViewRootImpl@98fc5ec[MainActivity]: Relayout returned: oldFrame=[0,0][768,1024] newFrame=[0,0][768,1024] result=0x1 surface={isValid=true -1800464384} surfaceGenerationChanged=false
08-15 13:50:19.670 2708 2708 D AbsListView: in onLayout changed
08-15 13:50:20.751 2708 2708 D ViewRootImpl@98fc5ec[MainActivity]: ViewPostImeInputStage processPointer 0
08-15 13:50:20.776 2708 2708 D AbsListView: reportScrollStateChange() newState : 1
08-15 13:50:21.085 2708 2708 D ViewRootImpl@98fc5ec[MainActivity]: ViewPostImeInputStage processPointer 1
08-15 13:50:21.085 2708 2708 D AbsListView: onTouchUp() mTouchMode : 3
08-15 13:50:21.085 2708 2708 D AbsListView: onTouchUp() TOUCH_MODE_SCROLL initialVelocity : 224
08-15 13:50:21.085 2708 2708 D AbsListView: reportScrollStateChange() newState : 0
08-15 13:50:21.232 2708 2708 D ViewRootImpl@98fc5ec[MainActivity]: ViewPostImeInputStage processPointer 0
08-15 13:50:21.261 2708 2708 D AbsListView: reportScrollStateChange() newState : 1
08-15 13:50:21.566 2708 2708 D ViewRootImpl@98fc5ec[MainActivity]: ViewPostImeInputStage processPointer 1
08-15 13:50:21.566 2708 2708 D AbsListView: onTouchUp() mTouchMode : 3
08-15 13:50:21.566 2708 2708 D AbsListView: onTouchUp() TOUCH_MODE_SCROLL initialVelocity : -331
08-15 13:50:21.567 2708 2708 D AbsListView: reportScrollStateChange() newState : 2
08-15 13:50:21.669 2708 2708 D ViewRootImpl@98fc5ec[MainActivity]: ViewPostImeInputStage processPointer 0
08-15 13:50:21.717 2708 2708 D AbsListView: reportScrollStateChange() newState : 0
08-15 13:50:21.717 2708 2708 D AbsListView: reportScrollStateChange() newState : 1
08-15 13:50:21.855 2708 2708 D ViewRootImpl@98fc5ec[MainActivity]: ViewPostImeInputStage processPointer 1
08-15 13:50:21.856 2708 2708 D AbsListView: onTouchUp() mTouchMode : 3
08-15 13:50:21.856 2708 2708 D AbsListView: onTouchUp() TOUCH_MODE_SCROLL initialVelocity : 2812
08-15 13:50:21.856 2708 2708 D AbsListView: reportScrollStateChange() newState : 2
08-15 13:50:22.046 2708 2708 D AbsListView: reportScrollStateChange() newState : 0
08-15 13:50:29.026 2708 2708 D ViewRootImpl@98fc5ec[MainActivity]: MSG_RESIZED_REPORT: frame=Rect(0, 0 - 768, 1024) ci=Rect(0, 24 - 0, 0) vi=Rect(0, 24 - 0, 0) or=1
08-15 13:50:29.094 2708 2708 D AbsListView: in onLayout changed
08-15 13:50:31.543 2708 2708 D ViewRootImpl@98fc5ec[MainActivity]: ViewPostImeInputStage processPointer 0
08-15 13:50:31.558 2708 2708 D AbsListView: reportScrollStateChange() newState : 1
08-15 13:50:32.636 2708 2708 D ViewRootImpl@98fc5ec[MainActivity]: ViewPostImeInputStage processPointer 1
08-15 13:50:32.637 2708 2708 D AbsListView: onTouchUp() mTouchMode : 3
08-15 13:50:32.637 2708 2708 D AbsListView: onTouchUp() TOUCH_MODE_SCROLL initialVelocity : 186
08-15 13:50:32.637 2708 2708 D AbsListView: reportScrollStateChange() newState : 0
08-15 13:50:34.882 2708 2708 D ViewRootImpl@98fc5ec[MainActivity]: ViewPostImeInputStage processPointer 0
08-15 13:50:34.947 2708 2708 D AbsListView: reportScrollStateChange() newState : 1
08-15 13:50:35.608 2708 2708 D ViewRootImpl@98fc5ec[MainActivity]: ViewPostImeInputStage processPointer 1
08-15 13:50:35.608 2708 2708 D AbsListView: onTouchUp() mTouchMode : 3
08-15 13:50:35.608 2708 2708 D AbsListView: onTouchUp() TOUCH_MODE_SCROLL initialVelocity : 2490
08-15 13:50:35.608 2708 2708 D AbsListView: reportScrollStateChange() newState : 2
08-15 13:50:35.766 2708 2708 D AbsListView: reportScrollStateChange() newState : 0
08-15 13:50:39.375 2708 2708 D ViewRootImpl@98fc5ec[MainActivity]: ViewPostImeInputStage processPointer 0
08-15 13:50:39.396 2708 2708 D AbsListView: reportScrollStateChange() newState : 1
08-15 13:50:39.955 2708 2708 D ViewRootImpl@98fc5ec[MainActivity]: ViewPostImeInputStage processPointer 1
08-15 13:50:39.955 2708 2708 D AbsListView: onTouchUp() mTouchMode : 3
08-15 13:50:39.955 2708 2708 D AbsListView: onTouchUp() TOUCH_MODE_SCROLL initialVelocity : 3288
08-15 13:50:39.955 2708 2708 D AbsListView: reportScrollStateChange() newState : 0
08-15 13:50:40.414 2708 2708 D ViewRootImpl@98fc5ec[MainActivity]: ViewPostImeInputStage processPointer 0
08-15 13:50:40.461 2708 2708 D AbsListView: reportScrollStateChange() newState : 1
08-15 13:50:40.878 2708 2708 D ViewRootImpl@98fc5ec[MainActivity]: ViewPostImeInputStage processPointer 1
08-15 13:50:40.878 2708 2708 D AbsListView: onTouchUp() mTouchMode : 3
08-15 13:50:40.878 2708 2708 D AbsListView: onTouchUp() TOUCH_MODE_SCROLL initialVelocity : -2133
08-15 13:50:40.878 2708 2708 D AbsListView: reportScrollStateChange() newState : 2
08-15 13:50:41.105 2708 2708 D ViewRootImpl@98fc5ec[MainActivity]: ViewPostImeInputStage processPointer 0
08-15 13:50:41.150 2708 2708 D AbsListView: reportScrollStateChange() newState : 0
08-15 13:50:41.151 2708 2708 D AbsListView: reportScrollStateChange() newState : 1
08-15 13:50:41.871 2708 2708 D ViewRootImpl@98fc5ec[MainActivity]: ViewPostImeInputStage processPointer 1
08-15 13:50:41.872 2708 2708 D AbsListView: onTouchUp() mTouchMode : 3
08-15 13:50:41.872 2708 2708 D AbsListView: onTouchUp() TOUCH_MODE_SCROLL initialVelocity : 2422
08-15 13:50:41.872 2708 2708 D AbsListView: reportScrollStateChange() newState : 2
08-15 13:50:42.191 2708 2708 D ViewRootImpl@98fc5ec[MainActivity]: ViewPostImeInputStage processPointer 0
08-15 13:50:42.192 2708 2708 D AbsListView: reportScrollStateChange() newState : 0
08-15 13:50:42.371 2708 2708 D ViewRootImpl@98fc5ec[MainActivity]: ViewPostImeInputStage processPointer 1
08-15 13:50:42.371 2708 2708 D AbsListView: onTouchUp() mTouchMode : 3
08-15 13:50:42.371 2708 2708 D AbsListView: onTouchUp() TOUCH_MODE_SCROLL initialVelocity : 0
08-15 13:50:42.765 2708 2708 D ViewRootImpl@98fc5ec[MainActivity]: ViewPostImeInputStage processPointer 0
08-15 13:50:42.816 2708 2708 D AbsListView: reportScrollStateChange() newState : 1
08-15 13:50:43.306 2708 2708 D ViewRootImpl@98fc5ec[MainActivity]: ViewPostImeInputStage processPointer 1
08-15 13:50:43.307 2708 2708 D AbsListView: onTouchUp() mTouchMode : 3
08-15 13:50:43.307 2708 2708 D AbsListView: onTouchUp() TOUCH_MODE_SCROLL initialVelocity : 0
08-15 13:50:43.307 2708 2708 D AbsListView: reportScrollStateChange() newState : 0
08-15 13:50:44.221 2708 2708 D ViewRootImpl@98fc5ec[MainActivity]: ViewPostImeInputStage processPointer 0
08-15 13:50:44.268 2708 2708 D AbsListView: reportScrollStateChange() newState : 1
08-15 13:50:44.986 2708 2708 D ViewRootImpl@98fc5ec[MainActivity]: ViewPostImeInputStage processPointer 1
08-15 13:50:44.986 2708 2708 D AbsListView: onTouchUp() mTouchMode : 3
08-15 13:50:44.986 2708 2708 D AbsListView: onTouchUp() TOUCH_MODE_SCROLL initialVelocity : 0
08-15 13:50:44.986 2708 2708 D AbsListView: reportScrollStateChange() newState : 0
08-15 13:50:49.218 2708 2708 D ViewRootImpl@98fc5ec[MainActivity]: ViewPostImeInputStage processPointer 0
08-15 13:50:49.262 2708 2708 D AbsListView: reportScrollStateChange() newState : 1
08-15 13:50:49.760 2708 2708 D ViewRootImpl@98fc5ec[MainActivity]: ViewPostImeInputStage processPointer 1
08-15 13:50:49.760 2708 2708 D AbsListView: onTouchUp() mTouchMode : 3
08-15 13:50:49.760 2708 2708 D AbsListView: onTouchUp() TOUCH_MODE_SCROLL initialVelocity : 1623
08-15 13:50:49.760 2708 2708 D AbsListView: reportScrollStateChange() newState : 0
08-15 13:50:57.062 2708 2708 D AbsListView: in onLayout changed
08-15 13:50:57.077 2708 2708 D ViewRootImpl@98fc5ec[MainActivity]: MSG_RESIZED_REPORT: frame=Rect(0, 0 - 768, 1024) ci=Rect(0, 24 - 0, 0) vi=Rect(0, 24 - 0, 0) or=1
08-15 13:51:16.555 2708 2708 D ViewRootImpl@98fc5ec[MainActivity]: MSG_RESIZED_REPORT: frame=Rect(0, 0 - 768, 1024) ci=Rect(0, 24 - 0, 0) vi=Rect(0, 24 - 0, 0) or=1
08-15 13:51:16.565 2708 2718 I art : Background sticky concurrent mark sweep GC freed 276090(10MB) AllocSpace objects, 0(0B) LOS objects, 45% free, 12MB/22MB, paused 1.045ms total 115.209ms
08-15 13:51:16.632 2708 2708 D AbsListView: in onLayout changed
08-15 13:51:29.838 2708 2708 D ViewRootImpl@98fc5ec[MainActivity]: MSG_RESIZED_REPORT: frame=Rect(0, 0 - 768, 1024) ci=Rect(0, 24 - 0, 0) vi=Rect(0, 24 - 0, 0) or=1
08-15 13:51:29.907 2708 2708 D AbsListView: in onLayout changed
08-15 13:52:02.733 2708 2708 D ViewRootImpl@98fc5ec[MainActivity]: MSG_RESIZED_REPORT: frame=Rect(0, 0 - 768, 1024) ci=Rect(0, 24 - 0, 0) vi=Rect(0, 24 - 0, 0) or=1
08-15 13:52:02.826 2708 2708 D AbsListView: in onLayout changed
08-15 13:52:22.876 2708 2708 D AbsListView: in onLayout changed
08-15 13:52:22.890 2708 2708 D ViewRootImpl@98fc5ec[MainActivity]: MSG_RESIZED_REPORT: frame=Rect(0, 0 - 768, 1024) ci=Rect(0, 24 - 0, 0) vi=Rect(0, 24 - 0, 0) or=1
08-15 13:52:24.046 2708 2708 D ViewRootImpl@98fc5ec[MainActivity]: ViewPostImeInputStage processPointer 0
08-15 13:52:24.081 2708 2708 D AbsListView: reportScrollStateChange() newState : 1
08-15 13:52:24.593 2708 2708 D ViewRootImpl@98fc5ec[MainActivity]: ViewPostImeInputStage processPointer 1
08-15 13:52:24.593 2708 2708 D AbsListView: onTouchUp() mTouchMode : 3
08-15 13:52:24.593 2708 2708 D AbsListView: onTouchUp() TOUCH_MODE_SCROLL initialVelocity : 504
08-15 13:52:24.593 2708 2708 D AbsListView: reportScrollStateChange() newState : 0
08-15 13:52:25.219 2708 2708 D ViewRootImpl@98fc5ec[MainActivity]: ViewPostImeInputStage processPointer 0
08-15 13:52:25.251 2708 2708 D AbsListView: reportScrollStateChange() newState : 1
08-15 13:52:25.457 2708 2708 D ViewRootImpl@98fc5ec[MainActivity]: ViewPostImeInputStage processPointer 1
08-15 13:52:25.458 2708 2708 D AbsListView: onTouchUp() mTouchMode : 3
08-15 13:52:25.458 2708 2708 D AbsListView: onTouchUp() TOUCH_MODE_SCROLL initialVelocity : 0
08-15 13:52:25.458 2708 2708 D AbsListView: reportScrollStateChange() newState : 0
08-15 13:52:33.971 2708 2708 D ViewRootImpl@98fc5ec[MainActivity]: ViewPostImeInputStage processPointer 0
08-15 13:52:34.034 2708 2708 D AbsListView: reportScrollStateChange() newState : 1
08-15 13:52:34.226 2708 2708 D ViewRootImpl@98fc5ec[MainActivity]: ViewPostImeInputStage processPointer 1
08-15 13:52:34.227 2708 2708 D AbsListView: onTouchUp() mTouchMode : 3
08-15 13:52:34.227 2708 2708 D AbsListView: onTouchUp() TOUCH_MODE_SCROLL initialVelocity : 0
08-15 13:52:34.227 2708 2708 D AbsListView: reportScrollStateChange() newState : 0
08-15 13:52:34.733 2708 2708 D ViewRootImpl@98fc5ec[MainActivity]: ViewPostImeInputStage processPointer 0
08-15 13:52:34.822 2708 2708 D AbsListView: reportScrollStateChange() newState : 1
08-15 13:52:35.089 2708 2708 D ViewRootImpl@98fc5ec[MainActivity]: ViewPostImeInputStage processPointer 1
08-15 13:52:35.089 2708 2708 D AbsListView: onTouchUp() mTouchMode : 3
08-15 13:52:35.089 2708 2708 D AbsListView: onTouchUp() TOUCH_MODE_SCROLL initialVelocity : -800
08-15 13:52:35.089 2708 2708 D AbsListView: reportScrollStateChange() newState : 2
08-15 13:52:35.380 2708 2708 D ViewRootImpl@98fc5ec[MainActivity]: ViewPostImeInputStage processPointer 0
08-15 13:52:35.422 2708 2708 D AbsListView: reportScrollStateChange() newState : 0
08-15 13:52:35.422 2708 2708 D AbsListView: reportScrollStateChange() newState : 1
08-15 13:52:35.506 2708 2708 D ViewRootImpl@98fc5ec[MainActivity]: ViewPostImeInputStage processPointer 1
08-15 13:52:35.506 2708 2708 D AbsListView: onTouchUp() mTouchMode : 3
08-15 13:52:35.506 2708 2708 D AbsListView: onTouchUp() TOUCH_MODE_SCROLL initialVelocity : 1408
08-15 13:52:35.506 2708 2708 D AbsListView: reportScrollStateChange() newState : 2
08-15 13:52:35.758 2708 2708 D AbsListView: reportScrollStateChange() newState : 0
08-15 13:52:35.970 2708 2708 D ViewRootImpl@98fc5ec[MainActivity]: ViewPostImeInputStage processPointer 0
08-15 13:52:35.991 2708 2708 D AbsListView: reportScrollStateChange() newState : 1
08-15 13:52:36.065 2708 2708 D ViewRootImpl@98fc5ec[MainActivity]: ViewPostImeInputStage processPointer 1
08-15 13:52:36.065 2708 2708 D AbsListView: onTouchUp() mTouchMode : 3
08-15 13:52:36.065 2708 2708 D AbsListView: onTouchUp() TOUCH_MODE_SCROLL initialVelocity : 0
08-15 13:52:36.065 2708 2708 D AbsListView: reportScrollStateChange() newState : 0
08-15 13:52:39.176 2708 2708 D ViewRootImpl@98fc5ec[MainActivity]: MSG_RESIZED_REPORT: frame=Rect(0, 0 - 768, 1024) ci=Rect(0, 24 - 0, 0) vi=Rect(0, 24 - 0, 0) or=1
08-15 13:52:39.182 2708 2718 I art : Background sticky concurrent mark sweep GC freed 238303(9MB) AllocSpace objects, 0(0B) LOS objects, 39% free, 13MB/22MB, paused 1.359ms total 114.698ms
08-15 13:52:39.278 2708 2708 D AbsListView: in onLayout changed
08-15 13:52:40.787 2708 2708 D ViewRootImpl@98fc5ec[MainActivity]: ViewPostImeInputStage processPointer 0
08-15 13:52:40.844 2708 2708 D AbsListView: reportScrollStateChange() newState : 1
08-15 13:52:41.021 2708 2708 D ViewRootImpl@98fc5ec[MainActivity]: ViewPostImeInputStage processPointer 1
08-15 13:52:41.022 2708 2708 D AbsListView: onTouchUp() mTouchMode : 3
08-15 13:52:41.022 2708 2708 D AbsListView: onTouchUp() TOUCH_MODE_SCROLL initialVelocity : -296
08-15 13:52:41.022 2708 2708 D AbsListView: reportScrollStateChange() newState : 2
08-15 13:52:41.128 2708 2708 D ViewRootImpl@98fc5ec[MainActivity]: ViewPostImeInputStage processPointer 0
08-15 13:52:41.170 2708 2708 D AbsListView: reportScrollStateChange() newState : 0
08-15 13:52:41.170 2708 2708 D AbsListView: reportScrollStateChange() newState : 1
08-15 13:52:41.273 2708 2708 D ViewRootImpl@98fc5ec[MainActivity]: ViewPostImeInputStage processPointer 1
08-15 13:52:41.273 2708 2708 D AbsListView: onTouchUp() mTouchMode : 3
08-15 13:52:41.273 2708 2708 D AbsListView: onTouchUp() TOUCH_MODE_SCROLL initialVelocity : 1484
08-15 13:52:41.273 2708 2708 D AbsListView: reportScrollStateChange() newState : 0
08-15 13:52:41.782 2708 2708 D ViewRootImpl@98fc5ec[MainActivity]: ViewPostImeInputStage processPointer 0
08-15 13:52:41.913 2708 2708 D AbsListView: reportScrollStateChange() newState : 1
08-15 13:52:41.947 2708 2708 D ViewRootImpl@98fc5ec[MainActivity]: ViewPostImeInputStage processPointer 1
08-15 13:52:41.947 2708 2708 D AbsListView: onTouchUp() mTouchMode : 3
08-15 13:52:41.948 2708 2708 D AbsListView: onTouchUp() TOUCH_MODE_SCROLL initialVelocity : -2441
08-15 13:52:41.948 2708 2708 D AbsListView: reportScrollStateChange() newState : 2
08-15 13:52:42.614 2708 2708 D ViewRootImpl@98fc5ec[MainActivity]: ViewPostImeInputStage processPointer 0
08-15 13:52:42.656 2708 2708 D AbsListView: reportScrollStateChange() newState : 0
08-15 13:52:42.657 2708 2708 D AbsListView: reportScrollStateChange() newState : 1
08-15 13:52:42.727 2708 2708 D ViewRootImpl@98fc5ec[MainActivity]: ViewPostImeInputStage processPointer 1
08-15 13:52:42.727 2708 2708 D AbsListView: onTouchUp() mTouchMode : 3
08-15 13:52:42.727 2708 2708 D AbsListView: onTouchUp() TOUCH_MODE_SCROLL initialVelocity : 3085
08-15 13:52:42.727 2708 2708 D AbsListView: reportScrollStateChange() newState : 2
08-15 13:52:43.183 2708 2708 D AbsListView: reportScrollStateChange() newState : 0
08-15 13:52:43.630 2708 2708 D ViewRootImpl@98fc5ec[MainActivity]: ViewPostImeInputStage processPointer 0
08-15 13:52:43.700 2708 2708 D AbsListView: reportScrollStateChange() newState : 1
08-15 13:52:43.779 2708 2708 D ViewRootImpl@98fc5ec[MainActivity]: ViewPostImeInputStage processPointer 1
08-15 13:52:43.779 2708 2708 D AbsListView: onTouchUp() mTouchMode : 3
08-15 13:52:43.779 2708 2708 D AbsListView: onTouchUp() TOUCH_MODE_SCROLL initialVelocity : -2374
08-15 13:52:43.779 2708 2708 D AbsListView: reportScrollStateChange() newState : 2
08-15 13:52:44.038 2708 2708 D ViewRootImpl@98fc5ec[MainActivity]: ViewPostImeInputStage processPointer 0
08-15 13:52:44.079 2708 2708 D AbsListView: reportScrollStateChange() newState : 0
08-15 13:52:44.081 2708 2708 D AbsListView: reportScrollStateChange() newState : 1
08-15 13:52:44.172 2708 2708 D ViewRootImpl@98fc5ec[MainActivity]: ViewPostImeInputStage processPointer 1
08-15 13:52:44.172 2708 2708 D AbsListView: onTouchUp() mTouchMode : 3
08-15 13:52:44.172 2708 2708 D AbsListView: onTouchUp() TOUCH_MODE_SCROLL initialVelocity : 1913
08-15 13:52:44.172 2708 2708 D AbsListView: reportScrollStateChange() newState : 2
08-15 13:52:44.657 2708 2708 D ViewRootImpl@98fc5ec[MainActivity]: ViewPostImeInputStage processPointer 0
08-15 13:52:44.658 2708 2708 D AbsListView: reportScrollStateChange() newState : 0
08-15 13:52:44.826 2708 2708 D ViewRootImpl@98fc5ec[MainActivity]: ViewPostImeInputStage processPointer 1
08-15 13:52:44.826 2708 2708 D AbsListView: onTouchUp() mTouchMode : 3
08-15 13:52:44.826 2708 2708 D AbsListView: onTouchUp() TOUCH_MODE_SCROLL initialVelocity : 0
08-15 13:52:45.382 2708 2708 D ViewRootImpl@98fc5ec[MainActivity]: ViewPostImeInputStage processPointer 0
08-15 13:52:45.455 2708 2708 D AbsListView: reportScrollStateChange() newState : 1
08-15 13:52:45.680 2708 2708 D ViewRootImpl@98fc5ec[MainActivity]: ViewPostImeInputStage processPointer 1
08-15 13:52:45.681 2708 2708 D AbsListView: onTouchUp() mTouchMode : 3
08-15 13:52:45.681 2708 2708 D AbsListView: onTouchUp() TOUCH_MODE_SCROLL initialVelocity : 167
08-15 13:52:45.681 2708 2708 D AbsListView: reportScrollStateChange() newState : 0
08-15 13:52:46.597 2708 2708 D ViewRootImpl@98fc5ec[MainActivity]: ViewPostImeInputStage processPointer 0
08-15 13:52:46.873 2708 2708 D AbsListView: reportScrollStateChange() newState : 1
08-15 13:52:47.279 2708 2708 D ViewRootImpl@98fc5ec[MainActivity]: ViewPostImeInputStage processPointer 1
08-15 13:52:47.280 2708 2708 D AbsListView: onTouchUp() mTouchMode : 3
08-15 13:52:47.280 2708 2708 D AbsListView: onTouchUp() TOUCH_MODE_SCROLL initialVelocity : 0
08-15 13:52:47.280 2708 2708 D AbsListView: reportScrollStateChange() newState : 0
08-15 13:52:47.678 2708 2708 D ViewRootImpl@98fc5ec[MainActivity]: ViewPostImeInputStage processPointer 0
08-15 13:52:47.775 2708 2708 D AbsListView: reportScrollStateChange() newState : 1
08-15 13:52:48.260 2708 2708 D ViewRootImpl@98fc5ec[MainActivity]: ViewPostImeInputStage processPointer 1
08-15 13:52:48.262 2708 2708 D AbsListView: onTouchUp() mTouchMode : 3
08-15 13:52:48.262 2708 2708 D AbsListView: onTouchUp() TOUCH_MODE_SCROLL initialVelocity : 215
08-15 13:52:48.262 2708 2708 D AbsListView: reportScrollStateChange() newState : 0
08-15 13:53:30.045 2708 2708 D ViewRootImpl@98fc5ec[MainActivity]: MSG_RESIZED_REPORT: frame=Rect(0, 0 - 768, 1024) ci=Rect(0, 24 - 0, 0) vi=Rect(0, 24 - 0, 0) or=1
08-15 13:53:30.116 2708 2708 D AbsListView: in onLayout changed
08-15 13:53:30.579 2708 2708 D ViewRootImpl@98fc5ec[MainActivity]: ViewPostImeInputStage processPointer 0
08-15 13:53:30.657 2708 2708 D AbsListView: reportScrollStateChange() newState : 1
08-15 13:53:30.926 2708 2708 D ViewRootImpl@98fc5ec[MainActivity]: ViewPostImeInputStage processPointer 1
08-15 13:53:30.926 2708 2708 D AbsListView: onTouchUp() mTouchMode : 3
08-15 13:53:30.926 2708 2708 D AbsListView: onTouchUp() TOUCH_MODE_SCROLL initialVelocity : -1830
08-15 13:53:30.926 2708 2708 D AbsListView: reportScrollStateChange() newState : 2
08-15 13:53:31.817 2708 2708 D ViewRootImpl@98fc5ec[MainActivity]: ViewPostImeInputStage processPointer 0
08-15 13:53:31.866 2708 2708 D AbsListView: reportScrollStateChange() newState : 0
08-15 13:53:31.867 2708 2708 D AbsListView: reportScrollStateChange() newState : 1
08-15 13:53:31.954 2708 2708 D ViewRootImpl@98fc5ec[MainActivity]: ViewPostImeInputStage processPointer 1
08-15 13:53:31.954 2708 2708 D AbsListView: onTouchUp() mTouchMode : 3
08-15 13:53:31.954 2708 2708 D AbsListView: onTouchUp() TOUCH_MODE_SCROLL initialVelocity : 1488
08-15 13:53:31.955 2708 2708 D AbsListView: reportScrollStateChange() newState : 2
08-15 13:53:32.586 2708 2708 D ViewRootImpl@98fc5ec[MainActivity]: ViewPostImeInputStage processPointer 0
08-15 13:53:32.627 2708 2708 D AbsListView: reportScrollStateChange() newState : 0
08-15 13:53:32.629 2708 2708 D AbsListView: reportScrollStateChange() newState : 1
08-15 13:53:35.707 2708 2708 D ViewRootImpl@98fc5ec[MainActivity]: ViewPostImeInputStage processPointer 1
08-15 13:53:35.707 2708 2708 D AbsListView: onTouchUp() mTouchMode : 3
08-15 13:53:35.707 2708 2708 D AbsListView: onTouchUp() TOUCH_MODE_SCROLL initialVelocity : -1234
08-15 13:53:35.707 2708 2708 D AbsListView: reportScrollStateChange() newState : 2
08-15 13:53:36.313 2708 2708 D ViewRootImpl@98fc5ec[MainActivity]: ViewPostImeInputStage processPointer 0
08-15 13:53:36.357 2708 2708 D AbsListView: reportScrollStateChange() newState : 0
08-15 13:53:36.358 2708 2708 D AbsListView: reportScrollStateChange() newState : 1
08-15 13:53:36.593 2708 2708 D ViewRootImpl@98fc5ec[MainActivity]: ViewPostImeInputStage processPointer 1
08-15 13:53:36.593 2708 2708 D AbsListView: onTouchUp() mTouchMode : 3
08-15 13:53:36.593 2708 2708 D AbsListView: onTouchUp() TOUCH_MODE_SCROLL initialVelocity : -718
08-15 13:53:36.593 2708 2708 D AbsListView: reportScrollStateChange() newState : 2
08-15 13:53:37.054 2708 2708 D AbsListView: reportScrollStateChange() newState : 0
08-15 13:53:37.136 2708 2708 D ViewRootImpl@98fc5ec[MainActivity]: ViewPostImeInputStage processPointer 0
08-15 13:53:37.171 2708 2708 D AbsListView: reportScrollStateChange() newState : 1
08-15 13:53:37.415 2708 2708 D ViewRootImpl@98fc5ec[MainActivity]: ViewPostImeInputStage processPointer 1
08-15 13:53:37.415 2708 2708 D AbsListView: onTouchUp() mTouchMode : 3
08-15 13:53:37.416 2708 2708 D AbsListView: onTouchUp() TOUCH_MODE_SCROLL initialVelocity : -891
08-15 13:53:37.416 2708 2708 D AbsListView: reportScrollStateChange() newState : 2
08-15 13:53:37.956 2708 2708 D AbsListView: reportScrollStateChange() newState : 0
08-15 13:53:38.081 2708 2708 D ViewRootImpl@98fc5ec[MainActivity]: ViewPostImeInputStage processPointer 0
08-15 13:53:38.140 2708 2708 D AbsListView: reportScrollStateChange() newState : 1
08-15 13:53:38.404 2708 2708 D ViewRootImpl@98fc5ec[MainActivity]: ViewPostImeInputStage processPointer 1
08-15 13:53:38.404 2708 2708 D AbsListView: onTouchUp() mTouchMode : 3
08-15 13:53:38.404 2708 2708 D AbsListView: onTouchUp() TOUCH_MODE_SCROLL initialVelocity : -1261
08-15 13:53:38.404 2708 2708 D AbsListView: reportScrollStateChange() newState : 2
08-15 13:53:38.899 2708 2708 D ViewRootImpl@98fc5ec[MainActivity]: ViewPostImeInputStage processPointer 0
08-15 13:53:38.939 2708 2708 D AbsListView: reportScrollStateChange() newState : 0
08-15 13:53:38.940 2708 2708 D AbsListView: reportScrollStateChange() newState : 1
08-15 13:53:39.031 2708 2708 D ViewRootImpl@98fc5ec[MainActivity]: ViewPostImeInputStage processPointer 1
08-15 13:53:39.032 2708 2708 D AbsListView: onTouchUp() mTouchMode : 3
08-15 13:53:39.032 2708 2708 D AbsListView: onTouchUp() TOUCH_MODE_SCROLL initialVelocity : -3217
08-15 13:53:39.032 2708 2708 D AbsListView: reportScrollStateChange() newState : 2
08-15 13:53:39.311 2708 2708 D ViewRootImpl@98fc5ec[MainActivity]: ViewPostImeInputStage processPointer 0
08-15 13:53:39.352 2708 2708 D AbsListView: reportScrollStateChange() newState : 0
08-15 13:53:39.353 2708 2708 D AbsListView: reportScrollStateChange() newState : 1
08-15 13:53:39.970 2708 2708 D ViewRootImpl@98fc5ec[MainActivity]: ViewPostImeInputStage processPointer 1
08-15 13:53:39.971 2708 2708 D AbsListView: onTouchUp() mTouchMode : 3
08-15 13:53:39.971 2708 2708 D AbsListView: onTouchUp() TOUCH_MODE_SCROLL initialVelocity : -1384
08-15 13:53:39.971 2708 2708 D AbsListView: reportScrollStateChange() newState : 2
08-15 13:53:40.541 2708 2708 D ViewRootImpl@98fc5ec[MainActivity]: ViewPostImeInputStage processPointer 0
08-15 13:53:40.582 2708 2708 D AbsListView: reportScrollStateChange() newState : 0
08-15 13:53:40.584 2708 2708 D AbsListView: reportScrollStateChange() newState : 1
08-15 13:53:40.720 2708 2708 D ViewRootImpl@98fc5ec[MainActivity]: ViewPostImeInputStage processPointer 1
08-15 13:53:40.721 2708 2708 D AbsListView: onTouchUp() mTouchMode : 3
08-15 13:53:40.721 2708 2708 D AbsListView: onTouchUp() TOUCH_MODE_SCROLL initialVelocity : -2239
08-15 13:53:40.721 2708 2708 D AbsListView: reportScrollStateChange() newState : 2
08-15 13:53:41.014 2708 2708 D ViewRootImpl@98fc5ec[MainActivity]: ViewPostImeInputStage processPointer 0
08-15 13:53:41.067 2708 2708 D AbsListView: reportScrollStateChange() newState : 0
08-15 13:53:41.068 2708 2708 D AbsListView: reportScrollStateChange() newState : 1
08-15 13:53:41.860 2708 2708 D ViewRootImpl@98fc5ec[MainActivity]: ViewPostImeInputStage processPointer 1
08-15 13:53:41.861 2708 2708 D AbsListView: onTouchUp() mTouchMode : 3
08-15 13:53:41.861 2708 2708 D AbsListView: onTouchUp() TOUCH_MODE_SCROLL initialVelocity : -928
08-15 13:53:41.861 2708 2708 D AbsListView: reportScrollStateChange() newState : 2
08-15 13:53:42.417 2708 2708 D AbsListView: reportScrollStateChange() newState : 0
08-15 13:53:49.881 2708 2708 D ViewRootImpl@98fc5ec[MainActivity]: ViewPostImeInputStage processPointer 0
08-15 13:53:49.899 2708 2708 D AbsListView: reportScrollStateChange() newState : 1
08-15 13:53:50.265 2708 2708 D ViewRootImpl@98fc5ec[MainActivity]: ViewPostImeInputStage processPointer 1
08-15 13:53:50.265 2708 2708 D AbsListView: onTouchUp() mTouchMode : 3
08-15 13:53:50.265 2708 2708 D AbsListView: onTouchUp() TOUCH_MODE_SCROLL initialVelocity : -18
08-15 13:53:50.265 2708 2708 D AbsListView: reportScrollStateChange() newState : 0
08-15 13:53:50.599 2708 2708 D ViewRootImpl@98fc5ec[MainActivity]: ViewPostImeInputStage processPointer 0
08-15 13:53:50.650 2708 2708 D ViewRootImpl@98fc5ec[MainActivity]: ViewPostImeInputStage processPointer 1
08-15 13:53:50.676 2708 2708 D item_click: viewId = 2131820760, position = 16
08-15 13:53:50.741 2708 2708 D ViewRootImpl@98fc5ec[MainActivity]: MSG_WINDOW_FOCUS_CHANGED 0
08-15 13:53:50.796 2708 2708 D Graph : removeVertex() : insertDummyVertex, because there is no ancestor.
08-15 13:53:50.796 2708 2708 D Graph : removeVertex() : insertDummyVertex, because there is no ancestor.
08-15 13:53:50.796 2708 2708 D Graph : removeVertex() : insertDummyVertex, because there is no ancestor.
08-15 13:53:50.854 2708 2708 D ViewRootImpl@32b67ac[CategoryListActivity]: ThreadedRenderer.create() translucent=false
08-15 13:53:50.857 2708 2708 D InputTransport: Input channel constructed: fd=74
08-15 13:53:50.858 2708 2708 D ViewRootImpl@32b67ac[CategoryListActivity]: setView = DecorView@e19bc75[CategoryListActivity] touchMode=true
08-15 13:53:50.863 2708 2708 D ViewRootImpl@32b67ac[CategoryListActivity]: dispatchAttachedToWindow
08-15 13:53:50.896 2708 2708 D ViewRootImpl@32b67ac[CategoryListActivity]: Relayout returned: oldFrame=[0,0][0,0] newFrame=[0,0][768,1024] result=0x27 surface={isValid=true -1518481408} surfaceGenerationChanged=true
08-15 13:53:50.896 2708 2708 D ViewRootImpl@32b67ac[CategoryListActivity]: mHardwareRenderer.initialize() mSurface={isValid=true -1518481408} hwInitialized=true
08-15 13:53:51.016 2708 2708 D LOCATION_SERVICE: LocationListener gps
08-15 13:53:51.017 2708 2708 D LOCATION_SERVICE: LocationListener network
08-15 13:53:51.018 2708 2708 D LOCATION_SERVICE: onCreate
08-15 13:53:51.018 2708 2708 D LOCATION_SERVICE: initializeLocationManager
08-15 13:53:51.025 2708 2708 D LOCATION_SERVICE: onStartCommand
08-15 13:53:51.097 2708 2708 D ViewRootImpl@32b67ac[CategoryListActivity]: MSG_RESIZED_REPORT: frame=Rect(0, 0 - 768, 1024) ci=Rect(0, 24 - 0, 0) vi=Rect(0, 24 - 0, 0) or=1
08-15 13:53:51.097 2708 2708 D ViewRootImpl@32b67ac[CategoryListActivity]: MSG_WINDOW_FOCUS_CHANGED 1
08-15 13:53:51.097 2708 2708 D ViewRootImpl@32b67ac[CategoryListActivity]: mHardwareRenderer.initializeIfNeeded()#2 mSurface={isValid=true -1518481408}
08-15 13:53:51.098 2708 2708 V InputMethodManager: Starting input: tba=android.view.inputmethod.EditorInfo@d65ea0 nm : cz.gienger.mobile ic=null
08-15 13:53:51.098 2708 2708 I InputMethodManager: startInputInner - mService.startInputOrWindowGainedFocus
08-15 13:53:51.105 2708 2708 D InputTransport: Input channel constructed: fd=75
08-15 13:53:51.105 2708 2708 D InputTransport: Input channel destroyed: fd=63
08-15 13:53:51.160 2708 2774 D OpenGLRenderer: endAllActiveAnimators on 0x95167280 (RippleDrawable) with handle 0x92012fd0
08-15 13:53:51.160 2708 2708 D ViewRootImpl@98fc5ec[MainActivity]: mHardwareRenderer.destroy()#1
08-15 13:53:51.174 2708 2708 D ViewRootImpl@98fc5ec[MainActivity]: Relayout returned: oldFrame=[0,0][768,1024] newFrame=[0,0][768,1024] result=0x5 surface={isValid=false 0} surfaceGenerationChanged=true
08-15 13:53:51.526 2708 2708 D ViewRootImpl@98fc5ec[MainActivity]: Relayout returned: oldFrame=[0,0][768,1024] newFrame=[0,0][768,1024] result=0x5 surface={isValid=false 0} surfaceGenerationChanged=false
08-15 13:53:52.195 2708 2708 D ViewRootImpl@32b67ac[CategoryListActivity]: ViewPostImeInputStage processPointer 0
08-15 13:53:52.244 2708 2708 D ViewRootImpl@32b67ac[CategoryListActivity]: ViewPostImeInputStage processPointer 1
08-15 13:53:53.561 2708 2708 D ViewRootImpl@32b67ac[CategoryListActivity]: ViewPostImeInputStage processPointer 0
08-15 13:53:53.620 2708 2708 D ViewRootImpl@32b67ac[CategoryListActivity]: ViewPostImeInputStage processPointer 1
08-15 13:53:54.707 2708 2708 D ViewRootImpl@32b67ac[CategoryListActivity]: ViewPostImeInputStage processPointer 0
08-15 13:53:54.765 2708 2708 D ViewRootImpl@32b67ac[CategoryListActivity]: ViewPostImeInputStage processPointer 1
08-15 13:53:54.792 2708 2708 D ViewRootImpl@32b67ac[CategoryListActivity]: MSG_WINDOW_FOCUS_CHANGED 0
08-15 13:53:54.876 2708 2708 D ViewRootImpl@c3b413a[ArticleListActivity]: ThreadedRenderer.create() translucent=false
08-15 13:53:54.880 2708 2708 D InputTransport: Input channel constructed: fd=64
08-15 13:53:54.880 2708 2708 D ViewRootImpl@c3b413a[ArticleListActivity]: setView = DecorView@ff6a1eb[ArticleListActivity] touchMode=true
08-15 13:53:54.894 2708 2708 D ViewRootImpl@c3b413a[ArticleListActivity]: dispatchAttachedToWindow
08-15 13:53:54.921 2708 2708 D ViewRootImpl@c3b413a[ArticleListActivity]: Relayout returned: oldFrame=[0,0][0,0] newFrame=[0,0][768,1024] result=0x27 surface={isValid=true -1844613120} surfaceGenerationChanged=true
08-15 13:53:54.921 2708 2708 D ViewRootImpl@c3b413a[ArticleListActivity]: mHardwareRenderer.initialize() mSurface={isValid=true -1844613120} hwInitialized=true
08-15 13:53:55.319 2708 2708 D ViewRootImpl@c3b413a[ArticleListActivity]: MSG_RESIZED_REPORT: frame=Rect(0, 0 - 768, 1024) ci=Rect(0, 24 - 0, 0) vi=Rect(0, 24 - 0, 0) or=1
08-15 13:53:55.320 2708 2708 D ViewRootImpl@c3b413a[ArticleListActivity]: MSG_WINDOW_FOCUS_CHANGED 1
08-15 13:53:55.320 2708 2708 D ViewRootImpl@c3b413a[ArticleListActivity]: mHardwareRenderer.initializeIfNeeded()#2 mSurface={isValid=true -1844613120}
08-15 13:53:55.321 2708 2708 V InputMethodManager: Starting input: tba=android.view.inputmethod.EditorInfo@b7ddb9e nm : cz.gienger.mobile ic=null
08-15 13:53:55.321 2708 2708 I InputMethodManager: startInputInner - mService.startInputOrWindowGainedFocus
08-15 13:53:55.323 2708 2708 D InputTransport: Input channel constructed: fd=67
08-15 13:53:55.323 2708 2708 D InputTransport: Input channel destroyed: fd=75
08-15 13:53:55.384 2708 2708 D ViewRootImpl@32b67ac[CategoryListActivity]: mHardwareRenderer.destroy()#1
08-15 13:53:55.389 2708 2708 D ViewRootImpl@32b67ac[CategoryListActivity]: Relayout returned: oldFrame=[0,0][768,1024] newFrame=[0,0][768,1024] result=0x5 surface={isValid=false 0} surfaceGenerationChanged=true
08-15 13:53:55.802 2708 2708 D ViewRootImpl@32b67ac[CategoryListActivity]: Relayout returned: oldFrame=[0,0][768,1024] newFrame=[0,0][768,1024] result=0x5 surface={isValid=false 0} surfaceGenerationChanged=false
08-15 13:53:56.503 2708 2708 D ViewRootImpl@c3b413a[ArticleListActivity]: ViewPostImeInputStage processPointer 0
08-15 13:53:56.617 2708 2708 D ViewRootImpl@c3b413a[ArticleListActivity]: ViewPostImeInputStage processPointer 1
08-15 13:53:56.648 2708 2708 D ViewRootImpl@c3b413a[ArticleListActivity]: MSG_WINDOW_FOCUS_CHANGED 0
08-15 13:53:56.752 2708 2708 D ViewRootImpl@d24130e[AddArticleToCartActivity]: ThreadedRenderer.create() translucent=false
08-15 13:53:56.758 2708 2708 D InputTransport: Input channel constructed: fd=66
08-15 13:53:56.758 2708 2708 D ViewRootImpl@d24130e[AddArticleToCartActivity]: setView = DecorView@fe912f[AddArticleToCartActivity] touchMode=true
08-15 13:53:56.764 2708 2708 D ViewRootImpl@d24130e[AddArticleToCartActivity]: dispatchAttachedToWindow
08-15 13:53:56.794 2708 2708 D ViewRootImpl@d24130e[AddArticleToCartActivity]: Relayout returned: oldFrame=[0,0][0,0] newFrame=[0,0][768,1024] result=0x27 surface={isValid=true -1826351104} surfaceGenerationChanged=true
08-15 13:53:56.794 2708 2708 D ViewRootImpl@d24130e[AddArticleToCartActivity]: mHardwareRenderer.initialize() mSurface={isValid=true -1826351104} hwInitialized=true
08-15 13:53:56.840 2708 2708 D ViewRootImpl@d24130e[AddArticleToCartActivity]: MSG_RESIZED_REPORT: frame=Rect(0, 0 - 768, 1024) ci=Rect(0, 24 - 0, 0) vi=Rect(0, 24 - 0, 0) or=1
08-15 13:53:56.840 2708 2708 D ViewRootImpl@d24130e[AddArticleToCartActivity]: MSG_WINDOW_FOCUS_CHANGED 1
08-15 13:53:56.840 2708 2708 D ViewRootImpl@d24130e[AddArticleToCartActivity]: mHardwareRenderer.initializeIfNeeded()#2 mSurface={isValid=true -1826351104}
08-15 13:53:56.850 2708 2708 V InputMethodManager: Starting input: tba=android.view.inputmethod.EditorInfo@317036c nm : cz.gienger.mobile ic=com.android.internal.widget.EditableInputConnection@55f8d35
08-15 13:53:56.850 2708 2708 I InputMethodManager: startInputInner - mService.startInputOrWindowGainedFocus
08-15 13:53:56.862 2708 2708 D InputTransport: Input channel constructed: fd=68
08-15 13:53:56.862 2708 2708 D InputTransport: Input channel destroyed: fd=67
08-15 13:53:56.899 2708 2774 D OpenGLRenderer: endAllActiveAnimators on 0x94a84180 (RippleDrawable) with handle 0x9328a2b0
08-15 13:53:56.900 2708 2708 D ViewRootImpl@c3b413a[ArticleListActivity]: mHardwareRenderer.destroy()#1
08-15 13:53:56.910 2708 2708 D ViewRootImpl@c3b413a[ArticleListActivity]: Relayout returned: oldFrame=[0,0][768,1024] newFrame=[0,0][768,1024] result=0x5 surface={isValid=false 0} surfaceGenerationChanged=true
08-15 13:53:57.202 2708 2708 D ViewRootImpl@d24130e[AddArticleToCartActivity]: MSG_RESIZED: frame=Rect(0, 0 - 768, 1024) ci=Rect(0, 24 - 0, 0) vi=Rect(0, 24 - 0, 320) or=1
08-15 13:53:57.306 2708 2708 D ViewRootImpl@c3b413a[ArticleListActivity]: Relayout returned: oldFrame=[0,0][768,1024] newFrame=[0,0][768,1024] result=0x5 surface={isValid=false 0} surfaceGenerationChanged=false
08-15 13:53:59.184 2708 2708 D ViewRootImpl@d24130e[AddArticleToCartActivity]: ViewPostImeInputStage processPointer 0
08-15 13:53:59.267 2708 2708 D ViewRootImpl@d24130e[AddArticleToCartActivity]: ViewPostImeInputStage processPointer 1
08-15 13:53:59.270 2708 2708 V InputMethodManager: Starting input: tba=android.view.inputmethod.EditorInfo@a7b2496 nm : cz.gienger.mobile ic=com.android.internal.widget.EditableInputConnection@d987817
08-15 13:53:59.270 2708 2708 I InputMethodManager: startInputInner - mService.startInputOrWindowGainedFocus
08-15 13:53:59.272 2708 2708 D InputTransport: Input channel constructed: fd=70
08-15 13:53:59.272 2708 2708 D InputTransport: Input channel destroyed: fd=68
08-15 13:53:59.333 2708 2708 D ViewRootImpl@c3b413a[ArticleListActivity]: mHardwareRenderer.destroy()#1
08-15 13:53:59.342 2708 2708 D ViewRootImpl@c3b413a[ArticleListActivity]: Relayout returned: oldFrame=[0,0][768,1024] newFrame=[0,0][768,1024] result=0x1 surface={isValid=false 0} surfaceGenerationChanged=false
08-15 13:53:59.367 2708 2708 D ViewRootImpl@c3b413a[ArticleListActivity]: Relayout returned: oldFrame=[0,0][768,1024] newFrame=[0,0][768,1024] result=0x7 surface={isValid=true -1844613120} surfaceGenerationChanged=true
08-15 13:53:59.368 2708 2708 D ViewRootImpl@c3b413a[ArticleListActivity]: mHardwareRenderer.initialize() mSurface={isValid=true -1844613120} hwInitialized=true
08-15 13:53:59.495 2708 2708 D ViewRootImpl@d24130e[AddArticleToCartActivity]: MSG_WINDOW_FOCUS_CHANGED 0
08-15 13:53:59.499 2708 2708 D ViewRootImpl@c3b413a[ArticleListActivity]: MSG_RESIZED_REPORT: frame=Rect(0, 0 - 768, 1024) ci=Rect(0, 24 - 0, 320) vi=Rect(0, 24 - 0, 320) or=1
08-15 13:53:59.499 2708 2708 D ViewRootImpl@c3b413a[ArticleListActivity]: MSG_WINDOW_FOCUS_CHANGED 1
08-15 13:53:59.499 2708 2708 D ViewRootImpl@c3b413a[ArticleListActivity]: mHardwareRenderer.initializeIfNeeded()#2 mSurface={isValid=true -1844613120}
08-15 13:53:59.501 2708 2708 V InputMethodManager: Starting input: tba=android.view.inputmethod.EditorInfo@3cac70 nm : cz.gienger.mobile ic=null
08-15 13:53:59.501 2708 2708 I InputMethodManager: startInputInner - mService.startInputOrWindowGainedFocus
08-15 13:53:59.507 2708 2708 D InputTransport: Input channel constructed: fd=73
08-15 13:53:59.507 2708 2708 D InputTransport: Input channel destroyed: fd=70
08-15 13:53:59.588 2708 2774 D OpenGLRenderer: endAllActiveAnimators on 0xa18efc00 (RippleDrawable) with handle 0x93d79280
08-15 13:53:59.588 2708 2708 D ViewRootImpl@d24130e[AddArticleToCartActivity]: mHardwareRenderer.destroy()#1
08-15 13:53:59.596 2708 2708 D ViewRootImpl@d24130e[AddArticleToCartActivity]: Relayout returned: oldFrame=[0,0][768,1024] newFrame=[0,0][768,1024] result=0x5 surface={isValid=false 0} surfaceGenerationChanged=true
08-15 13:53:59.598 2708 2708 W IInputConnectionWrapper: finishComposingText on inactive InputConnection
08-15 13:53:59.598 2708 2708 W IInputConnectionWrapper: performPrivateCommand on inactive InputConnection
08-15 13:53:59.598 2708 2708 W IInputConnectionWrapper: finishComposingText on inactive InputConnection
08-15 13:53:59.715 2708 2708 D ViewRootImpl@c3b413a[ArticleListActivity]: MSG_RESIZED: frame=Rect(0, 0 - 768, 1024) ci=Rect(0, 24 - 0, 0) vi=Rect(0, 24 - 0, 0) or=1
08-15 13:53:59.748 2708 2708 D ViewRootImpl@c3b413a[ArticleListActivity]: Relayout returned: oldFrame=[0,0][768,1024] newFrame=[0,0][768,1024] result=0x1 surface={isValid=true -1844613120} surfaceGenerationChanged=false
08-15 13:54:00.021 2708 2708 D TextView: SYANI: Clipboard API is calling: clearFilter()
08-15 13:54:00.021 2708 2708 D TextView: SYANI: Clipboard API is calling: unregisterClipboardEventListener()
08-15 13:54:00.030 2708 2708 D TextView: SYANI: Clipboard API is calling: clearFilter()
08-15 13:54:00.030 2708 2708 D TextView: SYANI: Clipboard API is calling: unregisterClipboardEventListener()
08-15 13:54:00.038 2708 2708 D ViewRootImpl@d24130e[AddArticleToCartActivity]: mHardwareRenderer.destroy()#4
08-15 13:54:00.038 2708 2708 D ViewRootImpl@d24130e[AddArticleToCartActivity]: dispatchDetachedFromWindow
08-15 13:54:00.046 2708 2708 D InputTransport: Input channel destroyed: fd=66
08-15 13:54:00.873 2708 2708 D ViewRootImpl@c3b413a[ArticleListActivity]: ViewPostImeInputStage processPointer 0
08-15 13:54:01.270 2708 2708 D ViewRootImpl@c3b413a[ArticleListActivity]: ViewPostImeInputStage processPointer 1
08-15 13:54:02.154 2708 2708 D ViewRootImpl@c3b413a[ArticleListActivity]: ViewPostImeInputStage processPointer 0
08-15 13:54:02.222 2708 2708 D ViewRootImpl@c3b413a[ArticleListActivity]: ViewPostImeInputStage processPointer 1
08-15 13:54:02.792 2708 2708 D ViewRootImpl@c3b413a[ArticleListActivity]: ViewPostImeInputStage processPointer 0
08-15 13:54:02.895 2708 2708 D ViewRootImpl@c3b413a[ArticleListActivity]: ViewPostImeInputStage processPointer 1
08-15 13:54:02.925 2708 2708 D ViewRootImpl@c3b413a[ArticleListActivity]: MSG_WINDOW_FOCUS_CHANGED 0
08-15 13:54:03.014 2708 2708 D ViewRootImpl@49492e2[AddArticleToCartActivity]: ThreadedRenderer.create() translucent=false
08-15 13:54:03.017 2708 2708 D InputTransport: Input channel constructed: fd=63
08-15 13:54:03.017 2708 2708 D ViewRootImpl@49492e2[AddArticleToCartActivity]: setView = DecorView@4cf9673[AddArticleToCartActivity] touchMode=true
08-15 13:54:03.032 2708 2708 D ViewRootImpl@49492e2[AddArticleToCartActivity]: dispatchAttachedToWindow
08-15 13:54:03.071 2708 2708 D ViewRootImpl@49492e2[AddArticleToCartActivity]: Relayout returned: oldFrame=[0,0][0,0] newFrame=[0,0][768,1024] result=0x27 surface={isValid=true -1852887040} surfaceGenerationChanged=true
08-15 13:54:03.071 2708 2708 D ViewRootImpl@49492e2[AddArticleToCartActivity]: mHardwareRenderer.initialize() mSurface={isValid=true -1852887040} hwInitialized=true
08-15 13:54:03.125 2708 2708 D ViewRootImpl@49492e2[AddArticleToCartActivity]: MSG_RESIZED_REPORT: frame=Rect(0, 0 - 768, 1024) ci=Rect(0, 24 - 0, 0) vi=Rect(0, 24 - 0, 0) or=1
08-15 13:54:03.125 2708 2708 D ViewRootImpl@49492e2[AddArticleToCartActivity]: MSG_WINDOW_FOCUS_CHANGED 1
08-15 13:54:03.125 2708 2708 D ViewRootImpl@49492e2[AddArticleToCartActivity]: mHardwareRenderer.initializeIfNeeded()#2 mSurface={isValid=true -1852887040}
08-15 13:54:03.135 2708 2708 V InputMethodManager: Starting input: tba=android.view.inputmethod.EditorInfo@dcb7892 nm : cz.gienger.mobile ic=com.android.internal.widget.EditableInputConnection@14b0263
08-15 13:54:03.135 2708 2708 I InputMethodManager: startInputInner - mService.startInputOrWindowGainedFocus
08-15 13:54:03.142 2708 2708 D InputTransport: Input channel constructed: fd=67
08-15 13:54:03.142 2708 2708 D InputTransport: Input channel destroyed: fd=73
08-15 13:54:03.177 2708 2774 D OpenGLRenderer: endAllActiveAnimators on 0x94a84f80 (RippleDrawable) with handle 0x942f8b00
08-15 13:54:03.178 2708 2708 D ViewRootImpl@c3b413a[ArticleListActivity]: mHardwareRenderer.destroy()#1
08-15 13:54:03.188 2708 2708 D ViewRootImpl@c3b413a[ArticleListActivity]: Relayout returned: oldFrame=[0,0][768,1024] newFrame=[0,0][768,1024] result=0x5 surface={isValid=false 0} surfaceGenerationChanged=true
08-15 13:54:03.454 2708 2708 D ViewRootImpl@49492e2[AddArticleToCartActivity]: MSG_RESIZED: frame=Rect(0, 0 - 768, 1024) ci=Rect(0, 24 - 0, 0) vi=Rect(0, 24 - 0, 320) or=1
08-15 13:54:03.569 2708 2708 D ViewRootImpl@c3b413a[ArticleListActivity]: Relayout returned: oldFrame=[0,0][768,1024] newFrame=[0,0][768,1024] result=0x5 surface={isValid=false 0} surfaceGenerationChanged=false
08-15 13:54:06.416 2708 2708 D ViewRootImpl@49492e2[AddArticleToCartActivity]: ViewPostImeInputStage processPointer 0
08-15 13:54:06.507 2708 2708 D ViewRootImpl@49492e2[AddArticleToCartActivity]: ViewPostImeInputStage processPointer 1
08-15 13:54:06.513 2708 2708 V InputMethodManager: Starting input: tba=android.view.inputmethod.EditorInfo@679008c nm : cz.gienger.mobile ic=com.android.internal.widget.EditableInputConnection@7f813d5
08-15 13:54:06.513 2708 2708 I InputMethodManager: startInputInner - mService.startInputOrWindowGainedFocus
08-15 13:54:06.517 2708 2708 D InputTransport: Input channel constructed: fd=77
08-15 13:54:06.517 2708 2708 D InputTransport: Input channel destroyed: fd=67
08-15 13:54:06.592 2708 2708 D ViewRootImpl@c3b413a[ArticleListActivity]: mHardwareRenderer.destroy()#1
08-15 13:54:06.605 2708 2708 D ViewRootImpl@c3b413a[ArticleListActivity]: Relayout returned: oldFrame=[0,0][768,1024] newFrame=[0,0][768,1024] result=0x1 surface={isValid=false 0} surfaceGenerationChanged=false
