08-15 13:39:31.924 2708 10077 D OkHttp : name: 130AT1180609518.xml
08-15 13:39:31.924 2708 10077 D OkHttp : token: f61336e178b73a9e433b2c5314d1e477
08-15 13:39:31.924 2708 10077 D OkHttp : --> END POST
08-15 13:39:32.489 2708 10077 D OkHttp : <-- 200 https://testsaig1.gienger.cz/GiengerService.svc/getorder (564ms)
08-15 13:39:32.489 2708 10077 D OkHttp : content-type: application/xml; charset=utf-8
08-15 13:39:32.490 2708 10077 D OkHttp : server: Microsoft-IIS/10.0
08-15 13:39:32.490 2708 10077 D OkHttp : checksum: 68d929da6c4291df3e56210b88378bc5
08-15 13:39:32.490 2708 10077 D OkHttp : x-powered-by: ASP.NET
08-15 13:39:32.490 2708 10077 D OkHttp : date: Wed, 15 Aug 2018 11:39:31 GMT
08-15 13:39:32.490 2708 10077 D OkHttp : content-length: 165412
08-15 13:39:32.490 2708 10077 D OkHttp : <-- END HTTP
08-15 13:39:32.563 2708 10077 D MYINTERCEPTOR: /GiengerService.svc/getorder
08-15 13:39:32.564 2708 10077 D OkHttp : --> POST https://testsaig1.gienger.cz/GiengerService.svc/getorder http/1.1
08-15 13:39:32.564 2708 10077 D OkHttp : Content-Length: 0
08-15 13:39:32.564 2708 10077 D OkHttp : name: 130AT1180609531_2.xml
08-15 13:39:32.564 2708 10077 D OkHttp : token: f61336e178b73a9e433b2c5314d1e477
08-15 13:39:32.564 2708 10077 D OkHttp : --> END POST
08-15 13:39:32.624 2708 10077 D OkHttp : <-- 200 https://testsaig1.gienger.cz/GiengerService.svc/getorder (59ms)
08-15 13:39:32.624 2708 10077 D OkHttp : content-type: application/xml; charset=utf-8
08-15 13:39:32.625 2708 10077 D OkHttp : server: Microsoft-IIS/10.0
08-15 13:39:32.625 2708 10077 D OkHttp : checksum: 6333a7ac62074d98b0aef0c690ba7588
08-15 13:39:32.625 2708 10077 D OkHttp : x-powered-by: ASP.NET
08-15 13:39:32.625 2708 10077 D OkHttp : date: Wed, 15 Aug 2018 11:39:31 GMT
08-15 13:39:32.625 2708 10077 D OkHttp : content-length: 166375
08-15 13:39:32.625 2708 10077 D OkHttp : <-- END HTTP
08-15 13:39:32.692 2708 10077 D MYINTERCEPTOR: /GiengerService.svc/getorder
08-15 13:39:32.693 2708 10077 D OkHttp : --> POST https://testsaig1.gienger.cz/GiengerService.svc/getorder http/1.1
08-15 13:39:32.693 2708 10077 D OkHttp : Content-Length: 0
08-15 13:39:32.693 2708 10077 D OkHttp : name: 130AT1180325872.xml
08-15 13:39:32.693 2708 10077 D OkHttp : token: f61336e178b73a9e433b2c5314d1e477
08-15 13:39:32.693 2708 10077 D OkHttp : --> END POST
08-15 13:39:32.764 2708 10077 D OkHttp : <-- 200 https://testsaig1.gienger.cz/GiengerService.svc/getorder (70ms)
08-15 13:39:32.764 2708 10077 D OkHttp : content-type: application/xml; charset=utf-8
08-15 13:39:32.764 2708 10077 D OkHttp : server: Microsoft-IIS/10.0
08-15 13:39:32.764 2708 10077 D OkHttp : checksum: fcc40bb4092b5d9721c9bcc417770696
08-15 13:39:32.764 2708 10077 D OkHttp : x-powered-by: ASP.NET
08-15 13:39:32.765 2708 10077 D OkHttp : date: Wed, 15 Aug 2018 11:39:31 GMT
08-15 13:39:32.765 2708 10077 D OkHttp : content-length: 171544
08-15 13:39:32.765 2708 10077 D OkHttp : <-- END HTTP
08-15 13:39:32.843 2708 10077 D MYINTERCEPTOR: /GiengerService.svc/getorder
08-15 13:39:32.844 2708 10077 D OkHttp : --> POST https://testsaig1.gienger.cz/GiengerService.svc/getorder http/1.1
08-15 13:39:32.844 2708 10077 D OkHttp : Content-Length: 0
08-15 13:39:32.844 2708 10077 D OkHttp : name: 130AT1180608477.xml
08-15 13:39:32.844 2708 10077 D OkHttp : token: f61336e178b73a9e433b2c5314d1e477
08-15 13:39:32.844 2708 10077 D OkHttp : --> END POST
08-15 13:39:32.894 2708 10077 D OkHttp : <-- 200 https://testsaig1.gienger.cz/GiengerService.svc/getorder (49ms)
08-15 13:39:32.894 2708 10077 D OkHttp : content-type: application/xml; charset=utf-8
08-15 13:39:32.895 2708 10077 D OkHttp : server: Microsoft-IIS/10.0
08-15 13:39:32.895 2708 10077 D OkHttp : checksum: 531285ed2d95cfa7db9fb4e61a56742e
08-15 13:39:32.895 2708 10077 D OkHttp : x-powered-by: ASP.NET
08-15 13:39:32.895 2708 10077 D OkHttp : date: Wed, 15 Aug 2018 11:39:31 GMT
08-15 13:39:32.895 2708 10077 D OkHttp : content-length: 172105
08-15 13:39:32.895 2708 10077 D OkHttp : <-- END HTTP
08-15 13:39:33.141 2708 10077 D MYINTERCEPTOR: /GiengerService.svc/getorder
08-15 13:39:33.142 2708 10077 D OkHttp : --> POST https://testsaig1.gienger.cz/GiengerService.svc/getorder http/1.1
08-15 13:39:33.142 2708 10077 D OkHttp : Content-Length: 0
08-15 13:39:33.142 2708 10077 D OkHttp : name: 130AT1180609427_3.xml
08-15 13:39:33.142 2708 10077 D OkHttp : token: f61336e178b73a9e433b2c5314d1e477
08-15 13:39:33.142 2708 10077 D OkHttp : --> END POST
08-15 13:39:33.205 2708 10077 D OkHttp : <-- 200 https://testsaig1.gienger.cz/GiengerService.svc/getorder (62ms)
08-15 13:39:33.205 2708 10077 D OkHttp : content-type: application/xml; charset=utf-8
08-15 13:39:33.205 2708 10077 D OkHttp : server: Microsoft-IIS/10.0
08-15 13:39:33.205 2708 10077 D OkHttp : checksum: 636c409e5f9ef367f788f3890cb02a0e
08-15 13:39:33.205 2708 10077 D OkHttp : x-powered-by: ASP.NET
08-15 13:39:33.205 2708 10077 D OkHttp : date: Wed, 15 Aug 2018 11:39:31 GMT
08-15 13:39:33.206 2708 10077 D OkHttp : content-length: 168365
08-15 13:39:33.206 2708 10077 D OkHttp : <-- END HTTP
08-15 13:39:33.209 2708 2718 I art : Background partial concurrent mark sweep GC freed 78439(4MB) AllocSpace objects, 75(10MB) LOS objects, 59% free, 8MB/20MB, paused 1.224ms total 119.506ms
08-15 13:39:33.274 2708 10077 D MYINTERCEPTOR: /GiengerService.svc/getorder
08-15 13:39:33.275 2708 10077 D OkHttp : --> POST https://testsaig1.gienger.cz/GiengerService.svc/getorder http/1.1
08-15 13:39:33.275 2708 10077 D OkHttp : Content-Length: 0
08-15 13:39:33.275 2708 10077 D OkHttp : name: 130AT1180609533_2.xml
08-15 13:39:33.275 2708 10077 D OkHttp : token: f61336e178b73a9e433b2c5314d1e477
08-15 13:39:33.275 2708 10077 D OkHttp : --> END POST
08-15 13:39:33.328 2708 10077 D OkHttp : <-- 200 https://testsaig1.gienger.cz/GiengerService.svc/getorder (53ms)
08-15 13:39:33.328 2708 10077 D OkHttp : content-type: application/xml; charset=utf-8
08-15 13:39:33.329 2708 10077 D OkHttp : server: Microsoft-IIS/10.0
08-15 13:39:33.329 2708 10077 D OkHttp : checksum: ed5107323daaca6b409b98ac38075776
08-15 13:39:33.329 2708 10077 D OkHttp : x-powered-by: ASP.NET
08-15 13:39:33.329 2708 10077 D OkHttp : date: Wed, 15 Aug 2018 11:39:31 GMT
08-15 13:39:33.329 2708 10077 D OkHttp : content-length: 165497
08-15 13:39:33.329 2708 10077 D OkHttp : <-- END HTTP
08-15 13:39:33.410 2708 10077 D MYINTERCEPTOR: /GiengerService.svc/getorder
08-15 13:39:33.411 2708 10077 D OkHttp : --> POST https://testsaig1.gienger.cz/GiengerService.svc/getorder http/1.1
08-15 13:39:33.411 2708 10077 D OkHttp : Content-Length: 0
08-15 13:39:33.411 2708 10077 D OkHttp : name: 130AT1180609152_2.xml
08-15 13:39:33.411 2708 10077 D OkHttp : token: f61336e178b73a9e433b2c5314d1e477
08-15 13:39:33.411 2708 10077 D OkHttp : --> END POST
08-15 13:39:33.463 2708 10077 D OkHttp : <-- 200 https://testsaig1.gienger.cz/GiengerService.svc/getorder (51ms)
08-15 13:39:33.463 2708 10077 D OkHttp : content-type: application/xml; charset=utf-8
08-15 13:39:33.463 2708 10077 D OkHttp : server: Microsoft-IIS/10.0
08-15 13:39:33.463 2708 10077 D OkHttp : checksum: 32ae2bee55d36c932881aec0af6223f1
08-15 13:39:33.464 2708 10077 D OkHttp : x-powered-by: ASP.NET
08-15 13:39:33.464 2708 10077 D OkHttp : date: Wed, 15 Aug 2018 11:39:31 GMT
08-15 13:39:33.465 2708 10077 D OkHttp : content-length: 170731
08-15 13:39:33.466 2708 10077 D OkHttp : <-- END HTTP
08-15 13:39:33.549 2708 10077 D MYINTERCEPTOR: /GiengerService.svc/getorder
08-15 13:39:33.550 2708 10077 D OkHttp : --> POST https://testsaig1.gienger.cz/GiengerService.svc/getorder http/1.1
08-15 13:39:33.550 2708 10077 D OkHttp : Content-Length: 0
08-15 13:39:33.550 2708 10077 D OkHttp : name: 130AT1180609371.xml
08-15 13:39:33.551 2708 10077 D OkHttp : token: f61336e178b73a9e433b2c5314d1e477
08-15 13:39:33.551 2708 10077 D OkHttp : --> END POST
08-15 13:39:33.608 2708 10077 D OkHttp : <-- 200 https://testsaig1.gienger.cz/GiengerService.svc/getorder (57ms)
08-15 13:39:33.609 2708 10077 D OkHttp : content-type: application/xml; charset=utf-8
08-15 13:39:33.609 2708 10077 D OkHttp : server: Microsoft-IIS/10.0
08-15 13:39:33.609 2708 10077 D OkHttp : checksum: ce69894c4fd87f142739d79f20bccb64
08-15 13:39:33.609 2708 10077 D OkHttp : x-powered-by: ASP.NET
08-15 13:39:33.609 2708 10077 D OkHttp : date: Wed, 15 Aug 2018 11:39:32 GMT
08-15 13:39:33.609 2708 10077 D OkHttp : content-length: 173435
08-15 13:39:33.610 2708 10077 D OkHttp : <-- END HTTP
08-15 13:39:33.725 2708 10077 D MYINTERCEPTOR: /GiengerService.svc/getorder
08-15 13:39:33.726 2708 10077 D OkHttp : --> POST https://testsaig1.gienger.cz/GiengerService.svc/getorder http/1.1
08-15 13:39:33.726 2708 10077 D OkHttp : Content-Length: 0
08-15 13:39:33.726 2708 10077 D OkHttp : name: 130AT1180609503.xml
08-15 13:39:33.726 2708 10077 D OkHttp : token: f61336e178b73a9e433b2c5314d1e477
08-15 13:39:33.726 2708 10077 D OkHttp : --> END POST
08-15 13:39:33.791 2708 10077 D OkHttp : <-- 200 https://testsaig1.gienger.cz/GiengerService.svc/getorder (65ms)
08-15 13:39:33.791 2708 10077 D OkHttp : content-type: application/xml; charset=utf-8
08-15 13:39:33.791 2708 10077 D OkHttp : server: Microsoft-IIS/10.0
08-15 13:39:33.791 2708 10077 D OkHttp : checksum: bd2162a7ca553c7289118e9a29579639
08-15 13:39:33.792 2708 10077 D OkHttp : x-powered-by: ASP.NET
08-15 13:39:33.792 2708 10077 D OkHttp : date: Wed, 15 Aug 2018 11:39:32 GMT
08-15 13:39:33.792 2708 10077 D OkHttp : content-length: 162960
08-15 13:39:33.792 2708 10077 D OkHttp : <-- END HTTP
08-15 13:39:33.889 2708 10077 D MYINTERCEPTOR: /GiengerService.svc/getorder
08-15 13:39:33.891 2708 10077 D OkHttp : --> POST https://testsaig1.gienger.cz/GiengerService.svc/getorder http/1.1
08-15 13:39:33.891 2708 10077 D OkHttp : Content-Length: 0
08-15 13:39:33.891 2708 10077 D OkHttp : name: 130AT1183608221_2.xml
08-15 13:39:33.892 2708 10077 D OkHttp : token: f61336e178b73a9e433b2c5314d1e477
08-15 13:39:33.892 2708 10077 D OkHttp : --> END POST
08-15 13:39:33.923 2708 10077 D OkHttp : <-- 200 https://testsaig1.gienger.cz/GiengerService.svc/getorder (31ms)
08-15 13:39:33.924 2708 10077 D OkHttp : content-type: application/xml; charset=utf-8
08-15 13:39:33.924 2708 10077 D OkHttp : server: Microsoft-IIS/10.0
08-15 13:39:33.924 2708 10077 D OkHttp : checksum: 6d9a2f5b7f740f0a1b17077da5d4e1c1
08-15 13:39:33.924 2708 10077 D OkHttp : x-powered-by: ASP.NET
08-15 13:39:33.924 2708 10077 D OkHttp : date: Wed, 15 Aug 2018 11:39:32 GMT
08-15 13:39:33.924 2708 10077 D OkHttp : content-length: 164504
08-15 13:39:33.924 2708 10077 D OkHttp : <-- END HTTP
08-15 13:39:33.997 2708 10077 D MYINTERCEPTOR: /GiengerService.svc/getorder
08-15 13:39:33.998 2708 10077 D OkHttp : --> POST https://testsaig1.gienger.cz/GiengerService.svc/getorder http/1.1
08-15 13:39:33.998 2708 10077 D OkHttp : Content-Length: 0
08-15 13:39:33.998 2708 10077 D OkHttp : name: 130AT1183608147_2.xml
08-15 13:39:33.998 2708 10077 D OkHttp : token: f61336e178b73a9e433b2c5314d1e477
08-15 13:39:33.998 2708 10077 D OkHttp : --> END POST
08-15 13:39:34.051 2708 10077 D OkHttp : <-- 200 https://testsaig1.gienger.cz/GiengerService.svc/getorder (52ms)
08-15 13:39:34.051 2708 10077 D OkHttp : content-type: application/xml; charset=utf-8
08-15 13:39:34.051 2708 10077 D OkHttp : server: Microsoft-IIS/10.0
08-15 13:39:34.052 2708 10077 D OkHttp : checksum: 5525b50ab85244e4131486087c4cb1a0
08-15 13:39:34.052 2708 10077 D OkHttp : x-powered-by: ASP.NET
08-15 13:39:34.052 2708 10077 D OkHttp : date: Wed, 15 Aug 2018 11:39:32 GMT
08-15 13:39:34.052 2708 10077 D OkHttp : content-length: 171401
08-15 13:39:34.052 2708 10077 D OkHttp : <-- END HTTP
08-15 13:39:34.158 2708 10077 D MYINTERCEPTOR: /GiengerService.svc/getorder
08-15 13:39:34.159 2708 10077 D OkHttp : --> POST https://testsaig1.gienger.cz/GiengerService.svc/getorder http/1.1
08-15 13:39:34.159 2708 10077 D OkHttp : Content-Length: 0
08-15 13:39:34.159 2708 10077 D OkHttp : name: 130AT1183608206.xml
08-15 13:39:34.159 2708 10077 D OkHttp : token: f61336e178b73a9e433b2c5314d1e477
08-15 13:39:34.159 2708 10077 D OkHttp : --> END POST
08-15 13:39:34.191 2708 10077 D OkHttp : <-- 200 https://testsaig1.gienger.cz/GiengerService.svc/getorder (31ms)
08-15 13:39:34.191 2708 10077 D OkHttp : content-type: application/xml; charset=utf-8
08-15 13:39:34.191 2708 10077 D OkHttp : server: Microsoft-IIS/10.0
08-15 13:39:34.191 2708 10077 D OkHttp : checksum: 3f445882333443457baac3366f8c5a14
08-15 13:39:34.191 2708 10077 D OkHttp : x-powered-by: ASP.NET
08-15 13:39:34.191 2708 10077 D OkHttp : date: Wed, 15 Aug 2018 11:39:32 GMT
08-15 13:39:34.192 2708 10077 D OkHttp : content-length: 162583
08-15 13:39:34.192 2708 10077 D OkHttp : <-- END HTTP
08-15 13:39:34.266 2708 10077 D MYINTERCEPTOR: /GiengerService.svc/getorder
08-15 13:39:34.267 2708 10077 D OkHttp : --> POST https://testsaig1.gienger.cz/GiengerService.svc/getorder http/1.1
08-15 13:39:34.267 2708 10077 D OkHttp : Content-Length: 0
08-15 13:39:34.267 2708 10077 D OkHttp : name: 130IT1180304010_2.xml
08-15 13:39:34.267 2708 10077 D OkHttp : token: f61336e178b73a9e433b2c5314d1e477
08-15 13:39:34.267 2708 10077 D OkHttp : --> END POST
08-15 13:39:34.300 2708 10077 D OkHttp : <-- 200 https://testsaig1.gienger.cz/GiengerService.svc/getorder (32ms)
08-15 13:39:34.300 2708 10077 D OkHttp : content-type: application/xml; charset=utf-8
08-15 13:39:34.300 2708 10077 D OkHttp : server: Microsoft-IIS/10.0
08-15 13:39:34.300 2708 10077 D OkHttp : checksum: a1bb3a1f8bd414e588bb484f0101e5d0
08-15 13:39:34.300 2708 10077 D OkHttp : x-powered-by: ASP.NET
08-15 13:39:34.301 2708 10077 D OkHttp : date: Wed, 15 Aug 2018 11:39:32 GMT
08-15 13:39:34.301 2708 10077 D OkHttp : content-length: 181038
08-15 13:39:34.301 2708 10077 D OkHttp : <-- END HTTP
08-15 13:39:34.367 2708 10077 D MYINTERCEPTOR: /GiengerService.svc/getorder
08-15 13:39:34.368 2708 10077 D OkHttp : --> POST https://testsaig1.gienger.cz/GiengerService.svc/getorder http/1.1
08-15 13:39:34.368 2708 10077 D OkHttp : Content-Length: 0
08-15 13:39:34.368 2708 10077 D OkHttp : name: 130IT1180304011.xml
08-15 13:39:34.368 2708 10077 D OkHttp : token: f61336e178b73a9e433b2c5314d1e477
08-15 13:39:34.368 2708 10077 D OkHttp : --> END POST
08-15 13:39:34.398 2708 10077 D OkHttp : <-- 200 https://testsaig1.gienger.cz/GiengerService.svc/getorder (30ms)
08-15 13:39:34.398 2708 10077 D OkHttp : content-type: application/xml; charset=utf-8
08-15 13:39:34.399 2708 10077 D OkHttp : server: Microsoft-IIS/10.0
08-15 13:39:34.399 2708 10077 D OkHttp : checksum: 5b0daefed823f36f53b3809ca6375b37
08-15 13:39:34.399 2708 10077 D OkHttp : x-powered-by: ASP.NET
08-15 13:39:34.399 2708 10077 D OkHttp : date: Wed, 15 Aug 2018 11:39:32 GMT
08-15 13:39:34.399 2708 10077 D OkHttp : content-length: 157636
08-15 13:39:34.399 2708 10077 D OkHttp : <-- END HTTP
08-15 13:39:34.475 2708 10077 D MYINTERCEPTOR: /GiengerService.svc/getorder
08-15 13:39:34.476 2708 10077 D OkHttp : --> POST https://testsaig1.gienger.cz/GiengerService.svc/getorder http/1.1
08-15 13:39:34.476 2708 10077 D OkHttp : Content-Length: 0
08-15 13:39:34.476 2708 10077 D OkHttp : name: 130IT1180304050_2.xml
08-15 13:39:34.476 2708 10077 D OkHttp : token: f61336e178b73a9e433b2c5314d1e477
08-15 13:39:34.476 2708 10077 D OkHttp : --> END POST
08-15 13:39:34.505 2708 10077 D OkHttp : <-- 200 https://testsaig1.gienger.cz/GiengerService.svc/getorder (28ms)
08-15 13:39:34.505 2708 10077 D OkHttp : content-type: application/xml; charset=utf-8
08-15 13:39:34.506 2708 10077 D OkHttp : server: Microsoft-IIS/10.0
08-15 13:39:34.506 2708 10077 D OkHttp : checksum: 85e9bfd2db6e165971eaf2b1e8b4aae6
08-15 13:39:34.506 2708 10077 D OkHttp : x-powered-by: ASP.NET
08-15 13:39:34.506 2708 10077 D OkHttp : date: Wed, 15 Aug 2018 11:39:32 GMT
08-15 13:39:34.506 2708 10077 D OkHttp : content-length: 186342
08-15 13:39:34.506 2708 10077 D OkHttp : <-- END HTTP
08-15 13:39:34.587 2708 10077 D MYINTERCEPTOR: /GiengerService.svc/getorder
08-15 13:39:34.587 2708 10077 D OkHttp : --> POST https://testsaig1.gienger.cz/GiengerService.svc/getorder http/1.1
08-15 13:39:34.587 2708 10077 D OkHttp : Content-Length: 0
08-15 13:39:34.588 2708 10077 D OkHttp : name: 130IT1180304051_2.xml
08-15 13:39:34.588 2708 10077 D OkHttp : token: f61336e178b73a9e433b2c5314d1e477
08-15 13:39:34.588 2708 10077 D OkHttp : --> END POST
08-15 13:39:34.631 2708 10077 D OkHttp : <-- 200 https://testsaig1.gienger.cz/GiengerService.svc/getorder (42ms)
08-15 13:39:34.631 2708 10077 D OkHttp : content-type: application/xml; charset=utf-8
08-15 13:39:34.631 2708 10077 D OkHttp : server: Microsoft-IIS/10.0
08-15 13:39:34.631 2708 10077 D OkHttp : checksum: a5b3a2e290e14e33e5ed2b96ea585fa7
08-15 13:39:34.631 2708 10077 D OkHttp : x-powered-by: ASP.NET
08-15 13:39:34.631 2708 10077 D OkHttp : date: Wed, 15 Aug 2018 11:39:33 GMT
08-15 13:39:34.631 2708 10077 D OkHttp : content-length: 163137
08-15 13:39:34.632 2708 10077 D OkHttp : <-- END HTTP
08-15 13:39:34.702 2708 10077 D MYINTERCEPTOR: /GiengerService.svc/getorder
08-15 13:39:34.703 2708 10077 D OkHttp : --> POST https://testsaig1.gienger.cz/GiengerService.svc/getorder http/1.1
08-15 13:39:34.703 2708 10077 D OkHttp : Content-Length: 0
08-15 13:39:34.703 2708 10077 D OkHttp : name: 130AT1183605477_2.xml
08-15 13:39:34.703 2708 10077 D OkHttp : token: f61336e178b73a9e433b2c5314d1e477
08-15 13:39:34.703 2708 10077 D OkHttp : --> END POST
08-15 13:39:34.731 2708 10077 D OkHttp : <-- 200 https://testsaig1.gienger.cz/GiengerService.svc/getorder (27ms)
08-15 13:39:34.732 2708 10077 D OkHttp : content-type: application/xml; charset=utf-8
08-15 13:39:34.732 2708 10077 D OkHttp : server: Microsoft-IIS/10.0
08-15 13:39:34.732 2708 10077 D OkHttp : checksum: 1e58b4ea43ce5d51cd83dd9882dda91d
08-15 13:39:34.732 2708 10077 D OkHttp : x-powered-by: ASP.NET
08-15 13:39:34.732 2708 10077 D OkHttp : date: Wed, 15 Aug 2018 11:39:33 GMT
08-15 13:39:34.732 2708 10077 D OkHttp : content-length: 167570
08-15 13:39:34.732 2708 10077 D OkHttp : <-- END HTTP
08-15 13:39:34.832 2708 10077 D MYINTERCEPTOR: /GiengerService.svc/getorder
08-15 13:39:34.832 2708 10077 D OkHttp : --> POST https://testsaig1.gienger.cz/GiengerService.svc/getorder http/1.1
08-15 13:39:34.832 2708 10077 D OkHttp : Content-Length: 0
08-15 13:39:34.833 2708 10077 D OkHttp : name: 130AT1183608084.xml
08-15 13:39:34.833 2708 10077 D OkHttp : token: f61336e178b73a9e433b2c5314d1e477
08-15 13:39:34.833 2708 10077 D OkHttp : --> END POST
08-15 13:39:34.863 2708 10077 D OkHttp : <-- 200 https://testsaig1.gienger.cz/GiengerService.svc/getorder (30ms)
08-15 13:39:34.864 2708 10077 D OkHttp : content-type: application/xml; charset=utf-8
08-15 13:39:34.864 2708 10077 D OkHttp : server: Microsoft-IIS/10.0
08-15 13:39:34.864 2708 10077 D OkHttp : checksum: 798ebd0fd7900d3d9e34dcb0e435168a
08-15 13:39:34.864 2708 10077 D OkHttp : x-powered-by: ASP.NET
08-15 13:39:34.864 2708 10077 D OkHttp : date: Wed, 15 Aug 2018 11:39:33 GMT
08-15 13:39:34.864 2708 10077 D OkHttp : content-length: 166419
08-15 13:39:34.864 2708 10077 D OkHttp : <-- END HTTP
08-15 13:39:35.084 2708 10077 D MYINTERCEPTOR: /GiengerService.svc/getorder
08-15 13:39:35.085 2708 10077 D OkHttp : --> POST https://testsaig1.gienger.cz/GiengerService.svc/getorder http/1.1
08-15 13:39:35.086 2708 10077 D OkHttp : Content-Length: 0
08-15 13:39:35.086 2708 10077 D OkHttp : name: 130AT1183608173_2.xml
08-15 13:39:35.086 2708 10077 D OkHttp : token: f61336e178b73a9e433b2c5314d1e477
08-15 13:39:35.086 2708 10077 D OkHttp : --> END POST
08-15 13:39:35.130 2708 10077 D OkHttp : <-- 200 https://testsaig1.gienger.cz/GiengerService.svc/getorder (43ms)
08-15 13:39:35.130 2708 10077 D OkHttp : content-type: application/xml; charset=utf-8
08-15 13:39:35.130 2708 10077 D OkHttp : server: Microsoft-IIS/10.0
08-15 13:39:35.130 2708 10077 D OkHttp : checksum: 1f424df6981328b4a1a1825d9fd7a3de
08-15 13:39:35.130 2708 10077 D OkHttp : x-powered-by: ASP.NET
08-15 13:39:35.130 2708 10077 D OkHttp : date: Wed, 15 Aug 2018 11:39:33 GMT
08-15 13:39:35.131 2708 10077 D OkHttp : content-length: 164120
08-15 13:39:35.131 2708 10077 D OkHttp : <-- END HTTP
08-15 13:39:35.220 2708 10077 D MYINTERCEPTOR: /GiengerService.svc/getorder
08-15 13:39:35.221 2708 10077 D OkHttp : --> POST https://testsaig1.gienger.cz/GiengerService.svc/getorder http/1.1
08-15 13:39:35.221 2708 10077 D OkHttp : Content-Length: 0
08-15 13:39:35.221 2708 10077 D OkHttp : name: 130AT1183608196_2.xml
08-15 13:39:35.221 2708 10077 D OkHttp : token: f61336e178b73a9e433b2c5314d1e477
08-15 13:39:35.221 2708 10077 D OkHttp : --> END POST
08-15 13:39:35.268 2708 10077 D OkHttp : <-- 200 https://testsaig1.gienger.cz/GiengerService.svc/getorder (47ms)
08-15 13:39:35.268 2708 10077 D OkHttp : content-type: application/xml; charset=utf-8
08-15 13:39:35.268 2708 10077 D OkHttp : server: Microsoft-IIS/10.0
08-15 13:39:35.268 2708 10077 D OkHttp : checksum: aff0e71587a1da96128fc0d7c4c17642
08-15 13:39:35.268 2708 10077 D OkHttp : x-powered-by: ASP.NET
08-15 13:39:35.269 2708 10077 D OkHttp : date: Wed, 15 Aug 2018 11:39:33 GMT
08-15 13:39:35.269 2708 10077 D OkHttp : content-length: 166855
08-15 13:39:35.269 2708 10077 D OkHttp : <-- END HTTP
08-15 13:39:35.406 2708 10077 D MYINTERCEPTOR: /GiengerService.svc/getorder
08-15 13:39:35.407 2708 10077 D OkHttp : --> POST https://testsaig1.gienger.cz/GiengerService.svc/getorder http/1.1
08-15 13:39:35.407 2708 10077 D OkHttp : Content-Length: 0
08-15 13:39:35.408 2708 10077 D OkHttp : name: 130AT1183608197_2.xml
08-15 13:39:35.408 2708 10077 D OkHttp : token: f61336e178b73a9e433b2c5314d1e477
08-15 13:39:35.408 2708 10077 D OkHttp : --> END POST
08-15 13:39:35.447 2708 10077 D OkHttp : <-- 200 https://testsaig1.gienger.cz/GiengerService.svc/getorder (38ms)
08-15 13:39:35.447 2708 10077 D OkHttp : content-type: application/xml; charset=utf-8
08-15 13:39:35.447 2708 10077 D OkHttp : server: Microsoft-IIS/10.0
08-15 13:39:35.447 2708 10077 D OkHttp : checksum: 15c1259d9b076b1e5207615cc7a75a9f
08-15 13:39:35.447 2708 10077 D OkHttp : x-powered-by: ASP.NET
08-15 13:39:35.447 2708 10077 D OkHttp : date: Wed, 15 Aug 2018 11:39:33 GMT
08-15 13:39:35.448 2708 10077 D OkHttp : content-length: 165697
08-15 13:39:35.448 2708 10077 D OkHttp : <-- END HTTP
08-15 13:39:35.594 2708 10077 D MYINTERCEPTOR: /GiengerService.svc/getorder
08-15 13:39:35.595 2708 10077 D OkHttp : --> POST https://testsaig1.gienger.cz/GiengerService.svc/getorder http/1.1
08-15 13:39:35.595 2708 10077 D OkHttp : Content-Length: 0
08-15 13:39:35.595 2708 10077 D OkHttp : name: 130AT1183608198_2.xml
08-15 13:39:35.595 2708 10077 D OkHttp : token: f61336e178b73a9e433b2c5314d1e477
08-15 13:39:35.595 2708 10077 D OkHttp : --> END POST
08-15 13:39:35.652 2708 10077 D OkHttp : <-- 200 https://testsaig1.gienger.cz/GiengerService.svc/getorder (56ms)
08-15 13:39:35.652 2708 10077 D OkHttp : content-type: application/xml; charset=utf-8
08-15 13:39:35.652 2708 10077 D OkHttp : server: Microsoft-IIS/10.0
08-15 13:39:35.653 2708 10077 D OkHttp : checksum: b5aa251e409b9df93867684da033a399
08-15 13:39:35.654 2708 10077 D OkHttp : x-powered-by: ASP.NET
08-15 13:39:35.654 2708 10077 D OkHttp : date: Wed, 15 Aug 2018 11:39:34 GMT
08-15 13:39:35.654 2708 10077 D OkHttp : content-length: 163601
08-15 13:39:35.654 2708 10077 D OkHttp : <-- END HTTP
08-15 13:39:35.818 2708 10077 D MYINTERCEPTOR: /GiengerService.svc/getorder
08-15 13:39:35.818 2708 10077 D OkHttp : --> POST https://testsaig1.gienger.cz/GiengerService.svc/getorder http/1.1
08-15 13:39:35.819 2708 10077 D OkHttp : Content-Length: 0
08-15 13:39:35.819 2708 10077 D OkHttp : name: 130AT1183608207.xml
08-15 13:39:35.819 2708 10077 D OkHttp : token: f61336e178b73a9e433b2c5314d1e477
08-15 13:39:35.819 2708 10077 D OkHttp : --> END POST
08-15 13:39:35.862 2708 10077 D OkHttp : <-- 200 https://testsaig1.gienger.cz/GiengerService.svc/getorder (42ms)
08-15 13:39:35.862 2708 10077 D OkHttp : content-type: application/xml; charset=utf-8
08-15 13:39:35.862 2708 10077 D OkHttp : server: Microsoft-IIS/10.0
08-15 13:39:35.862 2708 10077 D OkHttp : checksum: 2ba3c1659c03b81e22630d60426cfa03
08-15 13:39:35.863 2708 10077 D OkHttp : x-powered-by: ASP.NET
08-15 13:39:35.863 2708 10077 D OkHttp : date: Wed, 15 Aug 2018 11:39:34 GMT
08-15 13:39:35.863 2708 10077 D OkHttp : content-length: 161955
08-15 13:39:35.863 2708 10077 D OkHttp : <-- END HTTP
08-15 13:39:36.030 2708 10077 D MYINTERCEPTOR: /GiengerService.svc/getorder
08-15 13:39:36.031 2708 10077 D OkHttp : --> POST https://testsaig1.gienger.cz/GiengerService.svc/getorder http/1.1
08-15 13:39:36.031 2708 10077 D OkHttp : Content-Length: 0
08-15 13:39:36.031 2708 10077 D OkHttp : name: 130AT1183608212.xml
08-15 13:39:36.031 2708 10077 D OkHttp : token: f61336e178b73a9e433b2c5314d1e477
08-15 13:39:36.031 2708 10077 D OkHttp : --> END POST
08-15 13:39:36.089 2708 10077 D OkHttp : <-- 200 https://testsaig1.gienger.cz/GiengerService.svc/getorder (57ms)
08-15 13:39:36.090 2708 10077 D OkHttp : content-type: application/xml; charset=utf-8
08-15 13:39:36.090 2708 10077 D OkHttp : server: Microsoft-IIS/10.0
08-15 13:39:36.090 2708 10077 D OkHttp : checksum: f1c6827f76a927e7901b6a2fc19a75ae
08-15 13:39:36.090 2708 10077 D OkHttp : x-powered-by: ASP.NET
08-15 13:39:36.090 2708 10077 D OkHttp : date: Wed, 15 Aug 2018 11:39:34 GMT
08-15 13:39:36.090 2708 10077 D OkHttp : content-length: 160150
08-15 13:39:36.090 2708 10077 D OkHttp : <-- END HTTP
08-15 13:39:36.214 2708 10077 D MYINTERCEPTOR: /GiengerService.svc/getorder
08-15 13:39:36.215 2708 10077 D OkHttp : --> POST https://testsaig1.gienger.cz/GiengerService.svc/getorder http/1.1
08-15 13:39:36.215 2708 10077 D OkHttp : Content-Length: 0
08-15 13:39:36.215 2708 10077 D OkHttp : name: 130AT1183608238_2.xml
08-15 13:39:36.216 2708 10077 D OkHttp : token: f61336e178b73a9e433b2c5314d1e477
08-15 13:39:36.216 2708 10077 D OkHttp : --> END POST
08-15 13:39:36.245 2708 10077 D OkHttp : <-- 200 https://testsaig1.gienger.cz/GiengerService.svc/getorder (29ms)
08-15 13:39:36.246 2708 10077 D OkHttp : content-type: application/xml; charset=utf-8
08-15 13:39:36.246 2708 10077 D OkHttp : server: Microsoft-IIS/10.0
08-15 13:39:36.246 2708 10077 D OkHttp : checksum: eb87e401501f71361a796a7ad309a942
08-15 13:39:36.246 2708 10077 D OkHttp : x-powered-by: ASP.NET
08-15 13:39:36.246 2708 10077 D OkHttp : date: Wed, 15 Aug 2018 11:39:34 GMT
08-15 13:39:36.246 2708 10077 D OkHttp : content-length: 164062
08-15 13:39:36.246 2708 10077 D OkHttp : <-- END HTTP
08-15 13:39:36.423 2708 2708 D ViewRootImpl@ff1cd2d[LoginActivity]: mHardwareRenderer.destroy()#4
08-15 13:39:36.423 2708 2708 D ViewRootImpl@ff1cd2d[LoginActivity]: dispatchDetachedFromWindow
08-15 13:39:36.432 2708 2708 D InputTransport: Input channel destroyed: fd=79
08-15 13:39:36.433 2708 2708 D ViewRootImpl@f455205[LoginActivity]: MSG_WINDOW_FOCUS_CHANGED 1
08-15 13:39:36.433 2708 2708 D ViewRootImpl@f455205[LoginActivity]: mHardwareRenderer.initializeIfNeeded()#2 mSurface={isValid=true -1806991360}
08-15 13:39:36.434 2708 2708 V InputMethodManager: Starting input: tba=android.view.inputmethod.EditorInfo@b080812 nm : cz.gienger.mobile ic=null
08-15 13:39:36.434 2708 2708 I InputMethodManager: startInputInner - mService.startInputOrWindowGainedFocus
08-15 13:39:36.436 2708 2708 D InputTransport: Input channel constructed: fd=79
08-15 13:39:36.436 2708 2708 D InputTransport: Input channel destroyed: fd=69
08-15 13:39:36.436 2708 2708 E ViewRootImpl: sendUserActionEvent() returned.
08-15 13:39:36.454 2708 2708 D AbsListView: in onLayout changed
08-15 13:39:36.802 2708 2708 D AbsListView: in onLayout changed
08-15 13:39:38.080 2708 2708 D ViewRootImpl@f455205[LoginActivity]: ViewPostImeInputStage processPointer 0
08-15 13:39:38.109 2708 2708 D AbsListView: reportScrollStateChange() newState : 1
08-15 13:39:38.150 2708 2708 D ViewRootImpl@f455205[LoginActivity]: ViewPostImeInputStage processPointer 1
08-15 13:39:38.151 2708 2708 D AbsListView: onTouchUp() mTouchMode : 3
08-15 13:39:38.151 2708 2708 D AbsListView: onTouchUp() TOUCH_MODE_SCROLL initialVelocity : -5662
08-15 13:39:38.151 2708 2708 D AbsListView: reportScrollStateChange() newState : 2
08-15 13:39:38.172 2708 2708 D ViewRootImpl@f455205[LoginActivity]: ViewPostImeInputStage processPointer 0
08-15 13:39:38.224 2708 2708 D ViewRootImpl@f455205[LoginActivity]: ViewPostImeInputStage processPointer 1
08-15 13:39:38.224 2708 2708 D AbsListView: onTouchUp() mTouchMode : 3
08-15 13:39:38.224 2708 2708 D AbsListView: onTouchUp() TOUCH_MODE_SCROLL initialVelocity : -761
08-15 13:39:38.394 2708 2708 D AbsListView: reportScrollStateChange() newState : 0
08-15 13:39:39.427 2708 2708 D ViewRootImpl@f455205[LoginActivity]: ViewPostImeInputStage processPointer 0
08-15 13:39:39.484 2708 2708 D ViewRootImpl@f455205[LoginActivity]: ViewPostImeInputStage processPointer 1
08-15 13:39:39.512 2708 2708 D ScrollView: initGoToTop
08-15 13:39:39.516 2708 2708 D ScrollView: initGoToTop
08-15 13:39:39.524 2708 2708 D ViewRootImpl@5cbface[LoginActivity]: ThreadedRenderer.create() translucent=true
08-15 13:39:39.530 2708 2708 D InputTransport: Input channel constructed: fd=69
08-15 13:39:39.530 2708 2708 D ViewRootImpl@5cbface[LoginActivity]: setView = DecorView@798bdef[LoginActivity] touchMode=true
08-15 13:39:39.531 2708 2708 D ViewRootImpl@5cbface[LoginActivity]: dispatchAttachedToWindow
08-15 13:39:39.557 2708 2708 D ViewRootImpl@5cbface[LoginActivity]: Relayout returned: oldFrame=[0,0][0,0] newFrame=[108,450][660,597] result=0x27 surface={isValid=true -1825718272} surfaceGenerationChanged=true
08-15 13:39:39.557 2708 2708 D ViewRootImpl@5cbface[LoginActivity]: mHardwareRenderer.initialize() mSurface={isValid=true -1825718272} hwInitialized=true
08-15 13:39:39.560 2708 2708 D ScrollView: onsize change changed
08-15 13:39:39.561 2708 2708 D ScrollView: onsize change changed
08-15 13:39:39.576 2708 2708 D ViewRootImpl@5cbface[LoginActivity]: MSG_WINDOW_FOCUS_CHANGED 1
08-15 13:39:39.576 2708 2708 D ViewRootImpl@5cbface[LoginActivity]: mHardwareRenderer.initializeIfNeeded()#2 mSurface={isValid=true -1825718272}
08-15 13:39:39.591 2708 2708 D ViewRootImpl@5cbface[LoginActivity]: MSG_RESIZED_REPORT: frame=Rect(108, 450 - 660, 597) ci=Rect(0, 0 - 0, 0) vi=Rect(0, 0 - 0, 0) or=1
08-15 13:39:39.611 2708 2708 D ViewRootImpl@f455205[LoginActivity]: MSG_WINDOW_FOCUS_CHANGED 0
08-15 13:39:40.690 2708 2708 D ViewRootImpl@5cbface[LoginActivity]: ViewPostImeInputStage processPointer 0
08-15 13:39:40.760 2708 2708 D ViewRootImpl@5cbface[LoginActivity]: ViewPostImeInputStage processPointer 1
08-15 13:39:40.784 2708 2708 D ScrollView: initGoToTop
08-15 13:39:40.789 2708 2708 D ScrollView: initGoToTop
08-15 13:39:40.796 2708 2708 D ViewRootImpl@62c1500[LoginActivity]: ThreadedRenderer.create() translucent=true
08-15 13:39:40.801 2708 2708 D InputTransport: Input channel constructed: fd=82
08-15 13:39:40.801 2708 2708 D ViewRootImpl@62c1500[LoginActivity]: setView = DecorView@d2b2139[LoginActivity] touchMode=true
08-15 13:39:40.802 2708 10071 D MYINTERCEPTOR: /GiengerService.svc/assign/A06_trasa_A06-02_ranni_30_07_2018
08-15 13:39:40.803 2708 10071 D OkHttp : --> POST https://testsaig1.gienger.cz/GiengerService.svc/assign/A06_trasa_A06-02_ranni_30_07_2018 http/1.1
08-15 13:39:40.803 2708 10071 D OkHttp : Content-Length: 0
08-15 13:39:40.803 2708 10071 D OkHttp : token: f61336e178b73a9e433b2c5314d1e477
08-15 13:39:40.803 2708 10071 D OkHttp : --> END POST
08-15 13:39:40.812 2708 2708 D ViewRootImpl@5cbface[LoginActivity]: mHardwareRenderer.destroy()#4
08-15 13:39:40.812 2708 2708 D ViewRootImpl@5cbface[LoginActivity]: dispatchDetachedFromWindow
08-15 13:39:40.823 2708 2708 D InputTransport: Input channel destroyed: fd=69
08-15 13:39:40.824 2708 2708 D ViewRootImpl@62c1500[LoginActivity]: dispatchAttachedToWindow
08-15 13:39:40.843 2708 2708 D ViewRootImpl@62c1500[LoginActivity]: Relayout returned: oldFrame=[0,0][0,0] newFrame=[108,466][660,582] result=0x27 surface={isValid=true -1825718272} surfaceGenerationChanged=true
08-15 13:39:40.844 2708 10071 D OkHttp : <-- 200 https://testsaig1.gienger.cz/GiengerService.svc/assign/A06_trasa_A06-02_ranni_30_07_2018 (39ms)
08-15 13:39:40.844 2708 2708 D ViewRootImpl@62c1500[LoginActivity]: mHardwareRenderer.initialize() mSurface={isValid=true -1825718272} hwInitialized=true
08-15 13:39:40.844 2708 10071 D OkHttp : content-type: application/xml; charset=utf-8
08-15 13:39:40.844 2708 10071 D OkHttp : server: Microsoft-IIS/10.0
08-15 13:39:40.844 2708 10071 D OkHttp : x-powered-by: ASP.NET
08-15 13:39:40.844 2708 10071 D OkHttp : date: Wed, 15 Aug 2018 11:39:39 GMT
08-15 13:39:40.844 2708 10071 D OkHttp : content-length: 187
08-15 13:39:40.844 2708 10071 D OkHttp : <-- END HTTP
08-15 13:39:40.848 2708 2708 D ViewRootImpl@62c1500[LoginActivity]: MSG_WINDOW_FOCUS_CHANGED 1
08-15 13:39:40.848 2708 2708 D ViewRootImpl@62c1500[LoginActivity]: mHardwareRenderer.initializeIfNeeded()#2 mSurface={isValid=true -1825718272}
08-15 13:39:40.858 2708 2708 D ViewRootImpl@62c1500[LoginActivity]: MSG_RESIZED_REPORT: frame=Rect(108, 466 - 660, 582) ci=Rect(0, 0 - 0, 0) vi=Rect(0, 0 - 0, 0) or=1
08-15 13:39:40.874 2708 2708 D ViewRootImpl@62c1500[LoginActivity]: mHardwareRenderer.destroy()#4
08-15 13:39:40.874 2708 2708 D ViewRootImpl@62c1500[LoginActivity]: dispatchDetachedFromWindow
08-15 13:39:40.889 2708 2708 D InputTransport: Input channel destroyed: fd=82
08-15 13:39:40.895 2708 2708 D ALARM_REUPLOAD: alarm already scheduled
08-15 13:39:40.916 2708 2708 D ScrollView: initGoToTop
08-15 13:39:40.923 2708 2708 D ScrollView: initGoToTop
08-15 13:39:40.932 2708 2708 D ViewRootImpl@a18f353[LoginActivity]: ThreadedRenderer.create() translucent=true
08-15 13:39:40.942 2708 2708 D InputTransport: Input channel constructed: fd=82
08-15 13:39:40.942 2708 2708 D ViewRootImpl@a18f353[LoginActivity]: setView = DecorView@bf51490[LoginActivity] touchMode=true
08-15 13:39:40.944 2708 2708 D ViewRootImpl@a18f353[LoginActivity]: dispatchAttachedToWindow
08-15 13:39:40.950 2708 10081 D MYINTERCEPTOR: /GiengerService.svc/metadata
08-15 13:39:40.951 2708 10081 D OkHttp : --> GET https://testsaig1.gienger.cz/GiengerService.svc/metadata http/1.1
08-15 13:39:40.951 2708 10081 D OkHttp : token: f61336e178b73a9e433b2c5314d1e477
08-15 13:39:40.951 2708 10081 D OkHttp : state: CZ
08-15 13:39:40.951 2708 10081 D OkHttp : --> END GET
08-15 13:39:40.975 2708 2708 D ViewRootImpl@a18f353[LoginActivity]: Relayout returned: oldFrame=[0,0][0,0] newFrame=[108,466][660,582] result=0x27 surface={isValid=true -1533962240} surfaceGenerationChanged=true
08-15 13:39:40.976 2708 2708 D ViewRootImpl@a18f353[LoginActivity]: mHardwareRenderer.initialize() mSurface={isValid=true -1533962240} hwInitialized=true
08-15 13:39:40.978 2708 2708 E ViewRootImpl: sendUserActionEvent() returned.
08-15 13:39:40.978 2708 2708 D ViewRootImpl@f455205[LoginActivity]: MSG_WINDOW_FOCUS_CHANGED 1
08-15 13:39:40.979 2708 2708 D ViewRootImpl@f455205[LoginActivity]: mHardwareRenderer.initializeIfNeeded()#2 mSurface={isValid=true -1806991360}
08-15 13:39:40.981 2708 2708 E ViewRootImpl: sendUserActionEvent() returned.
08-15 13:39:40.981 2708 2708 D ViewRootImpl@a18f353[LoginActivity]: MSG_WINDOW_FOCUS_CHANGED 1
08-15 13:39:40.981 2708 2708 D ViewRootImpl@a18f353[LoginActivity]: mHardwareRenderer.initializeIfNeeded()#2 mSurface={isValid=true -1533962240}
08-15 13:39:40.994 2708 2708 D ViewRootImpl@a18f353[LoginActivity]: MSG_RESIZED_REPORT: frame=Rect(108, 466 - 660, 582) ci=Rect(0, 0 - 0, 0) vi=Rect(0, 0 - 0, 0) or=1
08-15 13:39:41.017 2708 2708 D ViewRootImpl@f455205[LoginActivity]: MSG_WINDOW_FOCUS_CHANGED 0
08-15 13:40:18.100 2708 2708 D ViewRootImpl@a18f353[LoginActivity]: ViewPostImeInputStage processPointer 0
08-15 13:40:18.694 2708 2708 D ViewRootImpl@a18f353[LoginActivity]: ViewPostImeInputStage processPointer 1
08-15 13:40:40.957 2708 10081 D OkHttp : <-- HTTP FAILED: java.net.SocketTimeoutException: timeout
08-15 13:40:40.960 2708 10081 E cz.gienger.mobile.poaz.database.PoazInitializationTask: java.lang.RuntimeException: java.net.SocketTimeoutException: timeout
08-15 13:40:40.960 2708 10081 E cz.gienger.mobile.poaz.database.PoazInitializationTask: at cz.gienger.mobile.poaz.services.PoazServiceClient.getMetadata(PoazServiceClient.java:243)
08-15 13:40:40.960 2708 10081 E cz.gienger.mobile.poaz.database.PoazInitializationTask: at cz.gienger.mobile.poaz.database.PoazDatabaseSync.syncMetadata(PoazDatabaseSync.java:121)
08-15 13:40:40.960 2708 10081 E cz.gienger.mobile.poaz.database.PoazInitializationTask: at cz.gienger.mobile.poaz.database.PoazDatabaseSync.Sync(PoazDatabaseSync.java:55)
08-15 13:40:40.960 2708 10081 E cz.gienger.mobile.poaz.database.PoazInitializationTask: at cz.gienger.mobile.poaz.database.PoazInitializationTask.doInBackground(PoazInitializationTask.java:74)
08-15 13:40:40.960 2708 10081 E cz.gienger.mobile.poaz.database.PoazInitializationTask: at cz.gienger.mobile.poaz.database.PoazInitializationTask.doInBackground(PoazInitializationTask.java:36)
08-15 13:40:40.960 2708 10081 E cz.gienger.mobile.poaz.database.PoazInitializationTask: at android.os.AsyncTask$2.call(AsyncTask.java:305)
08-15 13:40:40.960 2708 10081 E cz.gienger.mobile.poaz.database.PoazInitializationTask: at java.util.concurrent.FutureTask.run(FutureTask.java:237)
08-15 13:40:40.960 2708 10081 E cz.gienger.mobile.poaz.database.PoazInitializationTask: at android.os.AsyncTask$SerialExecutor$1.run(AsyncTask.java:243)
08-15 13:40:40.960 2708 10081 E cz.gienger.mobile.poaz.database.PoazInitializationTask: at java.util.concurrent.ThreadPoolExecutor.runWorker(ThreadPoolExecutor.java:1133)
08-15 13:40:40.960 2708 10081 E cz.gienger.mobile.poaz.database.PoazInitializationTask: at java.util.concurrent.ThreadPoolExecutor$Worker.run(ThreadPoolExecutor.java:607)
08-15 13:40:40.960 2708 10081 E cz.gienger.mobile.poaz.database.PoazInitializationTask: at java.lang.Thread.run(Thread.java:762)
08-15 13:40:40.960 2708 10081 E cz.gienger.mobile.poaz.database.PoazInitializationTask: Caused by: java.net.SocketTimeoutException: timeout
08-15 13:40:40.960 2708 10081 E cz.gienger.mobile.poaz.database.PoazInitializationTask: at okhttp3.internal.http2.Http2Stream$StreamTimeout.newTimeoutException(Http2Stream.java:593)
08-15 13:40:40.960 2708 10081 E cz.gienger.mobile.poaz.database.PoazInitializationTask: at okhttp3.internal.http2.Http2Stream$StreamTimeout.exitAndThrowIfTimedOut(Http2Stream.java:601)
08-15 13:40:40.960 2708 10081 E cz.gienger.mobile.poaz.database.PoazInitializationTask: at okhttp3.internal.http2.Http2Stream.takeResponseHeaders(Http2Stream.java:146)
08-15 13:40:40.960 2708 10081 E cz.gienger.mobile.poaz.database.PoazInitializationTask: at okhttp3.internal.http2.Http2Codec.readResponseHeaders(Http2Codec.java:120)
08-15 13:40:40.960 2708 10081 E cz.gienger.mobile.poaz.database.PoazInitializationTask: at okhttp3.internal.http.CallServerInterceptor.intercept(CallServerInterceptor.java:75)
08-15 13:40:40.960 2708 10081 E cz.gienger.mobile.poaz.database.PoazInitializationTask: at okhttp3.internal.http.RealInterceptorChain.proceed(RealInterceptorChain.java:92)
08-15 13:40:40.960 2708 10081 E cz.gienger.mobile.poaz.database.PoazInitializationTask: at okhttp3.internal.connection.ConnectInterceptor.intercept(ConnectInterceptor.java:45)
08-15 13:40:40.960 2708 10081 E cz.gienger.mobile.poaz.database.PoazInitializationTask: at okhttp3.internal.http.RealInterceptorChain.proceed(RealInterceptorChain.java:92)
08-15 13:40:40.960 2708 10081 E cz.gienger.mobile.poaz.database.PoazInitializationTask: at okhttp3.internal.http.RealInterceptorChain.proceed(RealInterceptorChain.java:67)
08-15 13:40:40.960 2708 10081 E cz.gienger.mobile.poaz.database.PoazInitializationTask: at okhttp3.internal.cache.CacheInterceptor.intercept(CacheInterceptor.java:93)
08-15 13:40:40.960 2708 10081 E cz.gienger.mobile.poaz.database.PoazInitializationTask: at okhttp3.internal.http.RealInterceptorChain.proceed(RealInterceptorChain.java:92)
08-15 13:40:40.960 2708 10081 E cz.gienger.mobile.poaz.database.PoazInitializationTask: at okhttp3.internal.http.RealInterceptorChain.proceed(RealInterceptorChain.java:67)
08-15 13:40:40.960 2708 10081 E cz.gienger.mobile.poaz.database.PoazInitializationTask: at okhttp3.internal.http.BridgeInterceptor.intercept(BridgeInterceptor.java:93)
08-15 13:40:40.960 2708 10081 E cz.gienger.mobile.poaz.database.PoazInitializationTask: at okhttp3.internal.http.RealInterceptorChain.proceed(RealInterceptorChain.java:92)
08-15 13:40:40.960 2708 10081 E cz.gienger.mobile.poaz.database.PoazInitializationTask: at okhttp3.internal.http.RetryAndFollowUpInterceptor.intercept(RetryAndFollowUpInterceptor.java:120)
08-15 13:40:40.960 2708 10081 E cz.gienger.mobile.poaz.database.PoazInitializationTask: at okhttp3.internal.http.RealInterceptorChain.proceed(RealInterceptorChain.java:92)
08-15 13:40:40.960 2708 10081 E cz.gienger.mobile.poaz.database.PoazInitializationTask: at okhttp3.internal.http.RealInterceptorChain.proceed(RealInterceptorChain.java:67)
08-15 13:40:40.960 2708 10081 E cz.gienger.mobile.poaz.database.PoazInitializationTask: at okhttp3.logging.HttpLoggingInterceptor.intercept(HttpLoggingInterceptor.java:211)
08-15 13:40:40.960 2708 10081 E cz.gienger.mobile.poaz.database.PoazInitializationTask: at okhttp3.internal.http.RealInterceptorChain.proceed(RealInterceptorChain.java:92)
08-15 13:40:40.960 2708 10081 E cz.gienger.mobile.poaz.database.PoazInitializationTask: at okhttp3.internal.http.RealInterceptorChain.proceed(RealInterceptorChain.java:67)
08-15 13:40:40.960 2708 10081 E cz.gienger.mobile.poaz.database.PoazInitializationTask: at cz.gienger.mobile.poaz.services.PoazServiceClient$1.intercept(PoazServiceClient.java:171)
08-15 13:40:40.960 2708 10081 E cz.gienger.mobile.poaz.database.PoazInitializationTask: at okhttp3.internal.http.RealInterceptorChain.proceed(RealInterceptorChain.java:92)
08-15 13:40:40.960 2708 10081 E cz.gienger.mobile.poaz.database.PoazInitializationTask: at okhttp3.internal.http.RealInterceptorChain.proceed(RealInterceptorChain.java:67)
08-15 13:40:40.960 2708 10081 E cz.gienger.mobile.poaz.database.PoazInitializationTask: at okhttp3.RealCall.getResponseWithInterceptorChain(RealCall.java:185)
08-15 13:40:40.960 2708 10081 E cz.gienger.mobile.poaz.database.PoazInitializationTask: at okhttp3.RealCall.execute(RealCall.java:69)
08-15 13:40:40.960 2708 10081 E cz.gienger.mobile.poaz.database.PoazInitializationTask: at retrofit2.OkHttpCall.execute(OkHttpCall.java:180)
08-15 13:40:40.960 2708 10081 E cz.gienger.mobile.poaz.database.PoazInitializationTask: at retrofit2.ExecutorCallAdapterFactory$ExecutorCallbackCall.execute(ExecutorCallAdapterFactory.java:91)
08-15 13:40:40.960 2708 10081 E cz.gienger.mobile.poaz.database.PoazInitializationTask: at cz.gienger.mobile.poaz.services.PoazServiceClient.getMetadata(PoazServiceClient.java:241)
08-15 13:40:40.960 2708 10081 E cz.gienger.mobile.poaz.database.PoazInitializationTask: ... 10 more
08-15 13:40:54.035 2708 2708 D ViewRootImpl@a18f353[LoginActivity]: mHardwareRenderer.destroy()#4
08-15 13:40:54.036 2708 2708 D ViewRootImpl@a18f353[LoginActivity]: dispatchDetachedFromWindow
08-15 13:40:54.046 2708 2708 D InputTransport: Input channel destroyed: fd=82
08-15 13:40:54.059 2708 2708 D ViewRootImpl@f455205[LoginActivity]: MSG_WINDOW_FOCUS_CHANGED 1
08-15 13:40:54.060 2708 2708 D ViewRootImpl@f455205[LoginActivity]: mHardwareRenderer.initializeIfNeeded()#2 mSurface={isValid=true -1806991360}
08-15 13:40:54.066 2708 2708 E ViewRootImpl: sendUserActionEvent() returned.
08-15 13:40:54.605 2708 2708 D ViewRootImpl@b44425a[MainActivity]: Relayout returned: oldFrame=[0,0][768,1024] newFrame=[0,0][768,1024] result=0x7 surface={isValid=true -1533962240} surfaceGenerationChanged=true
08-15 13:40:54.605 2708 2708 D ViewRootImpl@b44425a[MainActivity]: mHardwareRenderer.initialize() mSurface={isValid=true -1533962240} hwInitialized=true
08-15 13:40:54.663 2708 2708 D AbsListView: in onLayout changed
08-15 13:40:54.684 2708 2708 D ViewRootImpl@b44425a[MainActivity]: MSG_WINDOW_FOCUS_CHANGED 1
08-15 13:40:54.684 2708 2708 D ViewRootImpl@b44425a[MainActivity]: mHardwareRenderer.initializeIfNeeded()#2 mSurface={isValid=true -1533962240}
08-15 13:40:54.686 2708 2708 V InputMethodManager: Starting input: tba=android.view.inputmethod.EditorInfo@445ab75 nm : cz.gienger.mobile ic=null
08-15 13:40:54.686 2708 2708 I InputMethodManager: startInputInner - mService.startInputOrWindowGainedFocus
08-15 13:40:54.701 2708 2708 D InputTransport: Input channel constructed: fd=69
08-15 13:40:54.701 2708 2708 D InputTransport: Input channel destroyed: fd=79
08-15 13:40:54.705 2708 2708 D ViewRootImpl@f455205[LoginActivity]: MSG_WINDOW_FOCUS_CHANGED 0
08-15 13:40:54.727 2708 2708 D ViewRootImpl@f455205[LoginActivity]: mHardwareRenderer.destroy()#1
08-15 13:40:54.735 2708 2708 D ViewRootImpl@f455205[LoginActivity]: Relayout returned: oldFrame=[0,0][768,1024] newFrame=[0,0][768,1024] result=0x5 surface={isValid=false 0} surfaceGenerationChanged=true
08-15 13:40:55.135 2708 2708 D Graph : removeVertex() : insertDummyVertex, because there is no ancestor.
08-15 13:40:55.135 2708 2708 D Graph : removeVertex() : insertDummyVertex, because there is no ancestor.
08-15 13:40:55.138 2708 2708 D ViewRootImpl@f455205[LoginActivity]: mHardwareRenderer.destroy()#4
08-15 13:40:55.138 2708 2708 D ViewRootImpl@f455205[LoginActivity]: dispatchDetachedFromWindow
08-15 13:40:55.153 2708 2708 D InputTransport: Input channel destroyed: fd=70
08-15 13:40:56.262 2708 2708 D ViewRootImpl@b44425a[MainActivity]: ViewPostImeInputStage processPointer 0
08-15 13:40:56.284 2708 2708 D AbsListView: reportScrollStateChange() newState : 1
08-15 13:40:57.192 2708 2708 D ViewRootImpl@b44425a[MainActivity]: ViewPostImeInputStage processPointer 1
08-15 13:40:57.192 2708 2708 D AbsListView: onTouchUp() mTouchMode : 3
08-15 13:40:57.192 2708 2708 D AbsListView: onTouchUp() TOUCH_MODE_SCROLL initialVelocity : 1539
08-15 13:40:57.192 2708 2708 D AbsListView: reportScrollStateChange() newState : 0
08-15 13:41:19.933 2708 2708 D ViewRootImpl@b44425a[MainActivity]: ViewPostImeInputStage processPointer 0
08-15 13:41:19.989 2708 2708 D ViewRootImpl@b44425a[MainActivity]: ViewPostImeInputStage processPointer 1
08-15 13:41:20.011 2708 2708 D item_click: viewId = 2131820760, position = 0
08-15 13:41:20.064 2708 2708 D ViewRootImpl@b44425a[MainActivity]: MSG_WINDOW_FOCUS_CHANGED 0
08-15 13:41:20.151 2708 2708 D ViewRootImpl@8e37b36[CategoryListActivity]: ThreadedRenderer.create() translucent=false
08-15 13:41:20.154 2708 2708 D InputTransport: Input channel constructed: fd=70
08-15 13:41:20.154 2708 2708 D ViewRootImpl@8e37b36[CategoryListActivity]: setView = DecorView@a2a1a37[CategoryListActivity] touchMode=true
08-15 13:41:20.156 2708 2708 D LOCATION_SERVICE: LocationListener gps
08-15 13:41:20.156 2708 2708 D LOCATION_SERVICE: LocationListener network
08-15 13:41:20.157 2708 2708 D LOCATION_SERVICE: onCreate
08-15 13:41:20.157 2708 2708 D LOCATION_SERVICE: initializeLocationManager
08-15 13:41:20.176 2708 2708 D LOCATION_SERVICE: onStartCommand
08-15 13:41:20.179 2708 2708 D ViewRootImpl@8e37b36[CategoryListActivity]: dispatchAttachedToWindow
08-15 13:41:20.213 2708 2708 D ViewRootImpl@8e37b36[CategoryListActivity]: Relayout returned: oldFrame=[0,0][0,0] newFrame=[0,0][768,1024] result=0x27 surface={isValid=true -1802833920} surfaceGenerationChanged=true
08-15 13:41:20.214 2708 2708 D ViewRootImpl@8e37b36[CategoryListActivity]: mHardwareRenderer.initialize() mSurface={isValid=true -1802833920} hwInitialized=true
08-15 13:41:20.362 2708 2708 D ViewRootImpl@8e37b36[CategoryListActivity]: MSG_RESIZED_REPORT: frame=Rect(0, 0 - 768, 1024) ci=Rect(0, 24 - 0, 0) vi=Rect(0, 24 - 0, 0) or=1
08-15 13:41:20.362 2708 2708 D ViewRootImpl@8e37b36[CategoryListActivity]: MSG_WINDOW_FOCUS_CHANGED 1
08-15 13:41:20.362 2708 2708 D ViewRootImpl@8e37b36[CategoryListActivity]: mHardwareRenderer.initializeIfNeeded()#2 mSurface={isValid=true -1802833920}
08-15 13:41:20.363 2708 2708 V InputMethodManager: Starting input: tba=android.view.inputmethod.EditorInfo@ef9cafb nm : cz.gienger.mobile ic=null
08-15 13:41:20.363 2708 2708 I InputMethodManager: startInputInner - mService.startInputOrWindowGainedFocus
08-15 13:41:20.365 2708 2708 D InputTransport: Input channel constructed: fd=73
08-15 13:41:20.365 2708 2708 D InputTransport: Input channel destroyed: fd=69
08-15 13:41:20.441 2708 2774 D OpenGLRenderer: endAllActiveAnimators on 0x9333c200 (RippleDrawable) with handle 0x9209ed70
08-15 13:41:20.443 2708 2708 D ViewRootImpl@b44425a[MainActivity]: mHardwareRenderer.destroy()#1
08-15 13:41:20.449 2708 2708 D ViewRootImpl@b44425a[MainActivity]: Relayout returned: oldFrame=[0,0][768,1024] newFrame=[0,0][768,1024] result=0x5 surface={isValid=false 0} surfaceGenerationChanged=true
08-15 13:41:20.861 2708 2708 D ViewRootImpl@b44425a[MainActivity]: Relayout returned: oldFrame=[0,0][768,1024] newFrame=[0,0][768,1024] result=0x5 surface={isValid=false 0} surfaceGenerationChanged=false
08-15 13:41:22.660 2708 2708 D ViewRootImpl@8e37b36[CategoryListActivity]: ViewPostImeInputStage processKey 0
08-15 13:41:22.777 2708 2708 D ViewRootImpl@8e37b36[CategoryListActivity]: ViewPostImeInputStage processKey 1
08-15 13:41:23.089 2708 2708 D ViewRootImpl@b44425a[MainActivity]: Relayout returned: oldFrame=[0,0][768,1024] newFrame=[0,0][768,1024] result=0x7 surface={isValid=true -1839511552} surfaceGenerationChanged=true
08-15 13:41:23.090 2708 2708 D ViewRootImpl@b44425a[MainActivity]: mHardwareRenderer.initialize() mSurface={isValid=true -1839511552} hwInitialized=true
08-15 13:41:23.135 2708 2708 D AbsListView: in onLayout changed
08-15 13:41:23.155 2708 2708 D ViewRootImpl@b44425a[MainActivity]: MSG_WINDOW_FOCUS_CHANGED 1
