--------- beginning of main
08-15 13:38:47.476 2708 2708 D ViewRootImpl@540482d[LogcatActivity]: Relayout returned: oldFrame=[237,468][531,580] newFrame=[267,468][500,580] result=0x21 surface={isValid=true -1850335232} surfaceGenerationChanged=false
08-15 13:38:47.476 2708 2708 D ViewRootImpl@540482d[LogcatActivity]: mHardwareRenderer.updateSurface() mSurface={isValid=true -1850335232}
08-15 13:38:48.259 2708 10031 D OkHttp : <-- 200 https://testsaig1.gienger.cz/GiengerService.svc/sendlog (818ms)
08-15 13:38:48.259 2708 10031 D OkHttp : content-type: application/xml; charset=utf-8
08-15 13:38:48.259 2708 10031 D OkHttp : server: Microsoft-IIS/10.0
08-15 13:38:48.259 2708 10031 D OkHttp : x-powered-by: ASP.NET
08-15 13:38:48.260 2708 10031 D OkHttp : date: Wed, 15 Aug 2018 11:38:47 GMT
08-15 13:38:48.260 2708 10031 D OkHttp : content-length: 175
08-15 13:38:48.260 2708 10031 D OkHttp : <-- END HTTP
08-15 13:38:48.347 2708 10038 D MYINTERCEPTOR: /GiengerService.svc/logout
08-15 13:38:48.348 2708 10038 D OkHttp : --> POST https://testsaig1.gienger.cz/GiengerService.svc/logout http/1.1
08-15 13:38:48.348 2708 10038 D OkHttp : Content-Type: application/xml; charset=UTF-8
08-15 13:38:48.348 2708 10038 D OkHttp : Content-Length: 266
08-15 13:38:48.348 2708 10038 D OkHttp : token: c4fe70ea29c5e8adaf8c0e4a7f42c4fc
08-15 13:38:48.348 2708 10038 D OkHttp : --> END POST
08-15 13:38:48.365 2708 2708 D ViewRootImpl@540482d[LogcatActivity]: mHardwareRenderer.destroy()#1
08-15 13:38:48.374 2708 2708 D ViewRootImpl@540482d[LogcatActivity]: Relayout returned: oldFrame=[267,468][500,580] newFrame=[267,468][500,580] result=0x5 surface={isValid=false 0} surfaceGenerationChanged=true
08-15 13:38:48.375 2708 2708 D ViewRootImpl@b44425a[MainActivity]: MSG_WINDOW_FOCUS_CHANGED 1
08-15 13:38:48.375 2708 2708 D ViewRootImpl@b44425a[MainActivity]: mHardwareRenderer.initializeIfNeeded()#2 mSurface={isValid=true -1825572864}
08-15 13:38:48.376 2708 2708 V InputMethodManager: Starting input: tba=android.view.inputmethod.EditorInfo@abe08d1 nm : cz.gienger.mobile ic=null
08-15 13:38:48.376 2708 2708 I InputMethodManager: startInputInner - mService.startInputOrWindowGainedFocus
08-15 13:38:48.378 2708 2708 D InputTransport: Input channel constructed: fd=81
08-15 13:38:48.378 2708 2708 D InputTransport: Input channel destroyed: fd=80
08-15 13:38:48.378 2708 2708 D ViewRootImpl@540482d[LogcatActivity]: MSG_WINDOW_FOCUS_CHANGED 0
08-15 13:38:48.438 2708 2708 D ViewRootImpl@540482d[LogcatActivity]: mHardwareRenderer.destroy()#4
08-15 13:38:48.438 2708 2708 D ViewRootImpl@540482d[LogcatActivity]: dispatchDetachedFromWindow
08-15 13:38:48.443 2708 10038 D OkHttp : <-- 200 https://testsaig1.gienger.cz/GiengerService.svc/logout (94ms)
08-15 13:38:48.443 2708 10038 D OkHttp : server: Microsoft-IIS/10.0
08-15 13:38:48.443 2708 10038 D OkHttp : x-powered-by: ASP.NET
08-15 13:38:48.443 2708 10038 D OkHttp : date: Wed, 15 Aug 2018 11:38:47 GMT
08-15 13:38:48.443 2708 10038 D OkHttp : content-length: 0
08-15 13:38:48.444 2708 2708 D InputTransport: Input channel destroyed: fd=76
08-15 13:38:48.444 2708 10038 D OkHttp : <-- END HTTP
08-15 13:38:48.446 2708 10038 D ALARM_REUPLOAD: cancelling alarm
08-15 13:38:48.489 2708 10040 D DELETING_DIRECTORY: /data/user/0/cz.gienger.mobile/files/delivery
08-15 13:38:48.490 2708 10040 D DELETING_DIRECTORY: exists /data/user/0/cz.gienger.mobile/files/delivery
08-15 13:38:48.490 2708 10040 D DELETING_DIRECTORY: /data/user/0/cz.gienger.mobile/files/delivery/130BT1180804461
08-15 13:38:48.490 2708 10040 D DELETING_DIRECTORY: exists /data/user/0/cz.gienger.mobile/files/delivery/130BT1180804461
08-15 13:38:48.491 2708 10040 D DELETING_DIRECTORY: /data/user/0/cz.gienger.mobile/files/delivery/130BT1180804461/corrections
08-15 13:38:48.491 2708 10040 D DELETING_DIRECTORY: exists /data/user/0/cz.gienger.mobile/files/delivery/130BT1180804461/corrections
08-15 13:38:48.491 2708 10040 D DELETING_DIRECTORY: file deleted /data/user/0/cz.gienger.mobile/files/delivery/130BT1180804461/130BT1180804461.pdf
08-15 13:38:48.492 2708 10040 D DELETING_DIRECTORY: /data/user/0/cz.gienger.mobile/files/delivery/130BT1180804472
08-15 13:38:48.492 2708 10040 D DELETING_DIRECTORY: exists /data/user/0/cz.gienger.mobile/files/delivery/130BT1180804472
08-15 13:38:48.492 2708 10040 D DELETING_DIRECTORY: /data/user/0/cz.gienger.mobile/files/delivery/130BT1180804472/corrections
08-15 13:38:48.492 2708 10040 D DELETING_DIRECTORY: exists /data/user/0/cz.gienger.mobile/files/delivery/130BT1180804472/corrections
08-15 13:38:48.493 2708 10040 D DELETING_DIRECTORY: file deleted /data/user/0/cz.gienger.mobile/files/delivery/130BT1180804472/130BT1180804472.pdf
08-15 13:38:48.493 2708 10040 D DELETING_DIRECTORY: /data/user/0/cz.gienger.mobile/files/delivery/130BT1181109374
08-15 13:38:48.493 2708 10040 D DELETING_DIRECTORY: exists /data/user/0/cz.gienger.mobile/files/delivery/130BT1181109374
08-15 13:38:48.493 2708 10040 D DELETING_DIRECTORY: /data/user/0/cz.gienger.mobile/files/delivery/130BT1181109374/corrections
08-15 13:38:48.493 2708 10040 D DELETING_DIRECTORY: exists /data/user/0/cz.gienger.mobile/files/delivery/130BT1181109374/corrections
08-15 13:38:48.494 2708 10040 D DELETING_DIRECTORY: file deleted /data/user/0/cz.gienger.mobile/files/delivery/130BT1181109374/130BT1181109374.pdf
08-15 13:38:48.494 2708 10040 D DELETING_DIRECTORY: /data/user/0/cz.gienger.mobile/files/delivery/130BT1181109107
08-15 13:38:48.494 2708 10040 D DELETING_DIRECTORY: exists /data/user/0/cz.gienger.mobile/files/delivery/130BT1181109107
08-15 13:38:48.494 2708 10040 D DELETING_DIRECTORY: /data/user/0/cz.gienger.mobile/files/delivery/130BT1181109107/corrections
08-15 13:38:48.494 2708 10040 D DELETING_DIRECTORY: exists /data/user/0/cz.gienger.mobile/files/delivery/130BT1181109107/corrections
08-15 13:38:48.495 2708 10040 D DELETING_DIRECTORY: file deleted /data/user/0/cz.gienger.mobile/files/delivery/130BT1181109107/130BT1181109107.pdf
08-15 13:38:48.495 2708 10040 D DELETING_DIRECTORY: /data/user/0/cz.gienger.mobile/files/delivery/130BT1181109108
08-15 13:38:48.495 2708 10040 D DELETING_DIRECTORY: exists /data/user/0/cz.gienger.mobile/files/delivery/130BT1181109108
08-15 13:38:48.495 2708 10040 D DELETING_DIRECTORY: /data/user/0/cz.gienger.mobile/files/delivery/130BT1181109108/corrections
08-15 13:38:48.495 2708 10040 D DELETING_DIRECTORY: exists /data/user/0/cz.gienger.mobile/files/delivery/130BT1181109108/corrections
08-15 13:38:48.496 2708 10040 D DELETING_DIRECTORY: file deleted /data/user/0/cz.gienger.mobile/files/delivery/130BT1181109108/130BT1181109108.pdf
08-15 13:38:48.496 2708 10040 D DELETING_DIRECTORY: /data/user/0/cz.gienger.mobile/files/delivery/130BT1181109182
08-15 13:38:48.496 2708 10040 D DELETING_DIRECTORY: exists /data/user/0/cz.gienger.mobile/files/delivery/130BT1181109182
08-15 13:38:48.496 2708 10040 D DELETING_DIRECTORY: /data/user/0/cz.gienger.mobile/files/delivery/130BT1181109182/corrections
08-15 13:38:48.496 2708 10040 D DELETING_DIRECTORY: exists /data/user/0/cz.gienger.mobile/files/delivery/130BT1181109182/corrections
08-15 13:38:48.497 2708 10040 D DELETING_DIRECTORY: file deleted /data/user/0/cz.gienger.mobile/files/delivery/130BT1181109182/130BT1181109182.pdf
08-15 13:38:48.497 2708 10040 D DELETING_DIRECTORY: /data/user/0/cz.gienger.mobile/files/delivery/130BT1181109332
08-15 13:38:48.497 2708 10040 D DELETING_DIRECTORY: exists /data/user/0/cz.gienger.mobile/files/delivery/130BT1181109332
08-15 13:38:48.497 2708 10040 D DELETING_DIRECTORY: /data/user/0/cz.gienger.mobile/files/delivery/130BT1181109332/corrections
08-15 13:38:48.497 2708 10040 D DELETING_DIRECTORY: exists /data/user/0/cz.gienger.mobile/files/delivery/130BT1181109332/corrections
08-15 13:38:48.498 2708 10040 D DELETING_DIRECTORY: file deleted /data/user/0/cz.gienger.mobile/files/delivery/130BT1181109332/130BT1181109332.pdf
08-15 13:38:48.498 2708 10040 D DELETING_DIRECTORY: /data/user/0/cz.gienger.mobile/files/delivery/130BT1181109403
08-15 13:38:48.498 2708 10040 D DELETING_DIRECTORY: exists /data/user/0/cz.gienger.mobile/files/delivery/130BT1181109403
08-15 13:38:48.499 2708 10040 D DELETING_DIRECTORY: /data/user/0/cz.gienger.mobile/files/delivery/130BT1181109403/corrections
08-15 13:38:48.502 2708 10040 D DELETING_DIRECTORY: exists /data/user/0/cz.gienger.mobile/files/delivery/130BT1181109403/corrections
08-15 13:38:48.503 2708 10040 D DELETING_DIRECTORY: file deleted /data/user/0/cz.gienger.mobile/files/delivery/130BT1181109403/130BT1181109403.pdf
08-15 13:38:48.504 2708 10040 D DELETING_DIRECTORY: /data/user/0/cz.gienger.mobile/files/delivery/130BT1181109287
08-15 13:38:48.504 2708 10040 D DELETING_DIRECTORY: exists /data/user/0/cz.gienger.mobile/files/delivery/130BT1181109287
08-15 13:38:48.504 2708 10040 D DELETING_DIRECTORY: /data/user/0/cz.gienger.mobile/files/delivery/130BT1181109287/corrections
08-15 13:38:48.504 2708 10040 D DELETING_DIRECTORY: exists /data/user/0/cz.gienger.mobile/files/delivery/130BT1181109287/corrections
08-15 13:38:48.505 2708 10040 D DELETING_DIRECTORY: file deleted /data/user/0/cz.gienger.mobile/files/delivery/130BT1181109287/130BT1181109287.pdf
08-15 13:38:48.508 2708 2708 D ViewRootImpl@b44425a[MainActivity]: MSG_WINDOW_FOCUS_CHANGED 0
08-15 13:38:48.509 2708 10040 D DELETING_DIRECTORY: /data/user/0/cz.gienger.mobile/files/delivery/130BT1182102982
08-15 13:38:48.510 2708 10040 D DELETING_DIRECTORY: exists /data/user/0/cz.gienger.mobile/files/delivery/130BT1182102982
08-15 13:38:48.510 2708 10040 D DELETING_DIRECTORY: /data/user/0/cz.gienger.mobile/files/delivery/130BT1182102982/corrections
08-15 13:38:48.510 2708 10040 D DELETING_DIRECTORY: exists /data/user/0/cz.gienger.mobile/files/delivery/130BT1182102982/corrections
08-15 13:38:48.511 2708 10040 D DELETING_DIRECTORY: file deleted /data/user/0/cz.gienger.mobile/files/delivery/130BT1182102982/130BT1182102982.pdf
08-15 13:38:48.512 2708 10040 D DELETING_DIRECTORY: /data/user/0/cz.gienger.mobile/files/delivery/130BT1182102988
08-15 13:38:48.512 2708 10040 D DELETING_DIRECTORY: exists /data/user/0/cz.gienger.mobile/files/delivery/130BT1182102988
08-15 13:38:48.512 2708 10040 D DELETING_DIRECTORY: /data/user/0/cz.gienger.mobile/files/delivery/130BT1182102988/corrections
08-15 13:38:48.512 2708 10040 D DELETING_DIRECTORY: exists /data/user/0/cz.gienger.mobile/files/delivery/130BT1182102988/corrections
08-15 13:38:48.513 2708 10040 D DELETING_DIRECTORY: file deleted /data/user/0/cz.gienger.mobile/files/delivery/130BT1182102988/130BT1182102988.pdf
08-15 13:38:48.513 2708 10040 D DELETING_DIRECTORY: /data/user/0/cz.gienger.mobile/files/delivery/130BT1182001878
08-15 13:38:48.513 2708 10040 D DELETING_DIRECTORY: exists /data/user/0/cz.gienger.mobile/files/delivery/130BT1182001878
08-15 13:38:48.513 2708 10040 D DELETING_DIRECTORY: /data/user/0/cz.gienger.mobile/files/delivery/130BT1182001878/corrections
08-15 13:38:48.514 2708 10040 D DELETING_DIRECTORY: exists /data/user/0/cz.gienger.mobile/files/delivery/130BT1182001878/corrections
08-15 13:38:48.514 2708 10040 D DELETING_DIRECTORY: file deleted /data/user/0/cz.gienger.mobile/files/delivery/130BT1182001878/130BT1182001878.pdf
08-15 13:38:48.515 2708 10040 D DELETING_DIRECTORY: /data/user/0/cz.gienger.mobile/files/delivery/130BT1182001880
08-15 13:38:48.515 2708 10040 D DELETING_DIRECTORY: exists /data/user/0/cz.gienger.mobile/files/delivery/130BT1182001880
08-15 13:38:48.515 2708 10040 D DELETING_DIRECTORY: /data/user/0/cz.gienger.mobile/files/delivery/130BT1182001880/corrections
08-15 13:38:48.515 2708 10040 D DELETING_DIRECTORY: exists /data/user/0/cz.gienger.mobile/files/delivery/130BT1182001880/corrections
08-15 13:38:48.516 2708 10040 D DELETING_DIRECTORY: file deleted /data/user/0/cz.gienger.mobile/files/delivery/130BT1182001880/130BT1182001880.pdf
08-15 13:38:48.516 2708 10040 D DELETING_DIRECTORY: /data/user/0/cz.gienger.mobile/files/delivery/130BT1182001874
08-15 13:38:48.516 2708 10040 D DELETING_DIRECTORY: exists /data/user/0/cz.gienger.mobile/files/delivery/130BT1182001874
08-15 13:38:48.517 2708 10040 D DELETING_DIRECTORY: /data/user/0/cz.gienger.mobile/files/delivery/130BT1182001874/corrections
08-15 13:38:48.517 2708 10040 D DELETING_DIRECTORY: exists /data/user/0/cz.gienger.mobile/files/delivery/130BT1182001874/corrections
08-15 13:38:48.517 2708 10040 D DELETING_DIRECTORY: file deleted /data/user/0/cz.gienger.mobile/files/delivery/130BT1182001874/130BT1182001874.pdf
08-15 13:38:48.518 2708 10040 D DELETING_DIRECTORY: /data/user/0/cz.gienger.mobile/files/delivery/130BT1182001879
08-15 13:38:48.518 2708 10040 D DELETING_DIRECTORY: exists /data/user/0/cz.gienger.mobile/files/delivery/130BT1182001879
08-15 13:38:48.518 2708 10040 D DELETING_DIRECTORY: /data/user/0/cz.gienger.mobile/files/delivery/130BT1182001879/corrections
08-15 13:38:48.518 2708 10040 D DELETING_DIRECTORY: exists /data/user/0/cz.gienger.mobile/files/delivery/130BT1182001879/corrections
08-15 13:38:48.521 2708 10040 D DELETING_DIRECTORY: file deleted /data/user/0/cz.gienger.mobile/files/delivery/130BT1182001879/130BT1182001879.pdf
08-15 13:38:48.521 2708 10040 D DELETING_DIRECTORY: /data/user/0/cz.gienger.mobile/files/delivery/130BT1181109393
08-15 13:38:48.521 2708 10040 D DELETING_DIRECTORY: exists /data/user/0/cz.gienger.mobile/files/delivery/130BT1181109393
08-15 13:38:48.522 2708 10040 D DELETING_DIRECTORY: /data/user/0/cz.gienger.mobile/files/delivery/130BT1181109393/corrections
08-15 13:38:48.522 2708 10040 D DELETING_DIRECTORY: exists /data/user/0/cz.gienger.mobile/files/delivery/130BT1181109393/corrections
08-15 13:38:48.522 2708 10040 D DELETING_DIRECTORY: file deleted /data/user/0/cz.gienger.mobile/files/delivery/130BT1181109393/130BT1181109393.pdf
08-15 13:38:48.523 2708 10040 D DELETING_DIRECTORY: /data/user/0/cz.gienger.mobile/files/delivery/130BT1181109394
08-15 13:38:48.523 2708 10040 D DELETING_DIRECTORY: exists /data/user/0/cz.gienger.mobile/files/delivery/130BT1181109394
08-15 13:38:48.523 2708 10040 D DELETING_DIRECTORY: /data/user/0/cz.gienger.mobile/files/delivery/130BT1181109394/corrections
08-15 13:38:48.523 2708 10040 D DELETING_DIRECTORY: exists /data/user/0/cz.gienger.mobile/files/delivery/130BT1181109394/corrections
08-15 13:38:48.524 2708 10040 D DELETING_DIRECTORY: file deleted /data/user/0/cz.gienger.mobile/files/delivery/130BT1181109394/130BT1181109394.pdf
08-15 13:38:48.524 2708 10040 D DELETING_DIRECTORY: /data/user/0/cz.gienger.mobile/files/delivery/130BT1180804439
08-15 13:38:48.524 2708 10040 D DELETING_DIRECTORY: exists /data/user/0/cz.gienger.mobile/files/delivery/130BT1180804439
08-15 13:38:48.524 2708 10040 D DELETING_DIRECTORY: /data/user/0/cz.gienger.mobile/files/delivery/130BT1180804439/corrections
08-15 13:38:48.524 2708 10040 D DELETING_DIRECTORY: exists /data/user/0/cz.gienger.mobile/files/delivery/130BT1180804439/corrections
08-15 13:38:48.525 2708 10040 D DELETING_DIRECTORY: file deleted /data/user/0/cz.gienger.mobile/files/delivery/130BT1180804439/130BT1180804439.pdf
08-15 13:38:48.525 2708 10040 D DELETING_DIRECTORY: /data/user/0/cz.gienger.mobile/files/delivery/130HT1180412596
08-15 13:38:48.525 2708 10040 D DELETING_DIRECTORY: exists /data/user/0/cz.gienger.mobile/files/delivery/130HT1180412596
08-15 13:38:48.525 2708 10040 D DELETING_DIRECTORY: /data/user/0/cz.gienger.mobile/files/delivery/130HT1180412596/corrections
08-15 13:38:48.525 2708 10040 D DELETING_DIRECTORY: exists /data/user/0/cz.gienger.mobile/files/delivery/130HT1180412596/corrections
08-15 13:38:48.526 2708 10040 D DELETING_DIRECTORY: file deleted /data/user/0/cz.gienger.mobile/files/delivery/130HT1180412596/130HT1180412596.pdf
08-15 13:38:48.526 2708 10040 D DELETING_DIRECTORY: /data/user/0/cz.gienger.mobile/files/delivery/130BT1181109372
08-15 13:38:48.526 2708 10040 D DELETING_DIRECTORY: exists /data/user/0/cz.gienger.mobile/files/delivery/130BT1181109372
08-15 13:38:48.527 2708 10040 D DELETING_DIRECTORY: /data/user/0/cz.gienger.mobile/files/delivery/130BT1181109372/corrections
08-15 13:38:48.527 2708 10040 D DELETING_DIRECTORY: exists /data/user/0/cz.gienger.mobile/files/delivery/130BT1181109372/corrections
08-15 13:38:48.527 2708 10040 D DELETING_DIRECTORY: file deleted /data/user/0/cz.gienger.mobile/files/delivery/130BT1181109372/130BT1181109372.pdf
08-15 13:38:48.527 2708 10040 D DELETING_DIRECTORY: /data/user/0/cz.gienger.mobile/files/delivery/130BT1180804460
08-15 13:38:48.527 2708 10040 D DELETING_DIRECTORY: exists /data/user/0/cz.gienger.mobile/files/delivery/130BT1180804460
08-15 13:38:48.528 2708 10040 D DELETING_DIRECTORY: /data/user/0/cz.gienger.mobile/files/delivery/130BT1180804460/corrections
08-15 13:38:48.528 2708 10040 D DELETING_DIRECTORY: exists /data/user/0/cz.gienger.mobile/files/delivery/130BT1180804460/corrections
08-15 13:38:48.528 2708 10040 D DELETING_DIRECTORY: file deleted /data/user/0/cz.gienger.mobile/files/delivery/130BT1180804460/130BT1180804460.pdf
08-15 13:38:48.528 2708 10040 D DELETING_DIRECTORY: /data/user/0/cz.gienger.mobile/files/delivery/130BT1180804462
08-15 13:38:48.528 2708 10040 D DELETING_DIRECTORY: exists /data/user/0/cz.gienger.mobile/files/delivery/130BT1180804462
08-15 13:38:48.529 2708 10040 D DELETING_DIRECTORY: /data/user/0/cz.gienger.mobile/files/delivery/130BT1180804462/corrections
08-15 13:38:48.530 2708 10040 D DELETING_DIRECTORY: exists /data/user/0/cz.gienger.mobile/files/delivery/130BT1180804462/corrections
08-15 13:38:48.531 2708 10040 D DELETING_DIRECTORY: file deleted /data/user/0/cz.gienger.mobile/files/delivery/130BT1180804462/130BT1180804462.pdf
08-15 13:38:48.531 2708 10040 D DELETING_DIRECTORY: /data/user/0/cz.gienger.mobile/files/delivery/130BT1180804466
08-15 13:38:48.531 2708 10040 D DELETING_DIRECTORY: exists /data/user/0/cz.gienger.mobile/files/delivery/130BT1180804466
08-15 13:38:48.531 2708 10040 D DELETING_DIRECTORY: /data/user/0/cz.gienger.mobile/files/delivery/130BT1180804466/corrections
08-15 13:38:48.531 2708 10040 D DELETING_DIRECTORY: exists /data/user/0/cz.gienger.mobile/files/delivery/130BT1180804466/corrections
08-15 13:38:48.532 2708 10040 D DELETING_DIRECTORY: file deleted /data/user/0/cz.gienger.mobile/files/delivery/130BT1180804466/130BT1180804466.pdf
08-15 13:38:48.532 2708 10040 D DELETING_DIRECTORY: /data/user/0/cz.gienger.mobile/files/delivery/130BT1181107202
08-15 13:38:48.532 2708 10040 D DELETING_DIRECTORY: exists /data/user/0/cz.gienger.mobile/files/delivery/130BT1181107202
08-15 13:38:48.533 2708 10040 D DELETING_DIRECTORY: /data/user/0/cz.gienger.mobile/files/delivery/130BT1181107202/corrections
08-15 13:38:48.533 2708 10040 D DELETING_DIRECTORY: exists /data/user/0/cz.gienger.mobile/files/delivery/130BT1181107202/corrections
08-15 13:38:48.533 2708 10040 D DELETING_DIRECTORY: file deleted /data/user/0/cz.gienger.mobile/files/delivery/130BT1181107202/130BT1181107202.pdf
08-15 13:38:48.533 2708 10040 D DELETING_DIRECTORY: /data/user/0/cz.gienger.mobile/files/delivery/130BT1181109385
08-15 13:38:48.533 2708 10040 D DELETING_DIRECTORY: exists /data/user/0/cz.gienger.mobile/files/delivery/130BT1181109385
08-15 13:38:48.534 2708 10040 D DELETING_DIRECTORY: /data/user/0/cz.gienger.mobile/files/delivery/130BT1181109385/corrections
08-15 13:38:48.534 2708 10040 D DELETING_DIRECTORY: exists /data/user/0/cz.gienger.mobile/files/delivery/130BT1181109385/corrections
08-15 13:38:48.534 2708 10040 D DELETING_DIRECTORY: file deleted /data/user/0/cz.gienger.mobile/files/delivery/130BT1181109385/130BT1181109385.pdf
08-15 13:38:48.534 2708 10040 D DELETING_DIRECTORY: /data/user/0/cz.gienger.mobile/files/delivery/130BT1181109401
08-15 13:38:48.534 2708 10040 D DELETING_DIRECTORY: exists /data/user/0/cz.gienger.mobile/files/delivery/130BT1181109401
08-15 13:38:48.535 2708 10040 D DELETING_DIRECTORY: /data/user/0/cz.gienger.mobile/files/delivery/130BT1181109401/corrections
08-15 13:38:48.535 2708 10040 D DELETING_DIRECTORY: exists /data/user/0/cz.gienger.mobile/files/delivery/130BT1181109401/corrections
08-15 13:38:48.535 2708 10040 D DELETING_DIRECTORY: file deleted /data/user/0/cz.gienger.mobile/files/delivery/130BT1181109401/130BT1181109401.pdf
08-15 13:38:48.536 2708 10040 D DELETING_DIRECTORY: /data/user/0/cz.gienger.mobile/files/delivery/130BT1181109388
08-15 13:38:48.536 2708 10040 D DELETING_DIRECTORY: exists /data/user/0/cz.gienger.mobile/files/delivery/130BT1181109388
08-15 13:38:48.536 2708 10040 D DELETING_DIRECTORY: /data/user/0/cz.gienger.mobile/files/delivery/130BT1181109388/corrections
08-15 13:38:48.536 2708 10040 D DELETING_DIRECTORY: exists /data/user/0/cz.gienger.mobile/files/delivery/130BT1181109388/corrections
08-15 13:38:48.536 2708 10040 D DELETING_DIRECTORY: file deleted /data/user/0/cz.gienger.mobile/files/delivery/130BT1181109388/130BT1181109388.pdf
08-15 13:38:48.537 2708 10040 D DELETING_DIRECTORY: /data/user/0/cz.gienger.mobile/files/delivery/130BT1181109390
08-15 13:38:48.537 2708 10040 D DELETING_DIRECTORY: exists /data/user/0/cz.gienger.mobile/files/delivery/130BT1181109390
08-15 13:38:48.537 2708 10040 D DELETING_DIRECTORY: /data/user/0/cz.gienger.mobile/files/delivery/130BT1181109390/corrections
08-15 13:38:48.537 2708 10040 D DELETING_DIRECTORY: exists /data/user/0/cz.gienger.mobile/files/delivery/130BT1181109390/corrections
08-15 13:38:48.537 2708 10040 D DELETING_DIRECTORY: file deleted /data/user/0/cz.gienger.mobile/files/delivery/130BT1181109390/130BT1181109390.pdf
08-15 13:38:48.538 2708 10040 D DELETING_DIRECTORY: /data/user/0/cz.gienger.mobile/files/delivery/130BT1180804471
08-15 13:38:48.538 2708 10040 D DELETING_DIRECTORY: exists /data/user/0/cz.gienger.mobile/files/delivery/130BT1180804471
08-15 13:38:48.538 2708 10040 D DELETING_DIRECTORY: /data/user/0/cz.gienger.mobile/files/delivery/130BT1180804471/corrections
08-15 13:38:48.538 2708 10040 D DELETING_DIRECTORY: exists /data/user/0/cz.gienger.mobile/files/delivery/130BT1180804471/corrections
08-15 13:38:48.538 2708 10040 D DELETING_DIRECTORY: file deleted /data/user/0/cz.gienger.mobile/files/delivery/130BT1180804471/130BT1180804471.pdf
08-15 13:38:48.539 2708 10040 D DELETING_DIRECTORY: /data/user/0/cz.gienger.mobile/files/delivery/130BT1180804474
08-15 13:38:48.539 2708 10040 D DELETING_DIRECTORY: exists /data/user/0/cz.gienger.mobile/files/delivery/130BT1180804474
08-15 13:38:48.539 2708 10040 D DELETING_DIRECTORY: /data/user/0/cz.gienger.mobile/files/delivery/130BT1180804474/corrections
08-15 13:38:48.539 2708 10040 D DELETING_DIRECTORY: exists /data/user/0/cz.gienger.mobile/files/delivery/130BT1180804474/corrections
08-15 13:38:48.540 2708 10040 D DELETING_DIRECTORY: file deleted /data/user/0/cz.gienger.mobile/files/delivery/130BT1180804474/130BT1180804474.pdf
08-15 13:38:48.540 2708 10040 D DELETING_DIRECTORY: /data/user/0/cz.gienger.mobile/files/delivery/130BT1181109395
08-15 13:38:48.540 2708 10040 D DELETING_DIRECTORY: exists /data/user/0/cz.gienger.mobile/files/delivery/130BT1181109395
08-15 13:38:48.540 2708 10040 D DELETING_DIRECTORY: /data/user/0/cz.gienger.mobile/files/delivery/130BT1181109395/corrections
08-15 13:38:48.540 2708 10040 D DELETING_DIRECTORY: exists /data/user/0/cz.gienger.mobile/files/delivery/130BT1181109395/corrections
08-15 13:38:48.541 2708 10040 D DELETING_DIRECTORY: file deleted /data/user/0/cz.gienger.mobile/files/delivery/130BT1181109395/130BT1181109395.pdf
08-15 13:38:48.541 2708 10040 D DELETING_DIRECTORY: /data/user/0/cz.gienger.mobile/files/delivery/130BT1181109402
08-15 13:38:48.541 2708 10040 D DELETING_DIRECTORY: exists /data/user/0/cz.gienger.mobile/files/delivery/130BT1181109402
08-15 13:38:48.541 2708 10040 D DELETING_DIRECTORY: /data/user/0/cz.gienger.mobile/files/delivery/130BT1181109402/corrections
08-15 13:38:48.541 2708 10040 D DELETING_DIRECTORY: exists /data/user/0/cz.gienger.mobile/files/delivery/130BT1181109402/corrections
08-15 13:38:48.542 2708 10040 D DELETING_DIRECTORY: file deleted /data/user/0/cz.gienger.mobile/files/delivery/130BT1181109402/130BT1181109402.pdf
08-15 13:38:48.542 2708 10040 D DELETING_DIRECTORY: /data/user/0/cz.gienger.mobile/files/finished
08-15 13:38:48.571 2708 2708 D FILES : /data/user/0/cz.gienger.mobile/files/delivery
08-15 13:38:48.576 2708 2708 D ScrollView: initGoToTop
08-15 13:38:48.601 2708 2708 D ViewRootImpl@e187234[LoginActivity]: ThreadedRenderer.create() translucent=false
08-15 13:38:48.605 2708 2708 D InputTransport: Input channel constructed: fd=76
08-15 13:38:48.605 2708 2708 D ViewRootImpl@e187234[LoginActivity]: setView = DecorView@b6ca85d[LoginActivity] touchMode=true
08-15 13:38:48.618 2708 2708 D ViewRootImpl@e187234[LoginActivity]: dispatchAttachedToWindow
08-15 13:38:48.661 2708 2708 D ViewRootImpl@e187234[LoginActivity]: Relayout returned: oldFrame=[0,0][0,0] newFrame=[0,0][768,1024] result=0x27 surface={isValid=true -1844977664} surfaceGenerationChanged=true
08-15 13:38:48.661 2708 2708 D ViewRootImpl@e187234[LoginActivity]: mHardwareRenderer.initialize() mSurface={isValid=true -1844977664} hwInitialized=true
08-15 13:38:48.666 2708 2708 D ScrollView: onsize change changed
08-15 13:38:48.686 2708 2708 D ViewRootImpl@e187234[LoginActivity]: MSG_RESIZED_REPORT: frame=Rect(0, 0 - 768, 1024) ci=Rect(0, 24 - 0, 0) vi=Rect(0, 24 - 0, 0) or=1
08-15 13:38:48.686 2708 2708 D ViewRootImpl@e187234[LoginActivity]: MSG_WINDOW_FOCUS_CHANGED 1
08-15 13:38:48.687 2708 2708 D ViewRootImpl@e187234[LoginActivity]: mHardwareRenderer.initializeIfNeeded()#2 mSurface={isValid=true -1844977664}
08-15 13:38:48.696 2708 2708 V InputMethodManager: Starting input: tba=android.view.inputmethod.EditorInfo@8118615 nm : cz.gienger.mobile ic=com.android.internal.widget.EditableInputConnection@f8ead2a
08-15 13:38:48.696 2708 2708 I InputMethodManager: startInputInner - mService.startInputOrWindowGainedFocus
08-15 13:38:48.722 2708 2708 D InputTransport: Input channel constructed: fd=77
08-15 13:38:48.722 2708 2708 D InputTransport: Input channel destroyed: fd=81
08-15 13:38:48.754 2708 2708 D ViewRootImpl@b44425a[MainActivity]: mHardwareRenderer.destroy()#1
08-15 13:38:48.775 2708 2708 D ViewRootImpl@b44425a[MainActivity]: Relayout returned: oldFrame=[0,0][768,1024] newFrame=[0,0][768,1024] result=0x5 surface={isValid=false 0} surfaceGenerationChanged=true
08-15 13:38:49.070 2708 2708 D ViewRootImpl@e187234[LoginActivity]: MSG_RESIZED: frame=Rect(0, 0 - 768, 1024) ci=Rect(0, 24 - 0, 320) vi=Rect(0, 24 - 0, 320) or=1
08-15 13:38:49.093 2708 2708 D ViewRootImpl@e187234[LoginActivity]: Relayout returned: oldFrame=[0,0][768,1024] newFrame=[0,0][768,1024] result=0x1 surface={isValid=true -1844977664} surfaceGenerationChanged=false
08-15 13:38:49.095 2708 2708 D ScrollView: onsize change changed
08-15 13:38:49.175 2708 2708 D ViewRootImpl@b44425a[MainActivity]: Relayout returned: oldFrame=[0,0][768,1024] newFrame=[0,0][768,1024] result=0x5 surface={isValid=false 0} surfaceGenerationChanged=false
08-15 13:39:11.735 2708 2708 D ViewRootImpl@e187234[LoginActivity]: ViewPostImeInputStage processPointer 0
08-15 13:39:11.814 2708 2708 D ViewRootImpl@e187234[LoginActivity]: ViewPostImeInputStage processPointer 1
08-15 13:39:12.783 2708 2708 D ViewRootImpl@e187234[LoginActivity]: ViewPostImeInputStage processPointer 0
08-15 13:39:12.850 2708 2708 D ViewRootImpl@e187234[LoginActivity]: ViewPostImeInputStage processPointer 1
08-15 13:39:12.863 2708 2708 V InputMethodManager: Starting input: tba=android.view.inputmethod.EditorInfo@64d62cd nm : cz.gienger.mobile ic=com.android.internal.widget.EditableInputConnection@a9bb782
08-15 13:39:12.864 2708 2708 I InputMethodManager: startInputInner - mService.startInputOrWindowGainedFocus
08-15 13:39:12.867 2708 2708 D InputTransport: Input channel constructed: fd=69
08-15 13:39:12.867 2708 2708 D InputTransport: Input channel destroyed: fd=77
08-15 13:39:12.867 2708 2708 D InputMethodManager: SSI - flag : 0 Pid : 2708 view : cz.gienger.mobile
08-15 13:39:12.873 2708 2708 W IInputConnectionWrapper: performPrivateCommand on inactive InputConnection
08-15 13:39:12.873 2708 2708 W IInputConnectionWrapper: finishComposingText on inactive InputConnection
08-15 13:39:20.485 2708 2708 D ViewRootImpl@e187234[LoginActivity]: ViewPostImeInputStage processPointer 0
08-15 13:39:20.554 2708 2708 D ViewRootImpl@e187234[LoginActivity]: ViewPostImeInputStage processPointer 1
08-15 13:39:20.581 2708 2708 D ScrollView: initGoToTop
08-15 13:39:20.585 2708 2708 D ScrollView: initGoToTop
08-15 13:39:20.594 2708 2708 D ViewRootImpl@8a0f45c[LoginActivity]: ThreadedRenderer.create() translucent=true
08-15 13:39:20.599 2708 2708 D InputTransport: Input channel constructed: fd=70
08-15 13:39:20.599 2708 2708 D ViewRootImpl@8a0f45c[LoginActivity]: setView = DecorView@2244365[LoginActivity] touchMode=true
08-15 13:39:20.604 2708 10067 D MYINTERCEPTOR: /GiengerService.svc/oauth
08-15 13:39:20.605 2708 10067 D OkHttp : --> POST https://testsaig1.gienger.cz/GiengerService.svc/oauth http/1.1
08-15 13:39:20.605 2708 10067 D OkHttp : Content-Type: application/xml; charset=UTF-8
08-15 13:39:20.605 2708 10067 D OkHttp : Content-Length: 298
08-15 13:39:20.605 2708 2708 D ViewRootImpl@8a0f45c[LoginActivity]: dispatchAttachedToWindow
08-15 13:39:20.605 2708 10067 D OkHttp : --> END POST
08-15 13:39:20.632 2708 2708 D ViewRootImpl@8a0f45c[LoginActivity]: Relayout returned: oldFrame=[0,0][0,0] newFrame=[108,466][660,582] result=0x27 surface={isValid=true -1839517696} surfaceGenerationChanged=true
08-15 13:39:20.632 2708 2708 D ViewRootImpl@8a0f45c[LoginActivity]: mHardwareRenderer.initialize() mSurface={isValid=true -1839517696} hwInitialized=true
08-15 13:39:20.651 2708 2708 D ViewRootImpl@8a0f45c[LoginActivity]: MSG_WINDOW_FOCUS_CHANGED 1
08-15 13:39:20.651 2708 2708 D ViewRootImpl@8a0f45c[LoginActivity]: mHardwareRenderer.initializeIfNeeded()#2 mSurface={isValid=true -1839517696}
08-15 13:39:20.677 2708 2708 D ViewRootImpl@8a0f45c[LoginActivity]: MSG_RESIZED_REPORT: frame=Rect(108, 466 - 660, 582) ci=Rect(0, 0 - 0, 0) vi=Rect(0, 0 - 0, 0) or=1
08-15 13:39:20.701 2708 2708 D ViewRootImpl@e187234[LoginActivity]: MSG_WINDOW_FOCUS_CHANGED 0
08-15 13:39:20.802 2708 10067 D OkHttp : <-- 200 https://testsaig1.gienger.cz/GiengerService.svc/oauth (197ms)
08-15 13:39:20.803 2708 10067 D OkHttp : content-type: application/xml; charset=utf-8
08-15 13:39:20.803 2708 10067 D OkHttp : server: Microsoft-IIS/10.0
08-15 13:39:20.804 2708 10067 D OkHttp : x-powered-by: ASP.NET
08-15 13:39:20.808 2708 10067 D OkHttp : date: Wed, 15 Aug 2018 11:39:19 GMT
08-15 13:39:20.808 2708 10067 D OkHttp : content-length: 292
08-15 13:39:20.808 2708 10067 D OkHttp : <-- END HTTP
08-15 13:39:20.830 2708 10067 D MYINTERCEPTOR: /GiengerService.svc/userinfo
08-15 13:39:20.830 2708 10067 D OkHttp : --> POST https://testsaig1.gienger.cz/GiengerService.svc/userinfo http/1.1
08-15 13:39:20.830 2708 10067 D OkHttp : Content-Type: application/xml; charset=UTF-8
08-15 13:39:20.830 2708 10067 D OkHttp : Content-Length: 139
08-15 13:39:20.830 2708 10067 D OkHttp : token: f61336e178b73a9e433b2c5314d1e477
08-15 13:39:20.830 2708 10067 D OkHttp : --> END POST
08-15 13:39:20.952 2708 10067 D OkHttp : <-- 200 https://testsaig1.gienger.cz/GiengerService.svc/userinfo (121ms)
08-15 13:39:20.952 2708 10067 D OkHttp : content-type: application/xml; charset=utf-8
08-15 13:39:20.952 2708 10067 D OkHttp : server: Microsoft-IIS/10.0
08-15 13:39:20.952 2708 10067 D OkHttp : x-powered-by: ASP.NET
08-15 13:39:20.952 2708 10067 D OkHttp : date: Wed, 15 Aug 2018 11:39:19 GMT
08-15 13:39:20.953 2708 10067 D OkHttp : content-length: 196
08-15 13:39:20.953 2708 10067 D OkHttp : <-- END HTTP
08-15 13:39:21.010 2708 2708 D ScrollView: initGoToTop
08-15 13:39:21.016 2708 2708 D ScrollView: initGoToTop
08-15 13:39:21.024 2708 2708 D ViewRootImpl@d5e33c1[LoginActivity]: ThreadedRenderer.create() translucent=true
08-15 13:39:21.031 2708 2708 D InputTransport: Input channel constructed: fd=91
08-15 13:39:21.032 2708 2708 D ViewRootImpl@d5e33c1[LoginActivity]: setView = DecorView@d270766[LoginActivity] touchMode=true
08-15 13:39:21.042 2708 2708 D ViewRootImpl@8a0f45c[LoginActivity]: mHardwareRenderer.destroy()#4
08-15 13:39:21.042 2708 2708 D ViewRootImpl@8a0f45c[LoginActivity]: dispatchDetachedFromWindow
08-15 13:39:21.059 2708 2708 D InputTransport: Input channel destroyed: fd=70
08-15 13:39:21.075 2708 2708 D ViewRootImpl@e187234[LoginActivity]: Relayout returned: oldFrame=[0,0][768,1024] newFrame=[0,0][768,1024] result=0x1 surface={isValid=true -1844977664} surfaceGenerationChanged=false
08-15 13:39:21.080 2708 2708 D ViewRootImpl@d5e33c1[LoginActivity]: dispatchAttachedToWindow
08-15 13:39:21.120 2708 2708 D ViewRootImpl@d5e33c1[LoginActivity]: Relayout returned: oldFrame=[0,0][0,0] newFrame=[108,423][660,624] result=0x27 surface={isValid=true -1839517696} surfaceGenerationChanged=true
08-15 13:39:21.120 2708 2708 D ViewRootImpl@d5e33c1[LoginActivity]: mHardwareRenderer.initialize() mSurface={isValid=true -1839517696} hwInitialized=true
08-15 13:39:21.125 2708 2708 D ScrollView: onsize change changed
08-15 13:39:21.125 2708 2708 D ScrollView: onsize change changed
08-15 13:39:21.131 2708 2708 D ViewRootImpl@d5e33c1[LoginActivity]: MSG_WINDOW_FOCUS_CHANGED 1
08-15 13:39:21.131 2708 2708 D ViewRootImpl@d5e33c1[LoginActivity]: mHardwareRenderer.initializeIfNeeded()#2 mSurface={isValid=true -1839517696}
08-15 13:39:21.148 2708 2708 D ViewRootImpl@d5e33c1[LoginActivity]: MSG_RESIZED_REPORT: frame=Rect(108, 423 - 660, 624) ci=Rect(0, 0 - 0, 0) vi=Rect(0, 0 - 0, 0) or=1
08-15 13:39:21.160 2708 2708 E ViewRootImpl: sendUserActionEvent() returned.
08-15 13:39:21.966 2708 2708 D ViewRootImpl@d5e33c1[LoginActivity]: ViewPostImeInputStage processPointer 0
08-15 13:39:22.068 2708 2708 D ViewRootImpl@d5e33c1[LoginActivity]: ViewPostImeInputStage processPointer 1
08-15 13:39:22.086 2708 2708 D ALARM_REUPLOAD: alarm already scheduled
08-15 13:39:22.097 2708 2708 D ViewRootImpl@d5e33c1[LoginActivity]: mHardwareRenderer.destroy()#4
08-15 13:39:22.097 2708 2708 D ViewRootImpl@d5e33c1[LoginActivity]: dispatchDetachedFromWindow
08-15 13:39:22.109 2708 2708 D InputTransport: Input channel destroyed: fd=91
08-15 13:39:22.123 2708 10067 D MYINTERCEPTOR: /GiengerService.svc/manifests
08-15 13:39:22.124 2708 10067 D OkHttp : --> GET https://testsaig1.gienger.cz/GiengerService.svc/manifests http/1.1
08-15 13:39:22.124 2708 10067 D OkHttp : state: CZ
08-15 13:39:22.124 2708 10067 D OkHttp : token: f61336e178b73a9e433b2c5314d1e477
08-15 13:39:22.124 2708 10067 D OkHttp : --> END GET
08-15 13:39:22.131 2708 2708 D TextView: SYANI: Clipboard API is calling: clearFilter()
08-15 13:39:22.131 2708 2708 D TextView: SYANI: Clipboard API is calling: unregisterClipboardEventListener()
08-15 13:39:22.133 2708 2708 D TextView: SYANI: Clipboard API is calling: clearFilter()
08-15 13:39:22.133 2708 2708 D TextView: SYANI: Clipboard API is calling: unregisterClipboardEventListener()
08-15 13:39:22.142 2708 2708 D ViewRootImpl@e187234[LoginActivity]: mHardwareRenderer.destroy()#4
08-15 13:39:22.142 2708 2708 D ViewRootImpl@e187234[LoginActivity]: dispatchDetachedFromWindow
08-15 13:39:22.144 2708 2708 D InputTransport: Input channel destroyed: fd=76
08-15 13:39:22.176 2708 2708 D FILES : /data/user/0/cz.gienger.mobile/files/delivery
08-15 13:39:22.190 2708 10070 D MYINTERCEPTOR: /GiengerService.svc/manifests
08-15 13:39:22.193 2708 10070 D OkHttp : --> GET https://testsaig1.gienger.cz/GiengerService.svc/manifests http/1.1
08-15 13:39:22.193 2708 10070 D OkHttp : state: CZ
08-15 13:39:22.193 2708 10070 D OkHttp : token: f61336e178b73a9e433b2c5314d1e477
08-15 13:39:22.193 2708 10070 D OkHttp : --> END GET
08-15 13:39:22.203 2708 10071 D MYINTERCEPTOR: /GiengerService.svc/manifests
08-15 13:39:22.204 2708 10071 D OkHttp : --> GET https://testsaig1.gienger.cz/GiengerService.svc/manifests http/1.1
08-15 13:39:22.204 2708 10071 D OkHttp : state: CZ
08-15 13:39:22.204 2708 10071 D OkHttp : token: f61336e178b73a9e433b2c5314d1e477
08-15 13:39:22.204 2708 10071 D OkHttp : --> END GET
08-15 13:39:22.213 2708 2708 D ViewRootImpl@f455205[LoginActivity]: ThreadedRenderer.create() translucent=false
08-15 13:39:22.217 2708 2708 D InputTransport: Input channel constructed: fd=70
08-15 13:39:22.217 2708 2708 D ViewRootImpl@f455205[LoginActivity]: setView = DecorView@45fa25a[LoginActivity] touchMode=true
08-15 13:39:22.221 2708 2708 D ViewRootImpl@f455205[LoginActivity]: dispatchAttachedToWindow
08-15 13:39:22.254 2708 2708 D ViewRootImpl@f455205[LoginActivity]: Relayout returned: oldFrame=[0,0][0,0] newFrame=[0,0][768,1024] result=0x27 surface={isValid=true -1806991360} surfaceGenerationChanged=true
08-15 13:39:22.255 2708 2708 D ViewRootImpl@f455205[LoginActivity]: mHardwareRenderer.initialize() mSurface={isValid=true -1806991360} hwInitialized=true
08-15 13:39:22.257 2708 2708 D AbsListView: in onLayout changed
08-15 13:39:22.258 2708 2708 E ViewRootImpl: sendUserActionEvent() returned.
08-15 13:39:22.258 2708 2708 E ViewRootImpl: sendUserActionEvent() returned.
08-15 13:39:22.261 2708 10067 D OkHttp : <-- 200 https://testsaig1.gienger.cz/GiengerService.svc/manifests (137ms)
08-15 13:39:22.261 2708 10067 D OkHttp : content-type: application/xml; charset=utf-8
08-15 13:39:22.262 2708 10067 D OkHttp : server: Microsoft-IIS/10.0
08-15 13:39:22.262 2708 10067 D OkHttp : x-powered-by: ASP.NET
08-15 13:39:22.263 2708 10067 D OkHttp : date: Wed, 15 Aug 2018 11:39:21 GMT
08-15 13:39:22.263 2708 10067 D OkHttp : content-length: 11864
08-15 13:39:22.263 2708 10067 D OkHttp : <-- END HTTP
08-15 13:39:22.281 2708 2708 D ViewRootImpl@f455205[LoginActivity]: MSG_RESIZED_REPORT: frame=Rect(0, 0 - 768, 1024) ci=Rect(0, 24 - 0, 320) vi=Rect(0, 24 - 0, 320) or=1
08-15 13:39:22.281 2708 2708 D ViewRootImpl@f455205[LoginActivity]: MSG_WINDOW_FOCUS_CHANGED 1
08-15 13:39:22.281 2708 2708 D ViewRootImpl@f455205[LoginActivity]: mHardwareRenderer.initializeIfNeeded()#2 mSurface={isValid=true -1806991360}
08-15 13:39:22.283 2708 2708 V InputMethodManager: Starting input: tba=android.view.inputmethod.EditorInfo@6b79667 nm : cz.gienger.mobile ic=null
08-15 13:39:22.283 2708 2708 I InputMethodManager: startInputInner - mService.startInputOrWindowGainedFocus
08-15 13:39:22.310 2708 2708 D InputTransport: Input channel constructed: fd=68
08-15 13:39:22.311 2708 2708 D InputTransport: Input channel destroyed: fd=69
08-15 13:39:22.317 2708 2708 E ViewRootImpl: sendUserActionEvent() returned.
08-15 13:39:22.317 2708 2708 D DOWNLOAD_MANIFESTS: success
08-15 13:39:22.334 2708 2708 W IInputConnectionWrapper: finishComposingText on inactive InputConnection
08-15 13:39:22.334 2708 2708 W IInputConnectionWrapper: performPrivateCommand on inactive InputConnection
08-15 13:39:22.334 2708 2708 W IInputConnectionWrapper: finishComposingText on inactive InputConnection
08-15 13:39:22.362 2708 10070 D OkHttp : <-- 200 https://testsaig1.gienger.cz/GiengerService.svc/manifests (168ms)
08-15 13:39:22.362 2708 10070 D OkHttp : content-type: application/xml; charset=utf-8
08-15 13:39:22.362 2708 10070 D OkHttp : server: Microsoft-IIS/10.0
08-15 13:39:22.363 2708 10070 D OkHttp : x-powered-by: ASP.NET
08-15 13:39:22.363 2708 10070 D OkHttp : date: Wed, 15 Aug 2018 11:39:21 GMT
08-15 13:39:22.363 2708 10070 D OkHttp : content-length: 11864
08-15 13:39:22.363 2708 10070 D OkHttp : <-- END HTTP
08-15 13:39:22.363 2708 10071 D OkHttp : <-- 200 https://testsaig1.gienger.cz/GiengerService.svc/manifests (158ms)
08-15 13:39:22.363 2708 10071 D OkHttp : content-type: application/xml; charset=utf-8
08-15 13:39:22.363 2708 10071 D OkHttp : server: Microsoft-IIS/10.0
08-15 13:39:22.363 2708 10071 D OkHttp : x-powered-by: ASP.NET
08-15 13:39:22.364 2708 10071 D OkHttp : date: Wed, 15 Aug 2018 11:39:21 GMT
08-15 13:39:22.364 2708 10071 D OkHttp : content-length: 11864
08-15 13:39:22.364 2708 10071 D OkHttp : <-- END HTTP
08-15 13:39:22.376 2708 2708 D ViewRootImpl@f455205[LoginActivity]: MSG_RESIZED: frame=Rect(0, 0 - 768, 1024) ci=Rect(0, 24 - 0, 0) vi=Rect(0, 24 - 0, 0) or=1
08-15 13:39:22.408 2708 2708 D ViewRootImpl@f455205[LoginActivity]: Relayout returned: oldFrame=[0,0][768,1024] newFrame=[0,0][768,1024] result=0x1 surface={isValid=true -1806991360} surfaceGenerationChanged=false
08-15 13:39:22.409 2708 2708 D AbsListView: in onLayout changed
08-15 13:39:22.413 2708 2708 D DOWNLOAD_MANIFESTS: success
08-15 13:39:22.424 2708 2708 D DOWNLOAD_MANIFESTS: success
08-15 13:39:22.477 2708 2718 I art : Background partial concurrent mark sweep GC freed 98196(4MB) AllocSpace objects, 18(412KB) LOS objects, 57% free, 8MB/20MB, paused 1.251ms total 105.119ms
08-15 13:39:22.663 2708 2708 V InputMethodManager: Starting input: tba=android.view.inputmethod.EditorInfo@6b0fbcb nm : cz.gienger.mobile ic=null
08-15 13:39:22.663 2708 2708 I InputMethodManager: startInputInner - mService.startInputOrWindowGainedFocus
08-15 13:39:22.664 2708 2708 D InputTransport: Input channel constructed: fd=69
08-15 13:39:22.664 2708 2708 D InputTransport: Input channel destroyed: fd=68
08-15 13:39:26.412 2708 2708 D ViewRootImpl@f455205[LoginActivity]: ViewPostImeInputStage processPointer 0
08-15 13:39:26.458 2708 2708 D ViewRootImpl@f455205[LoginActivity]: ViewPostImeInputStage processPointer 1
08-15 13:39:26.459 2708 2708 D AbsListView: onTouchUp() mTouchMode : 0
08-15 13:39:27.810 2708 2708 D ViewRootImpl@f455205[LoginActivity]: ViewPostImeInputStage processPointer 0
08-15 13:39:27.875 2708 2708 D ViewRootImpl@f455205[LoginActivity]: ViewPostImeInputStage processPointer 1
08-15 13:39:27.894 2708 2708 D InputMethodManager: HSIFW - flag : 0 Pid : 2708
08-15 13:39:27.908 2708 2708 D AbsListView: in onLayout changed
08-15 13:39:29.625 2708 2708 D ViewRootImpl@f455205[LoginActivity]: ViewPostImeInputStage processPointer 0
08-15 13:39:29.686 2708 2708 D ViewRootImpl@f455205[LoginActivity]: ViewPostImeInputStage processPointer 1
08-15 13:39:29.686 2708 2708 D AbsListView: onTouchUp() mTouchMode : 0
08-15 13:39:30.795 2708 2708 D ViewRootImpl@f455205[LoginActivity]: ViewPostImeInputStage processPointer 0
08-15 13:39:30.854 2708 2708 D ViewRootImpl@f455205[LoginActivity]: ViewPostImeInputStage processPointer 1
08-15 13:39:30.877 2708 2708 D ScrollView: initGoToTop
08-15 13:39:30.881 2708 2708 D ScrollView: initGoToTop
08-15 13:39:30.890 2708 2708 D ViewRootImpl@ff1cd2d[LoginActivity]: ThreadedRenderer.create() translucent=true
08-15 13:39:30.896 2708 2708 D InputTransport: Input channel constructed: fd=79
08-15 13:39:30.896 2708 2708 D ViewRootImpl@ff1cd2d[LoginActivity]: setView = DecorView@4464262[LoginActivity] touchMode=true
08-15 13:39:30.897 2708 10071 D MYINTERCEPTOR: /GiengerService.svc/manifestinfo
08-15 13:39:30.898 2708 10071 D OkHttp : --> POST https://testsaig1.gienger.cz/GiengerService.svc/manifestinfo http/1.1
08-15 13:39:30.898 2708 10071 D OkHttp : Content-Length: 0
08-15 13:39:30.898 2708 10071 D OkHttp : state: CZ
08-15 13:39:30.898 2708 10071 D OkHttp : id: A06_trasa_A06-02_ranni_30_07_2018
08-15 13:39:30.898 2708 10071 D OkHttp : token: f61336e178b73a9e433b2c5314d1e477
08-15 13:39:30.898 2708 10071 D OkHttp : --> END POST
08-15 13:39:30.900 2708 2708 D ViewRootImpl@ff1cd2d[LoginActivity]: dispatchAttachedToWindow
08-15 13:39:30.919 2708 2708 D ViewRootImpl@ff1cd2d[LoginActivity]: Relayout returned: oldFrame=[0,0][0,0] newFrame=[108,466][660,582] result=0x27 surface={isValid=true -1844975616} surfaceGenerationChanged=true
08-15 13:39:30.919 2708 2708 D ViewRootImpl@ff1cd2d[LoginActivity]: mHardwareRenderer.initialize() mSurface={isValid=true -1844975616} hwInitialized=true
08-15 13:39:30.934 2708 2708 D ViewRootImpl@ff1cd2d[LoginActivity]: MSG_WINDOW_FOCUS_CHANGED 1
08-15 13:39:30.934 2708 2708 D ViewRootImpl@ff1cd2d[LoginActivity]: mHardwareRenderer.initializeIfNeeded()#2 mSurface={isValid=true -1844975616}
08-15 13:39:30.946 2708 2708 D ViewRootImpl@ff1cd2d[LoginActivity]: MSG_RESIZED_REPORT: frame=Rect(108, 466 - 660, 582) ci=Rect(0, 0 - 0, 0) vi=Rect(0, 0 - 0, 0) or=1
08-15 13:39:30.967 2708 2708 D ViewRootImpl@f455205[LoginActivity]: MSG_WINDOW_FOCUS_CHANGED 0
08-15 13:39:31.063 2708 10071 D OkHttp : <-- 200 https://testsaig1.gienger.cz/GiengerService.svc/manifestinfo (164ms)
08-15 13:39:31.063 2708 10071 D OkHttp : content-type: application/xml; charset=utf-8
08-15 13:39:31.064 2708 10071 D OkHttp : server: Microsoft-IIS/10.0
08-15 13:39:31.064 2708 10071 D OkHttp : x-powered-by: ASP.NET
08-15 13:39:31.064 2708 10071 D OkHttp : date: Wed, 15 Aug 2018 11:39:30 GMT
08-15 13:39:31.064 2708 10071 D OkHttp : content-length: 1099
08-15 13:39:31.064 2708 10071 D OkHttp : <-- END HTTP
08-15 13:39:31.093 2708 10077 D MYINTERCEPTOR: /GiengerService.svc/corrections
08-15 13:39:31.101 2708 10077 D OkHttp : --> GET https://testsaig1.gienger.cz/GiengerService.svc/corrections http/1.1
08-15 13:39:31.101 2708 10077 D OkHttp : token: f61336e178b73a9e433b2c5314d1e477
08-15 13:39:31.101 2708 10077 D OkHttp : --> END GET
08-15 13:39:31.221 2708 10077 D OkHttp : <-- 200 https://testsaig1.gienger.cz/GiengerService.svc/corrections (119ms)
08-15 13:39:31.221 2708 10077 D OkHttp : content-type: application/xml; charset=utf-8
08-15 13:39:31.222 2708 10077 D OkHttp : server: Microsoft-IIS/10.0
08-15 13:39:31.222 2708 10077 D OkHttp : x-powered-by: ASP.NET
08-15 13:39:31.222 2708 10077 D OkHttp : date: Wed, 15 Aug 2018 11:39:30 GMT
08-15 13:39:31.222 2708 10077 D OkHttp : content-length: 1267
08-15 13:39:31.222 2708 10077 D OkHttp : <-- END HTTP
08-15 13:39:31.234 2708 10077 D MYINTERCEPTOR: /GiengerService.svc/getorder
08-15 13:39:31.235 2708 10077 D OkHttp : --> POST https://testsaig1.gienger.cz/GiengerService.svc/getorder http/1.1
08-15 13:39:31.235 2708 10077 D OkHttp : Content-Length: 0
08-15 13:39:31.235 2708 10077 D OkHttp : name: 130AT1180609440.xml
08-15 13:39:31.235 2708 10077 D OkHttp : token: f61336e178b73a9e433b2c5314d1e477
08-15 13:39:31.235 2708 10077 D OkHttp : --> END POST
08-15 13:39:31.306 2708 10077 D OkHttp : <-- 200 https://testsaig1.gienger.cz/GiengerService.svc/getorder (70ms)
08-15 13:39:31.306 2708 10077 D OkHttp : content-type: application/xml; charset=utf-8
08-15 13:39:31.306 2708 10077 D OkHttp : server: Microsoft-IIS/10.0
08-15 13:39:31.306 2708 10077 D OkHttp : checksum: 237f6e404f0ab6e23b3c71512bd86b80
08-15 13:39:31.306 2708 10077 D OkHttp : x-powered-by: ASP.NET
08-15 13:39:31.307 2708 10077 D OkHttp : date: Wed, 15 Aug 2018 11:39:30 GMT
08-15 13:39:31.307 2708 10077 D OkHttp : content-length: 162442
08-15 13:39:31.307 2708 10077 D OkHttp : <-- END HTTP
08-15 13:39:31.388 2708 10077 D MYINTERCEPTOR: /GiengerService.svc/getorder
08-15 13:39:31.389 2708 10077 D OkHttp : --> POST https://testsaig1.gienger.cz/GiengerService.svc/getorder http/1.1
08-15 13:39:31.389 2708 10077 D OkHttp : Content-Length: 0
08-15 13:39:31.389 2708 10077 D OkHttp : name: 130AT1180609496.xml
08-15 13:39:31.389 2708 10077 D OkHttp : token: f61336e178b73a9e433b2c5314d1e477
08-15 13:39:31.389 2708 10077 D OkHttp : --> END POST
08-15 13:39:31.456 2708 10077 D OkHttp : <-- 200 https://testsaig1.gienger.cz/GiengerService.svc/getorder (66ms)
08-15 13:39:31.456 2708 10077 D OkHttp : content-type: application/xml; charset=utf-8
08-15 13:39:31.456 2708 10077 D OkHttp : server: Microsoft-IIS/10.0
08-15 13:39:31.457 2708 10077 D OkHttp : checksum: e49563ee5271a2ae18aea36f5c8dcd7d
08-15 13:39:31.457 2708 10077 D OkHttp : x-powered-by: ASP.NET
08-15 13:39:31.457 2708 10077 D OkHttp : date: Wed, 15 Aug 2018 11:39:30 GMT
08-15 13:39:31.457 2708 10077 D OkHttp : content-length: 163387
08-15 13:39:31.457 2708 10077 D OkHttp : <-- END HTTP
08-15 13:39:31.530 2708 10077 D MYINTERCEPTOR: /GiengerService.svc/getorder
08-15 13:39:31.531 2708 10077 D OkHttp : --> POST https://testsaig1.gienger.cz/GiengerService.svc/getorder http/1.1
08-15 13:39:31.531 2708 10077 D OkHttp : Content-Length: 0
08-15 13:39:31.531 2708 10077 D OkHttp : name: 130AT1180609504_2.xml
08-15 13:39:31.531 2708 10077 D OkHttp : token: f61336e178b73a9e433b2c5314d1e477
08-15 13:39:31.531 2708 10077 D OkHttp : --> END POST
08-15 13:39:31.621 2708 10077 D OkHttp : <-- 200 https://testsaig1.gienger.cz/GiengerService.svc/getorder (89ms)
08-15 13:39:31.621 2708 10077 D OkHttp : content-type: application/xml; charset=utf-8
08-15 13:39:31.621 2708 10077 D OkHttp : server: Microsoft-IIS/10.0
08-15 13:39:31.622 2708 10077 D OkHttp : checksum: b64c27133b81f83bb90b2730636dd970
08-15 13:39:31.622 2708 10077 D OkHttp : x-powered-by: ASP.NET
08-15 13:39:31.622 2708 10077 D OkHttp : date: Wed, 15 Aug 2018 11:39:30 GMT
08-15 13:39:31.622 2708 10077 D OkHttp : content-length: 167522
08-15 13:39:31.622 2708 10077 D OkHttp : <-- END HTTP
08-15 13:39:31.693 2708 10077 D MYINTERCEPTOR: /GiengerService.svc/getorder
08-15 13:39:31.694 2708 10077 D OkHttp : --> POST https://testsaig1.gienger.cz/GiengerService.svc/getorder http/1.1
08-15 13:39:31.694 2708 10077 D OkHttp : Content-Length: 0
08-15 13:39:31.694 2708 10077 D OkHttp : name: 130AT1180609523.xml
08-15 13:39:31.694 2708 10077 D OkHttp : token: f61336e178b73a9e433b2c5314d1e477
08-15 13:39:31.694 2708 10077 D OkHttp : --> END POST
08-15 13:39:31.741 2708 10077 D OkHttp : <-- 200 https://testsaig1.gienger.cz/GiengerService.svc/getorder (46ms)
08-15 13:39:31.741 2708 10077 D OkHttp : content-type: application/xml; charset=utf-8
08-15 13:39:31.741 2708 10077 D OkHttp : server: Microsoft-IIS/10.0
08-15 13:39:31.741 2708 10077 D OkHttp : checksum: ce05e46e335b281faf094ec095b92d0c
08-15 13:39:31.741 2708 10077 D OkHttp : x-powered-by: ASP.NET
08-15 13:39:31.741 2708 10077 D OkHttp : date: Wed, 15 Aug 2018 11:39:30 GMT
08-15 13:39:31.741 2708 10077 D OkHttp : content-length: 164000
08-15 13:39:31.741 2708 10077 D OkHttp : <-- END HTTP
08-15 13:39:31.923 2708 10077 D MYINTERCEPTOR: /GiengerService.svc/getorder
08-15 13:39:31.924 2708 10077 D OkHttp : --> POST https://testsaig1.gienger.cz/GiengerService.svc/getorder http/1.1
08-15 13:39:31.924 2708 10077 D OkHttp : Content-Length: 0
