08-15 13:34:25.295 2708 9692 D OkHttp : --> GET https://testsaig1.gienger.cz/GiengerService.svc/corrections http/1.1
08-15 13:34:25.295 2708 9692 D OkHttp : token: c4fe70ea29c5e8adaf8c0e4a7f42c4fc
08-15 13:34:25.296 2708 9692 D OkHttp : --> END GET
08-15 13:34:25.422 2708 9692 D OkHttp : <-- 200 https://testsaig1.gienger.cz/GiengerService.svc/corrections (125ms)
08-15 13:34:25.422 2708 9692 D OkHttp : content-type: application/xml; charset=utf-8
08-15 13:34:25.422 2708 9692 D OkHttp : server: Microsoft-IIS/10.0
08-15 13:34:25.422 2708 9692 D OkHttp : x-powered-by: ASP.NET
08-15 13:34:25.423 2708 9692 D OkHttp : date: Wed, 15 Aug 2018 11:34:24 GMT
08-15 13:34:25.423 2708 9692 D OkHttp : content-length: 1267
08-15 13:34:25.423 2708 9692 D OkHttp : <-- END HTTP
08-15 13:34:25.435 2708 9692 D MYINTERCEPTOR: /GiengerService.svc/getorder
08-15 13:34:25.436 2708 9692 D OkHttp : --> POST https://testsaig1.gienger.cz/GiengerService.svc/getorder http/1.1
08-15 13:34:25.436 2708 9692 D OkHttp : Content-Length: 0
08-15 13:34:25.436 2708 9692 D OkHttp : name: 130BT1181109393.xml
08-15 13:34:25.437 2708 9692 D OkHttp : token: c4fe70ea29c5e8adaf8c0e4a7f42c4fc
08-15 13:34:25.437 2708 9692 D OkHttp : --> END POST
08-15 13:34:25.564 2708 9692 D OkHttp : <-- 200 https://testsaig1.gienger.cz/GiengerService.svc/getorder (127ms)
08-15 13:34:25.564 2708 9692 D OkHttp : content-type: application/xml; charset=utf-8
08-15 13:34:25.564 2708 9692 D OkHttp : server: Microsoft-IIS/10.0
08-15 13:34:25.565 2708 9692 D OkHttp : checksum: 7daee9449721a8b46ceaf5b23f6a1d2e
08-15 13:34:25.565 2708 9692 D OkHttp : x-powered-by: ASP.NET
08-15 13:34:25.565 2708 9692 D OkHttp : date: Wed, 15 Aug 2018 11:34:24 GMT
08-15 13:34:25.565 2708 9692 D OkHttp : content-length: 166008
08-15 13:34:25.565 2708 9692 D OkHttp : <-- END HTTP
08-15 13:34:25.829 2708 9692 D MYINTERCEPTOR: /GiengerService.svc/getorder
08-15 13:34:25.830 2708 9692 D OkHttp : --> POST https://testsaig1.gienger.cz/GiengerService.svc/getorder http/1.1
08-15 13:34:25.830 2708 9692 D OkHttp : Content-Length: 0
08-15 13:34:25.830 2708 9692 D OkHttp : name: 130BT1181109394.xml
08-15 13:34:25.830 2708 9692 D OkHttp : token: c4fe70ea29c5e8adaf8c0e4a7f42c4fc
08-15 13:34:25.830 2708 9692 D OkHttp : --> END POST
08-15 13:34:25.863 2708 9692 D OkHttp : <-- 200 https://testsaig1.gienger.cz/GiengerService.svc/getorder (32ms)
08-15 13:34:25.863 2708 9692 D OkHttp : content-type: application/xml; charset=utf-8
08-15 13:34:25.863 2708 9692 D OkHttp : server: Microsoft-IIS/10.0
08-15 13:34:25.864 2708 9692 D OkHttp : checksum: d1048c43954745d401e0089c7cdf629d
08-15 13:34:25.864 2708 9692 D OkHttp : x-powered-by: ASP.NET
08-15 13:34:25.864 2708 9692 D OkHttp : date: Wed, 15 Aug 2018 11:34:24 GMT
08-15 13:34:25.864 2708 9692 D OkHttp : content-length: 169078
08-15 13:34:25.864 2708 9692 D OkHttp : <-- END HTTP
08-15 13:34:26.011 2708 9692 D MYINTERCEPTOR: /GiengerService.svc/getorder
08-15 13:34:26.013 2708 9692 D OkHttp : --> POST https://testsaig1.gienger.cz/GiengerService.svc/getorder http/1.1
08-15 13:34:26.013 2708 9692 D OkHttp : Content-Length: 0
08-15 13:34:26.014 2708 9692 D OkHttp : name: 130BT1180804439.xml
08-15 13:34:26.014 2708 9692 D OkHttp : token: c4fe70ea29c5e8adaf8c0e4a7f42c4fc
08-15 13:34:26.014 2708 9692 D OkHttp : --> END POST
08-15 13:34:26.054 2708 9692 D OkHttp : <-- 200 https://testsaig1.gienger.cz/GiengerService.svc/getorder (39ms)
08-15 13:34:26.054 2708 9692 D OkHttp : content-type: application/xml; charset=utf-8
08-15 13:34:26.054 2708 9692 D OkHttp : server: Microsoft-IIS/10.0
08-15 13:34:26.054 2708 9692 D OkHttp : checksum: 2c24d714dec0f7de9e8847beeeacf5eb
08-15 13:34:26.054 2708 9692 D OkHttp : x-powered-by: ASP.NET
08-15 13:34:26.055 2708 9692 D OkHttp : date: Wed, 15 Aug 2018 11:34:24 GMT
08-15 13:34:26.055 2708 9692 D OkHttp : content-length: 172850
08-15 13:34:26.055 2708 9692 D OkHttp : <-- END HTTP
08-15 13:34:26.155 2708 9692 D MYINTERCEPTOR: /GiengerService.svc/getorder
08-15 13:34:26.156 2708 9692 D OkHttp : --> POST https://testsaig1.gienger.cz/GiengerService.svc/getorder http/1.1
08-15 13:34:26.157 2708 9692 D OkHttp : Content-Length: 0
08-15 13:34:26.157 2708 9692 D OkHttp : name: 130HT1180412596.xml
08-15 13:34:26.157 2708 9692 D OkHttp : token: c4fe70ea29c5e8adaf8c0e4a7f42c4fc
08-15 13:34:26.157 2708 9692 D OkHttp : --> END POST
08-15 13:34:26.196 2708 9692 D OkHttp : <-- 200 https://testsaig1.gienger.cz/GiengerService.svc/getorder (39ms)
08-15 13:34:26.196 2708 9692 D OkHttp : content-type: application/xml; charset=utf-8
08-15 13:34:26.197 2708 9692 D OkHttp : server: Microsoft-IIS/10.0
08-15 13:34:26.197 2708 9692 D OkHttp : checksum: 06e45779f80cae09c44c0d24141fd93b
08-15 13:34:26.197 2708 9692 D OkHttp : x-powered-by: ASP.NET
08-15 13:34:26.197 2708 9692 D OkHttp : date: Wed, 15 Aug 2018 11:34:25 GMT
08-15 13:34:26.197 2708 9692 D OkHttp : content-length: 173611
08-15 13:34:26.197 2708 9692 D OkHttp : <-- END HTTP
08-15 13:34:26.291 2708 9692 D MYINTERCEPTOR: /GiengerService.svc/getorder
08-15 13:34:26.292 2708 9692 D OkHttp : --> POST https://testsaig1.gienger.cz/GiengerService.svc/getorder http/1.1
08-15 13:34:26.292 2708 9692 D OkHttp : Content-Length: 0
08-15 13:34:26.292 2708 9692 D OkHttp : name: 130BT1181109372.xml
08-15 13:34:26.292 2708 9692 D OkHttp : token: c4fe70ea29c5e8adaf8c0e4a7f42c4fc
08-15 13:34:26.292 2708 9692 D OkHttp : --> END POST
08-15 13:34:26.329 2708 9692 D OkHttp : <-- 200 https://testsaig1.gienger.cz/GiengerService.svc/getorder (36ms)
08-15 13:34:26.330 2708 9692 D OkHttp : content-type: application/xml; charset=utf-8
08-15 13:34:26.330 2708 9692 D OkHttp : server: Microsoft-IIS/10.0
08-15 13:34:26.330 2708 9692 D OkHttp : checksum: 31f190a211841d998e70bbe10e877e3c
08-15 13:34:26.330 2708 9692 D OkHttp : x-powered-by: ASP.NET
08-15 13:34:26.330 2708 9692 D OkHttp : date: Wed, 15 Aug 2018 11:34:25 GMT
08-15 13:34:26.330 2708 9692 D OkHttp : content-length: 172217
08-15 13:34:26.330 2708 9692 D OkHttp : <-- END HTTP
08-15 13:34:26.402 2708 9692 D MYINTERCEPTOR: /GiengerService.svc/getorder
08-15 13:34:26.403 2708 9692 D OkHttp : --> POST https://testsaig1.gienger.cz/GiengerService.svc/getorder http/1.1
08-15 13:34:26.403 2708 9692 D OkHttp : Content-Length: 0
08-15 13:34:26.403 2708 9692 D OkHttp : name: 130BT1180804460.xml
08-15 13:34:26.403 2708 9692 D OkHttp : token: c4fe70ea29c5e8adaf8c0e4a7f42c4fc
08-15 13:34:26.403 2708 9692 D OkHttp : --> END POST
08-15 13:34:26.440 2708 9692 D OkHttp : <-- 200 https://testsaig1.gienger.cz/GiengerService.svc/getorder (37ms)
08-15 13:34:26.440 2708 9692 D OkHttp : content-type: application/xml; charset=utf-8
08-15 13:34:26.441 2708 9692 D OkHttp : server: Microsoft-IIS/10.0
08-15 13:34:26.441 2708 9692 D OkHttp : checksum: 9f49307c26ba671cc6672aeea81c3ff9
08-15 13:34:26.441 2708 9692 D OkHttp : x-powered-by: ASP.NET
08-15 13:34:26.441 2708 9692 D OkHttp : date: Wed, 15 Aug 2018 11:34:25 GMT
08-15 13:34:26.441 2708 9692 D OkHttp : content-length: 178893
08-15 13:34:26.441 2708 9692 D OkHttp : <-- END HTTP
08-15 13:34:26.528 2708 9692 D MYINTERCEPTOR: /GiengerService.svc/getorder
08-15 13:34:26.528 2708 9692 D OkHttp : --> POST https://testsaig1.gienger.cz/GiengerService.svc/getorder http/1.1
08-15 13:34:26.528 2708 9692 D OkHttp : Content-Length: 0
08-15 13:34:26.529 2708 9692 D OkHttp : name: 130BT1180804462.xml
08-15 13:34:26.529 2708 9692 D OkHttp : token: c4fe70ea29c5e8adaf8c0e4a7f42c4fc
08-15 13:34:26.529 2708 9692 D OkHttp : --> END POST
08-15 13:34:26.570 2708 9692 D OkHttp : <-- 200 https://testsaig1.gienger.cz/GiengerService.svc/getorder (40ms)
08-15 13:34:26.570 2708 9692 D OkHttp : content-type: application/xml; charset=utf-8
08-15 13:34:26.570 2708 9692 D OkHttp : server: Microsoft-IIS/10.0
08-15 13:34:26.570 2708 9692 D OkHttp : checksum: b71b2091871f31a8a9a4fa5d06adda08
08-15 13:34:26.570 2708 9692 D OkHttp : x-powered-by: ASP.NET
08-15 13:34:26.570 2708 9692 D OkHttp : date: Wed, 15 Aug 2018 11:34:25 GMT
08-15 13:34:26.571 2708 9692 D OkHttp : content-length: 174259
08-15 13:34:26.571 2708 9692 D OkHttp : <-- END HTTP
08-15 13:34:26.651 2708 9692 D MYINTERCEPTOR: /GiengerService.svc/getorder
08-15 13:34:26.651 2708 9692 D OkHttp : --> POST https://testsaig1.gienger.cz/GiengerService.svc/getorder http/1.1
08-15 13:34:26.651 2708 9692 D OkHttp : Content-Length: 0
08-15 13:34:26.652 2708 9692 D OkHttp : name: 130BT1180804466.xml
08-15 13:34:26.652 2708 9692 D OkHttp : token: c4fe70ea29c5e8adaf8c0e4a7f42c4fc
08-15 13:34:26.652 2708 9692 D OkHttp : --> END POST
08-15 13:34:26.686 2708 9692 D OkHttp : <-- 200 https://testsaig1.gienger.cz/GiengerService.svc/getorder (33ms)
08-15 13:34:26.686 2708 9692 D OkHttp : content-type: application/xml; charset=utf-8
08-15 13:34:26.686 2708 9692 D OkHttp : server: Microsoft-IIS/10.0
08-15 13:34:26.686 2708 9692 D OkHttp : checksum: a3e0e73c54794653a67b4569903c741d
08-15 13:34:26.686 2708 9692 D OkHttp : x-powered-by: ASP.NET
08-15 13:34:26.686 2708 9692 D OkHttp : date: Wed, 15 Aug 2018 11:34:25 GMT
08-15 13:34:26.686 2708 9692 D OkHttp : content-length: 166675
08-15 13:34:26.686 2708 9692 D OkHttp : <-- END HTTP
08-15 13:34:26.744 2708 2718 I art : Background partial concurrent mark sweep GC freed 36721(1933KB) AllocSpace objects, 64(10MB) LOS objects, 56% free, 9MB/21MB, paused 1.500ms total 135.026ms
08-15 13:34:26.776 2708 9692 D MYINTERCEPTOR: /GiengerService.svc/getorder
08-15 13:34:26.777 2708 9692 D OkHttp : --> POST https://testsaig1.gienger.cz/GiengerService.svc/getorder http/1.1
08-15 13:34:26.777 2708 9692 D OkHttp : Content-Length: 0
08-15 13:34:26.778 2708 9692 D OkHttp : name: 130BT1181107202.xml
08-15 13:34:26.778 2708 9692 D OkHttp : token: c4fe70ea29c5e8adaf8c0e4a7f42c4fc
08-15 13:34:26.778 2708 9692 D OkHttp : --> END POST
08-15 13:34:26.817 2708 9692 D OkHttp : <-- 200 https://testsaig1.gienger.cz/GiengerService.svc/getorder (38ms)
08-15 13:34:26.817 2708 9692 D OkHttp : content-type: application/xml; charset=utf-8
08-15 13:34:26.817 2708 9692 D OkHttp : server: Microsoft-IIS/10.0
08-15 13:34:26.818 2708 9692 D OkHttp : checksum: 64970c8f6249f90765e0d4af76c34e7b
08-15 13:34:26.818 2708 9692 D OkHttp : x-powered-by: ASP.NET
08-15 13:34:26.818 2708 9692 D OkHttp : date: Wed, 15 Aug 2018 11:34:25 GMT
08-15 13:34:26.818 2708 9692 D OkHttp : content-length: 167901
08-15 13:34:26.818 2708 9692 D OkHttp : <-- END HTTP
08-15 13:34:26.883 2708 9692 D MYINTERCEPTOR: /GiengerService.svc/getorder
08-15 13:34:26.883 2708 9692 D OkHttp : --> POST https://testsaig1.gienger.cz/GiengerService.svc/getorder http/1.1
08-15 13:34:26.883 2708 9692 D OkHttp : Content-Length: 0
08-15 13:34:26.883 2708 9692 D OkHttp : name: 130BT1181109385.xml
08-15 13:34:26.884 2708 9692 D OkHttp : token: c4fe70ea29c5e8adaf8c0e4a7f42c4fc
08-15 13:34:26.884 2708 9692 D OkHttp : --> END POST
08-15 13:34:26.912 2708 9692 D OkHttp : <-- 200 https://testsaig1.gienger.cz/GiengerService.svc/getorder (28ms)
08-15 13:34:26.912 2708 9692 D OkHttp : content-type: application/xml; charset=utf-8
08-15 13:34:26.912 2708 9692 D OkHttp : server: Microsoft-IIS/10.0
08-15 13:34:26.913 2708 9692 D OkHttp : checksum: 52a0daeada20edab78395744b65c6dd7
08-15 13:34:26.913 2708 9692 D OkHttp : x-powered-by: ASP.NET
08-15 13:34:26.913 2708 9692 D OkHttp : date: Wed, 15 Aug 2018 11:34:25 GMT
08-15 13:34:26.913 2708 9692 D OkHttp : content-length: 170066
08-15 13:34:26.913 2708 9692 D OkHttp : <-- END HTTP
08-15 13:34:26.970 2708 9692 D MYINTERCEPTOR: /GiengerService.svc/getorder
08-15 13:34:26.971 2708 9692 D OkHttp : --> POST https://testsaig1.gienger.cz/GiengerService.svc/getorder http/1.1
08-15 13:34:26.971 2708 9692 D OkHttp : Content-Length: 0
08-15 13:34:26.971 2708 9692 D OkHttp : name: 130BT1181109401.xml
08-15 13:34:26.971 2708 9692 D OkHttp : token: c4fe70ea29c5e8adaf8c0e4a7f42c4fc
08-15 13:34:26.971 2708 9692 D OkHttp : --> END POST
08-15 13:34:27.005 2708 9692 D OkHttp : <-- 200 https://testsaig1.gienger.cz/GiengerService.svc/getorder (33ms)
08-15 13:34:27.005 2708 9692 D OkHttp : content-type: application/xml; charset=utf-8
08-15 13:34:27.005 2708 9692 D OkHttp : server: Microsoft-IIS/10.0
08-15 13:34:27.005 2708 9692 D OkHttp : checksum: f485aa3319274067c73d43b0125e3925
08-15 13:34:27.005 2708 9692 D OkHttp : x-powered-by: ASP.NET
08-15 13:34:27.005 2708 9692 D OkHttp : date: Wed, 15 Aug 2018 11:34:25 GMT
08-15 13:34:27.006 2708 9692 D OkHttp : content-length: 170150
08-15 13:34:27.006 2708 9692 D OkHttp : <-- END HTTP
08-15 13:34:27.067 2708 9692 D MYINTERCEPTOR: /GiengerService.svc/getorder
08-15 13:34:27.068 2708 9692 D OkHttp : --> POST https://testsaig1.gienger.cz/GiengerService.svc/getorder http/1.1
08-15 13:34:27.068 2708 9692 D OkHttp : Content-Length: 0
08-15 13:34:27.068 2708 9692 D OkHttp : name: 130BT1181109388.xml
08-15 13:34:27.068 2708 9692 D OkHttp : token: c4fe70ea29c5e8adaf8c0e4a7f42c4fc
08-15 13:34:27.068 2708 9692 D OkHttp : --> END POST
08-15 13:34:27.113 2708 9692 D OkHttp : <-- 200 https://testsaig1.gienger.cz/GiengerService.svc/getorder (44ms)
08-15 13:34:27.113 2708 9692 D OkHttp : content-type: application/xml; charset=utf-8
08-15 13:34:27.113 2708 9692 D OkHttp : server: Microsoft-IIS/10.0
08-15 13:34:27.113 2708 9692 D OkHttp : checksum: 97926399eb492dfa46761257ef112446
08-15 13:34:27.113 2708 9692 D OkHttp : x-powered-by: ASP.NET
08-15 13:34:27.114 2708 9692 D OkHttp : date: Wed, 15 Aug 2018 11:34:25 GMT
08-15 13:34:27.114 2708 9692 D OkHttp : content-length: 174374
08-15 13:34:27.114 2708 9692 D OkHttp : <-- END HTTP
08-15 13:34:27.237 2708 9692 D MYINTERCEPTOR: /GiengerService.svc/getorder
08-15 13:34:27.238 2708 9692 D OkHttp : --> POST https://testsaig1.gienger.cz/GiengerService.svc/getorder http/1.1
08-15 13:34:27.238 2708 9692 D OkHttp : Content-Length: 0
08-15 13:34:27.238 2708 9692 D OkHttp : name: 130BT1181109390.xml
08-15 13:34:27.238 2708 9692 D OkHttp : token: c4fe70ea29c5e8adaf8c0e4a7f42c4fc
08-15 13:34:27.238 2708 9692 D OkHttp : --> END POST
08-15 13:34:27.281 2708 9692 D OkHttp : <-- 200 https://testsaig1.gienger.cz/GiengerService.svc/getorder (42ms)
08-15 13:34:27.281 2708 9692 D OkHttp : content-type: application/xml; charset=utf-8
08-15 13:34:27.281 2708 9692 D OkHttp : server: Microsoft-IIS/10.0
08-15 13:34:27.282 2708 9692 D OkHttp : checksum: e1bb0825215d4de8b76f4ab8d2417f43
08-15 13:34:27.282 2708 9692 D OkHttp : x-powered-by: ASP.NET
08-15 13:34:27.282 2708 9692 D OkHttp : date: Wed, 15 Aug 2018 11:34:26 GMT
08-15 13:34:27.282 2708 9692 D OkHttp : content-length: 170049
08-15 13:34:27.282 2708 9692 D OkHttp : <-- END HTTP
08-15 13:34:27.430 2708 9692 D MYINTERCEPTOR: /GiengerService.svc/getorder
08-15 13:34:27.431 2708 9692 D OkHttp : --> POST https://testsaig1.gienger.cz/GiengerService.svc/getorder http/1.1
08-15 13:34:27.431 2708 9692 D OkHttp : Content-Length: 0
08-15 13:34:27.431 2708 9692 D OkHttp : name: 130BT1180804471.xml
08-15 13:34:27.431 2708 9692 D OkHttp : token: c4fe70ea29c5e8adaf8c0e4a7f42c4fc
08-15 13:34:27.431 2708 9692 D OkHttp : --> END POST
08-15 13:34:27.705 2708 9692 D OkHttp : <-- 200 https://testsaig1.gienger.cz/GiengerService.svc/getorder (273ms)
08-15 13:34:27.706 2708 9692 D OkHttp : content-type: application/xml; charset=utf-8
08-15 13:34:27.706 2708 9692 D OkHttp : server: Microsoft-IIS/10.0
08-15 13:34:27.706 2708 9692 D OkHttp : checksum: 6460fd03d8308a89db2ced051e09c7a8
08-15 13:34:27.706 2708 9692 D OkHttp : x-powered-by: ASP.NET
08-15 13:34:27.706 2708 9692 D OkHttp : date: Wed, 15 Aug 2018 11:34:26 GMT
08-15 13:34:27.706 2708 9692 D OkHttp : content-length: 166933
08-15 13:34:27.706 2708 9692 D OkHttp : <-- END HTTP
08-15 13:34:27.774 2708 9692 D MYINTERCEPTOR: /GiengerService.svc/getorder
08-15 13:34:27.775 2708 9692 D OkHttp : --> POST https://testsaig1.gienger.cz/GiengerService.svc/getorder http/1.1
08-15 13:34:27.775 2708 9692 D OkHttp : Content-Length: 0
08-15 13:34:27.775 2708 9692 D OkHttp : name: 130BT1180804474.xml
08-15 13:34:27.776 2708 9692 D OkHttp : token: c4fe70ea29c5e8adaf8c0e4a7f42c4fc
08-15 13:34:27.776 2708 9692 D OkHttp : --> END POST
08-15 13:34:27.814 2708 9692 D OkHttp : <-- 200 https://testsaig1.gienger.cz/GiengerService.svc/getorder (38ms)
08-15 13:34:27.814 2708 9692 D OkHttp : content-type: application/xml; charset=utf-8
08-15 13:34:27.814 2708 9692 D OkHttp : server: Microsoft-IIS/10.0
08-15 13:34:27.815 2708 9692 D OkHttp : checksum: 769454ceb34e66acbb51163e0baa35bc
08-15 13:34:27.815 2708 9692 D OkHttp : x-powered-by: ASP.NET
08-15 13:34:27.815 2708 9692 D OkHttp : date: Wed, 15 Aug 2018 11:34:26 GMT
08-15 13:34:27.815 2708 9692 D OkHttp : content-length: 167188
08-15 13:34:27.815 2708 9692 D OkHttp : <-- END HTTP
08-15 13:34:27.972 2708 9692 D MYINTERCEPTOR: /GiengerService.svc/getorder
08-15 13:34:27.973 2708 9692 D OkHttp : --> POST https://testsaig1.gienger.cz/GiengerService.svc/getorder http/1.1
08-15 13:34:27.973 2708 9692 D OkHttp : Content-Length: 0
08-15 13:34:27.973 2708 9692 D OkHttp : name: 130BT1181109395.xml
08-15 13:34:27.973 2708 9692 D OkHttp : token: c4fe70ea29c5e8adaf8c0e4a7f42c4fc
08-15 13:34:27.973 2708 9692 D OkHttp : --> END POST
08-15 13:34:28.015 2708 9692 D OkHttp : <-- 200 https://testsaig1.gienger.cz/GiengerService.svc/getorder (41ms)
08-15 13:34:28.015 2708 9692 D OkHttp : content-type: application/xml; charset=utf-8
08-15 13:34:28.016 2708 9692 D OkHttp : server: Microsoft-IIS/10.0
08-15 13:34:28.016 2708 9692 D OkHttp : checksum: 3bdf7fde73471f09cb21c0a801003564
08-15 13:34:28.016 2708 9692 D OkHttp : x-powered-by: ASP.NET
08-15 13:34:28.016 2708 9692 D OkHttp : date: Wed, 15 Aug 2018 11:34:26 GMT
08-15 13:34:28.016 2708 9692 D OkHttp : content-length: 167148
08-15 13:34:28.016 2708 9692 D OkHttp : <-- END HTTP
08-15 13:34:28.176 2708 9692 D MYINTERCEPTOR: /GiengerService.svc/getorder
08-15 13:34:28.177 2708 9692 D OkHttp : --> POST https://testsaig1.gienger.cz/GiengerService.svc/getorder http/1.1
08-15 13:34:28.177 2708 9692 D OkHttp : Content-Length: 0
08-15 13:34:28.177 2708 9692 D OkHttp : name: 130BT1181109402.xml
08-15 13:34:28.177 2708 9692 D OkHttp : token: c4fe70ea29c5e8adaf8c0e4a7f42c4fc
08-15 13:34:28.177 2708 9692 D OkHttp : --> END POST
08-15 13:34:28.299 2708 9692 D OkHttp : <-- 200 https://testsaig1.gienger.cz/GiengerService.svc/getorder (120ms)
08-15 13:34:28.300 2708 9692 D OkHttp : content-type: application/xml; charset=utf-8
08-15 13:34:28.300 2708 9692 D OkHttp : server: Microsoft-IIS/10.0
08-15 13:34:28.300 2708 9692 D OkHttp : checksum: b1b5fa491fd05bab6587e47902deac61
08-15 13:34:28.300 2708 9692 D OkHttp : x-powered-by: ASP.NET
08-15 13:34:28.301 2708 9692 D OkHttp : date: Wed, 15 Aug 2018 11:34:26 GMT
08-15 13:34:28.301 2708 9692 D OkHttp : content-length: 165867
08-15 13:34:28.301 2708 9692 D OkHttp : <-- END HTTP
08-15 13:34:28.476 2708 2708 D ViewRootImpl@d78b8bc[LoginActivity]: mHardwareRenderer.destroy()#4
08-15 13:34:28.476 2708 2708 D ViewRootImpl@d78b8bc[LoginActivity]: dispatchDetachedFromWindow
08-15 13:34:28.489 2708 2708 D InputTransport: Input channel destroyed: fd=66
08-15 13:34:28.490 2708 2708 D ViewRootImpl@9c74c16[LoginActivity]: MSG_WINDOW_FOCUS_CHANGED 1
08-15 13:34:28.490 2708 2708 D ViewRootImpl@9c74c16[LoginActivity]: mHardwareRenderer.initializeIfNeeded()#2 mSurface={isValid=true -1839415296}
08-15 13:34:28.492 2708 2708 V InputMethodManager: Starting input: tba=android.view.inputmethod.EditorInfo@5ddd731 nm : cz.gienger.mobile ic=null
08-15 13:34:28.492 2708 2708 I InputMethodManager: startInputInner - mService.startInputOrWindowGainedFocus
08-15 13:34:28.494 2708 2708 D InputTransport: Input channel constructed: fd=77
08-15 13:34:28.494 2708 2708 D InputTransport: Input channel destroyed: fd=64
08-15 13:34:28.494 2708 2708 E ViewRootImpl: sendUserActionEvent() returned.
08-15 13:34:28.521 2708 2708 D AbsListView: in onLayout changed
08-15 13:34:28.786 2708 2708 D AbsListView: in onLayout changed
08-15 13:34:34.552 2708 2708 D ViewRootImpl@9c74c16[LoginActivity]: ViewPostImeInputStage processPointer 0
08-15 13:34:34.575 2708 2708 D AbsListView: reportScrollStateChange() newState : 1
08-15 13:34:34.654 2708 2708 D ViewRootImpl@9c74c16[LoginActivity]: ViewPostImeInputStage processPointer 1
08-15 13:34:34.654 2708 2708 D AbsListView: onTouchUp() mTouchMode : 3
08-15 13:34:34.654 2708 2708 D AbsListView: onTouchUp() TOUCH_MODE_SCROLL initialVelocity : -3255
08-15 13:34:34.654 2708 2708 D AbsListView: reportScrollStateChange() newState : 0
08-15 13:34:35.293 2708 2708 D ViewRootImpl@9c74c16[LoginActivity]: ViewPostImeInputStage processPointer 0
08-15 13:34:35.353 2708 2708 D ViewRootImpl@9c74c16[LoginActivity]: ViewPostImeInputStage processPointer 1
08-15 13:34:35.375 2708 2708 D ScrollView: initGoToTop
08-15 13:34:35.380 2708 2708 D ScrollView: initGoToTop
08-15 13:34:35.389 2708 2708 D ViewRootImpl@4f7a461[LoginActivity]: ThreadedRenderer.create() translucent=true
08-15 13:34:35.394 2708 2708 D InputTransport: Input channel constructed: fd=66
08-15 13:34:35.394 2708 2708 D ViewRootImpl@4f7a461[LoginActivity]: setView = DecorView@58cbb86[LoginActivity] touchMode=true
08-15 13:34:35.395 2708 2708 D ViewRootImpl@4f7a461[LoginActivity]: dispatchAttachedToWindow
08-15 13:34:35.418 2708 2708 D ViewRootImpl@4f7a461[LoginActivity]: Relayout returned: oldFrame=[0,0][0,0] newFrame=[108,450][660,597] result=0x27 surface={isValid=true -1845696512} surfaceGenerationChanged=true
08-15 13:34:35.418 2708 2708 D ViewRootImpl@4f7a461[LoginActivity]: mHardwareRenderer.initialize() mSurface={isValid=true -1845696512} hwInitialized=true
08-15 13:34:35.421 2708 2708 D ScrollView: onsize change changed
08-15 13:34:35.421 2708 2708 D ScrollView: onsize change changed
08-15 13:34:35.437 2708 2708 D ViewRootImpl@4f7a461[LoginActivity]: MSG_WINDOW_FOCUS_CHANGED 1
08-15 13:34:35.438 2708 2708 D ViewRootImpl@4f7a461[LoginActivity]: mHardwareRenderer.initializeIfNeeded()#2 mSurface={isValid=true -1845696512}
08-15 13:34:35.457 2708 2708 D ViewRootImpl@4f7a461[LoginActivity]: MSG_RESIZED_REPORT: frame=Rect(108, 450 - 660, 597) ci=Rect(0, 0 - 0, 0) vi=Rect(0, 0 - 0, 0) or=1
08-15 13:34:35.471 2708 2708 D ViewRootImpl@9c74c16[LoginActivity]: MSG_WINDOW_FOCUS_CHANGED 0
08-15 13:34:36.620 2708 2708 D ViewRootImpl@4f7a461[LoginActivity]: ViewPostImeInputStage processPointer 0
08-15 13:34:36.733 2708 2708 D ViewRootImpl@4f7a461[LoginActivity]: ViewPostImeInputStage processPointer 1
08-15 13:34:36.771 2708 2708 D ScrollView: initGoToTop
08-15 13:34:36.776 2708 2708 D ScrollView: initGoToTop
08-15 13:34:36.788 2708 2708 D ViewRootImpl@23ae741[LoginActivity]: ThreadedRenderer.create() translucent=true
08-15 13:34:36.793 2708 2708 D InputTransport: Input channel constructed: fd=85
08-15 13:34:36.793 2708 2708 D ViewRootImpl@23ae741[LoginActivity]: setView = DecorView@2d074e6[LoginActivity] touchMode=true
08-15 13:34:36.795 2708 9684 D MYINTERCEPTOR: /GiengerService.svc/assign/B11_trasa_B11-02_ranni_30_07_2018
08-15 13:34:36.796 2708 9684 D OkHttp : --> POST https://testsaig1.gienger.cz/GiengerService.svc/assign/B11_trasa_B11-02_ranni_30_07_2018 http/1.1
08-15 13:34:36.797 2708 9684 D OkHttp : Content-Length: 0
08-15 13:34:36.797 2708 9684 D OkHttp : token: c4fe70ea29c5e8adaf8c0e4a7f42c4fc
08-15 13:34:36.797 2708 9684 D OkHttp : --> END POST
08-15 13:34:36.809 2708 2774 D OpenGLRenderer: endAllActiveAnimators on 0x91ecf180 (RippleDrawable) with handle 0x9199e350
08-15 13:34:36.809 2708 2708 D ViewRootImpl@4f7a461[LoginActivity]: mHardwareRenderer.destroy()#4
08-15 13:34:36.809 2708 2708 D ViewRootImpl@4f7a461[LoginActivity]: dispatchDetachedFromWindow
08-15 13:34:36.823 2708 2708 D InputTransport: Input channel destroyed: fd=66
08-15 13:34:36.825 2708 2708 D ViewRootImpl@23ae741[LoginActivity]: dispatchAttachedToWindow
08-15 13:34:36.846 2708 9684 D OkHttp : <-- 200 https://testsaig1.gienger.cz/GiengerService.svc/assign/B11_trasa_B11-02_ranni_30_07_2018 (48ms)
08-15 13:34:36.846 2708 9684 D OkHttp : content-type: application/xml; charset=utf-8
08-15 13:34:36.846 2708 9684 D OkHttp : server: Microsoft-IIS/10.0
08-15 13:34:36.846 2708 9684 D OkHttp : x-powered-by: ASP.NET
08-15 13:34:36.847 2708 9684 D OkHttp : date: Wed, 15 Aug 2018 11:34:35 GMT
08-15 13:34:36.847 2708 9684 D OkHttp : content-length: 187
08-15 13:34:36.847 2708 9684 D OkHttp : <-- END HTTP
08-15 13:34:36.860 2708 2708 D ViewRootImpl@23ae741[LoginActivity]: Relayout returned: oldFrame=[0,0][0,0] newFrame=[108,466][660,582] result=0x27 surface={isValid=true -1845696512} surfaceGenerationChanged=true
08-15 13:34:36.860 2708 2708 D ViewRootImpl@23ae741[LoginActivity]: mHardwareRenderer.initialize() mSurface={isValid=true -1845696512} hwInitialized=true
08-15 13:34:36.866 2708 2708 D ViewRootImpl@23ae741[LoginActivity]: MSG_WINDOW_FOCUS_CHANGED 1
08-15 13:34:36.867 2708 2708 D ViewRootImpl@23ae741[LoginActivity]: mHardwareRenderer.initializeIfNeeded()#2 mSurface={isValid=true -1845696512}
08-15 13:34:36.895 2708 2708 D ViewRootImpl@23ae741[LoginActivity]: mHardwareRenderer.destroy()#4
08-15 13:34:36.895 2708 2708 D ViewRootImpl@23ae741[LoginActivity]: dispatchDetachedFromWindow
08-15 13:34:36.909 2708 2708 D InputTransport: Input channel destroyed: fd=85
08-15 13:34:36.918 2708 2708 D ALARM_REUPLOAD: scheduling alarm
08-15 13:34:36.948 2708 2708 D ScrollView: initGoToTop
08-15 13:34:36.955 2708 2708 D ScrollView: initGoToTop
08-15 13:34:36.967 2708 2708 D ViewRootImpl@23cdbb8[LoginActivity]: ThreadedRenderer.create() translucent=true
08-15 13:34:36.974 2708 2708 D InputTransport: Input channel constructed: fd=78
08-15 13:34:36.975 2708 2708 D ViewRootImpl@23cdbb8[LoginActivity]: setView = DecorView@72bcd91[LoginActivity] touchMode=true
08-15 13:34:36.977 2708 9696 D MYINTERCEPTOR: /GiengerService.svc/metadata
08-15 13:34:36.977 2708 2708 D ViewRootImpl@23cdbb8[LoginActivity]: dispatchAttachedToWindow
08-15 13:34:36.978 2708 9696 D OkHttp : --> GET https://testsaig1.gienger.cz/GiengerService.svc/metadata http/1.1
08-15 13:34:36.978 2708 9696 D OkHttp : token: c4fe70ea29c5e8adaf8c0e4a7f42c4fc
08-15 13:34:36.978 2708 9696 D OkHttp : state: CZ
08-15 13:34:36.979 2708 9696 D OkHttp : --> END GET
08-15 13:34:37.010 2708 2708 D ViewRootImpl@23cdbb8[LoginActivity]: Relayout returned: oldFrame=[0,0][0,0] newFrame=[108,466][660,582] result=0x27 surface={isValid=true -1808797696} surfaceGenerationChanged=true
08-15 13:34:37.011 2708 2708 D ViewRootImpl@23cdbb8[LoginActivity]: mHardwareRenderer.initialize() mSurface={isValid=true -1808797696} hwInitialized=true
08-15 13:34:37.013 2708 2708 E ViewRootImpl: sendUserActionEvent() returned.
08-15 13:34:37.013 2708 2708 D ViewRootImpl@9c74c16[LoginActivity]: MSG_WINDOW_FOCUS_CHANGED 1
08-15 13:34:37.013 2708 2708 D ViewRootImpl@9c74c16[LoginActivity]: mHardwareRenderer.initializeIfNeeded()#2 mSurface={isValid=true -1839415296}
08-15 13:34:37.016 2708 2708 E ViewRootImpl: sendUserActionEvent() returned.
08-15 13:34:37.017 2708 2708 D ViewRootImpl@23cdbb8[LoginActivity]: MSG_WINDOW_FOCUS_CHANGED 1
08-15 13:34:37.017 2708 2708 D ViewRootImpl@23cdbb8[LoginActivity]: mHardwareRenderer.initializeIfNeeded()#2 mSurface={isValid=true -1808797696}
08-15 13:34:37.029 2708 2708 D ViewRootImpl@23cdbb8[LoginActivity]: MSG_RESIZED_REPORT: frame=Rect(108, 466 - 660, 582) ci=Rect(0, 0 - 0, 0) vi=Rect(0, 0 - 0, 0) or=1
08-15 13:34:37.049 2708 2708 D ViewRootImpl@9c74c16[LoginActivity]: MSG_WINDOW_FOCUS_CHANGED 0
08-15 13:34:38.686 2708 9696 D OkHttp : <-- 200 https://testsaig1.gienger.cz/GiengerService.svc/metadata (1706ms)
08-15 13:34:38.686 2708 9696 D OkHttp : content-type: application/xml; charset=utf-8
08-15 13:34:38.686 2708 9696 D OkHttp : server: Microsoft-IIS/10.0
08-15 13:34:38.686 2708 9696 D OkHttp : x-powered-by: ASP.NET
08-15 13:34:38.686 2708 9696 D OkHttp : date: Wed, 15 Aug 2018 11:34:37 GMT
08-15 13:34:38.686 2708 9696 D OkHttp : content-length: 550
08-15 13:34:38.687 2708 9696 D OkHttp : <-- END HTTP
08-15 13:34:51.817 2708 2708 D ViewRootImpl@23cdbb8[LoginActivity]: mHardwareRenderer.destroy()#4
08-15 13:34:51.817 2708 2708 D ViewRootImpl@23cdbb8[LoginActivity]: dispatchDetachedFromWindow
08-15 13:34:51.830 2708 2708 D InputTransport: Input channel destroyed: fd=78
08-15 13:34:51.843 2708 2708 D ViewRootImpl@9c74c16[LoginActivity]: MSG_WINDOW_FOCUS_CHANGED 1
08-15 13:34:51.844 2708 2708 D ViewRootImpl@9c74c16[LoginActivity]: mHardwareRenderer.initializeIfNeeded()#2 mSurface={isValid=true -1839415296}
08-15 13:34:51.847 2708 2708 E ViewRootImpl: sendUserActionEvent() returned.
08-15 13:34:52.308 2708 2708 D ViewRootImpl@b44425a[MainActivity]: Relayout returned: oldFrame=[0,0][768,1024] newFrame=[0,0][768,1024] result=0x7 surface={isValid=true -1845567488} surfaceGenerationChanged=true
08-15 13:34:52.308 2708 2708 D ViewRootImpl@b44425a[MainActivity]: mHardwareRenderer.initialize() mSurface={isValid=true -1845567488} hwInitialized=true
08-15 13:34:52.354 2708 2708 D AbsListView: in onLayout changed
08-15 13:34:52.379 2708 2708 D ViewRootImpl@b44425a[MainActivity]: MSG_WINDOW_FOCUS_CHANGED 1
08-15 13:34:52.380 2708 2708 D ViewRootImpl@b44425a[MainActivity]: mHardwareRenderer.initializeIfNeeded()#2 mSurface={isValid=true -1845567488}
08-15 13:34:52.381 2708 2708 V InputMethodManager: Starting input: tba=android.view.inputmethod.EditorInfo@274ce9a nm : cz.gienger.mobile ic=null
08-15 13:34:52.381 2708 2708 I InputMethodManager: startInputInner - mService.startInputOrWindowGainedFocus
08-15 13:34:52.393 2708 2708 D InputTransport: Input channel constructed: fd=80
08-15 13:34:52.393 2708 2708 D InputTransport: Input channel destroyed: fd=77
08-15 13:34:52.399 2708 2708 D ViewRootImpl@9c74c16[LoginActivity]: MSG_WINDOW_FOCUS_CHANGED 0
08-15 13:34:52.436 2708 2708 D ViewRootImpl@9c74c16[LoginActivity]: mHardwareRenderer.destroy()#1
08-15 13:34:52.447 2708 2708 D ViewRootImpl@9c74c16[LoginActivity]: Relayout returned: oldFrame=[0,0][768,1024] newFrame=[0,0][768,1024] result=0x5 surface={isValid=false 0} surfaceGenerationChanged=true
08-15 13:34:52.822 2708 2708 D Graph : removeVertex() : insertDummyVertex, because there is no ancestor.
08-15 13:34:52.826 2708 2708 D ViewRootImpl@9c74c16[LoginActivity]: mHardwareRenderer.destroy()#4
08-15 13:34:52.826 2708 2708 D ViewRootImpl@9c74c16[LoginActivity]: dispatchDetachedFromWindow
08-15 13:34:52.837 2708 2708 D InputTransport: Input channel destroyed: fd=63
08-15 13:35:16.629 2708 2708 V InputMethodManager: Starting input: tba=android.view.inputmethod.EditorInfo@7cb13cb nm : cz.gienger.mobile ic=null
08-15 13:35:16.629 2708 2708 I InputMethodManager: startInputInner - mService.startInputOrWindowGainedFocus
08-15 13:35:16.633 2708 2708 D InputTransport: Input channel constructed: fd=68
08-15 13:35:16.633 2708 2708 D InputTransport: Input channel destroyed: fd=80
08-15 13:35:18.824 2708 2708 V InputMethodManager: Starting input: tba=android.view.inputmethod.EditorInfo@b8177a8 nm : cz.gienger.mobile ic=null
08-15 13:35:18.824 2708 2708 I InputMethodManager: startInputInner - mService.startInputOrWindowGainedFocus
08-15 13:35:18.825 2708 2708 D InputTransport: Input channel constructed: fd=69
08-15 13:35:18.825 2708 2708 D InputTransport: Input channel destroyed: fd=68
08-15 13:35:19.105 2708 2708 D ViewRootImpl@b44425a[MainActivity]: MSG_RESIZED_REPORT: frame=Rect(0, 0 - 768, 1024) ci=Rect(0, 24 - 0, 0) vi=Rect(0, 24 - 0, 0) or=1
08-15 13:35:19.145 2708 2708 D ViewRootImpl@b44425a[MainActivity]: Relayout returned: oldFrame=[0,0][768,1024] newFrame=[0,0][768,1024] result=0x1 surface={isValid=true -1845567488} surfaceGenerationChanged=false
08-15 13:35:19.231 2708 2708 D AbsListView: in onLayout changed
08-15 13:35:20.392 2708 2708 D ViewRootImpl@b44425a[MainActivity]: ViewPostImeInputStage processPointer 0
08-15 13:35:20.421 2708 2708 D AbsListView: reportScrollStateChange() newState : 1
08-15 13:35:20.496 2708 2708 D ViewRootImpl@b44425a[MainActivity]: ViewPostImeInputStage processPointer 1
08-15 13:35:20.497 2708 2708 D AbsListView: onTouchUp() mTouchMode : 3
08-15 13:35:20.497 2708 2708 D AbsListView: onTouchUp() TOUCH_MODE_SCROLL initialVelocity : -3333
08-15 13:35:20.497 2708 2708 D AbsListView: reportScrollStateChange() newState : 2
08-15 13:35:20.867 2708 2708 D ViewRootImpl@b44425a[MainActivity]: ViewPostImeInputStage processPointer 0
08-15 13:35:20.913 2708 2708 D AbsListView: reportScrollStateChange() newState : 0
08-15 13:35:20.915 2708 2708 D AbsListView: reportScrollStateChange() newState : 1
08-15 13:35:21.007 2708 2708 D ViewRootImpl@b44425a[MainActivity]: ViewPostImeInputStage processPointer 1
08-15 13:35:21.007 2708 2708 D AbsListView: onTouchUp() mTouchMode : 3
08-15 13:35:21.007 2708 2708 D AbsListView: onTouchUp() TOUCH_MODE_SCROLL initialVelocity : 3336
08-15 13:35:21.007 2708 2708 D AbsListView: reportScrollStateChange() newState : 2
08-15 13:35:21.591 2708 2708 D AbsListView: reportScrollStateChange() newState : 0
08-15 13:35:22.291 2708 2708 D ViewRootImpl@b44425a[MainActivity]: ViewPostImeInputStage processPointer 0
08-15 13:35:22.362 2708 2708 D ViewRootImpl@b44425a[MainActivity]: ViewPostImeInputStage processPointer 1
08-15 13:35:22.383 2708 2708 D item_click: viewId = 2131820760, position = 0
08-15 13:35:22.438 2708 2708 D ViewRootImpl@b44425a[MainActivity]: MSG_WINDOW_FOCUS_CHANGED 0
08-15 13:35:22.563 2708 2708 D ViewRootImpl@22bc14f[CategoryListActivity]: ThreadedRenderer.create() translucent=false
08-15 13:35:22.570 2708 2708 D InputTransport: Input channel constructed: fd=68
08-15 13:35:22.571 2708 2708 D ViewRootImpl@22bc14f[CategoryListActivity]: setView = DecorView@3a190dc[CategoryListActivity] touchMode=true
08-15 13:35:22.572 2708 2708 D LOCATION_SERVICE: LocationListener gps
08-15 13:35:22.573 2708 2708 D LOCATION_SERVICE: LocationListener network
08-15 13:35:22.574 2708 2708 D LOCATION_SERVICE: onCreate
08-15 13:35:22.574 2708 2708 D LOCATION_SERVICE: initializeLocationManager
08-15 13:35:22.584 2708 2708 D LOCATION_SERVICE: onStartCommand
08-15 13:35:22.603 2708 2708 D ViewRootImpl@22bc14f[CategoryListActivity]: dispatchAttachedToWindow
08-15 13:35:22.641 2708 2708 D ViewRootImpl@22bc14f[CategoryListActivity]: Relayout returned: oldFrame=[0,0][0,0] newFrame=[0,0][768,1024] result=0x27 surface={isValid=true -1853603840} surfaceGenerationChanged=true
08-15 13:35:22.642 2708 2708 D ViewRootImpl@22bc14f[CategoryListActivity]: mHardwareRenderer.initialize() mSurface={isValid=true -1853603840} hwInitialized=true
08-15 13:35:22.813 2708 2708 D ViewRootImpl@22bc14f[CategoryListActivity]: MSG_RESIZED_REPORT: frame=Rect(0, 0 - 768, 1024) ci=Rect(0, 24 - 0, 0) vi=Rect(0, 24 - 0, 0) or=1
08-15 13:35:22.813 2708 2708 D ViewRootImpl@22bc14f[CategoryListActivity]: MSG_WINDOW_FOCUS_CHANGED 1
08-15 13:35:22.814 2708 2708 D ViewRootImpl@22bc14f[CategoryListActivity]: mHardwareRenderer.initializeIfNeeded()#2 mSurface={isValid=true -1853603840}
08-15 13:35:22.815 2708 2708 V InputMethodManager: Starting input: tba=android.view.inputmethod.EditorInfo@20b493 nm : cz.gienger.mobile ic=null
08-15 13:35:22.815 2708 2708 I InputMethodManager: startInputInner - mService.startInputOrWindowGainedFocus
08-15 13:35:22.817 2708 2708 D InputTransport: Input channel constructed: fd=74
08-15 13:35:22.817 2708 2708 D InputTransport: Input channel destroyed: fd=69
08-15 13:35:22.818 2708 2708 D LOCATION_SERVICE: onLocationChanged: Location[network 49,191118,17,534396 acc=21 et=+1h6m5s496ms alt=0.0 vel=0.0 bear=0.0 {Bundle[mParcelledData.dataSize=80]}]
08-15 13:35:22.918 2708 2774 D OpenGLRenderer: endAllActiveAnimators on 0x93aa5580 (RippleDrawable) with handle 0x9209ec40
08-15 13:35:22.918 2708 2708 D ViewRootImpl@b44425a[MainActivity]: mHardwareRenderer.destroy()#1
08-15 13:35:22.931 2708 2708 D ViewRootImpl@b44425a[MainActivity]: Relayout returned: oldFrame=[0,0][768,1024] newFrame=[0,0][768,1024] result=0x5 surface={isValid=false 0} surfaceGenerationChanged=true
08-15 13:35:23.301 2708 2708 D ViewRootImpl@b44425a[MainActivity]: Relayout returned: oldFrame=[0,0][768,1024] newFrame=[0,0][768,1024] result=0x5 surface={isValid=false 0} surfaceGenerationChanged=false
08-15 13:35:25.475 2708 2708 D ViewRootImpl@22bc14f[CategoryListActivity]: ViewPostImeInputStage processPointer 0
08-15 13:35:25.525 2708 2708 D ViewRootImpl@22bc14f[CategoryListActivity]: ViewPostImeInputStage processPointer 1
08-15 13:35:26.477 2708 2708 D ViewRootImpl@22bc14f[CategoryListActivity]: ViewPostImeInputStage processPointer 0
08-15 13:35:26.524 2708 2708 D ViewRootImpl@22bc14f[CategoryListActivity]: ViewPostImeInputStage processPointer 1
08-15 13:35:29.870 2708 2708 D ViewRootImpl@22bc14f[CategoryListActivity]: ViewPostImeInputStage processPointer 0
08-15 13:35:29.915 2708 2708 D ViewRootImpl@22bc14f[CategoryListActivity]: ViewPostImeInputStage processPointer 1
08-15 13:35:33.810 2708 2708 D ViewRootImpl@22bc14f[CategoryListActivity]: ViewPostImeInputStage processPointer 0
08-15 13:35:33.922 2708 2708 D ViewRootImpl@22bc14f[CategoryListActivity]: ViewPostImeInputStage processPointer 1
08-15 13:35:35.588 2708 2708 D ViewRootImpl@22bc14f[CategoryListActivity]: ViewPostImeInputStage processPointer 0
08-15 13:35:35.647 2708 2708 D ViewRootImpl@22bc14f[CategoryListActivity]: ViewPostImeInputStage processPointer 1
08-15 13:35:35.674 2708 2708 D ViewRootImpl@22bc14f[CategoryListActivity]: MSG_WINDOW_FOCUS_CHANGED 0
08-15 13:35:35.757 2708 2708 D ViewRootImpl@96a8eec[ArticleListActivity]: ThreadedRenderer.create() translucent=false
08-15 13:35:35.760 2708 2708 D InputTransport: Input channel constructed: fd=80
08-15 13:35:35.760 2708 2708 D ViewRootImpl@96a8eec[ArticleListActivity]: setView = DecorView@72f2b5[ArticleListActivity] touchMode=true
08-15 13:35:35.773 2708 2708 D ViewRootImpl@96a8eec[ArticleListActivity]: dispatchAttachedToWindow
08-15 13:35:35.798 2708 2708 D ViewRootImpl@96a8eec[ArticleListActivity]: Relayout returned: oldFrame=[0,0][0,0] newFrame=[0,0][768,1024] result=0x27 surface={isValid=true -1826203648} surfaceGenerationChanged=true
08-15 13:35:35.798 2708 2708 D ViewRootImpl@96a8eec[ArticleListActivity]: mHardwareRenderer.initialize() mSurface={isValid=true -1826203648} hwInitialized=true
08-15 13:35:36.234 2708 2708 D ViewRootImpl@96a8eec[ArticleListActivity]: MSG_RESIZED_REPORT: frame=Rect(0, 0 - 768, 1024) ci=Rect(0, 24 - 0, 0) vi=Rect(0, 24 - 0, 0) or=1
08-15 13:35:36.235 2708 2708 D ViewRootImpl@96a8eec[ArticleListActivity]: MSG_WINDOW_FOCUS_CHANGED 1
08-15 13:35:36.235 2708 2708 D ViewRootImpl@96a8eec[ArticleListActivity]: mHardwareRenderer.initializeIfNeeded()#2 mSurface={isValid=true -1826203648}
08-15 13:35:36.236 2708 2708 V InputMethodManager: Starting input: tba=android.view.inputmethod.EditorInfo@d717cb0 nm : cz.gienger.mobile ic=null
08-15 13:35:36.236 2708 2708 I InputMethodManager: startInputInner - mService.startInputOrWindowGainedFocus
08-15 13:35:36.238 2708 2708 D InputTransport: Input channel constructed: fd=82
08-15 13:35:36.238 2708 2708 D InputTransport: Input channel destroyed: fd=74
08-15 13:35:36.302 2708 2708 D ViewRootImpl@22bc14f[CategoryListActivity]: mHardwareRenderer.destroy()#1
08-15 13:35:36.311 2708 2708 D ViewRootImpl@22bc14f[CategoryListActivity]: Relayout returned: oldFrame=[0,0][768,1024] newFrame=[0,0][768,1024] result=0x5 surface={isValid=false 0} surfaceGenerationChanged=true
08-15 13:35:36.731 2708 2708 D ViewRootImpl@22bc14f[CategoryListActivity]: Relayout returned: oldFrame=[0,0][768,1024] newFrame=[0,0][768,1024] result=0x5 surface={isValid=false 0} surfaceGenerationChanged=false
08-15 13:35:37.468 2708 2708 D ViewRootImpl@96a8eec[ArticleListActivity]: ViewPostImeInputStage processPointer 0
08-15 13:35:37.518 2708 2708 D ViewRootImpl@96a8eec[ArticleListActivity]: ViewPostImeInputStage processPointer 1
08-15 13:35:37.558 2708 2708 D ViewRootImpl@96a8eec[ArticleListActivity]: MSG_WINDOW_FOCUS_CHANGED 0
08-15 13:35:37.658 2708 2708 D ViewRootImpl@5f1256e[AddArticleToCartActivity]: ThreadedRenderer.create() translucent=false
08-15 13:35:37.666 2708 2708 D InputTransport: Input channel constructed: fd=69
08-15 13:35:37.666 2708 2708 D ViewRootImpl@5f1256e[AddArticleToCartActivity]: setView = DecorView@228a40f[AddArticleToCartActivity] touchMode=true
08-15 13:35:37.671 2708 2708 D ViewRootImpl@5f1256e[AddArticleToCartActivity]: dispatchAttachedToWindow
08-15 13:35:37.704 2708 2708 D ViewRootImpl@5f1256e[AddArticleToCartActivity]: Relayout returned: oldFrame=[0,0][0,0] newFrame=[0,0][768,1024] result=0x27 surface={isValid=true -1801836544} surfaceGenerationChanged=true
08-15 13:35:37.704 2708 2708 D ViewRootImpl@5f1256e[AddArticleToCartActivity]: mHardwareRenderer.initialize() mSurface={isValid=true -1801836544} hwInitialized=true
08-15 13:35:37.759 2708 2708 D ViewRootImpl@5f1256e[AddArticleToCartActivity]: MSG_RESIZED_REPORT: frame=Rect(0, 0 - 768, 1024) ci=Rect(0, 24 - 0, 0) vi=Rect(0, 24 - 0, 0) or=1
08-15 13:35:37.759 2708 2708 D ViewRootImpl@5f1256e[AddArticleToCartActivity]: MSG_WINDOW_FOCUS_CHANGED 1
08-15 13:35:37.759 2708 2708 D ViewRootImpl@5f1256e[AddArticleToCartActivity]: mHardwareRenderer.initializeIfNeeded()#2 mSurface={isValid=true -1801836544}
08-15 13:35:37.777 2708 2708 V InputMethodManager: Starting input: tba=android.view.inputmethod.EditorInfo@5664cc nm : cz.gienger.mobile ic=com.android.internal.widget.EditableInputConnection@9474315
08-15 13:35:37.777 2708 2708 I InputMethodManager: startInputInner - mService.startInputOrWindowGainedFocus
08-15 13:35:37.798 2708 2708 D InputTransport: Input channel constructed: fd=70
08-15 13:35:37.798 2708 2708 D InputTransport: Input channel destroyed: fd=82
08-15 13:35:37.848 2708 2774 D OpenGLRenderer: endAllActiveAnimators on 0x9553f800 (RippleDrawable) with handle 0x929aa990
08-15 13:35:37.848 2708 2708 D ViewRootImpl@96a8eec[ArticleListActivity]: mHardwareRenderer.destroy()#1
08-15 13:35:37.854 2708 2708 D ViewRootImpl@96a8eec[ArticleListActivity]: Relayout returned: oldFrame=[0,0][768,1024] newFrame=[0,0][768,1024] result=0x5 surface={isValid=false 0} surfaceGenerationChanged=true
08-15 13:35:38.253 2708 2708 D ViewRootImpl@96a8eec[ArticleListActivity]: Relayout returned: oldFrame=[0,0][768,1024] newFrame=[0,0][768,1024] result=0x5 surface={isValid=false 0} surfaceGenerationChanged=false
08-15 13:35:38.287 2708 2708 D ViewRootImpl@5f1256e[AddArticleToCartActivity]: MSG_RESIZED: frame=Rect(0, 0 - 768, 1024) ci=Rect(0, 24 - 0, 0) vi=Rect(0, 24 - 0, 320) or=1
08-15 13:35:40.000 2708 2708 D ViewRootImpl@5f1256e[AddArticleToCartActivity]: ViewPostImeInputStage processPointer 0
08-15 13:35:40.057 2708 2708 D ViewRootImpl@5f1256e[AddArticleToCartActivity]: ViewPostImeInputStage processPointer 1
08-15 13:35:40.060 2708 2708 V InputMethodManager: Starting input: tba=android.view.inputmethod.EditorInfo@5b87af6 nm : cz.gienger.mobile ic=com.android.internal.widget.EditableInputConnection@5477ef7
08-15 13:35:40.060 2708 2708 I InputMethodManager: startInputInner - mService.startInputOrWindowGainedFocus
08-15 13:35:40.064 2708 2708 D InputTransport: Input channel constructed: fd=82
08-15 13:35:40.064 2708 2708 D InputTransport: Input channel destroyed: fd=70
08-15 13:35:40.124 2708 2708 D ViewRootImpl@96a8eec[ArticleListActivity]: mHardwareRenderer.destroy()#1
08-15 13:35:40.132 2708 2708 D ViewRootImpl@96a8eec[ArticleListActivity]: Relayout returned: oldFrame=[0,0][768,1024] newFrame=[0,0][768,1024] result=0x1 surface={isValid=false 0} surfaceGenerationChanged=false
08-15 13:35:40.170 2708 2708 D ViewRootImpl@96a8eec[ArticleListActivity]: Relayout returned: oldFrame=[0,0][768,1024] newFrame=[0,0][768,1024] result=0x7 surface={isValid=true -1826203648} surfaceGenerationChanged=true
08-15 13:35:40.171 2708 2708 D ViewRootImpl@96a8eec[ArticleListActivity]: mHardwareRenderer.initialize() mSurface={isValid=true -1826203648} hwInitialized=true
08-15 13:35:40.307 2708 2708 D ViewRootImpl@5f1256e[AddArticleToCartActivity]: MSG_WINDOW_FOCUS_CHANGED 0
08-15 13:35:40.311 2708 2708 D ViewRootImpl@96a8eec[ArticleListActivity]: MSG_RESIZED_REPORT: frame=Rect(0, 0 - 768, 1024) ci=Rect(0, 24 - 0, 320) vi=Rect(0, 24 - 0, 320) or=1
08-15 13:35:40.349 2708 2708 D ViewRootImpl@96a8eec[ArticleListActivity]: MSG_WINDOW_FOCUS_CHANGED 1
08-15 13:35:40.349 2708 2708 D ViewRootImpl@96a8eec[ArticleListActivity]: mHardwareRenderer.initializeIfNeeded()#2 mSurface={isValid=true -1826203648}
08-15 13:35:40.353 2708 2708 V InputMethodManager: Starting input: tba=android.view.inputmethod.EditorInfo@1c04fd0 nm : cz.gienger.mobile ic=null
08-15 13:35:40.353 2708 2708 I InputMethodManager: startInputInner - mService.startInputOrWindowGainedFocus
08-15 13:35:40.374 2708 2708 D InputTransport: Input channel constructed: fd=83
08-15 13:35:40.375 2708 2708 D InputTransport: Input channel destroyed: fd=82
08-15 13:35:40.379 2708 2708 W IInputConnectionWrapper: getCursorCapsMode on inactive InputConnection
08-15 13:35:40.426 2708 2774 D OpenGLRenderer: endAllActiveAnimators on 0x9333a980 (RippleDrawable) with handle 0x93af9510
08-15 13:35:40.426 2708 2708 D ViewRootImpl@5f1256e[AddArticleToCartActivity]: mHardwareRenderer.destroy()#1
08-15 13:35:40.440 2708 2708 D ViewRootImpl@5f1256e[AddArticleToCartActivity]: Relayout returned: oldFrame=[0,0][768,1024] newFrame=[0,0][768,1024] result=0x5 surface={isValid=false 0} surfaceGenerationChanged=true
08-15 13:35:40.446 2708 2708 W IInputConnectionWrapper: finishComposingText on inactive InputConnection
08-15 13:35:40.446 2708 2708 W IInputConnectionWrapper: performPrivateCommand on inactive InputConnection
08-15 13:35:40.449 2708 2708 W IInputConnectionWrapper: finishComposingText on inactive InputConnection
08-15 13:35:40.456 2708 2708 D ViewRootImpl@96a8eec[ArticleListActivity]: MSG_RESIZED: frame=Rect(0, 0 - 768, 1024) ci=Rect(0, 24 - 0, 0) vi=Rect(0, 24 - 0, 0) or=1
08-15 13:35:40.475 2708 2708 D ViewRootImpl@96a8eec[ArticleListActivity]: Relayout returned: oldFrame=[0,0][768,1024] newFrame=[0,0][768,1024] result=0x1 surface={isValid=true -1826203648} surfaceGenerationChanged=false
08-15 13:35:40.800 2708 2708 D TextView: SYANI: Clipboard API is calling: clearFilter()
08-15 13:35:40.800 2708 2708 D TextView: SYANI: Clipboard API is calling: unregisterClipboardEventListener()
08-15 13:35:40.806 2708 2708 D TextView: SYANI: Clipboard API is calling: clearFilter()
08-15 13:35:40.806 2708 2708 D TextView: SYANI: Clipboard API is calling: unregisterClipboardEventListener()
08-15 13:35:40.813 2708 2708 D ViewRootImpl@5f1256e[AddArticleToCartActivity]: mHardwareRenderer.destroy()#4
08-15 13:35:40.813 2708 2708 D ViewRootImpl@5f1256e[AddArticleToCartActivity]: dispatchDetachedFromWindow
08-15 13:35:40.825 2708 2708 D InputTransport: Input channel destroyed: fd=69
08-15 13:35:42.191 2708 2708 D ViewRootImpl@96a8eec[ArticleListActivity]: ViewPostImeInputStage processPointer 0
08-15 13:35:42.248 2708 2708 D ViewRootImpl@96a8eec[ArticleListActivity]: ViewPostImeInputStage processPointer 1
08-15 13:35:42.285 2708 2708 D ViewRootImpl@96a8eec[ArticleListActivity]: MSG_WINDOW_FOCUS_CHANGED 0
08-15 13:35:42.418 2708 2708 D ViewRootImpl@7ab268[CartActivity]: ThreadedRenderer.create() translucent=false
08-15 13:35:42.422 2708 2708 D InputTransport: Input channel constructed: fd=69
08-15 13:35:42.422 2708 2708 D ViewRootImpl@7ab268[CartActivity]: setView = DecorView@b09d681[CartActivity] touchMode=true
08-15 13:35:42.424 2708 2708 D ViewRootImpl@7ab268[CartActivity]: dispatchAttachedToWindow
08-15 13:35:42.450 2708 2708 D ViewRootImpl@7ab268[CartActivity]: Relayout returned: oldFrame=[0,0][0,0] newFrame=[0,0][768,1024] result=0x27 surface={isValid=true -1824690176} surfaceGenerationChanged=true
08-15 13:35:42.450 2708 2708 D ViewRootImpl@7ab268[CartActivity]: mHardwareRenderer.initialize() mSurface={isValid=true -1824690176} hwInitialized=true
08-15 13:35:42.500 2708 2708 D AbsListView: in onLayout changed
08-15 13:35:42.533 2708 2708 D ViewRootImpl@7ab268[CartActivity]: MSG_RESIZED_REPORT: frame=Rect(0, 0 - 768, 1024) ci=Rect(0, 24 - 0, 0) vi=Rect(0, 24 - 0, 0) or=1
08-15 13:35:42.533 2708 2708 D ViewRootImpl@7ab268[CartActivity]: MSG_WINDOW_FOCUS_CHANGED 1
08-15 13:35:42.534 2708 2708 D ViewRootImpl@7ab268[CartActivity]: mHardwareRenderer.initializeIfNeeded()#2 mSurface={isValid=true -1824690176}
08-15 13:35:42.549 2708 2708 V InputMethodManager: Starting input: tba=android.view.inputmethod.EditorInfo@674b12f nm : cz.gienger.mobile ic=null
08-15 13:35:42.549 2708 2708 I InputMethodManager: startInputInner - mService.startInputOrWindowGainedFocus
08-15 13:35:42.551 2708 2708 D InputTransport: Input channel constructed: fd=70
08-15 13:35:42.551 2708 2708 D InputTransport: Input channel destroyed: fd=83
08-15 13:35:42.586 2708 2774 D OpenGLRenderer: endAllActiveAnimators on 0x95541780 (RippleDrawable) with handle 0x93af94e0
08-15 13:35:42.586 2708 2708 D ViewRootImpl@96a8eec[ArticleListActivity]: mHardwareRenderer.destroy()#1
08-15 13:35:42.596 2708 2708 D ViewRootImpl@96a8eec[ArticleListActivity]: Relayout returned: oldFrame=[0,0][768,1024] newFrame=[0,0][768,1024] result=0x5 surface={isValid=false 0} surfaceGenerationChanged=true
08-15 13:35:43.014 2708 2708 D ViewRootImpl@96a8eec[ArticleListActivity]: Relayout returned: oldFrame=[0,0][768,1024] newFrame=[0,0][768,1024] result=0x5 surface={isValid=false 0} surfaceGenerationChanged=false
08-15 13:35:43.964 2708 2708 D ViewRootImpl@7ab268[CartActivity]: ViewPostImeInputStage processPointer 0
08-15 13:35:44.045 2708 2708 D ViewRootImpl@7ab268[CartActivity]: ViewPostImeInputStage processPointer 1
08-15 13:35:44.054 2708 2708 V InputMethodManager: Starting input: tba=android.view.inputmethod.EditorInfo@d96f21a nm : cz.gienger.mobile ic=com.android.internal.widget.EditableInputConnection@125314b
08-15 13:35:44.055 2708 2708 I InputMethodManager: startInputInner - mService.startInputOrWindowGainedFocus
08-15 13:35:44.056 2708 2708 D InputTransport: Input channel constructed: fd=82
08-15 13:35:44.056 2708 2708 D InputTransport: Input channel destroyed: fd=70
