08-15 13:07:25.120 2708 2708 D ViewRootImpl@3428d99[LoginActivity]: MSG_RESIZED_REPORT: frame=Rect(0, 0 - 768, 1024) ci=Rect(0, 24 - 0, 320) vi=Rect(0, 24 - 0, 320) or=1
08-15 13:08:05.442 2708 2708 V InputMethodManager: Starting input: tba=android.view.inputmethod.EditorInfo@c739928 nm : cz.gienger.mobile ic=com.android.internal.widget.EditableInputConnection@2d29641
08-15 13:08:05.443 2708 2708 I InputMethodManager: startInputInner - mService.startInputOrWindowGainedFocus
08-15 13:08:05.445 2708 2708 D InputTransport: Input channel constructed: fd=64
08-15 13:08:05.445 2708 2708 D InputTransport: Input channel destroyed: fd=63
08-15 13:08:05.447 2708 2708 W IInputConnectionWrapper: performPrivateCommand on inactive InputConnection
08-15 13:08:05.450 2708 2708 W IInputConnectionWrapper: finishComposingText on inactive InputConnection
08-15 13:08:05.467 2708 2708 W IInputConnectionWrapper: performPrivateCommand on inactive InputConnection
08-15 13:08:05.593 2708 2708 W IInputConnectionWrapper: getCursorCapsMode on inactive InputConnection
08-15 13:08:05.675 2708 2708 W IInputConnectionWrapper: getCursorCapsMode on inactive InputConnection
08-15 13:08:05.724 2708 2708 W IInputConnectionWrapper: getSelectedText on inactive InputConnection
08-15 13:08:05.728 2708 2708 W IInputConnectionWrapper: getTextBeforeCursor on inactive InputConnection
08-15 13:08:05.730 2708 2708 W IInputConnectionWrapper: getTextAfterCursor on inactive InputConnection
08-15 13:08:07.362 2708 2708 V InputMethodManager: Starting input: tba=android.view.inputmethod.EditorInfo@4b7f7e6 nm : cz.gienger.mobile ic=com.android.internal.widget.EditableInputConnection@1c0d127
08-15 13:08:07.362 2708 2708 I InputMethodManager: startInputInner - mService.startInputOrWindowGainedFocus
08-15 13:08:07.364 2708 2708 D InputTransport: Input channel constructed: fd=63
08-15 13:08:07.364 2708 2708 D InputTransport: Input channel destroyed: fd=64
08-15 13:08:07.369 2708 2708 W IInputConnectionWrapper: performPrivateCommand on inactive InputConnection
08-15 13:08:07.369 2708 2708 W IInputConnectionWrapper: finishComposingText on inactive InputConnection
08-15 13:08:07.370 2708 2708 D ViewRootImpl@3428d99[LoginActivity]: MSG_RESIZED_REPORT: frame=Rect(0, 0 - 768, 1024) ci=Rect(0, 24 - 0, 320) vi=Rect(0, 24 - 0, 320) or=1
08-15 13:08:43.483 2708 2708 D ViewRootImpl@3428d99[LoginActivity]: ViewPostImeInputStage processPointer 0
08-15 13:08:44.619 2708 2708 D ViewRootImpl@3428d99[LoginActivity]: ViewPostImeInputStage processPointer 1
08-15 13:08:44.911 2708 2708 D ViewRootImpl@3428d99[LoginActivity]: ViewPostImeInputStage processPointer 0
08-15 13:08:46.171 2708 2708 D ViewRootImpl@3428d99[LoginActivity]: ViewPostImeInputStage processPointer 1
08-15 13:08:46.206 2708 2708 D ViewRootImpl@3428d99[LoginActivity]: ViewPostImeInputStage processPointer 0
08-15 13:08:46.234 2708 2708 D ViewRootImpl@3428d99[LoginActivity]: ViewPostImeInputStage processPointer 1
08-15 13:08:47.222 2708 2708 D ViewRootImpl@3428d99[LoginActivity]: ViewPostImeInputStage processPointer 0
08-15 13:08:47.632 2708 2708 D ViewRootImpl@3428d99[LoginActivity]: ViewPostImeInputStage processPointer 1
08-15 13:09:02.184 2708 2708 D ViewRootImpl@3428d99[LoginActivity]: ViewPostImeInputStage processPointer 0
08-15 13:09:02.235 2708 2708 D ViewRootImpl@3428d99[LoginActivity]: ViewPostImeInputStage processPointer 1
08-15 13:09:02.248 2708 2708 V InputMethodManager: Starting input: tba=android.view.inputmethod.EditorInfo@4df58c3 nm : cz.gienger.mobile ic=com.android.internal.widget.EditableInputConnection@9f66540
08-15 13:09:02.248 2708 2708 I InputMethodManager: startInputInner - mService.startInputOrWindowGainedFocus
08-15 13:09:02.251 2708 2708 D InputTransport: Input channel constructed: fd=64
08-15 13:09:02.251 2708 2708 D InputTransport: Input channel destroyed: fd=63
08-15 13:09:02.252 2708 2708 D InputMethodManager: SSI - flag : 0 Pid : 2708 view : cz.gienger.mobile
08-15 13:09:02.255 2708 2708 W IInputConnectionWrapper: performPrivateCommand on inactive InputConnection
08-15 13:09:02.255 2708 2708 W IInputConnectionWrapper: finishComposingText on inactive InputConnection
08-15 13:09:08.830 2708 2708 D ViewRootImpl@3428d99[LoginActivity]: ViewPostImeInputStage processPointer 0
08-15 13:09:08.887 2708 2708 D ViewRootImpl@3428d99[LoginActivity]: ViewPostImeInputStage processPointer 1
08-15 13:09:08.924 2708 2708 D ScrollView: initGoToTop
08-15 13:09:08.928 2708 2708 D ScrollView: initGoToTop
08-15 13:09:08.937 2708 2708 D ViewRootImpl@9af832a[LoginActivity]: ThreadedRenderer.create() translucent=true
08-15 13:09:08.943 2708 2708 D InputTransport: Input channel constructed: fd=63
08-15 13:09:08.943 2708 2708 D ViewRootImpl@9af832a[LoginActivity]: setView = DecorView@62dd51b[LoginActivity] touchMode=true
08-15 13:09:08.948 2708 9231 D MYINTERCEPTOR: /GiengerService.svc/oauth
08-15 13:09:08.948 2708 9231 D OkHttp : --> POST https://testsaig1.gienger.cz/GiengerService.svc/oauth http/1.1
08-15 13:09:08.949 2708 2708 D ViewRootImpl@9af832a[LoginActivity]: dispatchAttachedToWindow
08-15 13:09:08.949 2708 9231 D OkHttp : Content-Type: application/xml; charset=UTF-8
08-15 13:09:08.949 2708 9231 D OkHttp : Content-Length: 298
08-15 13:09:08.949 2708 9231 D OkHttp : --> END POST
08-15 13:09:08.974 2708 2708 D ViewRootImpl@9af832a[LoginActivity]: Relayout returned: oldFrame=[0,0][0,0] newFrame=[108,466][660,582] result=0x27 surface={isValid=true -1845698560} surfaceGenerationChanged=true
08-15 13:09:08.975 2708 2708 D ViewRootImpl@9af832a[LoginActivity]: mHardwareRenderer.initialize() mSurface={isValid=true -1845698560} hwInitialized=true
08-15 13:09:08.993 2708 2708 D ViewRootImpl@9af832a[LoginActivity]: MSG_WINDOW_FOCUS_CHANGED 1
08-15 13:09:08.994 2708 2708 D ViewRootImpl@9af832a[LoginActivity]: mHardwareRenderer.initializeIfNeeded()#2 mSurface={isValid=true -1845698560}
08-15 13:09:09.014 2708 2708 D ViewRootImpl@9af832a[LoginActivity]: MSG_RESIZED_REPORT: frame=Rect(108, 466 - 660, 582) ci=Rect(0, 0 - 0, 0) vi=Rect(0, 0 - 0, 0) or=1
08-15 13:09:09.047 2708 2708 D ViewRootImpl@3428d99[LoginActivity]: MSG_WINDOW_FOCUS_CHANGED 0
08-15 13:09:09.495 2708 9231 D OkHttp : <-- 200 https://testsaig1.gienger.cz/GiengerService.svc/oauth (546ms)
08-15 13:09:09.495 2708 9231 D OkHttp : content-type: application/xml; charset=utf-8
08-15 13:09:09.496 2708 9231 D OkHttp : server: Microsoft-IIS/10.0
08-15 13:09:09.496 2708 9231 D OkHttp : x-powered-by: ASP.NET
08-15 13:09:09.496 2708 9231 D OkHttp : date: Wed, 15 Aug 2018 11:09:08 GMT
08-15 13:09:09.496 2708 9231 D OkHttp : content-length: 292
08-15 13:09:09.496 2708 9231 D OkHttp : <-- END HTTP
08-15 13:09:09.507 2708 9231 D MYINTERCEPTOR: /GiengerService.svc/userinfo
08-15 13:09:09.507 2708 9231 D OkHttp : --> POST https://testsaig1.gienger.cz/GiengerService.svc/userinfo http/1.1
08-15 13:09:09.507 2708 9231 D OkHttp : Content-Type: application/xml; charset=UTF-8
08-15 13:09:09.507 2708 9231 D OkHttp : Content-Length: 139
08-15 13:09:09.507 2708 9231 D OkHttp : token: c4fe70ea29c5e8adaf8c0e4a7f42c4fc
08-15 13:09:09.508 2708 9231 D OkHttp : --> END POST
08-15 13:09:09.774 2708 9231 D OkHttp : <-- 200 https://testsaig1.gienger.cz/GiengerService.svc/userinfo (266ms)
08-15 13:09:09.775 2708 9231 D OkHttp : content-type: application/xml; charset=utf-8
08-15 13:09:09.775 2708 9231 D OkHttp : server: Microsoft-IIS/10.0
08-15 13:09:09.775 2708 9231 D OkHttp : x-powered-by: ASP.NET
08-15 13:09:09.775 2708 9231 D OkHttp : date: Wed, 15 Aug 2018 11:09:08 GMT
08-15 13:09:09.775 2708 9231 D OkHttp : content-length: 196
08-15 13:09:09.775 2708 9231 D OkHttp : <-- END HTTP
08-15 13:09:09.820 2708 2708 D ScrollView: initGoToTop
08-15 13:09:09.826 2708 2708 D ScrollView: initGoToTop
08-15 13:09:09.835 2708 2708 D ViewRootImpl@37db4e2[LoginActivity]: ThreadedRenderer.create() translucent=true
08-15 13:09:09.840 2708 2708 D InputTransport: Input channel constructed: fd=79
08-15 13:09:09.841 2708 2708 D ViewRootImpl@37db4e2[LoginActivity]: setView = DecorView@26f1073[LoginActivity] touchMode=true
08-15 13:09:09.853 2708 2708 D ViewRootImpl@9af832a[LoginActivity]: mHardwareRenderer.destroy()#4
08-15 13:09:09.853 2708 2708 D ViewRootImpl@9af832a[LoginActivity]: dispatchDetachedFromWindow
08-15 13:09:09.870 2708 2708 D InputTransport: Input channel destroyed: fd=63
08-15 13:09:09.881 2708 2708 D ViewRootImpl@3428d99[LoginActivity]: Relayout returned: oldFrame=[0,0][768,1024] newFrame=[0,0][768,1024] result=0x1 surface={isValid=true -1847199744} surfaceGenerationChanged=false
08-15 13:09:09.892 2708 2708 D ViewRootImpl@37db4e2[LoginActivity]: dispatchAttachedToWindow
08-15 13:09:09.929 2708 2708 D ViewRootImpl@37db4e2[LoginActivity]: Relayout returned: oldFrame=[0,0][0,0] newFrame=[108,423][660,624] result=0x27 surface={isValid=true -1845698560} surfaceGenerationChanged=true
08-15 13:09:09.929 2708 2708 D ViewRootImpl@37db4e2[LoginActivity]: mHardwareRenderer.initialize() mSurface={isValid=true -1845698560} hwInitialized=true
08-15 13:09:09.932 2708 2708 D ScrollView: onsize change changed
08-15 13:09:09.933 2708 2708 D ScrollView: onsize change changed
08-15 13:09:09.934 2708 2708 D ViewRootImpl@37db4e2[LoginActivity]: MSG_WINDOW_FOCUS_CHANGED 1
08-15 13:09:09.934 2708 2708 D ViewRootImpl@37db4e2[LoginActivity]: mHardwareRenderer.initializeIfNeeded()#2 mSurface={isValid=true -1845698560}
08-15 13:09:09.949 2708 2708 D ViewRootImpl@37db4e2[LoginActivity]: MSG_RESIZED_REPORT: frame=Rect(108, 423 - 660, 624) ci=Rect(0, 0 - 0, 0) vi=Rect(0, 0 - 0, 0) or=1
08-15 13:09:09.962 2708 2708 E ViewRootImpl: sendUserActionEvent() returned.
08-15 13:09:11.059 2708 2708 D ViewRootImpl@37db4e2[LoginActivity]: ViewPostImeInputStage processPointer 0
08-15 13:09:11.115 2708 2708 D ViewRootImpl@37db4e2[LoginActivity]: ViewPostImeInputStage processPointer 1
08-15 13:09:11.127 2708 2708 D ALARM_REUPLOAD: alarm already scheduled
08-15 13:09:11.151 2708 2708 D ViewRootImpl@37db4e2[LoginActivity]: mHardwareRenderer.destroy()#4
08-15 13:09:11.151 2708 2708 D ViewRootImpl@37db4e2[LoginActivity]: dispatchDetachedFromWindow
08-15 13:09:11.160 2708 2708 D InputTransport: Input channel destroyed: fd=79
08-15 13:09:11.178 2708 9231 D MYINTERCEPTOR: /GiengerService.svc/manifests
08-15 13:09:11.179 2708 9231 D OkHttp : --> GET https://testsaig1.gienger.cz/GiengerService.svc/manifests http/1.1
08-15 13:09:11.179 2708 9231 D OkHttp : state: CZ
08-15 13:09:11.180 2708 9231 D OkHttp : token: c4fe70ea29c5e8adaf8c0e4a7f42c4fc
08-15 13:09:11.180 2708 9231 D OkHttp : --> END GET
08-15 13:09:11.186 2708 2708 D TextView: SYANI: Clipboard API is calling: clearFilter()
08-15 13:09:11.186 2708 2708 D TextView: SYANI: Clipboard API is calling: unregisterClipboardEventListener()
08-15 13:09:11.189 2708 2708 D TextView: SYANI: Clipboard API is calling: clearFilter()
08-15 13:09:11.189 2708 2708 D TextView: SYANI: Clipboard API is calling: unregisterClipboardEventListener()
08-15 13:09:11.200 2708 2708 D ViewRootImpl@3428d99[LoginActivity]: mHardwareRenderer.destroy()#4
08-15 13:09:11.200 2708 2708 D ViewRootImpl@3428d99[LoginActivity]: dispatchDetachedFromWindow
08-15 13:09:11.201 2708 2708 D InputTransport: Input channel destroyed: fd=77
08-15 13:09:11.231 2708 2708 D FILES : /data/user/0/cz.gienger.mobile/files/delivery
08-15 13:09:11.243 2708 9240 D MYINTERCEPTOR: /GiengerService.svc/manifests
08-15 13:09:11.244 2708 9240 D OkHttp : --> GET https://testsaig1.gienger.cz/GiengerService.svc/manifests http/1.1
08-15 13:09:11.244 2708 9240 D OkHttp : state: CZ
08-15 13:09:11.244 2708 9240 D OkHttp : token: c4fe70ea29c5e8adaf8c0e4a7f42c4fc
08-15 13:09:11.244 2708 9240 D OkHttp : --> END GET
08-15 13:09:11.255 2708 9241 D MYINTERCEPTOR: /GiengerService.svc/manifests
08-15 13:09:11.256 2708 9241 D OkHttp : --> GET https://testsaig1.gienger.cz/GiengerService.svc/manifests http/1.1
08-15 13:09:11.256 2708 9241 D OkHttp : state: CZ
08-15 13:09:11.256 2708 9241 D OkHttp : token: c4fe70ea29c5e8adaf8c0e4a7f42c4fc
08-15 13:09:11.256 2708 9241 D OkHttp : --> END GET
08-15 13:09:11.264 2708 2708 D ViewRootImpl@9c74c16[LoginActivity]: ThreadedRenderer.create() translucent=false
08-15 13:09:11.267 2708 2708 D InputTransport: Input channel constructed: fd=63
08-15 13:09:11.268 2708 2708 D ViewRootImpl@9c74c16[LoginActivity]: setView = DecorView@20e4997[LoginActivity] touchMode=true
08-15 13:09:11.271 2708 2708 D ViewRootImpl@9c74c16[LoginActivity]: dispatchAttachedToWindow
08-15 13:09:11.298 2708 2708 D ViewRootImpl@9c74c16[LoginActivity]: Relayout returned: oldFrame=[0,0][0,0] newFrame=[0,0][768,1024] result=0x27 surface={isValid=true -1839415296} surfaceGenerationChanged=true
08-15 13:09:11.299 2708 2708 D ViewRootImpl@9c74c16[LoginActivity]: mHardwareRenderer.initialize() mSurface={isValid=true -1839415296} hwInitialized=true
08-15 13:09:11.305 2708 2708 D AbsListView: in onLayout changed
08-15 13:09:11.306 2708 2708 E ViewRootImpl: sendUserActionEvent() returned.
08-15 13:09:11.306 2708 2708 E ViewRootImpl: sendUserActionEvent() returned.
08-15 13:09:11.313 2708 9231 D OkHttp : <-- 200 https://testsaig1.gienger.cz/GiengerService.svc/manifests (133ms)
08-15 13:09:11.313 2708 9231 D OkHttp : content-type: application/xml; charset=utf-8
08-15 13:09:11.313 2708 9231 D OkHttp : server: Microsoft-IIS/10.0
08-15 13:09:11.314 2708 9231 D OkHttp : x-powered-by: ASP.NET
08-15 13:09:11.314 2708 9231 D OkHttp : date: Wed, 15 Aug 2018 11:09:10 GMT
08-15 13:09:11.314 2708 9231 D OkHttp : content-length: 11864
08-15 13:09:11.314 2708 9231 D OkHttp : <-- END HTTP
08-15 13:09:11.326 2708 2708 D ViewRootImpl@9c74c16[LoginActivity]: MSG_RESIZED_REPORT: frame=Rect(0, 0 - 768, 1024) ci=Rect(0, 24 - 0, 320) vi=Rect(0, 24 - 0, 320) or=1
08-15 13:09:11.326 2708 2708 D ViewRootImpl@9c74c16[LoginActivity]: MSG_WINDOW_FOCUS_CHANGED 1
08-15 13:09:11.326 2708 2708 D ViewRootImpl@9c74c16[LoginActivity]: mHardwareRenderer.initializeIfNeeded()#2 mSurface={isValid=true -1839415296}
08-15 13:09:11.327 2708 2708 V InputMethodManager: Starting input: tba=android.view.inputmethod.EditorInfo@4bb97f0 nm : cz.gienger.mobile ic=null
08-15 13:09:11.327 2708 2708 I InputMethodManager: startInputInner - mService.startInputOrWindowGainedFocus
08-15 13:09:11.352 2708 2708 D InputTransport: Input channel constructed: fd=66
08-15 13:09:11.353 2708 2708 D InputTransport: Input channel destroyed: fd=64
08-15 13:09:11.367 2708 2708 E ViewRootImpl: sendUserActionEvent() returned.
08-15 13:09:11.368 2708 2708 W IInputConnectionWrapper: finishComposingText on inactive InputConnection
08-15 13:09:11.368 2708 2708 D DOWNLOAD_MANIFESTS: success
08-15 13:09:11.389 2708 2708 W IInputConnectionWrapper: performPrivateCommand on inactive InputConnection
08-15 13:09:11.389 2708 2708 W IInputConnectionWrapper: finishComposingText on inactive InputConnection
08-15 13:09:11.423 2708 2708 D ViewRootImpl@9c74c16[LoginActivity]: MSG_RESIZED: frame=Rect(0, 0 - 768, 1024) ci=Rect(0, 24 - 0, 0) vi=Rect(0, 24 - 0, 0) or=1
08-15 13:09:11.426 2708 9240 D OkHttp : <-- 200 https://testsaig1.gienger.cz/GiengerService.svc/manifests (181ms)
08-15 13:09:11.427 2708 9241 D OkHttp : <-- 200 https://testsaig1.gienger.cz/GiengerService.svc/manifests (170ms)
08-15 13:09:11.427 2708 9240 D OkHttp : content-type: application/xml; charset=utf-8
08-15 13:09:11.427 2708 9240 D OkHttp : server: Microsoft-IIS/10.0
08-15 13:09:11.427 2708 9241 D OkHttp : content-type: application/xml; charset=utf-8
08-15 13:09:11.427 2708 9240 D OkHttp : x-powered-by: ASP.NET
08-15 13:09:11.427 2708 9241 D OkHttp : server: Microsoft-IIS/10.0
08-15 13:09:11.427 2708 9240 D OkHttp : date: Wed, 15 Aug 2018 11:09:10 GMT
08-15 13:09:11.427 2708 9241 D OkHttp : x-powered-by: ASP.NET
08-15 13:09:11.427 2708 9240 D OkHttp : content-length: 11864
08-15 13:09:11.427 2708 9241 D OkHttp : date: Wed, 15 Aug 2018 11:09:10 GMT
08-15 13:09:11.427 2708 9240 D OkHttp : <-- END HTTP
08-15 13:09:11.427 2708 9241 D OkHttp : content-length: 11864
08-15 13:09:11.427 2708 9241 D OkHttp : <-- END HTTP
08-15 13:09:11.450 2708 2708 D ViewRootImpl@9c74c16[LoginActivity]: Relayout returned: oldFrame=[0,0][768,1024] newFrame=[0,0][768,1024] result=0x1 surface={isValid=true -1839415296} surfaceGenerationChanged=false
08-15 13:09:11.451 2708 2708 D AbsListView: in onLayout changed
08-15 13:09:11.474 2708 2708 D DOWNLOAD_MANIFESTS: success
08-15 13:09:11.661 2708 2708 D DOWNLOAD_MANIFESTS: success
08-15 13:09:11.671 2708 2708 V InputMethodManager: Starting input: tba=android.view.inputmethod.EditorInfo@fe04cd7 nm : cz.gienger.mobile ic=null
08-15 13:09:11.671 2708 2708 I InputMethodManager: startInputInner - mService.startInputOrWindowGainedFocus
08-15 13:09:11.673 2708 2708 D InputTransport: Input channel constructed: fd=77
08-15 13:09:11.673 2708 2708 D InputTransport: Input channel destroyed: fd=66
08-15 13:09:14.797 2708 2708 D ViewRootImpl@9c74c16[LoginActivity]: ViewPostImeInputStage processPointer 0
08-15 13:09:14.887 2708 2708 D ViewRootImpl@9c74c16[LoginActivity]: ViewPostImeInputStage processPointer 1
08-15 13:09:14.888 2708 2708 D AbsListView: onTouchUp() mTouchMode : 0
08-15 13:09:15.940 2708 2708 D ViewRootImpl@9c74c16[LoginActivity]: ViewPostImeInputStage processPointer 0
08-15 13:09:15.998 2708 2708 D ViewRootImpl@9c74c16[LoginActivity]: ViewPostImeInputStage processPointer 1
08-15 13:09:16.027 2708 2708 D InputMethodManager: HSIFW - flag : 0 Pid : 2708
08-15 13:09:16.050 2708 2708 D AbsListView: in onLayout changed
08-15 13:09:16.123 2708 2718 I art : Background sticky concurrent mark sweep GC freed 174291(7MB) AllocSpace objects, 20(468KB) LOS objects, 39% free, 12MB/21MB, paused 1.075ms total 115.423ms
08-15 13:09:18.163 2708 2708 D ViewRootImpl@9c74c16[LoginActivity]: ViewPostImeInputStage processPointer 0
08-15 13:09:18.187 2708 2708 D ViewRootImpl@9c74c16[LoginActivity]: ViewPostImeInputStage processPointer 1
08-15 13:09:18.188 2708 2708 D AbsListView: onTouchUp() mTouchMode : 0
08-15 13:09:19.208 2708 2708 D ViewRootImpl@9c74c16[LoginActivity]: ViewPostImeInputStage processPointer 0
08-15 13:09:19.289 2708 2708 D ViewRootImpl@9c74c16[LoginActivity]: ViewPostImeInputStage processPointer 1
08-15 13:09:19.312 2708 2708 D ScrollView: initGoToTop
08-15 13:09:19.315 2708 2708 D ScrollView: initGoToTop
08-15 13:09:19.324 2708 2708 D ViewRootImpl@bc844c[LoginActivity]: ThreadedRenderer.create() translucent=true
08-15 13:09:19.329 2708 2708 D InputTransport: Input channel constructed: fd=66
08-15 13:09:19.330 2708 2708 D ViewRootImpl@bc844c[LoginActivity]: setView = DecorView@f5bac95[LoginActivity] touchMode=true
08-15 13:09:19.331 2708 9240 D MYINTERCEPTOR: /GiengerService.svc/manifestinfo
08-15 13:09:19.331 2708 9240 D OkHttp : --> POST https://testsaig1.gienger.cz/GiengerService.svc/manifestinfo http/1.1
08-15 13:09:19.332 2708 9240 D OkHttp : Content-Length: 0
08-15 13:09:19.332 2708 9240 D OkHttp : state: CZ
08-15 13:09:19.332 2708 9240 D OkHttp : id: B11_trasa_B11-03_ranni_30_07_2018
08-15 13:09:19.332 2708 9240 D OkHttp : token: c4fe70ea29c5e8adaf8c0e4a7f42c4fc
08-15 13:09:19.332 2708 9240 D OkHttp : --> END POST
08-15 13:09:19.332 2708 2708 D ViewRootImpl@bc844c[LoginActivity]: dispatchAttachedToWindow
08-15 13:09:19.347 2708 2708 D ViewRootImpl@bc844c[LoginActivity]: Relayout returned: oldFrame=[0,0][0,0] newFrame=[108,466][660,582] result=0x27 surface={isValid=true -1845696512} surfaceGenerationChanged=true
08-15 13:09:19.348 2708 2708 D ViewRootImpl@bc844c[LoginActivity]: mHardwareRenderer.initialize() mSurface={isValid=true -1845696512} hwInitialized=true
08-15 13:09:19.360 2708 2708 D ViewRootImpl@bc844c[LoginActivity]: MSG_WINDOW_FOCUS_CHANGED 1
08-15 13:09:19.360 2708 2708 D ViewRootImpl@bc844c[LoginActivity]: mHardwareRenderer.initializeIfNeeded()#2 mSurface={isValid=true -1845696512}
08-15 13:09:19.374 2708 2708 D ViewRootImpl@bc844c[LoginActivity]: MSG_RESIZED_REPORT: frame=Rect(108, 466 - 660, 582) ci=Rect(0, 0 - 0, 0) vi=Rect(0, 0 - 0, 0) or=1
08-15 13:09:19.397 2708 2708 D ViewRootImpl@9c74c16[LoginActivity]: MSG_WINDOW_FOCUS_CHANGED 0
08-15 13:09:19.476 2708 9240 D OkHttp : <-- 200 https://testsaig1.gienger.cz/GiengerService.svc/manifestinfo (144ms)
08-15 13:09:19.477 2708 9240 D OkHttp : content-type: application/xml; charset=utf-8
08-15 13:09:19.477 2708 9240 D OkHttp : server: Microsoft-IIS/10.0
08-15 13:09:19.477 2708 9240 D OkHttp : x-powered-by: ASP.NET
08-15 13:09:19.477 2708 9240 D OkHttp : date: Wed, 15 Aug 2018 11:09:18 GMT
08-15 13:09:19.477 2708 9240 D OkHttp : content-length: 591
08-15 13:09:19.478 2708 9240 D OkHttp : <-- END HTTP
08-15 13:09:19.504 2708 9246 D MYINTERCEPTOR: /GiengerService.svc/corrections
08-15 13:09:19.507 2708 9246 D OkHttp : --> GET https://testsaig1.gienger.cz/GiengerService.svc/corrections http/1.1
08-15 13:09:19.508 2708 9246 D OkHttp : token: c4fe70ea29c5e8adaf8c0e4a7f42c4fc
08-15 13:09:19.508 2708 9246 D OkHttp : --> END GET
08-15 13:09:19.623 2708 9246 D OkHttp : <-- 200 https://testsaig1.gienger.cz/GiengerService.svc/corrections (115ms)
08-15 13:09:19.624 2708 9246 D OkHttp : content-type: application/xml; charset=utf-8
08-15 13:09:19.624 2708 9246 D OkHttp : server: Microsoft-IIS/10.0
08-15 13:09:19.624 2708 9246 D OkHttp : x-powered-by: ASP.NET
08-15 13:09:19.624 2708 9246 D OkHttp : date: Wed, 15 Aug 2018 11:09:18 GMT
08-15 13:09:19.624 2708 9246 D OkHttp : content-length: 1267
08-15 13:09:19.624 2708 9246 D OkHttp : <-- END HTTP
08-15 13:09:19.637 2708 9246 D MYINTERCEPTOR: /GiengerService.svc/getorder
08-15 13:09:19.638 2708 9246 D OkHttp : --> POST https://testsaig1.gienger.cz/GiengerService.svc/getorder http/1.1
08-15 13:09:19.638 2708 9246 D OkHttp : Content-Length: 0
08-15 13:09:19.638 2708 9246 D OkHttp : name: 130BT1180804461.xml
08-15 13:09:19.638 2708 9246 D OkHttp : token: c4fe70ea29c5e8adaf8c0e4a7f42c4fc
08-15 13:09:19.638 2708 9246 D OkHttp : --> END POST
08-15 13:09:19.722 2708 9246 D OkHttp : <-- 200 https://testsaig1.gienger.cz/GiengerService.svc/getorder (83ms)
08-15 13:09:19.722 2708 9246 D OkHttp : content-type: application/xml; charset=utf-8
08-15 13:09:19.722 2708 9246 D OkHttp : server: Microsoft-IIS/10.0
08-15 13:09:19.722 2708 9246 D OkHttp : checksum: 6bddcf1f4993328f1e4c0c4d4890010c
08-15 13:09:19.722 2708 9246 D OkHttp : x-powered-by: ASP.NET
08-15 13:09:19.723 2708 9246 D OkHttp : date: Wed, 15 Aug 2018 11:09:18 GMT
08-15 13:09:19.723 2708 9246 D OkHttp : content-length: 167071
08-15 13:09:19.723 2708 9246 D OkHttp : <-- END HTTP
08-15 13:09:19.848 2708 9246 D MYINTERCEPTOR: /GiengerService.svc/getorder
08-15 13:09:19.848 2708 9246 D OkHttp : --> POST https://testsaig1.gienger.cz/GiengerService.svc/getorder http/1.1
08-15 13:09:19.849 2708 9246 D OkHttp : Content-Length: 0
08-15 13:09:19.849 2708 9246 D OkHttp : name: 130BT1180804472.xml
08-15 13:09:19.849 2708 9246 D OkHttp : token: c4fe70ea29c5e8adaf8c0e4a7f42c4fc
08-15 13:09:19.849 2708 9246 D OkHttp : --> END POST
08-15 13:09:19.912 2708 9246 D OkHttp : <-- 200 https://testsaig1.gienger.cz/GiengerService.svc/getorder (62ms)
08-15 13:09:19.912 2708 9246 D OkHttp : content-type: application/xml; charset=utf-8
08-15 13:09:19.912 2708 9246 D OkHttp : server: Microsoft-IIS/10.0
08-15 13:09:19.912 2708 9246 D OkHttp : checksum: 5f6a777fe4a2912da51028178373ba83
08-15 13:09:19.912 2708 9246 D OkHttp : x-powered-by: ASP.NET
08-15 13:09:19.912 2708 9246 D OkHttp : date: Wed, 15 Aug 2018 11:09:18 GMT
08-15 13:09:19.912 2708 9246 D OkHttp : content-length: 165651
08-15 13:09:19.913 2708 9246 D OkHttp : <-- END HTTP
08-15 13:09:20.102 2708 9246 D MYINTERCEPTOR: /GiengerService.svc/getorder
08-15 13:09:20.102 2708 9246 D OkHttp : --> POST https://testsaig1.gienger.cz/GiengerService.svc/getorder http/1.1
08-15 13:09:20.103 2708 9246 D OkHttp : Content-Length: 0
08-15 13:09:20.103 2708 9246 D OkHttp : name: 130BT1181109374.xml
08-15 13:09:20.103 2708 9246 D OkHttp : token: c4fe70ea29c5e8adaf8c0e4a7f42c4fc
08-15 13:09:20.103 2708 9246 D OkHttp : --> END POST
08-15 13:09:20.155 2708 9246 D OkHttp : <-- 200 https://testsaig1.gienger.cz/GiengerService.svc/getorder (52ms)
08-15 13:09:20.156 2708 9246 D OkHttp : content-type: application/xml; charset=utf-8
08-15 13:09:20.156 2708 9246 D OkHttp : server: Microsoft-IIS/10.0
08-15 13:09:20.156 2708 9246 D OkHttp : checksum: 42417af53a166e5836979e69720565e8
08-15 13:09:20.157 2708 9246 D OkHttp : x-powered-by: ASP.NET
08-15 13:09:20.157 2708 9246 D OkHttp : date: Wed, 15 Aug 2018 11:09:18 GMT
08-15 13:09:20.157 2708 9246 D OkHttp : content-length: 170642
08-15 13:09:20.157 2708 9246 D OkHttp : <-- END HTTP
08-15 13:09:22.120 2708 9246 D MYINTERCEPTOR: /GiengerService.svc/getorder
08-15 13:09:22.121 2708 9246 D OkHttp : --> POST https://testsaig1.gienger.cz/GiengerService.svc/getorder http/1.1
08-15 13:09:22.121 2708 9246 D OkHttp : Content-Length: 0
08-15 13:09:22.121 2708 9246 D OkHttp : name: 130BT1181109107.xml
08-15 13:09:22.121 2708 9246 D OkHttp : token: c4fe70ea29c5e8adaf8c0e4a7f42c4fc
08-15 13:09:22.121 2708 9246 D OkHttp : --> END POST
08-15 13:09:22.435 2708 9246 D OkHttp : <-- 200 https://testsaig1.gienger.cz/GiengerService.svc/getorder (313ms)
08-15 13:09:22.435 2708 9246 D OkHttp : content-type: application/xml; charset=utf-8
08-15 13:09:22.436 2708 9246 D OkHttp : server: Microsoft-IIS/10.0
08-15 13:09:22.436 2708 9246 D OkHttp : checksum: e16705dc19bc97ff57635744e8474139
08-15 13:09:22.436 2708 9246 D OkHttp : x-powered-by: ASP.NET
08-15 13:09:22.436 2708 9246 D OkHttp : date: Wed, 15 Aug 2018 11:09:21 GMT
08-15 13:09:22.436 2708 9246 D OkHttp : content-length: 179199
08-15 13:09:22.436 2708 9246 D OkHttp : <-- END HTTP
08-15 13:09:22.653 2708 2718 I art : Background partial concurrent mark sweep GC freed 86872(4MB) AllocSpace objects, 60(7MB) LOS objects, 55% free, 9MB/21MB, paused 1.253ms total 152.323ms
08-15 13:09:22.683 2708 9246 D MYINTERCEPTOR: /GiengerService.svc/getorder
08-15 13:09:22.684 2708 9246 D OkHttp : --> POST https://testsaig1.gienger.cz/GiengerService.svc/getorder http/1.1
08-15 13:09:22.684 2708 9246 D OkHttp : Content-Length: 0
08-15 13:09:22.684 2708 9246 D OkHttp : name: 130BT1181109108.xml
08-15 13:09:22.684 2708 9246 D OkHttp : token: c4fe70ea29c5e8adaf8c0e4a7f42c4fc
08-15 13:09:22.684 2708 9246 D OkHttp : --> END POST
08-15 13:09:22.718 2708 9246 D OkHttp : <-- 200 https://testsaig1.gienger.cz/GiengerService.svc/getorder (33ms)
08-15 13:09:22.718 2708 9246 D OkHttp : content-type: application/xml; charset=utf-8
08-15 13:09:22.718 2708 9246 D OkHttp : server: Microsoft-IIS/10.0
08-15 13:09:22.718 2708 9246 D OkHttp : checksum: dc0b7a3eb9c231c887012fad5933bcc8
08-15 13:09:22.718 2708 9246 D OkHttp : x-powered-by: ASP.NET
08-15 13:09:22.718 2708 9246 D OkHttp : date: Wed, 15 Aug 2018 11:09:21 GMT
08-15 13:09:22.719 2708 9246 D OkHttp : content-length: 170009
08-15 13:09:22.719 2708 9246 D OkHttp : <-- END HTTP
08-15 13:09:22.832 2708 9246 D MYINTERCEPTOR: /GiengerService.svc/getorder
08-15 13:09:22.832 2708 9246 D OkHttp : --> POST https://testsaig1.gienger.cz/GiengerService.svc/getorder http/1.1
08-15 13:09:22.833 2708 9246 D OkHttp : Content-Length: 0
08-15 13:09:22.833 2708 9246 D OkHttp : name: 130BT1181109182.xml
08-15 13:09:22.833 2708 9246 D OkHttp : token: c4fe70ea29c5e8adaf8c0e4a7f42c4fc
08-15 13:09:22.833 2708 9246 D OkHttp : --> END POST
08-15 13:09:22.880 2708 9246 D OkHttp : <-- 200 https://testsaig1.gienger.cz/GiengerService.svc/getorder (46ms)
08-15 13:09:22.880 2708 9246 D OkHttp : content-type: application/xml; charset=utf-8
08-15 13:09:22.881 2708 9246 D OkHttp : server: Microsoft-IIS/10.0
08-15 13:09:22.881 2708 9246 D OkHttp : checksum: 170b3ee5f1870c963ba8fb77f6d41dd1
08-15 13:09:22.881 2708 9246 D OkHttp : x-powered-by: ASP.NET
08-15 13:09:22.881 2708 9246 D OkHttp : date: Wed, 15 Aug 2018 11:09:21 GMT
08-15 13:09:22.881 2708 9246 D OkHttp : content-length: 166341
08-15 13:09:22.882 2708 9246 D OkHttp : <-- END HTTP
08-15 13:09:22.964 2708 9246 D MYINTERCEPTOR: /GiengerService.svc/getorder
08-15 13:09:22.965 2708 9246 D OkHttp : --> POST https://testsaig1.gienger.cz/GiengerService.svc/getorder http/1.1
08-15 13:09:22.965 2708 9246 D OkHttp : Content-Length: 0
08-15 13:09:22.965 2708 9246 D OkHttp : name: 130BT1181109332.xml
08-15 13:09:22.965 2708 9246 D OkHttp : token: c4fe70ea29c5e8adaf8c0e4a7f42c4fc
08-15 13:09:22.965 2708 9246 D OkHttp : --> END POST
08-15 13:09:23.015 2708 9246 D OkHttp : <-- 200 https://testsaig1.gienger.cz/GiengerService.svc/getorder (49ms)
08-15 13:09:23.015 2708 9246 D OkHttp : content-type: application/xml; charset=utf-8
08-15 13:09:23.015 2708 9246 D OkHttp : server: Microsoft-IIS/10.0
08-15 13:09:23.016 2708 9246 D OkHttp : checksum: 134c73b9a92dc3c24f4422d655d1dfe7
08-15 13:09:23.016 2708 9246 D OkHttp : x-powered-by: ASP.NET
08-15 13:09:23.016 2708 9246 D OkHttp : date: Wed, 15 Aug 2018 11:09:21 GMT
08-15 13:09:23.016 2708 9246 D OkHttp : content-length: 165397
08-15 13:09:23.016 2708 9246 D OkHttp : <-- END HTTP
08-15 13:09:23.114 2708 9246 D MYINTERCEPTOR: /GiengerService.svc/getorder
08-15 13:09:23.115 2708 9246 D OkHttp : --> POST https://testsaig1.gienger.cz/GiengerService.svc/getorder http/1.1
08-15 13:09:23.115 2708 9246 D OkHttp : Content-Length: 0
08-15 13:09:23.115 2708 9246 D OkHttp : name: 130BT1181109403.xml
08-15 13:09:23.115 2708 9246 D OkHttp : token: c4fe70ea29c5e8adaf8c0e4a7f42c4fc
08-15 13:09:23.115 2708 9246 D OkHttp : --> END POST
08-15 13:09:23.162 2708 9246 D OkHttp : <-- 200 https://testsaig1.gienger.cz/GiengerService.svc/getorder (46ms)
08-15 13:09:23.162 2708 9246 D OkHttp : content-type: application/xml; charset=utf-8
08-15 13:09:23.163 2708 9246 D OkHttp : server: Microsoft-IIS/10.0
08-15 13:09:23.163 2708 9246 D OkHttp : checksum: 5153124dca9f46dda4377b0d13e11c40
08-15 13:09:23.163 2708 9246 D OkHttp : x-powered-by: ASP.NET
08-15 13:09:23.163 2708 9246 D OkHttp : date: Wed, 15 Aug 2018 11:09:21 GMT
08-15 13:09:23.163 2708 9246 D OkHttp : content-length: 169202
08-15 13:09:23.163 2708 9246 D OkHttp : <-- END HTTP
08-15 13:09:23.246 2708 9246 D MYINTERCEPTOR: /GiengerService.svc/getorder
08-15 13:09:23.247 2708 9246 D OkHttp : --> POST https://testsaig1.gienger.cz/GiengerService.svc/getorder http/1.1
08-15 13:09:23.247 2708 9246 D OkHttp : Content-Length: 0
08-15 13:09:23.247 2708 9246 D OkHttp : name: 130BT1181109287.xml
08-15 13:09:23.247 2708 9246 D OkHttp : token: c4fe70ea29c5e8adaf8c0e4a7f42c4fc
08-15 13:09:23.247 2708 9246 D OkHttp : --> END POST
08-15 13:09:23.301 2708 9246 D OkHttp : <-- 200 https://testsaig1.gienger.cz/GiengerService.svc/getorder (53ms)
08-15 13:09:23.302 2708 9246 D OkHttp : content-type: application/xml; charset=utf-8
08-15 13:09:23.302 2708 9246 D OkHttp : server: Microsoft-IIS/10.0
08-15 13:09:23.302 2708 9246 D OkHttp : checksum: b1410205e2dca4e0a45075a7df924dec
08-15 13:09:23.302 2708 9246 D OkHttp : x-powered-by: ASP.NET
08-15 13:09:23.302 2708 9246 D OkHttp : date: Wed, 15 Aug 2018 11:09:22 GMT
08-15 13:09:23.302 2708 9246 D OkHttp : content-length: 167416
08-15 13:09:23.302 2708 9246 D OkHttp : <-- END HTTP
08-15 13:09:23.380 2708 9246 D MYINTERCEPTOR: /GiengerService.svc/getorder
08-15 13:09:23.381 2708 9246 D OkHttp : --> POST https://testsaig1.gienger.cz/GiengerService.svc/getorder http/1.1
08-15 13:09:23.381 2708 9246 D OkHttp : Content-Length: 0
08-15 13:09:23.381 2708 9246 D OkHttp : name: 130BT1182102982.xml
08-15 13:09:23.381 2708 9246 D OkHttp : token: c4fe70ea29c5e8adaf8c0e4a7f42c4fc
08-15 13:09:23.382 2708 9246 D OkHttp : --> END POST
08-15 13:09:23.450 2708 9246 D OkHttp : <-- 200 https://testsaig1.gienger.cz/GiengerService.svc/getorder (68ms)
08-15 13:09:23.450 2708 9246 D OkHttp : content-type: application/xml; charset=utf-8
08-15 13:09:23.450 2708 9246 D OkHttp : server: Microsoft-IIS/10.0
08-15 13:09:23.451 2708 9246 D OkHttp : checksum: df20b9b5da15fbc60f7f86c15e926332
08-15 13:09:23.452 2708 9246 D OkHttp : x-powered-by: ASP.NET
08-15 13:09:23.452 2708 9246 D OkHttp : date: Wed, 15 Aug 2018 11:09:22 GMT
08-15 13:09:23.452 2708 9246 D OkHttp : content-length: 168498
08-15 13:09:23.452 2708 9246 D OkHttp : <-- END HTTP
08-15 13:09:23.565 2708 9246 D MYINTERCEPTOR: /GiengerService.svc/getorder
08-15 13:09:23.567 2708 9246 D OkHttp : --> POST https://testsaig1.gienger.cz/GiengerService.svc/getorder http/1.1
08-15 13:09:23.567 2708 9246 D OkHttp : Content-Length: 0
08-15 13:09:23.567 2708 9246 D OkHttp : name: 130BT1182102988.xml
08-15 13:09:23.567 2708 9246 D OkHttp : token: c4fe70ea29c5e8adaf8c0e4a7f42c4fc
08-15 13:09:23.567 2708 9246 D OkHttp : --> END POST
08-15 13:09:23.640 2708 9246 D OkHttp : <-- 200 https://testsaig1.gienger.cz/GiengerService.svc/getorder (72ms)
08-15 13:09:23.640 2708 9246 D OkHttp : content-type: application/xml; charset=utf-8
08-15 13:09:23.640 2708 9246 D OkHttp : server: Microsoft-IIS/10.0
08-15 13:09:23.641 2708 9246 D OkHttp : checksum: 5506f64782c1d6e9ecce247918561f03
08-15 13:09:23.641 2708 9246 D OkHttp : x-powered-by: ASP.NET
08-15 13:09:23.641 2708 9246 D OkHttp : date: Wed, 15 Aug 2018 11:09:22 GMT
08-15 13:09:23.641 2708 9246 D OkHttp : content-length: 167016
08-15 13:09:23.641 2708 9246 D OkHttp : <-- END HTTP
08-15 13:09:23.747 2708 9246 D MYINTERCEPTOR: /GiengerService.svc/getorder
08-15 13:09:23.749 2708 9246 D OkHttp : --> POST https://testsaig1.gienger.cz/GiengerService.svc/getorder http/1.1
08-15 13:09:23.749 2708 9246 D OkHttp : Content-Length: 0
08-15 13:09:23.749 2708 9246 D OkHttp : name: 130BT1182001878.xml
08-15 13:09:23.749 2708 9246 D OkHttp : token: c4fe70ea29c5e8adaf8c0e4a7f42c4fc
08-15 13:09:23.749 2708 9246 D OkHttp : --> END POST
08-15 13:09:23.804 2708 9246 D OkHttp : <-- 200 https://testsaig1.gienger.cz/GiengerService.svc/getorder (54ms)
08-15 13:09:23.804 2708 9246 D OkHttp : content-type: application/xml; charset=utf-8
08-15 13:09:23.804 2708 9246 D OkHttp : server: Microsoft-IIS/10.0
08-15 13:09:23.804 2708 9246 D OkHttp : checksum: 8b4e6df70c5e690186ced1d936f6f60a
08-15 13:09:23.804 2708 9246 D OkHttp : x-powered-by: ASP.NET
08-15 13:09:23.804 2708 9246 D OkHttp : date: Wed, 15 Aug 2018 11:09:22 GMT
08-15 13:09:23.804 2708 9246 D OkHttp : content-length: 165728
08-15 13:09:23.805 2708 9246 D OkHttp : <-- END HTTP
08-15 13:09:23.903 2708 9246 D MYINTERCEPTOR: /GiengerService.svc/getorder
08-15 13:09:23.904 2708 9246 D OkHttp : --> POST https://testsaig1.gienger.cz/GiengerService.svc/getorder http/1.1
08-15 13:09:23.904 2708 9246 D OkHttp : Content-Length: 0
08-15 13:09:23.904 2708 9246 D OkHttp : name: 130BT1182001880.xml
08-15 13:09:23.904 2708 9246 D OkHttp : token: c4fe70ea29c5e8adaf8c0e4a7f42c4fc
08-15 13:09:23.904 2708 9246 D OkHttp : --> END POST
08-15 13:09:23.995 2708 9246 D OkHttp : <-- 200 https://testsaig1.gienger.cz/GiengerService.svc/getorder (90ms)
08-15 13:09:23.995 2708 9246 D OkHttp : content-type: application/xml; charset=utf-8
08-15 13:09:23.996 2708 9246 D OkHttp : server: Microsoft-IIS/10.0
08-15 13:09:23.996 2708 9246 D OkHttp : checksum: 38cdf987b67bb208d002f42f2dab0b8b
08-15 13:09:23.996 2708 9246 D OkHttp : x-powered-by: ASP.NET
08-15 13:09:23.996 2708 9246 D OkHttp : date: Wed, 15 Aug 2018 11:09:22 GMT
08-15 13:09:23.996 2708 9246 D OkHttp : content-length: 164637
08-15 13:09:23.996 2708 9246 D OkHttp : <-- END HTTP
08-15 13:09:24.073 2708 9246 D MYINTERCEPTOR: /GiengerService.svc/getorder
08-15 13:09:24.074 2708 9246 D OkHttp : --> POST https://testsaig1.gienger.cz/GiengerService.svc/getorder http/1.1
08-15 13:09:24.074 2708 9246 D OkHttp : Content-Length: 0
08-15 13:09:24.074 2708 9246 D OkHttp : name: 130BT1182001874.xml
08-15 13:09:24.074 2708 9246 D OkHttp : token: c4fe70ea29c5e8adaf8c0e4a7f42c4fc
08-15 13:09:24.074 2708 9246 D OkHttp : --> END POST
08-15 13:09:24.455 2708 9246 D OkHttp : <-- 200 https://testsaig1.gienger.cz/GiengerService.svc/getorder (380ms)
08-15 13:09:24.455 2708 9246 D OkHttp : content-type: application/xml; charset=utf-8
08-15 13:09:24.456 2708 9246 D OkHttp : server: Microsoft-IIS/10.0
08-15 13:09:24.456 2708 9246 D OkHttp : checksum: 2568351c7ca1deeef6e1ef21e37da6d2
08-15 13:09:24.456 2708 9246 D OkHttp : x-powered-by: ASP.NET
08-15 13:09:24.456 2708 9246 D OkHttp : date: Wed, 15 Aug 2018 11:09:22 GMT
08-15 13:09:24.456 2708 9246 D OkHttp : content-length: 171262
08-15 13:09:24.456 2708 9246 D OkHttp : <-- END HTTP
08-15 13:09:24.547 2708 9246 D MYINTERCEPTOR: /GiengerService.svc/getorder
08-15 13:09:24.548 2708 9246 D OkHttp : --> POST https://testsaig1.gienger.cz/GiengerService.svc/getorder http/1.1
08-15 13:09:24.548 2708 9246 D OkHttp : Content-Length: 0
08-15 13:09:24.548 2708 9246 D OkHttp : name: 130BT1182001879.xml
08-15 13:09:24.548 2708 9246 D OkHttp : token: c4fe70ea29c5e8adaf8c0e4a7f42c4fc
08-15 13:09:24.548 2708 9246 D OkHttp : --> END POST
08-15 13:09:24.621 2708 9246 D OkHttp : <-- 200 https://testsaig1.gienger.cz/GiengerService.svc/getorder (72ms)
08-15 13:09:24.621 2708 9246 D OkHttp : content-type: application/xml; charset=utf-8
08-15 13:09:24.622 2708 9246 D OkHttp : server: Microsoft-IIS/10.0
08-15 13:09:24.622 2708 9246 D OkHttp : checksum: 097279469a2a8735c24eeaf1c1d280cd
08-15 13:09:24.622 2708 9246 D OkHttp : x-powered-by: ASP.NET
08-15 13:09:24.622 2708 9246 D OkHttp : date: Wed, 15 Aug 2018 11:09:23 GMT
08-15 13:09:24.622 2708 9246 D OkHttp : content-length: 178969
08-15 13:09:24.622 2708 9246 D OkHttp : <-- END HTTP
08-15 13:09:25.084 2708 2708 D ViewRootImpl@bc844c[LoginActivity]: mHardwareRenderer.destroy()#4
08-15 13:09:25.084 2708 2708 D ViewRootImpl@bc844c[LoginActivity]: dispatchDetachedFromWindow
08-15 13:09:25.097 2708 2708 D InputTransport: Input channel destroyed: fd=66
08-15 13:09:25.097 2708 2708 D ViewRootImpl@9c74c16[LoginActivity]: MSG_WINDOW_FOCUS_CHANGED 1
08-15 13:09:25.098 2708 2708 D ViewRootImpl@9c74c16[LoginActivity]: mHardwareRenderer.initializeIfNeeded()#2 mSurface={isValid=true -1839415296}
08-15 13:09:25.099 2708 2708 V InputMethodManager: Starting input: tba=android.view.inputmethod.EditorInfo@781e505 nm : cz.gienger.mobile ic=null
08-15 13:09:25.099 2708 2708 I InputMethodManager: startInputInner - mService.startInputOrWindowGainedFocus
08-15 13:09:25.101 2708 2708 D InputTransport: Input channel constructed: fd=66
08-15 13:09:25.101 2708 2708 D InputTransport: Input channel destroyed: fd=77
08-15 13:09:25.101 2708 2708 E ViewRootImpl: sendUserActionEvent() returned.
08-15 13:09:25.131 2708 2708 D AbsListView: in onLayout changed
08-15 13:09:25.333 2708 2708 D AbsListView: in onLayout changed
08-15 13:09:59.213 2708 2708 V InputMethodManager: Starting input: tba=android.view.inputmethod.EditorInfo@7f2d72f nm : cz.gienger.mobile ic=null
08-15 13:09:59.213 2708 2708 I InputMethodManager: startInputInner - mService.startInputOrWindowGainedFocus
08-15 13:09:59.218 2708 2708 D InputTransport: Input channel constructed: fd=77
08-15 13:09:59.218 2708 2708 D InputTransport: Input channel destroyed: fd=66
08-15 13:10:02.515 2708 2708 V InputMethodManager: Starting input: tba=android.view.inputmethod.EditorInfo@6315bd4 nm : cz.gienger.mobile ic=null
08-15 13:10:02.515 2708 2708 I InputMethodManager: startInputInner - mService.startInputOrWindowGainedFocus
08-15 13:10:02.521 2708 2708 D InputTransport: Input channel constructed: fd=66
08-15 13:10:02.521 2708 2708 D InputTransport: Input channel destroyed: fd=77
08-15 13:10:02.643 2708 2708 D ViewRootImpl@9c74c16[LoginActivity]: MSG_RESIZED_REPORT: frame=Rect(0, 0 - 768, 1024) ci=Rect(0, 24 - 0, 0) vi=Rect(0, 24 - 0, 0) or=1
08-15 13:10:02.660 2708 2708 D ViewRootImpl@9c74c16[LoginActivity]: Relayout returned: oldFrame=[0,0][768,1024] newFrame=[0,0][768,1024] result=0x1 surface={isValid=true -1839415296} surfaceGenerationChanged=false
08-15 13:10:42.881 2708 2708 V InputMethodManager: Starting input: tba=android.view.inputmethod.EditorInfo@6f6e17d nm : cz.gienger.mobile ic=null
08-15 13:10:42.881 2708 2708 I InputMethodManager: startInputInner - mService.startInputOrWindowGainedFocus
08-15 13:10:42.884 2708 2708 D InputTransport: Input channel constructed: fd=77
08-15 13:10:42.884 2708 2708 D InputTransport: Input channel destroyed: fd=66
08-15 13:29:50.001 2708 2708 V InputMethodManager: Starting input: tba=android.view.inputmethod.EditorInfo@3804872 nm : cz.gienger.mobile ic=null
08-15 13:29:50.001 2708 2708 I InputMethodManager: startInputInner - mService.startInputOrWindowGainedFocus
08-15 13:29:50.005 2708 2708 D InputTransport: Input channel constructed: fd=64
08-15 13:29:50.005 2708 2708 D InputTransport: Input channel destroyed: fd=77
08-15 13:29:50.071 2708 2708 D ViewRootImpl@9c74c16[LoginActivity]: MSG_RESIZED_REPORT: frame=Rect(0, 0 - 768, 1024) ci=Rect(0, 24 - 0, 0) vi=Rect(0, 24 - 0, 0) or=1
08-15 13:29:51.614 2708 2708 D ViewRootImpl@9c74c16[LoginActivity]: ViewPostImeInputStage processPointer 0
08-15 13:29:51.657 2708 2708 D AbsListView: reportScrollStateChange() newState : 1
08-15 13:29:52.417 2708 2708 D ViewRootImpl@9c74c16[LoginActivity]: ViewPostImeInputStage processPointer 1
08-15 13:29:52.418 2708 2708 D AbsListView: onTouchUp() mTouchMode : 3
08-15 13:29:52.418 2708 2708 D AbsListView: onTouchUp() TOUCH_MODE_SCROLL initialVelocity : 252
08-15 13:29:52.418 2708 2708 D AbsListView: reportScrollStateChange() newState : 0
08-15 13:30:03.018 2708 2708 D ViewRootImpl@9c74c16[LoginActivity]: ViewPostImeInputStage processPointer 0
08-15 13:30:03.044 2708 2708 D ViewRootImpl@9c74c16[LoginActivity]: ViewPostImeInputStage processPointer 1
08-15 13:30:03.045 2708 2708 D AbsListView: onTouchUp() mTouchMode : 0
08-15 13:30:18.359 2708 2708 D ViewRootImpl@9c74c16[LoginActivity]: ViewPostImeInputStage processPointer 0
08-15 13:30:18.407 2708 2708 D ViewRootImpl@9c74c16[LoginActivity]: ViewPostImeInputStage processPointer 1
08-15 13:30:18.407 2708 2708 D AbsListView: onTouchUp() mTouchMode : 0
08-15 13:30:24.443 2708 2708 D ViewRootImpl@9c74c16[LoginActivity]: ViewPostImeInputStage processKey 0
08-15 13:30:24.808 2708 2708 D ViewRootImpl@9c74c16[LoginActivity]: ViewPostImeInputStage processKey 1
08-15 13:30:24.823 2708 2708 D InputMethodManager: HSIFW - flag : 0 Pid : 2708
08-15 13:30:24.856 2708 2708 D AbsListView: in onLayout changed
08-15 13:31:04.442 2708 2708 V InputMethodManager: Starting input: tba=android.view.inputmethod.EditorInfo@1bde319 nm : cz.gienger.mobile ic=null
08-15 13:31:04.442 2708 2708 I InputMethodManager: startInputInner - mService.startInputOrWindowGainedFocus
08-15 13:31:04.444 2708 2708 D InputTransport: Input channel constructed: fd=66
08-15 13:31:04.444 2708 2708 D InputTransport: Input channel destroyed: fd=64
08-15 13:34:05.452 2708 2708 V InputMethodManager: Starting input: tba=android.view.inputmethod.EditorInfo@7617fde nm : cz.gienger.mobile ic=null
08-15 13:34:05.452 2708 2708 I InputMethodManager: startInputInner - mService.startInputOrWindowGainedFocus
08-15 13:34:05.453 2708 2708 D InputTransport: Input channel constructed: fd=64
08-15 13:34:05.453 2708 2708 D InputTransport: Input channel destroyed: fd=66
08-15 13:34:05.505 2708 2708 D ViewRootImpl@9c74c16[LoginActivity]: MSG_RESIZED_REPORT: frame=Rect(0, 0 - 768, 1024) ci=Rect(0, 24 - 0, 0) vi=Rect(0, 24 - 0, 0) or=1
08-15 13:34:08.144 2708 2708 D ViewRootImpl@9c74c16[LoginActivity]: ViewPostImeInputStage processPointer 0
08-15 13:34:08.213 2708 2708 D ViewRootImpl@9c74c16[LoginActivity]: ViewPostImeInputStage processPointer 1
08-15 13:34:10.863 2708 2708 D ViewRootImpl@9c74c16[LoginActivity]: ViewPostImeInputStage processPointer 0
08-15 13:34:11.021 2708 2708 D ViewRootImpl@9c74c16[LoginActivity]: ViewPostImeInputStage processPointer 1
08-15 13:34:12.715 2708 2708 D ViewRootImpl@9c74c16[LoginActivity]: ViewPostImeInputStage processPointer 0
08-15 13:34:12.880 2708 2708 D ViewRootImpl@9c74c16[LoginActivity]: ViewPostImeInputStage processPointer 1
08-15 13:34:13.650 2708 2708 D ViewRootImpl@9c74c16[LoginActivity]: ViewPostImeInputStage processPointer 0
08-15 13:34:14.037 2708 2708 D ViewRootImpl@9c74c16[LoginActivity]: ViewPostImeInputStage processPointer 1
08-15 13:34:14.038 2708 2708 D AbsListView: onTouchUp() mTouchMode : -1
08-15 13:34:15.379 2708 2708 D ViewRootImpl@9c74c16[LoginActivity]: ViewPostImeInputStage processKey 0
08-15 13:34:15.546 2708 2708 D ViewRootImpl@9c74c16[LoginActivity]: ViewPostImeInputStage processKey 1
08-15 13:34:17.803 2708 2708 D ViewRootImpl@9c74c16[LoginActivity]: ViewPostImeInputStage processKey 0
08-15 13:34:18.100 2708 2708 D ViewRootImpl@9c74c16[LoginActivity]: ViewPostImeInputStage processKey 1
08-15 13:34:18.402 2708 2708 D ViewRootImpl@9c74c16[LoginActivity]: ViewPostImeInputStage processKey 0
08-15 13:34:18.580 2708 2708 D ViewRootImpl@9c74c16[LoginActivity]: ViewPostImeInputStage processKey 1
08-15 13:34:18.676 2708 2708 D ViewRootImpl@9c74c16[LoginActivity]: ViewPostImeInputStage processKey 0
08-15 13:34:18.810 2708 2708 D ViewRootImpl@9c74c16[LoginActivity]: ViewPostImeInputStage processKey 1
08-15 13:34:18.904 2708 2708 D ViewRootImpl@9c74c16[LoginActivity]: ViewPostImeInputStage processKey 0
08-15 13:34:19.063 2708 2708 D ViewRootImpl@9c74c16[LoginActivity]: ViewPostImeInputStage processKey 1
08-15 13:34:19.545 2708 2708 D ViewRootImpl@9c74c16[LoginActivity]: ViewPostImeInputStage processKey 0
08-15 13:34:19.797 2708 2708 D ViewRootImpl@9c74c16[LoginActivity]: ViewPostImeInputStage processKey 1
08-15 13:34:20.201 2708 2708 D ViewRootImpl@9c74c16[LoginActivity]: ViewPostImeInputStage processPointer 0
08-15 13:34:20.381 2708 2708 D ViewRootImpl@9c74c16[LoginActivity]: ViewPostImeInputStage processPointer 1
08-15 13:34:20.565 2708 2708 D ViewRootImpl@9c74c16[LoginActivity]: ViewPostImeInputStage processPointer 0
08-15 13:34:20.758 2708 2708 D ViewRootImpl@9c74c16[LoginActivity]: ViewPostImeInputStage processPointer 1
08-15 13:34:20.882 2708 2708 D ViewRootImpl@9c74c16[LoginActivity]: ViewPostImeInputStage processPointer 0
08-15 13:34:21.030 2708 2708 D ViewRootImpl@9c74c16[LoginActivity]: ViewPostImeInputStage processPointer 1
08-15 13:34:21.136 2708 2708 D ViewRootImpl@9c74c16[LoginActivity]: ViewPostImeInputStage processPointer 0
08-15 13:34:21.305 2708 2708 D ViewRootImpl@9c74c16[LoginActivity]: ViewPostImeInputStage processPointer 1
08-15 13:34:21.564 2708 2708 D ViewRootImpl@9c74c16[LoginActivity]: ViewPostImeInputStage processPointer 0
08-15 13:34:21.613 2708 2708 D ViewRootImpl@9c74c16[LoginActivity]: ViewPostImeInputStage processPointer 1
08-15 13:34:22.176 2708 2708 D ViewRootImpl@9c74c16[LoginActivity]: ViewPostImeInputStage processPointer 0
08-15 13:34:22.246 2708 2708 D ViewRootImpl@9c74c16[LoginActivity]: ViewPostImeInputStage processPointer 1
08-15 13:34:22.247 2708 2708 D AbsListView: onTouchUp() mTouchMode : 0
08-15 13:34:22.389 2708 2708 D ViewRootImpl@9c74c16[LoginActivity]: ViewPostImeInputStage processPointer 0
08-15 13:34:22.444 2708 2708 D ViewRootImpl@9c74c16[LoginActivity]: ViewPostImeInputStage processPointer 1
08-15 13:34:22.445 2708 2708 D AbsListView: onTouchUp() mTouchMode : 0
08-15 13:34:22.574 2708 2708 D ViewRootImpl@9c74c16[LoginActivity]: ViewPostImeInputStage processPointer 0
08-15 13:34:22.644 2708 2708 D ViewRootImpl@9c74c16[LoginActivity]: ViewPostImeInputStage processPointer 1
08-15 13:34:22.645 2708 2708 D AbsListView: onTouchUp() mTouchMode : 0
08-15 13:34:23.928 2708 2708 D ViewRootImpl@9c74c16[LoginActivity]: ViewPostImeInputStage processPointer 0
08-15 13:34:24.011 2708 2708 D ViewRootImpl@9c74c16[LoginActivity]: ViewPostImeInputStage processPointer 1
08-15 13:34:24.033 2708 2708 D ScrollView: initGoToTop
08-15 13:34:24.037 2708 2708 D ScrollView: initGoToTop
08-15 13:34:24.045 2708 2708 D ViewRootImpl@d78b8bc[LoginActivity]: ThreadedRenderer.create() translucent=true
08-15 13:34:24.052 2708 2708 D InputTransport: Input channel constructed: fd=66
08-15 13:34:24.052 2708 2708 D ViewRootImpl@d78b8bc[LoginActivity]: setView = DecorView@2182045[LoginActivity] touchMode=true
08-15 13:34:24.054 2708 9684 D MYINTERCEPTOR: /GiengerService.svc/manifestinfo
08-15 13:34:24.055 2708 2708 D ViewRootImpl@d78b8bc[LoginActivity]: dispatchAttachedToWindow
08-15 13:34:24.055 2708 9684 D OkHttp : --> POST https://testsaig1.gienger.cz/GiengerService.svc/manifestinfo http/1.1
08-15 13:34:24.055 2708 9684 D OkHttp : Content-Length: 0
08-15 13:34:24.055 2708 9684 D OkHttp : state: CZ
08-15 13:34:24.055 2708 9684 D OkHttp : id: B11_trasa_B11-02_ranni_30_07_2018
08-15 13:34:24.055 2708 9684 D OkHttp : token: c4fe70ea29c5e8adaf8c0e4a7f42c4fc
08-15 13:34:24.055 2708 9684 D OkHttp : --> END POST
08-15 13:34:24.076 2708 2708 D ViewRootImpl@d78b8bc[LoginActivity]: Relayout returned: oldFrame=[0,0][0,0] newFrame=[108,466][660,582] result=0x27 surface={isValid=true -1839413248} surfaceGenerationChanged=true
08-15 13:34:24.077 2708 2708 D ViewRootImpl@d78b8bc[LoginActivity]: mHardwareRenderer.initialize() mSurface={isValid=true -1839413248} hwInitialized=true
08-15 13:34:24.090 2708 2708 D ViewRootImpl@d78b8bc[LoginActivity]: MSG_WINDOW_FOCUS_CHANGED 1
08-15 13:34:24.091 2708 2708 D ViewRootImpl@d78b8bc[LoginActivity]: mHardwareRenderer.initializeIfNeeded()#2 mSurface={isValid=true -1839413248}
08-15 13:34:24.104 2708 2708 D ViewRootImpl@d78b8bc[LoginActivity]: MSG_RESIZED_REPORT: frame=Rect(108, 466 - 660, 582) ci=Rect(0, 0 - 0, 0) vi=Rect(0, 0 - 0, 0) or=1
08-15 13:34:24.160 2708 2708 D ViewRootImpl@9c74c16[LoginActivity]: MSG_WINDOW_FOCUS_CHANGED 0
08-15 13:34:25.262 2708 9684 D OkHttp : <-- 200 https://testsaig1.gienger.cz/GiengerService.svc/manifestinfo (1206ms)
08-15 13:34:25.262 2708 9684 D OkHttp : content-type: application/xml; charset=utf-8
08-15 13:34:25.262 2708 9684 D OkHttp : server: Microsoft-IIS/10.0
08-15 13:34:25.262 2708 9684 D OkHttp : x-powered-by: ASP.NET
08-15 13:34:25.263 2708 9684 D OkHttp : date: Wed, 15 Aug 2018 11:34:24 GMT
08-15 13:34:25.263 2708 9684 D OkHttp : content-length: 659
08-15 13:34:25.263 2708 9684 D OkHttp : <-- END HTTP
08-15 13:34:25.291 2708 9692 D MYINTERCEPTOR: /GiengerService.svc/corrections
