08-15 12:39:36.216 2708 2708 D ViewRootImpl@fce8b46[ArticleListActivity]: Relayout returned: oldFrame=[0,0][768,1024] newFrame=[0,0][768,1024] result=0x1 surface={isValid=true -1849475072} surfaceGenerationChanged=false
08-15 12:39:37.783 2708 2708 D ViewRootImpl@8b849cd[ArticleSearchActivity]: ViewPostImeInputStage processPointer 0
08-15 12:39:37.843 2708 2708 D ViewRootImpl@8b849cd[ArticleSearchActivity]: ViewPostImeInputStage processPointer 1
08-15 12:39:37.854 2708 2708 V InputMethodManager: Starting input: tba=android.view.inputmethod.EditorInfo@c239f92 nm : cz.gienger.mobile ic=com.android.internal.widget.EditableInputConnection@2b59d63
08-15 12:39:37.854 2708 2708 I InputMethodManager: startInputInner - mService.startInputOrWindowGainedFocus
08-15 12:39:37.857 2708 2708 D InputTransport: Input channel constructed: fd=91
08-15 12:39:37.857 2708 2708 D InputTransport: Input channel destroyed: fd=79
08-15 12:39:37.857 2708 2708 D InputMethodManager: SSI - flag : 0 Pid : 2708 view : cz.gienger.mobile
08-15 12:39:37.872 2708 2708 W IInputConnectionWrapper: finishComposingText on inactive InputConnection
08-15 12:40:11.443 2708 2708 D ViewRootImpl@8b849cd[ArticleSearchActivity]: ViewPostImeInputStage processPointer 0
08-15 12:40:11.527 2708 2708 D ViewRootImpl@8b849cd[ArticleSearchActivity]: ViewPostImeInputStage processPointer 1
08-15 12:40:11.602 2708 2708 D ViewRootImpl@fce8b46[ArticleListActivity]: MSG_WINDOW_FOCUS_CHANGED 1
08-15 12:40:11.602 2708 2708 D ViewRootImpl@fce8b46[ArticleListActivity]: mHardwareRenderer.initializeIfNeeded()#2 mSurface={isValid=true -1849475072}
08-15 12:40:11.605 2708 2708 V InputMethodManager: Starting input: tba=android.view.inputmethod.EditorInfo@47fafb6 nm : cz.gienger.mobile ic=null
08-15 12:40:11.605 2708 2708 I InputMethodManager: startInputInner - mService.startInputOrWindowGainedFocus
08-15 12:40:11.607 2708 2708 D InputTransport: Input channel constructed: fd=79
08-15 12:40:11.607 2708 2708 D InputTransport: Input channel destroyed: fd=91
08-15 12:40:11.607 2708 2708 D ViewRootImpl@8b849cd[ArticleSearchActivity]: MSG_WINDOW_FOCUS_CHANGED 0
08-15 12:40:11.740 2708 2774 D OpenGLRenderer: endAllActiveAnimators on 0x9185a500 (RippleDrawable) with handle 0x917ff690
08-15 12:40:11.740 2708 2708 D ViewRootImpl@8b849cd[ArticleSearchActivity]: mHardwareRenderer.destroy()#1
08-15 12:40:11.750 2708 2708 D ViewRootImpl@8b849cd[ArticleSearchActivity]: Relayout returned: oldFrame=[38,179][729,510] newFrame=[38,179][729,510] result=0x5 surface={isValid=false 0} surfaceGenerationChanged=true
08-15 12:40:11.752 2708 2708 W IInputConnectionWrapper: finishComposingText on inactive InputConnection
08-15 12:40:11.752 2708 2708 W IInputConnectionWrapper: finishComposingText on inactive InputConnection
08-15 12:40:11.756 2708 2708 D ViewRootImpl@fce8b46[ArticleListActivity]: MSG_RESIZED: frame=Rect(0, 0 - 768, 1024) ci=Rect(0, 24 - 0, 0) vi=Rect(0, 24 - 0, 0) or=1
08-15 12:40:11.778 2708 2708 D ViewRootImpl@fce8b46[ArticleListActivity]: Relayout returned: oldFrame=[0,0][768,1024] newFrame=[0,0][768,1024] result=0x1 surface={isValid=true -1849475072} surfaceGenerationChanged=false
08-15 12:40:11.892 2708 2708 D TextView: SYANI: Clipboard API is calling: clearFilter()
08-15 12:40:11.892 2708 2708 D TextView: SYANI: Clipboard API is calling: unregisterClipboardEventListener()
08-15 12:40:11.895 2708 2708 D TextView: SYANI: Clipboard API is calling: clearFilter()
08-15 12:40:11.895 2708 2708 D TextView: SYANI: Clipboard API is calling: unregisterClipboardEventListener()
08-15 12:40:11.897 2708 2708 D TextView: SYANI: Clipboard API is calling: clearFilter()
08-15 12:40:11.897 2708 2708 D TextView: SYANI: Clipboard API is calling: unregisterClipboardEventListener()
08-15 12:40:11.907 2708 2708 D ViewRootImpl@8b849cd[ArticleSearchActivity]: mHardwareRenderer.destroy()#4
08-15 12:40:11.907 2708 2708 D ViewRootImpl@8b849cd[ArticleSearchActivity]: dispatchDetachedFromWindow
08-15 12:40:11.914 2708 2708 D InputTransport: Input channel destroyed: fd=63
08-15 12:40:17.302 2708 2708 D ViewRootImpl@fce8b46[ArticleListActivity]: ViewPostImeInputStage processPointer 0
08-15 12:40:18.570 2708 2708 D ViewRootImpl@fce8b46[ArticleListActivity]: ViewPostImeInputStage processPointer 1
08-15 12:40:18.989 2708 2708 D ViewRootImpl@fce8b46[ArticleListActivity]: ViewPostImeInputStage processPointer 0
08-15 12:40:19.461 2708 2708 D ViewRootImpl@fce8b46[ArticleListActivity]: ViewPostImeInputStage processPointer 1
08-15 12:40:20.048 2708 2708 D ViewRootImpl@fce8b46[ArticleListActivity]: ViewPostImeInputStage processPointer 0
08-15 12:40:20.138 2708 2708 D ViewRootImpl@fce8b46[ArticleListActivity]: ViewPostImeInputStage processPointer 1
08-15 12:40:20.171 2708 2708 D ViewRootImpl@fce8b46[ArticleListActivity]: MSG_WINDOW_FOCUS_CHANGED 0
08-15 12:40:20.260 2708 2708 D ViewRootImpl@63aa7ae[ArticleSearchActivity]: ThreadedRenderer.create() translucent=true
08-15 12:40:20.264 2708 2708 D InputTransport: Input channel constructed: fd=63
08-15 12:40:20.264 2708 2708 D ViewRootImpl@63aa7ae[ArticleSearchActivity]: setView = DecorView@4a4994f[ArticleSearchActivity] touchMode=true
08-15 12:40:20.278 2708 2708 D ViewRootImpl@63aa7ae[ArticleSearchActivity]: dispatchAttachedToWindow
08-15 12:40:20.313 2708 2708 D ViewRootImpl@63aa7ae[ArticleSearchActivity]: Relayout returned: oldFrame=[0,0][0,0] newFrame=[38,358][729,689] result=0x27 surface={isValid=true -1802721280} surfaceGenerationChanged=true
08-15 12:40:20.313 2708 2708 D ViewRootImpl@63aa7ae[ArticleSearchActivity]: mHardwareRenderer.initialize() mSurface={isValid=true -1802721280} hwInitialized=true
08-15 12:40:20.336 2708 2708 D ViewRootImpl@63aa7ae[ArticleSearchActivity]: MSG_RESIZED_REPORT: frame=Rect(38, 358 - 729, 689) ci=Rect(0, 0 - 0, 0) vi=Rect(0, 0 - 0, 0) or=1
08-15 12:40:20.336 2708 2708 D ViewRootImpl@63aa7ae[ArticleSearchActivity]: MSG_WINDOW_FOCUS_CHANGED 1
08-15 12:40:20.336 2708 2708 D ViewRootImpl@63aa7ae[ArticleSearchActivity]: mHardwareRenderer.initializeIfNeeded()#2 mSurface={isValid=true -1802721280}
08-15 12:40:20.348 2708 2708 V InputMethodManager: Starting input: tba=android.view.inputmethod.EditorInfo@bd6ac37 nm : cz.gienger.mobile ic=com.android.internal.widget.EditableInputConnection@c6a45a4
08-15 12:40:20.349 2708 2708 I InputMethodManager: startInputInner - mService.startInputOrWindowGainedFocus
08-15 12:40:20.360 2708 2708 D InputTransport: Input channel constructed: fd=70
08-15 12:40:20.361 2708 2708 D InputTransport: Input channel destroyed: fd=79
08-15 12:40:20.714 2708 2708 D ViewRootImpl@fce8b46[ArticleListActivity]: MSG_RESIZED: frame=Rect(0, 0 - 768, 1024) ci=Rect(0, 24 - 0, 359) vi=Rect(0, 24 - 0, 359) or=1
08-15 12:40:20.734 2708 2708 D ViewRootImpl@fce8b46[ArticleListActivity]: Relayout returned: oldFrame=[0,0][768,1024] newFrame=[0,0][768,1024] result=0x1 surface={isValid=true -1849475072} surfaceGenerationChanged=false
08-15 12:40:21.353 2708 2708 D ViewRootImpl@63aa7ae[ArticleSearchActivity]: ViewPostImeInputStage processPointer 0
08-15 12:40:21.413 2708 2708 D ViewRootImpl@63aa7ae[ArticleSearchActivity]: ViewPostImeInputStage processPointer 1
08-15 12:40:21.426 2708 2708 V InputMethodManager: Starting input: tba=android.view.inputmethod.EditorInfo@950fe1f nm : cz.gienger.mobile ic=com.android.internal.widget.EditableInputConnection@fe3d56c
08-15 12:40:21.426 2708 2708 I InputMethodManager: startInputInner - mService.startInputOrWindowGainedFocus
08-15 12:40:21.429 2708 2708 D InputTransport: Input channel constructed: fd=91
08-15 12:40:21.429 2708 2708 D InputTransport: Input channel destroyed: fd=70
08-15 12:40:21.429 2708 2708 D InputMethodManager: SSI - flag : 0 Pid : 2708 view : cz.gienger.mobile
08-15 12:40:21.433 2708 2708 W IInputConnectionWrapper: finishComposingText on inactive InputConnection
08-15 12:40:37.717 2708 2708 D ViewRootImpl@63aa7ae[ArticleSearchActivity]: ViewPostImeInputStage processPointer 0
08-15 12:40:37.798 2708 2708 D ViewRootImpl@63aa7ae[ArticleSearchActivity]: ViewPostImeInputStage processPointer 1
08-15 12:40:37.917 2708 2774 D OpenGLRenderer: endAllActiveAnimators on 0x933d9600 (RippleDrawable) with handle 0x942f7260
08-15 12:40:37.917 2708 2708 D ViewRootImpl@63aa7ae[ArticleSearchActivity]: mHardwareRenderer.destroy()#1
08-15 12:40:37.926 2708 2708 D ViewRootImpl@63aa7ae[ArticleSearchActivity]: Relayout returned: oldFrame=[38,179][729,510] newFrame=[38,179][729,510] result=0x5 surface={isValid=false 0} surfaceGenerationChanged=true
08-15 12:40:37.926 2708 2708 D ViewRootImpl@fce8b46[ArticleListActivity]: MSG_WINDOW_FOCUS_CHANGED 1
08-15 12:40:37.927 2708 2708 D ViewRootImpl@fce8b46[ArticleListActivity]: mHardwareRenderer.initializeIfNeeded()#2 mSurface={isValid=true -1849475072}
08-15 12:40:37.929 2708 2708 V InputMethodManager: Starting input: tba=android.view.inputmethod.EditorInfo@1116696 nm : cz.gienger.mobile ic=null
08-15 12:40:37.929 2708 2708 I InputMethodManager: startInputInner - mService.startInputOrWindowGainedFocus
08-15 12:40:37.932 2708 2708 D InputTransport: Input channel constructed: fd=61
08-15 12:40:37.932 2708 2708 D InputTransport: Input channel destroyed: fd=91
08-15 12:40:37.932 2708 2708 D ViewRootImpl@63aa7ae[ArticleSearchActivity]: MSG_WINDOW_FOCUS_CHANGED 0
08-15 12:40:37.949 2708 2708 W IInputConnectionWrapper: finishComposingText on inactive InputConnection
08-15 12:40:37.949 2708 2708 W IInputConnectionWrapper: finishComposingText on inactive InputConnection
08-15 12:40:38.013 2708 2708 D TextView: SYANI: Clipboard API is calling: clearFilter()
08-15 12:40:38.013 2708 2708 D TextView: SYANI: Clipboard API is calling: unregisterClipboardEventListener()
08-15 12:40:38.015 2708 2708 D TextView: SYANI: Clipboard API is calling: clearFilter()
08-15 12:40:38.015 2708 2708 D TextView: SYANI: Clipboard API is calling: unregisterClipboardEventListener()
08-15 12:40:38.017 2708 2708 D TextView: SYANI: Clipboard API is calling: clearFilter()
08-15 12:40:38.017 2708 2708 D TextView: SYANI: Clipboard API is calling: unregisterClipboardEventListener()
08-15 12:40:38.021 2708 2708 D ViewRootImpl@63aa7ae[ArticleSearchActivity]: mHardwareRenderer.destroy()#4
08-15 12:40:38.021 2708 2708 D ViewRootImpl@63aa7ae[ArticleSearchActivity]: dispatchDetachedFromWindow
08-15 12:40:38.028 2708 2708 D InputTransport: Input channel destroyed: fd=63
08-15 12:40:38.031 2708 2708 D ViewRootImpl@fce8b46[ArticleListActivity]: MSG_RESIZED: frame=Rect(0, 0 - 768, 1024) ci=Rect(0, 24 - 0, 0) vi=Rect(0, 24 - 0, 0) or=1
08-15 12:40:38.052 2708 2708 D ViewRootImpl@fce8b46[ArticleListActivity]: Relayout returned: oldFrame=[0,0][768,1024] newFrame=[0,0][768,1024] result=0x1 surface={isValid=true -1849475072} surfaceGenerationChanged=false
08-15 12:40:40.623 2708 2708 D ViewRootImpl@fce8b46[ArticleListActivity]: ViewPostImeInputStage processPointer 0
08-15 12:40:40.656 2708 2708 D ViewRootImpl@fce8b46[ArticleListActivity]: ViewPostImeInputStage processPointer 1
08-15 12:40:40.732 2708 2708 D ViewRootImpl@d34d23a[CategoryListActivity]: Relayout returned: oldFrame=[0,0][768,1024] newFrame=[0,0][768,1024] result=0x7 surface={isValid=true -1802721280} surfaceGenerationChanged=true
08-15 12:40:40.733 2708 2708 D ViewRootImpl@d34d23a[CategoryListActivity]: mHardwareRenderer.initialize() mSurface={isValid=true -1802721280} hwInitialized=true
08-15 12:40:40.753 2708 2708 D ViewRootImpl@d34d23a[CategoryListActivity]: MSG_WINDOW_FOCUS_CHANGED 1
08-15 12:40:40.753 2708 2708 D ViewRootImpl@d34d23a[CategoryListActivity]: mHardwareRenderer.initializeIfNeeded()#2 mSurface={isValid=true -1802721280}
08-15 12:40:40.754 2708 2708 V InputMethodManager: Starting input: tba=android.view.inputmethod.EditorInfo@5f55622 nm : cz.gienger.mobile ic=null
08-15 12:40:40.754 2708 2708 I InputMethodManager: startInputInner - mService.startInputOrWindowGainedFocus
08-15 12:40:40.771 2708 2708 D InputTransport: Input channel constructed: fd=70
08-15 12:40:40.771 2708 2708 D InputTransport: Input channel destroyed: fd=61
08-15 12:40:40.775 2708 2708 D ViewRootImpl@fce8b46[ArticleListActivity]: MSG_WINDOW_FOCUS_CHANGED 0
08-15 12:40:40.816 2708 2774 D OpenGLRenderer: endAllActiveAnimators on 0x93313200 (RippleDrawable) with handle 0x942f7220
08-15 12:40:40.816 2708 2708 D ViewRootImpl@fce8b46[ArticleListActivity]: mHardwareRenderer.destroy()#1
08-15 12:40:40.826 2708 2708 D ViewRootImpl@fce8b46[ArticleListActivity]: Relayout returned: oldFrame=[0,0][768,1024] newFrame=[0,0][768,1024] result=0x5 surface={isValid=false 0} surfaceGenerationChanged=true
08-15 12:40:41.200 2708 2708 D ViewRootImpl@fce8b46[ArticleListActivity]: mHardwareRenderer.destroy()#4
08-15 12:40:41.200 2708 2708 D ViewRootImpl@fce8b46[ArticleListActivity]: dispatchDetachedFromWindow
08-15 12:40:41.208 2708 2708 D InputTransport: Input channel destroyed: fd=66
08-15 12:40:41.529 2708 2708 D ViewRootImpl@d34d23a[CategoryListActivity]: ViewPostImeInputStage processPointer 0
08-15 12:40:41.588 2708 2708 D ViewRootImpl@d34d23a[CategoryListActivity]: ViewPostImeInputStage processPointer 1
08-15 12:40:42.937 2708 2708 D ViewRootImpl@d34d23a[CategoryListActivity]: ViewPostImeInputStage processPointer 0
08-15 12:40:42.995 2708 2708 D ViewRootImpl@d34d23a[CategoryListActivity]: ViewPostImeInputStage processPointer 1
08-15 12:40:43.030 2708 2708 D ViewRootImpl@d34d23a[CategoryListActivity]: MSG_WINDOW_FOCUS_CHANGED 0
08-15 12:40:43.116 2708 2708 D ViewRootImpl@1782251[ArticleSearchActivity]: ThreadedRenderer.create() translucent=true
08-15 12:40:43.119 2708 2708 D InputTransport: Input channel constructed: fd=63
08-15 12:40:43.119 2708 2708 D ViewRootImpl@1782251[ArticleSearchActivity]: setView = DecorView@6417ab6[ArticleSearchActivity] touchMode=true
08-15 12:40:43.129 2708 2708 D ViewRootImpl@1782251[ArticleSearchActivity]: dispatchAttachedToWindow
08-15 12:40:43.161 2708 2708 D ViewRootImpl@1782251[ArticleSearchActivity]: Relayout returned: oldFrame=[0,0][0,0] newFrame=[38,358][729,689] result=0x27 surface={isValid=true -1826209792} surfaceGenerationChanged=true
08-15 12:40:43.161 2708 2708 D ViewRootImpl@1782251[ArticleSearchActivity]: mHardwareRenderer.initialize() mSurface={isValid=true -1826209792} hwInitialized=true
08-15 12:40:43.185 2708 2708 D ViewRootImpl@1782251[ArticleSearchActivity]: MSG_RESIZED_REPORT: frame=Rect(38, 358 - 729, 689) ci=Rect(0, 0 - 0, 0) vi=Rect(0, 0 - 0, 0) or=1
08-15 12:40:43.185 2708 2708 D ViewRootImpl@1782251[ArticleSearchActivity]: MSG_WINDOW_FOCUS_CHANGED 1
08-15 12:40:43.185 2708 2708 D ViewRootImpl@1782251[ArticleSearchActivity]: mHardwareRenderer.initializeIfNeeded()#2 mSurface={isValid=true -1826209792}
08-15 12:40:43.198 2708 2708 V InputMethodManager: Starting input: tba=android.view.inputmethod.EditorInfo@9e3533e nm : cz.gienger.mobile ic=com.android.internal.widget.EditableInputConnection@91b859f
08-15 12:40:43.198 2708 2708 I InputMethodManager: startInputInner - mService.startInputOrWindowGainedFocus
08-15 12:40:43.206 2708 2708 D InputTransport: Input channel constructed: fd=66
08-15 12:40:43.206 2708 2708 D InputTransport: Input channel destroyed: fd=70
08-15 12:40:43.565 2708 2708 D ViewRootImpl@d34d23a[CategoryListActivity]: MSG_RESIZED: frame=Rect(0, 0 - 768, 1024) ci=Rect(0, 24 - 0, 359) vi=Rect(0, 24 - 0, 359) or=1
08-15 12:40:43.584 2708 2708 D ViewRootImpl@d34d23a[CategoryListActivity]: Relayout returned: oldFrame=[0,0][768,1024] newFrame=[0,0][768,1024] result=0x1 surface={isValid=true -1802721280} surfaceGenerationChanged=false
08-15 12:40:44.210 2708 2708 D ViewRootImpl@1782251[ArticleSearchActivity]: ViewPostImeInputStage processPointer 0
08-15 12:40:44.288 2708 2708 D ViewRootImpl@1782251[ArticleSearchActivity]: ViewPostImeInputStage processPointer 1
08-15 12:40:44.301 2708 2708 V InputMethodManager: Starting input: tba=android.view.inputmethod.EditorInfo@244f9dd nm : cz.gienger.mobile ic=com.android.internal.widget.EditableInputConnection@96de952
08-15 12:40:44.301 2708 2708 I InputMethodManager: startInputInner - mService.startInputOrWindowGainedFocus
08-15 12:40:44.304 2708 2708 D InputTransport: Input channel constructed: fd=86
08-15 12:40:44.304 2708 2708 D InputTransport: Input channel destroyed: fd=66
08-15 12:40:44.304 2708 2708 D InputMethodManager: SSI - flag : 0 Pid : 2708 view : cz.gienger.mobile
08-15 12:40:44.308 2708 2708 W IInputConnectionWrapper: finishComposingText on inactive InputConnection
08-15 12:40:50.657 2708 2708 D ViewRootImpl@1782251[ArticleSearchActivity]: ViewPostImeInputStage processPointer 0
08-15 12:40:50.736 2708 2708 D ViewRootImpl@1782251[ArticleSearchActivity]: ViewPostImeInputStage processPointer 1
08-15 12:40:50.842 2708 2708 D ViewRootImpl@d34d23a[CategoryListActivity]: MSG_WINDOW_FOCUS_CHANGED 1
08-15 12:40:50.843 2708 2708 D ViewRootImpl@d34d23a[CategoryListActivity]: mHardwareRenderer.initializeIfNeeded()#2 mSurface={isValid=true -1802721280}
08-15 12:40:50.845 2708 2708 V InputMethodManager: Starting input: tba=android.view.inputmethod.EditorInfo@90c3f7f nm : cz.gienger.mobile ic=null
08-15 12:40:50.845 2708 2708 I InputMethodManager: startInputInner - mService.startInputOrWindowGainedFocus
08-15 12:40:50.848 2708 2708 D InputTransport: Input channel constructed: fd=70
08-15 12:40:50.848 2708 2708 D InputTransport: Input channel destroyed: fd=86
08-15 12:40:50.848 2708 2708 D ViewRootImpl@1782251[ArticleSearchActivity]: MSG_WINDOW_FOCUS_CHANGED 0
08-15 12:40:50.898 2708 2774 D OpenGLRenderer: endAllActiveAnimators on 0x93233a80 (RippleDrawable) with handle 0x94d62210
08-15 12:40:50.898 2708 2708 D ViewRootImpl@1782251[ArticleSearchActivity]: mHardwareRenderer.destroy()#1
08-15 12:40:50.909 2708 2708 D ViewRootImpl@1782251[ArticleSearchActivity]: Relayout returned: oldFrame=[38,179][729,510] newFrame=[38,179][729,510] result=0x5 surface={isValid=false 0} surfaceGenerationChanged=true
08-15 12:40:50.916 2708 2708 D ViewRootImpl@d34d23a[CategoryListActivity]: MSG_WINDOW_FOCUS_CHANGED 0
08-15 12:40:50.947 2708 2708 W IInputConnectionWrapper: finishComposingText on inactive InputConnection
08-15 12:40:50.949 2708 2708 W IInputConnectionWrapper: finishComposingText on inactive InputConnection
08-15 12:40:50.949 2708 2708 D ViewRootImpl@d34d23a[CategoryListActivity]: MSG_RESIZED: frame=Rect(0, 0 - 768, 1024) ci=Rect(0, 24 - 0, 0) vi=Rect(0, 24 - 0, 0) or=1
08-15 12:40:51.024 2708 2708 D ViewRootImpl@470ab80[ArticleListActivity]: ThreadedRenderer.create() translucent=false
08-15 12:40:51.028 2708 2708 D InputTransport: Input channel constructed: fd=61
08-15 12:40:51.028 2708 2708 D ViewRootImpl@470ab80[ArticleListActivity]: setView = DecorView@d3a35b9[ArticleListActivity] touchMode=true
08-15 12:40:51.041 2708 2708 D TextView: SYANI: Clipboard API is calling: clearFilter()
08-15 12:40:51.041 2708 2708 D TextView: SYANI: Clipboard API is calling: unregisterClipboardEventListener()
08-15 12:40:51.043 2708 2708 D TextView: SYANI: Clipboard API is calling: clearFilter()
08-15 12:40:51.043 2708 2708 D TextView: SYANI: Clipboard API is calling: unregisterClipboardEventListener()
08-15 12:40:51.046 2708 2708 D TextView: SYANI: Clipboard API is calling: clearFilter()
08-15 12:40:51.046 2708 2708 D TextView: SYANI: Clipboard API is calling: unregisterClipboardEventListener()
08-15 12:40:51.050 2708 2708 D ViewRootImpl@1782251[ArticleSearchActivity]: mHardwareRenderer.destroy()#4
08-15 12:40:51.050 2708 2708 D ViewRootImpl@1782251[ArticleSearchActivity]: dispatchDetachedFromWindow
08-15 12:40:51.061 2708 2708 D InputTransport: Input channel destroyed: fd=63
08-15 12:40:51.070 2708 2708 D ViewRootImpl@d34d23a[CategoryListActivity]: Relayout returned: oldFrame=[0,0][768,1024] newFrame=[0,0][768,1024] result=0x3 surface={isValid=true -1802721280} surfaceGenerationChanged=false
08-15 12:40:51.103 2708 2708 D ViewRootImpl@470ab80[ArticleListActivity]: dispatchAttachedToWindow
08-15 12:40:51.133 2708 2708 D ViewRootImpl@470ab80[ArticleListActivity]: Relayout returned: oldFrame=[0,0][0,0] newFrame=[0,0][768,1024] result=0x7 surface={isValid=true -1798150144} surfaceGenerationChanged=true
08-15 12:40:51.133 2708 2708 D ViewRootImpl@470ab80[ArticleListActivity]: mHardwareRenderer.initialize() mSurface={isValid=true -1798150144} hwInitialized=true
08-15 12:40:51.177 2708 2708 D ViewRootImpl@470ab80[ArticleListActivity]: MSG_RESIZED_REPORT: frame=Rect(0, 0 - 768, 1024) ci=Rect(0, 24 - 0, 0) vi=Rect(0, 24 - 0, 0) or=1
08-15 12:40:51.178 2708 2708 D ViewRootImpl@470ab80[ArticleListActivity]: MSG_WINDOW_FOCUS_CHANGED 1
08-15 12:40:51.178 2708 2708 D ViewRootImpl@470ab80[ArticleListActivity]: mHardwareRenderer.initializeIfNeeded()#2 mSurface={isValid=true -1798150144}
08-15 12:40:51.179 2708 2708 V InputMethodManager: Starting input: tba=android.view.inputmethod.EditorInfo@dfb3c7b nm : cz.gienger.mobile ic=null
08-15 12:40:51.179 2708 2708 I InputMethodManager: startInputInner - mService.startInputOrWindowGainedFocus
08-15 12:40:51.180 2708 2708 D InputTransport: Input channel constructed: fd=82
08-15 12:40:51.180 2708 2708 D InputTransport: Input channel destroyed: fd=70
08-15 12:40:51.222 2708 2708 D ViewRootImpl@d34d23a[CategoryListActivity]: mHardwareRenderer.destroy()#1
08-15 12:40:51.240 2708 2708 D ViewRootImpl@d34d23a[CategoryListActivity]: Relayout returned: oldFrame=[0,0][768,1024] newFrame=[0,0][768,1024] result=0x5 surface={isValid=false 0} surfaceGenerationChanged=true
08-15 12:40:51.612 2708 2708 D ViewRootImpl@d34d23a[CategoryListActivity]: Relayout returned: oldFrame=[0,0][768,1024] newFrame=[0,0][768,1024] result=0x5 surface={isValid=false 0} surfaceGenerationChanged=false
08-15 12:40:58.194 2708 2708 D ViewRootImpl@470ab80[ArticleListActivity]: ViewPostImeInputStage processPointer 0
08-15 12:40:58.230 2708 2708 D ViewRootImpl@470ab80[ArticleListActivity]: ViewPostImeInputStage processPointer 1
08-15 12:40:58.305 2708 2708 D ViewRootImpl@d34d23a[CategoryListActivity]: Relayout returned: oldFrame=[0,0][768,1024] newFrame=[0,0][768,1024] result=0x7 surface={isValid=true -1802721280} surfaceGenerationChanged=true
08-15 12:40:58.306 2708 2708 D ViewRootImpl@d34d23a[CategoryListActivity]: mHardwareRenderer.initialize() mSurface={isValid=true -1802721280} hwInitialized=true
08-15 12:40:58.333 2708 2708 D ViewRootImpl@d34d23a[CategoryListActivity]: MSG_WINDOW_FOCUS_CHANGED 1
08-15 12:40:58.334 2708 2708 D ViewRootImpl@d34d23a[CategoryListActivity]: mHardwareRenderer.initializeIfNeeded()#2 mSurface={isValid=true -1802721280}
08-15 12:40:58.336 2708 2708 V InputMethodManager: Starting input: tba=android.view.inputmethod.EditorInfo@de59844 nm : cz.gienger.mobile ic=null
08-15 12:40:58.336 2708 2708 I InputMethodManager: startInputInner - mService.startInputOrWindowGainedFocus
08-15 12:40:58.352 2708 2708 D InputTransport: Input channel constructed: fd=66
08-15 12:40:58.352 2708 2708 D InputTransport: Input channel destroyed: fd=82
08-15 12:40:58.354 2708 2708 D ViewRootImpl@470ab80[ArticleListActivity]: MSG_WINDOW_FOCUS_CHANGED 0
08-15 12:40:58.386 2708 2774 D OpenGLRenderer: endAllActiveAnimators on 0x918c2a00 (RippleDrawable) with handle 0x94d62900
08-15 12:40:58.386 2708 2708 D ViewRootImpl@470ab80[ArticleListActivity]: mHardwareRenderer.destroy()#1
08-15 12:40:58.394 2708 2708 D ViewRootImpl@470ab80[ArticleListActivity]: Relayout returned: oldFrame=[0,0][768,1024] newFrame=[0,0][768,1024] result=0x5 surface={isValid=false 0} surfaceGenerationChanged=true
08-15 12:40:58.811 2708 2708 D ViewRootImpl@470ab80[ArticleListActivity]: mHardwareRenderer.destroy()#4
08-15 12:40:58.811 2708 2708 D ViewRootImpl@470ab80[ArticleListActivity]: dispatchDetachedFromWindow
08-15 12:40:58.819 2708 2708 D InputTransport: Input channel destroyed: fd=61
08-15 12:40:59.977 2708 2708 D ViewRootImpl@d34d23a[CategoryListActivity]: ViewPostImeInputStage processPointer 0
08-15 12:41:00.046 2708 2708 D ViewRootImpl@d34d23a[CategoryListActivity]: ViewPostImeInputStage processPointer 1
08-15 12:41:00.090 2708 2708 D ViewRootImpl@d34d23a[CategoryListActivity]: MSG_WINDOW_FOCUS_CHANGED 0
08-15 12:41:00.190 2708 2708 D ViewRootImpl@29a4027[ArticleSearchActivity]: ThreadedRenderer.create() translucent=true
08-15 12:41:00.193 2708 2708 D InputTransport: Input channel constructed: fd=63
08-15 12:41:00.194 2708 2708 D ViewRootImpl@29a4027[ArticleSearchActivity]: setView = DecorView@6362d4[ArticleSearchActivity] touchMode=true
08-15 12:41:00.207 2708 2708 D ViewRootImpl@29a4027[ArticleSearchActivity]: dispatchAttachedToWindow
08-15 12:41:00.251 2708 2708 D ViewRootImpl@29a4027[ArticleSearchActivity]: Relayout returned: oldFrame=[0,0][0,0] newFrame=[38,358][729,689] result=0x27 surface={isValid=true -1797844992} surfaceGenerationChanged=true
08-15 12:41:00.278 2708 2708 D ViewRootImpl@29a4027[ArticleSearchActivity]: mHardwareRenderer.initialize() mSurface={isValid=true -1797844992} hwInitialized=true
08-15 12:41:00.312 2708 2718 I art : Background partial concurrent mark sweep GC freed 139938(7MB) AllocSpace objects, 9(260KB) LOS objects, 53% free, 10MB/22MB, paused 1.462ms total 138.813ms
08-15 12:41:00.313 2708 2708 D ViewRootImpl@29a4027[ArticleSearchActivity]: MSG_RESIZED_REPORT: frame=Rect(38, 358 - 729, 689) ci=Rect(0, 0 - 0, 0) vi=Rect(0, 0 - 0, 0) or=1
08-15 12:41:00.313 2708 2708 D ViewRootImpl@29a4027[ArticleSearchActivity]: MSG_WINDOW_FOCUS_CHANGED 1
08-15 12:41:00.313 2708 2708 D ViewRootImpl@29a4027[ArticleSearchActivity]: mHardwareRenderer.initializeIfNeeded()#2 mSurface={isValid=true -1797844992}
08-15 12:41:00.324 2708 2708 V InputMethodManager: Starting input: tba=android.view.inputmethod.EditorInfo@2c0949c nm : cz.gienger.mobile ic=com.android.internal.widget.EditableInputConnection@5eefea5
08-15 12:41:00.325 2708 2708 I InputMethodManager: startInputInner - mService.startInputOrWindowGainedFocus
08-15 12:41:00.337 2708 2708 D InputTransport: Input channel constructed: fd=69
08-15 12:41:00.337 2708 2708 D InputTransport: Input channel destroyed: fd=66
08-15 12:41:00.685 2708 2708 D ViewRootImpl@d34d23a[CategoryListActivity]: MSG_RESIZED: frame=Rect(0, 0 - 768, 1024) ci=Rect(0, 24 - 0, 359) vi=Rect(0, 24 - 0, 359) or=1
08-15 12:41:00.702 2708 2708 D ViewRootImpl@d34d23a[CategoryListActivity]: Relayout returned: oldFrame=[0,0][768,1024] newFrame=[0,0][768,1024] result=0x1 surface={isValid=true -1802721280} surfaceGenerationChanged=false
08-15 12:41:01.420 2708 2708 D ViewRootImpl@29a4027[ArticleSearchActivity]: ViewPostImeInputStage processPointer 0
08-15 12:41:01.469 2708 2708 D ViewRootImpl@29a4027[ArticleSearchActivity]: ViewPostImeInputStage processPointer 1
08-15 12:41:01.480 2708 2708 V InputMethodManager: Starting input: tba=android.view.inputmethod.EditorInfo@da156f7 nm : cz.gienger.mobile ic=com.android.internal.widget.EditableInputConnection@3b7964
08-15 12:41:01.480 2708 2708 I InputMethodManager: startInputInner - mService.startInputOrWindowGainedFocus
08-15 12:41:01.482 2708 2708 D InputTransport: Input channel constructed: fd=83
08-15 12:41:01.482 2708 2708 D InputTransport: Input channel destroyed: fd=69
08-15 12:41:01.483 2708 2708 D InputMethodManager: SSI - flag : 0 Pid : 2708 view : cz.gienger.mobile
08-15 12:41:01.488 2708 2708 W IInputConnectionWrapper: finishComposingText on inactive InputConnection
08-15 12:41:03.879 2708 2708 D ViewRootImpl@29a4027[ArticleSearchActivity]: ViewPostImeInputStage processPointer 0
08-15 12:41:03.951 2708 2708 D ViewRootImpl@29a4027[ArticleSearchActivity]: ViewPostImeInputStage processPointer 1
08-15 12:41:04.034 2708 2708 D ViewRootImpl@d34d23a[CategoryListActivity]: MSG_WINDOW_FOCUS_CHANGED 1
08-15 12:41:04.035 2708 2708 D ViewRootImpl@d34d23a[CategoryListActivity]: mHardwareRenderer.initializeIfNeeded()#2 mSurface={isValid=true -1802721280}
08-15 12:41:04.042 2708 2708 V InputMethodManager: Starting input: tba=android.view.inputmethod.EditorInfo@ada90fc nm : cz.gienger.mobile ic=null
08-15 12:41:04.042 2708 2708 I InputMethodManager: startInputInner - mService.startInputOrWindowGainedFocus
08-15 12:41:04.045 2708 2708 D InputTransport: Input channel constructed: fd=85
08-15 12:41:04.045 2708 2708 D InputTransport: Input channel destroyed: fd=83
08-15 12:41:04.045 2708 2708 D ViewRootImpl@29a4027[ArticleSearchActivity]: MSG_WINDOW_FOCUS_CHANGED 0
08-15 12:41:04.091 2708 2774 D OpenGLRenderer: endAllActiveAnimators on 0x918d7c80 (RippleDrawable) with handle 0x917d3430
08-15 12:41:04.091 2708 2708 D ViewRootImpl@29a4027[ArticleSearchActivity]: mHardwareRenderer.destroy()#1
08-15 12:41:04.103 2708 2708 D ViewRootImpl@29a4027[ArticleSearchActivity]: Relayout returned: oldFrame=[38,179][729,510] newFrame=[38,179][729,510] result=0x5 surface={isValid=false 0} surfaceGenerationChanged=true
08-15 12:41:04.143 2708 2708 D ViewRootImpl@d34d23a[CategoryListActivity]: MSG_WINDOW_FOCUS_CHANGED 0
08-15 12:41:04.144 2708 2708 W IInputConnectionWrapper: finishComposingText on inactive InputConnection
08-15 12:41:04.145 2708 2708 W IInputConnectionWrapper: finishComposingText on inactive InputConnection
08-15 12:41:04.147 2708 2708 D ViewRootImpl@d34d23a[CategoryListActivity]: MSG_RESIZED: frame=Rect(0, 0 - 768, 1024) ci=Rect(0, 24 - 0, 0) vi=Rect(0, 24 - 0, 0) or=1
08-15 12:41:04.153 2708 2708 D Graph : removeVertex() : insertDummyVertex, because there is no ancestor.
08-15 12:41:04.226 2708 2708 D ViewRootImpl@79d19eb[ArticleListActivity]: ThreadedRenderer.create() translucent=false
08-15 12:41:04.228 2708 2708 D InputTransport: Input channel constructed: fd=61
08-15 12:41:04.229 2708 2708 D ViewRootImpl@79d19eb[ArticleListActivity]: setView = DecorView@28bd348[ArticleListActivity] touchMode=true
08-15 12:41:04.240 2708 2708 D TextView: SYANI: Clipboard API is calling: clearFilter()
08-15 12:41:04.240 2708 2708 D TextView: SYANI: Clipboard API is calling: unregisterClipboardEventListener()
08-15 12:41:04.242 2708 2708 D TextView: SYANI: Clipboard API is calling: clearFilter()
08-15 12:41:04.243 2708 2708 D TextView: SYANI: Clipboard API is calling: unregisterClipboardEventListener()
08-15 12:41:04.245 2708 2708 D TextView: SYANI: Clipboard API is calling: clearFilter()
08-15 12:41:04.245 2708 2708 D TextView: SYANI: Clipboard API is calling: unregisterClipboardEventListener()
08-15 12:41:04.253 2708 2708 D ViewRootImpl@29a4027[ArticleSearchActivity]: mHardwareRenderer.destroy()#4
08-15 12:41:04.254 2708 2708 D ViewRootImpl@29a4027[ArticleSearchActivity]: dispatchDetachedFromWindow
08-15 12:41:04.261 2708 2708 D InputTransport: Input channel destroyed: fd=63
08-15 12:41:04.271 2708 2708 D ViewRootImpl@d34d23a[CategoryListActivity]: Relayout returned: oldFrame=[0,0][768,1024] newFrame=[0,0][768,1024] result=0x3 surface={isValid=true -1802721280} surfaceGenerationChanged=false
08-15 12:41:04.311 2708 2708 D ViewRootImpl@79d19eb[ArticleListActivity]: dispatchAttachedToWindow
08-15 12:41:04.329 2708 2708 D ViewRootImpl@79d19eb[ArticleListActivity]: Relayout returned: oldFrame=[0,0][0,0] newFrame=[0,0][768,1024] result=0x7 surface={isValid=true -1853120512} surfaceGenerationChanged=true
08-15 12:41:04.329 2708 2708 D ViewRootImpl@79d19eb[ArticleListActivity]: mHardwareRenderer.initialize() mSurface={isValid=true -1853120512} hwInitialized=true
08-15 12:41:04.569 2708 2708 D ViewRootImpl@79d19eb[ArticleListActivity]: MSG_RESIZED_REPORT: frame=Rect(0, 0 - 768, 1024) ci=Rect(0, 24 - 0, 0) vi=Rect(0, 24 - 0, 0) or=1
08-15 12:41:04.569 2708 2708 D ViewRootImpl@79d19eb[ArticleListActivity]: MSG_WINDOW_FOCUS_CHANGED 1
08-15 12:41:04.570 2708 2708 D ViewRootImpl@79d19eb[ArticleListActivity]: mHardwareRenderer.initializeIfNeeded()#2 mSurface={isValid=true -1853120512}
08-15 12:41:04.571 2708 2708 V InputMethodManager: Starting input: tba=android.view.inputmethod.EditorInfo@e11ce4c nm : cz.gienger.mobile ic=null
08-15 12:41:04.571 2708 2708 I InputMethodManager: startInputInner - mService.startInputOrWindowGainedFocus
08-15 12:41:04.575 2708 2708 D InputTransport: Input channel constructed: fd=75
08-15 12:41:04.575 2708 2708 D InputTransport: Input channel destroyed: fd=85
08-15 12:41:04.648 2708 2708 D ViewRootImpl@d34d23a[CategoryListActivity]: mHardwareRenderer.destroy()#1
08-15 12:41:04.660 2708 2708 D ViewRootImpl@d34d23a[CategoryListActivity]: Relayout returned: oldFrame=[0,0][768,1024] newFrame=[0,0][768,1024] result=0x5 surface={isValid=false 0} surfaceGenerationChanged=true
08-15 12:41:04.991 2708 2708 D ViewRootImpl@d34d23a[CategoryListActivity]: Relayout returned: oldFrame=[0,0][768,1024] newFrame=[0,0][768,1024] result=0x5 surface={isValid=false 0} surfaceGenerationChanged=false
08-15 12:41:08.755 2708 2708 D ViewRootImpl@79d19eb[ArticleListActivity]: ViewPostImeInputStage processPointer 0
08-15 12:41:08.827 2708 2708 D ViewRootImpl@79d19eb[ArticleListActivity]: ViewPostImeInputStage processPointer 1
08-15 12:41:10.027 2708 2708 D ViewRootImpl@79d19eb[ArticleListActivity]: ViewPostImeInputStage processPointer 0
08-15 12:41:10.139 2708 2708 D ViewRootImpl@79d19eb[ArticleListActivity]: ViewPostImeInputStage processPointer 1
08-15 12:41:10.171 2708 2708 D ViewRootImpl@79d19eb[ArticleListActivity]: MSG_WINDOW_FOCUS_CHANGED 0
08-15 12:41:10.266 2708 2708 D ViewRootImpl@d65eb3c[AddArticleToCartActivity]: ThreadedRenderer.create() translucent=false
08-15 12:41:10.271 2708 2708 D InputTransport: Input channel constructed: fd=66
08-15 12:41:10.272 2708 2708 D ViewRootImpl@d65eb3c[AddArticleToCartActivity]: setView = DecorView@e79a0c5[AddArticleToCartActivity] touchMode=true
08-15 12:41:10.276 2708 2708 D ViewRootImpl@d65eb3c[AddArticleToCartActivity]: dispatchAttachedToWindow
08-15 12:41:10.308 2708 2708 D ViewRootImpl@d65eb3c[AddArticleToCartActivity]: Relayout returned: oldFrame=[0,0][0,0] newFrame=[0,0][768,1024] result=0x27 surface={isValid=true -1849278464} surfaceGenerationChanged=true
08-15 12:41:10.309 2708 2708 D ViewRootImpl@d65eb3c[AddArticleToCartActivity]: mHardwareRenderer.initialize() mSurface={isValid=true -1849278464} hwInitialized=true
08-15 12:41:10.360 2708 2708 D ViewRootImpl@d65eb3c[AddArticleToCartActivity]: MSG_RESIZED_REPORT: frame=Rect(0, 0 - 768, 1024) ci=Rect(0, 24 - 0, 0) vi=Rect(0, 24 - 0, 0) or=1
08-15 12:41:10.360 2708 2708 D ViewRootImpl@d65eb3c[AddArticleToCartActivity]: MSG_WINDOW_FOCUS_CHANGED 1
08-15 12:41:10.360 2708 2708 D ViewRootImpl@d65eb3c[AddArticleToCartActivity]: mHardwareRenderer.initializeIfNeeded()#2 mSurface={isValid=true -1849278464}
08-15 12:41:10.371 2708 2708 V InputMethodManager: Starting input: tba=android.view.inputmethod.EditorInfo@8989b6c nm : cz.gienger.mobile ic=com.android.internal.widget.EditableInputConnection@9dd4535
08-15 12:41:10.371 2708 2708 I InputMethodManager: startInputInner - mService.startInputOrWindowGainedFocus
08-15 12:41:10.391 2708 2708 D InputTransport: Input channel constructed: fd=67
08-15 12:41:10.391 2708 2708 D InputTransport: Input channel destroyed: fd=75
08-15 12:41:10.432 2708 2774 D OpenGLRenderer: endAllActiveAnimators on 0x91b27200 (RippleDrawable) with handle 0x92012110
08-15 12:41:10.432 2708 2708 D ViewRootImpl@79d19eb[ArticleListActivity]: mHardwareRenderer.destroy()#1
08-15 12:41:10.441 2708 2708 D ViewRootImpl@79d19eb[ArticleListActivity]: Relayout returned: oldFrame=[0,0][768,1024] newFrame=[0,0][768,1024] result=0x5 surface={isValid=false 0} surfaceGenerationChanged=true
08-15 12:41:10.704 2708 2708 D ViewRootImpl@d65eb3c[AddArticleToCartActivity]: MSG_RESIZED: frame=Rect(0, 0 - 768, 1024) ci=Rect(0, 24 - 0, 0) vi=Rect(0, 24 - 0, 320) or=1
08-15 12:41:10.839 2708 2708 D ViewRootImpl@79d19eb[ArticleListActivity]: Relayout returned: oldFrame=[0,0][768,1024] newFrame=[0,0][768,1024] result=0x5 surface={isValid=false 0} surfaceGenerationChanged=false
08-15 12:41:12.489 2708 2708 D ViewRootImpl@d65eb3c[AddArticleToCartActivity]: ViewPostImeInputStage processPointer 0
08-15 12:41:12.557 2708 2708 D ViewRootImpl@d65eb3c[AddArticleToCartActivity]: ViewPostImeInputStage processPointer 1
08-15 12:41:12.561 2708 2708 V InputMethodManager: Starting input: tba=android.view.inputmethod.EditorInfo@2ffc96 nm : cz.gienger.mobile ic=com.android.internal.widget.EditableInputConnection@5687017
08-15 12:41:12.561 2708 2708 I InputMethodManager: startInputInner - mService.startInputOrWindowGainedFocus
08-15 12:41:12.563 2708 2708 D InputTransport: Input channel constructed: fd=74
08-15 12:41:12.563 2708 2708 D InputTransport: Input channel destroyed: fd=67
08-15 12:41:12.630 2708 2708 D ViewRootImpl@79d19eb[ArticleListActivity]: mHardwareRenderer.destroy()#1
08-15 12:41:12.640 2708 2708 D ViewRootImpl@79d19eb[ArticleListActivity]: Relayout returned: oldFrame=[0,0][768,1024] newFrame=[0,0][768,1024] result=0x1 surface={isValid=false 0} surfaceGenerationChanged=false
08-15 12:41:12.677 2708 2708 D ViewRootImpl@79d19eb[ArticleListActivity]: Relayout returned: oldFrame=[0,0][768,1024] newFrame=[0,0][768,1024] result=0x7 surface={isValid=true -1853120512} surfaceGenerationChanged=true
08-15 12:41:12.678 2708 2708 D ViewRootImpl@79d19eb[ArticleListActivity]: mHardwareRenderer.initialize() mSurface={isValid=true -1853120512} hwInitialized=true
08-15 12:41:12.744 2708 2708 D ViewRootImpl@d65eb3c[AddArticleToCartActivity]: MSG_WINDOW_FOCUS_CHANGED 0
08-15 12:41:12.748 2708 2708 D ViewRootImpl@79d19eb[ArticleListActivity]: MSG_RESIZED_REPORT: frame=Rect(0, 0 - 768, 1024) ci=Rect(0, 24 - 0, 320) vi=Rect(0, 24 - 0, 320) or=1
08-15 12:41:12.784 2708 2708 D ViewRootImpl@79d19eb[ArticleListActivity]: MSG_WINDOW_FOCUS_CHANGED 1
08-15 12:41:12.785 2708 2708 D ViewRootImpl@79d19eb[ArticleListActivity]: mHardwareRenderer.initializeIfNeeded()#2 mSurface={isValid=true -1853120512}
08-15 12:41:12.787 2708 2708 V InputMethodManager: Starting input: tba=android.view.inputmethod.EditorInfo@28ac470 nm : cz.gienger.mobile ic=null
08-15 12:41:12.787 2708 2708 I InputMethodManager: startInputInner - mService.startInputOrWindowGainedFocus
08-15 12:41:12.806 2708 2708 D InputTransport: Input channel constructed: fd=78
08-15 12:41:12.806 2708 2708 D InputTransport: Input channel destroyed: fd=74
08-15 12:41:12.813 2708 2708 W IInputConnectionWrapper: getCursorCapsMode on inactive InputConnection
08-15 12:41:12.878 2708 2774 D OpenGLRenderer: endAllActiveAnimators on 0x91ed3b00 (RippleDrawable) with handle 0x9209e460
08-15 12:41:12.878 2708 2708 D ViewRootImpl@d65eb3c[AddArticleToCartActivity]: mHardwareRenderer.destroy()#1
08-15 12:41:12.896 2708 2708 D ViewRootImpl@d65eb3c[AddArticleToCartActivity]: Relayout returned: oldFrame=[0,0][768,1024] newFrame=[0,0][768,1024] result=0x5 surface={isValid=false 0} surfaceGenerationChanged=true
08-15 12:41:12.897 2708 2708 W IInputConnectionWrapper: finishComposingText on inactive InputConnection
08-15 12:41:12.897 2708 2708 W IInputConnectionWrapper: performPrivateCommand on inactive InputConnection
08-15 12:41:12.897 2708 2708 W IInputConnectionWrapper: finishComposingText on inactive InputConnection
08-15 12:41:12.901 2708 2708 D ViewRootImpl@79d19eb[ArticleListActivity]: MSG_RESIZED: frame=Rect(0, 0 - 768, 1024) ci=Rect(0, 24 - 0, 0) vi=Rect(0, 24 - 0, 0) or=1
08-15 12:41:12.912 2708 2708 D ViewRootImpl@79d19eb[ArticleListActivity]: Relayout returned: oldFrame=[0,0][768,1024] newFrame=[0,0][768,1024] result=0x1 surface={isValid=true -1853120512} surfaceGenerationChanged=false
08-15 12:41:13.240 2708 2708 D TextView: SYANI: Clipboard API is calling: clearFilter()
08-15 12:41:13.241 2708 2708 D TextView: SYANI: Clipboard API is calling: unregisterClipboardEventListener()
08-15 12:41:13.246 2708 2708 D TextView: SYANI: Clipboard API is calling: clearFilter()
08-15 12:41:13.246 2708 2708 D TextView: SYANI: Clipboard API is calling: unregisterClipboardEventListener()
08-15 12:41:13.256 2708 2708 D ViewRootImpl@d65eb3c[AddArticleToCartActivity]: mHardwareRenderer.destroy()#4
08-15 12:41:13.256 2708 2708 D ViewRootImpl@d65eb3c[AddArticleToCartActivity]: dispatchDetachedFromWindow
08-15 12:41:13.264 2708 2708 D InputTransport: Input channel destroyed: fd=66
08-15 12:41:14.057 2708 2708 D ViewRootImpl@79d19eb[ArticleListActivity]: ViewPostImeInputStage processPointer 0
08-15 12:41:14.466 2708 2708 D ViewRootImpl@79d19eb[ArticleListActivity]: ViewPostImeInputStage processPointer 1
08-15 12:41:14.889 2708 2708 D ViewRootImpl@79d19eb[ArticleListActivity]: ViewPostImeInputStage processPointer 0
08-15 12:41:15.285 2708 2708 D ViewRootImpl@79d19eb[ArticleListActivity]: ViewPostImeInputStage processPointer 1
08-15 12:41:16.143 2708 2708 D ViewRootImpl@79d19eb[ArticleListActivity]: ViewPostImeInputStage processPointer 0
08-15 12:41:16.231 2708 2708 D ViewRootImpl@79d19eb[ArticleListActivity]: ViewPostImeInputStage processPointer 1
08-15 12:41:16.297 2708 2708 D ScrollView: initGoToTop
08-15 12:41:16.301 2708 2708 D ScrollView: initGoToTop
08-15 12:41:16.310 2708 2708 D ViewRootImpl@c86f43a[ArticleListActivity]: ThreadedRenderer.create() translucent=true
08-15 12:41:16.317 2708 2708 D InputTransport: Input channel constructed: fd=67
08-15 12:41:16.317 2708 2708 D ViewRootImpl@c86f43a[ArticleListActivity]: setView = DecorView@2bbd8eb[ArticleListActivity] touchMode=true
08-15 12:41:16.319 2708 2708 D ViewRootImpl@c86f43a[ArticleListActivity]: dispatchAttachedToWindow
08-15 12:41:16.370 2708 2708 D ViewRootImpl@c86f43a[ArticleListActivity]: Relayout returned: oldFrame=[0,0][0,0] newFrame=[94,24][674,1024] result=0x27 surface={isValid=true -1845960704} surfaceGenerationChanged=true
08-15 12:41:16.370 2708 2708 D ViewRootImpl@c86f43a[ArticleListActivity]: mHardwareRenderer.initialize() mSurface={isValid=true -1845960704} hwInitialized=true
08-15 12:41:16.441 2708 2708 D AbsListView: in onLayout changed
08-15 12:41:16.441 2708 2708 D ScrollView: onsize change changed
08-15 12:41:16.454 2708 2708 D ViewRootImpl@c86f43a[ArticleListActivity]: MSG_WINDOW_FOCUS_CHANGED 1
08-15 12:41:16.454 2708 2708 D ViewRootImpl@c86f43a[ArticleListActivity]: mHardwareRenderer.initializeIfNeeded()#2 mSurface={isValid=true -1845960704}
08-15 12:41:16.454 2708 2708 V InputMethodManager: Not IME target window, ignoring
08-15 12:41:16.502 2708 2708 D ViewRootImpl@c86f43a[ArticleListActivity]: MSG_RESIZED_REPORT: frame=Rect(94, 24 - 674, 1024) ci=Rect(0, 0 - 0, 0) vi=Rect(0, 0 - 0, 0) or=1
08-15 12:41:16.547 2708 2708 D ViewRootImpl@79d19eb[ArticleListActivity]: MSG_WINDOW_FOCUS_CHANGED 0
08-15 12:41:17.623 2708 2708 D ViewRootImpl@c86f43a[ArticleListActivity]: ViewPostImeInputStage processPointer 0
08-15 12:41:17.664 2708 2708 D AbsListView: reportScrollStateChange() newState : 1
08-15 12:41:18.641 2708 2708 D ViewRootImpl@c86f43a[ArticleListActivity]: ViewPostImeInputStage processPointer 1
08-15 12:41:18.642 2708 2708 D AbsListView: onTouchUp() mTouchMode : 3
08-15 12:41:18.642 2708 2708 D AbsListView: onTouchUp() TOUCH_MODE_SCROLL initialVelocity : 4562
08-15 12:41:18.642 2708 2708 D AbsListView: reportScrollStateChange() newState : 2
08-15 12:41:18.832 2708 2708 D AbsListView: reportScrollStateChange() newState : 0
08-15 12:41:19.300 2708 2708 D ViewRootImpl@c86f43a[ArticleListActivity]: ViewPostImeInputStage processPointer 0
08-15 12:41:19.334 2708 2708 D AbsListView: reportScrollStateChange() newState : 1
08-15 12:41:20.024 2708 2708 D ViewRootImpl@c86f43a[ArticleListActivity]: ViewPostImeInputStage processPointer 1
08-15 12:41:20.024 2708 2708 D AbsListView: onTouchUp() mTouchMode : 3
08-15 12:41:20.024 2708 2708 D AbsListView: onTouchUp() TOUCH_MODE_SCROLL initialVelocity : -1469
08-15 12:41:20.024 2708 2708 D AbsListView: reportScrollStateChange() newState : 2
08-15 12:41:20.662 2708 2708 D ViewRootImpl@c86f43a[ArticleListActivity]: ViewPostImeInputStage processPointer 0
08-15 12:41:20.703 2708 2708 D AbsListView: reportScrollStateChange() newState : 0
08-15 12:41:20.705 2708 2708 D AbsListView: reportScrollStateChange() newState : 1
08-15 12:41:21.483 2708 2708 D ViewRootImpl@c86f43a[ArticleListActivity]: ViewPostImeInputStage processPointer 1
08-15 12:41:21.483 2708 2708 D AbsListView: onTouchUp() mTouchMode : 3
08-15 12:41:21.483 2708 2708 D AbsListView: onTouchUp() TOUCH_MODE_SCROLL initialVelocity : -971
08-15 12:41:21.483 2708 2708 D AbsListView: reportScrollStateChange() newState : 2
08-15 12:41:21.923 2708 2708 D ViewRootImpl@c86f43a[ArticleListActivity]: ViewPostImeInputStage processPointer 0
08-15 12:41:21.964 2708 2708 D AbsListView: reportScrollStateChange() newState : 0
08-15 12:41:21.965 2708 2708 D AbsListView: reportScrollStateChange() newState : 1
08-15 12:41:22.048 2708 2708 D ViewRootImpl@c86f43a[ArticleListActivity]: ViewPostImeInputStage processPointer 1
08-15 12:41:22.048 2708 2708 D AbsListView: onTouchUp() mTouchMode : 3
08-15 12:41:22.048 2708 2708 D AbsListView: onTouchUp() TOUCH_MODE_SCROLL initialVelocity : -8000
08-15 12:41:22.048 2708 2708 D AbsListView: reportScrollStateChange() newState : 2
08-15 12:41:22.241 2708 2708 D AbsListView: reportScrollStateChange() newState : 0
08-15 12:41:22.963 2708 2708 D ViewRootImpl@c86f43a[ArticleListActivity]: ViewPostImeInputStage processPointer 0
08-15 12:41:23.026 2708 2708 D AbsListView: reportScrollStateChange() newState : 1
08-15 12:41:23.111 2708 2708 D ViewRootImpl@c86f43a[ArticleListActivity]: ViewPostImeInputStage processPointer 1
08-15 12:41:23.111 2708 2708 D AbsListView: onTouchUp() mTouchMode : 3
08-15 12:41:23.111 2708 2708 D AbsListView: onTouchUp() TOUCH_MODE_SCROLL initialVelocity : 5918
08-15 12:41:23.111 2708 2708 D AbsListView: reportScrollStateChange() newState : 2
08-15 12:41:23.643 2708 2708 D AbsListView: reportScrollStateChange() newState : 0
08-15 12:41:26.110 2708 2708 D ViewRootImpl@c86f43a[ArticleListActivity]: ViewPostImeInputStage processPointer 0
08-15 12:41:26.201 2708 2708 D ViewRootImpl@c86f43a[ArticleListActivity]: ViewPostImeInputStage processPointer 1
08-15 12:41:27.108 2708 2708 D ViewRootImpl@c86f43a[ArticleListActivity]: ViewPostImeInputStage processPointer 0
08-15 12:41:27.198 2708 2708 D ViewRootImpl@c86f43a[ArticleListActivity]: ViewPostImeInputStage processPointer 1
08-15 12:41:28.022 2708 2708 D ViewRootImpl@c86f43a[ArticleListActivity]: ViewPostImeInputStage processPointer 0
08-15 12:41:28.101 2708 2708 D ViewRootImpl@c86f43a[ArticleListActivity]: ViewPostImeInputStage processPointer 1
08-15 12:41:28.145 2708 2708 D ViewRootImpl@c86f43a[ArticleListActivity]: mHardwareRenderer.destroy()#4
08-15 12:41:28.145 2708 2708 D ViewRootImpl@c86f43a[ArticleListActivity]: dispatchDetachedFromWindow
08-15 12:41:28.157 2708 2708 D InputTransport: Input channel destroyed: fd=67
08-15 12:41:28.209 2708 2708 D ViewRootImpl@79d19eb[ArticleListActivity]: MSG_WINDOW_FOCUS_CHANGED 1
08-15 12:41:28.209 2708 2708 D ViewRootImpl@79d19eb[ArticleListActivity]: mHardwareRenderer.initializeIfNeeded()#2 mSurface={isValid=true -1853120512}
08-15 12:41:28.211 2708 2708 E ViewRootImpl: sendUserActionEvent() returned.
08-15 12:41:31.795 2708 2708 D ViewRootImpl@79d19eb[ArticleListActivity]: ViewPostImeInputStage processPointer 0
08-15 12:41:31.852 2708 2708 D ViewRootImpl@79d19eb[ArticleListActivity]: ViewPostImeInputStage processPointer 1
08-15 12:41:33.500 2708 2708 D ViewRootImpl@79d19eb[ArticleListActivity]: ViewPostImeInputStage processPointer 0
08-15 12:41:33.571 2708 2708 D ViewRootImpl@79d19eb[ArticleListActivity]: ViewPostImeInputStage processPointer 1
08-15 12:41:33.606 2708 2708 D ScrollView: initGoToTop
08-15 12:41:33.610 2708 2708 D ScrollView: initGoToTop
08-15 12:41:33.620 2708 2708 D ViewRootImpl@fe66ec5[ArticleListActivity]: ThreadedRenderer.create() translucent=true
08-15 12:41:33.626 2708 2708 D InputTransport: Input channel constructed: fd=67
08-15 12:41:33.626 2708 2708 D ViewRootImpl@fe66ec5[ArticleListActivity]: setView = DecorView@c3b601a[ArticleListActivity] touchMode=true
08-15 12:41:33.627 2708 2708 D ViewRootImpl@fe66ec5[ArticleListActivity]: dispatchAttachedToWindow
08-15 12:41:33.691 2708 2708 D ViewRootImpl@fe66ec5[ArticleListActivity]: Relayout returned: oldFrame=[0,0][0,0] newFrame=[94,375][674,672] result=0x27 surface={isValid=true -1839511552} surfaceGenerationChanged=true
08-15 12:41:33.691 2708 2708 D ViewRootImpl@fe66ec5[ArticleListActivity]: mHardwareRenderer.initialize() mSurface={isValid=true -1839511552} hwInitialized=true
08-15 12:41:33.703 2708 2708 D AbsListView: in onLayout changed
08-15 12:41:33.703 2708 2708 D ScrollView: onsize change changed
08-15 12:41:33.718 2708 2708 D ViewRootImpl@fe66ec5[ArticleListActivity]: MSG_WINDOW_FOCUS_CHANGED 1
08-15 12:41:33.718 2708 2708 D ViewRootImpl@fe66ec5[ArticleListActivity]: mHardwareRenderer.initializeIfNeeded()#2 mSurface={isValid=true -1839511552}
08-15 12:41:33.719 2708 2708 V InputMethodManager: Not IME target window, ignoring
08-15 12:41:33.742 2708 2708 D ViewRootImpl@fe66ec5[ArticleListActivity]: MSG_RESIZED_REPORT: frame=Rect(94, 375 - 674, 672) ci=Rect(0, 0 - 0, 0) vi=Rect(0, 0 - 0, 0) or=1
08-15 12:41:33.780 2708 2708 D ViewRootImpl@79d19eb[ArticleListActivity]: MSG_WINDOW_FOCUS_CHANGED 0
08-15 12:41:37.490 2708 2708 D ViewRootImpl@fe66ec5[ArticleListActivity]: ViewPostImeInputStage processPointer 0
08-15 12:41:37.547 2708 2708 D ViewRootImpl@fe66ec5[ArticleListActivity]: ViewPostImeInputStage processPointer 1
08-15 12:41:37.547 2708 2708 D AbsListView: onTouchUp() mTouchMode : 0
08-15 12:41:39.071 2708 2708 D ViewRootImpl@fe66ec5[ArticleListActivity]: ViewPostImeInputStage processPointer 0
08-15 12:41:39.149 2708 2708 D ViewRootImpl@fe66ec5[ArticleListActivity]: ViewPostImeInputStage processPointer 1
08-15 12:41:39.197 2708 2708 D ViewRootImpl@fe66ec5[ArticleListActivity]: mHardwareRenderer.destroy()#4
08-15 12:41:39.197 2708 2708 D ViewRootImpl@fe66ec5[ArticleListActivity]: dispatchDetachedFromWindow
08-15 12:41:39.207 2708 2708 D InputTransport: Input channel destroyed: fd=67
08-15 12:41:39.347 2708 2708 D ViewRootImpl@79d19eb[ArticleListActivity]: MSG_WINDOW_FOCUS_CHANGED 1
08-15 12:41:39.347 2708 2708 D ViewRootImpl@79d19eb[ArticleListActivity]: mHardwareRenderer.initializeIfNeeded()#2 mSurface={isValid=true -1853120512}
