08-15 12:46:30.879 2708 2708 D AbsListView: onTouchUp() TOUCH_MODE_SCROLL initialVelocity : 2708
08-15 12:46:31.649 2708 2708 D ViewRootImpl@ba5de63[MainActivity]: ViewPostImeInputStage processPointer 0
08-15 12:46:31.872 2708 2708 D ViewRootImpl@ba5de63[MainActivity]: ViewPostImeInputStage processPointer 1
08-15 12:46:31.872 2708 2708 D AbsListView: onTouchUp() mTouchMode : 3
08-15 12:46:31.872 2708 2708 D AbsListView: onTouchUp() TOUCH_MODE_SCROLL initialVelocity : 1248
08-15 12:46:32.335 2708 2708 D ViewRootImpl@ba5de63[MainActivity]: ViewPostImeInputStage processPointer 0
08-15 12:46:32.376 2708 2708 D AbsListView: reportScrollStateChange() newState : 0
08-15 12:46:32.377 2708 2708 D AbsListView: reportScrollStateChange() newState : 1
08-15 12:46:32.613 2708 2708 D ViewRootImpl@ba5de63[MainActivity]: ViewPostImeInputStage processPointer 1
08-15 12:46:32.613 2708 2708 D AbsListView: onTouchUp() mTouchMode : 3
08-15 12:46:32.613 2708 2708 D AbsListView: onTouchUp() TOUCH_MODE_SCROLL initialVelocity : 26
08-15 12:46:32.613 2708 2708 D AbsListView: reportScrollStateChange() newState : 0
08-15 12:46:32.899 2708 2708 D ViewRootImpl@ba5de63[MainActivity]: ViewPostImeInputStage processPointer 0
08-15 12:46:32.958 2708 2708 D ViewRootImpl@ba5de63[MainActivity]: ViewPostImeInputStage processPointer 1
08-15 12:46:32.971 2708 2708 D item_click: viewId = 2131820758, position = 10
08-15 12:46:33.019 2708 2708 D ViewRootImpl@ba5de63[MainActivity]: MSG_WINDOW_FOCUS_CHANGED 0
08-15 12:46:33.050 2708 2708 D Graph : removeVertex() : insertDummyVertex, because there is no ancestor.
08-15 12:46:33.081 2708 2708 D ScrollView: initGoToTop
08-15 12:46:33.170 2708 2708 D ViewRootImpl@b8a08a7[CancelDeliveryActivity]: ThreadedRenderer.create() translucent=false
08-15 12:46:33.173 2708 2708 D InputTransport: Input channel constructed: fd=70
08-15 12:46:33.173 2708 2708 D ViewRootImpl@b8a08a7[CancelDeliveryActivity]: setView = DecorView@92c154[CancelDeliveryActivity] touchMode=true
08-15 12:46:33.181 2708 2708 D ViewRootImpl@b8a08a7[CancelDeliveryActivity]: dispatchAttachedToWindow
08-15 12:46:33.209 2708 2708 D ViewRootImpl@b8a08a7[CancelDeliveryActivity]: Relayout returned: oldFrame=[0,0][0,0] newFrame=[0,0][768,1024] result=0x27 surface={isValid=true -1808820224} surfaceGenerationChanged=true
08-15 12:46:33.209 2708 2708 D ViewRootImpl@b8a08a7[CancelDeliveryActivity]: mHardwareRenderer.initialize() mSurface={isValid=true -1808820224} hwInitialized=true
08-15 12:46:33.215 2708 2708 D ScrollView: onsize change changed
08-15 12:46:33.216 2708 2708 D LOCATION_SERVICE: LocationListener gps
08-15 12:46:33.218 2708 2708 D LOCATION_SERVICE: LocationListener network
08-15 12:46:33.219 2708 2708 D LOCATION_SERVICE: onCreate
08-15 12:46:33.219 2708 2708 D LOCATION_SERVICE: initializeLocationManager
08-15 12:46:33.233 2708 2708 D LOCATION_SERVICE: onStartCommand
08-15 12:46:33.305 2708 2708 D ViewRootImpl@b8a08a7[CancelDeliveryActivity]: MSG_RESIZED_REPORT: frame=Rect(0, 0 - 768, 1024) ci=Rect(0, 24 - 0, 0) vi=Rect(0, 24 - 0, 0) or=1
08-15 12:46:33.305 2708 2708 D ViewRootImpl@b8a08a7[CancelDeliveryActivity]: MSG_WINDOW_FOCUS_CHANGED 1
08-15 12:46:33.305 2708 2708 D ViewRootImpl@b8a08a7[CancelDeliveryActivity]: mHardwareRenderer.initializeIfNeeded()#2 mSurface={isValid=true -1808820224}
08-15 12:46:33.311 2708 2708 V InputMethodManager: Starting input: tba=android.view.inputmethod.EditorInfo@dbf85d8 nm : cz.gienger.mobile ic=null
08-15 12:46:33.311 2708 2708 I InputMethodManager: startInputInner - mService.startInputOrWindowGainedFocus
08-15 12:46:33.318 2708 2708 D InputTransport: Input channel constructed: fd=73
08-15 12:46:33.318 2708 2708 D InputTransport: Input channel destroyed: fd=75
08-15 12:46:33.377 2708 2774 D OpenGLRenderer: endAllActiveAnimators on 0x91883380 (RippleDrawable) with handle 0x942f7530
08-15 12:46:33.377 2708 2708 D ViewRootImpl@ba5de63[MainActivity]: mHardwareRenderer.destroy()#1
08-15 12:46:33.390 2708 2708 D ViewRootImpl@ba5de63[MainActivity]: Relayout returned: oldFrame=[0,0][768,1024] newFrame=[0,0][768,1024] result=0x5 surface={isValid=false 0} surfaceGenerationChanged=true
08-15 12:46:33.772 2708 2708 D ViewRootImpl@ba5de63[MainActivity]: Relayout returned: oldFrame=[0,0][768,1024] newFrame=[0,0][768,1024] result=0x5 surface={isValid=false 0} surfaceGenerationChanged=false
08-15 12:46:33.959 2708 2708 D LOCATION_SERVICE: onLocationChanged: Location[network 49,191077,17,534592 acc=21 et=+17m16s767ms alt=0.0 vel=0.0 bear=0.0 {Bundle[mParcelledData.dataSize=80]}]
08-15 12:46:34.108 2708 2708 D ViewRootImpl@b8a08a7[CancelDeliveryActivity]: ViewPostImeInputStage processPointer 0
08-15 12:46:34.191 2708 2708 D ViewRootImpl@b8a08a7[CancelDeliveryActivity]: ViewPostImeInputStage processPointer 1
08-15 12:46:34.918 2708 2708 D ViewRootImpl@b8a08a7[CancelDeliveryActivity]: ViewPostImeInputStage processPointer 0
08-15 12:46:34.989 2708 2708 D ViewRootImpl@b8a08a7[CancelDeliveryActivity]: ViewPostImeInputStage processPointer 1
08-15 12:46:35.011 2708 2708 D UNDELIVERED: Reason ID = 7, Comment =
08-15 12:46:35.076 2708 8706 D MESSAGE_SERVICE: ACTION_COMPRESS_AND_UPLOAD
08-15 12:46:35.126 2708 2708 D ViewRootImpl@b8a08a7[CancelDeliveryActivity]: MSG_WINDOW_FOCUS_CHANGED 0
08-15 12:46:35.146 2708 2708 D ViewRootImpl@ba5de63[MainActivity]: mHardwareRenderer.destroy()#4
08-15 12:46:35.146 2708 2708 D ViewRootImpl@ba5de63[MainActivity]: dispatchDetachedFromWindow
08-15 12:46:35.152 2708 2708 D InputTransport: Input channel destroyed: fd=74
08-15 12:46:35.392 2708 2708 D ViewRootImpl@5c2e8a4[MainActivity]: ThreadedRenderer.create() translucent=false
08-15 12:46:35.395 2708 2708 D InputTransport: Input channel constructed: fd=74
08-15 12:46:35.396 2708 2708 D ViewRootImpl@5c2e8a4[MainActivity]: setView = DecorView@9b7360d[MainActivity] touchMode=true
08-15 12:46:35.399 2708 2708 D ViewRootImpl@5c2e8a4[MainActivity]: dispatchAttachedToWindow
08-15 12:46:35.460 2708 2708 D ViewRootImpl@5c2e8a4[MainActivity]: Relayout returned: oldFrame=[0,0][0,0] newFrame=[0,0][768,1024] result=0x27 surface={isValid=true -1814622208} surfaceGenerationChanged=true
08-15 12:46:35.460 2708 2708 D ViewRootImpl@5c2e8a4[MainActivity]: mHardwareRenderer.initialize() mSurface={isValid=true -1814622208} hwInitialized=true
08-15 12:46:35.561 2708 2708 D AbsListView: in onLayout changed
08-15 12:46:35.580 2708 2774 D OpenGLRenderer: endAllActiveAnimators on 0x95542580 (RippleDrawable) with handle 0x94efe520
08-15 12:46:35.581 2708 2708 D ViewRootImpl@b8a08a7[CancelDeliveryActivity]: mHardwareRenderer.destroy()#1
08-15 12:46:35.592 2708 2708 D ViewRootImpl@b8a08a7[CancelDeliveryActivity]: Relayout returned: oldFrame=[0,0][768,1024] newFrame=[0,0][768,1024] result=0x5 surface={isValid=false 0} surfaceGenerationChanged=true
08-15 12:46:35.649 2708 2708 D ViewRootImpl@5c2e8a4[MainActivity]: MSG_RESIZED_REPORT: frame=Rect(0, 0 - 768, 1024) ci=Rect(0, 24 - 0, 0) vi=Rect(0, 24 - 0, 0) or=1
08-15 12:46:35.649 2708 2708 D ViewRootImpl@5c2e8a4[MainActivity]: MSG_WINDOW_FOCUS_CHANGED 1
08-15 12:46:35.650 2708 2708 D ViewRootImpl@5c2e8a4[MainActivity]: mHardwareRenderer.initializeIfNeeded()#2 mSurface={isValid=true -1814622208}
08-15 12:46:35.651 2708 2708 V InputMethodManager: Starting input: tba=android.view.inputmethod.EditorInfo@77767f5 nm : cz.gienger.mobile ic=null
08-15 12:46:35.651 2708 2708 I InputMethodManager: startInputInner - mService.startInputOrWindowGainedFocus
08-15 12:46:35.658 2708 2708 D InputTransport: Input channel constructed: fd=69
08-15 12:46:35.658 2708 2708 D InputTransport: Input channel destroyed: fd=73
08-15 12:46:35.698 2708 2708 D TextView: SYANI: Clipboard API is calling: clearFilter()
08-15 12:46:35.698 2708 2708 D TextView: SYANI: Clipboard API is calling: unregisterClipboardEventListener()
08-15 12:46:35.707 2708 2708 D ViewRootImpl@b8a08a7[CancelDeliveryActivity]: mHardwareRenderer.destroy()#4
08-15 12:46:35.707 2708 2708 D ViewRootImpl@b8a08a7[CancelDeliveryActivity]: dispatchDetachedFromWindow
08-15 12:46:35.713 2708 2708 D InputTransport: Input channel destroyed: fd=70
08-15 12:46:35.713 2708 2708 D LOCATION_SERVICE: onDestroy
08-15 12:46:35.796 2708 8706 D FILE_MANAGER: Serializing delivery /data/user/0/cz.gienger.mobile/files/finished/130AT1180524115/130AT1180524115.xml
08-15 12:46:35.796 2708 8706 D FILE_MANAGER: Null files:
08-15 12:46:35.889 2708 8706 D MYINTERCEPTOR: /GiengerService.svc/sendorder
08-15 12:46:35.890 2708 8706 D OkHttp : --> POST https://testsaig1.gienger.cz/GiengerService.svc/sendorder http/1.1
08-15 12:46:35.890 2708 8706 D OkHttp : Content-Type: text/raw
08-15 12:46:35.890 2708 8706 D OkHttp : Content-Length: 2994
08-15 12:46:35.890 2708 8706 D OkHttp : filename: 130AT1180524115.xml
08-15 12:46:35.891 2708 8706 D OkHttp : Checksum: 18dc5ed025ffea26630ddc8064cdd699
08-15 12:46:35.891 2708 8706 D OkHttp : token: a179935b28ab5fa0ca590030bf0a2edf
08-15 12:46:35.891 2708 8706 D OkHttp : --> END POST
08-15 12:46:36.011 2708 8706 D OkHttp : <-- 200 https://testsaig1.gienger.cz/GiengerService.svc/sendorder (119ms)
08-15 12:46:36.011 2708 8706 D OkHttp : content-type: application/xml; charset=utf-8
08-15 12:46:36.011 2708 8706 D OkHttp : server: Microsoft-IIS/10.0
08-15 12:46:36.011 2708 8706 D OkHttp : x-powered-by: ASP.NET
08-15 12:46:36.011 2708 8706 D OkHttp : date: Wed, 15 Aug 2018 10:46:34 GMT
08-15 12:46:36.011 2708 8706 D OkHttp : content-length: 175
08-15 12:46:36.012 2708 8706 D OkHttp : <-- END HTTP
08-15 12:46:36.015 2708 8706 D sendOrder_SUCCESS: 200
08-15 12:46:36.040 2708 8706 D MESSAGE_SERVICE: ACTION_RESEND_ORDERS
08-15 12:46:36.345 2708 2708 D AbsListView: in onLayout changed
08-15 12:46:36.559 2708 2708 D ViewRootImpl@5c2e8a4[MainActivity]: ViewPostImeInputStage processPointer 0
08-15 12:46:36.643 2708 2708 D AbsListView: in onLayout changed
08-15 12:46:36.653 2708 2708 D ViewRootImpl@5c2e8a4[MainActivity]: ViewPostImeInputStage processPointer 1
08-15 12:46:37.003 2708 2708 D ViewRootImpl@5c2e8a4[MainActivity]: ViewPostImeInputStage processPointer 0
08-15 12:46:37.055 2708 2708 D AbsListView: reportScrollStateChange() newState : 1
08-15 12:46:37.141 2708 2708 D ViewRootImpl@5c2e8a4[MainActivity]: ViewPostImeInputStage processPointer 1
08-15 12:46:37.141 2708 2708 D AbsListView: onTouchUp() mTouchMode : 3
08-15 12:46:37.141 2708 2708 D AbsListView: onTouchUp() TOUCH_MODE_SCROLL initialVelocity : -5670
08-15 12:46:37.142 2708 2708 D AbsListView: reportScrollStateChange() newState : 2
08-15 12:46:38.397 2708 2708 D ViewRootImpl@5c2e8a4[MainActivity]: ViewPostImeInputStage processPointer 0
08-15 12:46:38.439 2708 2708 D AbsListView: reportScrollStateChange() newState : 0
08-15 12:46:38.440 2708 2708 D AbsListView: reportScrollStateChange() newState : 1
08-15 12:46:38.869 2708 2708 D ViewRootImpl@5c2e8a4[MainActivity]: ViewPostImeInputStage processPointer 1
08-15 12:46:38.870 2708 2708 D AbsListView: onTouchUp() mTouchMode : 3
08-15 12:46:38.870 2708 2708 D AbsListView: onTouchUp() TOUCH_MODE_SCROLL initialVelocity : 314
08-15 12:46:38.870 2708 2708 D AbsListView: reportScrollStateChange() newState : 2
08-15 12:46:39.127 2708 2708 D AbsListView: reportScrollStateChange() newState : 0
08-15 12:46:39.386 2708 2708 D ViewRootImpl@5c2e8a4[MainActivity]: ViewPostImeInputStage processPointer 0
08-15 12:46:39.466 2708 2708 D ViewRootImpl@5c2e8a4[MainActivity]: ViewPostImeInputStage processPointer 1
08-15 12:46:39.476 2708 2708 D item_click: viewId = 2131820758, position = 13
08-15 12:46:39.529 2708 2708 D ViewRootImpl@5c2e8a4[MainActivity]: MSG_WINDOW_FOCUS_CHANGED 0
08-15 12:46:39.564 2708 2708 D Graph : removeVertex() : insertDummyVertex, because there is no ancestor.
08-15 12:46:39.591 2708 2708 D ScrollView: initGoToTop
08-15 12:46:39.671 2708 2708 D ViewRootImpl@c70c8ca[CancelDeliveryActivity]: ThreadedRenderer.create() translucent=false
08-15 12:46:39.674 2708 2708 D InputTransport: Input channel constructed: fd=93
08-15 12:46:39.674 2708 2708 D ViewRootImpl@c70c8ca[CancelDeliveryActivity]: setView = DecorView@f6f3a3b[CancelDeliveryActivity] touchMode=true
08-15 12:46:39.682 2708 2708 D ViewRootImpl@c70c8ca[CancelDeliveryActivity]: dispatchAttachedToWindow
08-15 12:46:39.710 2708 2708 D ViewRootImpl@c70c8ca[CancelDeliveryActivity]: Relayout returned: oldFrame=[0,0][0,0] newFrame=[0,0][768,1024] result=0x27 surface={isValid=true -1814620160} surfaceGenerationChanged=true
08-15 12:46:39.710 2708 2708 D ViewRootImpl@c70c8ca[CancelDeliveryActivity]: mHardwareRenderer.initialize() mSurface={isValid=true -1814620160} hwInitialized=true
08-15 12:46:39.714 2708 2708 D ScrollView: onsize change changed
08-15 12:46:39.716 2708 2708 D LOCATION_SERVICE: LocationListener gps
08-15 12:46:39.717 2708 2708 D LOCATION_SERVICE: LocationListener network
08-15 12:46:39.718 2708 2708 D LOCATION_SERVICE: onCreate
08-15 12:46:39.718 2708 2708 D LOCATION_SERVICE: initializeLocationManager
08-15 12:46:39.730 2708 2708 D LOCATION_SERVICE: onStartCommand
08-15 12:46:39.806 2708 2708 D ViewRootImpl@c70c8ca[CancelDeliveryActivity]: MSG_RESIZED_REPORT: frame=Rect(0, 0 - 768, 1024) ci=Rect(0, 24 - 0, 0) vi=Rect(0, 24 - 0, 0) or=1
08-15 12:46:39.806 2708 2708 D ViewRootImpl@c70c8ca[CancelDeliveryActivity]: MSG_WINDOW_FOCUS_CHANGED 1
08-15 12:46:39.807 2708 2708 D ViewRootImpl@c70c8ca[CancelDeliveryActivity]: mHardwareRenderer.initializeIfNeeded()#2 mSurface={isValid=true -1814620160}
08-15 12:46:39.811 2708 2708 V InputMethodManager: Starting input: tba=android.view.inputmethod.EditorInfo@127136e nm : cz.gienger.mobile ic=null
08-15 12:46:39.811 2708 2708 I InputMethodManager: startInputInner - mService.startInputOrWindowGainedFocus
08-15 12:46:39.814 2708 2708 D InputTransport: Input channel constructed: fd=97
08-15 12:46:39.815 2708 2708 D InputTransport: Input channel destroyed: fd=69
08-15 12:46:39.869 2708 2774 D OpenGLRenderer: endAllActiveAnimators on 0x91b62900 (RippleDrawable) with handle 0x9597f940
08-15 12:46:39.869 2708 2708 D ViewRootImpl@5c2e8a4[MainActivity]: mHardwareRenderer.destroy()#1
08-15 12:46:39.886 2708 2708 D ViewRootImpl@5c2e8a4[MainActivity]: Relayout returned: oldFrame=[0,0][768,1024] newFrame=[0,0][768,1024] result=0x5 surface={isValid=false 0} surfaceGenerationChanged=true
08-15 12:46:40.252 2708 2708 D ViewRootImpl@5c2e8a4[MainActivity]: Relayout returned: oldFrame=[0,0][768,1024] newFrame=[0,0][768,1024] result=0x5 surface={isValid=false 0} surfaceGenerationChanged=false
08-15 12:46:40.497 2708 2708 D ViewRootImpl@c70c8ca[CancelDeliveryActivity]: ViewPostImeInputStage processPointer 0
08-15 12:46:40.569 2708 2708 D ViewRootImpl@c70c8ca[CancelDeliveryActivity]: ViewPostImeInputStage processPointer 1
08-15 12:46:41.392 2708 2708 D ViewRootImpl@c70c8ca[CancelDeliveryActivity]: ViewPostImeInputStage processPointer 0
08-15 12:46:41.462 2708 2708 D ViewRootImpl@c70c8ca[CancelDeliveryActivity]: ViewPostImeInputStage processPointer 1
08-15 12:46:42.089 2708 2708 D ViewRootImpl@c70c8ca[CancelDeliveryActivity]: ViewPostImeInputStage processPointer 0
08-15 12:46:42.173 2708 2708 D ViewRootImpl@c70c8ca[CancelDeliveryActivity]: ViewPostImeInputStage processPointer 1
08-15 12:46:42.199 2708 2708 D UNDELIVERED: Reason ID = 10, Comment =
08-15 12:46:42.262 2708 8713 D MESSAGE_SERVICE: ACTION_COMPRESS_AND_UPLOAD
08-15 12:46:42.306 2708 2708 D ViewRootImpl@c70c8ca[CancelDeliveryActivity]: MSG_WINDOW_FOCUS_CHANGED 0
08-15 12:46:42.330 2708 2708 D ViewRootImpl@5c2e8a4[MainActivity]: mHardwareRenderer.destroy()#4
08-15 12:46:42.330 2708 2708 D ViewRootImpl@5c2e8a4[MainActivity]: dispatchDetachedFromWindow
08-15 12:46:42.339 2708 2708 D InputTransport: Input channel destroyed: fd=74
08-15 12:46:42.598 2708 2718 I art : Background partial concurrent mark sweep GC freed 196346(8MB) AllocSpace objects, 14(408KB) LOS objects, 52% free, 10MB/22MB, paused 1.965ms total 151.236ms
08-15 12:46:42.725 2708 2708 D ViewRootImpl@e00cbd4[MainActivity]: ThreadedRenderer.create() translucent=false
08-15 12:46:42.729 2708 2708 D InputTransport: Input channel constructed: fd=69
08-15 12:46:42.729 2708 2708 D ViewRootImpl@e00cbd4[MainActivity]: setView = DecorView@e69917d[MainActivity] touchMode=true
08-15 12:46:42.731 2708 2708 D ViewRootImpl@e00cbd4[MainActivity]: dispatchAttachedToWindow
08-15 12:46:42.794 2708 2708 D ViewRootImpl@e00cbd4[MainActivity]: Relayout returned: oldFrame=[0,0][0,0] newFrame=[0,0][768,1024] result=0x27 surface={isValid=true -1851899904} surfaceGenerationChanged=true
08-15 12:46:42.794 2708 2708 D ViewRootImpl@e00cbd4[MainActivity]: mHardwareRenderer.initialize() mSurface={isValid=true -1851899904} hwInitialized=true
08-15 12:46:42.873 2708 2708 D AbsListView: in onLayout changed
08-15 12:46:42.893 2708 2774 D OpenGLRenderer: endAllActiveAnimators on 0x948b2180 (RippleDrawable) with handle 0x948926b0
08-15 12:46:42.893 2708 2708 D ViewRootImpl@c70c8ca[CancelDeliveryActivity]: mHardwareRenderer.destroy()#1
08-15 12:46:42.901 2708 2708 D ViewRootImpl@c70c8ca[CancelDeliveryActivity]: Relayout returned: oldFrame=[0,0][768,1024] newFrame=[0,0][768,1024] result=0x5 surface={isValid=false 0} surfaceGenerationChanged=true
08-15 12:46:42.969 2708 2708 D ViewRootImpl@e00cbd4[MainActivity]: MSG_RESIZED_REPORT: frame=Rect(0, 0 - 768, 1024) ci=Rect(0, 24 - 0, 0) vi=Rect(0, 24 - 0, 0) or=1
08-15 12:46:42.969 2708 2708 D ViewRootImpl@e00cbd4[MainActivity]: MSG_WINDOW_FOCUS_CHANGED 1
08-15 12:46:42.970 2708 2708 D ViewRootImpl@e00cbd4[MainActivity]: mHardwareRenderer.initializeIfNeeded()#2 mSurface={isValid=true -1851899904}
08-15 12:46:42.971 2708 2708 V InputMethodManager: Starting input: tba=android.view.inputmethod.EditorInfo@fe30a3a nm : cz.gienger.mobile ic=null
08-15 12:46:42.971 2708 2708 I InputMethodManager: startInputInner - mService.startInputOrWindowGainedFocus
08-15 12:46:42.978 2708 2708 D InputTransport: Input channel constructed: fd=64
08-15 12:46:42.978 2708 2708 D InputTransport: Input channel destroyed: fd=97
08-15 12:46:42.990 2708 8713 D FILE_MANAGER: Serializing delivery /data/user/0/cz.gienger.mobile/files/finished/130AT1180524509/130AT1180524509.xml
08-15 12:46:42.991 2708 8713 D FILE_MANAGER: Null files:
08-15 12:46:43.016 2708 2708 D TextView: SYANI: Clipboard API is calling: clearFilter()
08-15 12:46:43.016 2708 2708 D TextView: SYANI: Clipboard API is calling: unregisterClipboardEventListener()
08-15 12:46:43.026 2708 2708 D ViewRootImpl@c70c8ca[CancelDeliveryActivity]: mHardwareRenderer.destroy()#4
08-15 12:46:43.026 2708 2708 D ViewRootImpl@c70c8ca[CancelDeliveryActivity]: dispatchDetachedFromWindow
08-15 12:46:43.033 2708 2708 D InputTransport: Input channel destroyed: fd=93
08-15 12:46:43.033 2708 2708 D LOCATION_SERVICE: onDestroy
08-15 12:46:43.087 2708 8713 D MYINTERCEPTOR: /GiengerService.svc/sendorder
08-15 12:46:43.088 2708 8713 D OkHttp : --> POST https://testsaig1.gienger.cz/GiengerService.svc/sendorder http/1.1
08-15 12:46:43.088 2708 8713 D OkHttp : Content-Type: text/raw
08-15 12:46:43.088 2708 8713 D OkHttp : Content-Length: 3089
08-15 12:46:43.088 2708 8713 D OkHttp : filename: 130AT1180524509.xml
08-15 12:46:43.088 2708 8713 D OkHttp : Checksum: e8a5a588579a0aa3411b55fcdd197d27
08-15 12:46:43.089 2708 8713 D OkHttp : token: a179935b28ab5fa0ca590030bf0a2edf
08-15 12:46:43.089 2708 8713 D OkHttp : --> END POST
08-15 12:46:43.197 2708 8713 D OkHttp : <-- 200 https://testsaig1.gienger.cz/GiengerService.svc/sendorder (108ms)
08-15 12:46:43.197 2708 8713 D OkHttp : content-type: application/xml; charset=utf-8
08-15 12:46:43.198 2708 8713 D OkHttp : server: Microsoft-IIS/10.0
08-15 12:46:43.198 2708 8713 D OkHttp : x-powered-by: ASP.NET
08-15 12:46:43.198 2708 8713 D OkHttp : date: Wed, 15 Aug 2018 10:46:42 GMT
08-15 12:46:43.198 2708 8713 D OkHttp : content-length: 175
08-15 12:46:43.198 2708 8713 D OkHttp : <-- END HTTP
08-15 12:46:43.203 2708 8713 D sendOrder_SUCCESS: 200
08-15 12:46:43.225 2708 8713 D MESSAGE_SERVICE: ACTION_RESEND_ORDERS
08-15 12:46:43.506 2708 2708 D AbsListView: in onLayout changed
08-15 12:46:43.813 2708 2708 D AbsListView: in onLayout changed
08-15 12:46:43.822 2708 2708 D ViewRootImpl@e00cbd4[MainActivity]: ViewPostImeInputStage processPointer 0
08-15 12:46:43.824 2708 2708 D AbsListView: reportScrollStateChange() newState : 1
08-15 12:46:43.881 2708 2708 D ViewRootImpl@e00cbd4[MainActivity]: ViewPostImeInputStage processPointer 1
08-15 12:46:43.882 2708 2708 D AbsListView: onTouchUp() mTouchMode : 3
08-15 12:46:43.882 2708 2708 D AbsListView: onTouchUp() TOUCH_MODE_SCROLL initialVelocity : -6884
08-15 12:46:43.882 2708 2708 D AbsListView: reportScrollStateChange() newState : 2
08-15 12:46:45.490 2708 2708 D AbsListView: reportScrollStateChange() newState : 0
08-15 12:46:46.114 2708 2708 D ViewRootImpl@e00cbd4[MainActivity]: ViewPostImeInputStage processPointer 0
08-15 12:46:46.195 2708 2708 D ViewRootImpl@e00cbd4[MainActivity]: ViewPostImeInputStage processPointer 1
08-15 12:46:46.222 2708 2708 D item_click: viewId = 2131820758, position = 21
08-15 12:46:46.271 2708 2708 D ViewRootImpl@e00cbd4[MainActivity]: MSG_WINDOW_FOCUS_CHANGED 0
08-15 12:46:46.327 2708 2708 D ScrollView: initGoToTop
08-15 12:46:46.387 2708 2708 D ViewRootImpl@d23f031[CancelDeliveryActivity]: ThreadedRenderer.create() translucent=false
08-15 12:46:46.390 2708 2708 D InputTransport: Input channel constructed: fd=67
08-15 12:46:46.390 2708 2708 D ViewRootImpl@d23f031[CancelDeliveryActivity]: setView = DecorView@2626316[CancelDeliveryActivity] touchMode=true
08-15 12:46:46.392 2708 2708 D LOCATION_SERVICE: LocationListener gps
08-15 12:46:46.393 2708 2708 D LOCATION_SERVICE: LocationListener network
08-15 12:46:46.394 2708 2708 D LOCATION_SERVICE: onCreate
08-15 12:46:46.394 2708 2708 D LOCATION_SERVICE: initializeLocationManager
08-15 12:46:46.401 2708 2708 D LOCATION_SERVICE: onStartCommand
08-15 12:46:46.410 2708 2708 D ViewRootImpl@d23f031[CancelDeliveryActivity]: dispatchAttachedToWindow
08-15 12:46:46.452 2708 2708 D ViewRootImpl@d23f031[CancelDeliveryActivity]: Relayout returned: oldFrame=[0,0][0,0] newFrame=[0,0][768,1024] result=0x27 surface={isValid=true -1854009344} surfaceGenerationChanged=true
08-15 12:46:46.452 2708 2708 D ViewRootImpl@d23f031[CancelDeliveryActivity]: mHardwareRenderer.initialize() mSurface={isValid=true -1854009344} hwInitialized=true
08-15 12:46:46.458 2708 2708 D ScrollView: onsize change changed
08-15 12:46:46.515 2708 2708 D ViewRootImpl@d23f031[CancelDeliveryActivity]: MSG_RESIZED_REPORT: frame=Rect(0, 0 - 768, 1024) ci=Rect(0, 24 - 0, 0) vi=Rect(0, 24 - 0, 0) or=1
08-15 12:46:46.515 2708 2708 D ViewRootImpl@d23f031[CancelDeliveryActivity]: MSG_WINDOW_FOCUS_CHANGED 1
08-15 12:46:46.516 2708 2708 D ViewRootImpl@d23f031[CancelDeliveryActivity]: mHardwareRenderer.initializeIfNeeded()#2 mSurface={isValid=true -1854009344}
08-15 12:46:46.520 2708 2708 V InputMethodManager: Starting input: tba=android.view.inputmethod.EditorInfo@e77dbfa nm : cz.gienger.mobile ic=null
08-15 12:46:46.521 2708 2708 I InputMethodManager: startInputInner - mService.startInputOrWindowGainedFocus
08-15 12:46:46.533 2708 2708 D InputTransport: Input channel constructed: fd=97
08-15 12:46:46.533 2708 2708 D InputTransport: Input channel destroyed: fd=64
08-15 12:46:46.591 2708 2774 D OpenGLRenderer: endAllActiveAnimators on 0x94d70900 (RippleDrawable) with handle 0x920124e0
08-15 12:46:46.591 2708 2708 D ViewRootImpl@e00cbd4[MainActivity]: mHardwareRenderer.destroy()#1
08-15 12:46:46.601 2708 2708 D ViewRootImpl@e00cbd4[MainActivity]: Relayout returned: oldFrame=[0,0][768,1024] newFrame=[0,0][768,1024] result=0x5 surface={isValid=false 0} surfaceGenerationChanged=true
08-15 12:46:46.970 2708 2708 D ViewRootImpl@e00cbd4[MainActivity]: Relayout returned: oldFrame=[0,0][768,1024] newFrame=[0,0][768,1024] result=0x5 surface={isValid=false 0} surfaceGenerationChanged=false
08-15 12:46:46.996 2708 2708 D LOCATION_SERVICE: onLocationChanged: Location[network 49,191085,17,534611 acc=21 et=+17m29s803ms alt=0.0 vel=0.0 bear=0.0 {Bundle[mParcelledData.dataSize=80]}]
08-15 12:46:47.522 2708 2708 D ViewRootImpl@d23f031[CancelDeliveryActivity]: ViewPostImeInputStage processPointer 0
08-15 12:46:47.581 2708 2708 D ViewRootImpl@d23f031[CancelDeliveryActivity]: ViewPostImeInputStage processPointer 1
08-15 12:46:48.198 2708 2708 D ViewRootImpl@d23f031[CancelDeliveryActivity]: ViewPostImeInputStage processPointer 0
08-15 12:46:48.269 2708 2708 D ViewRootImpl@d23f031[CancelDeliveryActivity]: ViewPostImeInputStage processPointer 1
08-15 12:46:48.300 2708 2708 D UNDELIVERED: Reason ID = 8, Comment =
08-15 12:46:48.366 2708 8720 D MESSAGE_SERVICE: ACTION_COMPRESS_AND_UPLOAD
08-15 12:46:48.391 2708 2708 D ViewRootImpl@d23f031[CancelDeliveryActivity]: MSG_WINDOW_FOCUS_CHANGED 0
08-15 12:46:48.415 2708 2708 D ViewRootImpl@e00cbd4[MainActivity]: mHardwareRenderer.destroy()#4
08-15 12:46:48.415 2708 2708 D ViewRootImpl@e00cbd4[MainActivity]: dispatchDetachedFromWindow
08-15 12:46:48.439 2708 2708 D InputTransport: Input channel destroyed: fd=69
08-15 12:46:48.690 2708 2708 D ViewRootImpl@adac041[MainActivity]: ThreadedRenderer.create() translucent=false
08-15 12:46:48.693 2708 2708 D InputTransport: Input channel constructed: fd=69
08-15 12:46:48.693 2708 2708 D ViewRootImpl@adac041[MainActivity]: setView = DecorView@8fdd9e6[MainActivity] touchMode=true
08-15 12:46:48.695 2708 2708 D ViewRootImpl@adac041[MainActivity]: dispatchAttachedToWindow
08-15 12:46:48.760 2708 2708 D ViewRootImpl@adac041[MainActivity]: Relayout returned: oldFrame=[0,0][0,0] newFrame=[0,0][768,1024] result=0x27 surface={isValid=true -1804079104} surfaceGenerationChanged=true
08-15 12:46:48.761 2708 2708 D ViewRootImpl@adac041[MainActivity]: mHardwareRenderer.initialize() mSurface={isValid=true -1804079104} hwInitialized=true
08-15 12:46:48.848 2708 2708 D AbsListView: in onLayout changed
08-15 12:46:48.867 2708 2774 D OpenGLRenderer: endAllActiveAnimators on 0x919bb700 (RippleDrawable) with handle 0x929aa470
08-15 12:46:48.867 2708 2708 D ViewRootImpl@d23f031[CancelDeliveryActivity]: mHardwareRenderer.destroy()#1
08-15 12:46:48.875 2708 2708 D ViewRootImpl@d23f031[CancelDeliveryActivity]: Relayout returned: oldFrame=[0,0][768,1024] newFrame=[0,0][768,1024] result=0x5 surface={isValid=false 0} surfaceGenerationChanged=true
08-15 12:46:48.945 2708 2708 D ViewRootImpl@adac041[MainActivity]: MSG_RESIZED_REPORT: frame=Rect(0, 0 - 768, 1024) ci=Rect(0, 24 - 0, 0) vi=Rect(0, 24 - 0, 0) or=1
08-15 12:46:48.945 2708 2708 D ViewRootImpl@adac041[MainActivity]: MSG_WINDOW_FOCUS_CHANGED 1
08-15 12:46:48.945 2708 2708 D ViewRootImpl@adac041[MainActivity]: mHardwareRenderer.initializeIfNeeded()#2 mSurface={isValid=true -1804079104}
08-15 12:46:48.946 2708 2708 V InputMethodManager: Starting input: tba=android.view.inputmethod.EditorInfo@e64df2e nm : cz.gienger.mobile ic=null
08-15 12:46:48.947 2708 2708 I InputMethodManager: startInputInner - mService.startInputOrWindowGainedFocus
08-15 12:46:48.954 2708 2708 D InputTransport: Input channel constructed: fd=64
08-15 12:46:48.954 2708 2708 D InputTransport: Input channel destroyed: fd=97
08-15 12:46:48.989 2708 2708 D TextView: SYANI: Clipboard API is calling: clearFilter()
08-15 12:46:48.989 2708 2708 D TextView: SYANI: Clipboard API is calling: unregisterClipboardEventListener()
08-15 12:46:48.995 2708 2708 D ViewRootImpl@d23f031[CancelDeliveryActivity]: mHardwareRenderer.destroy()#4
08-15 12:46:48.995 2708 2708 D ViewRootImpl@d23f031[CancelDeliveryActivity]: dispatchDetachedFromWindow
08-15 12:46:49.000 2708 2708 D InputTransport: Input channel destroyed: fd=67
08-15 12:46:49.001 2708 2708 D LOCATION_SERVICE: onDestroy
08-15 12:46:49.090 2708 8720 D FILE_MANAGER: Serializing delivery /data/user/0/cz.gienger.mobile/files/finished/130IT1180410024/130IT1180410024.xml
08-15 12:46:49.090 2708 8720 D FILE_MANAGER: Null files:
08-15 12:46:49.177 2708 8720 D MYINTERCEPTOR: /GiengerService.svc/sendorder
08-15 12:46:49.177 2708 8720 D OkHttp : --> POST https://testsaig1.gienger.cz/GiengerService.svc/sendorder http/1.1
08-15 12:46:49.177 2708 8720 D OkHttp : Content-Type: text/raw
08-15 12:46:49.177 2708 8720 D OkHttp : Content-Length: 3210
08-15 12:46:49.178 2708 8720 D OkHttp : filename: 130IT1180410024.xml
08-15 12:46:49.178 2708 8720 D OkHttp : Checksum: bf8ff54ed1a286714484ebc2c6c34354
08-15 12:46:49.178 2708 8720 D OkHttp : token: a179935b28ab5fa0ca590030bf0a2edf
08-15 12:46:49.178 2708 8720 D OkHttp : --> END POST
08-15 12:46:49.676 2708 8720 D OkHttp : <-- 200 https://testsaig1.gienger.cz/GiengerService.svc/sendorder (498ms)
08-15 12:46:49.676 2708 8720 D OkHttp : content-type: application/xml; charset=utf-8
08-15 12:46:49.676 2708 8720 D OkHttp : server: Microsoft-IIS/10.0
08-15 12:46:49.677 2708 8720 D OkHttp : x-powered-by: ASP.NET
08-15 12:46:49.677 2708 8720 D OkHttp : date: Wed, 15 Aug 2018 10:46:48 GMT
08-15 12:46:49.677 2708 8720 D OkHttp : content-length: 175
08-15 12:46:49.677 2708 8720 D OkHttp : <-- END HTTP
08-15 12:46:49.683 2708 8720 D sendOrder_SUCCESS: 200
08-15 12:46:49.723 2708 8720 D MESSAGE_SERVICE: ACTION_RESEND_ORDERS
08-15 12:46:49.934 2708 2708 D ViewRootImpl@adac041[MainActivity]: ViewPostImeInputStage processPointer 0
08-15 12:46:49.935 2708 2708 D ViewRootImpl@adac041[MainActivity]: ViewPostImeInputStage processPointer 1
08-15 12:46:50.016 2708 2708 D AbsListView: in onLayout changed
08-15 12:46:50.292 2708 2708 D AbsListView: in onLayout changed
08-15 12:46:50.344 2708 2708 D ViewRootImpl@adac041[MainActivity]: ViewPostImeInputStage processPointer 0
08-15 12:46:50.368 2708 2708 D AbsListView: reportScrollStateChange() newState : 1
08-15 12:46:50.440 2708 2708 D ViewRootImpl@adac041[MainActivity]: ViewPostImeInputStage processPointer 1
08-15 12:46:50.440 2708 2708 D AbsListView: onTouchUp() mTouchMode : 3
08-15 12:46:50.440 2708 2708 D AbsListView: onTouchUp() TOUCH_MODE_SCROLL initialVelocity : -8000
08-15 12:46:50.440 2708 2708 D AbsListView: reportScrollStateChange() newState : 2
08-15 12:46:51.454 2708 2708 D AbsListView: reportScrollStateChange() newState : 0
08-15 12:46:52.052 2708 2708 D ViewRootImpl@adac041[MainActivity]: ViewPostImeInputStage processPointer 0
08-15 12:46:52.132 2708 2708 D ViewRootImpl@adac041[MainActivity]: ViewPostImeInputStage processPointer 1
08-15 12:46:52.145 2708 2708 D item_click: viewId = 2131820758, position = 20
08-15 12:46:52.197 2708 2708 D ViewRootImpl@adac041[MainActivity]: MSG_WINDOW_FOCUS_CHANGED 0
08-15 12:46:52.225 2708 2708 D Graph : removeVertex() : insertDummyVertex, because there is no ancestor.
08-15 12:46:52.249 2708 2708 D ScrollView: initGoToTop
08-15 12:46:52.313 2708 2708 D ViewRootImpl@94cb5bb[CancelDeliveryActivity]: ThreadedRenderer.create() translucent=false
08-15 12:46:52.317 2708 2708 D InputTransport: Input channel constructed: fd=100
08-15 12:46:52.317 2708 2708 D ViewRootImpl@94cb5bb[CancelDeliveryActivity]: setView = DecorView@eaa8ad8[CancelDeliveryActivity] touchMode=true
08-15 12:46:52.318 2708 2708 D LOCATION_SERVICE: LocationListener gps
08-15 12:46:52.319 2708 2708 D LOCATION_SERVICE: LocationListener network
08-15 12:46:52.320 2708 2708 D LOCATION_SERVICE: onCreate
08-15 12:46:52.320 2708 2708 D LOCATION_SERVICE: initializeLocationManager
08-15 12:46:52.327 2708 2708 D LOCATION_SERVICE: onStartCommand
08-15 12:46:52.356 2708 2708 D ViewRootImpl@94cb5bb[CancelDeliveryActivity]: dispatchAttachedToWindow
08-15 12:46:52.399 2708 2708 D ViewRootImpl@94cb5bb[CancelDeliveryActivity]: Relayout returned: oldFrame=[0,0][0,0] newFrame=[0,0][768,1024] result=0x27 surface={isValid=true -1853403136} surfaceGenerationChanged=true
08-15 12:46:52.400 2708 2708 D ViewRootImpl@94cb5bb[CancelDeliveryActivity]: mHardwareRenderer.initialize() mSurface={isValid=true -1853403136} hwInitialized=true
08-15 12:46:52.404 2708 2708 D ScrollView: onsize change changed
08-15 12:46:52.442 2708 2708 D ViewRootImpl@94cb5bb[CancelDeliveryActivity]: MSG_RESIZED_REPORT: frame=Rect(0, 0 - 768, 1024) ci=Rect(0, 24 - 0, 0) vi=Rect(0, 24 - 0, 0) or=1
08-15 12:46:52.442 2708 2708 D ViewRootImpl@94cb5bb[CancelDeliveryActivity]: MSG_WINDOW_FOCUS_CHANGED 1
08-15 12:46:52.442 2708 2708 D ViewRootImpl@94cb5bb[CancelDeliveryActivity]: mHardwareRenderer.initializeIfNeeded()#2 mSurface={isValid=true -1853403136}
08-15 12:46:52.447 2708 2708 V InputMethodManager: Starting input: tba=android.view.inputmethod.EditorInfo@faf9d8f nm : cz.gienger.mobile ic=null
08-15 12:46:52.447 2708 2708 I InputMethodManager: startInputInner - mService.startInputOrWindowGainedFocus
08-15 12:46:52.458 2708 2708 D InputTransport: Input channel constructed: fd=102
08-15 12:46:52.458 2708 2708 D InputTransport: Input channel destroyed: fd=64
08-15 12:46:52.492 2708 2774 D OpenGLRenderer: endAllActiveAnimators on 0x94488300 (RippleDrawable) with handle 0x9209e5a0
08-15 12:46:52.492 2708 2708 D ViewRootImpl@adac041[MainActivity]: mHardwareRenderer.destroy()#1
08-15 12:46:52.498 2708 2708 D ViewRootImpl@adac041[MainActivity]: Relayout returned: oldFrame=[0,0][768,1024] newFrame=[0,0][768,1024] result=0x5 surface={isValid=false 0} surfaceGenerationChanged=true
08-15 12:46:52.898 2708 2708 D ViewRootImpl@adac041[MainActivity]: Relayout returned: oldFrame=[0,0][768,1024] newFrame=[0,0][768,1024] result=0x5 surface={isValid=false 0} surfaceGenerationChanged=false
08-15 12:46:53.455 2708 2708 D ViewRootImpl@94cb5bb[CancelDeliveryActivity]: ViewPostImeInputStage processPointer 0
08-15 12:46:53.505 2708 2708 D ViewRootImpl@94cb5bb[CancelDeliveryActivity]: ViewPostImeInputStage processPointer 1
08-15 12:46:54.227 2708 2708 D ViewRootImpl@94cb5bb[CancelDeliveryActivity]: ViewPostImeInputStage processPointer 0
08-15 12:46:54.297 2708 2708 D ViewRootImpl@94cb5bb[CancelDeliveryActivity]: ViewPostImeInputStage processPointer 1
08-15 12:46:54.328 2708 2708 D UNDELIVERED: Reason ID = 8, Comment =
08-15 12:46:54.422 2708 2708 D ViewRootImpl@94cb5bb[CancelDeliveryActivity]: MSG_WINDOW_FOCUS_CHANGED 0
08-15 12:46:54.425 2708 8726 D MESSAGE_SERVICE: ACTION_COMPRESS_AND_UPLOAD
08-15 12:46:54.450 2708 2708 D ViewRootImpl@adac041[MainActivity]: mHardwareRenderer.destroy()#4
08-15 12:46:54.450 2708 2708 D ViewRootImpl@adac041[MainActivity]: dispatchDetachedFromWindow
08-15 12:46:54.457 2708 2708 D InputTransport: Input channel destroyed: fd=69
08-15 12:46:54.696 2708 2708 D ViewRootImpl@f62c1a[MainActivity]: ThreadedRenderer.create() translucent=false
08-15 12:46:54.699 2708 2708 D InputTransport: Input channel constructed: fd=75
08-15 12:46:54.699 2708 2708 D ViewRootImpl@f62c1a[MainActivity]: setView = DecorView@5ce34b[MainActivity] touchMode=true
08-15 12:46:54.702 2708 2708 D ViewRootImpl@f62c1a[MainActivity]: dispatchAttachedToWindow
08-15 12:46:54.758 2708 2708 D ViewRootImpl@f62c1a[MainActivity]: Relayout returned: oldFrame=[0,0][0,0] newFrame=[0,0][768,1024] result=0x27 surface={isValid=true -1802600448} surfaceGenerationChanged=true
08-15 12:46:54.759 2708 2708 D ViewRootImpl@f62c1a[MainActivity]: mHardwareRenderer.initialize() mSurface={isValid=true -1802600448} hwInitialized=true
08-15 12:46:54.848 2708 2708 D AbsListView: in onLayout changed
08-15 12:46:54.874 2708 2774 D OpenGLRenderer: endAllActiveAnimators on 0x95167980 (RippleDrawable) with handle 0x942f7850
08-15 12:46:54.874 2708 2708 D ViewRootImpl@94cb5bb[CancelDeliveryActivity]: mHardwareRenderer.destroy()#1
08-15 12:46:54.881 2708 2708 D ViewRootImpl@94cb5bb[CancelDeliveryActivity]: Relayout returned: oldFrame=[0,0][768,1024] newFrame=[0,0][768,1024] result=0x5 surface={isValid=false 0} surfaceGenerationChanged=true
08-15 12:46:54.946 2708 2708 D ViewRootImpl@f62c1a[MainActivity]: MSG_RESIZED_REPORT: frame=Rect(0, 0 - 768, 1024) ci=Rect(0, 24 - 0, 0) vi=Rect(0, 24 - 0, 0) or=1
08-15 12:46:54.946 2708 2708 D ViewRootImpl@f62c1a[MainActivity]: MSG_WINDOW_FOCUS_CHANGED 1
08-15 12:46:54.946 2708 2708 D ViewRootImpl@f62c1a[MainActivity]: mHardwareRenderer.initializeIfNeeded()#2 mSurface={isValid=true -1802600448}
08-15 12:46:54.948 2708 2708 V InputMethodManager: Starting input: tba=android.view.inputmethod.EditorInfo@db22873 nm : cz.gienger.mobile ic=null
08-15 12:46:54.948 2708 2708 I InputMethodManager: startInputInner - mService.startInputOrWindowGainedFocus
08-15 12:46:54.955 2708 2708 D InputTransport: Input channel constructed: fd=69
08-15 12:46:54.955 2708 2708 D InputTransport: Input channel destroyed: fd=102
08-15 12:46:54.993 2708 2708 D TextView: SYANI: Clipboard API is calling: clearFilter()
08-15 12:46:54.993 2708 2708 D TextView: SYANI: Clipboard API is calling: unregisterClipboardEventListener()
08-15 12:46:55.002 2708 2708 D ViewRootImpl@94cb5bb[CancelDeliveryActivity]: mHardwareRenderer.destroy()#4
08-15 12:46:55.003 2708 2708 D ViewRootImpl@94cb5bb[CancelDeliveryActivity]: dispatchDetachedFromWindow
08-15 12:46:55.008 2708 2708 D InputTransport: Input channel destroyed: fd=100
08-15 12:46:55.008 2708 2708 D LOCATION_SERVICE: onDestroy
08-15 12:46:55.160 2708 8726 D FILE_MANAGER: Serializing delivery /data/user/0/cz.gienger.mobile/files/finished/130AT1182803781/130AT1182803781.xml
08-15 12:46:55.160 2708 8726 D FILE_MANAGER: Null files:
08-15 12:46:55.311 2708 8726 D MYINTERCEPTOR: /GiengerService.svc/sendorder
08-15 12:46:55.312 2708 8726 D OkHttp : --> POST https://testsaig1.gienger.cz/GiengerService.svc/sendorder http/1.1
08-15 12:46:55.312 2708 8726 D OkHttp : Content-Type: text/raw
08-15 12:46:55.312 2708 8726 D OkHttp : Content-Length: 17996
08-15 12:46:55.312 2708 8726 D OkHttp : filename: 130AT1182803781.xml
08-15 12:46:55.312 2708 8726 D OkHttp : Checksum: 7c07fce3f5ac45195e9ed2c8bb1e3302
08-15 12:46:55.312 2708 8726 D OkHttp : token: a179935b28ab5fa0ca590030bf0a2edf
08-15 12:46:55.312 2708 8726 D OkHttp : --> END POST
08-15 12:46:55.841 2708 2708 D ViewRootImpl@f62c1a[MainActivity]: ViewPostImeInputStage processPointer 0
08-15 12:46:55.845 2708 8726 D OkHttp : <-- 200 https://testsaig1.gienger.cz/GiengerService.svc/sendorder (532ms)
08-15 12:46:55.846 2708 8726 D OkHttp : content-type: application/xml; charset=utf-8
08-15 12:46:55.846 2708 8726 D OkHttp : server: Microsoft-IIS/10.0
08-15 12:46:55.846 2708 8726 D OkHttp : x-powered-by: ASP.NET
08-15 12:46:55.846 2708 8726 D OkHttp : date: Wed, 15 Aug 2018 10:46:54 GMT
08-15 12:46:55.846 2708 8726 D OkHttp : content-length: 175
08-15 12:46:55.846 2708 8726 D OkHttp : <-- END HTTP
08-15 12:46:55.852 2708 8726 D sendOrder_SUCCESS: 200
08-15 12:46:55.878 2708 8726 D MESSAGE_SERVICE: ACTION_RESEND_ORDERS
08-15 12:46:56.093 2708 2708 D ViewRootImpl@f62c1a[MainActivity]: ViewPostImeInputStage processPointer 1
08-15 12:46:56.175 2708 2708 D AbsListView: in onLayout changed
08-15 12:46:56.452 2708 2708 D AbsListView: in onLayout changed
08-15 12:46:56.480 2708 2708 D ViewRootImpl@f62c1a[MainActivity]: ViewPostImeInputStage processPointer 0
08-15 12:46:56.515 2708 2708 D AbsListView: reportScrollStateChange() newState : 1
08-15 12:46:56.574 2708 2708 D ViewRootImpl@f62c1a[MainActivity]: ViewPostImeInputStage processPointer 1
08-15 12:46:56.574 2708 2708 D AbsListView: onTouchUp() mTouchMode : 3
08-15 12:46:56.575 2708 2708 D AbsListView: onTouchUp() TOUCH_MODE_SCROLL initialVelocity : -8000
08-15 12:46:56.575 2708 2708 D AbsListView: reportScrollStateChange() newState : 2
08-15 12:46:57.601 2708 2708 D AbsListView: reportScrollStateChange() newState : 0
08-15 12:46:58.209 2708 2708 D ViewRootImpl@f62c1a[MainActivity]: ViewPostImeInputStage processPointer 0
08-15 12:46:58.253 2708 2708 D AbsListView: reportScrollStateChange() newState : 1
08-15 12:46:58.592 2708 2708 D ViewRootImpl@f62c1a[MainActivity]: ViewPostImeInputStage processPointer 1
08-15 12:46:58.592 2708 2708 D AbsListView: onTouchUp() mTouchMode : 3
08-15 12:46:58.592 2708 2708 D AbsListView: onTouchUp() TOUCH_MODE_SCROLL initialVelocity : 0
08-15 12:46:58.592 2708 2708 D AbsListView: reportScrollStateChange() newState : 0
08-15 12:46:59.099 2708 2708 D ViewRootImpl@f62c1a[MainActivity]: ViewPostImeInputStage processPointer 0
08-15 12:46:59.189 2708 2708 D AbsListView: reportScrollStateChange() newState : 1
08-15 12:47:00.029 2708 2708 D ViewRootImpl@f62c1a[MainActivity]: ViewPostImeInputStage processPointer 1
08-15 12:47:00.029 2708 2708 D AbsListView: onTouchUp() mTouchMode : 3
08-15 12:47:00.029 2708 2708 D AbsListView: onTouchUp() TOUCH_MODE_SCROLL initialVelocity : 9
08-15 12:47:00.029 2708 2708 D AbsListView: reportScrollStateChange() newState : 0
08-15 12:47:00.512 2708 2708 D ViewRootImpl@f62c1a[MainActivity]: ViewPostImeInputStage processPointer 0
08-15 12:47:00.584 2708 2708 D ViewRootImpl@f62c1a[MainActivity]: ViewPostImeInputStage processPointer 1
08-15 12:47:00.610 2708 2708 D item_click: viewId = 2131820758, position = 19
08-15 12:47:00.660 2708 2708 D ViewRootImpl@f62c1a[MainActivity]: MSG_WINDOW_FOCUS_CHANGED 0
08-15 12:47:00.690 2708 2708 D Graph : removeVertex() : insertDummyVertex, because there is no ancestor.
08-15 12:47:00.718 2708 2708 D ScrollView: initGoToTop
08-15 12:47:00.778 2708 2708 D ViewRootImpl@9ad4e26[CancelDeliveryActivity]: ThreadedRenderer.create() translucent=false
08-15 12:47:00.791 2708 2708 D InputTransport: Input channel constructed: fd=104
08-15 12:47:00.791 2708 2708 D ViewRootImpl@9ad4e26[CancelDeliveryActivity]: setView = DecorView@3fe0a67[CancelDeliveryActivity] touchMode=true
08-15 12:47:00.798 2708 2708 D ViewRootImpl@9ad4e26[CancelDeliveryActivity]: dispatchAttachedToWindow
08-15 12:47:00.839 2708 2708 D ViewRootImpl@9ad4e26[CancelDeliveryActivity]: Relayout returned: oldFrame=[0,0][0,0] newFrame=[0,0][768,1024] result=0x27 surface={isValid=true -1853403136} surfaceGenerationChanged=true
08-15 12:47:00.839 2708 2708 D ViewRootImpl@9ad4e26[CancelDeliveryActivity]: mHardwareRenderer.initialize() mSurface={isValid=true -1853403136} hwInitialized=true
08-15 12:47:00.847 2708 2708 D ScrollView: onsize change changed
08-15 12:47:00.849 2708 2708 D LOCATION_SERVICE: LocationListener gps
08-15 12:47:00.850 2708 2708 D LOCATION_SERVICE: LocationListener network
08-15 12:47:00.852 2708 2708 D LOCATION_SERVICE: onCreate
08-15 12:47:00.852 2708 2708 D LOCATION_SERVICE: initializeLocationManager
08-15 12:47:00.864 2708 2708 D LOCATION_SERVICE: onStartCommand
08-15 12:47:00.923 2708 2708 D ViewRootImpl@9ad4e26[CancelDeliveryActivity]: MSG_RESIZED_REPORT: frame=Rect(0, 0 - 768, 1024) ci=Rect(0, 24 - 0, 0) vi=Rect(0, 24 - 0, 0) or=1
08-15 12:47:00.923 2708 2708 D ViewRootImpl@9ad4e26[CancelDeliveryActivity]: MSG_WINDOW_FOCUS_CHANGED 1
08-15 12:47:00.923 2708 2708 D ViewRootImpl@9ad4e26[CancelDeliveryActivity]: mHardwareRenderer.initializeIfNeeded()#2 mSurface={isValid=true -1853403136}
08-15 12:47:00.934 2708 2708 V InputMethodManager: Starting input: tba=android.view.inputmethod.EditorInfo@411da0a nm : cz.gienger.mobile ic=null
08-15 12:47:00.934 2708 2708 I InputMethodManager: startInputInner - mService.startInputOrWindowGainedFocus
08-15 12:47:00.947 2708 2708 D InputTransport: Input channel constructed: fd=105
08-15 12:47:00.947 2708 2708 D InputTransport: Input channel destroyed: fd=69
08-15 12:47:00.996 2708 2774 D OpenGLRenderer: endAllActiveAnimators on 0x94488a00 (RippleDrawable) with handle 0x92a74040
08-15 12:47:00.996 2708 2708 D ViewRootImpl@f62c1a[MainActivity]: mHardwareRenderer.destroy()#1
08-15 12:47:01.003 2708 2708 D ViewRootImpl@f62c1a[MainActivity]: Relayout returned: oldFrame=[0,0][768,1024] newFrame=[0,0][768,1024] result=0x5 surface={isValid=false 0} surfaceGenerationChanged=true
08-15 12:47:01.386 2708 2708 D ViewRootImpl@f62c1a[MainActivity]: Relayout returned: oldFrame=[0,0][768,1024] newFrame=[0,0][768,1024] result=0x5 surface={isValid=false 0} surfaceGenerationChanged=false
08-15 12:47:01.431 2708 2708 D LOCATION_SERVICE: onLocationChanged: Location[network 49,191085,17,534611 acc=21 et=+17m44s240ms alt=0.0 vel=0.0 bear=0.0 {Bundle[mParcelledData.dataSize=80]}]
08-15 12:47:01.972 2708 2708 D ViewRootImpl@9ad4e26[CancelDeliveryActivity]: ViewPostImeInputStage processPointer 0
08-15 12:47:02.052 2708 2708 D ViewRootImpl@9ad4e26[CancelDeliveryActivity]: ViewPostImeInputStage processPointer 1
08-15 12:47:02.726 2708 2708 D ViewRootImpl@9ad4e26[CancelDeliveryActivity]: ViewPostImeInputStage processPointer 0
08-15 12:47:02.809 2708 2708 D ViewRootImpl@9ad4e26[CancelDeliveryActivity]: ViewPostImeInputStage processPointer 1
08-15 12:47:02.826 2708 2708 D UNDELIVERED: Reason ID = 9, Comment =
08-15 12:47:02.900 2708 8733 D MESSAGE_SERVICE: ACTION_COMPRESS_AND_UPLOAD
08-15 12:47:02.941 2708 2708 D ViewRootImpl@9ad4e26[CancelDeliveryActivity]: MSG_WINDOW_FOCUS_CHANGED 0
08-15 12:47:02.960 2708 2708 D ViewRootImpl@f62c1a[MainActivity]: mHardwareRenderer.destroy()#4
08-15 12:47:02.960 2708 2708 D ViewRootImpl@f62c1a[MainActivity]: dispatchDetachedFromWindow
08-15 12:47:02.972 2708 2708 D InputTransport: Input channel destroyed: fd=75
08-15 12:47:03.232 2708 2708 D ViewRootImpl@a8c00f6[MainActivity]: ThreadedRenderer.create() translucent=false
08-15 12:47:03.236 2708 2708 D InputTransport: Input channel constructed: fd=69
08-15 12:47:03.236 2708 2708 D ViewRootImpl@a8c00f6[MainActivity]: setView = DecorView@a2b8cf7[MainActivity] touchMode=true
08-15 12:47:03.238 2708 2708 D ViewRootImpl@a8c00f6[MainActivity]: dispatchAttachedToWindow
08-15 12:47:03.293 2708 2708 D ViewRootImpl@a8c00f6[MainActivity]: Relayout returned: oldFrame=[0,0][0,0] newFrame=[0,0][768,1024] result=0x27 surface={isValid=true -1853401088} surfaceGenerationChanged=true
08-15 12:47:03.293 2708 2708 D ViewRootImpl@a8c00f6[MainActivity]: mHardwareRenderer.initialize() mSurface={isValid=true -1853401088} hwInitialized=true
08-15 12:47:03.386 2708 2708 D AbsListView: in onLayout changed
08-15 12:47:03.409 2708 2774 D OpenGLRenderer: endAllActiveAnimators on 0x94a83700 (RippleDrawable) with handle 0x94ae9d20
08-15 12:47:03.410 2708 2708 D ViewRootImpl@9ad4e26[CancelDeliveryActivity]: mHardwareRenderer.destroy()#1
08-15 12:47:03.426 2708 2708 D ViewRootImpl@9ad4e26[CancelDeliveryActivity]: Relayout returned: oldFrame=[0,0][768,1024] newFrame=[0,0][768,1024] result=0x5 surface={isValid=false 0} surfaceGenerationChanged=true
08-15 12:47:03.487 2708 2708 D ViewRootImpl@a8c00f6[MainActivity]: MSG_RESIZED_REPORT: frame=Rect(0, 0 - 768, 1024) ci=Rect(0, 24 - 0, 0) vi=Rect(0, 24 - 0, 0) or=1
08-15 12:47:03.487 2708 2708 D ViewRootImpl@a8c00f6[MainActivity]: MSG_WINDOW_FOCUS_CHANGED 1
08-15 12:47:03.487 2708 2708 D ViewRootImpl@a8c00f6[MainActivity]: mHardwareRenderer.initializeIfNeeded()#2 mSurface={isValid=true -1853401088}
08-15 12:47:03.489 2708 2708 V InputMethodManager: Starting input: tba=android.view.inputmethod.EditorInfo@d8b27ec nm : cz.gienger.mobile ic=null
08-15 12:47:03.489 2708 2708 I InputMethodManager: startInputInner - mService.startInputOrWindowGainedFocus
08-15 12:47:03.496 2708 2708 D InputTransport: Input channel constructed: fd=74
08-15 12:47:03.496 2708 2708 D InputTransport: Input channel destroyed: fd=105
08-15 12:47:03.537 2708 2708 D TextView: SYANI: Clipboard API is calling: clearFilter()
08-15 12:47:03.537 2708 2708 D TextView: SYANI: Clipboard API is calling: unregisterClipboardEventListener()
08-15 12:47:03.543 2708 2708 D ViewRootImpl@9ad4e26[CancelDeliveryActivity]: mHardwareRenderer.destroy()#4
08-15 12:47:03.543 2708 2708 D ViewRootImpl@9ad4e26[CancelDeliveryActivity]: dispatchDetachedFromWindow
08-15 12:47:03.549 2708 2708 D InputTransport: Input channel destroyed: fd=104
08-15 12:47:03.550 2708 2708 D LOCATION_SERVICE: onDestroy
08-15 12:47:03.625 2708 8733 D FILE_MANAGER: Serializing delivery /data/user/0/cz.gienger.mobile/files/finished/130AT1181404355/130AT1181404355.xml
08-15 12:47:03.625 2708 8733 D FILE_MANAGER: Null files:
08-15 12:47:03.733 2708 8733 D MYINTERCEPTOR: /GiengerService.svc/sendorder
08-15 12:47:03.734 2708 8733 D OkHttp : --> POST https://testsaig1.gienger.cz/GiengerService.svc/sendorder http/1.1
08-15 12:47:03.734 2708 8733 D OkHttp : Content-Type: text/raw
08-15 12:47:03.734 2708 8733 D OkHttp : Content-Length: 10760
08-15 12:47:03.734 2708 8733 D OkHttp : filename: 130AT1181404355.xml
08-15 12:47:03.734 2708 8733 D OkHttp : Checksum: 54ecf1576ffca43dfeebb025b773549c
08-15 12:47:03.734 2708 8733 D OkHttp : token: a179935b28ab5fa0ca590030bf0a2edf
08-15 12:47:03.735 2708 8733 D OkHttp : --> END POST
08-15 12:47:04.196 2708 2708 D ViewRootImpl@a8c00f6[MainActivity]: ViewPostImeInputStage processPointer 0
08-15 12:47:04.217 2708 8733 D OkHttp : <-- 200 https://testsaig1.gienger.cz/GiengerService.svc/sendorder (482ms)
08-15 12:47:04.218 2708 8733 D OkHttp : content-type: application/xml; charset=utf-8
08-15 12:47:04.218 2708 8733 D OkHttp : server: Microsoft-IIS/10.0
08-15 12:47:04.218 2708 8733 D OkHttp : x-powered-by: ASP.NET
08-15 12:47:04.218 2708 8733 D OkHttp : date: Wed, 15 Aug 2018 10:47:03 GMT
08-15 12:47:04.218 2708 8733 D OkHttp : content-length: 175
08-15 12:47:04.218 2708 8733 D OkHttp : <-- END HTTP
08-15 12:47:04.222 2708 8733 D sendOrder_SUCCESS: 200
08-15 12:47:04.233 2708 2708 D AbsListView: reportScrollStateChange() newState : 1
08-15 12:47:04.251 2708 8733 D MESSAGE_SERVICE: ACTION_RESEND_ORDERS
08-15 12:47:04.473 2708 2708 D ViewRootImpl@a8c00f6[MainActivity]: ViewPostImeInputStage processPointer 1
08-15 12:47:04.554 2708 2708 D AbsListView: in onLayout changed
08-15 12:47:04.790 2708 2708 D ViewRootImpl@a8c00f6[MainActivity]: ViewPostImeInputStage processPointer 0
08-15 12:47:04.831 2708 2718 I art : Background partial concurrent mark sweep GC freed 294602(14MB) AllocSpace objects, 19(404KB) LOS objects, 56% free, 9MB/21MB, paused 1.659ms total 148.360ms
08-15 12:47:04.928 2708 2708 D AbsListView: in onLayout changed
08-15 12:47:04.939 2708 2708 D ViewRootImpl@a8c00f6[MainActivity]: ViewPostImeInputStage processPointer 1
08-15 12:47:05.526 2708 2708 D ViewRootImpl@a8c00f6[MainActivity]: ViewPostImeInputStage processPointer 0
08-15 12:47:05.567 2708 2708 D AbsListView: reportScrollStateChange() newState : 1
