08-15 12:47:55.153 2708 2708 D Graph : removeVertex() : insertDummyVertex, because there is no ancestor.
08-15 12:47:55.153 2708 2708 D Graph : removeVertex() : insertDummyVertex, because there is no ancestor.
08-15 12:47:55.160 2708 2708 D TextView: SYANI: Clipboard API is calling: clearFilter()
08-15 12:47:55.160 2708 2708 D TextView: SYANI: Clipboard API is calling: unregisterClipboardEventListener()
08-15 12:47:55.168 2708 2708 D ViewRootImpl@720a294[CancelDeliveryActivity]: mHardwareRenderer.destroy()#4
08-15 12:47:55.169 2708 2708 D ViewRootImpl@720a294[CancelDeliveryActivity]: dispatchDetachedFromWindow
08-15 12:47:55.174 2708 2708 D InputTransport: Input channel destroyed: fd=109
08-15 12:47:55.232 2708 8765 D FILE_MANAGER: Serializing delivery /data/user/0/cz.gienger.mobile/files/finished/130AT1180524495/130AT1180524495.xml
08-15 12:47:55.232 2708 8765 D FILE_MANAGER: Null files:
08-15 12:47:55.303 2708 8765 D MYINTERCEPTOR: /GiengerService.svc/sendorder
08-15 12:47:55.304 2708 8765 D OkHttp : --> POST https://testsaig1.gienger.cz/GiengerService.svc/sendorder http/1.1
08-15 12:47:55.304 2708 8765 D OkHttp : Content-Type: text/raw
08-15 12:47:55.304 2708 8765 D OkHttp : Content-Length: 3956
08-15 12:47:55.304 2708 8765 D OkHttp : filename: 130AT1180524495.xml
08-15 12:47:55.304 2708 8765 D OkHttp : Checksum: e64f285f2c29e55b1b360442606a4f5d
08-15 12:47:55.304 2708 8765 D OkHttp : token: a179935b28ab5fa0ca590030bf0a2edf
08-15 12:47:55.304 2708 8765 D OkHttp : --> END POST
08-15 12:47:55.515 2708 8765 D OkHttp : <-- 200 https://testsaig1.gienger.cz/GiengerService.svc/sendorder (210ms)
08-15 12:47:55.515 2708 8765 D OkHttp : content-type: application/xml; charset=utf-8
08-15 12:47:55.515 2708 8765 D OkHttp : server: Microsoft-IIS/10.0
08-15 12:47:55.515 2708 8765 D OkHttp : x-powered-by: ASP.NET
08-15 12:47:55.515 2708 8765 D OkHttp : date: Wed, 15 Aug 2018 10:47:54 GMT
08-15 12:47:55.515 2708 8765 D OkHttp : content-length: 175
08-15 12:47:55.515 2708 8765 D OkHttp : <-- END HTTP
08-15 12:47:55.519 2708 8765 D sendOrder_SUCCESS: 200
08-15 12:47:55.549 2708 8765 D MESSAGE_SERVICE: ACTION_RESEND_ORDERS
08-15 12:47:55.827 2708 2708 D AbsListView: in onLayout changed
08-15 12:47:56.034 2708 2708 D ViewRootImpl@f2a7238[MainActivity]: ViewPostImeInputStage processPointer 0
08-15 12:47:56.036 2708 2708 D ViewRootImpl@f2a7238[MainActivity]: ViewPostImeInputStage processPointer 1
08-15 12:47:56.116 2708 2708 D AbsListView: in onLayout changed
08-15 12:47:56.317 2708 2708 D ViewRootImpl@f2a7238[MainActivity]: ViewPostImeInputStage processPointer 0
08-15 12:47:56.348 2708 2708 D AbsListView: reportScrollStateChange() newState : 1
08-15 12:47:56.442 2708 2708 D ViewRootImpl@f2a7238[MainActivity]: ViewPostImeInputStage processPointer 1
08-15 12:47:56.442 2708 2708 D AbsListView: onTouchUp() mTouchMode : 3
08-15 12:47:56.443 2708 2708 D AbsListView: onTouchUp() TOUCH_MODE_SCROLL initialVelocity : -8000
08-15 12:47:56.443 2708 2708 D AbsListView: reportScrollStateChange() newState : 2
08-15 12:47:57.383 2708 2708 D AbsListView: reportScrollStateChange() newState : 0
08-15 12:47:57.480 2708 2708 D ViewRootImpl@f2a7238[MainActivity]: ViewPostImeInputStage processPointer 0
08-15 12:47:57.519 2708 2708 D AbsListView: reportScrollStateChange() newState : 1
08-15 12:47:57.671 2708 2708 D ViewRootImpl@f2a7238[MainActivity]: ViewPostImeInputStage processPointer 1
08-15 12:47:57.671 2708 2708 D AbsListView: onTouchUp() mTouchMode : 3
08-15 12:47:57.671 2708 2708 D AbsListView: onTouchUp() TOUCH_MODE_SCROLL initialVelocity : 1882
08-15 12:47:57.671 2708 2708 D AbsListView: reportScrollStateChange() newState : 2
08-15 12:47:58.146 2708 2708 D ViewRootImpl@f2a7238[MainActivity]: ViewPostImeInputStage processPointer 0
08-15 12:47:58.580 2708 2708 D AbsListView: reportScrollStateChange() newState : 0
08-15 12:47:58.581 2708 2708 D AbsListView: reportScrollStateChange() newState : 1
08-15 12:47:58.824 2708 2708 D ViewRootImpl@f2a7238[MainActivity]: ViewPostImeInputStage processPointer 1
08-15 12:47:58.824 2708 2708 D AbsListView: onTouchUp() mTouchMode : 3
08-15 12:47:58.825 2708 2708 D AbsListView: onTouchUp() TOUCH_MODE_SCROLL initialVelocity : 616
08-15 12:47:58.825 2708 2708 D AbsListView: reportScrollStateChange() newState : 2
08-15 12:47:59.139 2708 2708 D ViewRootImpl@f2a7238[MainActivity]: ViewPostImeInputStage processPointer 0
08-15 12:47:59.261 2708 2708 D AbsListView: reportScrollStateChange() newState : 0
08-15 12:47:59.262 2708 2708 D AbsListView: reportScrollStateChange() newState : 1
08-15 12:47:59.926 2708 2708 D ViewRootImpl@f2a7238[MainActivity]: ViewPostImeInputStage processPointer 1
08-15 12:47:59.926 2708 2708 D AbsListView: onTouchUp() mTouchMode : 3
08-15 12:47:59.926 2708 2708 D AbsListView: onTouchUp() TOUCH_MODE_SCROLL initialVelocity : -7
08-15 12:47:59.926 2708 2708 D AbsListView: reportScrollStateChange() newState : 0
08-15 12:47:59.999 2708 2708 D ViewRootImpl@f2a7238[MainActivity]: ViewPostImeInputStage processPointer 0
08-15 12:48:00.056 2708 2708 D AbsListView: reportScrollStateChange() newState : 1
08-15 12:48:00.234 2708 2708 D ViewRootImpl@f2a7238[MainActivity]: ViewPostImeInputStage processPointer 1
08-15 12:48:00.234 2708 2708 D AbsListView: onTouchUp() mTouchMode : 3
08-15 12:48:00.234 2708 2708 D AbsListView: onTouchUp() TOUCH_MODE_SCROLL initialVelocity : 678
08-15 12:48:00.234 2708 2708 D AbsListView: reportScrollStateChange() newState : 2
08-15 12:48:00.565 2708 2708 D ViewRootImpl@f2a7238[MainActivity]: ViewPostImeInputStage processPointer 0
08-15 12:48:00.688 2708 2708 D AbsListView: reportScrollStateChange() newState : 0
08-15 12:48:00.690 2708 2708 D AbsListView: reportScrollStateChange() newState : 1
08-15 12:48:00.876 2708 2708 D ViewRootImpl@f2a7238[MainActivity]: ViewPostImeInputStage processPointer 1
08-15 12:48:00.877 2708 2708 D AbsListView: onTouchUp() mTouchMode : 3
08-15 12:48:00.877 2708 2708 D AbsListView: onTouchUp() TOUCH_MODE_SCROLL initialVelocity : 1014
08-15 12:48:00.877 2708 2708 D AbsListView: reportScrollStateChange() newState : 2
08-15 12:48:01.372 2708 2708 D ViewRootImpl@f2a7238[MainActivity]: ViewPostImeInputStage processPointer 0
08-15 12:48:01.414 2708 2708 D AbsListView: reportScrollStateChange() newState : 0
08-15 12:48:01.415 2708 2708 D AbsListView: reportScrollStateChange() newState : 1
08-15 12:48:01.779 2708 2708 D ViewRootImpl@f2a7238[MainActivity]: ViewPostImeInputStage processPointer 1
08-15 12:48:01.780 2708 2708 D AbsListView: onTouchUp() mTouchMode : 3
08-15 12:48:01.780 2708 2708 D AbsListView: onTouchUp() TOUCH_MODE_SCROLL initialVelocity : 17
08-15 12:48:01.780 2708 2708 D AbsListView: reportScrollStateChange() newState : 0
08-15 12:48:02.157 2708 2708 D ViewRootImpl@f2a7238[MainActivity]: ViewPostImeInputStage processPointer 0
08-15 12:48:02.249 2708 2708 D ViewRootImpl@f2a7238[MainActivity]: ViewPostImeInputStage processPointer 1
08-15 12:48:02.280 2708 2708 D item_click: viewId = 2131820758, position = 12
08-15 12:48:02.334 2708 2708 D ViewRootImpl@f2a7238[MainActivity]: MSG_WINDOW_FOCUS_CHANGED 0
08-15 12:48:02.385 2708 2708 D ScrollView: initGoToTop
08-15 12:48:02.447 2708 2708 D ViewRootImpl@72c0fd[CancelDeliveryActivity]: ThreadedRenderer.create() translucent=false
08-15 12:48:02.450 2708 2708 D InputTransport: Input channel constructed: fd=92
08-15 12:48:02.450 2708 2708 D ViewRootImpl@72c0fd[CancelDeliveryActivity]: setView = DecorView@85771f2[CancelDeliveryActivity] touchMode=true
08-15 12:48:02.457 2708 2708 D ViewRootImpl@72c0fd[CancelDeliveryActivity]: dispatchAttachedToWindow
08-15 12:48:02.489 2708 2708 D ViewRootImpl@72c0fd[CancelDeliveryActivity]: Relayout returned: oldFrame=[0,0][0,0] newFrame=[0,0][768,1024] result=0x27 surface={isValid=true -1849473024} surfaceGenerationChanged=true
08-15 12:48:02.490 2708 2708 D ViewRootImpl@72c0fd[CancelDeliveryActivity]: mHardwareRenderer.initialize() mSurface={isValid=true -1849473024} hwInitialized=true
08-15 12:48:02.496 2708 2708 D ScrollView: onsize change changed
08-15 12:48:02.498 2708 2708 D LOCATION_SERVICE: LocationListener gps
08-15 12:48:02.499 2708 2708 D LOCATION_SERVICE: LocationListener network
08-15 12:48:02.501 2708 2708 D LOCATION_SERVICE: onCreate
08-15 12:48:02.501 2708 2708 D LOCATION_SERVICE: initializeLocationManager
08-15 12:48:02.519 2708 2708 D LOCATION_SERVICE: onStartCommand
08-15 12:48:02.605 2708 2708 D ViewRootImpl@72c0fd[CancelDeliveryActivity]: MSG_RESIZED_REPORT: frame=Rect(0, 0 - 768, 1024) ci=Rect(0, 24 - 0, 0) vi=Rect(0, 24 - 0, 0) or=1
08-15 12:48:02.605 2708 2708 D ViewRootImpl@72c0fd[CancelDeliveryActivity]: MSG_WINDOW_FOCUS_CHANGED 1
08-15 12:48:02.606 2708 2708 D ViewRootImpl@72c0fd[CancelDeliveryActivity]: mHardwareRenderer.initializeIfNeeded()#2 mSurface={isValid=true -1849473024}
08-15 12:48:02.613 2708 2708 V InputMethodManager: Starting input: tba=android.view.inputmethod.EditorInfo@e3a2531 nm : cz.gienger.mobile ic=null
08-15 12:48:02.613 2708 2708 I InputMethodManager: startInputInner - mService.startInputOrWindowGainedFocus
08-15 12:48:02.619 2708 2708 D InputTransport: Input channel constructed: fd=108
08-15 12:48:02.619 2708 2708 D InputTransport: Input channel destroyed: fd=81
08-15 12:48:02.673 2708 2774 D OpenGLRenderer: endAllActiveAnimators on 0x94c64e80 (RippleDrawable) with handle 0x94ab9020
08-15 12:48:02.673 2708 2708 D ViewRootImpl@f2a7238[MainActivity]: mHardwareRenderer.destroy()#1
08-15 12:48:02.686 2708 2708 D ViewRootImpl@f2a7238[MainActivity]: Relayout returned: oldFrame=[0,0][768,1024] newFrame=[0,0][768,1024] result=0x5 surface={isValid=false 0} surfaceGenerationChanged=true
08-15 12:48:03.054 2708 2708 D ViewRootImpl@f2a7238[MainActivity]: Relayout returned: oldFrame=[0,0][768,1024] newFrame=[0,0][768,1024] result=0x5 surface={isValid=false 0} surfaceGenerationChanged=false
08-15 12:48:03.151 2708 2708 D LOCATION_SERVICE: onLocationChanged: Location[network 49,191070,17,534572 acc=21 et=+18m45s958ms alt=0.0 vel=0.0 bear=0.0 {Bundle[mParcelledData.dataSize=80]}]
08-15 12:48:03.904 2708 2708 D ViewRootImpl@72c0fd[CancelDeliveryActivity]: ViewPostImeInputStage processPointer 0
08-15 12:48:03.974 2708 2708 D ViewRootImpl@72c0fd[CancelDeliveryActivity]: ViewPostImeInputStage processPointer 1
08-15 12:48:04.730 2708 2708 D ViewRootImpl@72c0fd[CancelDeliveryActivity]: ViewPostImeInputStage processPointer 0
08-15 12:48:04.787 2708 2708 D ViewRootImpl@72c0fd[CancelDeliveryActivity]: ViewPostImeInputStage processPointer 1
08-15 12:48:04.822 2708 2708 D UNDELIVERED: Reason ID = 5, Comment =
08-15 12:48:04.946 2708 8772 D MESSAGE_SERVICE: ACTION_COMPRESS_AND_UPLOAD
08-15 12:48:04.962 2708 2708 D ViewRootImpl@72c0fd[CancelDeliveryActivity]: MSG_WINDOW_FOCUS_CHANGED 0
08-15 12:48:04.968 2708 2708 D Graph : removeVertex() : insertDummyVertex, because there is no ancestor.
08-15 12:48:04.985 2708 2708 D ViewRootImpl@f2a7238[MainActivity]: mHardwareRenderer.destroy()#4
08-15 12:48:04.985 2708 2708 D ViewRootImpl@f2a7238[MainActivity]: dispatchDetachedFromWindow
08-15 12:48:04.991 2708 2708 D InputTransport: Input channel destroyed: fd=89
08-15 12:48:04.996 2708 2718 I art : Background partial concurrent mark sweep GC freed 258430(11MB) AllocSpace objects, 17(376KB) LOS objects, 56% free, 9MB/21MB, paused 1.556ms total 184.174ms
08-15 12:48:05.254 2708 2708 D ViewRootImpl@afbb1c2[MainActivity]: ThreadedRenderer.create() translucent=false
08-15 12:48:05.261 2708 2708 D InputTransport: Input channel constructed: fd=97
08-15 12:48:05.261 2708 2708 D ViewRootImpl@afbb1c2[MainActivity]: setView = DecorView@b5ffbd3[MainActivity] touchMode=true
08-15 12:48:05.264 2708 2708 D ViewRootImpl@afbb1c2[MainActivity]: dispatchAttachedToWindow
08-15 12:48:05.329 2708 2708 D ViewRootImpl@afbb1c2[MainActivity]: Relayout returned: oldFrame=[0,0][0,0] newFrame=[0,0][768,1024] result=0x27 surface={isValid=true -1814622208} surfaceGenerationChanged=true
08-15 12:48:05.329 2708 2708 D ViewRootImpl@afbb1c2[MainActivity]: mHardwareRenderer.initialize() mSurface={isValid=true -1814622208} hwInitialized=true
08-15 12:48:05.408 2708 2708 D AbsListView: in onLayout changed
08-15 12:48:05.430 2708 2774 D OpenGLRenderer: endAllActiveAnimators on 0x9553ea00 (RippleDrawable) with handle 0x9178f1f0
08-15 12:48:05.430 2708 2708 D ViewRootImpl@72c0fd[CancelDeliveryActivity]: mHardwareRenderer.destroy()#1
08-15 12:48:05.439 2708 2708 D ViewRootImpl@72c0fd[CancelDeliveryActivity]: Relayout returned: oldFrame=[0,0][768,1024] newFrame=[0,0][768,1024] result=0x5 surface={isValid=false 0} surfaceGenerationChanged=true
08-15 12:48:05.497 2708 2708 D ViewRootImpl@afbb1c2[MainActivity]: MSG_RESIZED_REPORT: frame=Rect(0, 0 - 768, 1024) ci=Rect(0, 24 - 0, 0) vi=Rect(0, 24 - 0, 0) or=1
08-15 12:48:05.497 2708 2708 D ViewRootImpl@afbb1c2[MainActivity]: MSG_WINDOW_FOCUS_CHANGED 1
08-15 12:48:05.498 2708 2708 D ViewRootImpl@afbb1c2[MainActivity]: mHardwareRenderer.initializeIfNeeded()#2 mSurface={isValid=true -1814622208}
08-15 12:48:05.499 2708 2708 V InputMethodManager: Starting input: tba=android.view.inputmethod.EditorInfo@b75c18 nm : cz.gienger.mobile ic=null
08-15 12:48:05.499 2708 2708 I InputMethodManager: startInputInner - mService.startInputOrWindowGainedFocus
08-15 12:48:05.506 2708 2708 D InputTransport: Input channel constructed: fd=89
08-15 12:48:05.506 2708 2708 D InputTransport: Input channel destroyed: fd=108
08-15 12:48:05.545 2708 2708 D TextView: SYANI: Clipboard API is calling: clearFilter()
08-15 12:48:05.545 2708 2708 D TextView: SYANI: Clipboard API is calling: unregisterClipboardEventListener()
08-15 12:48:05.554 2708 2708 D ViewRootImpl@72c0fd[CancelDeliveryActivity]: mHardwareRenderer.destroy()#4
08-15 12:48:05.554 2708 2708 D ViewRootImpl@72c0fd[CancelDeliveryActivity]: dispatchDetachedFromWindow
08-15 12:48:05.559 2708 2708 D InputTransport: Input channel destroyed: fd=92
08-15 12:48:05.560 2708 2708 D LOCATION_SERVICE: onDestroy
08-15 12:48:05.681 2708 8772 D FILE_MANAGER: Serializing delivery /data/user/0/cz.gienger.mobile/files/finished/130AT1180524583/130AT1180524583.xml
08-15 12:48:05.681 2708 8772 D FILE_MANAGER: Null files:
08-15 12:48:05.761 2708 8772 D MYINTERCEPTOR: /GiengerService.svc/sendorder
08-15 12:48:05.762 2708 8772 D OkHttp : --> POST https://testsaig1.gienger.cz/GiengerService.svc/sendorder http/1.1
08-15 12:48:05.762 2708 8772 D OkHttp : Content-Type: text/raw
08-15 12:48:05.762 2708 8772 D OkHttp : Content-Length: 6017
08-15 12:48:05.762 2708 8772 D OkHttp : filename: 130AT1180524583.xml
08-15 12:48:05.762 2708 8772 D OkHttp : Checksum: ccc42a01ccec976ef568d4e303476371
08-15 12:48:05.762 2708 8772 D OkHttp : token: a179935b28ab5fa0ca590030bf0a2edf
08-15 12:48:05.762 2708 8772 D OkHttp : --> END POST
08-15 12:48:05.872 2708 8772 D OkHttp : <-- 200 https://testsaig1.gienger.cz/GiengerService.svc/sendorder (109ms)
08-15 12:48:05.872 2708 8772 D OkHttp : content-type: application/xml; charset=utf-8
08-15 12:48:05.872 2708 8772 D OkHttp : server: Microsoft-IIS/10.0
08-15 12:48:05.873 2708 8772 D OkHttp : x-powered-by: ASP.NET
08-15 12:48:05.873 2708 8772 D OkHttp : date: Wed, 15 Aug 2018 10:48:04 GMT
08-15 12:48:05.873 2708 8772 D OkHttp : content-length: 175
08-15 12:48:05.873 2708 8772 D OkHttp : <-- END HTTP
08-15 12:48:05.876 2708 8772 D sendOrder_SUCCESS: 200
08-15 12:48:05.907 2708 8772 D MESSAGE_SERVICE: ACTION_RESEND_ORDERS
08-15 12:48:06.191 2708 2708 D AbsListView: in onLayout changed
08-15 12:48:06.479 2708 2708 D AbsListView: in onLayout changed
08-15 12:48:06.489 2708 2708 D ViewRootImpl@afbb1c2[MainActivity]: ViewPostImeInputStage processPointer 0
08-15 12:48:06.491 2708 2708 D AbsListView: reportScrollStateChange() newState : 1
08-15 12:48:06.582 2708 2708 D ViewRootImpl@afbb1c2[MainActivity]: ViewPostImeInputStage processPointer 1
08-15 12:48:06.583 2708 2708 D AbsListView: onTouchUp() mTouchMode : 3
08-15 12:48:06.583 2708 2708 D AbsListView: onTouchUp() TOUCH_MODE_SCROLL initialVelocity : -6181
08-15 12:48:06.583 2708 2708 D AbsListView: reportScrollStateChange() newState : 2
08-15 12:48:07.879 2708 2708 D ViewRootImpl@afbb1c2[MainActivity]: ViewPostImeInputStage processPointer 0
08-15 12:48:07.919 2708 2708 D AbsListView: reportScrollStateChange() newState : 0
08-15 12:48:07.920 2708 2708 D AbsListView: reportScrollStateChange() newState : 1
08-15 12:48:08.034 2708 2708 D ViewRootImpl@afbb1c2[MainActivity]: ViewPostImeInputStage processPointer 1
08-15 12:48:08.035 2708 2708 D AbsListView: onTouchUp() mTouchMode : 3
08-15 12:48:08.035 2708 2708 D AbsListView: onTouchUp() TOUCH_MODE_SCROLL initialVelocity : 2151
08-15 12:48:08.035 2708 2708 D AbsListView: reportScrollStateChange() newState : 2
08-15 12:48:08.855 2708 2708 D ViewRootImpl@afbb1c2[MainActivity]: ViewPostImeInputStage processPointer 0
08-15 12:48:09.064 2708 2708 D AbsListView: reportScrollStateChange() newState : 0
08-15 12:48:09.068 2708 2708 D AbsListView: reportScrollStateChange() newState : 1
08-15 12:48:09.198 2708 2708 D ViewRootImpl@afbb1c2[MainActivity]: ViewPostImeInputStage processPointer 1
08-15 12:48:09.199 2708 2708 D AbsListView: onTouchUp() mTouchMode : 3
08-15 12:48:09.199 2708 2708 D AbsListView: onTouchUp() TOUCH_MODE_SCROLL initialVelocity : 19
08-15 12:48:09.199 2708 2708 D AbsListView: reportScrollStateChange() newState : 0
08-15 12:48:09.516 2708 2708 D ViewRootImpl@afbb1c2[MainActivity]: ViewPostImeInputStage processPointer 0
08-15 12:48:09.585 2708 2708 D ViewRootImpl@afbb1c2[MainActivity]: ViewPostImeInputStage processPointer 1
08-15 12:48:09.613 2708 2708 D item_click: viewId = 2131820758, position = 14
08-15 12:48:09.659 2708 2708 D ViewRootImpl@afbb1c2[MainActivity]: MSG_WINDOW_FOCUS_CHANGED 0
08-15 12:48:09.723 2708 2708 D ScrollView: initGoToTop
08-15 12:48:09.784 2708 2708 D ViewRootImpl@d8b2902[CancelDeliveryActivity]: ThreadedRenderer.create() translucent=false
08-15 12:48:09.787 2708 2708 D InputTransport: Input channel constructed: fd=90
08-15 12:48:09.788 2708 2708 D ViewRootImpl@d8b2902[CancelDeliveryActivity]: setView = DecorView@44b4213[CancelDeliveryActivity] touchMode=true
08-15 12:48:09.794 2708 2708 D ViewRootImpl@d8b2902[CancelDeliveryActivity]: dispatchAttachedToWindow
08-15 12:48:09.839 2708 2708 D ViewRootImpl@d8b2902[CancelDeliveryActivity]: Relayout returned: oldFrame=[0,0][0,0] newFrame=[0,0][768,1024] result=0x27 surface={isValid=true -1844975616} surfaceGenerationChanged=true
08-15 12:48:09.840 2708 2708 D ViewRootImpl@d8b2902[CancelDeliveryActivity]: mHardwareRenderer.initialize() mSurface={isValid=true -1844975616} hwInitialized=true
08-15 12:48:09.844 2708 2708 D ScrollView: onsize change changed
08-15 12:48:09.845 2708 2708 D LOCATION_SERVICE: LocationListener gps
08-15 12:48:09.847 2708 2708 D LOCATION_SERVICE: LocationListener network
08-15 12:48:09.848 2708 2708 D LOCATION_SERVICE: onCreate
08-15 12:48:09.848 2708 2708 D LOCATION_SERVICE: initializeLocationManager
08-15 12:48:09.855 2708 2708 D LOCATION_SERVICE: onStartCommand
08-15 12:48:09.932 2708 2708 D ViewRootImpl@d8b2902[CancelDeliveryActivity]: MSG_RESIZED_REPORT: frame=Rect(0, 0 - 768, 1024) ci=Rect(0, 24 - 0, 0) vi=Rect(0, 24 - 0, 0) or=1
08-15 12:48:09.932 2708 2708 D ViewRootImpl@d8b2902[CancelDeliveryActivity]: MSG_WINDOW_FOCUS_CHANGED 1
08-15 12:48:09.932 2708 2708 D ViewRootImpl@d8b2902[CancelDeliveryActivity]: mHardwareRenderer.initializeIfNeeded()#2 mSurface={isValid=true -1844975616}
08-15 12:48:09.937 2708 2708 V InputMethodManager: Starting input: tba=android.view.inputmethod.EditorInfo@a40fa67 nm : cz.gienger.mobile ic=null
08-15 12:48:09.937 2708 2708 I InputMethodManager: startInputInner - mService.startInputOrWindowGainedFocus
08-15 12:48:09.948 2708 2708 D InputTransport: Input channel constructed: fd=117
08-15 12:48:09.948 2708 2708 D InputTransport: Input channel destroyed: fd=89
08-15 12:48:10.033 2708 2774 D OpenGLRenderer: endAllActiveAnimators on 0x95542900 (RippleDrawable) with handle 0x93d79d30
08-15 12:48:10.033 2708 2708 D ViewRootImpl@afbb1c2[MainActivity]: mHardwareRenderer.destroy()#1
08-15 12:48:10.042 2708 2708 D ViewRootImpl@afbb1c2[MainActivity]: Relayout returned: oldFrame=[0,0][768,1024] newFrame=[0,0][768,1024] result=0x5 surface={isValid=false 0} surfaceGenerationChanged=true
08-15 12:48:10.369 2708 2708 D ViewRootImpl@afbb1c2[MainActivity]: Relayout returned: oldFrame=[0,0][768,1024] newFrame=[0,0][768,1024] result=0x5 surface={isValid=false 0} surfaceGenerationChanged=false
08-15 12:48:12.081 2708 2708 D ViewRootImpl@d8b2902[CancelDeliveryActivity]: ViewPostImeInputStage processPointer 0
08-15 12:48:12.149 2708 2708 D ViewRootImpl@d8b2902[CancelDeliveryActivity]: ViewPostImeInputStage processPointer 1
08-15 12:48:13.004 2708 2708 D ViewRootImpl@d8b2902[CancelDeliveryActivity]: ViewPostImeInputStage processPointer 0
08-15 12:48:13.071 2708 2708 D ViewRootImpl@d8b2902[CancelDeliveryActivity]: ViewPostImeInputStage processPointer 1
08-15 12:48:13.102 2708 2708 D UNDELIVERED: Reason ID = 7, Comment =
08-15 12:48:13.200 2708 8780 D MESSAGE_SERVICE: ACTION_COMPRESS_AND_UPLOAD
08-15 12:48:13.200 2708 2708 D ViewRootImpl@d8b2902[CancelDeliveryActivity]: MSG_WINDOW_FOCUS_CHANGED 0
08-15 12:48:13.232 2708 2708 D ViewRootImpl@afbb1c2[MainActivity]: mHardwareRenderer.destroy()#4
08-15 12:48:13.232 2708 2708 D ViewRootImpl@afbb1c2[MainActivity]: dispatchDetachedFromWindow
08-15 12:48:13.239 2708 2708 D InputTransport: Input channel destroyed: fd=97
08-15 12:48:13.505 2708 2708 D ViewRootImpl@83d59a3[MainActivity]: ThreadedRenderer.create() translucent=false
08-15 12:48:13.514 2708 2708 D InputTransport: Input channel constructed: fd=97
08-15 12:48:13.515 2708 2708 D ViewRootImpl@83d59a3[MainActivity]: setView = DecorView@a8104a0[MainActivity] touchMode=true
08-15 12:48:13.517 2708 2708 D ViewRootImpl@83d59a3[MainActivity]: dispatchAttachedToWindow
08-15 12:48:13.545 2708 2718 I art : Background sticky concurrent mark sweep GC freed 248466(10MB) AllocSpace objects, 9(180KB) LOS objects, 48% free, 10MB/21MB, paused 1.868ms total 112.905ms
08-15 12:48:13.579 2708 2708 D ViewRootImpl@83d59a3[MainActivity]: Relayout returned: oldFrame=[0,0][0,0] newFrame=[0,0][768,1024] result=0x27 surface={isValid=true -1852493824} surfaceGenerationChanged=true
08-15 12:48:13.580 2708 2708 D ViewRootImpl@83d59a3[MainActivity]: mHardwareRenderer.initialize() mSurface={isValid=true -1852493824} hwInitialized=true
08-15 12:48:13.664 2708 2708 D AbsListView: in onLayout changed
08-15 12:48:13.678 2708 2774 D OpenGLRenderer: endAllActiveAnimators on 0x93279c80 (RippleDrawable) with handle 0x925fe380
08-15 12:48:13.678 2708 2708 D ViewRootImpl@d8b2902[CancelDeliveryActivity]: mHardwareRenderer.destroy()#1
08-15 12:48:13.685 2708 2708 D ViewRootImpl@d8b2902[CancelDeliveryActivity]: Relayout returned: oldFrame=[0,0][768,1024] newFrame=[0,0][768,1024] result=0x5 surface={isValid=false 0} surfaceGenerationChanged=true
08-15 12:48:13.743 2708 2708 D ViewRootImpl@83d59a3[MainActivity]: MSG_RESIZED_REPORT: frame=Rect(0, 0 - 768, 1024) ci=Rect(0, 24 - 0, 0) vi=Rect(0, 24 - 0, 0) or=1
08-15 12:48:13.743 2708 2708 D ViewRootImpl@83d59a3[MainActivity]: MSG_WINDOW_FOCUS_CHANGED 1
08-15 12:48:13.743 2708 2708 D ViewRootImpl@83d59a3[MainActivity]: mHardwareRenderer.initializeIfNeeded()#2 mSurface={isValid=true -1852493824}
08-15 12:48:13.744 2708 2708 V InputMethodManager: Starting input: tba=android.view.inputmethod.EditorInfo@cf9cec1 nm : cz.gienger.mobile ic=null
08-15 12:48:13.745 2708 2708 I InputMethodManager: startInputInner - mService.startInputOrWindowGainedFocus
08-15 12:48:13.751 2708 2708 D InputTransport: Input channel constructed: fd=81
08-15 12:48:13.751 2708 2708 D InputTransport: Input channel destroyed: fd=117
08-15 12:48:13.791 2708 2708 D TextView: SYANI: Clipboard API is calling: clearFilter()
08-15 12:48:13.791 2708 2708 D TextView: SYANI: Clipboard API is calling: unregisterClipboardEventListener()
08-15 12:48:13.797 2708 2708 D ViewRootImpl@d8b2902[CancelDeliveryActivity]: mHardwareRenderer.destroy()#4
08-15 12:48:13.797 2708 2708 D ViewRootImpl@d8b2902[CancelDeliveryActivity]: dispatchDetachedFromWindow
08-15 12:48:13.807 2708 2708 D InputTransport: Input channel destroyed: fd=90
08-15 12:48:13.808 2708 2708 D LOCATION_SERVICE: onDestroy
08-15 12:48:13.934 2708 8780 D FILE_MANAGER: Serializing delivery /data/user/0/cz.gienger.mobile/files/finished/130AT1180524510/130AT1180524510.xml
08-15 12:48:13.935 2708 8780 D FILE_MANAGER: Null files:
08-15 12:48:14.002 2708 8780 D MYINTERCEPTOR: /GiengerService.svc/sendorder
08-15 12:48:14.003 2708 8780 D OkHttp : --> POST https://testsaig1.gienger.cz/GiengerService.svc/sendorder http/1.1
08-15 12:48:14.003 2708 8780 D OkHttp : Content-Type: text/raw
08-15 12:48:14.003 2708 8780 D OkHttp : Content-Length: 3466
08-15 12:48:14.003 2708 8780 D OkHttp : filename: 130AT1180524510.xml
08-15 12:48:14.003 2708 8780 D OkHttp : Checksum: 8f40f3880331f351f2c36dcce03a8fb3
08-15 12:48:14.003 2708 8780 D OkHttp : token: a179935b28ab5fa0ca590030bf0a2edf
08-15 12:48:14.003 2708 8780 D OkHttp : --> END POST
08-15 12:48:14.117 2708 8780 D OkHttp : <-- 200 https://testsaig1.gienger.cz/GiengerService.svc/sendorder (113ms)
08-15 12:48:14.118 2708 8780 D OkHttp : content-type: application/xml; charset=utf-8
08-15 12:48:14.118 2708 8780 D OkHttp : server: Microsoft-IIS/10.0
08-15 12:48:14.118 2708 8780 D OkHttp : x-powered-by: ASP.NET
08-15 12:48:14.118 2708 8780 D OkHttp : date: Wed, 15 Aug 2018 10:48:13 GMT
08-15 12:48:14.118 2708 8780 D OkHttp : content-length: 175
08-15 12:48:14.118 2708 8780 D OkHttp : <-- END HTTP
08-15 12:48:14.122 2708 8780 D sendOrder_SUCCESS: 200
08-15 12:48:14.143 2708 8780 D MESSAGE_SERVICE: ACTION_RESEND_ORDERS
08-15 12:48:14.437 2708 2708 D AbsListView: in onLayout changed
08-15 12:48:14.447 2708 2708 D ViewRootImpl@83d59a3[MainActivity]: ViewPostImeInputStage processPointer 0
08-15 12:48:14.455 2708 2708 D AbsListView: reportScrollStateChange() newState : 1
08-15 12:48:14.644 2708 2708 D ViewRootImpl@83d59a3[MainActivity]: ViewPostImeInputStage processPointer 1
08-15 12:48:14.721 2708 2708 D AbsListView: in onLayout changed
08-15 12:48:14.988 2708 2708 D ViewRootImpl@83d59a3[MainActivity]: ViewPostImeInputStage processPointer 0
08-15 12:48:15.007 2708 2708 D AbsListView: reportScrollStateChange() newState : 1
08-15 12:48:15.101 2708 2708 D ViewRootImpl@83d59a3[MainActivity]: ViewPostImeInputStage processPointer 1
08-15 12:48:15.101 2708 2708 D AbsListView: onTouchUp() mTouchMode : 3
08-15 12:48:15.101 2708 2708 D AbsListView: onTouchUp() TOUCH_MODE_SCROLL initialVelocity : -8000
08-15 12:48:15.101 2708 2708 D AbsListView: reportScrollStateChange() newState : 2
08-15 12:48:16.042 2708 2708 D AbsListView: reportScrollStateChange() newState : 0
08-15 12:48:16.654 2708 2708 D ViewRootImpl@83d59a3[MainActivity]: ViewPostImeInputStage processPointer 0
08-15 12:48:16.695 2708 2708 D AbsListView: reportScrollStateChange() newState : 1
08-15 12:48:17.391 2708 2708 D ViewRootImpl@83d59a3[MainActivity]: ViewPostImeInputStage processPointer 1
08-15 12:48:17.392 2708 2708 D AbsListView: onTouchUp() mTouchMode : 3
08-15 12:48:17.392 2708 2708 D AbsListView: onTouchUp() TOUCH_MODE_SCROLL initialVelocity : 1706
08-15 12:48:17.392 2708 2708 D AbsListView: reportScrollStateChange() newState : 2
08-15 12:48:18.121 2708 2708 D ViewRootImpl@83d59a3[MainActivity]: ViewPostImeInputStage processPointer 0
08-15 12:48:18.243 2708 2708 D AbsListView: reportScrollStateChange() newState : 0
08-15 12:48:18.244 2708 2708 D AbsListView: reportScrollStateChange() newState : 1
08-15 12:48:18.765 2708 2708 D ViewRootImpl@83d59a3[MainActivity]: ViewPostImeInputStage processPointer 1
08-15 12:48:18.766 2708 2708 D AbsListView: onTouchUp() mTouchMode : 3
08-15 12:48:18.766 2708 2708 D AbsListView: onTouchUp() TOUCH_MODE_SCROLL initialVelocity : 704
08-15 12:48:18.766 2708 2708 D AbsListView: reportScrollStateChange() newState : 2
08-15 12:48:19.218 2708 2708 D AbsListView: reportScrollStateChange() newState : 0
08-15 12:48:19.254 2708 2708 D ViewRootImpl@83d59a3[MainActivity]: ViewPostImeInputStage processPointer 0
08-15 12:48:19.384 2708 2708 D AbsListView: reportScrollStateChange() newState : 1
08-15 12:48:19.629 2708 2708 D ViewRootImpl@83d59a3[MainActivity]: ViewPostImeInputStage processPointer 1
08-15 12:48:19.630 2708 2708 D AbsListView: onTouchUp() mTouchMode : 3
08-15 12:48:19.630 2708 2708 D AbsListView: onTouchUp() TOUCH_MODE_SCROLL initialVelocity : 4
08-15 12:48:19.630 2708 2708 D AbsListView: reportScrollStateChange() newState : 0
08-15 12:48:19.956 2708 2708 D ViewRootImpl@83d59a3[MainActivity]: ViewPostImeInputStage processPointer 0
08-15 12:48:20.028 2708 2708 D ViewRootImpl@83d59a3[MainActivity]: ViewPostImeInputStage processPointer 1
08-15 12:48:20.052 2708 2708 D item_click: viewId = 2131820758, position = 15
08-15 12:48:20.098 2708 2708 D ViewRootImpl@83d59a3[MainActivity]: MSG_WINDOW_FOCUS_CHANGED 0
08-15 12:48:20.160 2708 2708 D ScrollView: initGoToTop
08-15 12:48:20.226 2708 2708 D ViewRootImpl@fca8c5a[CancelDeliveryActivity]: ThreadedRenderer.create() translucent=false
08-15 12:48:20.233 2708 2708 D InputTransport: Input channel constructed: fd=102
08-15 12:48:20.234 2708 2708 D ViewRootImpl@fca8c5a[CancelDeliveryActivity]: setView = DecorView@79d5e8b[CancelDeliveryActivity] touchMode=true
08-15 12:48:20.239 2708 2708 D ViewRootImpl@fca8c5a[CancelDeliveryActivity]: dispatchAttachedToWindow
08-15 12:48:20.275 2708 2708 D ViewRootImpl@fca8c5a[CancelDeliveryActivity]: Relayout returned: oldFrame=[0,0][0,0] newFrame=[0,0][768,1024] result=0x27 surface={isValid=true -1801656320} surfaceGenerationChanged=true
08-15 12:48:20.275 2708 2708 D ViewRootImpl@fca8c5a[CancelDeliveryActivity]: mHardwareRenderer.initialize() mSurface={isValid=true -1801656320} hwInitialized=true
08-15 12:48:20.279 2708 2708 D ScrollView: onsize change changed
08-15 12:48:20.280 2708 2708 D LOCATION_SERVICE: LocationListener gps
08-15 12:48:20.281 2708 2708 D LOCATION_SERVICE: LocationListener network
08-15 12:48:20.282 2708 2708 D LOCATION_SERVICE: onCreate
08-15 12:48:20.283 2708 2708 D LOCATION_SERVICE: initializeLocationManager
08-15 12:48:20.296 2708 2708 D LOCATION_SERVICE: onStartCommand
08-15 12:48:20.348 2708 2708 D ViewRootImpl@fca8c5a[CancelDeliveryActivity]: MSG_RESIZED_REPORT: frame=Rect(0, 0 - 768, 1024) ci=Rect(0, 24 - 0, 0) vi=Rect(0, 24 - 0, 0) or=1
08-15 12:48:20.349 2708 2708 D ViewRootImpl@fca8c5a[CancelDeliveryActivity]: MSG_WINDOW_FOCUS_CHANGED 1
08-15 12:48:20.349 2708 2708 D ViewRootImpl@fca8c5a[CancelDeliveryActivity]: mHardwareRenderer.initializeIfNeeded()#2 mSurface={isValid=true -1801656320}
08-15 12:48:20.354 2708 2708 V InputMethodManager: Starting input: tba=android.view.inputmethod.EditorInfo@fb081fe nm : cz.gienger.mobile ic=null
08-15 12:48:20.354 2708 2708 I InputMethodManager: startInputInner - mService.startInputOrWindowGainedFocus
08-15 12:48:20.362 2708 2708 D InputTransport: Input channel constructed: fd=120
08-15 12:48:20.362 2708 2708 D InputTransport: Input channel destroyed: fd=81
08-15 12:48:20.422 2708 2774 D OpenGLRenderer: endAllActiveAnimators on 0x94ae0580 (RippleDrawable) with handle 0x92675050
08-15 12:48:20.423 2708 2708 D ViewRootImpl@83d59a3[MainActivity]: mHardwareRenderer.destroy()#1
08-15 12:48:20.430 2708 2708 D ViewRootImpl@83d59a3[MainActivity]: Relayout returned: oldFrame=[0,0][768,1024] newFrame=[0,0][768,1024] result=0x5 surface={isValid=false 0} surfaceGenerationChanged=true
08-15 12:48:20.791 2708 2708 D ViewRootImpl@83d59a3[MainActivity]: Relayout returned: oldFrame=[0,0][768,1024] newFrame=[0,0][768,1024] result=0x5 surface={isValid=false 0} surfaceGenerationChanged=false
08-15 12:48:20.908 2708 2708 D LOCATION_SERVICE: onLocationChanged: Location[network 49,191085,17,534611 acc=21 et=+19m3s715ms alt=0.0 vel=0.0 bear=0.0 {Bundle[mParcelledData.dataSize=80]}]
08-15 12:48:22.121 2708 2708 D ViewRootImpl@fca8c5a[CancelDeliveryActivity]: ViewPostImeInputStage processPointer 0
08-15 12:48:22.184 2708 2708 D ViewRootImpl@fca8c5a[CancelDeliveryActivity]: ViewPostImeInputStage processPointer 1
08-15 12:48:22.889 2708 2708 D ViewRootImpl@fca8c5a[CancelDeliveryActivity]: ViewPostImeInputStage processPointer 0
08-15 12:48:22.959 2708 2708 D ViewRootImpl@fca8c5a[CancelDeliveryActivity]: ViewPostImeInputStage processPointer 1
08-15 12:48:22.970 2708 2708 D UNDELIVERED: Reason ID = 1, Comment =
08-15 12:48:23.045 2708 8787 D MESSAGE_SERVICE: ACTION_COMPRESS_AND_UPLOAD
08-15 12:48:23.081 2708 2708 D ViewRootImpl@fca8c5a[CancelDeliveryActivity]: MSG_WINDOW_FOCUS_CHANGED 0
08-15 12:48:23.100 2708 2708 D ViewRootImpl@83d59a3[MainActivity]: mHardwareRenderer.destroy()#4
08-15 12:48:23.100 2708 2708 D ViewRootImpl@83d59a3[MainActivity]: dispatchDetachedFromWindow
08-15 12:48:23.109 2708 2708 D InputTransport: Input channel destroyed: fd=97
08-15 12:48:23.366 2708 2708 D ViewRootImpl@c08ff15[MainActivity]: ThreadedRenderer.create() translucent=false
08-15 12:48:23.370 2708 2708 D InputTransport: Input channel constructed: fd=97
08-15 12:48:23.372 2708 2708 D ViewRootImpl@c08ff15[MainActivity]: setView = DecorView@ccb322a[MainActivity] touchMode=true
08-15 12:48:23.378 2708 2708 D ViewRootImpl@c08ff15[MainActivity]: dispatchAttachedToWindow
08-15 12:48:23.452 2708 2708 D ViewRootImpl@c08ff15[MainActivity]: Relayout returned: oldFrame=[0,0][0,0] newFrame=[0,0][768,1024] result=0x27 surface={isValid=true -1852391424} surfaceGenerationChanged=true
08-15 12:48:23.452 2708 2708 D ViewRootImpl@c08ff15[MainActivity]: mHardwareRenderer.initialize() mSurface={isValid=true -1852391424} hwInitialized=true
08-15 12:48:23.530 2708 2708 D AbsListView: in onLayout changed
08-15 12:48:23.558 2708 2774 D OpenGLRenderer: endAllActiveAnimators on 0x95541400 (RippleDrawable) with handle 0x9298a490
08-15 12:48:23.558 2708 2708 D ViewRootImpl@fca8c5a[CancelDeliveryActivity]: mHardwareRenderer.destroy()#1
08-15 12:48:23.565 2708 2708 D ViewRootImpl@fca8c5a[CancelDeliveryActivity]: Relayout returned: oldFrame=[0,0][768,1024] newFrame=[0,0][768,1024] result=0x5 surface={isValid=false 0} surfaceGenerationChanged=true
08-15 12:48:23.631 2708 2708 D ViewRootImpl@c08ff15[MainActivity]: MSG_RESIZED_REPORT: frame=Rect(0, 0 - 768, 1024) ci=Rect(0, 24 - 0, 0) vi=Rect(0, 24 - 0, 0) or=1
08-15 12:48:23.631 2708 2708 D ViewRootImpl@c08ff15[MainActivity]: MSG_WINDOW_FOCUS_CHANGED 1
08-15 12:48:23.631 2708 2708 D ViewRootImpl@c08ff15[MainActivity]: mHardwareRenderer.initializeIfNeeded()#2 mSurface={isValid=true -1852391424}
08-15 12:48:23.633 2708 2708 V InputMethodManager: Starting input: tba=android.view.inputmethod.EditorInfo@e5465c0 nm : cz.gienger.mobile ic=null
08-15 12:48:23.633 2708 2708 I InputMethodManager: startInputInner - mService.startInputOrWindowGainedFocus
08-15 12:48:23.640 2708 2708 D InputTransport: Input channel constructed: fd=81
08-15 12:48:23.640 2708 2708 D InputTransport: Input channel destroyed: fd=120
08-15 12:48:23.679 2708 2708 D TextView: SYANI: Clipboard API is calling: clearFilter()
08-15 12:48:23.679 2708 2708 D TextView: SYANI: Clipboard API is calling: unregisterClipboardEventListener()
08-15 12:48:23.685 2708 2708 D ViewRootImpl@fca8c5a[CancelDeliveryActivity]: mHardwareRenderer.destroy()#4
08-15 12:48:23.685 2708 2708 D ViewRootImpl@fca8c5a[CancelDeliveryActivity]: dispatchDetachedFromWindow
08-15 12:48:23.691 2708 2708 D InputTransport: Input channel destroyed: fd=102
08-15 12:48:23.691 2708 2708 D LOCATION_SERVICE: onDestroy
08-15 12:48:23.772 2708 8787 D FILE_MANAGER: Serializing delivery /data/user/0/cz.gienger.mobile/files/finished/130AT1180524575/130AT1180524575.xml
08-15 12:48:23.772 2708 8787 D FILE_MANAGER: Null files:
08-15 12:48:23.844 2708 8787 D MYINTERCEPTOR: /GiengerService.svc/sendorder
08-15 12:48:23.845 2708 8787 D OkHttp : --> POST https://testsaig1.gienger.cz/GiengerService.svc/sendorder http/1.1
08-15 12:48:23.845 2708 8787 D OkHttp : Content-Type: text/raw
08-15 12:48:23.845 2708 8787 D OkHttp : Content-Length: 5626
08-15 12:48:23.845 2708 8787 D OkHttp : filename: 130AT1180524575.xml
08-15 12:48:23.846 2708 8787 D OkHttp : Checksum: 07f39ff01086527454470a8e8af310b0
08-15 12:48:23.846 2708 8787 D OkHttp : token: a179935b28ab5fa0ca590030bf0a2edf
08-15 12:48:23.846 2708 8787 D OkHttp : --> END POST
08-15 12:48:24.459 2708 8787 D OkHttp : <-- 200 https://testsaig1.gienger.cz/GiengerService.svc/sendorder (612ms)
08-15 12:48:24.459 2708 8787 D OkHttp : content-type: application/xml; charset=utf-8
08-15 12:48:24.459 2708 8787 D OkHttp : server: Microsoft-IIS/10.0
08-15 12:48:24.459 2708 8787 D OkHttp : x-powered-by: ASP.NET
08-15 12:48:24.459 2708 8787 D OkHttp : date: Wed, 15 Aug 2018 10:48:23 GMT
08-15 12:48:24.460 2708 8787 D OkHttp : content-length: 175
08-15 12:48:24.460 2708 8787 D OkHttp : <-- END HTTP
08-15 12:48:24.464 2708 8787 D sendOrder_SUCCESS: 200
08-15 12:48:24.562 2708 8787 D MESSAGE_SERVICE: ACTION_RESEND_ORDERS
08-15 12:48:24.835 2708 2708 D AbsListView: in onLayout changed
08-15 12:48:25.075 2708 2708 D ViewRootImpl@c08ff15[MainActivity]: MSG_WINDOW_FOCUS_CHANGED 0
08-15 12:48:25.201 2708 2708 D AbsListView: in onLayout changed
08-15 12:48:25.263 2708 2708 D ScrollView: initGoToTop
08-15 12:48:25.268 2708 2708 D ScrollView: initGoToTop
08-15 12:48:25.276 2708 2708 D ViewRootImpl@4a91e4[MainActivity]: ThreadedRenderer.create() translucent=true
08-15 12:48:25.281 2708 2708 D InputTransport: Input channel constructed: fd=122
08-15 12:48:25.281 2708 2708 D ViewRootImpl@4a91e4[MainActivity]: setView = DecorView@28bc64d[MainActivity] touchMode=true
08-15 12:48:25.489 2708 2708 D ViewRootImpl@b44425a[MainActivity]: ThreadedRenderer.create() translucent=false
08-15 12:48:25.493 2708 2708 D InputTransport: Input channel constructed: fd=123
08-15 12:48:25.494 2708 2708 D ViewRootImpl@b44425a[MainActivity]: setView = DecorView@3e3dc8b[MainActivity] touchMode=true
08-15 12:48:25.548 2708 2708 D ViewRootImpl@c08ff15[MainActivity]: mHardwareRenderer.destroy()#1
08-15 12:48:25.554 2708 2718 I art : Background partial concurrent mark sweep GC freed 262633(11MB) AllocSpace objects, 18(388KB) LOS objects, 56% free, 9MB/21MB, paused 2.486ms total 166.136ms
08-15 12:48:25.566 2708 2708 D ViewRootImpl@c08ff15[MainActivity]: Relayout returned: oldFrame=[0,0][768,1024] newFrame=[0,0][768,1024] result=0x5 surface={isValid=false 0} surfaceGenerationChanged=true
08-15 12:48:25.567 2708 2708 D ViewRootImpl@4a91e4[MainActivity]: dispatchAttachedToWindow
08-15 12:48:25.607 2708 2708 D ViewRootImpl@4a91e4[MainActivity]: Relayout returned: oldFrame=[0,0][0,0] newFrame=[94,445][674,603] result=0x27 surface={isValid=true -1854099456} surfaceGenerationChanged=true
08-15 12:48:25.609 2708 2708 D ViewRootImpl@4a91e4[MainActivity]: mHardwareRenderer.initialize() mSurface={isValid=true -1854099456} hwInitialized=true
08-15 12:48:25.612 2708 2708 D ScrollView: onsize change changed
08-15 12:48:25.612 2708 2708 D ScrollView: onsize change changed
08-15 12:48:25.613 2708 2708 D ViewRootImpl@b44425a[MainActivity]: dispatchAttachedToWindow
08-15 12:48:25.669 2708 2708 D ViewRootImpl@b44425a[MainActivity]: Relayout returned: oldFrame=[0,0][0,0] newFrame=[0,0][768,1024] result=0x7 surface={isValid=true -1852493824} surfaceGenerationChanged=true
08-15 12:48:25.670 2708 2708 D ViewRootImpl@b44425a[MainActivity]: mHardwareRenderer.initialize() mSurface={isValid=true -1852493824} hwInitialized=true
08-15 12:48:25.738 2708 2708 D AbsListView: in onLayout changed
08-15 12:48:25.740 2708 2708 D ViewRootImpl@4a91e4[MainActivity]: MSG_WINDOW_FOCUS_CHANGED 1
08-15 12:48:25.740 2708 2708 D ViewRootImpl@4a91e4[MainActivity]: mHardwareRenderer.initializeIfNeeded()#2 mSurface={isValid=true -1854099456}
08-15 12:48:25.799 2708 2708 D ViewRootImpl@4a91e4[MainActivity]: MSG_RESIZED_REPORT: frame=Rect(94, 445 - 674, 603) ci=Rect(0, 0 - 0, 0) vi=Rect(0, 0 - 0, 0) or=1
08-15 12:48:25.808 2708 2708 D ViewRootImpl@b44425a[MainActivity]: MSG_RESIZED_REPORT: frame=Rect(0, 0 - 768, 1024) ci=Rect(0, 24 - 0, 0) vi=Rect(0, 24 - 0, 0) or=1
08-15 12:48:25.892 2708 2708 D Graph : removeVertex() : insertDummyVertex, because there is no ancestor.
08-15 12:48:25.892 2708 2708 D Graph : removeVertex() : insertDummyVertex, because there is no ancestor.
08-15 12:48:25.892 2708 2708 D Graph : removeVertex() : insertDummyVertex, because there is no ancestor.
08-15 12:48:25.895 2708 2708 D ViewRootImpl@c08ff15[MainActivity]: mHardwareRenderer.destroy()#4
08-15 12:48:25.895 2708 2708 D ViewRootImpl@c08ff15[MainActivity]: dispatchDetachedFromWindow
08-15 12:48:25.906 2708 2708 D InputTransport: Input channel destroyed: fd=97
08-15 12:48:59.348 2708 2708 D ViewRootImpl@4a91e4[MainActivity]: ViewPostImeInputStage processPointer 0
08-15 12:48:59.864 2708 2708 D ViewRootImpl@4a91e4[MainActivity]: ViewPostImeInputStage processPointer 1
08-15 12:49:41.934 2708 2708 D ViewRootImpl@b44425a[MainActivity]: MSG_RESIZED_REPORT: frame=Rect(0, 0 - 768, 1024) ci=Rect(0, 24 - 0, 0) vi=Rect(0, 24 - 0, 0) or=1
08-15 12:49:41.934 2708 2708 D ViewRootImpl@4a91e4[MainActivity]: MSG_RESIZED_REPORT: frame=Rect(94, 445 - 674, 603) ci=Rect(0, 0 - 0, 0) vi=Rect(0, 0 - 0, 0) or=1
08-15 12:49:42.346 2708 2708 D AbsListView: in onLayout changed
08-15 12:49:44.446 2708 2708 D ViewRootImpl@4a91e4[MainActivity]: ViewPostImeInputStage processPointer 0
08-15 12:49:44.496 2708 2708 D ViewRootImpl@4a91e4[MainActivity]: ViewPostImeInputStage processPointer 1
08-15 12:49:44.572 2708 2708 D ViewRootImpl@4a91e4[MainActivity]: mHardwareRenderer.destroy()#4
08-15 12:49:44.572 2708 2708 D ViewRootImpl@4a91e4[MainActivity]: dispatchDetachedFromWindow
08-15 12:49:44.582 2708 2708 D InputTransport: Input channel destroyed: fd=122
08-15 12:49:44.589 2708 2708 D InputTransport: Input channel constructed: fd=64
08-15 12:49:44.589 2708 2708 D ViewRootImpl@e59cbc7[Toast]: setView = android.widget.LinearLayout{b3c95f4 V.E...... ......I. 0,0-0,0} touchMode=true
08-15 12:49:44.589 2708 2708 V Toast : Text: Nani in android.widget.Toast$TN@d34611d
08-15 12:49:44.590 2708 2708 D ViewRootImpl@e59cbc7[Toast]: dispatchAttachedToWindow
08-15 12:49:44.618 2708 2708 D ViewRootImpl@e59cbc7[Toast]: Relayout returned: oldFrame=[0,0][0,0] newFrame=[194,916][574,960] result=0x27 surface={isValid=true -1854099456} surfaceGenerationChanged=true
08-15 12:49:44.619 2708 2708 E ViewRootImpl: sendUserActionEvent() returned.
08-15 12:49:44.641 2708 2708 D ViewRootImpl@e59cbc7[Toast]: MSG_RESIZED_REPORT: frame=Rect(194, 916 - 574, 960) ci=Rect(0, 0 - 0, 0) vi=Rect(0, 0 - 0, 0) or=1
08-15 12:49:44.696 2708 2708 D ViewRootImpl@fc770f9[LogcatActivity]: ThreadedRenderer.create() translucent=true
08-15 12:49:44.700 2708 2708 D InputTransport: Input channel constructed: fd=91
08-15 12:49:44.700 2708 2708 D ViewRootImpl@fc770f9[LogcatActivity]: setView = DecorView@5ed283e[LogcatActivity] touchMode=true
08-15 12:49:44.708 2708 2708 D ViewRootImpl@fc770f9[LogcatActivity]: dispatchAttachedToWindow
08-15 12:49:44.744 2708 2708 D ViewRootImpl@fc770f9[LogcatActivity]: Relayout returned: oldFrame=[0,0][0,0] newFrame=[237,468][531,580] result=0x27 surface={isValid=true -1849475072} surfaceGenerationChanged=true
08-15 12:49:44.744 2708 2708 D ViewRootImpl@fc770f9[LogcatActivity]: mHardwareRenderer.initialize() mSurface={isValid=true -1849475072} hwInitialized=true
08-15 12:49:44.747 2708 2708 D ViewRootImpl@fc770f9[LogcatActivity]: MSG_RESIZED_REPORT: frame=Rect(237, 468 - 531, 580) ci=Rect(0, 0 - 0, 0) vi=Rect(0, 0 - 0, 0) or=1
08-15 12:49:44.747 2708 2708 D ViewRootImpl@fc770f9[LogcatActivity]: MSG_WINDOW_FOCUS_CHANGED 1
08-15 12:49:44.748 2708 2708 D ViewRootImpl@fc770f9[LogcatActivity]: mHardwareRenderer.initializeIfNeeded()#2 mSurface={isValid=true -1849475072}
08-15 12:49:44.748 2708 2708 V InputMethodManager: Starting input: tba=android.view.inputmethod.EditorInfo@f92e3ec nm : cz.gienger.mobile ic=null
08-15 12:49:44.748 2708 2708 I InputMethodManager: startInputInner - mService.startInputOrWindowGainedFocus
08-15 12:49:44.750 2708 2708 D InputTransport: Input channel constructed: fd=77
08-15 12:49:44.750 2708 2708 D InputTransport: Input channel destroyed: fd=81