08-15 12:36:04.518 2708 2708 D ViewRootImpl@c09ab76[LoginActivity]: ViewPostImeInputStage processPointer 0
08-15 12:36:04.575 2708 2708 D ViewRootImpl@c09ab76[LoginActivity]: ViewPostImeInputStage processPointer 1
08-15 12:36:04.576 2708 2708 D AbsListView: onTouchUp() mTouchMode : 0
08-15 12:36:05.516 2708 2708 D ViewRootImpl@c09ab76[LoginActivity]: ViewPostImeInputStage processPointer 0
08-15 12:36:05.575 2708 2708 D ViewRootImpl@c09ab76[LoginActivity]: ViewPostImeInputStage processPointer 1
08-15 12:36:05.594 2708 2708 D ScrollView: initGoToTop
08-15 12:36:05.599 2708 2708 D ScrollView: initGoToTop
08-15 12:36:05.608 2708 2708 D ViewRootImpl@43eca56[LoginActivity]: ThreadedRenderer.create() translucent=true
08-15 12:36:05.614 2708 2708 D InputTransport: Input channel constructed: fd=67
08-15 12:36:05.614 2708 2708 D ViewRootImpl@43eca56[LoginActivity]: setView = DecorView@4e68ad7[LoginActivity] touchMode=true
08-15 12:36:05.616 2708 7627 D MYINTERCEPTOR: /GiengerService.svc/manifestinfo
08-15 12:36:05.617 2708 7627 D OkHttp : --> POST https://testsaig1.gienger.cz/GiengerService.svc/manifestinfo http/1.1
08-15 12:36:05.617 2708 7627 D OkHttp : Content-Length: 0
08-15 12:36:05.617 2708 7627 D OkHttp : state: CZ
08-15 12:36:05.617 2708 7627 D OkHttp : id: A05_trasa_A05-04_ranni_30_07_2018
08-15 12:36:05.617 2708 7627 D OkHttp : token: a179935b28ab5fa0ca590030bf0a2edf
08-15 12:36:05.617 2708 7627 D OkHttp : --> END POST
08-15 12:36:05.618 2708 2708 D ViewRootImpl@43eca56[LoginActivity]: dispatchAttachedToWindow
08-15 12:36:05.646 2708 2708 D ViewRootImpl@43eca56[LoginActivity]: Relayout returned: oldFrame=[0,0][0,0] newFrame=[108,466][660,582] result=0x27 surface={isValid=true -1808795648} surfaceGenerationChanged=true
08-15 12:36:05.646 2708 2708 D ViewRootImpl@43eca56[LoginActivity]: mHardwareRenderer.initialize() mSurface={isValid=true -1808795648} hwInitialized=true
08-15 12:36:05.662 2708 2708 D ViewRootImpl@43eca56[LoginActivity]: MSG_WINDOW_FOCUS_CHANGED 1
08-15 12:36:05.662 2708 2708 D ViewRootImpl@43eca56[LoginActivity]: mHardwareRenderer.initializeIfNeeded()#2 mSurface={isValid=true -1808795648}
08-15 12:36:05.683 2708 2708 D ViewRootImpl@43eca56[LoginActivity]: MSG_RESIZED_REPORT: frame=Rect(108, 466 - 660, 582) ci=Rect(0, 0 - 0, 0) vi=Rect(0, 0 - 0, 0) or=1
08-15 12:36:05.726 2708 2708 D ViewRootImpl@c09ab76[LoginActivity]: MSG_WINDOW_FOCUS_CHANGED 0
08-15 12:36:05.748 2708 7627 D OkHttp : <-- 200 https://testsaig1.gienger.cz/GiengerService.svc/manifestinfo (130ms)
08-15 12:36:05.749 2708 7627 D OkHttp : content-type: application/xml; charset=utf-8
08-15 12:36:05.749 2708 7627 D OkHttp : server: Microsoft-IIS/10.0
08-15 12:36:05.749 2708 7627 D OkHttp : x-powered-by: ASP.NET
08-15 12:36:05.749 2708 7627 D OkHttp : date: Wed, 15 Aug 2018 10:36:04 GMT
08-15 12:36:05.749 2708 7627 D OkHttp : content-length: 829
08-15 12:36:05.749 2708 7627 D OkHttp : <-- END HTTP
08-15 12:36:05.769 2708 7680 D MYINTERCEPTOR: /GiengerService.svc/corrections
08-15 12:36:05.770 2708 7680 D OkHttp : --> GET https://testsaig1.gienger.cz/GiengerService.svc/corrections http/1.1
08-15 12:36:05.770 2708 7680 D OkHttp : token: a179935b28ab5fa0ca590030bf0a2edf
08-15 12:36:05.770 2708 7680 D OkHttp : --> END GET
08-15 12:36:05.899 2708 7680 D OkHttp : <-- 200 https://testsaig1.gienger.cz/GiengerService.svc/corrections (128ms)
08-15 12:36:05.899 2708 7680 D OkHttp : content-type: application/xml; charset=utf-8
08-15 12:36:05.899 2708 7680 D OkHttp : server: Microsoft-IIS/10.0
08-15 12:36:05.899 2708 7680 D OkHttp : x-powered-by: ASP.NET
08-15 12:36:05.899 2708 7680 D OkHttp : date: Wed, 15 Aug 2018 10:36:04 GMT
08-15 12:36:05.899 2708 7680 D OkHttp : content-length: 1267
08-15 12:36:05.899 2708 7680 D OkHttp : <-- END HTTP
08-15 12:36:05.912 2708 7680 D MYINTERCEPTOR: /GiengerService.svc/getorder
08-15 12:36:05.914 2708 7680 D OkHttp : --> POST https://testsaig1.gienger.cz/GiengerService.svc/getorder http/1.1
08-15 12:36:05.914 2708 7680 D OkHttp : Content-Length: 0
08-15 12:36:05.914 2708 7680 D OkHttp : name: 130AT1180524523.xml
08-15 12:36:05.914 2708 7680 D OkHttp : token: a179935b28ab5fa0ca590030bf0a2edf
08-15 12:36:05.914 2708 7680 D OkHttp : --> END POST
08-15 12:36:05.968 2708 7680 D OkHttp : <-- 200 https://testsaig1.gienger.cz/GiengerService.svc/getorder (53ms)
08-15 12:36:05.968 2708 7680 D OkHttp : content-type: application/xml; charset=utf-8
08-15 12:36:05.968 2708 7680 D OkHttp : server: Microsoft-IIS/10.0
08-15 12:36:05.969 2708 7680 D OkHttp : checksum: 037e2789a6e784370c1db30880fe3f7b
08-15 12:36:05.969 2708 7680 D OkHttp : x-powered-by: ASP.NET
08-15 12:36:05.969 2708 7680 D OkHttp : date: Wed, 15 Aug 2018 10:36:04 GMT
08-15 12:36:05.969 2708 7680 D OkHttp : content-length: 165879
08-15 12:36:05.969 2708 7680 D OkHttp : <-- END HTTP
08-15 12:36:06.031 2708 7680 D MYINTERCEPTOR: /GiengerService.svc/getorder
08-15 12:36:06.032 2708 7680 D OkHttp : --> POST https://testsaig1.gienger.cz/GiengerService.svc/getorder http/1.1
08-15 12:36:06.032 2708 7680 D OkHttp : Content-Length: 0
08-15 12:36:06.032 2708 7680 D OkHttp : name: 130AT1180903153.xml
08-15 12:36:06.032 2708 7680 D OkHttp : token: a179935b28ab5fa0ca590030bf0a2edf
08-15 12:36:06.032 2708 7680 D OkHttp : --> END POST
08-15 12:36:06.068 2708 7680 D OkHttp : <-- 200 https://testsaig1.gienger.cz/GiengerService.svc/getorder (35ms)
08-15 12:36:06.069 2708 7680 D OkHttp : content-type: application/xml; charset=utf-8
08-15 12:36:06.069 2708 7680 D OkHttp : server: Microsoft-IIS/10.0
08-15 12:36:06.070 2708 7680 D OkHttp : checksum: 3a9e4c30fb6c5611e128e0235075deb0
08-15 12:36:06.070 2708 7680 D OkHttp : x-powered-by: ASP.NET
08-15 12:36:06.070 2708 7680 D OkHttp : date: Wed, 15 Aug 2018 10:36:04 GMT
08-15 12:36:06.071 2708 7680 D OkHttp : content-length: 163507
08-15 12:36:06.071 2708 7680 D OkHttp : <-- END HTTP
08-15 12:36:06.152 2708 7680 D MYINTERCEPTOR: /GiengerService.svc/getorder
08-15 12:36:06.153 2708 7680 D OkHttp : --> POST https://testsaig1.gienger.cz/GiengerService.svc/getorder http/1.1
08-15 12:36:06.153 2708 7680 D OkHttp : Content-Length: 0
08-15 12:36:06.153 2708 7680 D OkHttp : name: 130AT1180524474.xml
08-15 12:36:06.153 2708 7680 D OkHttp : token: a179935b28ab5fa0ca590030bf0a2edf
08-15 12:36:06.153 2708 7680 D OkHttp : --> END POST
08-15 12:36:06.184 2708 7680 D OkHttp : <-- 200 https://testsaig1.gienger.cz/GiengerService.svc/getorder (30ms)
08-15 12:36:06.184 2708 7680 D OkHttp : content-type: application/xml; charset=utf-8
08-15 12:36:06.184 2708 7680 D OkHttp : server: Microsoft-IIS/10.0
08-15 12:36:06.184 2708 7680 D OkHttp : checksum: 453b6958683d8cf2a53f4d76bb56996a
08-15 12:36:06.184 2708 7680 D OkHttp : x-powered-by: ASP.NET
08-15 12:36:06.184 2708 7680 D OkHttp : date: Wed, 15 Aug 2018 10:36:04 GMT
08-15 12:36:06.184 2708 7680 D OkHttp : content-length: 165628
08-15 12:36:06.184 2708 7680 D OkHttp : <-- END HTTP
08-15 12:36:06.244 2708 7680 D MYINTERCEPTOR: /GiengerService.svc/getorder
08-15 12:36:06.245 2708 7680 D OkHttp : --> POST https://testsaig1.gienger.cz/GiengerService.svc/getorder http/1.1
08-15 12:36:06.245 2708 7680 D OkHttp : Content-Length: 0
08-15 12:36:06.246 2708 7680 D OkHttp : name: 130AT1180524475.xml
08-15 12:36:06.246 2708 7680 D OkHttp : token: a179935b28ab5fa0ca590030bf0a2edf
08-15 12:36:06.246 2708 7680 D OkHttp : --> END POST
08-15 12:36:06.280 2708 7680 D OkHttp : <-- 200 https://testsaig1.gienger.cz/GiengerService.svc/getorder (33ms)
08-15 12:36:06.280 2708 7680 D OkHttp : content-type: application/xml; charset=utf-8
08-15 12:36:06.281 2708 7680 D OkHttp : server: Microsoft-IIS/10.0
08-15 12:36:06.281 2708 7680 D OkHttp : checksum: 99a9acf50f2437de948d468cde4aba70
08-15 12:36:06.281 2708 7680 D OkHttp : x-powered-by: ASP.NET
08-15 12:36:06.281 2708 7680 D OkHttp : date: Wed, 15 Aug 2018 10:36:04 GMT
08-15 12:36:06.281 2708 7680 D OkHttp : content-length: 166913
08-15 12:36:06.281 2708 7680 D OkHttp : <-- END HTTP
08-15 12:36:06.338 2708 2718 I art : Background partial concurrent mark sweep GC freed 43139(2MB) AllocSpace objects, 43(6MB) LOS objects, 54% free, 10MB/22MB, paused 1.468ms total 114.852ms
08-15 12:36:06.379 2708 7680 D MYINTERCEPTOR: /GiengerService.svc/getorder
08-15 12:36:06.380 2708 7680 D OkHttp : --> POST https://testsaig1.gienger.cz/GiengerService.svc/getorder http/1.1
08-15 12:36:06.380 2708 7680 D OkHttp : Content-Length: 0
08-15 12:36:06.380 2708 7680 D OkHttp : name: 130AT1180524562.xml
08-15 12:36:06.380 2708 7680 D OkHttp : token: a179935b28ab5fa0ca590030bf0a2edf
08-15 12:36:06.380 2708 7680 D OkHttp : --> END POST
08-15 12:36:06.411 2708 7680 D OkHttp : <-- 200 https://testsaig1.gienger.cz/GiengerService.svc/getorder (30ms)
08-15 12:36:06.411 2708 7680 D OkHttp : content-type: application/xml; charset=utf-8
08-15 12:36:06.412 2708 7680 D OkHttp : server: Microsoft-IIS/10.0
08-15 12:36:06.412 2708 7680 D OkHttp : checksum: 750195fe14eaddf746391c1c0f4ddde4
08-15 12:36:06.412 2708 7680 D OkHttp : x-powered-by: ASP.NET
08-15 12:36:06.412 2708 7680 D OkHttp : date: Wed, 15 Aug 2018 10:36:04 GMT
08-15 12:36:06.412 2708 7680 D OkHttp : content-length: 167976
08-15 12:36:06.412 2708 7680 D OkHttp : <-- END HTTP
08-15 12:36:06.487 2708 7680 D MYINTERCEPTOR: /GiengerService.svc/getorder
08-15 12:36:06.488 2708 7680 D OkHttp : --> POST https://testsaig1.gienger.cz/GiengerService.svc/getorder http/1.1
08-15 12:36:06.488 2708 7680 D OkHttp : Content-Length: 0
08-15 12:36:06.488 2708 7680 D OkHttp : name: 130AT1180524301.xml
08-15 12:36:06.488 2708 7680 D OkHttp : token: a179935b28ab5fa0ca590030bf0a2edf
08-15 12:36:06.488 2708 7680 D OkHttp : --> END POST
08-15 12:36:06.591 2708 7680 D OkHttp : <-- 200 https://testsaig1.gienger.cz/GiengerService.svc/getorder (102ms)
08-15 12:36:06.591 2708 7680 D OkHttp : content-type: application/xml; charset=utf-8
08-15 12:36:06.591 2708 7680 D OkHttp : server: Microsoft-IIS/10.0
08-15 12:36:06.591 2708 7680 D OkHttp : checksum: aa8f0fe9f60b7224af24107d750fef45
08-15 12:36:06.592 2708 7680 D OkHttp : x-powered-by: ASP.NET
08-15 12:36:06.592 2708 7680 D OkHttp : date: Wed, 15 Aug 2018 10:36:04 GMT
08-15 12:36:06.592 2708 7680 D OkHttp : content-length: 193592
08-15 12:36:06.592 2708 7680 D OkHttp : <-- END HTTP
08-15 12:36:06.704 2708 7680 D MYINTERCEPTOR: /GiengerService.svc/getorder
08-15 12:36:06.705 2708 7680 D OkHttp : --> POST https://testsaig1.gienger.cz/GiengerService.svc/getorder http/1.1
08-15 12:36:06.706 2708 7680 D OkHttp : Content-Length: 0
08-15 12:36:06.706 2708 7680 D OkHttp : name: 130AT1180524459.xml
08-15 12:36:06.706 2708 7680 D OkHttp : token: a179935b28ab5fa0ca590030bf0a2edf
08-15 12:36:06.706 2708 7680 D OkHttp : --> END POST
08-15 12:36:06.737 2708 7680 D OkHttp : <-- 200 https://testsaig1.gienger.cz/GiengerService.svc/getorder (31ms)
08-15 12:36:06.738 2708 7680 D OkHttp : content-type: application/xml; charset=utf-8
08-15 12:36:06.738 2708 7680 D OkHttp : server: Microsoft-IIS/10.0
08-15 12:36:06.738 2708 7680 D OkHttp : checksum: dd81669c84399c25c4e0b67b1c3028b8
08-15 12:36:06.738 2708 7680 D OkHttp : x-powered-by: ASP.NET
08-15 12:36:06.738 2708 7680 D OkHttp : date: Wed, 15 Aug 2018 10:36:05 GMT
08-15 12:36:06.738 2708 7680 D OkHttp : content-length: 165322
08-15 12:36:06.738 2708 7680 D OkHttp : <-- END HTTP
08-15 12:36:06.816 2708 7680 D MYINTERCEPTOR: /GiengerService.svc/getorder
08-15 12:36:06.817 2708 7680 D OkHttp : --> POST https://testsaig1.gienger.cz/GiengerService.svc/getorder http/1.1
08-15 12:36:06.817 2708 7680 D OkHttp : Content-Length: 0
08-15 12:36:06.817 2708 7680 D OkHttp : name: 130AT1180524112.xml
08-15 12:36:06.817 2708 7680 D OkHttp : token: a179935b28ab5fa0ca590030bf0a2edf
08-15 12:36:06.817 2708 7680 D OkHttp : --> END POST
08-15 12:36:06.866 2708 7680 D OkHttp : <-- 200 https://testsaig1.gienger.cz/GiengerService.svc/getorder (48ms)
08-15 12:36:06.866 2708 7680 D OkHttp : content-type: application/xml; charset=utf-8
08-15 12:36:06.866 2708 7680 D OkHttp : server: Microsoft-IIS/10.0
08-15 12:36:06.866 2708 7680 D OkHttp : checksum: bf4cf7e6e712f12f9b24dd983b3e0360
08-15 12:36:06.866 2708 7680 D OkHttp : x-powered-by: ASP.NET
08-15 12:36:06.866 2708 7680 D OkHttp : date: Wed, 15 Aug 2018 10:36:05 GMT
08-15 12:36:06.867 2708 7680 D OkHttp : content-length: 169360
08-15 12:36:06.867 2708 7680 D OkHttp : <-- END HTTP
08-15 12:36:06.946 2708 7680 D MYINTERCEPTOR: /GiengerService.svc/getorder
08-15 12:36:06.947 2708 7680 D OkHttp : --> POST https://testsaig1.gienger.cz/GiengerService.svc/getorder http/1.1
08-15 12:36:06.947 2708 7680 D OkHttp : Content-Length: 0
08-15 12:36:06.947 2708 7680 D OkHttp : name: 130AT1180524113.xml
08-15 12:36:06.947 2708 7680 D OkHttp : token: a179935b28ab5fa0ca590030bf0a2edf
08-15 12:36:06.947 2708 7680 D OkHttp : --> END POST
08-15 12:36:06.981 2708 7680 D OkHttp : <-- 200 https://testsaig1.gienger.cz/GiengerService.svc/getorder (33ms)
08-15 12:36:06.981 2708 7680 D OkHttp : content-type: application/xml; charset=utf-8
08-15 12:36:06.981 2708 7680 D OkHttp : server: Microsoft-IIS/10.0
08-15 12:36:06.981 2708 7680 D OkHttp : checksum: d8bb18185c5b37fddf9cf8501161bab8
08-15 12:36:06.981 2708 7680 D OkHttp : x-powered-by: ASP.NET
08-15 12:36:06.981 2708 7680 D OkHttp : date: Wed, 15 Aug 2018 10:36:05 GMT
08-15 12:36:06.981 2708 7680 D OkHttp : content-length: 169155
08-15 12:36:06.981 2708 7680 D OkHttp : <-- END HTTP
08-15 12:36:07.042 2708 7680 D MYINTERCEPTOR: /GiengerService.svc/getorder
08-15 12:36:07.043 2708 7680 D OkHttp : --> POST https://testsaig1.gienger.cz/GiengerService.svc/getorder http/1.1
08-15 12:36:07.043 2708 7680 D OkHttp : Content-Length: 0
08-15 12:36:07.043 2708 7680 D OkHttp : name: 130AT1180524114.xml
08-15 12:36:07.044 2708 7680 D OkHttp : token: a179935b28ab5fa0ca590030bf0a2edf
08-15 12:36:07.044 2708 7680 D OkHttp : --> END POST
08-15 12:36:07.076 2708 7680 D OkHttp : <-- 200 https://testsaig1.gienger.cz/GiengerService.svc/getorder (32ms)
08-15 12:36:07.076 2708 7680 D OkHttp : content-type: application/xml; charset=utf-8
08-15 12:36:07.076 2708 7680 D OkHttp : server: Microsoft-IIS/10.0
08-15 12:36:07.076 2708 7680 D OkHttp : checksum: 8a434af97b71d9396584943f82b45244
08-15 12:36:07.076 2708 7680 D OkHttp : x-powered-by: ASP.NET
08-15 12:36:07.076 2708 7680 D OkHttp : date: Wed, 15 Aug 2018 10:36:05 GMT
08-15 12:36:07.076 2708 7680 D OkHttp : content-length: 168971
08-15 12:36:07.077 2708 7680 D OkHttp : <-- END HTTP
08-15 12:36:07.155 2708 7680 D MYINTERCEPTOR: /GiengerService.svc/getorder
08-15 12:36:07.156 2708 7680 D OkHttp : --> POST https://testsaig1.gienger.cz/GiengerService.svc/getorder http/1.1
08-15 12:36:07.156 2708 7680 D OkHttp : Content-Length: 0
08-15 12:36:07.156 2708 7680 D OkHttp : name: 130AT1180524115.xml
08-15 12:36:07.156 2708 7680 D OkHttp : token: a179935b28ab5fa0ca590030bf0a2edf
08-15 12:36:07.156 2708 7680 D OkHttp : --> END POST
08-15 12:36:07.193 2708 7680 D OkHttp : <-- 200 https://testsaig1.gienger.cz/GiengerService.svc/getorder (36ms)
08-15 12:36:07.194 2708 7680 D OkHttp : content-type: application/xml; charset=utf-8
08-15 12:36:07.194 2708 7680 D OkHttp : server: Microsoft-IIS/10.0
08-15 12:36:07.194 2708 7680 D OkHttp : checksum: 46cea026e1785bd1e36cb3064f07eef0
08-15 12:36:07.194 2708 7680 D OkHttp : x-powered-by: ASP.NET
08-15 12:36:07.194 2708 7680 D OkHttp : date: Wed, 15 Aug 2018 10:36:05 GMT
08-15 12:36:07.194 2708 7680 D OkHttp : content-length: 169024
08-15 12:36:07.194 2708 7680 D OkHttp : <-- END HTTP
08-15 12:36:07.249 2708 7680 D MYINTERCEPTOR: /GiengerService.svc/getorder
08-15 12:36:07.250 2708 7680 D OkHttp : --> POST https://testsaig1.gienger.cz/GiengerService.svc/getorder http/1.1
08-15 12:36:07.250 2708 7680 D OkHttp : Content-Length: 0
08-15 12:36:07.250 2708 7680 D OkHttp : name: 130AT1180524116.xml
08-15 12:36:07.250 2708 7680 D OkHttp : token: a179935b28ab5fa0ca590030bf0a2edf
08-15 12:36:07.251 2708 7680 D OkHttp : --> END POST
08-15 12:36:07.282 2708 7680 D OkHttp : <-- 200 https://testsaig1.gienger.cz/GiengerService.svc/getorder (31ms)
08-15 12:36:07.282 2708 7680 D OkHttp : content-type: application/xml; charset=utf-8
08-15 12:36:07.282 2708 7680 D OkHttp : server: Microsoft-IIS/10.0
08-15 12:36:07.282 2708 7680 D OkHttp : checksum: 68b606e4735153f9419df403cb305d6d
08-15 12:36:07.283 2708 7680 D OkHttp : x-powered-by: ASP.NET
08-15 12:36:07.283 2708 7680 D OkHttp : date: Wed, 15 Aug 2018 10:36:05 GMT
08-15 12:36:07.283 2708 7680 D OkHttp : content-length: 169479
08-15 12:36:07.283 2708 7680 D OkHttp : <-- END HTTP
08-15 12:36:07.346 2708 7680 D MYINTERCEPTOR: /GiengerService.svc/getorder
08-15 12:36:07.347 2708 7680 D OkHttp : --> POST https://testsaig1.gienger.cz/GiengerService.svc/getorder http/1.1
08-15 12:36:07.347 2708 7680 D OkHttp : Content-Length: 0
08-15 12:36:07.347 2708 7680 D OkHttp : name: 130AT1180524583.xml
08-15 12:36:07.347 2708 7680 D OkHttp : token: a179935b28ab5fa0ca590030bf0a2edf
08-15 12:36:07.347 2708 7680 D OkHttp : --> END POST
08-15 12:36:07.382 2708 7680 D OkHttp : <-- 200 https://testsaig1.gienger.cz/GiengerService.svc/getorder (34ms)
08-15 12:36:07.383 2708 7680 D OkHttp : content-type: application/xml; charset=utf-8
08-15 12:36:07.383 2708 7680 D OkHttp : server: Microsoft-IIS/10.0
08-15 12:36:07.383 2708 7680 D OkHttp : checksum: 13362aa6c197685b2e17e187352aae2e
08-15 12:36:07.383 2708 7680 D OkHttp : x-powered-by: ASP.NET
08-15 12:36:07.383 2708 7680 D OkHttp : date: Wed, 15 Aug 2018 10:36:05 GMT
08-15 12:36:07.383 2708 7680 D OkHttp : content-length: 171652
08-15 12:36:07.384 2708 7680 D OkHttp : <-- END HTTP
08-15 12:36:07.460 2708 7680 D MYINTERCEPTOR: /GiengerService.svc/getorder
08-15 12:36:07.461 2708 7680 D OkHttp : --> POST https://testsaig1.gienger.cz/GiengerService.svc/getorder http/1.1
08-15 12:36:07.461 2708 7680 D OkHttp : Content-Length: 0
08-15 12:36:07.461 2708 7680 D OkHttp : name: 130AT1180524509.xml
08-15 12:36:07.461 2708 7680 D OkHttp : token: a179935b28ab5fa0ca590030bf0a2edf
08-15 12:36:07.461 2708 7680 D OkHttp : --> END POST
08-15 12:36:07.494 2708 7680 D OkHttp : <-- 200 https://testsaig1.gienger.cz/GiengerService.svc/getorder (32ms)
08-15 12:36:07.494 2708 7680 D OkHttp : content-type: application/xml; charset=utf-8
08-15 12:36:07.494 2708 7680 D OkHttp : server: Microsoft-IIS/10.0
08-15 12:36:07.494 2708 7680 D OkHttp : checksum: f2c0f18dcee146af850d86889c489214
08-15 12:36:07.494 2708 7680 D OkHttp : x-powered-by: ASP.NET
08-15 12:36:07.495 2708 7680 D OkHttp : date: Wed, 15 Aug 2018 10:36:05 GMT
08-15 12:36:07.495 2708 7680 D OkHttp : content-length: 165674
08-15 12:36:07.495 2708 7680 D OkHttp : <-- END HTTP
08-15 12:36:07.575 2708 7680 D MYINTERCEPTOR: /GiengerService.svc/getorder
08-15 12:36:07.576 2708 7680 D OkHttp : --> POST https://testsaig1.gienger.cz/GiengerService.svc/getorder http/1.1
08-15 12:36:07.576 2708 7680 D OkHttp : Content-Length: 0
08-15 12:36:07.576 2708 7680 D OkHttp : name: 130AT1180524510.xml
08-15 12:36:07.576 2708 7680 D OkHttp : token: a179935b28ab5fa0ca590030bf0a2edf
08-15 12:36:07.576 2708 7680 D OkHttp : --> END POST
08-15 12:36:07.608 2708 7680 D OkHttp : <-- 200 https://testsaig1.gienger.cz/GiengerService.svc/getorder (31ms)
08-15 12:36:07.608 2708 7680 D OkHttp : content-type: application/xml; charset=utf-8
08-15 12:36:07.608 2708 7680 D OkHttp : server: Microsoft-IIS/10.0
08-15 12:36:07.608 2708 7680 D OkHttp : checksum: 0d9aeca2b8d583f76f16b2f595277d80
08-15 12:36:07.608 2708 7680 D OkHttp : x-powered-by: ASP.NET
08-15 12:36:07.608 2708 7680 D OkHttp : date: Wed, 15 Aug 2018 10:36:05 GMT
08-15 12:36:07.608 2708 7680 D OkHttp : content-length: 168109
08-15 12:36:07.609 2708 7680 D OkHttp : <-- END HTTP
08-15 12:36:07.665 2708 7680 D MYINTERCEPTOR: /GiengerService.svc/getorder
08-15 12:36:07.666 2708 7680 D OkHttp : --> POST https://testsaig1.gienger.cz/GiengerService.svc/getorder http/1.1
08-15 12:36:07.666 2708 7680 D OkHttp : Content-Length: 0
08-15 12:36:07.666 2708 7680 D OkHttp : name: 130AT1180524575.xml
08-15 12:36:07.666 2708 7680 D OkHttp : token: a179935b28ab5fa0ca590030bf0a2edf
08-15 12:36:07.666 2708 7680 D OkHttp : --> END POST
08-15 12:36:07.696 2708 7680 D OkHttp : <-- 200 https://testsaig1.gienger.cz/GiengerService.svc/getorder (29ms)
08-15 12:36:07.696 2708 7680 D OkHttp : content-type: application/xml; charset=utf-8
08-15 12:36:07.696 2708 7680 D OkHttp : server: Microsoft-IIS/10.0
08-15 12:36:07.696 2708 7680 D OkHttp : checksum: 245dfe0e186d057a18959b3f940c2364
08-15 12:36:07.696 2708 7680 D OkHttp : x-powered-by: ASP.NET
08-15 12:36:07.696 2708 7680 D OkHttp : date: Wed, 15 Aug 2018 10:36:05 GMT
08-15 12:36:07.696 2708 7680 D OkHttp : content-length: 174348
08-15 12:36:07.697 2708 7680 D OkHttp : <-- END HTTP
08-15 12:36:07.769 2708 7680 D MYINTERCEPTOR: /GiengerService.svc/getorder
08-15 12:36:07.770 2708 7680 D OkHttp : --> POST https://testsaig1.gienger.cz/GiengerService.svc/getorder http/1.1
08-15 12:36:07.770 2708 7680 D OkHttp : Content-Length: 0
08-15 12:36:07.770 2708 7680 D OkHttp : name: 130AT1180524495.xml
08-15 12:36:07.770 2708 7680 D OkHttp : token: a179935b28ab5fa0ca590030bf0a2edf
08-15 12:36:07.770 2708 7680 D OkHttp : --> END POST
08-15 12:36:07.804 2708 7680 D OkHttp : <-- 200 https://testsaig1.gienger.cz/GiengerService.svc/getorder (33ms)
08-15 12:36:07.805 2708 7680 D OkHttp : content-type: application/xml; charset=utf-8
08-15 12:36:07.805 2708 7680 D OkHttp : server: Microsoft-IIS/10.0
08-15 12:36:07.805 2708 7680 D OkHttp : checksum: 0d860fbe60e63ad3b4cd2cd9400d294f
08-15 12:36:07.806 2708 7680 D OkHttp : x-powered-by: ASP.NET
08-15 12:36:07.806 2708 7680 D OkHttp : date: Wed, 15 Aug 2018 10:36:06 GMT
08-15 12:36:07.806 2708 7680 D OkHttp : content-length: 171356
08-15 12:36:07.806 2708 7680 D OkHttp : <-- END HTTP
08-15 12:36:07.892 2708 7680 D MYINTERCEPTOR: /GiengerService.svc/getorder
08-15 12:36:07.893 2708 7680 D OkHttp : --> POST https://testsaig1.gienger.cz/GiengerService.svc/getorder http/1.1
08-15 12:36:07.893 2708 7680 D OkHttp : Content-Length: 0
08-15 12:36:07.893 2708 7680 D OkHttp : name: 130AT1182803794.xml
08-15 12:36:07.893 2708 7680 D OkHttp : token: a179935b28ab5fa0ca590030bf0a2edf
08-15 12:36:07.893 2708 7680 D OkHttp : --> END POST
08-15 12:36:07.926 2708 7680 D OkHttp : <-- 200 https://testsaig1.gienger.cz/GiengerService.svc/getorder (32ms)
08-15 12:36:07.926 2708 7680 D OkHttp : content-type: application/xml; charset=utf-8
08-15 12:36:07.926 2708 7680 D OkHttp : server: Microsoft-IIS/10.0
08-15 12:36:07.926 2708 7680 D OkHttp : checksum: 516123ea9920ee473b33a14793698c69
08-15 12:36:07.926 2708 7680 D OkHttp : x-powered-by: ASP.NET
08-15 12:36:07.927 2708 7680 D OkHttp : date: Wed, 15 Aug 2018 10:36:06 GMT
08-15 12:36:07.927 2708 7680 D OkHttp : content-length: 163984
08-15 12:36:07.927 2708 7680 D OkHttp : <-- END HTTP
08-15 12:36:07.986 2708 7680 D MYINTERCEPTOR: /GiengerService.svc/getorder
08-15 12:36:07.987 2708 7680 D OkHttp : --> POST https://testsaig1.gienger.cz/GiengerService.svc/getorder http/1.1
08-15 12:36:07.987 2708 7680 D OkHttp : Content-Length: 0
08-15 12:36:07.987 2708 7680 D OkHttp : name: 130AT1180524574.xml
08-15 12:36:07.987 2708 7680 D OkHttp : token: a179935b28ab5fa0ca590030bf0a2edf
08-15 12:36:07.987 2708 7680 D OkHttp : --> END POST
08-15 12:36:08.022 2708 7680 D OkHttp : <-- 200 https://testsaig1.gienger.cz/GiengerService.svc/getorder (34ms)
08-15 12:36:08.022 2708 7680 D OkHttp : content-type: application/xml; charset=utf-8
08-15 12:36:08.023 2708 7680 D OkHttp : server: Microsoft-IIS/10.0
08-15 12:36:08.023 2708 7680 D OkHttp : checksum: 181420f2ef619a25de9c889e808496b0
08-15 12:36:08.023 2708 7680 D OkHttp : x-powered-by: ASP.NET
08-15 12:36:08.023 2708 7680 D OkHttp : date: Wed, 15 Aug 2018 10:36:06 GMT
08-15 12:36:08.023 2708 7680 D OkHttp : content-length: 185868
08-15 12:36:08.023 2708 7680 D OkHttp : <-- END HTTP
08-15 12:36:08.127 2708 7680 D MYINTERCEPTOR: /GiengerService.svc/getorder
08-15 12:36:08.128 2708 7680 D OkHttp : --> POST https://testsaig1.gienger.cz/GiengerService.svc/getorder http/1.1
08-15 12:36:08.128 2708 7680 D OkHttp : Content-Length: 0
08-15 12:36:08.128 2708 7680 D OkHttp : name: 130AT1181404355.xml
08-15 12:36:08.128 2708 7680 D OkHttp : token: a179935b28ab5fa0ca590030bf0a2edf
08-15 12:36:08.129 2708 7680 D OkHttp : --> END POST
08-15 12:36:08.167 2708 7680 D OkHttp : <-- 200 https://testsaig1.gienger.cz/GiengerService.svc/getorder (38ms)
08-15 12:36:08.168 2708 7680 D OkHttp : content-type: application/xml; charset=utf-8
08-15 12:36:08.168 2708 7680 D OkHttp : server: Microsoft-IIS/10.0
08-15 12:36:08.168 2708 7680 D OkHttp : checksum: 4c9331a17056cd4df5ecf3409fe12042
08-15 12:36:08.168 2708 7680 D OkHttp : x-powered-by: ASP.NET
08-15 12:36:08.168 2708 7680 D OkHttp : date: Wed, 15 Aug 2018 10:36:06 GMT
08-15 12:36:08.168 2708 7680 D OkHttp : content-length: 181267
08-15 12:36:08.168 2708 7680 D OkHttp : <-- END HTTP
08-15 12:36:08.268 2708 7680 D MYINTERCEPTOR: /GiengerService.svc/getorder
08-15 12:36:08.269 2708 7680 D OkHttp : --> POST https://testsaig1.gienger.cz/GiengerService.svc/getorder http/1.1
08-15 12:36:08.269 2708 7680 D OkHttp : Content-Length: 0
08-15 12:36:08.269 2708 7680 D OkHttp : name: 130AT1182803781.xml
08-15 12:36:08.269 2708 7680 D OkHttp : token: a179935b28ab5fa0ca590030bf0a2edf
08-15 12:36:08.269 2708 7680 D OkHttp : --> END POST
08-15 12:36:08.307 2708 7680 D OkHttp : <-- 200 https://testsaig1.gienger.cz/GiengerService.svc/getorder (37ms)
08-15 12:36:08.307 2708 7680 D OkHttp : content-type: application/xml; charset=utf-8
08-15 12:36:08.307 2708 7680 D OkHttp : server: Microsoft-IIS/10.0
08-15 12:36:08.307 2708 7680 D OkHttp : checksum: a2395395dd9f007c6c0a05156c35669a
08-15 12:36:08.308 2708 7680 D OkHttp : x-powered-by: ASP.NET
08-15 12:36:08.308 2708 7680 D OkHttp : date: Wed, 15 Aug 2018 10:36:06 GMT
08-15 12:36:08.308 2708 7680 D OkHttp : content-length: 192502
08-15 12:36:08.308 2708 7680 D OkHttp : <-- END HTTP
08-15 12:36:08.420 2708 7680 D MYINTERCEPTOR: /GiengerService.svc/getorder
08-15 12:36:08.421 2708 7680 D OkHttp : --> POST https://testsaig1.gienger.cz/GiengerService.svc/getorder http/1.1
08-15 12:36:08.421 2708 7680 D OkHttp : Content-Length: 0
08-15 12:36:08.421 2708 7680 D OkHttp : name: 130IT1180410024.xml
08-15 12:36:08.421 2708 7680 D OkHttp : token: a179935b28ab5fa0ca590030bf0a2edf
08-15 12:36:08.421 2708 7680 D OkHttp : --> END POST
08-15 12:36:08.575 2708 7680 D OkHttp : <-- 200 https://testsaig1.gienger.cz/GiengerService.svc/getorder (154ms)
08-15 12:36:08.576 2708 7680 D OkHttp : content-type: application/xml; charset=utf-8
08-15 12:36:08.576 2708 7680 D OkHttp : server: Microsoft-IIS/10.0
08-15 12:36:08.576 2708 7680 D OkHttp : checksum: f4a217283096cd072ec8a4d09ace40a0
08-15 12:36:08.576 2708 7680 D OkHttp : x-powered-by: ASP.NET
08-15 12:36:08.576 2708 7680 D OkHttp : date: Wed, 15 Aug 2018 10:36:06 GMT
08-15 12:36:08.576 2708 7680 D OkHttp : content-length: 160201
08-15 12:36:08.577 2708 7680 D OkHttp : <-- END HTTP
08-15 12:36:08.675 2708 2708 D ViewRootImpl@43eca56[LoginActivity]: mHardwareRenderer.destroy()#4
08-15 12:36:08.675 2708 2708 D ViewRootImpl@43eca56[LoginActivity]: dispatchDetachedFromWindow
08-15 12:36:08.689 2708 2708 D InputTransport: Input channel destroyed: fd=67
08-15 12:36:08.690 2708 2708 D ViewRootImpl@c09ab76[LoginActivity]: MSG_WINDOW_FOCUS_CHANGED 1
08-15 12:36:08.690 2708 2708 D ViewRootImpl@c09ab76[LoginActivity]: mHardwareRenderer.initializeIfNeeded()#2 mSurface={isValid=true -1825026048}
08-15 12:36:08.694 2708 2708 V InputMethodManager: Starting input: tba=android.view.inputmethod.EditorInfo@889d7c7 nm : cz.gienger.mobile ic=null
08-15 12:36:08.694 2708 2708 I InputMethodManager: startInputInner - mService.startInputOrWindowGainedFocus
08-15 12:36:08.696 2708 2708 D InputTransport: Input channel constructed: fd=67
08-15 12:36:08.696 2708 2708 D InputTransport: Input channel destroyed: fd=76
08-15 12:36:08.696 2708 2708 E ViewRootImpl: sendUserActionEvent() returned.
08-15 12:36:08.726 2708 2708 D AbsListView: in onLayout changed
08-15 12:36:09.024 2708 2708 D AbsListView: in onLayout changed
08-15 12:36:09.525 2708 2708 D ViewRootImpl@c09ab76[LoginActivity]: ViewPostImeInputStage processPointer 0
08-15 12:36:09.564 2708 2708 D AbsListView: reportScrollStateChange() newState : 1
08-15 12:36:09.715 2708 2708 D ViewRootImpl@c09ab76[LoginActivity]: ViewPostImeInputStage processPointer 1
08-15 12:36:09.716 2708 2708 D AbsListView: onTouchUp() mTouchMode : 3
08-15 12:36:09.716 2708 2708 D AbsListView: onTouchUp() TOUCH_MODE_SCROLL initialVelocity : -2607
08-15 12:36:09.727 2708 2708 D AbsListView: reportScrollStateChange() newState : 2
08-15 12:36:09.881 2708 2708 D AbsListView: reportScrollStateChange() newState : 0
08-15 12:36:10.989 2708 2708 D ViewRootImpl@c09ab76[LoginActivity]: ViewPostImeInputStage processPointer 0
08-15 12:36:11.067 2708 2708 D ViewRootImpl@c09ab76[LoginActivity]: ViewPostImeInputStage processPointer 1
08-15 12:36:11.103 2708 2708 D ScrollView: initGoToTop
08-15 12:36:11.107 2708 2708 D ScrollView: initGoToTop
08-15 12:36:11.115 2708 2708 D ViewRootImpl@1893750[LoginActivity]: ThreadedRenderer.create() translucent=true
08-15 12:36:11.121 2708 2708 D InputTransport: Input channel constructed: fd=76
08-15 12:36:11.121 2708 2708 D ViewRootImpl@1893750[LoginActivity]: setView = DecorView@e271d49[LoginActivity] touchMode=true
08-15 12:36:11.122 2708 2708 D ViewRootImpl@1893750[LoginActivity]: dispatchAttachedToWindow
08-15 12:36:11.143 2708 2708 D ViewRootImpl@1893750[LoginActivity]: Relayout returned: oldFrame=[0,0][0,0] newFrame=[108,450][660,597] result=0x27 surface={isValid=true -1807028224} surfaceGenerationChanged=true
08-15 12:36:11.143 2708 2708 D ViewRootImpl@1893750[LoginActivity]: mHardwareRenderer.initialize() mSurface={isValid=true -1807028224} hwInitialized=true
08-15 12:36:11.146 2708 2708 D ScrollView: onsize change changed
08-15 12:36:11.146 2708 2708 D ScrollView: onsize change changed
08-15 12:36:11.160 2708 2708 D ViewRootImpl@1893750[LoginActivity]: MSG_WINDOW_FOCUS_CHANGED 1
08-15 12:36:11.160 2708 2708 D ViewRootImpl@1893750[LoginActivity]: mHardwareRenderer.initializeIfNeeded()#2 mSurface={isValid=true -1807028224}
08-15 12:36:11.186 2708 2708 D ViewRootImpl@1893750[LoginActivity]: MSG_RESIZED_REPORT: frame=Rect(108, 450 - 660, 597) ci=Rect(0, 0 - 0, 0) vi=Rect(0, 0 - 0, 0) or=1
08-15 12:36:11.193 2708 2708 D ViewRootImpl@c09ab76[LoginActivity]: MSG_WINDOW_FOCUS_CHANGED 0
08-15 12:36:12.113 2708 2708 D ViewRootImpl@1893750[LoginActivity]: ViewPostImeInputStage processPointer 0
08-15 12:36:12.192 2708 2708 D ViewRootImpl@1893750[LoginActivity]: ViewPostImeInputStage processPointer 1
08-15 12:36:12.228 2708 2708 D ScrollView: initGoToTop
08-15 12:36:12.232 2708 2708 D ScrollView: initGoToTop
08-15 12:36:12.241 2708 2708 D ViewRootImpl@5e2f8ac[LoginActivity]: ThreadedRenderer.create() translucent=true
08-15 12:36:12.246 2708 2708 D InputTransport: Input channel constructed: fd=77
08-15 12:36:12.246 2708 2708 D ViewRootImpl@5e2f8ac[LoginActivity]: setView = DecorView@a707975[LoginActivity] touchMode=true
08-15 12:36:12.248 2708 7627 D MYINTERCEPTOR: /GiengerService.svc/assign/A05_trasa_A05-04_ranni_30_07_2018
08-15 12:36:12.249 2708 7627 D OkHttp : --> POST https://testsaig1.gienger.cz/GiengerService.svc/assign/A05_trasa_A05-04_ranni_30_07_2018 http/1.1
08-15 12:36:12.249 2708 7627 D OkHttp : Content-Length: 0
08-15 12:36:12.249 2708 7627 D OkHttp : token: a179935b28ab5fa0ca590030bf0a2edf
08-15 12:36:12.249 2708 7627 D OkHttp : --> END POST
08-15 12:36:12.258 2708 2708 D ViewRootImpl@1893750[LoginActivity]: mHardwareRenderer.destroy()#4
08-15 12:36:12.258 2708 2708 D ViewRootImpl@1893750[LoginActivity]: dispatchDetachedFromWindow
08-15 12:36:12.268 2708 2708 D InputTransport: Input channel destroyed: fd=76
08-15 12:36:12.269 2708 2708 D ViewRootImpl@5e2f8ac[LoginActivity]: dispatchAttachedToWindow
08-15 12:36:12.296 2708 2708 D ViewRootImpl@5e2f8ac[LoginActivity]: Relayout returned: oldFrame=[0,0][0,0] newFrame=[108,466][660,582] result=0x27 surface={isValid=true -1807028224} surfaceGenerationChanged=true
08-15 12:36:12.297 2708 2708 D ViewRootImpl@5e2f8ac[LoginActivity]: mHardwareRenderer.initialize() mSurface={isValid=true -1807028224} hwInitialized=true
08-15 12:36:12.300 2708 2708 D ViewRootImpl@5e2f8ac[LoginActivity]: MSG_WINDOW_FOCUS_CHANGED 1
08-15 12:36:12.300 2708 2708 D ViewRootImpl@5e2f8ac[LoginActivity]: mHardwareRenderer.initializeIfNeeded()#2 mSurface={isValid=true -1807028224}
08-15 12:36:12.302 2708 7627 D OkHttp : <-- 200 https://testsaig1.gienger.cz/GiengerService.svc/assign/A05_trasa_A05-04_ranni_30_07_2018 (52ms)
08-15 12:36:12.302 2708 7627 D OkHttp : content-type: application/xml; charset=utf-8
08-15 12:36:12.303 2708 7627 D OkHttp : server: Microsoft-IIS/10.0
08-15 12:36:12.303 2708 7627 D OkHttp : x-powered-by: ASP.NET
08-15 12:36:12.303 2708 7627 D OkHttp : date: Wed, 15 Aug 2018 10:36:11 GMT
08-15 12:36:12.303 2708 7627 D OkHttp : content-length: 187
08-15 12:36:12.303 2708 7627 D OkHttp : <-- END HTTP
08-15 12:36:12.313 2708 2708 D ViewRootImpl@5e2f8ac[LoginActivity]: MSG_RESIZED_REPORT: frame=Rect(108, 466 - 660, 582) ci=Rect(0, 0 - 0, 0) vi=Rect(0, 0 - 0, 0) or=1
08-15 12:36:12.336 2708 2708 D ViewRootImpl@5e2f8ac[LoginActivity]: mHardwareRenderer.destroy()#4
08-15 12:36:12.336 2708 2708 D ViewRootImpl@5e2f8ac[LoginActivity]: dispatchDetachedFromWindow
08-15 12:36:12.351 2708 2708 D InputTransport: Input channel destroyed: fd=77
08-15 12:36:12.362 2708 2708 D ALARM_REUPLOAD: alarm already scheduled
08-15 12:36:12.390 2708 2708 D ScrollView: initGoToTop
08-15 12:36:12.396 2708 2708 D ScrollView: initGoToTop
08-15 12:36:12.406 2708 2708 D ViewRootImpl@688174b[LoginActivity]: ThreadedRenderer.create() translucent=true
08-15 12:36:12.413 2708 2708 D InputTransport: Input channel constructed: fd=77
08-15 12:36:12.413 2708 2708 D ViewRootImpl@688174b[LoginActivity]: setView = DecorView@e0cf528[LoginActivity] touchMode=true
08-15 12:36:12.418 2708 2708 D ViewRootImpl@688174b[LoginActivity]: dispatchAttachedToWindow
08-15 12:36:12.424 2708 7649 D MYINTERCEPTOR: /GiengerService.svc/metadata
08-15 12:36:12.426 2708 7649 D OkHttp : --> GET https://testsaig1.gienger.cz/GiengerService.svc/metadata http/1.1
08-15 12:36:12.426 2708 7649 D OkHttp : token: a179935b28ab5fa0ca590030bf0a2edf
08-15 12:36:12.426 2708 7649 D OkHttp : state: CZ
08-15 12:36:12.426 2708 7649 D OkHttp : --> END GET
08-15 12:36:12.444 2708 2708 D ViewRootImpl@688174b[LoginActivity]: Relayout returned: oldFrame=[0,0][0,0] newFrame=[108,466][660,582] result=0x27 surface={isValid=true -1799208960} surfaceGenerationChanged=true
08-15 12:36:12.444 2708 2708 D ViewRootImpl@688174b[LoginActivity]: mHardwareRenderer.initialize() mSurface={isValid=true -1799208960} hwInitialized=true
08-15 12:36:12.447 2708 2708 E ViewRootImpl: sendUserActionEvent() returned.
08-15 12:36:12.447 2708 2708 D ViewRootImpl@c09ab76[LoginActivity]: MSG_WINDOW_FOCUS_CHANGED 1
08-15 12:36:12.448 2708 2708 D ViewRootImpl@c09ab76[LoginActivity]: mHardwareRenderer.initializeIfNeeded()#2 mSurface={isValid=true -1825026048}
08-15 12:36:12.453 2708 2708 E ViewRootImpl: sendUserActionEvent() returned.
08-15 12:36:12.454 2708 2708 D ViewRootImpl@688174b[LoginActivity]: MSG_WINDOW_FOCUS_CHANGED 1
08-15 12:36:12.455 2708 2708 D ViewRootImpl@688174b[LoginActivity]: mHardwareRenderer.initializeIfNeeded()#2 mSurface={isValid=true -1799208960}
08-15 12:36:12.466 2708 2708 D ViewRootImpl@688174b[LoginActivity]: MSG_RESIZED_REPORT: frame=Rect(108, 466 - 660, 582) ci=Rect(0, 0 - 0, 0) vi=Rect(0, 0 - 0, 0) or=1
08-15 12:36:12.488 2708 2708 D ViewRootImpl@c09ab76[LoginActivity]: MSG_WINDOW_FOCUS_CHANGED 0
08-15 12:36:14.413 2708 7649 D OkHttp : <-- 200 https://testsaig1.gienger.cz/GiengerService.svc/metadata (1986ms)
08-15 12:36:14.413 2708 7649 D OkHttp : content-type: application/xml; charset=utf-8
08-15 12:36:14.413 2708 7649 D OkHttp : server: Microsoft-IIS/10.0
08-15 12:36:14.413 2708 7649 D OkHttp : x-powered-by: ASP.NET
08-15 12:36:14.414 2708 7649 D OkHttp : date: Wed, 15 Aug 2018 10:36:13 GMT
08-15 12:36:14.414 2708 7649 D OkHttp : content-length: 550
08-15 12:36:14.414 2708 7649 D OkHttp : <-- END HTTP
08-15 12:36:14.467 2708 7649 E cz.gienger.mobile.poaz.configuration.GlobalConfiguration: java.lang.NumberFormatException: null
08-15 12:36:14.467 2708 7649 E cz.gienger.mobile.poaz.configuration.GlobalConfiguration: at java.lang.Integer.parseInt(Integer.java:483)
08-15 12:36:14.467 2708 7649 E cz.gienger.mobile.poaz.configuration.GlobalConfiguration: at java.lang.Integer.parseInt(Integer.java:556)
08-15 12:36:14.467 2708 7649 E cz.gienger.mobile.poaz.configuration.GlobalConfiguration: at cz.gienger.mobile.poaz.configuration.GlobalConfiguration.getPriceTypeEnum(GlobalConfiguration.java:140)
08-15 12:36:14.467 2708 7649 E cz.gienger.mobile.poaz.configuration.GlobalConfiguration: at cz.gienger.mobile.poaz.configuration.GlobalConfiguration.setValues(GlobalConfiguration.java:97)
08-15 12:36:14.467 2708 7649 E cz.gienger.mobile.poaz.configuration.GlobalConfiguration: at cz.gienger.mobile.poaz.configuration.GlobalConfiguration.(GlobalConfiguration.java:36)
08-15 12:36:14.467 2708 7649 E cz.gienger.mobile.poaz.configuration.GlobalConfiguration: at cz.gienger.mobile.poaz.configuration.GlobalConfiguration.get(GlobalConfiguration.java:41)
08-15 12:36:14.467 2708 7649 E cz.gienger.mobile.poaz.configuration.GlobalConfiguration: at cz.gienger.mobile.poaz.database.PoazDatabaseSync.syncLibraries(PoazDatabaseSync.java:68)
08-15 12:36:14.467 2708 7649 E cz.gienger.mobile.poaz.configuration.GlobalConfiguration: at cz.gienger.mobile.poaz.database.PoazDatabaseSync.Sync(PoazDatabaseSync.java:56)
08-15 12:36:14.467 2708 7649 E cz.gienger.mobile.poaz.configuration.GlobalConfiguration: at cz.gienger.mobile.poaz.database.PoazInitializationTask.doInBackground(PoazInitializationTask.java:74)
08-15 12:36:14.467 2708 7649 E cz.gienger.mobile.poaz.configuration.GlobalConfiguration: at cz.gienger.mobile.poaz.database.PoazInitializationTask.doInBackground(PoazInitializationTask.java:36)
08-15 12:36:14.467 2708 7649 E cz.gienger.mobile.poaz.configuration.GlobalConfiguration: at android.os.AsyncTask$2.call(AsyncTask.java:305)
08-15 12:36:14.467 2708 7649 E cz.gienger.mobile.poaz.configuration.GlobalConfiguration: at java.util.concurrent.FutureTask.run(FutureTask.java:237)
08-15 12:36:14.467 2708 7649 E cz.gienger.mobile.poaz.configuration.GlobalConfiguration: at android.os.AsyncTask$SerialExecutor$1.run(AsyncTask.java:243)
08-15 12:36:14.467 2708 7649 E cz.gienger.mobile.poaz.configuration.GlobalConfiguration: at java.util.concurrent.ThreadPoolExecutor.runWorker(ThreadPoolExecutor.java:1133)
08-15 12:36:14.467 2708 7649 E cz.gienger.mobile.poaz.configuration.GlobalConfiguration: at java.util.concurrent.ThreadPoolExecutor$Worker.run(ThreadPoolExecutor.java:607)
08-15 12:36:14.467 2708 7649 E cz.gienger.mobile.poaz.configuration.GlobalConfiguration: at java.lang.Thread.run(Thread.java:762)
08-15 12:36:14.480 2708 7649 D MYINTERCEPTOR: /GiengerService.svc/categories
08-15 12:36:14.481 2708 7649 D OkHttp : --> GET https://testsaig1.gienger.cz/GiengerService.svc/categories http/1.1
08-15 12:36:14.481 2708 7649 D OkHttp : token: a179935b28ab5fa0ca590030bf0a2edf
08-15 12:36:14.482 2708 7649 D OkHttp : state: CZ
08-15 12:36:14.482 2708 7649 D OkHttp : --> END GET
08-15 12:36:14.518 2708 7649 D OkHttp : <-- 200 https://testsaig1.gienger.cz/GiengerService.svc/categories (36ms)
08-15 12:36:14.519 2708 7649 D OkHttp : content-type: application/xml; charset=utf-8
08-15 12:36:14.519 2708 7649 D OkHttp : server: Microsoft-IIS/10.0
08-15 12:36:14.521 2708 7649 D OkHttp : x-powered-by: ASP.NET
08-15 12:36:14.521 2708 7649 D OkHttp : date: Wed, 15 Aug 2018 10:36:13 GMT
08-15 12:36:14.521 2708 7649 D OkHttp : content-length: 59548
08-15 12:36:14.521 2708 7649 D OkHttp : <-- END HTTP
08-15 12:36:14.797 2708 7649 D MYINTERCEPTOR: /GiengerService.svc/articles
08-15 12:36:14.798 2708 7649 D OkHttp : --> GET https://testsaig1.gienger.cz/GiengerService.svc/articles http/1.1
08-15 12:36:14.798 2708 7649 D OkHttp : token: a179935b28ab5fa0ca590030bf0a2edf
08-15 12:36:14.798 2708 7649 D OkHttp : state: CZ
08-15 12:36:14.798 2708 7649 D OkHttp : --> END GET
08-15 12:36:15.768 2708 7649 D OkHttp : <-- 200 https://testsaig1.gienger.cz/GiengerService.svc/articles (969ms)
08-15 12:36:15.768 2708 7649 D OkHttp : content-type: application/octet-stream
08-15 12:36:15.768 2708 7649 D OkHttp : server: Microsoft-IIS/10.0
08-15 12:36:15.768 2708 7649 D OkHttp : x-powered-by: ASP.NET
08-15 12:36:15.768 2708 7649 D OkHttp : date: Wed, 15 Aug 2018 10:36:14 GMT
08-15 12:36:15.768 2708 7649 D OkHttp : <-- END HTTP
08-15 12:36:17.017 2708 2718 I art : Background partial concurrent mark sweep GC freed 154972(7MB) AllocSpace objects, 5(1248KB) LOS objects, 52% free, 10MB/22MB, paused 1.588ms total 109.452ms
08-15 12:36:20.519 2708 2718 I art : Background partial concurrent mark sweep GC freed 241210(13MB) AllocSpace objects, 0(0B) LOS objects, 55% free, 9MB/21MB, paused 1.421ms total 131.135ms
08-15 12:36:22.370 2708 2718 I art : Background sticky concurrent mark sweep GC freed 200760(11MB) AllocSpace objects, 0(0B) LOS objects, 53% free, 10MB/21MB, paused 1.504ms total 112.742ms
08-15 12:36:24.099 2708 2718 I art : Background partial concurrent mark sweep GC freed 225715(12MB) AllocSpace objects, 1(44KB) LOS objects, 55% free, 9MB/21MB, paused 1.463ms total 125.623ms
08-15 12:36:25.958 2708 2718 I art : Background sticky concurrent mark sweep GC freed 204932(12MB) AllocSpace objects, 0(0B) LOS objects, 53% free, 9MB/21MB, paused 1.916ms total 110.551ms
08-15 12:36:27.675 2708 2718 I art : Background partial concurrent mark sweep GC freed 228076(12MB) AllocSpace objects, 0(0B) LOS objects, 56% free, 9MB/21MB, paused 1.658ms total 127.774ms
08-15 12:36:29.514 2708 2718 I art : Background sticky concurrent mark sweep GC freed 206192(11MB) AllocSpace objects, 0(0B) LOS objects, 54% free, 9MB/21MB, paused 1.508ms total 116.668ms
08-15 12:36:31.254 2708 2718 I art : Background partial concurrent mark sweep GC freed 227215(12MB) AllocSpace objects, 0(0B) LOS objects, 57% free, 8MB/20MB, paused 1.484ms total 122.746ms
08-15 12:36:34.829 2708 2718 I art : Background sticky concurrent mark sweep GC freed 196693(11MB) AllocSpace objects, 0(0B) LOS objects, 53% free, 9MB/20MB, paused 1.572ms total 102.561ms
08-15 12:36:36.580 2708 2718 I art : Background sticky concurrent mark sweep GC freed 192076(11MB) AllocSpace objects, 0(0B) LOS objects, 51% free, 10MB/20MB, paused 1.951ms total 115.348ms
08-15 12:36:38.165 2708 2718 I art : Background partial concurrent mark sweep GC freed 239609(13MB) AllocSpace objects, 0(0B) LOS objects, 59% free, 8MB/20MB, paused 1.523ms total 125.401ms
08-15 12:36:39.995 2708 2718 I art : Background sticky concurrent mark sweep GC freed 204901(11MB) AllocSpace objects, 0(0B) LOS objects, 57% free, 8MB/20MB, paused 1.643ms total 105.122ms
08-15 12:36:41.715 2708 2718 I art : Background sticky concurrent mark sweep GC freed 198202(11MB) AllocSpace objects, 0(0B) LOS objects, 55% free, 9MB/20MB, paused 1.338ms total 102.648ms
08-15 12:36:43.429 2708 2718 I art : Background sticky concurrent mark sweep GC freed 190296(11MB) AllocSpace objects, 0(0B) LOS objects, 52% free, 9MB/20MB, paused 1.800ms total 115.541ms
08-15 12:36:45.094 2708 2718 I art : Background partial concurrent mark sweep GC freed 238120(13MB) AllocSpace objects, 0(0B) LOS objects, 61% free, 7MB/19MB, paused 1.339ms total 126.150ms
08-15 12:36:47.041 2708 2718 I art : Background sticky concurrent mark sweep GC freed 203478(11MB) AllocSpace objects, 0(0B) LOS objects, 59% free, 7MB/19MB, paused 1.389ms total 101.522ms
08-15 12:36:48.771 2708 2718 I art : Background sticky concurrent mark sweep GC freed 198158(11MB) AllocSpace objects, 0(0B) LOS objects, 57% free, 8MB/19MB, paused 1.340ms total 101.208ms
08-15 12:36:50.460 2708 2718 I art : Background sticky concurrent mark sweep GC freed 193160(11MB) AllocSpace objects, 0(0B) LOS objects, 55% free, 8MB/19MB, paused 1.365ms total 112.381ms
08-15 12:36:52.115 2708 2718 I art : Background partial concurrent mark sweep GC freed 237856(13MB) AllocSpace objects, 0(0B) LOS objects, 63% free, 6MB/18MB, paused 1.481ms total 128.908ms
08-15 12:36:55.136 2708 2708 D ViewRootImpl@688174b[LoginActivity]: MSG_RESIZED_REPORT: frame=Rect(108, 466 - 660, 582) ci=Rect(0, 0 - 0, 0) vi=Rect(0, 0 - 0, 0) or=1
08-15 12:36:55.137 2708 2708 D ViewRootImpl@c09ab76[LoginActivity]: MSG_RESIZED_REPORT: frame=Rect(0, 0 - 768, 1024) ci=Rect(0, 24 - 0, 0) vi=Rect(0, 24 - 0, 0) or=1
08-15 12:36:55.161 2708 2708 D ViewRootImpl@c09ab76[LoginActivity]: Relayout returned: oldFrame=[0,0][768,1024] newFrame=[0,0][768,1024] result=0x1 surface={isValid=true -1825026048} surfaceGenerationChanged=false
08-15 12:36:56.619 2708 2718 I art : Background sticky concurrent mark sweep GC freed 192601(11MB) AllocSpace objects, 0(0B) LOS objects, 59% free, 7MB/18MB, paused 1.367ms total 100.428ms
08-15 12:36:58.067 2708 2708 D ViewRootImpl@688174b[LoginActivity]: ViewPostImeInputStage processPointer 0
08-15 12:36:58.279 2708 2708 D ViewRootImpl@688174b[LoginActivity]: ViewPostImeInputStage processPointer 1
08-15 12:36:58.296 2708 2718 I art : Background sticky concurrent mark sweep GC freed 190779(11MB) AllocSpace objects, 0(0B) LOS objects, 56% free, 8MB/18MB, paused 1.437ms total 114.416ms
08-15 12:37:00.091 2708 2718 I art : Background partial concurrent mark sweep GC freed 234624(13MB) AllocSpace objects, 0(0B) LOS objects, 65% free, 6MB/18MB, paused 1.686ms total 119.505ms
08-15 12:37:02.066 2708 2718 I art : Background sticky concurrent mark sweep GC freed 206641(11MB) AllocSpace objects, 0(0B) LOS objects, 62% free, 6MB/18MB, paused 1.311ms total 103.485ms
08-15 12:37:03.891 2708 2718 I art : Background sticky concurrent mark sweep GC freed 196647(11MB) AllocSpace objects, 0(0B) LOS objects, 60% free, 7MB/18MB, paused 1.449ms total 107.973ms
08-15 12:37:05.658 2708 2718 I art : Background partial concurrent mark sweep GC freed 228939(12MB) AllocSpace objects, 0(0B) LOS objects, 67% free, 5MB/17MB, paused 1.198ms total 118.611ms
08-15 12:37:09.476 2708 2718 I art : Background sticky concurrent mark sweep GC freed 202545(11MB) AllocSpace objects, 0(0B) LOS objects, 62% free, 6MB/17MB, paused 1.442ms total 113.409ms
08-15 12:37:11.179 2708 2718 I art : Background partial concurrent mark sweep GC freed 234601(12MB) AllocSpace objects, 0(0B) LOS objects, 68% free, 5MB/17MB, paused 1.534ms total 128.698ms
08-15 12:37:16.823 2708 7649 D MYINTERCEPTOR: /GiengerService.svc/prices
08-15 12:37:16.824 2708 7649 D OkHttp : --> GET https://testsaig1.gienger.cz/GiengerService.svc/prices http/1.1
08-15 12:37:16.824 2708 7649 D OkHttp : token: a179935b28ab5fa0ca590030bf0a2edf
08-15 12:37:16.824 2708 7649 D OkHttp : state: CZ
08-15 12:37:16.824 2708 7649 D OkHttp : --> END GET
08-15 12:37:17.116 2708 7649 D OkHttp : <-- 200 https://testsaig1.gienger.cz/GiengerService.svc/prices (291ms)
08-15 12:37:17.117 2708 7649 D OkHttp : content-type: application/octet-stream
08-15 12:37:17.117 2708 7649 D OkHttp : server: Microsoft-IIS/10.0
08-15 12:37:17.117 2708 7649 D OkHttp : x-powered-by: ASP.NET
08-15 12:37:17.117 2708 7649 D OkHttp : date: Wed, 15 Aug 2018 10:37:16 GMT
08-15 12:37:17.117 2708 7649 D OkHttp : <-- END HTTP
08-15 12:37:17.363 2708 2718 I art : Background sticky concurrent mark sweep GC freed 202866(11MB) AllocSpace objects, 0(0B) LOS objects, 62% free, 6MB/17MB, paused 1.118ms total 106.025ms
08-15 12:37:18.771 2708 2718 I art : Background partial concurrent mark sweep GC freed 313024(11MB) AllocSpace objects, 0(0B) LOS objects, 64% free, 6MB/18MB, paused 1.247ms total 139.245ms
08-15 12:37:20.336 2708 2718 I art : Background sticky concurrent mark sweep GC freed 318463(12MB) AllocSpace objects, 0(0B) LOS objects, 62% free, 6MB/18MB, paused 1.204ms total 119.117ms
08-15 12:37:21.820 2708 2718 I art : Background partial concurrent mark sweep GC freed 350358(12MB) AllocSpace objects, 0(0B) LOS objects, 64% free, 6MB/18MB, paused 1.263ms total 145.538ms
08-15 12:37:23.370 2708 2718 I art : Background sticky concurrent mark sweep GC freed 313008(12MB) AllocSpace objects, 0(0B) LOS objects, 62% free, 6MB/18MB, paused 1.321ms total 123.513ms
08-15 12:37:24.834 2708 2718 I art : Background partial concurrent mark sweep GC freed 341134(13MB) AllocSpace objects, 0(0B) LOS objects, 65% free, 6MB/18MB, paused 1.303ms total 144.377ms
08-15 12:37:26.417 2708 2718 I art : Background sticky concurrent mark sweep GC freed 316976(12MB) AllocSpace objects, 0(0B) LOS objects, 63% free, 6MB/18MB, paused 1.292ms total 119.445ms
08-15 12:37:27.862 2708 2718 I art : Background partial concurrent mark sweep GC freed 338730(13MB) AllocSpace objects, 0(0B) LOS objects, 65% free, 6MB/18MB, paused 1.220ms total 145.389ms
08-15 12:37:29.454 2708 2718 I art : Background sticky concurrent mark sweep GC freed 315730(12MB) AllocSpace objects, 0(0B) LOS objects, 63% free, 6MB/18MB, paused 1.299ms total 119.698ms
08-15 12:37:30.913 2708 2718 I art : Background partial concurrent mark sweep GC freed 335671(13MB) AllocSpace objects, 0(0B) LOS objects, 66% free, 6MB/18MB, paused 1.221ms total 140.535ms
08-15 12:37:32.512 2708 2718 I art : Background sticky concurrent mark sweep GC freed 317631(12MB) AllocSpace objects, 0(0B) LOS objects, 64% free, 6MB/18MB, paused 1.354ms total 115.736ms
08-15 12:37:33.938 2708 2718 I art : Background sticky concurrent mark sweep GC freed 311089(11MB) AllocSpace objects, 0(0B) LOS objects, 61% free, 6MB/18MB, paused 1.242ms total 127.593ms
08-15 12:37:35.398 2708 2718 I art : Background partial concurrent mark sweep GC freed 341059(13MB) AllocSpace objects, 0(0B) LOS objects, 67% free, 5MB/17MB, paused 1.139ms total 146.621ms
