08-15 12:44:33.447 2708 2708 D ViewRootImpl@800ee39[CancelDeliveryActivity]: ThreadedRenderer.create() translucent=false
08-15 12:44:33.450 2708 2708 D InputTransport: Input channel constructed: fd=66
08-15 12:44:33.450 2708 2708 D ViewRootImpl@800ee39[CancelDeliveryActivity]: setView = DecorView@a10fc7e[CancelDeliveryActivity] touchMode=true
08-15 12:44:33.453 2708 2708 D LOCATION_SERVICE: LocationListener gps
08-15 12:44:33.454 2708 2708 D LOCATION_SERVICE: LocationListener network
08-15 12:44:33.455 2708 2708 D LOCATION_SERVICE: onCreate
08-15 12:44:33.455 2708 2708 D LOCATION_SERVICE: initializeLocationManager
08-15 12:44:33.466 2708 2708 D LOCATION_SERVICE: onStartCommand
08-15 12:44:33.495 2708 2708 D ViewRootImpl@800ee39[CancelDeliveryActivity]: dispatchAttachedToWindow
08-15 12:44:33.540 2708 2708 D ViewRootImpl@800ee39[CancelDeliveryActivity]: Relayout returned: oldFrame=[0,0][0,0] newFrame=[0,0][768,1024] result=0x27 surface={isValid=true -1853394944} surfaceGenerationChanged=true
08-15 12:44:33.541 2708 2708 D ViewRootImpl@800ee39[CancelDeliveryActivity]: mHardwareRenderer.initialize() mSurface={isValid=true -1853394944} hwInitialized=true
08-15 12:44:33.546 2708 2708 D ScrollView: onsize change changed
08-15 12:44:33.592 2708 2708 D ViewRootImpl@800ee39[CancelDeliveryActivity]: MSG_RESIZED_REPORT: frame=Rect(0, 0 - 768, 1024) ci=Rect(0, 24 - 0, 0) vi=Rect(0, 24 - 0, 0) or=1
08-15 12:44:33.592 2708 2708 D ViewRootImpl@800ee39[CancelDeliveryActivity]: MSG_WINDOW_FOCUS_CHANGED 1
08-15 12:44:33.592 2708 2708 D ViewRootImpl@800ee39[CancelDeliveryActivity]: mHardwareRenderer.initializeIfNeeded()#2 mSurface={isValid=true -1853394944}
08-15 12:44:33.597 2708 2708 V InputMethodManager: Starting input: tba=android.view.inputmethod.EditorInfo@be00dad nm : cz.gienger.mobile ic=null
08-15 12:44:33.597 2708 2708 I InputMethodManager: startInputInner - mService.startInputOrWindowGainedFocus
08-15 12:44:33.605 2708 2708 D InputTransport: Input channel constructed: fd=67
08-15 12:44:33.605 2708 2708 D InputTransport: Input channel destroyed: fd=63
08-15 12:44:33.647 2708 2774 D OpenGLRenderer: endAllActiveAnimators on 0x932fcd00 (RippleDrawable) with handle 0x93af9af0
08-15 12:44:33.647 2708 2708 D ViewRootImpl@1d97213[MainActivity]: mHardwareRenderer.destroy()#1
08-15 12:44:33.656 2708 2708 D ViewRootImpl@1d97213[MainActivity]: Relayout returned: oldFrame=[0,0][768,1024] newFrame=[0,0][768,1024] result=0x5 surface={isValid=false 0} surfaceGenerationChanged=true
08-15 12:44:34.041 2708 2708 D ViewRootImpl@1d97213[MainActivity]: Relayout returned: oldFrame=[0,0][768,1024] newFrame=[0,0][768,1024] result=0x5 surface={isValid=false 0} surfaceGenerationChanged=false
08-15 12:44:34.179 2708 2708 D LOCATION_SERVICE: onLocationChanged: Location[network 49,191082,17,534565 acc=21 et=+15m16s987ms alt=0.0 vel=0.0 bear=0.0 {Bundle[mParcelledData.dataSize=80]}]
08-15 12:44:34.305 2708 2708 D ViewRootImpl@800ee39[CancelDeliveryActivity]: ViewPostImeInputStage processPointer 0
08-15 12:44:34.366 2708 2708 D ViewRootImpl@800ee39[CancelDeliveryActivity]: ViewPostImeInputStage processPointer 1
08-15 12:44:34.963 2708 2708 D ViewRootImpl@800ee39[CancelDeliveryActivity]: ViewPostImeInputStage processPointer 0
08-15 12:44:35.035 2708 2708 D ViewRootImpl@800ee39[CancelDeliveryActivity]: ViewPostImeInputStage processPointer 1
08-15 12:44:35.049 2708 2708 D UNDELIVERED: Reason ID = 3, Comment =
08-15 12:44:35.112 2708 8602 D MESSAGE_SERVICE: ACTION_COMPRESS_AND_UPLOAD
08-15 12:44:35.163 2708 2708 D ViewRootImpl@800ee39[CancelDeliveryActivity]: MSG_WINDOW_FOCUS_CHANGED 0
08-15 12:44:35.199 2708 2708 D ViewRootImpl@1d97213[MainActivity]: mHardwareRenderer.destroy()#4
08-15 12:44:35.199 2708 2708 D ViewRootImpl@1d97213[MainActivity]: dispatchDetachedFromWindow
08-15 12:44:35.208 2708 2708 D InputTransport: Input channel destroyed: fd=77
08-15 12:44:35.455 2708 2708 D ViewRootImpl@ca7250[MainActivity]: ThreadedRenderer.create() translucent=false
08-15 12:44:35.459 2708 2708 D InputTransport: Input channel constructed: fd=76
08-15 12:44:35.460 2708 2708 D ViewRootImpl@ca7250[MainActivity]: setView = DecorView@ee73c49[MainActivity] touchMode=true
08-15 12:44:35.494 2708 2774 D OpenGLRenderer: endAllActiveAnimators on 0x9448c580 (RippleDrawable) with handle 0x949ed370
08-15 12:44:35.494 2708 2708 D ViewRootImpl@800ee39[CancelDeliveryActivity]: mHardwareRenderer.destroy()#1
08-15 12:44:35.500 2708 2708 D ViewRootImpl@800ee39[CancelDeliveryActivity]: Relayout returned: oldFrame=[0,0][768,1024] newFrame=[0,0][768,1024] result=0x5 surface={isValid=false 0} surfaceGenerationChanged=true
08-15 12:44:35.502 2708 2708 D ViewRootImpl@ca7250[MainActivity]: dispatchAttachedToWindow
08-15 12:44:35.546 2708 2708 D ViewRootImpl@ca7250[MainActivity]: Relayout returned: oldFrame=[0,0][0,0] newFrame=[0,0][768,1024] result=0x7 surface={isValid=true -1853394944} surfaceGenerationChanged=true
08-15 12:44:35.547 2708 2708 D ViewRootImpl@ca7250[MainActivity]: mHardwareRenderer.initialize() mSurface={isValid=true -1853394944} hwInitialized=true
08-15 12:44:35.619 2708 2708 D AbsListView: in onLayout changed
08-15 12:44:35.678 2708 2708 D ViewRootImpl@ca7250[MainActivity]: MSG_RESIZED_REPORT: frame=Rect(0, 0 - 768, 1024) ci=Rect(0, 24 - 0, 0) vi=Rect(0, 24 - 0, 0) or=1
08-15 12:44:35.678 2708 2708 D ViewRootImpl@ca7250[MainActivity]: MSG_WINDOW_FOCUS_CHANGED 1
08-15 12:44:35.678 2708 2708 D ViewRootImpl@ca7250[MainActivity]: mHardwareRenderer.initializeIfNeeded()#2 mSurface={isValid=true -1853394944}
08-15 12:44:35.680 2708 2708 V InputMethodManager: Starting input: tba=android.view.inputmethod.EditorInfo@190be2b nm : cz.gienger.mobile ic=null
08-15 12:44:35.680 2708 2708 I InputMethodManager: startInputInner - mService.startInputOrWindowGainedFocus
08-15 12:44:35.690 2708 2708 D InputTransport: Input channel constructed: fd=61
08-15 12:44:35.690 2708 2708 D InputTransport: Input channel destroyed: fd=67
08-15 12:44:35.731 2708 2708 D TextView: SYANI: Clipboard API is calling: clearFilter()
08-15 12:44:35.731 2708 2708 D TextView: SYANI: Clipboard API is calling: unregisterClipboardEventListener()
08-15 12:44:35.739 2708 2708 D ViewRootImpl@800ee39[CancelDeliveryActivity]: mHardwareRenderer.destroy()#4
08-15 12:44:35.739 2708 2708 D ViewRootImpl@800ee39[CancelDeliveryActivity]: dispatchDetachedFromWindow
08-15 12:44:35.745 2708 2708 D InputTransport: Input channel destroyed: fd=66
08-15 12:44:35.747 2708 2708 D LOCATION_SERVICE: onDestroy
08-15 12:44:35.836 2708 8602 D FILE_MANAGER: Serializing delivery /data/user/0/cz.gienger.mobile/files/finished/130AT1180524475/130AT1180524475.xml
08-15 12:44:35.836 2708 8602 D FILE_MANAGER: Null files:
08-15 12:44:35.961 2708 8602 D MYINTERCEPTOR: /GiengerService.svc/sendorder
08-15 12:44:35.962 2708 8602 D OkHttp : --> POST https://testsaig1.gienger.cz/GiengerService.svc/sendorder http/1.1
08-15 12:44:35.962 2708 8602 D OkHttp : Content-Type: text/raw
08-15 12:44:35.962 2708 8602 D OkHttp : Content-Length: 3080
08-15 12:44:35.962 2708 8602 D OkHttp : filename: 130AT1180524475.xml
08-15 12:44:35.962 2708 8602 D OkHttp : Checksum: c6ccd6c333cff77525b4f83be19bc13e
08-15 12:44:35.962 2708 8602 D OkHttp : token: a179935b28ab5fa0ca590030bf0a2edf
08-15 12:44:35.962 2708 8602 D OkHttp : --> END POST
08-15 12:44:36.445 2708 8602 D OkHttp : <-- 200 https://testsaig1.gienger.cz/GiengerService.svc/sendorder (482ms)
08-15 12:44:36.445 2708 8602 D OkHttp : content-type: application/xml; charset=utf-8
08-15 12:44:36.446 2708 8602 D OkHttp : server: Microsoft-IIS/10.0
08-15 12:44:36.446 2708 8602 D OkHttp : x-powered-by: ASP.NET
08-15 12:44:36.446 2708 8602 D OkHttp : date: Wed, 15 Aug 2018 10:44:35 GMT
08-15 12:44:36.446 2708 8602 D OkHttp : content-length: 175
08-15 12:44:36.446 2708 8602 D OkHttp : <-- END HTTP
08-15 12:44:36.452 2708 8602 D sendOrder_SUCCESS: 200
08-15 12:44:36.487 2708 8602 D MESSAGE_SERVICE: ACTION_RESEND_ORDERS
08-15 12:44:36.726 2708 2708 D ViewRootImpl@ca7250[MainActivity]: ViewPostImeInputStage processPointer 0
08-15 12:44:36.836 2708 2708 D AbsListView: in onLayout changed
08-15 12:44:36.846 2708 2708 D ViewRootImpl@ca7250[MainActivity]: ViewPostImeInputStage processPointer 1
08-15 12:44:37.104 2708 2708 D AbsListView: in onLayout changed
08-15 12:44:37.171 2708 2708 D ViewRootImpl@ca7250[MainActivity]: ViewPostImeInputStage processPointer 0
08-15 12:44:37.189 2708 2708 D AbsListView: reportScrollStateChange() newState : 1
08-15 12:44:37.467 2708 2708 D ViewRootImpl@ca7250[MainActivity]: ViewPostImeInputStage processPointer 1
08-15 12:44:37.467 2708 2708 D AbsListView: onTouchUp() mTouchMode : 3
08-15 12:44:37.468 2708 2708 D AbsListView: onTouchUp() TOUCH_MODE_SCROLL initialVelocity : -785
08-15 12:44:37.468 2708 2708 D AbsListView: reportScrollStateChange() newState : 2
08-15 12:44:37.958 2708 2708 D AbsListView: reportScrollStateChange() newState : 0
08-15 12:44:38.180 2708 2708 D ViewRootImpl@ca7250[MainActivity]: ViewPostImeInputStage processPointer 0
08-15 12:44:38.225 2708 2708 D AbsListView: reportScrollStateChange() newState : 1
08-15 12:44:38.553 2708 2708 D ViewRootImpl@ca7250[MainActivity]: ViewPostImeInputStage processPointer 1
08-15 12:44:38.553 2708 2708 D AbsListView: onTouchUp() mTouchMode : 3
08-15 12:44:38.553 2708 2708 D AbsListView: onTouchUp() TOUCH_MODE_SCROLL initialVelocity : -16
08-15 12:44:38.553 2708 2708 D AbsListView: reportScrollStateChange() newState : 0
08-15 12:44:38.880 2708 2708 D ViewRootImpl@ca7250[MainActivity]: ViewPostImeInputStage processPointer 0
08-15 12:44:38.939 2708 2708 D ViewRootImpl@ca7250[MainActivity]: ViewPostImeInputStage processPointer 1
08-15 12:44:38.950 2708 2708 D item_click: viewId = 2131820758, position = 4
08-15 12:44:38.998 2708 2708 D ViewRootImpl@ca7250[MainActivity]: MSG_WINDOW_FOCUS_CHANGED 0
08-15 12:44:39.031 2708 2708 D Graph : removeVertex() : insertDummyVertex, because there is no ancestor.
08-15 12:44:39.058 2708 2708 D ScrollView: initGoToTop
08-15 12:44:39.123 2708 2708 D ViewRootImpl@87e382c[CancelDeliveryActivity]: ThreadedRenderer.create() translucent=false
08-15 12:44:39.126 2708 2708 D InputTransport: Input channel constructed: fd=83
08-15 12:44:39.126 2708 2708 D ViewRootImpl@87e382c[CancelDeliveryActivity]: setView = DecorView@e382f5[CancelDeliveryActivity] touchMode=true
08-15 12:44:39.134 2708 2708 D ViewRootImpl@87e382c[CancelDeliveryActivity]: dispatchAttachedToWindow
08-15 12:44:39.170 2708 2708 D ViewRootImpl@87e382c[CancelDeliveryActivity]: Relayout returned: oldFrame=[0,0][0,0] newFrame=[0,0][768,1024] result=0x27 surface={isValid=true -1802723328} surfaceGenerationChanged=true
08-15 12:44:39.170 2708 2708 D ViewRootImpl@87e382c[CancelDeliveryActivity]: mHardwareRenderer.initialize() mSurface={isValid=true -1802723328} hwInitialized=true
08-15 12:44:39.174 2708 2708 D ScrollView: onsize change changed
08-15 12:44:39.175 2708 2708 D LOCATION_SERVICE: LocationListener gps
08-15 12:44:39.176 2708 2708 D LOCATION_SERVICE: LocationListener network
08-15 12:44:39.177 2708 2708 D LOCATION_SERVICE: onCreate
08-15 12:44:39.177 2708 2708 D LOCATION_SERVICE: initializeLocationManager
08-15 12:44:39.189 2708 2708 D LOCATION_SERVICE: onStartCommand
08-15 12:44:39.258 2708 2708 D ViewRootImpl@87e382c[CancelDeliveryActivity]: MSG_RESIZED_REPORT: frame=Rect(0, 0 - 768, 1024) ci=Rect(0, 24 - 0, 0) vi=Rect(0, 24 - 0, 0) or=1
08-15 12:44:39.258 2708 2708 D ViewRootImpl@87e382c[CancelDeliveryActivity]: MSG_WINDOW_FOCUS_CHANGED 1
08-15 12:44:39.259 2708 2708 D ViewRootImpl@87e382c[CancelDeliveryActivity]: mHardwareRenderer.initializeIfNeeded()#2 mSurface={isValid=true -1802723328}
08-15 12:44:39.265 2708 2708 V InputMethodManager: Starting input: tba=android.view.inputmethod.EditorInfo@521c530 nm : cz.gienger.mobile ic=null
08-15 12:44:39.265 2708 2708 I InputMethodManager: startInputInner - mService.startInputOrWindowGainedFocus
08-15 12:44:39.272 2708 2708 D InputTransport: Input channel constructed: fd=84
08-15 12:44:39.272 2708 2708 D InputTransport: Input channel destroyed: fd=61
08-15 12:44:39.315 2708 2774 D OpenGLRenderer: endAllActiveAnimators on 0x93261800 (RippleDrawable) with handle 0x9209edb0
08-15 12:44:39.315 2708 2708 D ViewRootImpl@ca7250[MainActivity]: mHardwareRenderer.destroy()#1
08-15 12:44:39.323 2708 2708 D ViewRootImpl@ca7250[MainActivity]: Relayout returned: oldFrame=[0,0][768,1024] newFrame=[0,0][768,1024] result=0x5 surface={isValid=false 0} surfaceGenerationChanged=true
08-15 12:44:39.719 2708 2708 D ViewRootImpl@ca7250[MainActivity]: Relayout returned: oldFrame=[0,0][768,1024] newFrame=[0,0][768,1024] result=0x5 surface={isValid=false 0} surfaceGenerationChanged=false
08-15 12:44:40.245 2708 2708 D ViewRootImpl@87e382c[CancelDeliveryActivity]: ViewPostImeInputStage processPointer 0
08-15 12:44:40.296 2708 2708 D ViewRootImpl@87e382c[CancelDeliveryActivity]: ViewPostImeInputStage processPointer 1
08-15 12:44:41.170 2708 2708 D ViewRootImpl@87e382c[CancelDeliveryActivity]: ViewPostImeInputStage processPointer 0
08-15 12:44:41.238 2708 2708 D ViewRootImpl@87e382c[CancelDeliveryActivity]: ViewPostImeInputStage processPointer 1
08-15 12:44:41.262 2708 2708 D UNDELIVERED: Reason ID = 9, Comment =
08-15 12:44:41.329 2708 8609 D MESSAGE_SERVICE: ACTION_COMPRESS_AND_UPLOAD
08-15 12:44:41.358 2708 2708 D ViewRootImpl@87e382c[CancelDeliveryActivity]: MSG_WINDOW_FOCUS_CHANGED 0
08-15 12:44:41.397 2708 2708 D ViewRootImpl@ca7250[MainActivity]: mHardwareRenderer.destroy()#4
08-15 12:44:41.397 2708 2708 D ViewRootImpl@ca7250[MainActivity]: dispatchDetachedFromWindow
08-15 12:44:41.406 2708 2708 D InputTransport: Input channel destroyed: fd=76
08-15 12:44:41.640 2708 2708 D ViewRootImpl@105a97c[MainActivity]: ThreadedRenderer.create() translucent=false
08-15 12:44:41.644 2708 2708 D InputTransport: Input channel constructed: fd=74
08-15 12:44:41.644 2708 2708 D ViewRootImpl@105a97c[MainActivity]: setView = DecorView@af52205[MainActivity] touchMode=true
08-15 12:44:41.646 2708 2708 D ViewRootImpl@105a97c[MainActivity]: dispatchAttachedToWindow
08-15 12:44:41.709 2708 2708 D ViewRootImpl@105a97c[MainActivity]: Relayout returned: oldFrame=[0,0][0,0] newFrame=[0,0][768,1024] result=0x27 surface={isValid=true -1852002304} surfaceGenerationChanged=true
08-15 12:44:41.709 2708 2708 D ViewRootImpl@105a97c[MainActivity]: mHardwareRenderer.initialize() mSurface={isValid=true -1852002304} hwInitialized=true
08-15 12:44:41.797 2708 2708 D AbsListView: in onLayout changed
08-15 12:44:41.818 2708 2774 D OpenGLRenderer: endAllActiveAnimators on 0x933e8d80 (RippleDrawable) with handle 0x949ed2c0
08-15 12:44:41.818 2708 2708 D ViewRootImpl@87e382c[CancelDeliveryActivity]: mHardwareRenderer.destroy()#1
08-15 12:44:41.832 2708 2708 D ViewRootImpl@87e382c[CancelDeliveryActivity]: Relayout returned: oldFrame=[0,0][768,1024] newFrame=[0,0][768,1024] result=0x5 surface={isValid=false 0} surfaceGenerationChanged=true
08-15 12:44:41.896 2708 2708 D ViewRootImpl@105a97c[MainActivity]: MSG_RESIZED_REPORT: frame=Rect(0, 0 - 768, 1024) ci=Rect(0, 24 - 0, 0) vi=Rect(0, 24 - 0, 0) or=1
08-15 12:44:41.896 2708 2708 D ViewRootImpl@105a97c[MainActivity]: MSG_WINDOW_FOCUS_CHANGED 1
08-15 12:44:41.897 2708 2708 D ViewRootImpl@105a97c[MainActivity]: mHardwareRenderer.initializeIfNeeded()#2 mSurface={isValid=true -1852002304}
08-15 12:44:41.898 2708 2708 V InputMethodManager: Starting input: tba=android.view.inputmethod.EditorInfo@57c40ed nm : cz.gienger.mobile ic=null
08-15 12:44:41.898 2708 2708 I InputMethodManager: startInputInner - mService.startInputOrWindowGainedFocus
08-15 12:44:41.908 2708 2708 D InputTransport: Input channel constructed: fd=63
08-15 12:44:41.908 2708 2708 D InputTransport: Input channel destroyed: fd=84
08-15 12:44:41.951 2708 2708 D TextView: SYANI: Clipboard API is calling: clearFilter()
08-15 12:44:41.951 2708 2708 D TextView: SYANI: Clipboard API is calling: unregisterClipboardEventListener()
08-15 12:44:41.958 2708 2708 D ViewRootImpl@87e382c[CancelDeliveryActivity]: mHardwareRenderer.destroy()#4
08-15 12:44:41.958 2708 2708 D ViewRootImpl@87e382c[CancelDeliveryActivity]: dispatchDetachedFromWindow
08-15 12:44:41.963 2708 2708 D InputTransport: Input channel destroyed: fd=83
08-15 12:44:41.964 2708 2708 D LOCATION_SERVICE: onDestroy
08-15 12:44:42.052 2708 8609 D FILE_MANAGER: Serializing delivery /data/user/0/cz.gienger.mobile/files/finished/130AT1180524562/130AT1180524562.xml
08-15 12:44:42.052 2708 8609 D FILE_MANAGER: Null files:
08-15 12:44:42.189 2708 8609 D MYINTERCEPTOR: /GiengerService.svc/sendorder
08-15 12:44:42.190 2708 8609 D OkHttp : --> POST https://testsaig1.gienger.cz/GiengerService.svc/sendorder http/1.1
08-15 12:44:42.190 2708 8609 D OkHttp : Content-Type: text/raw
08-15 12:44:42.190 2708 8609 D OkHttp : Content-Length: 4855
08-15 12:44:42.190 2708 8609 D OkHttp : filename: 130AT1180524562.xml
08-15 12:44:42.190 2708 8609 D OkHttp : Checksum: db05683193798249dfff8a2db8e0ac04
08-15 12:44:42.190 2708 8609 D OkHttp : token: a179935b28ab5fa0ca590030bf0a2edf
08-15 12:44:42.190 2708 8609 D OkHttp : --> END POST
08-15 12:44:42.735 2708 2708 D ViewRootImpl@105a97c[MainActivity]: ViewPostImeInputStage processPointer 0
08-15 12:44:42.767 2708 2708 D AbsListView: reportScrollStateChange() newState : 1
08-15 12:44:43.012 2708 2708 D ViewRootImpl@105a97c[MainActivity]: ViewPostImeInputStage processPointer 1
08-15 12:44:43.013 2708 2708 D AbsListView: onTouchUp() mTouchMode : 3
08-15 12:44:43.013 2708 2708 D AbsListView: onTouchUp() TOUCH_MODE_SCROLL initialVelocity : -915
08-15 12:44:43.013 2708 2708 D AbsListView: reportScrollStateChange() newState : 2
08-15 12:44:43.098 2708 8609 D OkHttp : <-- 200 https://testsaig1.gienger.cz/GiengerService.svc/sendorder (907ms)
08-15 12:44:43.098 2708 8609 D OkHttp : content-type: application/xml; charset=utf-8
08-15 12:44:43.098 2708 8609 D OkHttp : server: Microsoft-IIS/10.0
08-15 12:44:43.098 2708 8609 D OkHttp : x-powered-by: ASP.NET
08-15 12:44:43.098 2708 8609 D OkHttp : date: Wed, 15 Aug 2018 10:44:41 GMT
08-15 12:44:43.098 2708 8609 D OkHttp : content-length: 175
08-15 12:44:43.098 2708 8609 D OkHttp : <-- END HTTP
08-15 12:44:43.105 2708 8609 D sendOrder_SUCCESS: 200
08-15 12:44:43.139 2708 8609 D MESSAGE_SERVICE: ACTION_RESEND_ORDERS
08-15 12:44:43.466 2708 2708 D AbsListView: in onLayout changed
08-15 12:44:43.739 2708 2708 D AbsListView: in onLayout changed
08-15 12:44:43.749 2708 2708 D ViewRootImpl@105a97c[MainActivity]: ViewPostImeInputStage processPointer 0
08-15 12:44:43.771 2708 2708 D AbsListView: reportScrollStateChange() newState : 1
08-15 12:44:44.192 2708 2708 D ViewRootImpl@105a97c[MainActivity]: ViewPostImeInputStage processPointer 1
08-15 12:44:44.192 2708 2708 D AbsListView: onTouchUp() mTouchMode : 3
08-15 12:44:44.192 2708 2708 D AbsListView: onTouchUp() TOUCH_MODE_SCROLL initialVelocity : -1758
08-15 12:44:44.192 2708 2708 D AbsListView: reportScrollStateChange() newState : 2
08-15 12:44:44.872 2708 2708 D ViewRootImpl@105a97c[MainActivity]: ViewPostImeInputStage processPointer 0
08-15 12:44:45.077 2708 2708 D AbsListView: reportScrollStateChange() newState : 0
08-15 12:44:45.078 2708 2708 D AbsListView: reportScrollStateChange() newState : 1
08-15 12:44:45.544 2708 2708 D ViewRootImpl@105a97c[MainActivity]: ViewPostImeInputStage processPointer 1
08-15 12:44:45.545 2708 2708 D AbsListView: onTouchUp() mTouchMode : 3
08-15 12:44:45.545 2708 2708 D AbsListView: onTouchUp() TOUCH_MODE_SCROLL initialVelocity : -118
08-15 12:44:45.545 2708 2708 D AbsListView: reportScrollStateChange() newState : 2
08-15 12:44:45.692 2708 2708 D AbsListView: reportScrollStateChange() newState : 0
08-15 12:44:45.871 2708 2708 D ViewRootImpl@105a97c[MainActivity]: ViewPostImeInputStage processPointer 0
08-15 12:44:45.909 2708 2708 D AbsListView: reportScrollStateChange() newState : 1
08-15 12:44:46.082 2708 2708 D ViewRootImpl@105a97c[MainActivity]: ViewPostImeInputStage processPointer 1
08-15 12:44:46.083 2708 2708 D AbsListView: onTouchUp() mTouchMode : 3
08-15 12:44:46.083 2708 2708 D AbsListView: onTouchUp() TOUCH_MODE_SCROLL initialVelocity : 2464
08-15 12:44:46.083 2708 2708 D AbsListView: reportScrollStateChange() newState : 2
08-15 12:44:46.425 2708 2708 D ViewRootImpl@105a97c[MainActivity]: ViewPostImeInputStage processPointer 0
08-15 12:44:46.466 2708 2708 D AbsListView: reportScrollStateChange() newState : 0
08-15 12:44:46.468 2708 2708 D AbsListView: reportScrollStateChange() newState : 1
08-15 12:44:46.757 2708 2708 D ViewRootImpl@105a97c[MainActivity]: ViewPostImeInputStage processPointer 1
08-15 12:44:46.757 2708 2708 D AbsListView: onTouchUp() mTouchMode : 3
08-15 12:44:46.757 2708 2708 D AbsListView: onTouchUp() TOUCH_MODE_SCROLL initialVelocity : -2041
08-15 12:44:46.757 2708 2708 D AbsListView: reportScrollStateChange() newState : 2
08-15 12:44:47.151 2708 2708 D ViewRootImpl@105a97c[MainActivity]: ViewPostImeInputStage processPointer 0
08-15 12:44:47.191 2708 2708 D AbsListView: reportScrollStateChange() newState : 0
08-15 12:44:47.193 2708 2708 D AbsListView: reportScrollStateChange() newState : 1
08-15 12:44:47.297 2708 2708 D ViewRootImpl@105a97c[MainActivity]: ViewPostImeInputStage processPointer 1
08-15 12:44:47.297 2708 2708 D AbsListView: onTouchUp() mTouchMode : 3
08-15 12:44:47.298 2708 2708 D AbsListView: onTouchUp() TOUCH_MODE_SCROLL initialVelocity : 3751
08-15 12:44:47.298 2708 2708 D AbsListView: reportScrollStateChange() newState : 2
08-15 12:44:47.729 2708 2708 D AbsListView: reportScrollStateChange() newState : 0
08-15 12:44:48.089 2708 2708 D ViewRootImpl@105a97c[MainActivity]: ViewPostImeInputStage processPointer 0
08-15 12:44:48.132 2708 2708 D AbsListView: reportScrollStateChange() newState : 1
08-15 12:44:48.278 2708 2708 D ViewRootImpl@105a97c[MainActivity]: ViewPostImeInputStage processPointer 1
08-15 12:44:48.278 2708 2708 D AbsListView: onTouchUp() mTouchMode : 3
08-15 12:44:48.278 2708 2708 D AbsListView: onTouchUp() TOUCH_MODE_SCROLL initialVelocity : -4118
08-15 12:44:48.278 2708 2708 D AbsListView: reportScrollStateChange() newState : 2
08-15 12:44:48.732 2708 2708 D ViewRootImpl@105a97c[MainActivity]: ViewPostImeInputStage processPointer 0
08-15 12:44:48.774 2708 2708 D AbsListView: reportScrollStateChange() newState : 0
08-15 12:44:48.774 2708 2708 D AbsListView: reportScrollStateChange() newState : 1
08-15 12:44:48.934 2708 2708 D ViewRootImpl@105a97c[MainActivity]: ViewPostImeInputStage processPointer 1
08-15 12:44:48.934 2708 2708 D AbsListView: onTouchUp() mTouchMode : 3
08-15 12:44:48.934 2708 2708 D AbsListView: onTouchUp() TOUCH_MODE_SCROLL initialVelocity : 2098
08-15 12:44:48.935 2708 2708 D AbsListView: reportScrollStateChange() newState : 2
08-15 12:44:49.855 2708 2708 D ViewRootImpl@105a97c[MainActivity]: ViewPostImeInputStage processPointer 0
08-15 12:44:49.900 2708 2708 D AbsListView: reportScrollStateChange() newState : 0
08-15 12:44:49.901 2708 2708 D AbsListView: reportScrollStateChange() newState : 1
08-15 12:44:50.458 2708 2708 D ViewRootImpl@105a97c[MainActivity]: ViewPostImeInputStage processPointer 1
08-15 12:44:50.458 2708 2708 D AbsListView: onTouchUp() mTouchMode : 3
08-15 12:44:50.458 2708 2708 D AbsListView: onTouchUp() TOUCH_MODE_SCROLL initialVelocity : 10
08-15 12:44:50.458 2708 2708 D AbsListView: reportScrollStateChange() newState : 0
08-15 12:44:50.735 2708 2708 D ViewRootImpl@105a97c[MainActivity]: ViewPostImeInputStage processPointer 0
08-15 12:44:50.815 2708 2708 D ViewRootImpl@105a97c[MainActivity]: ViewPostImeInputStage processPointer 1
08-15 12:44:50.825 2708 2708 D item_click: viewId = 2131820758, position = 5
08-15 12:44:50.878 2708 2708 D ViewRootImpl@105a97c[MainActivity]: MSG_WINDOW_FOCUS_CHANGED 0
08-15 12:44:50.906 2708 2708 D Graph : removeVertex() : insertDummyVertex, because there is no ancestor.
08-15 12:44:50.932 2708 2708 D ScrollView: initGoToTop
08-15 12:44:50.995 2708 2708 D ViewRootImpl@3626bc[CancelDeliveryActivity]: ThreadedRenderer.create() translucent=false
08-15 12:44:50.998 2708 2708 D InputTransport: Input channel constructed: fd=86
08-15 12:44:50.999 2708 2708 D ViewRootImpl@3626bc[CancelDeliveryActivity]: setView = DecorView@843f645[CancelDeliveryActivity] touchMode=true
08-15 12:44:51.005 2708 2708 D ViewRootImpl@3626bc[CancelDeliveryActivity]: dispatchAttachedToWindow
08-15 12:44:51.048 2708 2708 D ViewRootImpl@3626bc[CancelDeliveryActivity]: Relayout returned: oldFrame=[0,0][0,0] newFrame=[0,0][768,1024] result=0x27 surface={isValid=true -1808797696} surfaceGenerationChanged=true
08-15 12:44:51.048 2708 2708 D ViewRootImpl@3626bc[CancelDeliveryActivity]: mHardwareRenderer.initialize() mSurface={isValid=true -1808797696} hwInitialized=true
08-15 12:44:51.054 2708 2708 D ScrollView: onsize change changed
08-15 12:44:51.056 2708 2708 D LOCATION_SERVICE: LocationListener gps
08-15 12:44:51.057 2708 2708 D LOCATION_SERVICE: LocationListener network
08-15 12:44:51.058 2708 2708 D LOCATION_SERVICE: onCreate
08-15 12:44:51.059 2708 2708 D LOCATION_SERVICE: initializeLocationManager
08-15 12:44:51.069 2708 2708 D LOCATION_SERVICE: onStartCommand
08-15 12:44:51.151 2708 2708 D ViewRootImpl@3626bc[CancelDeliveryActivity]: MSG_RESIZED_REPORT: frame=Rect(0, 0 - 768, 1024) ci=Rect(0, 24 - 0, 0) vi=Rect(0, 24 - 0, 0) or=1
08-15 12:44:51.151 2708 2708 D ViewRootImpl@3626bc[CancelDeliveryActivity]: MSG_WINDOW_FOCUS_CHANGED 1
08-15 12:44:51.151 2708 2708 D ViewRootImpl@3626bc[CancelDeliveryActivity]: mHardwareRenderer.initializeIfNeeded()#2 mSurface={isValid=true -1808797696}
08-15 12:44:51.156 2708 2708 V InputMethodManager: Starting input: tba=android.view.inputmethod.EditorInfo@2c16ec0 nm : cz.gienger.mobile ic=null
08-15 12:44:51.156 2708 2708 I InputMethodManager: startInputInner - mService.startInputOrWindowGainedFocus
08-15 12:44:51.160 2708 2708 D InputTransport: Input channel constructed: fd=87
08-15 12:44:51.160 2708 2708 D InputTransport: Input channel destroyed: fd=63
08-15 12:44:51.217 2708 2774 D OpenGLRenderer: endAllActiveAnimators on 0x93262280 (RippleDrawable) with handle 0x931ff7b0
08-15 12:44:51.217 2708 2708 D ViewRootImpl@105a97c[MainActivity]: mHardwareRenderer.destroy()#1
08-15 12:44:51.228 2708 2708 D ViewRootImpl@105a97c[MainActivity]: Relayout returned: oldFrame=[0,0][768,1024] newFrame=[0,0][768,1024] result=0x5 surface={isValid=false 0} surfaceGenerationChanged=true
08-15 12:44:51.595 2708 2708 D ViewRootImpl@105a97c[MainActivity]: Relayout returned: oldFrame=[0,0][768,1024] newFrame=[0,0][768,1024] result=0x5 surface={isValid=false 0} surfaceGenerationChanged=false
08-15 12:44:51.729 2708 2708 D LOCATION_SERVICE: onLocationChanged: Location[network 49,191082,17,534565 acc=21 et=+15m34s537ms alt=0.0 vel=0.0 bear=0.0 {Bundle[mParcelledData.dataSize=80]}]
08-15 12:44:52.145 2708 2708 D ViewRootImpl@3626bc[CancelDeliveryActivity]: ViewPostImeInputStage processPointer 0
08-15 12:44:52.205 2708 2708 D ViewRootImpl@3626bc[CancelDeliveryActivity]: ViewPostImeInputStage processPointer 1
08-15 12:44:53.012 2708 2708 D ViewRootImpl@3626bc[CancelDeliveryActivity]: ViewPostImeInputStage processPointer 0
08-15 12:44:53.079 2708 2708 D ViewRootImpl@3626bc[CancelDeliveryActivity]: ViewPostImeInputStage processPointer 1
08-15 12:44:53.107 2708 2708 D UNDELIVERED: Reason ID = 8, Comment =
08-15 12:44:53.171 2708 8616 D MESSAGE_SERVICE: ACTION_COMPRESS_AND_UPLOAD
08-15 12:44:53.222 2708 2708 D ViewRootImpl@3626bc[CancelDeliveryActivity]: MSG_WINDOW_FOCUS_CHANGED 0
08-15 12:44:53.242 2708 2708 D ViewRootImpl@105a97c[MainActivity]: mHardwareRenderer.destroy()#4
08-15 12:44:53.242 2708 2708 D ViewRootImpl@105a97c[MainActivity]: dispatchDetachedFromWindow
08-15 12:44:53.253 2708 2708 D InputTransport: Input channel destroyed: fd=74
08-15 12:44:53.485 2708 2708 D ViewRootImpl@c4ff40c[MainActivity]: ThreadedRenderer.create() translucent=false
08-15 12:44:53.488 2708 2708 D InputTransport: Input channel constructed: fd=74
08-15 12:44:53.488 2708 2708 D ViewRootImpl@c4ff40c[MainActivity]: setView = DecorView@7aec155[MainActivity] touchMode=true
08-15 12:44:53.491 2708 2708 D ViewRootImpl@c4ff40c[MainActivity]: dispatchAttachedToWindow
08-15 12:44:53.556 2708 2708 D ViewRootImpl@c4ff40c[MainActivity]: Relayout returned: oldFrame=[0,0][0,0] newFrame=[0,0][768,1024] result=0x27 surface={isValid=true -1802797056} surfaceGenerationChanged=true
08-15 12:44:53.557 2708 2708 D ViewRootImpl@c4ff40c[MainActivity]: mHardwareRenderer.initialize() mSurface={isValid=true -1802797056} hwInitialized=true
08-15 12:44:53.647 2708 2708 D AbsListView: in onLayout changed
08-15 12:44:53.672 2708 2774 D OpenGLRenderer: endAllActiveAnimators on 0x933e9800 (RippleDrawable) with handle 0x94eff9f0
08-15 12:44:53.673 2708 2708 D ViewRootImpl@3626bc[CancelDeliveryActivity]: mHardwareRenderer.destroy()#1
08-15 12:44:53.683 2708 2708 D ViewRootImpl@3626bc[CancelDeliveryActivity]: Relayout returned: oldFrame=[0,0][768,1024] newFrame=[0,0][768,1024] result=0x5 surface={isValid=false 0} surfaceGenerationChanged=true
08-15 12:44:53.744 2708 2708 D ViewRootImpl@c4ff40c[MainActivity]: MSG_RESIZED_REPORT: frame=Rect(0, 0 - 768, 1024) ci=Rect(0, 24 - 0, 0) vi=Rect(0, 24 - 0, 0) or=1
08-15 12:44:53.744 2708 2708 D ViewRootImpl@c4ff40c[MainActivity]: MSG_WINDOW_FOCUS_CHANGED 1
08-15 12:44:53.744 2708 2708 D ViewRootImpl@c4ff40c[MainActivity]: mHardwareRenderer.initializeIfNeeded()#2 mSurface={isValid=true -1802797056}
08-15 12:44:53.746 2708 2708 V InputMethodManager: Starting input: tba=android.view.inputmethod.EditorInfo@93f3e3d nm : cz.gienger.mobile ic=null
08-15 12:44:53.746 2708 2708 I InputMethodManager: startInputInner - mService.startInputOrWindowGainedFocus
08-15 12:44:53.753 2708 2708 D InputTransport: Input channel constructed: fd=68
08-15 12:44:53.753 2708 2708 D InputTransport: Input channel destroyed: fd=87
08-15 12:44:53.796 2708 2708 D TextView: SYANI: Clipboard API is calling: clearFilter()
08-15 12:44:53.796 2708 2708 D TextView: SYANI: Clipboard API is calling: unregisterClipboardEventListener()
08-15 12:44:53.804 2708 2708 D ViewRootImpl@3626bc[CancelDeliveryActivity]: mHardwareRenderer.destroy()#4
08-15 12:44:53.804 2708 2708 D ViewRootImpl@3626bc[CancelDeliveryActivity]: dispatchDetachedFromWindow
08-15 12:44:53.809 2708 2708 D InputTransport: Input channel destroyed: fd=86
08-15 12:44:53.810 2708 2708 D LOCATION_SERVICE: onDestroy
08-15 12:44:53.902 2708 8616 D FILE_MANAGER: Serializing delivery /data/user/0/cz.gienger.mobile/files/finished/130AT1180524301/130AT1180524301.xml
08-15 12:44:53.902 2708 8616 D FILE_MANAGER: Null files:
08-15 12:44:54.091 2708 8616 D MYINTERCEPTOR: /GiengerService.svc/sendorder
08-15 12:44:54.092 2708 8616 D OkHttp : --> POST https://testsaig1.gienger.cz/GiengerService.svc/sendorder http/1.1
08-15 12:44:54.092 2708 8616 D OkHttp : Content-Type: text/raw
08-15 12:44:54.092 2708 8616 D OkHttp : Content-Length: 16701
08-15 12:44:54.092 2708 8616 D OkHttp : filename: 130AT1180524301.xml
08-15 12:44:54.092 2708 8616 D OkHttp : Checksum: 50971afc5af0a5cf77d900575166ee9f
08-15 12:44:54.092 2708 8616 D OkHttp : token: a179935b28ab5fa0ca590030bf0a2edf
08-15 12:44:54.092 2708 8616 D OkHttp : --> END POST
08-15 12:44:54.567 2708 8616 D OkHttp : <-- 200 https://testsaig1.gienger.cz/GiengerService.svc/sendorder (474ms)
08-15 12:44:54.567 2708 8616 D OkHttp : content-type: application/xml; charset=utf-8
08-15 12:44:54.568 2708 8616 D OkHttp : server: Microsoft-IIS/10.0
08-15 12:44:54.568 2708 8616 D OkHttp : x-powered-by: ASP.NET
08-15 12:44:54.568 2708 8616 D OkHttp : date: Wed, 15 Aug 2018 10:44:53 GMT
08-15 12:44:54.568 2708 8616 D OkHttp : content-length: 175
08-15 12:44:54.568 2708 8616 D OkHttp : <-- END HTTP
08-15 12:44:54.575 2708 8616 D sendOrder_SUCCESS: 200
08-15 12:44:54.627 2708 8616 D MESSAGE_SERVICE: ACTION_RESEND_ORDERS
08-15 12:44:54.689 2708 2718 I art : Background sticky concurrent mark sweep GC freed 161837(6MB) AllocSpace objects, 11(216KB) LOS objects, 30% free, 14MB/20MB, paused 1.707ms total 107.175ms
08-15 12:44:54.925 2708 2708 D AbsListView: in onLayout changed
08-15 12:44:55.204 2708 2708 D AbsListView: in onLayout changed
08-15 12:44:55.375 2708 2708 D ViewRootImpl@c4ff40c[MainActivity]: ViewPostImeInputStage processPointer 0
08-15 12:44:55.430 2708 2708 D AbsListView: reportScrollStateChange() newState : 1
08-15 12:44:56.186 2708 2708 D ViewRootImpl@c4ff40c[MainActivity]: ViewPostImeInputStage processPointer 1
08-15 12:44:56.186 2708 2708 D AbsListView: onTouchUp() mTouchMode : 3
08-15 12:44:56.186 2708 2708 D AbsListView: onTouchUp() TOUCH_MODE_SCROLL initialVelocity : -1098
08-15 12:44:56.186 2708 2708 D AbsListView: reportScrollStateChange() newState : 2
08-15 12:44:56.732 2708 2708 D ViewRootImpl@c4ff40c[MainActivity]: ViewPostImeInputStage processPointer 0
08-15 12:44:56.815 2708 2708 D AbsListView: reportScrollStateChange() newState : 0
08-15 12:44:56.816 2708 2708 D AbsListView: reportScrollStateChange() newState : 1
08-15 12:44:56.956 2708 2708 D ViewRootImpl@c4ff40c[MainActivity]: ViewPostImeInputStage processPointer 1
08-15 12:44:56.956 2708 2708 D AbsListView: onTouchUp() mTouchMode : 3
08-15 12:44:56.956 2708 2708 D AbsListView: onTouchUp() TOUCH_MODE_SCROLL initialVelocity : -1496
08-15 12:44:56.956 2708 2708 D AbsListView: reportScrollStateChange() newState : 2
08-15 12:44:57.736 2708 2708 D AbsListView: reportScrollStateChange() newState : 0
08-15 12:44:59.594 2708 2708 D ViewRootImpl@c4ff40c[MainActivity]: ViewPostImeInputStage processPointer 0
08-15 12:44:59.656 2708 2708 D AbsListView: reportScrollStateChange() newState : 1
08-15 12:44:59.965 2708 2708 D ViewRootImpl@c4ff40c[MainActivity]: ViewPostImeInputStage processPointer 1
08-15 12:44:59.965 2708 2708 D AbsListView: onTouchUp() mTouchMode : 3
08-15 12:44:59.965 2708 2708 D AbsListView: onTouchUp() TOUCH_MODE_SCROLL initialVelocity : -16
08-15 12:44:59.965 2708 2708 D AbsListView: reportScrollStateChange() newState : 0
08-15 12:45:20.302 2708 2708 D ViewRootImpl@c4ff40c[MainActivity]: ViewPostImeInputStage processPointer 0
08-15 12:45:20.358 2708 2708 D ViewRootImpl@c4ff40c[MainActivity]: ViewPostImeInputStage processPointer 1
08-15 12:45:20.376 2708 2708 D item_click: viewId = 2131820758, position = 6
08-15 12:45:20.421 2708 2708 D ViewRootImpl@c4ff40c[MainActivity]: MSG_WINDOW_FOCUS_CHANGED 0
08-15 12:45:20.448 2708 2708 D Graph : removeVertex() : insertDummyVertex, because there is no ancestor.
08-15 12:45:20.474 2708 2708 D ScrollView: initGoToTop
08-15 12:45:20.534 2708 2708 D ViewRootImpl@d3fcf9[CancelDeliveryActivity]: ThreadedRenderer.create() translucent=false
08-15 12:45:20.540 2708 2708 D InputTransport: Input channel constructed: fd=89
08-15 12:45:20.541 2708 2708 D ViewRootImpl@d3fcf9[CancelDeliveryActivity]: setView = DecorView@2ecc43e[CancelDeliveryActivity] touchMode=true
08-15 12:45:20.542 2708 2708 D LOCATION_SERVICE: LocationListener gps
08-15 12:45:20.543 2708 2708 D LOCATION_SERVICE: LocationListener network
08-15 12:45:20.544 2708 2708 D LOCATION_SERVICE: onCreate
08-15 12:45:20.544 2708 2708 D LOCATION_SERVICE: initializeLocationManager
08-15 12:45:20.555 2708 2708 D LOCATION_SERVICE: onStartCommand
08-15 12:45:20.584 2708 2708 D ViewRootImpl@d3fcf9[CancelDeliveryActivity]: dispatchAttachedToWindow
08-15 12:45:20.613 2708 2708 D ViewRootImpl@d3fcf9[CancelDeliveryActivity]: Relayout returned: oldFrame=[0,0][0,0] newFrame=[0,0][768,1024] result=0x27 surface={isValid=true -1808797696} surfaceGenerationChanged=true
08-15 12:45:20.613 2708 2708 D ViewRootImpl@d3fcf9[CancelDeliveryActivity]: mHardwareRenderer.initialize() mSurface={isValid=true -1808797696} hwInitialized=true
08-15 12:45:20.618 2708 2708 D ScrollView: onsize change changed
08-15 12:45:20.655 2708 2708 D ViewRootImpl@d3fcf9[CancelDeliveryActivity]: MSG_RESIZED_REPORT: frame=Rect(0, 0 - 768, 1024) ci=Rect(0, 24 - 0, 0) vi=Rect(0, 24 - 0, 0) or=1
08-15 12:45:20.655 2708 2708 D ViewRootImpl@d3fcf9[CancelDeliveryActivity]: MSG_WINDOW_FOCUS_CHANGED 1
08-15 12:45:20.655 2708 2708 D ViewRootImpl@d3fcf9[CancelDeliveryActivity]: mHardwareRenderer.initializeIfNeeded()#2 mSurface={isValid=true -1808797696}
08-15 12:45:20.660 2708 2708 V InputMethodManager: Starting input: tba=android.view.inputmethod.EditorInfo@924b533 nm : cz.gienger.mobile ic=null
08-15 12:45:20.660 2708 2708 I InputMethodManager: startInputInner - mService.startInputOrWindowGainedFocus
08-15 12:45:20.672 2708 2708 D InputTransport: Input channel constructed: fd=90
08-15 12:45:20.672 2708 2708 D InputTransport: Input channel destroyed: fd=68
08-15 12:45:20.717 2708 2774 D OpenGLRenderer: endAllActiveAnimators on 0x918b5480 (RippleDrawable) with handle 0x9576f960
08-15 12:45:20.717 2708 2708 D ViewRootImpl@c4ff40c[MainActivity]: mHardwareRenderer.destroy()#1
08-15 12:45:20.728 2708 2708 D ViewRootImpl@c4ff40c[MainActivity]: Relayout returned: oldFrame=[0,0][768,1024] newFrame=[0,0][768,1024] result=0x5 surface={isValid=false 0} surfaceGenerationChanged=true
08-15 12:45:21.114 2708 2708 D ViewRootImpl@c4ff40c[MainActivity]: Relayout returned: oldFrame=[0,0][768,1024] newFrame=[0,0][768,1024] result=0x5 surface={isValid=false 0} surfaceGenerationChanged=false
08-15 12:45:21.145 2708 2708 D LOCATION_SERVICE: onLocationChanged: Location[network 49,191082,17,534565 acc=21 et=+16m3s954ms alt=0.0 vel=0.0 bear=0.0 {Bundle[mParcelledData.dataSize=80]}]
08-15 12:45:21.614 2708 2708 D ViewRootImpl@d3fcf9[CancelDeliveryActivity]: ViewPostImeInputStage processPointer 0
08-15 12:45:21.674 2708 2708 D ViewRootImpl@d3fcf9[CancelDeliveryActivity]: ViewPostImeInputStage processPointer 1
08-15 12:45:22.495 2708 2708 D ViewRootImpl@d3fcf9[CancelDeliveryActivity]: ViewPostImeInputStage processPointer 0
08-15 12:45:22.567 2708 2708 D ViewRootImpl@d3fcf9[CancelDeliveryActivity]: ViewPostImeInputStage processPointer 1
08-15 12:45:22.590 2708 2708 D UNDELIVERED: Reason ID = 8, Comment =
08-15 12:45:22.656 2708 8624 D MESSAGE_SERVICE: ACTION_COMPRESS_AND_UPLOAD
08-15 12:45:22.695 2708 2708 D ViewRootImpl@d3fcf9[CancelDeliveryActivity]: MSG_WINDOW_FOCUS_CHANGED 0
08-15 12:45:22.715 2708 2708 D ViewRootImpl@c4ff40c[MainActivity]: mHardwareRenderer.destroy()#4
08-15 12:45:22.715 2708 2708 D ViewRootImpl@c4ff40c[MainActivity]: dispatchDetachedFromWindow
08-15 12:45:22.721 2708 2708 D InputTransport: Input channel destroyed: fd=74
08-15 12:45:22.960 2708 2718 I art : Background partial concurrent mark sweep GC freed 228272(10MB) AllocSpace objects, 24(628KB) LOS objects, 54% free, 10MB/22MB, paused 2.091ms total 155.293ms
08-15 12:45:23.101 2708 2708 D ViewRootImpl@167613c[MainActivity]: ThreadedRenderer.create() translucent=false
08-15 12:45:23.104 2708 2708 D InputTransport: Input channel constructed: fd=74
08-15 12:45:23.104 2708 2708 D ViewRootImpl@167613c[MainActivity]: setView = DecorView@90cdec5[MainActivity] touchMode=true
08-15 12:45:23.107 2708 2708 D ViewRootImpl@167613c[MainActivity]: dispatchAttachedToWindow
08-15 12:45:23.169 2708 2708 D ViewRootImpl@167613c[MainActivity]: Relayout returned: oldFrame=[0,0][0,0] newFrame=[0,0][768,1024] result=0x27 surface={isValid=true -1854099456} surfaceGenerationChanged=true
08-15 12:45:23.169 2708 2708 D ViewRootImpl@167613c[MainActivity]: mHardwareRenderer.initialize() mSurface={isValid=true -1854099456} hwInitialized=true
08-15 12:45:23.255 2708 2708 D AbsListView: in onLayout changed
08-15 12:45:23.268 2708 2774 D OpenGLRenderer: endAllActiveAnimators on 0x9321ee80 (RippleDrawable) with handle 0x9597f570
08-15 12:45:23.268 2708 2708 D ViewRootImpl@d3fcf9[CancelDeliveryActivity]: mHardwareRenderer.destroy()#1
08-15 12:45:23.276 2708 2708 D ViewRootImpl@d3fcf9[CancelDeliveryActivity]: Relayout returned: oldFrame=[0,0][768,1024] newFrame=[0,0][768,1024] result=0x5 surface={isValid=false 0} surfaceGenerationChanged=true
08-15 12:45:23.333 2708 2708 D ViewRootImpl@167613c[MainActivity]: MSG_RESIZED_REPORT: frame=Rect(0, 0 - 768, 1024) ci=Rect(0, 24 - 0, 0) vi=Rect(0, 24 - 0, 0) or=1
08-15 12:45:23.333 2708 2708 D ViewRootImpl@167613c[MainActivity]: MSG_WINDOW_FOCUS_CHANGED 1
08-15 12:45:23.333 2708 2708 D ViewRootImpl@167613c[MainActivity]: mHardwareRenderer.initializeIfNeeded()#2 mSurface={isValid=true -1854099456}
08-15 12:45:23.335 2708 2708 V InputMethodManager: Starting input: tba=android.view.inputmethod.EditorInfo@85e90e2 nm : cz.gienger.mobile ic=null
08-15 12:45:23.335 2708 2708 I InputMethodManager: startInputInner - mService.startInputOrWindowGainedFocus
08-15 12:45:23.345 2708 2708 D InputTransport: Input channel constructed: fd=73
08-15 12:45:23.345 2708 2708 D InputTransport: Input channel destroyed: fd=90
08-15 12:45:23.374 2708 2708 D Graph : removeVertex() : insertDummyVertex, because there is no ancestor.
08-15 12:45:23.383 2708 2708 D TextView: SYANI: Clipboard API is calling: clearFilter()
08-15 12:45:23.383 2708 2708 D TextView: SYANI: Clipboard API is calling: unregisterClipboardEventListener()
08-15 12:45:23.383 2708 8624 D FILE_MANAGER: Serializing delivery /data/user/0/cz.gienger.mobile/files/finished/130AT1180524459/130AT1180524459.xml
08-15 12:45:23.383 2708 8624 D FILE_MANAGER: Null files:
08-15 12:45:23.392 2708 2708 D ViewRootImpl@d3fcf9[CancelDeliveryActivity]: mHardwareRenderer.destroy()#4
08-15 12:45:23.392 2708 2708 D ViewRootImpl@d3fcf9[CancelDeliveryActivity]: dispatchDetachedFromWindow
08-15 12:45:23.399 2708 2708 D InputTransport: Input channel destroyed: fd=89
08-15 12:45:23.400 2708 2708 D LOCATION_SERVICE: onDestroy
08-15 12:45:23.402 2708 2713 I art : Do full code cache collection, code=432KB, data=501KB
08-15 12:45:23.404 2708 2713 I art : Starting a blocking GC JitCodeCache
08-15 12:45:23.405 2708 2713 I art : After code cache collection, code=393KB, data=418KB
08-15 12:45:23.483 2708 8624 D MYINTERCEPTOR: /GiengerService.svc/sendorder
08-15 12:45:23.484 2708 8624 D OkHttp : --> POST https://testsaig1.gienger.cz/GiengerService.svc/sendorder http/1.1
08-15 12:45:23.484 2708 8624 D OkHttp : Content-Type: text/raw
08-15 12:45:23.484 2708 8624 D OkHttp : Content-Length: 3243
08-15 12:45:23.484 2708 8624 D OkHttp : filename: 130AT1180524459.xml
08-15 12:45:23.484 2708 8624 D OkHttp : Checksum: 091c40512d9bc7f88488fd1e7b000782
08-15 12:45:23.484 2708 8624 D OkHttp : token: a179935b28ab5fa0ca590030bf0a2edf
08-15 12:45:23.484 2708 8624 D OkHttp : --> END POST
08-15 12:45:23.967 2708 8624 D OkHttp : <-- 200 https://testsaig1.gienger.cz/GiengerService.svc/sendorder (482ms)
08-15 12:45:23.967 2708 8624 D OkHttp : content-type: application/xml; charset=utf-8
08-15 12:45:23.967 2708 8624 D OkHttp : server: Microsoft-IIS/10.0
08-15 12:45:23.967 2708 8624 D OkHttp : x-powered-by: ASP.NET
08-15 12:45:23.967 2708 8624 D OkHttp : date: Wed, 15 Aug 2018 10:45:22 GMT
08-15 12:45:23.967 2708 8624 D OkHttp : content-length: 175
08-15 12:45:23.967 2708 8624 D OkHttp : <-- END HTTP
08-15 12:45:23.973 2708 8624 D sendOrder_SUCCESS: 200
08-15 12:45:23.988 2708 2708 D ViewRootImpl@167613c[MainActivity]: ViewPostImeInputStage processPointer 0
08-15 12:45:24.003 2708 8624 D MESSAGE_SERVICE: ACTION_RESEND_ORDERS
08-15 12:45:24.302 2708 2708 D AbsListView: in onLayout changed
08-15 12:45:24.313 2708 2708 D ViewRootImpl@167613c[MainActivity]: ViewPostImeInputStage processPointer 1
08-15 12:45:24.572 2708 2708 D AbsListView: in onLayout changed
08-15 12:45:24.665 2708 2708 D ViewRootImpl@167613c[MainActivity]: ViewPostImeInputStage processPointer 0
08-15 12:45:24.712 2708 2708 D AbsListView: reportScrollStateChange() newState : 1
08-15 12:45:24.802 2708 2708 D ViewRootImpl@167613c[MainActivity]: ViewPostImeInputStage processPointer 1
08-15 12:45:24.802 2708 2708 D AbsListView: onTouchUp() mTouchMode : 3
08-15 12:45:24.803 2708 2708 D AbsListView: onTouchUp() TOUCH_MODE_SCROLL initialVelocity : -5847
08-15 12:45:24.803 2708 2708 D AbsListView: reportScrollStateChange() newState : 2
08-15 12:45:25.301 2708 2708 D ViewRootImpl@167613c[MainActivity]: ViewPostImeInputStage processPointer 0
08-15 12:45:25.343 2708 2708 D AbsListView: reportScrollStateChange() newState : 0
08-15 12:45:25.345 2708 2708 D AbsListView: reportScrollStateChange() newState : 1
08-15 12:45:25.517 2708 2708 D ViewRootImpl@167613c[MainActivity]: ViewPostImeInputStage processPointer 1
08-15 12:45:25.517 2708 2708 D AbsListView: onTouchUp() mTouchMode : 3
08-15 12:45:25.517 2708 2708 D AbsListView: onTouchUp() TOUCH_MODE_SCROLL initialVelocity : 2000
08-15 12:45:25.517 2708 2708 D AbsListView: reportScrollStateChange() newState : 2
08-15 12:45:26.007 2708 2708 D ViewRootImpl@167613c[MainActivity]: ViewPostImeInputStage processPointer 0
08-15 12:45:26.051 2708 2708 D AbsListView: reportScrollStateChange() newState : 0
08-15 12:45:26.052 2708 2708 D AbsListView: reportScrollStateChange() newState : 1
08-15 12:45:26.610 2708 2708 D ViewRootImpl@167613c[MainActivity]: ViewPostImeInputStage processPointer 1
08-15 12:45:26.610 2708 2708 D AbsListView: onTouchUp() mTouchMode : 3
08-15 12:45:26.610 2708 2708 D AbsListView: onTouchUp() TOUCH_MODE_SCROLL initialVelocity : 64
08-15 12:45:26.610 2708 2708 D AbsListView: reportScrollStateChange() newState : 2
08-15 12:45:26.716 2708 2708 D AbsListView: reportScrollStateChange() newState : 0
08-15 12:45:27.421 2708 2708 D ViewRootImpl@167613c[MainActivity]: ViewPostImeInputStage processPointer 0
08-15 12:45:27.503 2708 2708 D ViewRootImpl@167613c[MainActivity]: ViewPostImeInputStage processPointer 1
08-15 12:45:27.509 2708 2708 D item_click: viewId = 2131820756, position = 8
08-15 12:45:27.549 2708 2708 D ViewRootImpl@167613c[MainActivity]: MSG_WINDOW_FOCUS_CHANGED 0
08-15 12:45:27.661 2708 2708 D ViewRootImpl@e0f03a7[DeliverActivity]: ThreadedRenderer.create() translucent=false
08-15 12:45:27.664 2708 2708 D InputTransport: Input channel constructed: fd=92
08-15 12:45:27.664 2708 2708 D ViewRootImpl@e0f03a7[DeliverActivity]: setView = DecorView@9aba054[DeliverActivity] touchMode=true
08-15 12:45:27.665 2708 2708 D LOCATION_SERVICE: LocationListener gps
08-15 12:45:27.666 2708 2708 D LOCATION_SERVICE: LocationListener network
08-15 12:45:27.667 2708 2708 D LOCATION_SERVICE: onCreate
08-15 12:45:27.668 2708 2708 D LOCATION_SERVICE: initializeLocationManager
08-15 12:45:27.686 2708 2708 D LOCATION_SERVICE: onStartCommand
08-15 12:45:27.706 2708 2708 D ViewRootImpl@e0f03a7[DeliverActivity]: dispatchAttachedToWindow
08-15 12:45:27.743 2708 2708 D ViewRootImpl@e0f03a7[DeliverActivity]: Relayout returned: oldFrame=[0,0][0,0] newFrame=[0,0][768,1024] result=0x27 surface={isValid=true -1851813888} surfaceGenerationChanged=true
08-15 12:45:27.743 2708 2708 D ViewRootImpl@e0f03a7[DeliverActivity]: mHardwareRenderer.initialize() mSurface={isValid=true -1851813888} hwInitialized=true
08-15 12:45:27.773 2708 2708 D ViewRootImpl@e0f03a7[DeliverActivity]: MSG_RESIZED_REPORT: frame=Rect(0, 0 - 768, 1024) ci=Rect(0, 24 - 0, 0) vi=Rect(0, 24 - 0, 0) or=1
08-15 12:45:27.773 2708 2708 D ViewRootImpl@e0f03a7[DeliverActivity]: MSG_WINDOW_FOCUS_CHANGED 1
08-15 12:45:27.773 2708 2708 D ViewRootImpl@e0f03a7[DeliverActivity]: mHardwareRenderer.initializeIfNeeded()#2 mSurface={isValid=true -1851813888}
08-15 12:45:27.775 2708 2708 V InputMethodManager: Starting input: tba=android.view.inputmethod.EditorInfo@97ebdb5 nm : cz.gienger.mobile ic=null
08-15 12:45:27.775 2708 2708 I InputMethodManager: startInputInner - mService.startInputOrWindowGainedFocus
08-15 12:45:27.794 2708 2708 D InputTransport: Input channel constructed: fd=93
08-15 12:45:27.794 2708 2708 D InputTransport: Input channel destroyed: fd=73
08-15 12:45:27.813 2708 8630 D FILE_MANAGER: Copying file /data/user/0/cz.gienger.mobile/files/delivery/130AT1180524113/130AT1180524113.pdf to /storage/emulated/0/130AT1180524113.pdf
08-15 12:45:27.846 2708 2774 D OpenGLRenderer: endAllActiveAnimators on 0x95166b80 (RippleDrawable) with handle 0x942f7760
08-15 12:45:27.846 2708 2708 D ViewRootImpl@167613c[MainActivity]: mHardwareRenderer.destroy()#1
08-15 12:45:27.859 2708 2708 D ViewRootImpl@167613c[MainActivity]: Relayout returned: oldFrame=[0,0][768,1024] newFrame=[0,0][768,1024] result=0x5 surface={isValid=false 0} surfaceGenerationChanged=true
08-15 12:45:28.243 2708 2708 D ViewRootImpl@167613c[MainActivity]: Relayout returned: oldFrame=[0,0][768,1024] newFrame=[0,0][768,1024] result=0x5 surface={isValid=false 0} surfaceGenerationChanged=false
08-15 12:45:28.318 2708 8630 D FILE_MANAGER: copy ok
08-15 12:45:29.006 2708 2708 D ViewRootImpl@e0f03a7[DeliverActivity]: ViewPostImeInputStage processPointer 0
08-15 12:45:29.075 2708 2708 D ViewRootImpl@e0f03a7[DeliverActivity]: ViewPostImeInputStage processPointer 1
08-15 12:45:30.775 2708 2708 D ViewRootImpl@e0f03a7[DeliverActivity]: ViewPostImeInputStage processPointer 0
08-15 12:45:30.835 2708 2708 D ViewRootImpl@e0f03a7[DeliverActivity]: ViewPostImeInputStage processPointer 1
08-15 12:45:30.847 2708 2708 D ScrollView: initGoToTop
08-15 12:45:30.886 2708 2708 D ScrollView: onsize change changed
08-15 12:45:31.196 2708 2708 D TextView: SYANI: Clipboard API is calling: clearFilter()
08-15 12:45:31.196 2708 2708 D TextView: SYANI: Clipboard API is calling: unregisterClipboardEventListener()
08-15 12:45:31.199 2708 2708 D TextView: SYANI: Clipboard API is calling: clearFilter()
08-15 12:45:31.199 2708 2708 D TextView: SYANI: Clipboard API is calling: unregisterClipboardEventListener()
08-15 12:45:31.202 2708 2708 D TextView: SYANI: Clipboard API is calling: clearFilter()
08-15 12:45:31.202 2708 2708 D TextView: SYANI: Clipboard API is calling: unregisterClipboardEventListener()
08-15 12:45:32.399 2708 2708 D ViewRootImpl@e0f03a7[DeliverActivity]: ViewPostImeInputStage processKey 0
08-15 12:45:32.520 2708 2708 D ViewRootImpl@e0f03a7[DeliverActivity]: ViewPostImeInputStage processKey 1
08-15 12:45:32.870 2708 2708 D TextView: SYANI: Clipboard API is calling: clearFilter()
