08-15 12:35:20.102 2708 7642 D OkHttp : --> POST https://testsaig1.gienger.cz/GiengerService.svc/getorder http/1.1
08-15 12:35:20.102 2708 7642 D OkHttp : Content-Length: 0
08-15 12:35:20.102 2708 7642 D OkHttp : name: 130AT1180524575.xml
08-15 12:35:20.102 2708 7642 D OkHttp : token: deaf03e8bed8c94e9b8239b69071b93f
08-15 12:35:20.102 2708 7642 D OkHttp : --> END POST
08-15 12:35:20.168 2708 7642 D OkHttp : <-- 200 https://testsaig1.gienger.cz/GiengerService.svc/getorder (65ms)
08-15 12:35:20.168 2708 7642 D OkHttp : content-type: application/xml; charset=utf-8
08-15 12:35:20.168 2708 7642 D OkHttp : server: Microsoft-IIS/10.0
08-15 12:35:20.169 2708 7642 D OkHttp : checksum: 245dfe0e186d057a18959b3f940c2364
08-15 12:35:20.169 2708 7642 D OkHttp : x-powered-by: ASP.NET
08-15 12:35:20.177 2708 7642 D OkHttp : date: Wed, 15 Aug 2018 10:35:18 GMT
08-15 12:35:20.177 2708 7642 D OkHttp : content-length: 174348
08-15 12:35:20.177 2708 7642 D OkHttp : <-- END HTTP
08-15 12:35:20.261 2708 7642 D MYINTERCEPTOR: /GiengerService.svc/getorder
08-15 12:35:20.262 2708 7642 D OkHttp : --> POST https://testsaig1.gienger.cz/GiengerService.svc/getorder http/1.1
08-15 12:35:20.262 2708 7642 D OkHttp : Content-Length: 0
08-15 12:35:20.262 2708 7642 D OkHttp : name: 130AT1180524495.xml
08-15 12:35:20.262 2708 7642 D OkHttp : token: deaf03e8bed8c94e9b8239b69071b93f
08-15 12:35:20.263 2708 7642 D OkHttp : --> END POST
08-15 12:35:20.349 2708 7642 D OkHttp : <-- 200 https://testsaig1.gienger.cz/GiengerService.svc/getorder (86ms)
08-15 12:35:20.349 2708 7642 D OkHttp : content-type: application/xml; charset=utf-8
08-15 12:35:20.349 2708 7642 D OkHttp : server: Microsoft-IIS/10.0
08-15 12:35:20.350 2708 7642 D OkHttp : checksum: 0d860fbe60e63ad3b4cd2cd9400d294f
08-15 12:35:20.350 2708 7642 D OkHttp : x-powered-by: ASP.NET
08-15 12:35:20.350 2708 7642 D OkHttp : date: Wed, 15 Aug 2018 10:35:19 GMT
08-15 12:35:20.350 2708 7642 D OkHttp : content-length: 171356
08-15 12:35:20.350 2708 7642 D OkHttp : <-- END HTTP
08-15 12:35:20.446 2708 7642 D MYINTERCEPTOR: /GiengerService.svc/getorder
08-15 12:35:20.447 2708 7642 D OkHttp : --> POST https://testsaig1.gienger.cz/GiengerService.svc/getorder http/1.1
08-15 12:35:20.447 2708 7642 D OkHttp : Content-Length: 0
08-15 12:35:20.447 2708 7642 D OkHttp : name: 130AT1182803794.xml
08-15 12:35:20.447 2708 7642 D OkHttp : token: deaf03e8bed8c94e9b8239b69071b93f
08-15 12:35:20.448 2708 7642 D OkHttp : --> END POST
08-15 12:35:20.509 2708 7642 D OkHttp : <-- 200 https://testsaig1.gienger.cz/GiengerService.svc/getorder (60ms)
08-15 12:35:20.509 2708 7642 D OkHttp : content-type: application/xml; charset=utf-8
08-15 12:35:20.509 2708 7642 D OkHttp : server: Microsoft-IIS/10.0
08-15 12:35:20.509 2708 7642 D OkHttp : checksum: 516123ea9920ee473b33a14793698c69
08-15 12:35:20.510 2708 7642 D OkHttp : x-powered-by: ASP.NET
08-15 12:35:20.510 2708 7642 D OkHttp : date: Wed, 15 Aug 2018 10:35:19 GMT
08-15 12:35:20.510 2708 7642 D OkHttp : content-length: 163984
08-15 12:35:20.510 2708 7642 D OkHttp : <-- END HTTP
08-15 12:35:20.609 2708 7642 D MYINTERCEPTOR: /GiengerService.svc/getorder
08-15 12:35:20.610 2708 7642 D OkHttp : --> POST https://testsaig1.gienger.cz/GiengerService.svc/getorder http/1.1
08-15 12:35:20.610 2708 7642 D OkHttp : Content-Length: 0
08-15 12:35:20.610 2708 7642 D OkHttp : name: 130AT1180524574.xml
08-15 12:35:20.610 2708 7642 D OkHttp : token: deaf03e8bed8c94e9b8239b69071b93f
08-15 12:35:20.610 2708 7642 D OkHttp : --> END POST
08-15 12:35:20.653 2708 7642 D OkHttp : <-- 200 https://testsaig1.gienger.cz/GiengerService.svc/getorder (42ms)
08-15 12:35:20.653 2708 7642 D OkHttp : content-type: application/xml; charset=utf-8
08-15 12:35:20.654 2708 7642 D OkHttp : server: Microsoft-IIS/10.0
08-15 12:35:20.654 2708 7642 D OkHttp : checksum: 181420f2ef619a25de9c889e808496b0
08-15 12:35:20.654 2708 7642 D OkHttp : x-powered-by: ASP.NET
08-15 12:35:20.655 2708 7642 D OkHttp : date: Wed, 15 Aug 2018 10:35:19 GMT
08-15 12:35:20.655 2708 7642 D OkHttp : content-length: 185868
08-15 12:35:20.655 2708 7642 D OkHttp : <-- END HTTP
08-15 12:35:20.763 2708 7642 D MYINTERCEPTOR: /GiengerService.svc/getorder
08-15 12:35:20.764 2708 7642 D OkHttp : --> POST https://testsaig1.gienger.cz/GiengerService.svc/getorder http/1.1
08-15 12:35:20.764 2708 7642 D OkHttp : Content-Length: 0
08-15 12:35:20.764 2708 7642 D OkHttp : name: 130AT1181404355.xml
08-15 12:35:20.764 2708 7642 D OkHttp : token: deaf03e8bed8c94e9b8239b69071b93f
08-15 12:35:20.764 2708 7642 D OkHttp : --> END POST
08-15 12:35:20.819 2708 7642 D OkHttp : <-- 200 https://testsaig1.gienger.cz/GiengerService.svc/getorder (55ms)
08-15 12:35:20.819 2708 7642 D OkHttp : content-type: application/xml; charset=utf-8
08-15 12:35:20.820 2708 7642 D OkHttp : server: Microsoft-IIS/10.0
08-15 12:35:20.820 2708 7642 D OkHttp : checksum: 4c9331a17056cd4df5ecf3409fe12042
08-15 12:35:20.820 2708 7642 D OkHttp : x-powered-by: ASP.NET
08-15 12:35:20.820 2708 7642 D OkHttp : date: Wed, 15 Aug 2018 10:35:19 GMT
08-15 12:35:20.820 2708 7642 D OkHttp : content-length: 181267
08-15 12:35:20.820 2708 7642 D OkHttp : <-- END HTTP
08-15 12:35:20.912 2708 7642 D MYINTERCEPTOR: /GiengerService.svc/getorder
08-15 12:35:20.913 2708 7642 D OkHttp : --> POST https://testsaig1.gienger.cz/GiengerService.svc/getorder http/1.1
08-15 12:35:20.913 2708 7642 D OkHttp : Content-Length: 0
08-15 12:35:20.913 2708 7642 D OkHttp : name: 130AT1182803781.xml
08-15 12:35:20.913 2708 7642 D OkHttp : token: deaf03e8bed8c94e9b8239b69071b93f
08-15 12:35:20.913 2708 7642 D OkHttp : --> END POST
08-15 12:35:20.989 2708 7642 D OkHttp : <-- 200 https://testsaig1.gienger.cz/GiengerService.svc/getorder (75ms)
08-15 12:35:20.990 2708 7642 D OkHttp : content-type: application/xml; charset=utf-8
08-15 12:35:20.990 2708 7642 D OkHttp : server: Microsoft-IIS/10.0
08-15 12:35:20.990 2708 7642 D OkHttp : checksum: a2395395dd9f007c6c0a05156c35669a
08-15 12:35:20.991 2708 7642 D OkHttp : x-powered-by: ASP.NET
08-15 12:35:20.991 2708 7642 D OkHttp : date: Wed, 15 Aug 2018 10:35:19 GMT
08-15 12:35:20.991 2708 7642 D OkHttp : content-length: 192502
08-15 12:35:20.991 2708 7642 D OkHttp : <-- END HTTP
08-15 12:35:21.657 2708 7642 D MYINTERCEPTOR: /GiengerService.svc/getorder
08-15 12:35:21.659 2708 7642 D OkHttp : --> POST https://testsaig1.gienger.cz/GiengerService.svc/getorder http/1.1
08-15 12:35:21.659 2708 7642 D OkHttp : Content-Length: 0
08-15 12:35:21.659 2708 7642 D OkHttp : name: 130IT1180410024.xml
08-15 12:35:21.659 2708 7642 D OkHttp : token: deaf03e8bed8c94e9b8239b69071b93f
08-15 12:35:21.659 2708 7642 D OkHttp : --> END POST
08-15 12:35:21.778 2708 7642 D OkHttp : <-- 200 https://testsaig1.gienger.cz/GiengerService.svc/getorder (117ms)
08-15 12:35:21.778 2708 7642 D OkHttp : content-type: application/xml; charset=utf-8
08-15 12:35:21.778 2708 7642 D OkHttp : server: Microsoft-IIS/10.0
08-15 12:35:21.778 2708 7642 D OkHttp : checksum: f4a217283096cd072ec8a4d09ace40a0
08-15 12:35:21.778 2708 7642 D OkHttp : x-powered-by: ASP.NET
08-15 12:35:21.779 2708 7642 D OkHttp : date: Wed, 15 Aug 2018 10:35:20 GMT
08-15 12:35:21.779 2708 7642 D OkHttp : content-length: 160201
08-15 12:35:21.779 2708 7642 D OkHttp : <-- END HTTP
08-15 12:35:21.905 2708 2708 D ViewRootImpl@6e82475[LoginActivity]: mHardwareRenderer.destroy()#4
08-15 12:35:21.905 2708 2708 D ViewRootImpl@6e82475[LoginActivity]: dispatchDetachedFromWindow
08-15 12:35:21.916 2708 2708 D InputTransport: Input channel destroyed: fd=67
08-15 12:35:21.918 2708 2708 D ViewRootImpl@f94d143[LoginActivity]: MSG_WINDOW_FOCUS_CHANGED 1
08-15 12:35:21.918 2708 2708 D ViewRootImpl@f94d143[LoginActivity]: mHardwareRenderer.initializeIfNeeded()#2 mSurface={isValid=true -1793746944}
08-15 12:35:21.920 2708 2708 V InputMethodManager: Starting input: tba=android.view.inputmethod.EditorInfo@3e5b00e nm : cz.gienger.mobile ic=null
08-15 12:35:21.920 2708 2708 I InputMethodManager: startInputInner - mService.startInputOrWindowGainedFocus
08-15 12:35:21.925 2708 2708 D InputTransport: Input channel constructed: fd=76
08-15 12:35:21.925 2708 2708 D InputTransport: Input channel destroyed: fd=77
08-15 12:35:21.963 2708 2708 D AbsListView: in onLayout changed
08-15 12:35:21.974 2708 2708 E ViewRootImpl: sendUserActionEvent() returned.
08-15 12:35:22.206 2708 2713 I art : Do full code cache collection, code=106KB, data=124KB
08-15 12:35:22.212 2708 2713 I art : Starting a blocking GC JitCodeCache
08-15 12:35:22.212 2708 2713 I art : After code cache collection, code=96KB, data=98KB
08-15 12:35:22.220 2708 2713 I art : Do partial code cache collection, code=96KB, data=98KB
08-15 12:35:22.221 2708 2713 I art : After code cache collection, code=96KB, data=98KB
08-15 12:35:22.221 2708 2713 I art : Increasing code cache capacity to 512KB
08-15 12:35:22.287 2708 2708 D AbsListView: in onLayout changed
08-15 12:35:23.252 2708 2708 D ViewRootImpl@f94d143[LoginActivity]: ViewPostImeInputStage processPointer 0
08-15 12:35:23.294 2708 2708 D AbsListView: reportScrollStateChange() newState : 1
08-15 12:35:23.496 2708 2708 D ViewRootImpl@f94d143[LoginActivity]: ViewPostImeInputStage processPointer 1
08-15 12:35:23.496 2708 2708 D AbsListView: onTouchUp() mTouchMode : 3
08-15 12:35:23.496 2708 2708 D AbsListView: onTouchUp() TOUCH_MODE_SCROLL initialVelocity : 0
08-15 12:35:23.496 2708 2708 D AbsListView: reportScrollStateChange() newState : 0
08-15 12:35:23.944 2708 2708 D ViewRootImpl@f94d143[LoginActivity]: ViewPostImeInputStage processPointer 0
08-15 12:35:23.963 2708 2708 D AbsListView: reportScrollStateChange() newState : 1
08-15 12:35:24.089 2708 2708 D ViewRootImpl@f94d143[LoginActivity]: ViewPostImeInputStage processPointer 1
08-15 12:35:24.090 2708 2708 D AbsListView: onTouchUp() mTouchMode : 3
08-15 12:35:24.090 2708 2708 D AbsListView: onTouchUp() TOUCH_MODE_SCROLL initialVelocity : -2114
08-15 12:35:24.090 2708 2708 D AbsListView: reportScrollStateChange() newState : 0
08-15 12:35:25.373 2708 2708 D ViewRootImpl@f94d143[LoginActivity]: ViewPostImeInputStage processPointer 0
08-15 12:35:25.464 2708 2708 D ViewRootImpl@f94d143[LoginActivity]: ViewPostImeInputStage processPointer 1
08-15 12:35:25.507 2708 2708 D ScrollView: initGoToTop
08-15 12:35:25.513 2708 2708 D ScrollView: initGoToTop
08-15 12:35:25.525 2708 2708 D ViewRootImpl@9e1a98a[LoginActivity]: ThreadedRenderer.create() translucent=true
08-15 12:35:25.533 2708 2708 D InputTransport: Input channel constructed: fd=67
08-15 12:35:25.533 2708 2708 D ViewRootImpl@9e1a98a[LoginActivity]: setView = DecorView@1796bfb[LoginActivity] touchMode=true
08-15 12:35:25.536 2708 2708 D ViewRootImpl@9e1a98a[LoginActivity]: dispatchAttachedToWindow
08-15 12:35:25.558 2708 2708 D ViewRootImpl@9e1a98a[LoginActivity]: Relayout returned: oldFrame=[0,0][0,0] newFrame=[108,450][660,597] result=0x27 surface={isValid=true -1793712128} surfaceGenerationChanged=true
08-15 12:35:25.561 2708 2708 D ViewRootImpl@9e1a98a[LoginActivity]: mHardwareRenderer.initialize() mSurface={isValid=true -1793712128} hwInitialized=true
08-15 12:35:25.565 2708 2708 D ScrollView: onsize change changed
08-15 12:35:25.565 2708 2708 D ScrollView: onsize change changed
08-15 12:35:25.579 2708 2708 D ViewRootImpl@9e1a98a[LoginActivity]: MSG_WINDOW_FOCUS_CHANGED 1
08-15 12:35:25.579 2708 2708 D ViewRootImpl@9e1a98a[LoginActivity]: mHardwareRenderer.initializeIfNeeded()#2 mSurface={isValid=true -1793712128}
08-15 12:35:25.602 2708 2708 D ViewRootImpl@9e1a98a[LoginActivity]: MSG_RESIZED_REPORT: frame=Rect(108, 450 - 660, 597) ci=Rect(0, 0 - 0, 0) vi=Rect(0, 0 - 0, 0) or=1
08-15 12:35:25.612 2708 2708 D ViewRootImpl@f94d143[LoginActivity]: MSG_WINDOW_FOCUS_CHANGED 0
08-15 12:35:27.288 2708 2708 D ViewRootImpl@9e1a98a[LoginActivity]: ViewPostImeInputStage processPointer 0
08-15 12:35:27.370 2708 2708 D ViewRootImpl@9e1a98a[LoginActivity]: ViewPostImeInputStage processPointer 1
08-15 12:35:27.405 2708 2708 D ScrollView: initGoToTop
08-15 12:35:27.410 2708 2708 D ScrollView: initGoToTop
08-15 12:35:27.419 2708 2708 D ViewRootImpl@b23ad5c[LoginActivity]: ThreadedRenderer.create() translucent=true
08-15 12:35:27.423 2708 2708 D InputTransport: Input channel constructed: fd=84
08-15 12:35:27.424 2708 2708 D ViewRootImpl@b23ad5c[LoginActivity]: setView = DecorView@e2b0865[LoginActivity] touchMode=true
08-15 12:35:27.428 2708 7637 D MYINTERCEPTOR: /GiengerService.svc/assign/A05_trasa_A05-04_ranni_30_07_2018
08-15 12:35:27.429 2708 7637 D OkHttp : --> POST https://testsaig1.gienger.cz/GiengerService.svc/assign/A05_trasa_A05-04_ranni_30_07_2018 http/1.1
08-15 12:35:27.429 2708 7637 D OkHttp : Content-Length: 0
08-15 12:35:27.429 2708 7637 D OkHttp : token: deaf03e8bed8c94e9b8239b69071b93f
08-15 12:35:27.429 2708 7637 D OkHttp : --> END POST
08-15 12:35:27.436 2708 2708 D ViewRootImpl@9e1a98a[LoginActivity]: mHardwareRenderer.destroy()#4
08-15 12:35:27.436 2708 2708 D ViewRootImpl@9e1a98a[LoginActivity]: dispatchDetachedFromWindow
08-15 12:35:27.447 2708 2708 D InputTransport: Input channel destroyed: fd=67
08-15 12:35:27.449 2708 2708 D ViewRootImpl@b23ad5c[LoginActivity]: dispatchAttachedToWindow
08-15 12:35:27.478 2708 2708 D ViewRootImpl@b23ad5c[LoginActivity]: Relayout returned: oldFrame=[0,0][0,0] newFrame=[108,466][660,582] result=0x27 surface={isValid=true -1793712128} surfaceGenerationChanged=true
08-15 12:35:27.478 2708 2708 D ViewRootImpl@b23ad5c[LoginActivity]: mHardwareRenderer.initialize() mSurface={isValid=true -1793712128} hwInitialized=true
08-15 12:35:27.483 2708 2708 D ViewRootImpl@b23ad5c[LoginActivity]: MSG_WINDOW_FOCUS_CHANGED 1
08-15 12:35:27.483 2708 2708 D ViewRootImpl@b23ad5c[LoginActivity]: mHardwareRenderer.initializeIfNeeded()#2 mSurface={isValid=true -1793712128}
08-15 12:35:27.496 2708 2708 D ViewRootImpl@b23ad5c[LoginActivity]: MSG_RESIZED_REPORT: frame=Rect(108, 466 - 660, 582) ci=Rect(0, 0 - 0, 0) vi=Rect(0, 0 - 0, 0) or=1
08-15 12:35:27.522 2708 2708 E ViewRootImpl: sendUserActionEvent() returned.
08-15 12:35:27.828 2708 7637 D OkHttp : <-- 403 https://testsaig1.gienger.cz/GiengerService.svc/assign/A05_trasa_A05-04_ranni_30_07_2018 (399ms)
08-15 12:35:27.829 2708 7637 D OkHttp : content-type: application/xml; charset=utf-8
08-15 12:35:27.829 2708 7637 D OkHttp : server: Microsoft-IIS/10.0
08-15 12:35:27.829 2708 7637 D OkHttp : x-powered-by: ASP.NET
08-15 12:35:27.829 2708 7637 D OkHttp : date: Wed, 15 Aug 2018 10:35:26 GMT
08-15 12:35:27.829 2708 7637 D OkHttp : content-length: 86
08-15 12:35:27.829 2708 7637 D OkHttp : <-- END HTTP
08-15 12:35:27.872 2708 2708 D ViewRootImpl@b23ad5c[LoginActivity]: mHardwareRenderer.destroy()#4
08-15 12:35:27.872 2708 2708 D ViewRootImpl@b23ad5c[LoginActivity]: dispatchDetachedFromWindow
08-15 12:35:27.883 2708 2708 D InputTransport: Input channel destroyed: fd=84
08-15 12:35:27.906 2708 2708 D ScrollView: initGoToTop
08-15 12:35:27.912 2708 2708 D ScrollView: initGoToTop
08-15 12:35:27.923 2708 2708 D ViewRootImpl@2837189[LoginActivity]: ThreadedRenderer.create() translucent=true
08-15 12:35:27.931 2708 2708 D InputTransport: Input channel constructed: fd=67
08-15 12:35:27.932 2708 2708 D ViewRootImpl@2837189[LoginActivity]: setView = DecorView@785458e[LoginActivity] touchMode=true
08-15 12:35:27.934 2708 2708 D ViewRootImpl@2837189[LoginActivity]: dispatchAttachedToWindow
08-15 12:35:27.986 2708 2708 D ViewRootImpl@2837189[LoginActivity]: Relayout returned: oldFrame=[0,0][0,0] newFrame=[94,423][674,624] result=0x27 surface={isValid=true -1785229312} surfaceGenerationChanged=true
08-15 12:35:27.986 2708 2708 D ViewRootImpl@2837189[LoginActivity]: mHardwareRenderer.initialize() mSurface={isValid=true -1785229312} hwInitialized=true
08-15 12:35:27.997 2708 2708 D ScrollView: onsize change changed
08-15 12:35:27.997 2708 2708 D ScrollView: onsize change changed
08-15 12:35:27.998 2708 2708 D ViewRootImpl@f94d143[LoginActivity]: MSG_WINDOW_FOCUS_CHANGED 1
08-15 12:35:27.998 2708 2708 D ViewRootImpl@f94d143[LoginActivity]: mHardwareRenderer.initializeIfNeeded()#2 mSurface={isValid=true -1793746944}
08-15 12:35:28.014 2708 2708 E ViewRootImpl: sendUserActionEvent() returned.
08-15 12:35:28.014 2708 2708 D ViewRootImpl@2837189[LoginActivity]: MSG_WINDOW_FOCUS_CHANGED 1
08-15 12:35:28.015 2708 2708 D ViewRootImpl@2837189[LoginActivity]: mHardwareRenderer.initializeIfNeeded()#2 mSurface={isValid=true -1785229312}
08-15 12:35:28.030 2708 2708 D ViewRootImpl@2837189[LoginActivity]: MSG_RESIZED_REPORT: frame=Rect(94, 423 - 674, 624) ci=Rect(0, 0 - 0, 0) vi=Rect(0, 0 - 0, 0) or=1
08-15 12:35:28.053 2708 2708 D ViewRootImpl@f94d143[LoginActivity]: MSG_WINDOW_FOCUS_CHANGED 0
08-15 12:35:30.168 2708 2708 D ViewRootImpl@2837189[LoginActivity]: ViewPostImeInputStage processPointer 0
08-15 12:35:30.248 2708 2708 D ViewRootImpl@2837189[LoginActivity]: ViewPostImeInputStage processPointer 1
08-15 12:35:30.272 2708 2708 D ViewRootImpl@2837189[LoginActivity]: mHardwareRenderer.destroy()#4
08-15 12:35:30.272 2708 2708 D ViewRootImpl@2837189[LoginActivity]: dispatchDetachedFromWindow
08-15 12:35:30.281 2708 2708 D InputTransport: Input channel destroyed: fd=67
08-15 12:35:30.281 2708 2708 D ViewRootImpl@f94d143[LoginActivity]: MSG_WINDOW_FOCUS_CHANGED 1
08-15 12:35:30.282 2708 2708 D ViewRootImpl@f94d143[LoginActivity]: mHardwareRenderer.initializeIfNeeded()#2 mSurface={isValid=true -1793746944}
08-15 12:35:30.284 2708 2708 E ViewRootImpl: sendUserActionEvent() returned.
08-15 12:35:48.518 2708 2708 D ViewRootImpl@f94d143[LoginActivity]: ViewPostImeInputStage processPointer 0
08-15 12:35:48.576 2708 2708 D ViewRootImpl@f94d143[LoginActivity]: ViewPostImeInputStage processPointer 1
08-15 12:35:48.597 2708 7649 D MYINTERCEPTOR: /GiengerService.svc/logout
08-15 12:35:48.598 2708 7649 D OkHttp : --> POST https://testsaig1.gienger.cz/GiengerService.svc/logout http/1.1
08-15 12:35:48.598 2708 7649 D OkHttp : Content-Type: application/xml; charset=UTF-8
08-15 12:35:48.598 2708 7649 D OkHttp : Content-Length: 266
08-15 12:35:48.598 2708 7649 D OkHttp : token: deaf03e8bed8c94e9b8239b69071b93f
08-15 12:35:48.598 2708 7649 D OkHttp : --> END POST
08-15 12:35:48.728 2708 7649 D OkHttp : <-- 200 https://testsaig1.gienger.cz/GiengerService.svc/logout (130ms)
08-15 12:35:48.729 2708 7649 D OkHttp : server: Microsoft-IIS/10.0
08-15 12:35:48.729 2708 7649 D OkHttp : x-powered-by: ASP.NET
08-15 12:35:48.729 2708 7649 D OkHttp : date: Wed, 15 Aug 2018 10:35:47 GMT
08-15 12:35:48.729 2708 7649 D OkHttp : content-length: 0
08-15 12:35:48.729 2708 7649 D OkHttp : <-- END HTTP
08-15 12:35:48.757 2708 2708 D InputMethodManager: HSIFW - flag : 0 Pid : 2708
08-15 12:35:48.857 2708 2708 D AbsListView: in onLayout changed
08-15 12:35:48.867 2708 2708 D ScrollView: initGoToTop
08-15 12:35:48.900 2708 2708 D ScrollView: onsize change changed
08-15 12:35:49.831 2708 2708 D ViewRootImpl@f94d143[LoginActivity]: ViewPostImeInputStage processPointer 0
08-15 12:35:49.888 2708 2708 D ViewRootImpl@f94d143[LoginActivity]: ViewPostImeInputStage processPointer 1
08-15 12:35:49.900 2708 2708 V InputMethodManager: Starting input: tba=android.view.inputmethod.EditorInfo@c48c12a nm : cz.gienger.mobile ic=com.android.internal.widget.EditableInputConnection@6513b1b
08-15 12:35:49.900 2708 2708 I InputMethodManager: startInputInner - mService.startInputOrWindowGainedFocus
08-15 12:35:49.902 2708 2708 D InputTransport: Input channel constructed: fd=67
08-15 12:35:49.902 2708 2708 D InputTransport: Input channel destroyed: fd=76
08-15 12:35:49.902 2708 2708 D InputMethodManager: SSI - flag : 0 Pid : 2708 view : cz.gienger.mobile
08-15 12:35:50.250 2708 2708 D ViewRootImpl@f94d143[LoginActivity]: MSG_RESIZED: frame=Rect(0, 0 - 768, 1024) ci=Rect(0, 24 - 0, 320) vi=Rect(0, 24 - 0, 320) or=1
08-15 12:35:50.264 2708 2708 D ViewRootImpl@f94d143[LoginActivity]: Relayout returned: oldFrame=[0,0][768,1024] newFrame=[0,0][768,1024] result=0x1 surface={isValid=true -1793746944} surfaceGenerationChanged=false
08-15 12:35:50.269 2708 2708 D ScrollView: onsize change changed
08-15 12:35:52.497 2708 2708 D ViewRootImpl@f94d143[LoginActivity]: ViewPostImeInputStage processPointer 0
08-15 12:35:52.568 2708 2708 D ViewRootImpl@f94d143[LoginActivity]: ViewPostImeInputStage processPointer 1
08-15 12:35:52.583 2708 2708 V InputMethodManager: Starting input: tba=android.view.inputmethod.EditorInfo@b61f293 nm : cz.gienger.mobile ic=com.android.internal.widget.EditableInputConnection@14f42d0
08-15 12:35:52.583 2708 2708 I InputMethodManager: startInputInner - mService.startInputOrWindowGainedFocus
08-15 12:35:52.586 2708 2708 D InputTransport: Input channel constructed: fd=76
08-15 12:35:52.586 2708 2708 D InputTransport: Input channel destroyed: fd=67
08-15 12:35:52.586 2708 2708 D InputMethodManager: SSI - flag : 0 Pid : 2708 view : cz.gienger.mobile
08-15 12:35:52.589 2708 2708 W IInputConnectionWrapper: performPrivateCommand on inactive InputConnection
08-15 12:35:52.589 2708 2708 W IInputConnectionWrapper: finishComposingText on inactive InputConnection
08-15 12:35:58.753 2708 2708 D ViewRootImpl@f94d143[LoginActivity]: ViewPostImeInputStage processPointer 0
08-15 12:35:58.822 2708 2708 D ViewRootImpl@f94d143[LoginActivity]: ViewPostImeInputStage processPointer 1
08-15 12:35:58.852 2708 2708 D ScrollView: initGoToTop
08-15 12:35:58.857 2708 2708 D ScrollView: initGoToTop
08-15 12:35:58.865 2708 2708 D ViewRootImpl@cc796f5[LoginActivity]: ThreadedRenderer.create() translucent=true
08-15 12:35:58.871 2708 2708 D InputTransport: Input channel constructed: fd=67
08-15 12:35:58.872 2708 2708 D ViewRootImpl@cc796f5[LoginActivity]: setView = DecorView@7781c8a[LoginActivity] touchMode=true
08-15 12:35:58.881 2708 7637 D MYINTERCEPTOR: /GiengerService.svc/oauth
08-15 12:35:58.881 2708 7637 D OkHttp : --> POST https://testsaig1.gienger.cz/GiengerService.svc/oauth http/1.1
08-15 12:35:58.881 2708 7637 D OkHttp : Content-Type: application/xml; charset=UTF-8
08-15 12:35:58.881 2708 7637 D OkHttp : Content-Length: 298
08-15 12:35:58.882 2708 7637 D OkHttp : --> END POST
08-15 12:35:58.883 2708 2708 D ViewRootImpl@cc796f5[LoginActivity]: dispatchAttachedToWindow
08-15 12:35:58.915 2708 2708 D ViewRootImpl@cc796f5[LoginActivity]: Relayout returned: oldFrame=[0,0][0,0] newFrame=[108,466][660,582] result=0x27 surface={isValid=true -1808797696} surfaceGenerationChanged=true
08-15 12:35:58.915 2708 2708 D ViewRootImpl@cc796f5[LoginActivity]: mHardwareRenderer.initialize() mSurface={isValid=true -1808797696} hwInitialized=true
08-15 12:35:58.934 2708 2708 D ViewRootImpl@cc796f5[LoginActivity]: MSG_WINDOW_FOCUS_CHANGED 1
08-15 12:35:58.934 2708 2708 D ViewRootImpl@cc796f5[LoginActivity]: mHardwareRenderer.initializeIfNeeded()#2 mSurface={isValid=true -1808797696}
08-15 12:35:58.949 2708 2708 D ViewRootImpl@cc796f5[LoginActivity]: MSG_RESIZED_REPORT: frame=Rect(108, 466 - 660, 582) ci=Rect(0, 0 - 0, 0) vi=Rect(0, 0 - 0, 0) or=1
08-15 12:35:58.971 2708 2708 D ViewRootImpl@f94d143[LoginActivity]: MSG_WINDOW_FOCUS_CHANGED 0
08-15 12:35:59.008 2708 7637 D OkHttp : <-- 200 https://testsaig1.gienger.cz/GiengerService.svc/oauth (126ms)
08-15 12:35:59.008 2708 7637 D OkHttp : content-type: application/xml; charset=utf-8
08-15 12:35:59.009 2708 7637 D OkHttp : server: Microsoft-IIS/10.0
08-15 12:35:59.009 2708 7637 D OkHttp : x-powered-by: ASP.NET
08-15 12:35:59.009 2708 7637 D OkHttp : date: Wed, 15 Aug 2018 10:35:57 GMT
08-15 12:35:59.009 2708 7637 D OkHttp : content-length: 292
08-15 12:35:59.009 2708 7637 D OkHttp : <-- END HTTP
08-15 12:35:59.038 2708 7637 D MYINTERCEPTOR: /GiengerService.svc/userinfo
08-15 12:35:59.038 2708 7637 D OkHttp : --> POST https://testsaig1.gienger.cz/GiengerService.svc/userinfo http/1.1
08-15 12:35:59.038 2708 7637 D OkHttp : Content-Type: application/xml; charset=UTF-8
08-15 12:35:59.038 2708 7637 D OkHttp : Content-Length: 139
08-15 12:35:59.038 2708 7637 D OkHttp : token: a179935b28ab5fa0ca590030bf0a2edf
08-15 12:35:59.038 2708 7637 D OkHttp : --> END POST
08-15 12:35:59.159 2708 7637 D OkHttp : <-- 200 https://testsaig1.gienger.cz/GiengerService.svc/userinfo (119ms)
08-15 12:35:59.159 2708 7637 D OkHttp : content-type: application/xml; charset=utf-8
08-15 12:35:59.159 2708 7637 D OkHttp : server: Microsoft-IIS/10.0
08-15 12:35:59.159 2708 7637 D OkHttp : x-powered-by: ASP.NET
08-15 12:35:59.159 2708 7637 D OkHttp : date: Wed, 15 Aug 2018 10:35:57 GMT
08-15 12:35:59.159 2708 7637 D OkHttp : content-length: 196
08-15 12:35:59.159 2708 7637 D OkHttp : <-- END HTTP
08-15 12:35:59.202 2708 2708 D ScrollView: initGoToTop
08-15 12:35:59.210 2708 2708 D ScrollView: initGoToTop
08-15 12:35:59.223 2708 2708 D ViewRootImpl@a24b851[LoginActivity]: ThreadedRenderer.create() translucent=true
08-15 12:35:59.232 2708 2708 D InputTransport: Input channel constructed: fd=84
08-15 12:35:59.233 2708 2708 D ViewRootImpl@a24b851[LoginActivity]: setView = DecorView@17158b6[LoginActivity] touchMode=true
08-15 12:35:59.276 2708 2708 D ViewRootImpl@cc796f5[LoginActivity]: mHardwareRenderer.destroy()#4
08-15 12:35:59.276 2708 2708 D ViewRootImpl@cc796f5[LoginActivity]: dispatchDetachedFromWindow
08-15 12:35:59.289 2708 2708 D InputTransport: Input channel destroyed: fd=67
08-15 12:35:59.302 2708 2708 D ViewRootImpl@f94d143[LoginActivity]: Relayout returned: oldFrame=[0,0][768,1024] newFrame=[0,0][768,1024] result=0x1 surface={isValid=true -1793746944} surfaceGenerationChanged=false
08-15 12:35:59.313 2708 2708 D ViewRootImpl@a24b851[LoginActivity]: dispatchAttachedToWindow
08-15 12:35:59.356 2708 2708 D ViewRootImpl@a24b851[LoginActivity]: Relayout returned: oldFrame=[0,0][0,0] newFrame=[108,423][660,624] result=0x27 surface={isValid=true -1808820224} surfaceGenerationChanged=true
08-15 12:35:59.357 2708 2708 D ViewRootImpl@a24b851[LoginActivity]: mHardwareRenderer.initialize() mSurface={isValid=true -1808820224} hwInitialized=true
08-15 12:35:59.363 2708 2708 D ScrollView: onsize change changed
08-15 12:35:59.364 2708 2708 D ScrollView: onsize change changed
08-15 12:35:59.367 2708 2708 D ViewRootImpl@a24b851[LoginActivity]: MSG_WINDOW_FOCUS_CHANGED 1
08-15 12:35:59.367 2708 2708 D ViewRootImpl@a24b851[LoginActivity]: mHardwareRenderer.initializeIfNeeded()#2 mSurface={isValid=true -1808820224}
08-15 12:35:59.397 2708 2708 D ViewRootImpl@a24b851[LoginActivity]: MSG_RESIZED_REPORT: frame=Rect(108, 423 - 660, 624) ci=Rect(0, 0 - 0, 0) vi=Rect(0, 0 - 0, 0) or=1
08-15 12:35:59.424 2708 2708 E ViewRootImpl: sendUserActionEvent() returned.
08-15 12:36:00.336 2708 2708 D ViewRootImpl@a24b851[LoginActivity]: ViewPostImeInputStage processPointer 0
08-15 12:36:00.456 2708 2708 D ViewRootImpl@a24b851[LoginActivity]: ViewPostImeInputStage processPointer 1
08-15 12:36:00.460 2708 2708 D ALARM_REUPLOAD: alarm already scheduled
08-15 12:36:00.470 2708 2708 D ViewRootImpl@a24b851[LoginActivity]: mHardwareRenderer.destroy()#4
08-15 12:36:00.470 2708 2708 D ViewRootImpl@a24b851[LoginActivity]: dispatchDetachedFromWindow
08-15 12:36:00.485 2708 2708 D InputTransport: Input channel destroyed: fd=84
08-15 12:36:00.513 2708 7637 D MYINTERCEPTOR: /GiengerService.svc/manifests
08-15 12:36:00.514 2708 7637 D OkHttp : --> GET https://testsaig1.gienger.cz/GiengerService.svc/manifests http/1.1
08-15 12:36:00.514 2708 7637 D OkHttp : state: CZ
08-15 12:36:00.514 2708 7637 D OkHttp : token: a179935b28ab5fa0ca590030bf0a2edf
08-15 12:36:00.514 2708 7637 D OkHttp : --> END GET
08-15 12:36:00.527 2708 2708 D TextView: SYANI: Clipboard API is calling: clearFilter()
08-15 12:36:00.527 2708 2708 D TextView: SYANI: Clipboard API is calling: unregisterClipboardEventListener()
08-15 12:36:00.528 2708 2708 D TextView: SYANI: Clipboard API is calling: clearFilter()
08-15 12:36:00.528 2708 2708 D TextView: SYANI: Clipboard API is calling: unregisterClipboardEventListener()
08-15 12:36:00.540 2708 2708 D ViewRootImpl@f94d143[LoginActivity]: mHardwareRenderer.destroy()#4
08-15 12:36:00.540 2708 2708 D ViewRootImpl@f94d143[LoginActivity]: dispatchDetachedFromWindow
08-15 12:36:00.542 2708 2708 D InputTransport: Input channel destroyed: fd=61
08-15 12:36:00.582 2708 2708 D FILES : /data/user/0/cz.gienger.mobile/files/delivery
08-15 12:36:00.582 2708 2708 D FILES : /data/user/0/cz.gienger.mobile/files/delivery/130AT1180325843
08-15 12:36:00.583 2708 2708 D FILES : /data/user/0/cz.gienger.mobile/files/delivery/130AT1180325843/corrections
08-15 12:36:00.583 2708 2708 D FILES : /data/user/0/cz.gienger.mobile/files/delivery/130AT1180325843/130AT1180325843.pdf
08-15 12:36:00.583 2708 2708 D FILES : /data/user/0/cz.gienger.mobile/files/delivery/130AT1180325844
08-15 12:36:00.583 2708 2708 D FILES : /data/user/0/cz.gienger.mobile/files/delivery/130AT1180325844/corrections
08-15 12:36:00.583 2708 2708 D FILES : /data/user/0/cz.gienger.mobile/files/delivery/130AT1180325844/130AT1180325844.pdf
08-15 12:36:00.583 2708 2708 D FILES : /data/user/0/cz.gienger.mobile/files/delivery/130AT1180325878
08-15 12:36:00.584 2708 2708 D FILES : /data/user/0/cz.gienger.mobile/files/delivery/130AT1180325878/corrections
08-15 12:36:00.584 2708 2708 D FILES : /data/user/0/cz.gienger.mobile/files/delivery/130AT1180325878/130AT1180325878.pdf
08-15 12:36:00.584 2708 2708 D FILES : /data/user/0/cz.gienger.mobile/files/delivery/130AT1180325879
08-15 12:36:00.584 2708 2708 D FILES : /data/user/0/cz.gienger.mobile/files/delivery/130AT1180325879/corrections
08-15 12:36:00.584 2708 2708 D FILES : /data/user/0/cz.gienger.mobile/files/delivery/130AT1180325879/130AT1180325879.pdf
08-15 12:36:00.584 2708 2708 D FILES : /data/user/0/cz.gienger.mobile/files/delivery/130AT1180325861
08-15 12:36:00.584 2708 2708 D FILES : /data/user/0/cz.gienger.mobile/files/delivery/130AT1180325861/corrections
08-15 12:36:00.585 2708 2708 D FILES : /data/user/0/cz.gienger.mobile/files/delivery/130AT1180325861/130AT1180325861.pdf
08-15 12:36:00.585 2708 2708 D FILES : /data/user/0/cz.gienger.mobile/files/delivery/130AT1180325882
08-15 12:36:00.585 2708 2708 D FILES : /data/user/0/cz.gienger.mobile/files/delivery/130AT1180325882/corrections
08-15 12:36:00.585 2708 2708 D FILES : /data/user/0/cz.gienger.mobile/files/delivery/130AT1180325882/130AT1180325882.pdf
08-15 12:36:00.585 2708 2708 D FILES : /data/user/0/cz.gienger.mobile/files/delivery/130AT1180325883
08-15 12:36:00.585 2708 2708 D FILES : /data/user/0/cz.gienger.mobile/files/delivery/130AT1180325883/corrections
08-15 12:36:00.586 2708 2708 D FILES : /data/user/0/cz.gienger.mobile/files/delivery/130AT1180325883/130AT1180325883.pdf
08-15 12:36:00.586 2708 2708 D FILES : /data/user/0/cz.gienger.mobile/files/delivery/130AT1183508450
08-15 12:36:00.586 2708 2708 D FILES : /data/user/0/cz.gienger.mobile/files/delivery/130AT1183508450/corrections
08-15 12:36:00.586 2708 2708 D FILES : /data/user/0/cz.gienger.mobile/files/delivery/130AT1183508450/130AT1183508450.pdf
08-15 12:36:00.586 2708 2708 D FILES : /data/user/0/cz.gienger.mobile/files/delivery/130AT1183508451
08-15 12:36:00.586 2708 2708 D FILES : /data/user/0/cz.gienger.mobile/files/delivery/130AT1183508451/corrections
08-15 12:36:00.587 2708 2708 D FILES : /data/user/0/cz.gienger.mobile/files/delivery/130AT1183508451/130AT1183508451.pdf
08-15 12:36:00.587 2708 2708 D FILES : /data/user/0/cz.gienger.mobile/files/delivery/130AT1182506581
08-15 12:36:00.587 2708 2708 D FILES : /data/user/0/cz.gienger.mobile/files/delivery/130AT1182506581/corrections
08-15 12:36:00.587 2708 2708 D FILES : /data/user/0/cz.gienger.mobile/files/delivery/130AT1182506581/130AT1182506581.pdf
08-15 12:36:00.587 2708 2708 D FILES : /data/user/0/cz.gienger.mobile/files/delivery/130AT1182506582
08-15 12:36:00.587 2708 2708 D FILES : /data/user/0/cz.gienger.mobile/files/delivery/130AT1182506582/corrections
08-15 12:36:00.588 2708 2708 D FILES : /data/user/0/cz.gienger.mobile/files/delivery/130AT1182506582/130AT1182506582.pdf
08-15 12:36:00.588 2708 2708 D FILES : /data/user/0/cz.gienger.mobile/files/delivery/130AT1183508465
08-15 12:36:00.588 2708 2708 D FILES : /data/user/0/cz.gienger.mobile/files/delivery/130AT1183508465/corrections
08-15 12:36:00.588 2708 2708 D FILES : /data/user/0/cz.gienger.mobile/files/delivery/130AT1183508465/130AT1183508465.pdf
08-15 12:36:00.588 2708 2708 D FILES : /data/user/0/cz.gienger.mobile/files/delivery/130AT1183508407
08-15 12:36:00.588 2708 2708 D FILES : /data/user/0/cz.gienger.mobile/files/delivery/130AT1183508407/corrections
08-15 12:36:00.589 2708 2708 D FILES : /data/user/0/cz.gienger.mobile/files/delivery/130AT1183508407/130AT1183508407.pdf
08-15 12:36:00.589 2708 2708 D FILES : /data/user/0/cz.gienger.mobile/files/delivery/130AT1183508461
08-15 12:36:00.589 2708 2708 D FILES : /data/user/0/cz.gienger.mobile/files/delivery/130AT1183508461/corrections
08-15 12:36:00.589 2708 2708 D FILES : /data/user/0/cz.gienger.mobile/files/delivery/130AT1183508461/130AT1183508461.pdf
08-15 12:36:00.589 2708 2708 D FILES : /data/user/0/cz.gienger.mobile/files/delivery/130AT1183508462
08-15 12:36:00.589 2708 2708 D FILES : /data/user/0/cz.gienger.mobile/files/delivery/130AT1183508462/corrections
08-15 12:36:00.589 2708 2708 D FILES : /data/user/0/cz.gienger.mobile/files/delivery/130AT1183508462/130AT1183508462.pdf
08-15 12:36:00.590 2708 2708 D FILES : /data/user/0/cz.gienger.mobile/files/delivery/130AT1183507781
08-15 12:36:00.590 2708 2708 D FILES : /data/user/0/cz.gienger.mobile/files/delivery/130AT1183507781/corrections
08-15 12:36:00.590 2708 2708 D FILES : /data/user/0/cz.gienger.mobile/files/delivery/130AT1183507781/130AT1183507781.pdf
08-15 12:36:00.590 2708 2708 D FILES : /data/user/0/cz.gienger.mobile/files/delivery/130AT1183507783
08-15 12:36:00.590 2708 2708 D FILES : /data/user/0/cz.gienger.mobile/files/delivery/130AT1183507783/corrections
08-15 12:36:00.590 2708 2708 D FILES : /data/user/0/cz.gienger.mobile/files/delivery/130AT1183507783/130AT1183507783.pdf
08-15 12:36:00.590 2708 2708 D FILES : /data/user/0/cz.gienger.mobile/files/delivery/130AT1183508240
08-15 12:36:00.591 2708 2708 D FILES : /data/user/0/cz.gienger.mobile/files/delivery/130AT1183508240/corrections
08-15 12:36:00.591 2708 2708 D FILES : /data/user/0/cz.gienger.mobile/files/delivery/130AT1183508240/130AT1183508240.pdf
08-15 12:36:00.591 2708 2708 D FILES : /data/user/0/cz.gienger.mobile/files/delivery/130AT1183508242
08-15 12:36:00.591 2708 2708 D FILES : /data/user/0/cz.gienger.mobile/files/delivery/130AT1183508242/corrections
08-15 12:36:00.591 2708 2708 D FILES : /data/user/0/cz.gienger.mobile/files/delivery/130AT1183508242/130AT1183508242.pdf
08-15 12:36:00.591 2708 2708 D FILES : /data/user/0/cz.gienger.mobile/files/delivery/130AT1183508469
08-15 12:36:00.591 2708 2708 D FILES : /data/user/0/cz.gienger.mobile/files/delivery/130AT1183508469/corrections
08-15 12:36:00.591 2708 2708 D FILES : /data/user/0/cz.gienger.mobile/files/delivery/130AT1183508469/130AT1183508469.pdf
08-15 12:36:00.592 2708 2708 D FILES : /data/user/0/cz.gienger.mobile/files/delivery/130AT1180325791
08-15 12:36:00.592 2708 2708 D FILES : /data/user/0/cz.gienger.mobile/files/delivery/130AT1180325791/corrections
08-15 12:36:00.593 2708 2708 D FILES : /data/user/0/cz.gienger.mobile/files/delivery/130AT1180325791/130AT1180325791.pdf
08-15 12:36:00.593 2708 2708 D FILES : /data/user/0/cz.gienger.mobile/files/delivery/130AT1180325798
08-15 12:36:00.594 2708 2708 D FILES : /data/user/0/cz.gienger.mobile/files/delivery/130AT1180325798/corrections
08-15 12:36:00.594 2708 2708 D FILES : /data/user/0/cz.gienger.mobile/files/delivery/130AT1180325798/130AT1180325798.pdf
08-15 12:36:00.594 2708 2708 D FILES : /data/user/0/cz.gienger.mobile/files/delivery/130AT1180325857
08-15 12:36:00.594 2708 2708 D FILES : /data/user/0/cz.gienger.mobile/files/delivery/130AT1180325857/corrections
08-15 12:36:00.594 2708 2708 D FILES : /data/user/0/cz.gienger.mobile/files/delivery/130AT1180325857/130AT1180325857.pdf
08-15 12:36:00.594 2708 2708 D FILES : /data/user/0/cz.gienger.mobile/files/delivery/130AT1183508344
08-15 12:36:00.595 2708 2708 D FILES : /data/user/0/cz.gienger.mobile/files/delivery/130AT1183508344/corrections
08-15 12:36:00.595 2708 2708 D FILES : /data/user/0/cz.gienger.mobile/files/delivery/130AT1183508344/130AT1183508344.pdf
08-15 12:36:00.595 2708 2708 D FILES : /data/user/0/cz.gienger.mobile/files/delivery/130AT1180524523
08-15 12:36:00.596 2708 2708 D FILES : /data/user/0/cz.gienger.mobile/files/delivery/130AT1180524523/corrections
08-15 12:36:00.597 2708 2708 D FILES : /data/user/0/cz.gienger.mobile/files/delivery/130AT1180524523/130AT1180524523.pdf
08-15 12:36:00.597 2708 2708 D FILES : /data/user/0/cz.gienger.mobile/files/delivery/130AT1180903153
08-15 12:36:00.597 2708 2708 D FILES : /data/user/0/cz.gienger.mobile/files/delivery/130AT1180903153/corrections
08-15 12:36:00.598 2708 2708 D FILES : /data/user/0/cz.gienger.mobile/files/delivery/130AT1180903153/130AT1180903153.pdf
08-15 12:36:00.598 2708 2708 D FILES : /data/user/0/cz.gienger.mobile/files/delivery/130AT1180524474
08-15 12:36:00.598 2708 2708 D FILES : /data/user/0/cz.gienger.mobile/files/delivery/130AT1180524474/corrections
08-15 12:36:00.598 2708 2708 D FILES : /data/user/0/cz.gienger.mobile/files/delivery/130AT1180524474/130AT1180524474.pdf
08-15 12:36:00.598 2708 2708 D FILES : /data/user/0/cz.gienger.mobile/files/delivery/130AT1180524475
08-15 12:36:00.599 2708 2708 D FILES : /data/user/0/cz.gienger.mobile/files/delivery/130AT1180524475/corrections
08-15 12:36:00.599 2708 2708 D FILES : /data/user/0/cz.gienger.mobile/files/delivery/130AT1180524475/130AT1180524475.pdf
08-15 12:36:00.600 2708 2708 D FILES : /data/user/0/cz.gienger.mobile/files/delivery/130AT1180524562
08-15 12:36:00.600 2708 2708 D FILES : /data/user/0/cz.gienger.mobile/files/delivery/130AT1180524562/corrections
08-15 12:36:00.600 2708 2708 D FILES : /data/user/0/cz.gienger.mobile/files/delivery/130AT1180524562/130AT1180524562.pdf
08-15 12:36:00.600 2708 2708 D FILES : /data/user/0/cz.gienger.mobile/files/delivery/130AT1180524301
08-15 12:36:00.600 2708 2708 D FILES : /data/user/0/cz.gienger.mobile/files/delivery/130AT1180524301/corrections
08-15 12:36:00.600 2708 2708 D FILES : /data/user/0/cz.gienger.mobile/files/delivery/130AT1180524301/130AT1180524301.pdf
08-15 12:36:00.600 2708 2708 D FILES : /data/user/0/cz.gienger.mobile/files/delivery/130AT1180524459
08-15 12:36:00.600 2708 2708 D FILES : /data/user/0/cz.gienger.mobile/files/delivery/130AT1180524459/corrections
08-15 12:36:00.601 2708 2708 D FILES : /data/user/0/cz.gienger.mobile/files/delivery/130AT1180524459/130AT1180524459.pdf
08-15 12:36:00.601 2708 2708 D FILES : /data/user/0/cz.gienger.mobile/files/delivery/130AT1180524112
08-15 12:36:00.601 2708 2708 D FILES : /data/user/0/cz.gienger.mobile/files/delivery/130AT1180524112/corrections
08-15 12:36:00.601 2708 2708 D FILES : /data/user/0/cz.gienger.mobile/files/delivery/130AT1180524112/130AT1180524112.pdf
08-15 12:36:00.601 2708 2708 D FILES : /data/user/0/cz.gienger.mobile/files/delivery/130AT1180524113
08-15 12:36:00.601 2708 2708 D FILES : /data/user/0/cz.gienger.mobile/files/delivery/130AT1180524113/corrections
08-15 12:36:00.602 2708 2708 D FILES : /data/user/0/cz.gienger.mobile/files/delivery/130AT1180524113/130AT1180524113.pdf
08-15 12:36:00.602 2708 2708 D FILES : /data/user/0/cz.gienger.mobile/files/delivery/130AT1180524114
08-15 12:36:00.602 2708 2708 D FILES : /data/user/0/cz.gienger.mobile/files/delivery/130AT1180524114/corrections
08-15 12:36:00.602 2708 2708 D FILES : /data/user/0/cz.gienger.mobile/files/delivery/130AT1180524114/130AT1180524114.pdf
08-15 12:36:00.602 2708 2708 D FILES : /data/user/0/cz.gienger.mobile/files/delivery/130AT1180524115
08-15 12:36:00.602 2708 2708 D FILES : /data/user/0/cz.gienger.mobile/files/delivery/130AT1180524115/corrections
08-15 12:36:00.602 2708 2708 D FILES : /data/user/0/cz.gienger.mobile/files/delivery/130AT1180524115/130AT1180524115.pdf
08-15 12:36:00.602 2708 2708 D FILES : /data/user/0/cz.gienger.mobile/files/delivery/130AT1180524116
08-15 12:36:00.602 2708 2708 D FILES : /data/user/0/cz.gienger.mobile/files/delivery/130AT1180524116/corrections
08-15 12:36:00.602 2708 2708 D FILES : /data/user/0/cz.gienger.mobile/files/delivery/130AT1180524116/130AT1180524116.pdf
08-15 12:36:00.603 2708 2708 D FILES : /data/user/0/cz.gienger.mobile/files/delivery/130AT1180524583
08-15 12:36:00.603 2708 2708 D FILES : /data/user/0/cz.gienger.mobile/files/delivery/130AT1180524583/corrections
08-15 12:36:00.603 2708 2708 D FILES : /data/user/0/cz.gienger.mobile/files/delivery/130AT1180524583/130AT1180524583.pdf
08-15 12:36:00.603 2708 2708 D FILES : /data/user/0/cz.gienger.mobile/files/delivery/130AT1180524509
08-15 12:36:00.603 2708 2708 D FILES : /data/user/0/cz.gienger.mobile/files/delivery/130AT1180524509/corrections
08-15 12:36:00.603 2708 2708 D FILES : /data/user/0/cz.gienger.mobile/files/delivery/130AT1180524509/130AT1180524509.pdf
08-15 12:36:00.603 2708 2708 D FILES : /data/user/0/cz.gienger.mobile/files/delivery/130AT1180524510
08-15 12:36:00.603 2708 2708 D FILES : /data/user/0/cz.gienger.mobile/files/delivery/130AT1180524510/corrections
08-15 12:36:00.604 2708 2708 D FILES : /data/user/0/cz.gienger.mobile/files/delivery/130AT1180524510/130AT1180524510.pdf
08-15 12:36:00.604 2708 2708 D FILES : /data/user/0/cz.gienger.mobile/files/delivery/130AT1180524575
08-15 12:36:00.605 2708 2708 D FILES : /data/user/0/cz.gienger.mobile/files/delivery/130AT1180524575/corrections
08-15 12:36:00.605 2708 2708 D FILES : /data/user/0/cz.gienger.mobile/files/delivery/130AT1180524575/130AT1180524575.pdf
08-15 12:36:00.605 2708 2708 D FILES : /data/user/0/cz.gienger.mobile/files/delivery/130AT1180524495
08-15 12:36:00.605 2708 2708 D FILES : /data/user/0/cz.gienger.mobile/files/delivery/130AT1180524495/corrections
08-15 12:36:00.605 2708 2708 D FILES : /data/user/0/cz.gienger.mobile/files/delivery/130AT1180524495/130AT1180524495.pdf
08-15 12:36:00.605 2708 2708 D FILES : /data/user/0/cz.gienger.mobile/files/delivery/130AT1182803794
08-15 12:36:00.606 2708 2708 D FILES : /data/user/0/cz.gienger.mobile/files/delivery/130AT1182803794/corrections
08-15 12:36:00.606 2708 2708 D FILES : /data/user/0/cz.gienger.mobile/files/delivery/130AT1182803794/130AT1182803794.pdf
08-15 12:36:00.606 2708 2708 D FILES : /data/user/0/cz.gienger.mobile/files/delivery/130AT1180524574
08-15 12:36:00.606 2708 2708 D FILES : /data/user/0/cz.gienger.mobile/files/delivery/130AT1180524574/corrections
08-15 12:36:00.606 2708 2708 D FILES : /data/user/0/cz.gienger.mobile/files/delivery/130AT1180524574/130AT1180524574.pdf
08-15 12:36:00.606 2708 2708 D FILES : /data/user/0/cz.gienger.mobile/files/delivery/130AT1181404355
08-15 12:36:00.606 2708 2708 D FILES : /data/user/0/cz.gienger.mobile/files/delivery/130AT1181404355/corrections
08-15 12:36:00.606 2708 2708 D FILES : /data/user/0/cz.gienger.mobile/files/delivery/130AT1181404355/130AT1181404355.pdf
08-15 12:36:00.607 2708 2708 D FILES : /data/user/0/cz.gienger.mobile/files/delivery/130AT1182803781
08-15 12:36:00.607 2708 2708 D FILES : /data/user/0/cz.gienger.mobile/files/delivery/130AT1182803781/corrections
08-15 12:36:00.607 2708 2708 D FILES : /data/user/0/cz.gienger.mobile/files/delivery/130AT1182803781/130AT1182803781.pdf
08-15 12:36:00.607 2708 2708 D FILES : /data/user/0/cz.gienger.mobile/files/delivery/130IT1180410024
08-15 12:36:00.607 2708 2708 D FILES : /data/user/0/cz.gienger.mobile/files/delivery/130IT1180410024/corrections
08-15 12:36:00.607 2708 2708 D FILES : /data/user/0/cz.gienger.mobile/files/delivery/130IT1180410024/130IT1180410024.pdf
08-15 12:36:00.622 2708 7636 D MYINTERCEPTOR: /GiengerService.svc/manifests
08-15 12:36:00.623 2708 7636 D OkHttp : --> GET https://testsaig1.gienger.cz/GiengerService.svc/manifests http/1.1
08-15 12:36:00.623 2708 7636 D OkHttp : state: CZ
08-15 12:36:00.624 2708 7636 D OkHttp : token: a179935b28ab5fa0ca590030bf0a2edf
08-15 12:36:00.624 2708 7636 D OkHttp : --> END GET
08-15 12:36:00.638 2708 7627 D MYINTERCEPTOR: /GiengerService.svc/manifests
08-15 12:36:00.639 2708 7627 D OkHttp : --> GET https://testsaig1.gienger.cz/GiengerService.svc/manifests http/1.1
08-15 12:36:00.639 2708 7627 D OkHttp : state: CZ
08-15 12:36:00.639 2708 7627 D OkHttp : token: a179935b28ab5fa0ca590030bf0a2edf
08-15 12:36:00.639 2708 7627 D OkHttp : --> END GET
08-15 12:36:00.645 2708 2708 D ViewRootImpl@c09ab76[LoginActivity]: ThreadedRenderer.create() translucent=false
08-15 12:36:00.648 2708 7637 D OkHttp : <-- 200 https://testsaig1.gienger.cz/GiengerService.svc/manifests (133ms)
08-15 12:36:00.648 2708 7637 D OkHttp : content-type: application/xml; charset=utf-8
08-15 12:36:00.648 2708 7637 D OkHttp : server: Microsoft-IIS/10.0
08-15 12:36:00.648 2708 7637 D OkHttp : x-powered-by: ASP.NET
08-15 12:36:00.648 2708 7637 D OkHttp : date: Wed, 15 Aug 2018 10:35:59 GMT
08-15 12:36:00.649 2708 7637 D OkHttp : content-length: 11990
08-15 12:36:00.649 2708 2708 D InputTransport: Input channel constructed: fd=61
08-15 12:36:00.649 2708 7637 D OkHttp : <-- END HTTP
08-15 12:36:00.649 2708 2708 D ViewRootImpl@c09ab76[LoginActivity]: setView = DecorView@5a02577[LoginActivity] touchMode=true
08-15 12:36:00.650 2708 2708 E ViewRootImpl: sendUserActionEvent() returned.
08-15 12:36:00.650 2708 2708 E ViewRootImpl: sendUserActionEvent() returned.
08-15 12:36:00.652 2708 2708 D ViewRootImpl@c09ab76[LoginActivity]: dispatchAttachedToWindow
08-15 12:36:00.686 2708 2708 D ViewRootImpl@c09ab76[LoginActivity]: Relayout returned: oldFrame=[0,0][0,0] newFrame=[0,0][768,1024] result=0x27 surface={isValid=true -1825026048} surfaceGenerationChanged=true
08-15 12:36:00.687 2708 2708 D ViewRootImpl@c09ab76[LoginActivity]: mHardwareRenderer.initialize() mSurface={isValid=true -1825026048} hwInitialized=true
08-15 12:36:00.702 2708 2708 D AbsListView: in onLayout changed
08-15 12:36:00.730 2708 2708 D ViewRootImpl@c09ab76[LoginActivity]: MSG_RESIZED_REPORT: frame=Rect(0, 0 - 768, 1024) ci=Rect(0, 24 - 0, 320) vi=Rect(0, 24 - 0, 320) or=1
08-15 12:36:00.730 2708 2708 D ViewRootImpl@c09ab76[LoginActivity]: MSG_WINDOW_FOCUS_CHANGED 1
08-15 12:36:00.730 2708 2708 D ViewRootImpl@c09ab76[LoginActivity]: mHardwareRenderer.initializeIfNeeded()#2 mSurface={isValid=true -1825026048}
08-15 12:36:00.731 2708 2708 V InputMethodManager: Starting input: tba=android.view.inputmethod.EditorInfo@c33fc50 nm : cz.gienger.mobile ic=null
08-15 12:36:00.731 2708 2708 I InputMethodManager: startInputInner - mService.startInputOrWindowGainedFocus
08-15 12:36:00.741 2708 2708 D InputTransport: Input channel constructed: fd=63
08-15 12:36:00.741 2708 2708 D InputTransport: Input channel destroyed: fd=76
08-15 12:36:00.741 2708 2708 D DOWNLOAD_MANIFESTS: success
08-15 12:36:00.760 2708 2708 E ViewRootImpl: sendUserActionEvent() returned.
08-15 12:36:00.760 2708 2708 W IInputConnectionWrapper: finishComposingText on inactive InputConnection
08-15 12:36:00.760 2708 2708 W IInputConnectionWrapper: performPrivateCommand on inactive InputConnection
08-15 12:36:00.760 2708 2708 W IInputConnectionWrapper: finishComposingText on inactive InputConnection
08-15 12:36:00.796 2708 2708 D ViewRootImpl@c09ab76[LoginActivity]: MSG_RESIZED: frame=Rect(0, 0 - 768, 1024) ci=Rect(0, 24 - 0, 0) vi=Rect(0, 24 - 0, 0) or=1
08-15 12:36:00.818 2708 2708 D ViewRootImpl@c09ab76[LoginActivity]: Relayout returned: oldFrame=[0,0][768,1024] newFrame=[0,0][768,1024] result=0x1 surface={isValid=true -1825026048} surfaceGenerationChanged=false
08-15 12:36:00.820 2708 2708 D AbsListView: in onLayout changed
08-15 12:36:00.841 2708 7627 D OkHttp : <-- 200 https://testsaig1.gienger.cz/GiengerService.svc/manifests (201ms)
08-15 12:36:00.841 2708 7627 D OkHttp : content-type: application/xml; charset=utf-8
08-15 12:36:00.841 2708 7627 D OkHttp : server: Microsoft-IIS/10.0
08-15 12:36:00.841 2708 7627 D OkHttp : x-powered-by: ASP.NET
08-15 12:36:00.842 2708 7627 D OkHttp : date: Wed, 15 Aug 2018 10:35:59 GMT
08-15 12:36:00.842 2708 7627 D OkHttp : content-length: 11990
08-15 12:36:00.842 2708 7627 D OkHttp : <-- END HTTP
08-15 12:36:00.845 2708 7636 D OkHttp : <-- 200 https://testsaig1.gienger.cz/GiengerService.svc/manifests (220ms)
08-15 12:36:00.845 2708 7636 D OkHttp : content-type: application/xml; charset=utf-8
08-15 12:36:00.845 2708 7636 D OkHttp : server: Microsoft-IIS/10.0
08-15 12:36:00.845 2708 7636 D OkHttp : x-powered-by: ASP.NET
08-15 12:36:00.846 2708 7636 D OkHttp : date: Wed, 15 Aug 2018 10:35:59 GMT
08-15 12:36:00.846 2708 7636 D OkHttp : content-length: 11990
08-15 12:36:00.846 2708 7636 D OkHttp : <-- END HTTP
08-15 12:36:00.928 2708 2708 D DOWNLOAD_MANIFESTS: success
08-15 12:36:00.939 2708 2708 D DOWNLOAD_MANIFESTS: success
08-15 12:36:01.108 2708 2708 V InputMethodManager: Starting input: tba=android.view.inputmethod.EditorInfo@6ef6e36 nm : cz.gienger.mobile ic=null
08-15 12:36:01.109 2708 2708 I InputMethodManager: startInputInner - mService.startInputOrWindowGainedFocus
08-15 12:36:01.110 2708 2708 D InputTransport: Input channel constructed: fd=76
08-15 12:36:01.110 2708 2708 D InputTransport: Input channel destroyed: fd=63
08-15 12:36:02.208 2708 2708 D ViewRootImpl@c09ab76[LoginActivity]: ViewPostImeInputStage processPointer 0
08-15 12:36:02.265 2708 2708 D ViewRootImpl@c09ab76[LoginActivity]: ViewPostImeInputStage processPointer 1
08-15 12:36:02.266 2708 2708 D AbsListView: onTouchUp() mTouchMode : 0
08-15 12:36:03.239 2708 2708 D ViewRootImpl@c09ab76[LoginActivity]: ViewPostImeInputStage processPointer 0
08-15 12:36:03.320 2708 2708 D ViewRootImpl@c09ab76[LoginActivity]: ViewPostImeInputStage processPointer 1
08-15 12:36:03.343 2708 2708 D InputMethodManager: HSIFW - flag : 0 Pid : 2708
08-15 12:36:03.427 2708 2708 D AbsListView: in onLayout changed
08-15 12:36:03.534 2708 2718 I art : Background sticky concurrent mark sweep GC freed 184575(7MB) AllocSpace objects, 18(420KB) LOS objects, 43% free, 10MB/17MB, paused 870us total 114.215ms
