08-15 12:47:05.669 2708 2708 D ViewRootImpl@a8c00f6[MainActivity]: ViewPostImeInputStage processPointer 1
08-15 12:47:05.669 2708 2708 D AbsListView: onTouchUp() mTouchMode : 3
08-15 12:47:05.669 2708 2708 D AbsListView: onTouchUp() TOUCH_MODE_SCROLL initialVelocity : -8000
08-15 12:47:05.670 2708 2708 D AbsListView: reportScrollStateChange() newState : 2
08-15 12:47:06.671 2708 2708 D AbsListView: reportScrollStateChange() newState : 0
08-15 12:47:07.093 2708 2708 D ViewRootImpl@a8c00f6[MainActivity]: ViewPostImeInputStage processPointer 0
08-15 12:47:07.140 2708 2708 D AbsListView: reportScrollStateChange() newState : 1
08-15 12:47:07.490 2708 2708 D ViewRootImpl@a8c00f6[MainActivity]: ViewPostImeInputStage processPointer 1
08-15 12:47:07.491 2708 2708 D AbsListView: onTouchUp() mTouchMode : 3
08-15 12:47:07.491 2708 2708 D AbsListView: onTouchUp() TOUCH_MODE_SCROLL initialVelocity : 1578
08-15 12:47:07.491 2708 2708 D AbsListView: reportScrollStateChange() newState : 2
08-15 12:47:08.203 2708 2708 D ViewRootImpl@a8c00f6[MainActivity]: ViewPostImeInputStage processPointer 0
08-15 12:47:08.285 2708 2708 D AbsListView: reportScrollStateChange() newState : 0
08-15 12:47:08.288 2708 2708 D AbsListView: reportScrollStateChange() newState : 1
08-15 12:47:09.221 2708 2708 D ViewRootImpl@a8c00f6[MainActivity]: ViewPostImeInputStage processPointer 1
08-15 12:47:09.221 2708 2708 D AbsListView: onTouchUp() mTouchMode : 3
08-15 12:47:09.221 2708 2708 D AbsListView: onTouchUp() TOUCH_MODE_SCROLL initialVelocity : 543
08-15 12:47:09.221 2708 2708 D AbsListView: reportScrollStateChange() newState : 2
08-15 12:47:09.596 2708 2708 D ViewRootImpl@a8c00f6[MainActivity]: ViewPostImeInputStage processPointer 0
08-15 12:47:09.638 2708 2708 D AbsListView: reportScrollStateChange() newState : 0
08-15 12:47:09.638 2708 2708 D AbsListView: reportScrollStateChange() newState : 1
08-15 12:47:09.873 2708 2708 D ViewRootImpl@a8c00f6[MainActivity]: ViewPostImeInputStage processPointer 1
08-15 12:47:09.873 2708 2708 D AbsListView: onTouchUp() mTouchMode : 3
08-15 12:47:09.873 2708 2708 D AbsListView: onTouchUp() TOUCH_MODE_SCROLL initialVelocity : 1337
08-15 12:47:09.873 2708 2708 D AbsListView: reportScrollStateChange() newState : 2
08-15 12:47:10.269 2708 2708 D ViewRootImpl@a8c00f6[MainActivity]: ViewPostImeInputStage processPointer 0
08-15 12:47:10.599 2708 2708 D AbsListView: reportScrollStateChange() newState : 0
08-15 12:47:10.600 2708 2708 D AbsListView: reportScrollStateChange() newState : 1
08-15 12:47:10.830 2708 2708 D ViewRootImpl@a8c00f6[MainActivity]: ViewPostImeInputStage processPointer 1
08-15 12:47:10.831 2708 2708 D AbsListView: onTouchUp() mTouchMode : 3
08-15 12:47:10.831 2708 2708 D AbsListView: onTouchUp() TOUCH_MODE_SCROLL initialVelocity : 77
08-15 12:47:10.831 2708 2708 D AbsListView: reportScrollStateChange() newState : 2
08-15 12:47:10.947 2708 2708 D AbsListView: reportScrollStateChange() newState : 0
08-15 12:47:11.052 2708 2708 D ViewRootImpl@a8c00f6[MainActivity]: ViewPostImeInputStage processPointer 0
08-15 12:47:11.081 2708 2708 D AbsListView: reportScrollStateChange() newState : 1
08-15 12:47:11.309 2708 2708 D ViewRootImpl@a8c00f6[MainActivity]: ViewPostImeInputStage processPointer 1
08-15 12:47:11.309 2708 2708 D AbsListView: onTouchUp() mTouchMode : 3
08-15 12:47:11.309 2708 2708 D AbsListView: onTouchUp() TOUCH_MODE_SCROLL initialVelocity : 564
08-15 12:47:11.310 2708 2708 D AbsListView: reportScrollStateChange() newState : 2
08-15 12:47:11.618 2708 2708 D ViewRootImpl@a8c00f6[MainActivity]: ViewPostImeInputStage processPointer 0
08-15 12:47:11.700 2708 2708 D AbsListView: reportScrollStateChange() newState : 0
08-15 12:47:11.702 2708 2708 D AbsListView: reportScrollStateChange() newState : 1
08-15 12:47:12.004 2708 2708 D ViewRootImpl@a8c00f6[MainActivity]: ViewPostImeInputStage processPointer 1
08-15 12:47:12.004 2708 2708 D AbsListView: onTouchUp() mTouchMode : 3
08-15 12:47:12.004 2708 2708 D AbsListView: onTouchUp() TOUCH_MODE_SCROLL initialVelocity : 35
08-15 12:47:12.004 2708 2708 D AbsListView: reportScrollStateChange() newState : 0
08-15 12:47:12.368 2708 2708 D ViewRootImpl@a8c00f6[MainActivity]: ViewPostImeInputStage processPointer 0
08-15 12:47:12.451 2708 2708 D ViewRootImpl@a8c00f6[MainActivity]: ViewPostImeInputStage processPointer 1
08-15 12:47:12.470 2708 2708 D item_click: viewId = 2131820758, position = 11
08-15 12:47:12.519 2708 2708 D ViewRootImpl@a8c00f6[MainActivity]: MSG_WINDOW_FOCUS_CHANGED 0
08-15 12:47:12.553 2708 2708 D Graph : removeVertex() : insertDummyVertex, because there is no ancestor.
08-15 12:47:12.553 2708 2708 D Graph : removeVertex() : insertDummyVertex, because there is no ancestor.
08-15 12:47:12.583 2708 2708 D ScrollView: initGoToTop
08-15 12:47:12.663 2708 2708 D ViewRootImpl@ea2766a[CancelDeliveryActivity]: ThreadedRenderer.create() translucent=false
08-15 12:47:12.665 2708 2708 D InputTransport: Input channel constructed: fd=107
08-15 12:47:12.666 2708 2708 D ViewRootImpl@ea2766a[CancelDeliveryActivity]: setView = DecorView@b3ce75b[CancelDeliveryActivity] touchMode=true
08-15 12:47:12.672 2708 2708 D ViewRootImpl@ea2766a[CancelDeliveryActivity]: dispatchAttachedToWindow
08-15 12:47:12.697 2708 2708 D ViewRootImpl@ea2766a[CancelDeliveryActivity]: Relayout returned: oldFrame=[0,0][0,0] newFrame=[0,0][768,1024] result=0x27 surface={isValid=true -1853939712} surfaceGenerationChanged=true
08-15 12:47:12.697 2708 2708 D ViewRootImpl@ea2766a[CancelDeliveryActivity]: mHardwareRenderer.initialize() mSurface={isValid=true -1853939712} hwInitialized=true
08-15 12:47:12.701 2708 2708 D ScrollView: onsize change changed
08-15 12:47:12.703 2708 2708 D LOCATION_SERVICE: LocationListener gps
08-15 12:47:12.704 2708 2708 D LOCATION_SERVICE: LocationListener network
08-15 12:47:12.704 2708 2708 D LOCATION_SERVICE: onCreate
08-15 12:47:12.705 2708 2708 D LOCATION_SERVICE: initializeLocationManager
08-15 12:47:12.718 2708 2708 D LOCATION_SERVICE: onStartCommand
08-15 12:47:12.804 2708 2708 D ViewRootImpl@ea2766a[CancelDeliveryActivity]: MSG_RESIZED_REPORT: frame=Rect(0, 0 - 768, 1024) ci=Rect(0, 24 - 0, 0) vi=Rect(0, 24 - 0, 0) or=1
08-15 12:47:12.805 2708 2708 D ViewRootImpl@ea2766a[CancelDeliveryActivity]: MSG_WINDOW_FOCUS_CHANGED 1
08-15 12:47:12.805 2708 2708 D ViewRootImpl@ea2766a[CancelDeliveryActivity]: mHardwareRenderer.initializeIfNeeded()#2 mSurface={isValid=true -1853939712}
08-15 12:47:12.811 2708 2708 V InputMethodManager: Starting input: tba=android.view.inputmethod.EditorInfo@4174f0e nm : cz.gienger.mobile ic=null
08-15 12:47:12.811 2708 2708 I InputMethodManager: startInputInner - mService.startInputOrWindowGainedFocus
08-15 12:47:12.814 2708 2708 D InputTransport: Input channel constructed: fd=108
08-15 12:47:12.814 2708 2708 D InputTransport: Input channel destroyed: fd=74
08-15 12:47:12.856 2708 2774 D OpenGLRenderer: endAllActiveAnimators on 0x91cf9b80 (RippleDrawable) with handle 0x91877660
08-15 12:47:12.856 2708 2708 D ViewRootImpl@a8c00f6[MainActivity]: mHardwareRenderer.destroy()#1
08-15 12:47:12.863 2708 2708 D ViewRootImpl@a8c00f6[MainActivity]: Relayout returned: oldFrame=[0,0][768,1024] newFrame=[0,0][768,1024] result=0x5 surface={isValid=false 0} surfaceGenerationChanged=true
08-15 12:47:13.243 2708 2708 D ViewRootImpl@a8c00f6[MainActivity]: Relayout returned: oldFrame=[0,0][768,1024] newFrame=[0,0][768,1024] result=0x5 surface={isValid=false 0} surfaceGenerationChanged=false
08-15 12:47:13.433 2708 2708 D LOCATION_SERVICE: onLocationChanged: Location[network 49,191085,17,534611 acc=21 et=+17m56s242ms alt=0.0 vel=0.0 bear=0.0 {Bundle[mParcelledData.dataSize=80]}]
08-15 12:47:13.785 2708 2708 D ViewRootImpl@ea2766a[CancelDeliveryActivity]: ViewPostImeInputStage processPointer 0
08-15 12:47:13.858 2708 2708 D ViewRootImpl@ea2766a[CancelDeliveryActivity]: ViewPostImeInputStage processPointer 1
08-15 12:47:15.095 2708 2708 D ViewRootImpl@ea2766a[CancelDeliveryActivity]: ViewPostImeInputStage processPointer 0
08-15 12:47:15.175 2708 2708 D ViewRootImpl@ea2766a[CancelDeliveryActivity]: ViewPostImeInputStage processPointer 1
08-15 12:47:15.196 2708 2708 D UNDELIVERED: Reason ID = 9, Comment =
08-15 12:47:15.260 2708 8740 D MESSAGE_SERVICE: ACTION_COMPRESS_AND_UPLOAD
08-15 12:47:15.310 2708 2708 D ViewRootImpl@ea2766a[CancelDeliveryActivity]: MSG_WINDOW_FOCUS_CHANGED 0
08-15 12:47:15.330 2708 2708 D ViewRootImpl@a8c00f6[MainActivity]: mHardwareRenderer.destroy()#4
08-15 12:47:15.330 2708 2708 D ViewRootImpl@a8c00f6[MainActivity]: dispatchDetachedFromWindow
08-15 12:47:15.337 2708 2708 D InputTransport: Input channel destroyed: fd=69
08-15 12:47:15.570 2708 2708 D ViewRootImpl@cc6983a[MainActivity]: ThreadedRenderer.create() translucent=false
08-15 12:47:15.573 2708 2708 D InputTransport: Input channel constructed: fd=75
08-15 12:47:15.574 2708 2708 D ViewRootImpl@cc6983a[MainActivity]: setView = DecorView@9ccaceb[MainActivity] touchMode=true
08-15 12:47:15.576 2708 2708 D ViewRootImpl@cc6983a[MainActivity]: dispatchAttachedToWindow
08-15 12:47:15.634 2708 2708 D ViewRootImpl@cc6983a[MainActivity]: Relayout returned: oldFrame=[0,0][0,0] newFrame=[0,0][768,1024] result=0x27 surface={isValid=true -1839009792} surfaceGenerationChanged=true
08-15 12:47:15.635 2708 2708 D ViewRootImpl@cc6983a[MainActivity]: mHardwareRenderer.initialize() mSurface={isValid=true -1839009792} hwInitialized=true
08-15 12:47:15.716 2708 2708 D AbsListView: in onLayout changed
08-15 12:47:15.743 2708 2774 D OpenGLRenderer: endAllActiveAnimators on 0x920b0880 (RippleDrawable) with handle 0x92a749a0
08-15 12:47:15.743 2708 2708 D ViewRootImpl@ea2766a[CancelDeliveryActivity]: mHardwareRenderer.destroy()#1
08-15 12:47:15.751 2708 2708 D ViewRootImpl@ea2766a[CancelDeliveryActivity]: Relayout returned: oldFrame=[0,0][768,1024] newFrame=[0,0][768,1024] result=0x5 surface={isValid=false 0} surfaceGenerationChanged=true
08-15 12:47:15.809 2708 2708 D ViewRootImpl@cc6983a[MainActivity]: MSG_RESIZED_REPORT: frame=Rect(0, 0 - 768, 1024) ci=Rect(0, 24 - 0, 0) vi=Rect(0, 24 - 0, 0) or=1
08-15 12:47:15.809 2708 2708 D ViewRootImpl@cc6983a[MainActivity]: MSG_WINDOW_FOCUS_CHANGED 1
08-15 12:47:15.809 2708 2708 D ViewRootImpl@cc6983a[MainActivity]: mHardwareRenderer.initializeIfNeeded()#2 mSurface={isValid=true -1839009792}
08-15 12:47:15.810 2708 2708 V InputMethodManager: Starting input: tba=android.view.inputmethod.EditorInfo@20ece13 nm : cz.gienger.mobile ic=null
08-15 12:47:15.810 2708 2708 I InputMethodManager: startInputInner - mService.startInputOrWindowGainedFocus
08-15 12:47:15.818 2708 2708 D InputTransport: Input channel constructed: fd=74
08-15 12:47:15.818 2708 2708 D InputTransport: Input channel destroyed: fd=108
08-15 12:47:15.860 2708 2708 D TextView: SYANI: Clipboard API is calling: clearFilter()
08-15 12:47:15.860 2708 2708 D TextView: SYANI: Clipboard API is calling: unregisterClipboardEventListener()
08-15 12:47:15.868 2708 2708 D ViewRootImpl@ea2766a[CancelDeliveryActivity]: mHardwareRenderer.destroy()#4
08-15 12:47:15.868 2708 2708 D ViewRootImpl@ea2766a[CancelDeliveryActivity]: dispatchDetachedFromWindow
08-15 12:47:15.875 2708 2708 D InputTransport: Input channel destroyed: fd=107
08-15 12:47:15.876 2708 2708 D LOCATION_SERVICE: onDestroy
08-15 12:47:15.981 2708 8740 D FILE_MANAGER: Serializing delivery /data/user/0/cz.gienger.mobile/files/finished/130AT1180524116/130AT1180524116.xml
08-15 12:47:15.981 2708 8740 D FILE_MANAGER: Null files:
08-15 12:47:16.060 2708 8740 D MYINTERCEPTOR: /GiengerService.svc/sendorder
08-15 12:47:16.060 2708 8740 D OkHttp : --> POST https://testsaig1.gienger.cz/GiengerService.svc/sendorder http/1.1
08-15 12:47:16.061 2708 8740 D OkHttp : Content-Type: text/raw
08-15 12:47:16.061 2708 8740 D OkHttp : Content-Length: 3039
08-15 12:47:16.061 2708 8740 D OkHttp : filename: 130AT1180524116.xml
08-15 12:47:16.061 2708 8740 D OkHttp : Checksum: b6e021ddc8094ba438b08f993608a7e4
08-15 12:47:16.061 2708 8740 D OkHttp : token: a179935b28ab5fa0ca590030bf0a2edf
08-15 12:47:16.061 2708 8740 D OkHttp : --> END POST
08-15 12:47:16.536 2708 8740 D OkHttp : <-- 200 https://testsaig1.gienger.cz/GiengerService.svc/sendorder (474ms)
08-15 12:47:16.536 2708 8740 D OkHttp : content-type: application/xml; charset=utf-8
08-15 12:47:16.536 2708 8740 D OkHttp : server: Microsoft-IIS/10.0
08-15 12:47:16.536 2708 8740 D OkHttp : x-powered-by: ASP.NET
08-15 12:47:16.537 2708 8740 D OkHttp : date: Wed, 15 Aug 2018 10:47:15 GMT
08-15 12:47:16.537 2708 8740 D OkHttp : content-length: 175
08-15 12:47:16.537 2708 8740 D OkHttp : <-- END HTTP
08-15 12:47:16.543 2708 8740 D sendOrder_SUCCESS: 200
08-15 12:47:16.578 2708 8740 D MESSAGE_SERVICE: ACTION_RESEND_ORDERS
08-15 12:47:16.810 2708 2708 D ViewRootImpl@cc6983a[MainActivity]: ViewPostImeInputStage processPointer 0
08-15 12:47:16.812 2708 2708 D ViewRootImpl@cc6983a[MainActivity]: ViewPostImeInputStage processPointer 1
08-15 12:47:16.896 2708 2708 D AbsListView: in onLayout changed
08-15 12:47:17.182 2708 2708 D AbsListView: in onLayout changed
08-15 12:47:17.207 2708 2708 D ViewRootImpl@cc6983a[MainActivity]: ViewPostImeInputStage processPointer 0
08-15 12:47:17.230 2708 2708 D AbsListView: reportScrollStateChange() newState : 1
08-15 12:47:17.324 2708 2708 D ViewRootImpl@cc6983a[MainActivity]: ViewPostImeInputStage processPointer 1
08-15 12:47:17.324 2708 2708 D AbsListView: onTouchUp() mTouchMode : 3
08-15 12:47:17.324 2708 2708 D AbsListView: onTouchUp() TOUCH_MODE_SCROLL initialVelocity : -8000
08-15 12:47:17.324 2708 2708 D AbsListView: reportScrollStateChange() newState : 2
08-15 12:47:18.297 2708 2708 D AbsListView: reportScrollStateChange() newState : 0
08-15 12:47:18.980 2708 2708 D ViewRootImpl@cc6983a[MainActivity]: ViewPostImeInputStage processPointer 0
08-15 12:47:19.015 2708 2708 D AbsListView: reportScrollStateChange() newState : 1
08-15 12:47:20.202 2708 2708 D ViewRootImpl@cc6983a[MainActivity]: ViewPostImeInputStage processPointer 1
08-15 12:47:20.203 2708 2708 D AbsListView: onTouchUp() mTouchMode : 3
08-15 12:47:20.203 2708 2708 D AbsListView: onTouchUp() TOUCH_MODE_SCROLL initialVelocity : 24
08-15 12:47:20.203 2708 2708 D AbsListView: reportScrollStateChange() newState : 0
08-15 12:47:20.594 2708 2708 D ViewRootImpl@cc6983a[MainActivity]: ViewPostImeInputStage processPointer 0
08-15 12:47:20.665 2708 2708 D ViewRootImpl@cc6983a[MainActivity]: ViewPostImeInputStage processPointer 1
08-15 12:47:20.688 2708 2708 D item_click: viewId = 2131820758, position = 18
08-15 12:47:20.740 2708 2708 D ViewRootImpl@cc6983a[MainActivity]: MSG_WINDOW_FOCUS_CHANGED 0
08-15 12:47:20.804 2708 2708 D ScrollView: initGoToTop
08-15 12:47:20.871 2708 2708 D ViewRootImpl@bbcd829[CancelDeliveryActivity]: ThreadedRenderer.create() translucent=false
08-15 12:47:20.876 2708 2708 D InputTransport: Input channel constructed: fd=110
08-15 12:47:20.876 2708 2708 D ViewRootImpl@bbcd829[CancelDeliveryActivity]: setView = DecorView@1fab7ae[CancelDeliveryActivity] touchMode=true
08-15 12:47:20.884 2708 2708 D ViewRootImpl@bbcd829[CancelDeliveryActivity]: dispatchAttachedToWindow
08-15 12:47:20.912 2708 2708 D ViewRootImpl@bbcd829[CancelDeliveryActivity]: Relayout returned: oldFrame=[0,0][0,0] newFrame=[0,0][768,1024] result=0x27 surface={isValid=true -1826936832} surfaceGenerationChanged=true
08-15 12:47:20.913 2708 2708 D ViewRootImpl@bbcd829[CancelDeliveryActivity]: mHardwareRenderer.initialize() mSurface={isValid=true -1826936832} hwInitialized=true
08-15 12:47:20.918 2708 2708 D ScrollView: onsize change changed
08-15 12:47:20.921 2708 2708 D LOCATION_SERVICE: LocationListener gps
08-15 12:47:20.922 2708 2708 D LOCATION_SERVICE: LocationListener network
08-15 12:47:20.923 2708 2708 D LOCATION_SERVICE: onCreate
08-15 12:47:20.923 2708 2708 D LOCATION_SERVICE: initializeLocationManager
08-15 12:47:20.934 2708 2708 D LOCATION_SERVICE: onStartCommand
08-15 12:47:21.034 2708 2708 D ViewRootImpl@bbcd829[CancelDeliveryActivity]: MSG_RESIZED_REPORT: frame=Rect(0, 0 - 768, 1024) ci=Rect(0, 24 - 0, 0) vi=Rect(0, 24 - 0, 0) or=1
08-15 12:47:21.034 2708 2708 D ViewRootImpl@bbcd829[CancelDeliveryActivity]: MSG_WINDOW_FOCUS_CHANGED 1
08-15 12:47:21.034 2708 2708 D ViewRootImpl@bbcd829[CancelDeliveryActivity]: mHardwareRenderer.initializeIfNeeded()#2 mSurface={isValid=true -1826936832}
08-15 12:47:21.040 2708 2718 I art : Background sticky concurrent mark sweep GC freed 219469(9MB) AllocSpace objects, 11(220KB) LOS objects, 45% free, 11MB/21MB, paused 1.843ms total 115.855ms
08-15 12:47:21.040 2708 2708 V InputMethodManager: Starting input: tba=android.view.inputmethod.EditorInfo@4c48d12 nm : cz.gienger.mobile ic=null
08-15 12:47:21.040 2708 2708 I InputMethodManager: startInputInner - mService.startInputOrWindowGainedFocus
08-15 12:47:21.042 2708 2708 D InputTransport: Input channel constructed: fd=111
08-15 12:47:21.042 2708 2708 D InputTransport: Input channel destroyed: fd=74
08-15 12:47:21.110 2708 2774 D OpenGLRenderer: endAllActiveAnimators on 0x932cba00 (RippleDrawable) with handle 0x94d62bf0
08-15 12:47:21.110 2708 2708 D ViewRootImpl@cc6983a[MainActivity]: mHardwareRenderer.destroy()#1
08-15 12:47:21.117 2708 2708 D ViewRootImpl@cc6983a[MainActivity]: Relayout returned: oldFrame=[0,0][768,1024] newFrame=[0,0][768,1024] result=0x5 surface={isValid=false 0} surfaceGenerationChanged=true
08-15 12:47:21.479 2708 2708 D ViewRootImpl@cc6983a[MainActivity]: Relayout returned: oldFrame=[0,0][768,1024] newFrame=[0,0][768,1024] result=0x5 surface={isValid=false 0} surfaceGenerationChanged=false
08-15 12:47:23.101 2708 2708 D ViewRootImpl@bbcd829[CancelDeliveryActivity]: ViewPostImeInputStage processPointer 0
08-15 12:47:23.159 2708 2708 D ViewRootImpl@bbcd829[CancelDeliveryActivity]: ViewPostImeInputStage processPointer 1
08-15 12:47:23.907 2708 2708 D ViewRootImpl@bbcd829[CancelDeliveryActivity]: ViewPostImeInputStage processPointer 0
08-15 12:47:23.976 2708 2708 D ViewRootImpl@bbcd829[CancelDeliveryActivity]: ViewPostImeInputStage processPointer 1
08-15 12:47:23.993 2708 2708 D UNDELIVERED: Reason ID = 2, Comment =
08-15 12:47:24.043 2708 2708 D Graph : removeVertex() : insertDummyVertex, because there is no ancestor.
08-15 12:47:24.057 2708 8747 D MESSAGE_SERVICE: ACTION_COMPRESS_AND_UPLOAD
08-15 12:47:24.100 2708 2708 D ViewRootImpl@bbcd829[CancelDeliveryActivity]: MSG_WINDOW_FOCUS_CHANGED 0
08-15 12:47:24.119 2708 2708 D ViewRootImpl@cc6983a[MainActivity]: mHardwareRenderer.destroy()#4
08-15 12:47:24.119 2708 2708 D ViewRootImpl@cc6983a[MainActivity]: dispatchDetachedFromWindow
08-15 12:47:24.128 2708 2708 D InputTransport: Input channel destroyed: fd=75
08-15 12:47:24.386 2708 2708 D ViewRootImpl@3655e2c[MainActivity]: ThreadedRenderer.create() translucent=false
08-15 12:47:24.389 2708 2708 D InputTransport: Input channel constructed: fd=81
08-15 12:47:24.390 2708 2708 D ViewRootImpl@3655e2c[MainActivity]: setView = DecorView@6e2b0f5[MainActivity] touchMode=true
08-15 12:47:24.392 2708 2708 D ViewRootImpl@3655e2c[MainActivity]: dispatchAttachedToWindow
08-15 12:47:24.451 2708 2708 D ViewRootImpl@3655e2c[MainActivity]: Relayout returned: oldFrame=[0,0][0,0] newFrame=[0,0][768,1024] result=0x27 surface={isValid=true -1853581312} surfaceGenerationChanged=true
08-15 12:47:24.452 2708 2708 D ViewRootImpl@3655e2c[MainActivity]: mHardwareRenderer.initialize() mSurface={isValid=true -1853581312} hwInitialized=true
08-15 12:47:24.530 2708 2708 D AbsListView: in onLayout changed
08-15 12:47:24.559 2708 2774 D OpenGLRenderer: endAllActiveAnimators on 0x94aca280 (RippleDrawable) with handle 0x91877560
08-15 12:47:24.559 2708 2708 D ViewRootImpl@bbcd829[CancelDeliveryActivity]: mHardwareRenderer.destroy()#1
08-15 12:47:24.567 2708 2708 D ViewRootImpl@bbcd829[CancelDeliveryActivity]: Relayout returned: oldFrame=[0,0][768,1024] newFrame=[0,0][768,1024] result=0x5 surface={isValid=false 0} surfaceGenerationChanged=true
08-15 12:47:24.632 2708 2708 D ViewRootImpl@3655e2c[MainActivity]: MSG_RESIZED_REPORT: frame=Rect(0, 0 - 768, 1024) ci=Rect(0, 24 - 0, 0) vi=Rect(0, 24 - 0, 0) or=1
08-15 12:47:24.633 2708 2708 D ViewRootImpl@3655e2c[MainActivity]: MSG_WINDOW_FOCUS_CHANGED 1
08-15 12:47:24.633 2708 2708 D ViewRootImpl@3655e2c[MainActivity]: mHardwareRenderer.initializeIfNeeded()#2 mSurface={isValid=true -1853581312}
08-15 12:47:24.634 2708 2708 V InputMethodManager: Starting input: tba=android.view.inputmethod.EditorInfo@e0f952 nm : cz.gienger.mobile ic=null
08-15 12:47:24.634 2708 2708 I InputMethodManager: startInputInner - mService.startInputOrWindowGainedFocus
08-15 12:47:24.640 2708 2708 D InputTransport: Input channel constructed: fd=75
08-15 12:47:24.640 2708 2708 D InputTransport: Input channel destroyed: fd=111
08-15 12:47:24.675 2708 2708 D TextView: SYANI: Clipboard API is calling: clearFilter()
08-15 12:47:24.675 2708 2708 D TextView: SYANI: Clipboard API is calling: unregisterClipboardEventListener()
08-15 12:47:24.684 2708 2708 D ViewRootImpl@bbcd829[CancelDeliveryActivity]: mHardwareRenderer.destroy()#4
08-15 12:47:24.684 2708 2708 D ViewRootImpl@bbcd829[CancelDeliveryActivity]: dispatchDetachedFromWindow
08-15 12:47:24.690 2708 2708 D InputTransport: Input channel destroyed: fd=110
08-15 12:47:24.690 2708 2708 D LOCATION_SERVICE: onDestroy
08-15 12:47:24.782 2708 8747 D FILE_MANAGER: Serializing delivery /data/user/0/cz.gienger.mobile/files/finished/130AT1180524574/130AT1180524574.xml
08-15 12:47:24.782 2708 8747 D FILE_MANAGER: Null files:
08-15 12:47:24.892 2708 8747 D MYINTERCEPTOR: /GiengerService.svc/sendorder
08-15 12:47:24.894 2708 8747 D OkHttp : --> POST https://testsaig1.gienger.cz/GiengerService.svc/sendorder http/1.1
08-15 12:47:24.894 2708 8747 D OkHttp : Content-Type: text/raw
08-15 12:47:24.894 2708 8747 D OkHttp : Content-Length: 13060
08-15 12:47:24.894 2708 8747 D OkHttp : filename: 130AT1180524574.xml
08-15 12:47:24.894 2708 8747 D OkHttp : Checksum: d6225a9a24bf74cd2ef7c755ce8ee7e4
08-15 12:47:24.894 2708 8747 D OkHttp : token: a179935b28ab5fa0ca590030bf0a2edf
08-15 12:47:24.894 2708 8747 D OkHttp : --> END POST
08-15 12:47:25.417 2708 8747 D OkHttp : <-- 200 https://testsaig1.gienger.cz/GiengerService.svc/sendorder (522ms)
08-15 12:47:25.417 2708 8747 D OkHttp : content-type: application/xml; charset=utf-8
08-15 12:47:25.417 2708 8747 D OkHttp : server: Microsoft-IIS/10.0
08-15 12:47:25.417 2708 8747 D OkHttp : x-powered-by: ASP.NET
08-15 12:47:25.417 2708 8747 D OkHttp : date: Wed, 15 Aug 2018 10:47:24 GMT
08-15 12:47:25.417 2708 8747 D OkHttp : content-length: 175
08-15 12:47:25.418 2708 8747 D OkHttp : <-- END HTTP
08-15 12:47:25.423 2708 8747 D sendOrder_SUCCESS: 200
08-15 12:47:25.465 2708 8747 D MESSAGE_SERVICE: ACTION_RESEND_ORDERS
08-15 12:47:25.689 2708 2708 D ViewRootImpl@3655e2c[MainActivity]: ViewPostImeInputStage processPointer 0
08-15 12:47:25.777 2708 2708 D AbsListView: in onLayout changed
08-15 12:47:25.788 2708 2708 D ViewRootImpl@3655e2c[MainActivity]: ViewPostImeInputStage processPointer 1
08-15 12:47:26.056 2708 2708 D AbsListView: in onLayout changed
08-15 12:47:26.124 2708 2708 D ViewRootImpl@3655e2c[MainActivity]: ViewPostImeInputStage processPointer 0
08-15 12:47:26.147 2708 2708 D AbsListView: reportScrollStateChange() newState : 1
08-15 12:47:26.252 2708 2708 D ViewRootImpl@3655e2c[MainActivity]: ViewPostImeInputStage processPointer 1
08-15 12:47:26.252 2708 2708 D AbsListView: onTouchUp() mTouchMode : 3
08-15 12:47:26.252 2708 2708 D AbsListView: onTouchUp() TOUCH_MODE_SCROLL initialVelocity : -8000
08-15 12:47:26.253 2708 2708 D AbsListView: reportScrollStateChange() newState : 2
08-15 12:47:26.403 2708 2718 I art : Background partial concurrent mark sweep GC freed 259459(11MB) AllocSpace objects, 26(556KB) LOS objects, 56% free, 9MB/21MB, paused 1.717ms total 153.161ms
08-15 12:47:27.200 2708 2708 D AbsListView: reportScrollStateChange() newState : 0
08-15 12:47:27.847 2708 2708 D ViewRootImpl@3655e2c[MainActivity]: ViewPostImeInputStage processPointer 0
08-15 12:47:27.918 2708 2708 D AbsListView: reportScrollStateChange() newState : 1
08-15 12:47:28.301 2708 2708 D ViewRootImpl@3655e2c[MainActivity]: ViewPostImeInputStage processPointer 1
08-15 12:47:28.301 2708 2708 D AbsListView: onTouchUp() mTouchMode : 3
08-15 12:47:28.301 2708 2708 D AbsListView: onTouchUp() TOUCH_MODE_SCROLL initialVelocity : 1559
08-15 12:47:28.301 2708 2708 D AbsListView: reportScrollStateChange() newState : 2
08-15 12:47:28.791 2708 2708 D ViewRootImpl@3655e2c[MainActivity]: ViewPostImeInputStage processPointer 0
08-15 12:47:29.079 2708 2708 D AbsListView: reportScrollStateChange() newState : 0
08-15 12:47:29.081 2708 2708 D AbsListView: reportScrollStateChange() newState : 1
08-15 12:47:29.134 2708 2708 D ViewRootImpl@3655e2c[MainActivity]: ViewPostImeInputStage processPointer 1
08-15 12:47:29.135 2708 2708 D AbsListView: onTouchUp() mTouchMode : 3
08-15 12:47:29.135 2708 2708 D AbsListView: onTouchUp() TOUCH_MODE_SCROLL initialVelocity : 30
08-15 12:47:29.135 2708 2708 D AbsListView: reportScrollStateChange() newState : 0
08-15 12:47:31.028 2708 2708 D ViewRootImpl@3655e2c[MainActivity]: ViewPostImeInputStage processPointer 0
08-15 12:47:31.107 2708 2708 D ViewRootImpl@3655e2c[MainActivity]: ViewPostImeInputStage processPointer 1
08-15 12:47:31.113 2708 2708 D item_click: viewId = 2131820756, position = 17
08-15 12:47:31.157 2708 2708 D ViewRootImpl@3655e2c[MainActivity]: MSG_WINDOW_FOCUS_CHANGED 0
08-15 12:47:31.189 2708 2708 D Graph : removeVertex() : insertDummyVertex, because there is no ancestor.
08-15 12:47:31.285 2708 2708 D ViewRootImpl@72d1320[DeliverActivity]: ThreadedRenderer.create() translucent=false
08-15 12:47:31.288 2708 2708 D InputTransport: Input channel constructed: fd=113
08-15 12:47:31.288 2708 2708 D ViewRootImpl@72d1320[DeliverActivity]: setView = DecorView@4c514d9[DeliverActivity] touchMode=true
08-15 12:47:31.289 2708 2708 D LOCATION_SERVICE: LocationListener gps
08-15 12:47:31.290 2708 2708 D LOCATION_SERVICE: LocationListener network
08-15 12:47:31.291 2708 2708 D LOCATION_SERVICE: onCreate
08-15 12:47:31.291 2708 2708 D LOCATION_SERVICE: initializeLocationManager
08-15 12:47:31.298 2708 2708 D LOCATION_SERVICE: onStartCommand
08-15 12:47:31.304 2708 2708 D ViewRootImpl@72d1320[DeliverActivity]: dispatchAttachedToWindow
08-15 12:47:31.342 2708 2708 D ViewRootImpl@72d1320[DeliverActivity]: Relayout returned: oldFrame=[0,0][0,0] newFrame=[0,0][768,1024] result=0x27 surface={isValid=true -1849475072} surfaceGenerationChanged=true
08-15 12:47:31.343 2708 2708 D ViewRootImpl@72d1320[DeliverActivity]: mHardwareRenderer.initialize() mSurface={isValid=true -1849475072} hwInitialized=true
08-15 12:47:31.391 2708 2708 D ViewRootImpl@72d1320[DeliverActivity]: MSG_RESIZED_REPORT: frame=Rect(0, 0 - 768, 1024) ci=Rect(0, 24 - 0, 0) vi=Rect(0, 24 - 0, 0) or=1
08-15 12:47:31.391 2708 2708 D ViewRootImpl@72d1320[DeliverActivity]: MSG_WINDOW_FOCUS_CHANGED 1
08-15 12:47:31.391 2708 2708 D ViewRootImpl@72d1320[DeliverActivity]: mHardwareRenderer.initializeIfNeeded()#2 mSurface={isValid=true -1849475072}
08-15 12:47:31.392 2708 2708 V InputMethodManager: Starting input: tba=android.view.inputmethod.EditorInfo@c7f7376 nm : cz.gienger.mobile ic=null
08-15 12:47:31.392 2708 2708 I InputMethodManager: startInputInner - mService.startInputOrWindowGainedFocus
08-15 12:47:31.410 2708 2708 D InputTransport: Input channel constructed: fd=114
08-15 12:47:31.410 2708 2708 D InputTransport: Input channel destroyed: fd=75
08-15 12:47:31.431 2708 8696 D FILE_MANAGER: Copying file /data/user/0/cz.gienger.mobile/files/delivery/130AT1182803794/130AT1182803794.pdf to /storage/emulated/0/130AT1182803794.pdf
08-15 12:47:31.463 2708 2774 D OpenGLRenderer: endAllActiveAnimators on 0x9185bd80 (RippleDrawable) with handle 0x9178f3a0
08-15 12:47:31.464 2708 2708 D ViewRootImpl@3655e2c[MainActivity]: mHardwareRenderer.destroy()#1
08-15 12:47:31.471 2708 2708 D ViewRootImpl@3655e2c[MainActivity]: Relayout returned: oldFrame=[0,0][768,1024] newFrame=[0,0][768,1024] result=0x5 surface={isValid=false 0} surfaceGenerationChanged=true
08-15 12:47:31.861 2708 2708 D ViewRootImpl@3655e2c[MainActivity]: Relayout returned: oldFrame=[0,0][768,1024] newFrame=[0,0][768,1024] result=0x5 surface={isValid=false 0} surfaceGenerationChanged=false
08-15 12:47:31.890 2708 2708 D LOCATION_SERVICE: onLocationChanged: Location[network 49,191070,17,534572 acc=21 et=+18m14s698ms alt=0.0 vel=0.0 bear=0.0 {Bundle[mParcelledData.dataSize=80]}]
08-15 12:47:31.935 2708 8696 D FILE_MANAGER: copy ok
08-15 12:47:32.867 2708 2708 D ViewRootImpl@72d1320[DeliverActivity]: ViewPostImeInputStage processPointer 0
08-15 12:47:32.946 2708 2708 D ViewRootImpl@72d1320[DeliverActivity]: ViewPostImeInputStage processPointer 1
08-15 12:47:32.980 2708 2708 D ViewRootImpl@72d1320[DeliverActivity]: MSG_WINDOW_FOCUS_CHANGED 0
08-15 12:47:33.046 2708 2713 I art : Do partial code cache collection, code=439KB, data=501KB
08-15 12:47:33.048 2708 2713 I art : After code cache collection, code=437KB, data=500KB
08-15 12:47:33.048 2708 2713 I art : Increasing code cache capacity to 2MB
08-15 12:47:33.147 2708 2708 D ViewRootImpl@a49803f[BatchUploadActivity]: ThreadedRenderer.create() translucent=false
08-15 12:47:33.150 2708 2708 D InputTransport: Input channel constructed: fd=85
08-15 12:47:33.150 2708 2708 D ViewRootImpl@a49803f[BatchUploadActivity]: setView = DecorView@618fd0c[BatchUploadActivity] touchMode=true
08-15 12:47:33.153 2708 2708 D ViewRootImpl@a49803f[BatchUploadActivity]: dispatchAttachedToWindow
08-15 12:47:33.173 2708 2708 D ViewRootImpl@a49803f[BatchUploadActivity]: Relayout returned: oldFrame=[0,0][0,0] newFrame=[0,0][768,1024] result=0x27 surface={isValid=true -1846913024} surfaceGenerationChanged=true
08-15 12:47:33.173 2708 2708 D ViewRootImpl@a49803f[BatchUploadActivity]: mHardwareRenderer.initialize() mSurface={isValid=true -1846913024} hwInitialized=true
08-15 12:47:33.222 2708 2708 D AbsListView: in onLayout changed
08-15 12:47:33.227 2708 2708 D LOCATION_SERVICE: onStartCommand
08-15 12:47:33.251 2708 2708 D ViewRootImpl@a49803f[BatchUploadActivity]: MSG_RESIZED_REPORT: frame=Rect(0, 0 - 768, 1024) ci=Rect(0, 24 - 0, 0) vi=Rect(0, 24 - 0, 0) or=1
08-15 12:47:33.251 2708 2708 D ViewRootImpl@a49803f[BatchUploadActivity]: MSG_WINDOW_FOCUS_CHANGED 1
08-15 12:47:33.252 2708 2708 D ViewRootImpl@a49803f[BatchUploadActivity]: mHardwareRenderer.initializeIfNeeded()#2 mSurface={isValid=true -1846913024}
08-15 12:47:33.255 2708 2708 V InputMethodManager: Starting input: tba=android.view.inputmethod.EditorInfo@cf476cb nm : cz.gienger.mobile ic=null
08-15 12:47:33.255 2708 2708 I InputMethodManager: startInputInner - mService.startInputOrWindowGainedFocus
08-15 12:47:33.269 2708 2708 D InputTransport: Input channel constructed: fd=87
08-15 12:47:33.270 2708 2708 D InputTransport: Input channel destroyed: fd=114
08-15 12:47:33.308 2708 2774 D OpenGLRenderer: endAllActiveAnimators on 0x91cd4600 (RippleDrawable) with handle 0x9188d160
08-15 12:47:33.308 2708 2708 D ViewRootImpl@72d1320[DeliverActivity]: mHardwareRenderer.destroy()#1
08-15 12:47:33.315 2708 2708 D ViewRootImpl@72d1320[DeliverActivity]: Relayout returned: oldFrame=[0,0][768,1024] newFrame=[0,0][768,1024] result=0x5 surface={isValid=false 0} surfaceGenerationChanged=true
08-15 12:47:34.648 2708 2708 D ViewRootImpl@a49803f[BatchUploadActivity]: ViewPostImeInputStage processPointer 0
08-15 12:47:34.797 2708 2708 D ViewRootImpl@a49803f[BatchUploadActivity]: ViewPostImeInputStage processPointer 1
08-15 12:47:34.797 2708 2708 D AbsListView: onTouchUp() mTouchMode : 2
08-15 12:47:36.123 2708 2708 D ViewRootImpl@a49803f[BatchUploadActivity]: ViewPostImeInputStage processPointer 0
08-15 12:47:36.192 2708 2708 D ViewRootImpl@a49803f[BatchUploadActivity]: ViewPostImeInputStage processPointer 1
08-15 12:47:36.228 2708 2708 D ScrollView: initGoToTop
08-15 12:47:36.237 2708 2708 D ViewRootImpl@c21e80a[BatchUploadActivity]: ThreadedRenderer.create() translucent=true
08-15 12:47:36.242 2708 2708 D InputTransport: Input channel constructed: fd=111
08-15 12:47:36.243 2708 2708 D ViewRootImpl@c21e80a[BatchUploadActivity]: setView = DecorView@df087b[BatchUploadActivity] touchMode=true
08-15 12:47:36.244 2708 2708 D ViewRootImpl@c21e80a[BatchUploadActivity]: dispatchAttachedToWindow
08-15 12:47:36.278 2708 2708 D ViewRootImpl@c21e80a[BatchUploadActivity]: Relayout returned: oldFrame=[0,0][0,0] newFrame=[94,423][674,624] result=0x27 surface={isValid=true -1835489280} surfaceGenerationChanged=true
08-15 12:47:36.279 2708 2708 D ViewRootImpl@c21e80a[BatchUploadActivity]: mHardwareRenderer.initialize() mSurface={isValid=true -1835489280} hwInitialized=true
08-15 12:47:36.292 2708 2708 D ScrollView: onsize change changed
08-15 12:47:36.302 2708 2708 D ViewRootImpl@c21e80a[BatchUploadActivity]: MSG_WINDOW_FOCUS_CHANGED 1
08-15 12:47:36.303 2708 2708 D ViewRootImpl@c21e80a[BatchUploadActivity]: mHardwareRenderer.initializeIfNeeded()#2 mSurface={isValid=true -1835489280}
08-15 12:47:36.316 2708 2708 D ViewRootImpl@c21e80a[BatchUploadActivity]: MSG_RESIZED_REPORT: frame=Rect(94, 423 - 674, 624) ci=Rect(0, 0 - 0, 0) vi=Rect(0, 0 - 0, 0) or=1
08-15 12:47:36.338 2708 2708 D ViewRootImpl@a49803f[BatchUploadActivity]: MSG_WINDOW_FOCUS_CHANGED 0
08-15 12:47:37.219 2708 2708 D ViewRootImpl@c21e80a[BatchUploadActivity]: ViewPostImeInputStage processPointer 0
08-15 12:47:37.287 2708 2708 D ViewRootImpl@c21e80a[BatchUploadActivity]: ViewPostImeInputStage processPointer 1
08-15 12:47:37.334 2708 2708 D ViewRootImpl@c21e80a[BatchUploadActivity]: mHardwareRenderer.destroy()#4
08-15 12:47:37.334 2708 2708 D ViewRootImpl@c21e80a[BatchUploadActivity]: dispatchDetachedFromWindow
08-15 12:47:37.348 2708 2708 D InputTransport: Input channel destroyed: fd=111
08-15 12:47:37.382 2708 2708 E ViewRootImpl: sendUserActionEvent() returned.
08-15 12:47:37.386 2708 8756 D MESSAGE_SERVICE: ACTION_BATCH_UPLOAD
08-15 12:47:37.412 2708 2708 D ViewRootImpl@72d1320[DeliverActivity]: mHardwareRenderer.destroy()#1
08-15 12:47:37.418 2708 2708 D ViewRootImpl@72d1320[DeliverActivity]: Relayout returned: oldFrame=[0,0][768,1024] newFrame=[0,0][768,1024] result=0x1 surface={isValid=false 0} surfaceGenerationChanged=false
08-15 12:47:37.666 2708 2708 D ViewRootImpl@3655e2c[MainActivity]: Relayout returned: oldFrame=[0,0][768,1024] newFrame=[0,0][768,1024] result=0x7 surface={isValid=true -1834975232} surfaceGenerationChanged=true
08-15 12:47:37.666 2708 2708 D ViewRootImpl@3655e2c[MainActivity]: mHardwareRenderer.initialize() mSurface={isValid=true -1834975232} hwInitialized=true
08-15 12:47:37.731 2708 2708 D AbsListView: in onLayout changed
08-15 12:47:37.755 2708 2708 D ViewRootImpl@3655e2c[MainActivity]: MSG_WINDOW_FOCUS_CHANGED 1
08-15 12:47:37.756 2708 2708 D ViewRootImpl@3655e2c[MainActivity]: mHardwareRenderer.initializeIfNeeded()#2 mSurface={isValid=true -1834975232}
08-15 12:47:37.758 2708 2708 V InputMethodManager: Starting input: tba=android.view.inputmethod.EditorInfo@196962b nm : cz.gienger.mobile ic=null
08-15 12:47:37.759 2708 2708 I InputMethodManager: startInputInner - mService.startInputOrWindowGainedFocus
08-15 12:47:37.776 2708 2708 D InputTransport: Input channel constructed: fd=114
08-15 12:47:37.776 2708 2708 D InputTransport: Input channel destroyed: fd=87
08-15 12:47:37.812 2708 2708 D ViewRootImpl@72d1320[DeliverActivity]: mHardwareRenderer.destroy()#1
08-15 12:47:37.820 2708 2708 D ViewRootImpl@72d1320[DeliverActivity]: Relayout returned: oldFrame=[0,0][768,1024] newFrame=[0,0][768,1024] result=0x1 surface={isValid=false 0} surfaceGenerationChanged=false
08-15 12:47:37.836 2708 2708 D ViewRootImpl@a49803f[BatchUploadActivity]: mHardwareRenderer.destroy()#1
08-15 12:47:37.858 2708 2708 D ViewRootImpl@a49803f[BatchUploadActivity]: Relayout returned: oldFrame=[0,0][768,1024] newFrame=[0,0][768,1024] result=0x5 surface={isValid=false 0} surfaceGenerationChanged=true
08-15 12:47:38.116 2708 8756 D FILE_MANAGER: Serializing delivery /data/user/0/cz.gienger.mobile/files/finished/130AT1182803794/130AT1182803794.xml
08-15 12:47:38.116 2708 8756 D FILE_MANAGER: Null files:
08-15 12:47:38.229 2708 2708 D ViewRootImpl@72d1320[DeliverActivity]: mHardwareRenderer.destroy()#4
08-15 12:47:38.229 2708 2708 D ViewRootImpl@72d1320[DeliverActivity]: dispatchDetachedFromWindow
08-15 12:47:38.230 2708 8756 D MYINTERCEPTOR: /GiengerService.svc/sendorder
08-15 12:47:38.231 2708 8756 D OkHttp : --> POST https://testsaig1.gienger.cz/GiengerService.svc/sendorder http/1.1
08-15 12:47:38.231 2708 8756 D OkHttp : Content-Type: text/raw
08-15 12:47:38.231 2708 8756 D OkHttp : Content-Length: 3009
08-15 12:47:38.231 2708 8756 D OkHttp : filename: 130AT1182803794.xml
08-15 12:47:38.231 2708 8756 D OkHttp : Checksum: 928de906913f8d79930848ecb3a7c682
08-15 12:47:38.231 2708 8756 D OkHttp : token: a179935b28ab5fa0ca590030bf0a2edf
08-15 12:47:38.231 2708 8756 D OkHttp : --> END POST
08-15 12:47:38.236 2708 2708 D InputTransport: Input channel destroyed: fd=113
08-15 12:47:38.243 2708 2708 D TextView: SYANI: Clipboard API is calling: clearFilter()
08-15 12:47:38.243 2708 2708 D TextView: SYANI: Clipboard API is calling: unregisterClipboardEventListener()
08-15 12:47:38.253 2708 2708 D ViewRootImpl@a49803f[BatchUploadActivity]: mHardwareRenderer.destroy()#4
08-15 12:47:38.253 2708 2708 D ViewRootImpl@a49803f[BatchUploadActivity]: dispatchDetachedFromWindow
08-15 12:47:38.269 2708 2708 D InputTransport: Input channel destroyed: fd=85
08-15 12:47:38.269 2708 2708 D LOCATION_SERVICE: onDestroy
08-15 12:47:38.726 2708 8756 D OkHttp : <-- 200 https://testsaig1.gienger.cz/GiengerService.svc/sendorder (495ms)
08-15 12:47:38.727 2708 8756 D OkHttp : content-type: application/xml; charset=utf-8
08-15 12:47:38.727 2708 8756 D OkHttp : server: Microsoft-IIS/10.0
08-15 12:47:38.727 2708 8756 D OkHttp : x-powered-by: ASP.NET
08-15 12:47:38.727 2708 8756 D OkHttp : date: Wed, 15 Aug 2018 10:47:37 GMT
08-15 12:47:38.727 2708 8756 D OkHttp : content-length: 175
08-15 12:47:38.727 2708 8756 D OkHttp : <-- END HTTP
08-15 12:47:38.733 2708 8756 D sendOrder_SUCCESS: 200
08-15 12:47:38.750 2708 2708 D ViewRootImpl@3655e2c[MainActivity]: ViewPostImeInputStage processPointer 0
08-15 12:47:38.961 2708 2708 D ViewRootImpl@3655e2c[MainActivity]: ViewPostImeInputStage processPointer 1
08-15 12:47:39.044 2708 2708 D AbsListView: in onLayout changed
08-15 12:47:39.271 2708 2708 D ViewRootImpl@3655e2c[MainActivity]: ViewPostImeInputStage processPointer 0
08-15 12:47:39.294 2708 2708 D AbsListView: reportScrollStateChange() newState : 1
08-15 12:47:39.380 2708 2708 D ViewRootImpl@3655e2c[MainActivity]: ViewPostImeInputStage processPointer 1
08-15 12:47:39.380 2708 2708 D AbsListView: onTouchUp() mTouchMode : 3
08-15 12:47:39.380 2708 2708 D AbsListView: onTouchUp() TOUCH_MODE_SCROLL initialVelocity : -8000
08-15 12:47:39.380 2708 2708 D AbsListView: reportScrollStateChange() newState : 2
08-15 12:47:40.346 2708 2708 D AbsListView: reportScrollStateChange() newState : 0
08-15 12:47:40.492 2708 2708 D ViewRootImpl@3655e2c[MainActivity]: ViewPostImeInputStage processPointer 0
08-15 12:47:40.546 2708 2708 D AbsListView: reportScrollStateChange() newState : 1
08-15 12:47:40.878 2708 2708 D ViewRootImpl@3655e2c[MainActivity]: ViewPostImeInputStage processPointer 1
08-15 12:47:40.878 2708 2708 D AbsListView: onTouchUp() mTouchMode : 3
08-15 12:47:40.878 2708 2708 D AbsListView: onTouchUp() TOUCH_MODE_SCROLL initialVelocity : 1403
08-15 12:47:40.878 2708 2708 D AbsListView: reportScrollStateChange() newState : 2
08-15 12:47:41.382 2708 2708 D ViewRootImpl@3655e2c[MainActivity]: ViewPostImeInputStage processPointer 0
08-15 12:47:41.631 2708 2708 D AbsListView: reportScrollStateChange() newState : 0
08-15 12:47:41.631 2708 2708 D AbsListView: reportScrollStateChange() newState : 1
08-15 12:47:42.136 2708 2708 D ViewRootImpl@3655e2c[MainActivity]: ViewPostImeInputStage processPointer 1
08-15 12:47:42.137 2708 2708 D AbsListView: onTouchUp() mTouchMode : 3
08-15 12:47:42.137 2708 2708 D AbsListView: onTouchUp() TOUCH_MODE_SCROLL initialVelocity : 6
08-15 12:47:42.137 2708 2708 D AbsListView: reportScrollStateChange() newState : 0
08-15 12:47:48.453 2708 2708 D ViewRootImpl@3655e2c[MainActivity]: ViewPostImeInputStage processPointer 0
08-15 12:47:48.522 2708 2708 D ViewRootImpl@3655e2c[MainActivity]: ViewPostImeInputStage processPointer 1
08-15 12:47:48.538 2708 2708 D item_click: viewId = 2131820756, position = 16
08-15 12:47:48.584 2708 2708 D ViewRootImpl@3655e2c[MainActivity]: MSG_WINDOW_FOCUS_CHANGED 0
08-15 12:47:48.705 2708 2708 D ViewRootImpl@b368cc5[DeliverActivity]: ThreadedRenderer.create() translucent=false
08-15 12:47:48.709 2708 2708 D InputTransport: Input channel constructed: fd=97
08-15 12:47:48.709 2708 2708 D ViewRootImpl@b368cc5[DeliverActivity]: setView = DecorView@a7c261a[DeliverActivity] touchMode=true
08-15 12:47:48.710 2708 2708 D LOCATION_SERVICE: LocationListener gps
08-15 12:47:48.711 2708 2708 D LOCATION_SERVICE: LocationListener network
08-15 12:47:48.712 2708 2708 D LOCATION_SERVICE: onCreate
08-15 12:47:48.712 2708 2708 D LOCATION_SERVICE: initializeLocationManager
08-15 12:47:48.720 2708 2708 D LOCATION_SERVICE: onStartCommand
08-15 12:47:48.754 2708 2708 D ViewRootImpl@b368cc5[DeliverActivity]: dispatchAttachedToWindow
08-15 12:47:48.779 2708 2708 D ViewRootImpl@b368cc5[DeliverActivity]: Relayout returned: oldFrame=[0,0][0,0] newFrame=[0,0][768,1024] result=0x27 surface={isValid=true -1825572864} surfaceGenerationChanged=true
08-15 12:47:48.780 2708 2708 D ViewRootImpl@b368cc5[DeliverActivity]: mHardwareRenderer.initialize() mSurface={isValid=true -1825572864} hwInitialized=true
08-15 12:47:48.818 2708 2708 D ViewRootImpl@b368cc5[DeliverActivity]: MSG_RESIZED_REPORT: frame=Rect(0, 0 - 768, 1024) ci=Rect(0, 24 - 0, 0) vi=Rect(0, 24 - 0, 0) or=1
08-15 12:47:48.818 2708 2708 D ViewRootImpl@b368cc5[DeliverActivity]: MSG_WINDOW_FOCUS_CHANGED 1
08-15 12:47:48.818 2708 2708 D ViewRootImpl@b368cc5[DeliverActivity]: mHardwareRenderer.initializeIfNeeded()#2 mSurface={isValid=true -1825572864}
08-15 12:47:48.819 2708 2708 V InputMethodManager: Starting input: tba=android.view.inputmethod.EditorInfo@94822c3 nm : cz.gienger.mobile ic=null
08-15 12:47:48.819 2708 2708 I InputMethodManager: startInputInner - mService.startInputOrWindowGainedFocus
08-15 12:47:48.834 2708 2708 D InputTransport: Input channel constructed: fd=102
08-15 12:47:48.834 2708 2708 D InputTransport: Input channel destroyed: fd=114
08-15 12:47:48.852 2708 8696 D FILE_MANAGER: Copying file /data/user/0/cz.gienger.mobile/files/delivery/130AT1180524495/130AT1180524495.pdf to /storage/emulated/0/130AT1180524495.pdf
08-15 12:47:48.873 2708 2774 D OpenGLRenderer: endAllActiveAnimators on 0x94c5fe00 (RippleDrawable) with handle 0x94ae90c0
08-15 12:47:48.873 2708 2708 D ViewRootImpl@3655e2c[MainActivity]: mHardwareRenderer.destroy()#1
08-15 12:47:48.879 2708 2708 D ViewRootImpl@3655e2c[MainActivity]: Relayout returned: oldFrame=[0,0][768,1024] newFrame=[0,0][768,1024] result=0x5 surface={isValid=false 0} surfaceGenerationChanged=true
08-15 12:47:49.288 2708 2708 D ViewRootImpl@3655e2c[MainActivity]: Relayout returned: oldFrame=[0,0][768,1024] newFrame=[0,0][768,1024] result=0x5 surface={isValid=false 0} surfaceGenerationChanged=false
08-15 12:47:49.355 2708 8696 D FILE_MANAGER: copy ok
08-15 12:47:49.443 2708 2708 D LOCATION_SERVICE: onLocationChanged: Location[network 49,191070,17,534572 acc=21 et=+18m32s251ms alt=0.0 vel=0.0 bear=0.0 {Bundle[mParcelledData.dataSize=80]}]
08-15 12:47:51.372 2708 2708 D ViewRootImpl@b368cc5[DeliverActivity]: ViewPostImeInputStage processPointer 0
08-15 12:47:51.431 2708 2708 D ViewRootImpl@b368cc5[DeliverActivity]: ViewPostImeInputStage processPointer 1
08-15 12:47:51.470 2708 2708 D ViewRootImpl@b368cc5[DeliverActivity]: MSG_WINDOW_FOCUS_CHANGED 0
08-15 12:47:51.526 2708 2708 D ScrollView: initGoToTop
08-15 12:47:51.578 2708 2708 D ViewRootImpl@720a294[CancelDeliveryActivity]: ThreadedRenderer.create() translucent=false
08-15 12:47:51.581 2708 2708 D InputTransport: Input channel constructed: fd=109
08-15 12:47:51.582 2708 2708 D ViewRootImpl@720a294[CancelDeliveryActivity]: setView = DecorView@ce6813d[CancelDeliveryActivity] touchMode=true
08-15 12:47:51.588 2708 2708 D ViewRootImpl@720a294[CancelDeliveryActivity]: dispatchAttachedToWindow
08-15 12:47:51.612 2708 2708 D ViewRootImpl@720a294[CancelDeliveryActivity]: Relayout returned: oldFrame=[0,0][0,0] newFrame=[0,0][768,1024] result=0x27 surface={isValid=true -1815236608} surfaceGenerationChanged=true
08-15 12:47:51.612 2708 2708 D ViewRootImpl@720a294[CancelDeliveryActivity]: mHardwareRenderer.initialize() mSurface={isValid=true -1815236608} hwInitialized=true
08-15 12:47:51.617 2708 2708 D ScrollView: onsize change changed
08-15 12:47:51.619 2708 2708 D LOCATION_SERVICE: onStartCommand
08-15 12:47:51.660 2708 2708 D ViewRootImpl@720a294[CancelDeliveryActivity]: MSG_RESIZED_REPORT: frame=Rect(0, 0 - 768, 1024) ci=Rect(0, 24 - 0, 0) vi=Rect(0, 24 - 0, 0) or=1
08-15 12:47:51.660 2708 2708 D ViewRootImpl@720a294[CancelDeliveryActivity]: MSG_WINDOW_FOCUS_CHANGED 1
08-15 12:47:51.660 2708 2708 D ViewRootImpl@720a294[CancelDeliveryActivity]: mHardwareRenderer.initializeIfNeeded()#2 mSurface={isValid=true -1815236608}
08-15 12:47:51.667 2708 2708 V InputMethodManager: Starting input: tba=android.view.inputmethod.EditorInfo@bb5b02c nm : cz.gienger.mobile ic=null
08-15 12:47:51.667 2708 2708 I InputMethodManager: startInputInner - mService.startInputOrWindowGainedFocus
08-15 12:47:51.685 2708 2708 D InputTransport: Input channel constructed: fd=115
08-15 12:47:51.685 2708 2708 D InputTransport: Input channel destroyed: fd=102
08-15 12:47:51.724 2708 2774 D OpenGLRenderer: endAllActiveAnimators on 0x91cd7380 (RippleDrawable) with handle 0x93d79890
08-15 12:47:51.725 2708 2708 D ViewRootImpl@b368cc5[DeliverActivity]: mHardwareRenderer.destroy()#1
08-15 12:47:51.730 2708 2708 D ViewRootImpl@b368cc5[DeliverActivity]: Relayout returned: oldFrame=[0,0][768,1024] newFrame=[0,0][768,1024] result=0x5 surface={isValid=false 0} surfaceGenerationChanged=true
08-15 12:47:53.525 2708 2708 D ViewRootImpl@720a294[CancelDeliveryActivity]: ViewPostImeInputStage processPointer 0
08-15 12:47:53.593 2708 2708 D ViewRootImpl@720a294[CancelDeliveryActivity]: ViewPostImeInputStage processPointer 1
08-15 12:47:54.337 2708 2708 D ViewRootImpl@720a294[CancelDeliveryActivity]: ViewPostImeInputStage processPointer 0
08-15 12:47:54.416 2708 2708 D ViewRootImpl@720a294[CancelDeliveryActivity]: ViewPostImeInputStage processPointer 1
08-15 12:47:54.439 2708 2708 D UNDELIVERED: Reason ID = 7, Comment =
08-15 12:47:54.503 2708 8765 D MESSAGE_SERVICE: ACTION_COMPRESS_AND_UPLOAD
08-15 12:47:54.542 2708 2708 D ViewRootImpl@b368cc5[DeliverActivity]: mHardwareRenderer.destroy()#4
08-15 12:47:54.543 2708 2708 D ViewRootImpl@b368cc5[DeliverActivity]: dispatchDetachedFromWindow
08-15 12:47:54.550 2708 2708 D InputTransport: Input channel destroyed: fd=97
08-15 12:47:54.583 2708 2708 D ViewRootImpl@720a294[CancelDeliveryActivity]: MSG_WINDOW_FOCUS_CHANGED 0
08-15 12:47:54.598 2708 2708 D ViewRootImpl@3655e2c[MainActivity]: mHardwareRenderer.destroy()#4
08-15 12:47:54.598 2708 2708 D ViewRootImpl@3655e2c[MainActivity]: dispatchDetachedFromWindow
08-15 12:47:54.604 2708 2708 D InputTransport: Input channel destroyed: fd=81
08-15 12:47:54.610 2708 2708 D LOCATION_SERVICE: onDestroy
08-15 12:47:54.790 2708 2718 I art : Background sticky concurrent mark sweep GC freed 220107(9MB) AllocSpace objects, 13(260KB) LOS objects, 42% free, 12MB/21MB, paused 2.430ms total 113.250ms
08-15 12:47:54.873 2708 2708 D ViewRootImpl@f2a7238[MainActivity]: ThreadedRenderer.create() translucent=false
08-15 12:47:54.876 2708 2708 D InputTransport: Input channel constructed: fd=89
08-15 12:47:54.876 2708 2708 D ViewRootImpl@f2a7238[MainActivity]: setView = DecorView@32fe211[MainActivity] touchMode=true
08-15 12:47:54.878 2708 2708 D ViewRootImpl@f2a7238[MainActivity]: dispatchAttachedToWindow
08-15 12:47:54.941 2708 2708 D ViewRootImpl@f2a7238[MainActivity]: Relayout returned: oldFrame=[0,0][0,0] newFrame=[0,0][768,1024] result=0x27 surface={isValid=true -1854099456} surfaceGenerationChanged=true
08-15 12:47:54.941 2708 2708 D ViewRootImpl@f2a7238[MainActivity]: mHardwareRenderer.initialize() mSurface={isValid=true -1854099456} hwInitialized=true
08-15 12:47:55.029 2708 2708 D AbsListView: in onLayout changed
08-15 12:47:55.052 2708 2774 D OpenGLRenderer: endAllActiveAnimators on 0x95541e80 (RippleDrawable) with handle 0x94c36e50
08-15 12:47:55.053 2708 2708 D ViewRootImpl@720a294[CancelDeliveryActivity]: mHardwareRenderer.destroy()#1
08-15 12:47:55.060 2708 2708 D ViewRootImpl@720a294[CancelDeliveryActivity]: Relayout returned: oldFrame=[0,0][768,1024] newFrame=[0,0][768,1024] result=0x5 surface={isValid=false 0} surfaceGenerationChanged=true
08-15 12:47:55.116 2708 2708 D ViewRootImpl@f2a7238[MainActivity]: MSG_RESIZED_REPORT: frame=Rect(0, 0 - 768, 1024) ci=Rect(0, 24 - 0, 0) vi=Rect(0, 24 - 0, 0) or=1
08-15 12:47:55.116 2708 2708 D ViewRootImpl@f2a7238[MainActivity]: MSG_WINDOW_FOCUS_CHANGED 1
08-15 12:47:55.116 2708 2708 D ViewRootImpl@f2a7238[MainActivity]: mHardwareRenderer.initializeIfNeeded()#2 mSurface={isValid=true -1854099456}
08-15 12:47:55.118 2708 2708 V InputMethodManager: Starting input: tba=android.view.inputmethod.EditorInfo@724371f nm : cz.gienger.mobile ic=null
08-15 12:47:55.118 2708 2708 I InputMethodManager: startInputInner - mService.startInputOrWindowGainedFocus
08-15 12:47:55.126 2708 2708 D InputTransport: Input channel constructed: fd=81
08-15 12:47:55.126 2708 2708 D InputTransport: Input channel destroyed: fd=115
08-15 12:47:55.153 2708 2708 D Graph : removeVertex() : insertDummyVertex, because there is no ancestor.
