08-15 12:41:39.349 2708 2708 E ViewRootImpl: sendUserActionEvent() returned.
08-15 12:41:43.438 2708 2708 D ViewRootImpl@79d19eb[ArticleListActivity]: ViewPostImeInputStage processPointer 0
08-15 12:41:43.526 2708 2708 D ViewRootImpl@79d19eb[ArticleListActivity]: ViewPostImeInputStage processPointer 1
08-15 12:41:43.570 2708 2708 D ViewRootImpl@79d19eb[ArticleListActivity]: MSG_WINDOW_FOCUS_CHANGED 0
08-15 12:41:43.756 2708 2708 D ViewRootImpl@3f5652a[CartActivity]: ThreadedRenderer.create() translucent=false
08-15 12:41:43.759 2708 2708 D InputTransport: Input channel constructed: fd=66
08-15 12:41:43.759 2708 2708 D ViewRootImpl@3f5652a[CartActivity]: setView = DecorView@ccb0f1b[CartActivity] touchMode=true
08-15 12:41:43.772 2708 2708 D ViewRootImpl@3f5652a[CartActivity]: dispatchAttachedToWindow
08-15 12:41:43.800 2708 2708 D ViewRootImpl@3f5652a[CartActivity]: Relayout returned: oldFrame=[0,0][0,0] newFrame=[0,0][768,1024] result=0x27 surface={isValid=true -1801527296} surfaceGenerationChanged=true
08-15 12:41:43.801 2708 2708 D ViewRootImpl@3f5652a[CartActivity]: mHardwareRenderer.initialize() mSurface={isValid=true -1801527296} hwInitialized=true
08-15 12:41:43.917 2708 2708 D AbsListView: in onLayout changed
08-15 12:41:43.965 2708 2708 D ViewRootImpl@3f5652a[CartActivity]: MSG_RESIZED_REPORT: frame=Rect(0, 0 - 768, 1024) ci=Rect(0, 24 - 0, 0) vi=Rect(0, 24 - 0, 0) or=1
08-15 12:41:43.965 2708 2708 D ViewRootImpl@3f5652a[CartActivity]: MSG_WINDOW_FOCUS_CHANGED 1
08-15 12:41:43.966 2708 2708 D ViewRootImpl@3f5652a[CartActivity]: mHardwareRenderer.initializeIfNeeded()#2 mSurface={isValid=true -1801527296}
08-15 12:41:43.980 2708 2708 V InputMethodManager: Starting input: tba=android.view.inputmethod.EditorInfo@70f70c0 nm : cz.gienger.mobile ic=null
08-15 12:41:43.980 2708 2708 I InputMethodManager: startInputInner - mService.startInputOrWindowGainedFocus
08-15 12:41:43.982 2708 2708 D InputTransport: Input channel constructed: fd=67
08-15 12:41:43.982 2708 2708 D InputTransport: Input channel destroyed: fd=78
08-15 12:41:44.020 2708 2774 D OpenGLRenderer: endAllActiveAnimators on 0x91b8b480 (RippleDrawable) with handle 0x94d50810
08-15 12:41:44.020 2708 2708 D ViewRootImpl@79d19eb[ArticleListActivity]: mHardwareRenderer.destroy()#1
08-15 12:41:44.034 2708 2708 D ViewRootImpl@79d19eb[ArticleListActivity]: Relayout returned: oldFrame=[0,0][768,1024] newFrame=[0,0][768,1024] result=0x5 surface={isValid=false 0} surfaceGenerationChanged=true
08-15 12:41:44.432 2708 2708 D ViewRootImpl@79d19eb[ArticleListActivity]: Relayout returned: oldFrame=[0,0][768,1024] newFrame=[0,0][768,1024] result=0x5 surface={isValid=false 0} surfaceGenerationChanged=false
08-15 12:41:45.222 2708 2708 D ViewRootImpl@3f5652a[CartActivity]: ViewPostImeInputStage processPointer 0
08-15 12:41:45.258 2708 2708 D AbsListView: reportScrollStateChange() newState : 1
08-15 12:41:46.152 2708 2708 D ViewRootImpl@3f5652a[CartActivity]: ViewPostImeInputStage processPointer 1
08-15 12:41:46.152 2708 2708 D AbsListView: onTouchUp() mTouchMode : 3
08-15 12:41:46.152 2708 2708 D AbsListView: onTouchUp() TOUCH_MODE_SCROLL initialVelocity : 7
08-15 12:41:46.152 2708 2708 D AbsListView: reportScrollStateChange() newState : 0
08-15 12:41:46.507 2708 2708 D ViewRootImpl@3f5652a[CartActivity]: ViewPostImeInputStage processPointer 0
08-15 12:41:46.578 2708 2708 D ViewRootImpl@3f5652a[CartActivity]: ViewPostImeInputStage processPointer 1
08-15 12:41:46.589 2708 2708 V InputMethodManager: Starting input: tba=android.view.inputmethod.EditorInfo@8fd6233 nm : cz.gienger.mobile ic=com.android.internal.widget.EditableInputConnection@e4089f0
08-15 12:41:46.589 2708 2708 I InputMethodManager: startInputInner - mService.startInputOrWindowGainedFocus
08-15 12:41:46.590 2708 2708 D InputTransport: Input channel constructed: fd=76
08-15 12:41:46.590 2708 2708 D InputTransport: Input channel destroyed: fd=67
08-15 12:41:46.590 2708 2708 D InputMethodManager: SSI - flag : 0 Pid : 2708 view : cz.gienger.mobile
08-15 12:41:46.913 2708 2708 D ViewRootImpl@3f5652a[CartActivity]: MSG_RESIZED: frame=Rect(0, 0 - 768, 1024) ci=Rect(0, 24 - 0, 359) vi=Rect(0, 24 - 0, 359) or=1
08-15 12:41:46.938 2708 2708 D ViewRootImpl@3f5652a[CartActivity]: Relayout returned: oldFrame=[0,0][768,1024] newFrame=[0,0][768,1024] result=0x1 surface={isValid=true -1801527296} surfaceGenerationChanged=false
08-15 12:41:46.960 2708 2708 D AbsListView: in onLayout changed
08-15 12:41:48.464 2708 2708 D ViewRootImpl@3f5652a[CartActivity]: ViewPostImeInputStage processPointer 0
08-15 12:41:48.531 2708 2708 D ViewRootImpl@3f5652a[CartActivity]: ViewPostImeInputStage processPointer 1
08-15 12:41:48.554 2708 2708 V InputMethodManager: Starting input: tba=android.view.inputmethod.EditorInfo@8d87195 nm : cz.gienger.mobile ic=com.android.internal.widget.EditableInputConnection@501f2aa
08-15 12:41:48.554 2708 2708 I InputMethodManager: startInputInner - mService.startInputOrWindowGainedFocus
08-15 12:41:48.556 2708 2708 D InputTransport: Input channel constructed: fd=67
08-15 12:41:48.556 2708 2708 D InputTransport: Input channel destroyed: fd=76
08-15 12:41:48.557 2708 2708 D InputMethodManager: SSI - flag : 0 Pid : 2708 view : cz.gienger.mobile
08-15 12:41:48.561 2708 2708 W IInputConnectionWrapper: finishComposingText on inactive InputConnection
08-15 12:41:49.623 2708 2708 D ViewRootImpl@3f5652a[CartActivity]: ViewPostImeInputStage processPointer 0
08-15 12:41:49.704 2708 2708 D ViewRootImpl@3f5652a[CartActivity]: ViewPostImeInputStage processPointer 1
08-15 12:41:49.727 2708 2708 V InputMethodManager: Starting input: tba=android.view.inputmethod.EditorInfo@4963e4d nm : cz.gienger.mobile ic=com.android.internal.widget.EditableInputConnection@7822d02
08-15 12:41:49.727 2708 2708 I InputMethodManager: startInputInner - mService.startInputOrWindowGainedFocus
08-15 12:41:49.729 2708 2708 D InputTransport: Input channel constructed: fd=76
08-15 12:41:49.729 2708 2708 D InputTransport: Input channel destroyed: fd=67
08-15 12:41:49.730 2708 2708 D InputMethodManager: SSI - flag : 0 Pid : 2708 view : cz.gienger.mobile
08-15 12:41:49.734 2708 2708 W IInputConnectionWrapper: finishComposingText on inactive InputConnection
08-15 12:41:52.467 2708 2708 D ViewRootImpl@3f5652a[CartActivity]: ViewPostImeInputStage processPointer 0
08-15 12:41:52.547 2708 2708 D ViewRootImpl@3f5652a[CartActivity]: ViewPostImeInputStage processPointer 1
08-15 12:41:52.569 2708 2708 V InputMethodManager: Starting input: tba=android.view.inputmethod.EditorInfo@c0917c nm : cz.gienger.mobile ic=com.android.internal.widget.EditableInputConnection@39ea05
08-15 12:41:52.569 2708 2708 I InputMethodManager: startInputInner - mService.startInputOrWindowGainedFocus
08-15 12:41:52.571 2708 2708 D InputTransport: Input channel constructed: fd=67
08-15 12:41:52.571 2708 2708 D InputTransport: Input channel destroyed: fd=76
08-15 12:41:52.571 2708 2708 D InputMethodManager: SSI - flag : 0 Pid : 2708 view : cz.gienger.mobile
08-15 12:41:52.575 2708 2708 W IInputConnectionWrapper: finishComposingText on inactive InputConnection
08-15 12:41:55.331 2708 2708 D ViewRootImpl@3f5652a[CartActivity]: ViewPostImeInputStage processPointer 0
08-15 12:41:55.421 2708 2708 D ViewRootImpl@3f5652a[CartActivity]: ViewPostImeInputStage processPointer 1
08-15 12:41:55.529 2708 2708 D ScrollView: initGoToTop
08-15 12:41:55.534 2708 2708 D ScrollView: initGoToTop
08-15 12:41:55.544 2708 2708 D ViewRootImpl@d3586f8[CartActivity]: ThreadedRenderer.create() translucent=true
08-15 12:41:55.551 2708 2708 D InputTransport: Input channel constructed: fd=76
08-15 12:41:55.552 2708 2708 D ViewRootImpl@d3586f8[CartActivity]: setView = DecorView@aba37d1[CartActivity] touchMode=true
08-15 12:41:55.555 2708 2708 D ViewRootImpl@d3586f8[CartActivity]: dispatchAttachedToWindow
08-15 12:41:55.625 2708 2708 D ViewRootImpl@d3586f8[CartActivity]: Relayout returned: oldFrame=[0,0][0,0] newFrame=[194,258][574,790] result=0x27 surface={isValid=true -1826203648} surfaceGenerationChanged=true
08-15 12:41:55.625 2708 2708 D ViewRootImpl@d3586f8[CartActivity]: mHardwareRenderer.initialize() mSurface={isValid=true -1826203648} hwInitialized=true
08-15 12:41:55.633 2708 2708 D ScrollView: onsize change changed
08-15 12:41:55.637 2708 2708 D ViewRootImpl@d3586f8[CartActivity]: MSG_WINDOW_FOCUS_CHANGED 1
08-15 12:41:55.637 2708 2708 D ViewRootImpl@d3586f8[CartActivity]: mHardwareRenderer.initializeIfNeeded()#2 mSurface={isValid=true -1826203648}
08-15 12:41:55.669 2708 2708 D ViewRootImpl@d3586f8[CartActivity]: MSG_RESIZED_REPORT: frame=Rect(194, 258 - 574, 790) ci=Rect(0, 0 - 0, 0) vi=Rect(0, 0 - 0, 0) or=1
08-15 12:41:55.730 2708 2708 D ViewRootImpl@3f5652a[CartActivity]: MSG_WINDOW_FOCUS_CHANGED 0
08-15 12:41:57.160 2708 2708 D ViewRootImpl@d3586f8[CartActivity]: ViewPostImeInputStage processPointer 0
08-15 12:41:57.230 2708 2708 D ViewRootImpl@d3586f8[CartActivity]: ViewPostImeInputStage processPointer 1
08-15 12:41:57.961 2708 2708 D ViewRootImpl@d3586f8[CartActivity]: ViewPostImeInputStage processPointer 0
08-15 12:41:58.031 2708 2708 D ViewRootImpl@d3586f8[CartActivity]: ViewPostImeInputStage processPointer 1
08-15 12:41:58.072 2708 2708 D ViewRootImpl@d3586f8[CartActivity]: mHardwareRenderer.destroy()#4
08-15 12:41:58.072 2708 2708 D ViewRootImpl@d3586f8[CartActivity]: dispatchDetachedFromWindow
08-15 12:41:58.083 2708 2708 D InputTransport: Input channel destroyed: fd=76
08-15 12:41:58.085 2708 2708 D ViewRootImpl@3f5652a[CartActivity]: MSG_WINDOW_FOCUS_CHANGED 1
08-15 12:41:58.086 2708 2708 D ViewRootImpl@3f5652a[CartActivity]: mHardwareRenderer.initializeIfNeeded()#2 mSurface={isValid=true -1801527296}
08-15 12:41:58.107 2708 2708 E ViewRootImpl: sendUserActionEvent() returned.
08-15 12:41:59.199 2708 2708 D ViewRootImpl@3f5652a[CartActivity]: ViewPostImeInputStage processPointer 0
08-15 12:41:59.239 2708 2708 D AbsListView: reportScrollStateChange() newState : 1
08-15 12:41:59.529 2708 2708 D ViewRootImpl@3f5652a[CartActivity]: ViewPostImeInputStage processPointer 1
08-15 12:41:59.529 2708 2708 D AbsListView: onTouchUp() mTouchMode : 3
08-15 12:41:59.529 2708 2708 D AbsListView: onTouchUp() TOUCH_MODE_SCROLL initialVelocity : 0
08-15 12:41:59.529 2708 2708 D AbsListView: reportScrollStateChange() newState : 0
08-15 12:42:03.307 2708 2708 D ViewRootImpl@3f5652a[CartActivity]: ViewPostImeInputStage processPointer 0
08-15 12:42:03.367 2708 2708 D ViewRootImpl@3f5652a[CartActivity]: ViewPostImeInputStage processPointer 1
08-15 12:42:06.165 2708 2708 D ViewRootImpl@3f5652a[CartActivity]: ViewPostImeInputStage processPointer 0
08-15 12:42:06.233 2708 2708 D ViewRootImpl@3f5652a[CartActivity]: ViewPostImeInputStage processPointer 1
08-15 12:42:06.254 2708 2708 V InputMethodManager: Starting input: tba=android.view.inputmethod.EditorInfo@e61f832 nm : cz.gienger.mobile ic=com.android.internal.widget.EditableInputConnection@2021983
08-15 12:42:06.254 2708 2708 I InputMethodManager: startInputInner - mService.startInputOrWindowGainedFocus
08-15 12:42:06.257 2708 2708 D InputTransport: Input channel constructed: fd=76
08-15 12:42:06.257 2708 2708 D InputTransport: Input channel destroyed: fd=67
08-15 12:42:06.257 2708 2708 D InputMethodManager: SSI - flag : 0 Pid : 2708 view : cz.gienger.mobile
08-15 12:42:06.262 2708 2708 W IInputConnectionWrapper: finishComposingText on inactive InputConnection
08-15 12:42:08.081 2708 2708 D ViewRootImpl@3f5652a[CartActivity]: ViewPostImeInputStage processPointer 0
08-15 12:42:08.138 2708 2708 D ViewRootImpl@3f5652a[CartActivity]: ViewPostImeInputStage processPointer 1
08-15 12:42:08.245 2708 2708 D ViewRootImpl@3f5652a[CartActivity]: MSG_WINDOW_FOCUS_CHANGED 0
08-15 12:42:08.351 2708 2774 D OpenGLRenderer: endAllActiveAnimators on 0x932e7780 (RippleDrawable) with handle 0x94c36250
08-15 12:42:08.351 2708 2708 D ViewRootImpl@3f5652a[CartActivity]: mHardwareRenderer.destroy()#1
08-15 12:42:08.363 2708 2708 D ViewRootImpl@3f5652a[CartActivity]: Relayout returned: oldFrame=[0,0][768,1024] newFrame=[0,0][768,1024] result=0x5 surface={isValid=false 0} surfaceGenerationChanged=true
08-15 12:42:10.475 2708 2708 D InputTransport: Input channel destroyed: fd=76
08-15 12:42:10.484 2708 2708 W IInputConnectionWrapper: finishComposingText on inactive InputConnection
08-15 12:42:10.578 2708 2708 W IInputConnectionWrapper: reportFullscreenMode on inexistent InputConnection
08-15 12:42:10.578 2708 2708 W IInputConnectionWrapper: finishComposingText on inactive InputConnection
08-15 12:42:10.774 2708 2708 D ViewRootImpl@3f5652a[CartActivity]: Relayout returned: oldFrame=[0,0][768,1024] newFrame=[0,0][768,1024] result=0x5 surface={isValid=false 0} surfaceGenerationChanged=false
08-15 12:42:10.965 2708 2708 D LOCATION_SERVICE: onLocationChanged: Location[network 49,190892,17,534473 acc=34 et=+12m53s770ms alt=0.0 vel=0.0 bear=0.0 {Bundle[mParcelledData.dataSize=80]}]
08-15 12:42:17.196 2708 2708 D LOCATION_SERVICE: onLocationChanged: Location[network 49,191077,17,534592 acc=21 et=+13m0s1ms alt=0.0 vel=0.0 bear=0.0 {Bundle[mParcelledData.dataSize=80]}]
08-15 12:43:58.194 2708 2708 D ViewRootImpl@3f5652a[CartActivity]: mHardwareRenderer.destroy()#1
08-15 12:43:58.202 2708 2708 D ViewRootImpl@3f5652a[CartActivity]: Relayout returned: oldFrame=[0,0][768,1024] newFrame=[0,0][768,1024] result=0x1 surface={isValid=false 0} surfaceGenerationChanged=false
08-15 12:43:58.250 2708 2708 V InputMethodManager: Starting input: tba=android.view.inputmethod.EditorInfo@26971f5 nm : cz.gienger.mobile ic=com.android.internal.widget.EditableInputConnection@1c5b8a
08-15 12:43:58.250 2708 2708 I InputMethodManager: startInputInner - mService.startInputOrWindowGainedFocus
08-15 12:43:58.284 2708 2708 D ViewRootImpl@3f5652a[CartActivity]: Relayout returned: oldFrame=[0,0][768,1024] newFrame=[0,0][768,1024] result=0x7 surface={isValid=true -1854099456} surfaceGenerationChanged=true
08-15 12:43:58.285 2708 2708 D ViewRootImpl@3f5652a[CartActivity]: mHardwareRenderer.initialize() mSurface={isValid=true -1854099456} hwInitialized=true
08-15 12:43:58.318 2708 2708 D AbsListView: in onLayout changed
08-15 12:43:58.344 2708 2708 D ViewRootImpl@3f5652a[CartActivity]: MSG_RESIZED_REPORT: frame=Rect(0, 0 - 768, 1024) ci=Rect(0, 24 - 0, 0) vi=Rect(0, 24 - 0, 0) or=1
08-15 12:43:58.344 2708 2708 D ViewRootImpl@3f5652a[CartActivity]: MSG_WINDOW_FOCUS_CHANGED 1
08-15 12:43:58.344 2708 2708 D ViewRootImpl@3f5652a[CartActivity]: mHardwareRenderer.initializeIfNeeded()#2 mSurface={isValid=true -1854099456}
08-15 12:43:58.359 2708 2708 V InputMethodManager: Starting input: tba=android.view.inputmethod.EditorInfo@54f078c nm : cz.gienger.mobile ic=com.android.internal.widget.EditableInputConnection@93b0ed5
08-15 12:43:58.359 2708 2708 I InputMethodManager: startInputInner - mService.startInputOrWindowGainedFocus
08-15 12:43:58.364 2708 2708 D InputTransport: Input channel constructed: fd=63
08-15 12:43:58.399 2708 2708 V InputMethodManager: Starting input: tba=android.view.inputmethod.EditorInfo@a6866ea nm : cz.gienger.mobile ic=com.android.internal.widget.EditableInputConnection@cb4ddb
08-15 12:43:58.399 2708 2708 I InputMethodManager: startInputInner - mService.startInputOrWindowGainedFocus
08-15 12:43:58.400 2708 2708 D InputTransport: Input channel constructed: fd=69
08-15 12:43:58.401 2708 2708 D InputTransport: Input channel destroyed: fd=63
08-15 12:43:58.403 2708 2708 W IInputConnectionWrapper: finishComposingText on inactive InputConnection
08-15 12:44:00.216 2708 2708 D ViewRootImpl@3f5652a[CartActivity]: ViewPostImeInputStage processPointer 0
08-15 12:44:00.259 2708 2708 D AbsListView: reportScrollStateChange() newState : 1
08-15 12:44:00.549 2708 2708 D ViewRootImpl@3f5652a[CartActivity]: ViewPostImeInputStage processPointer 1
08-15 12:44:00.549 2708 2708 D AbsListView: onTouchUp() mTouchMode : 3
08-15 12:44:00.549 2708 2708 D AbsListView: onTouchUp() TOUCH_MODE_SCROLL initialVelocity : -40
08-15 12:44:00.549 2708 2708 D AbsListView: reportScrollStateChange() newState : 0
08-15 12:44:00.910 2708 2708 D ViewRootImpl@3f5652a[CartActivity]: ViewPostImeInputStage processPointer 0
08-15 12:44:01.431 2708 2708 D TextView: performLongClick() is called
08-15 12:44:01.438 2708 2708 D TextView: handled is false
08-15 12:44:01.546 2708 2708 D ScrollView: initGoToTop
08-15 12:44:01.565 2708 2708 D ViewRootImpl@7e6c2b5[PopupWindow:a0b9eec]: ThreadedRenderer.create() translucent=true
08-15 12:44:01.572 2708 2708 D InputTransport: Input channel constructed: fd=76
08-15 12:44:01.572 2708 2708 D ViewRootImpl@7e6c2b5[PopupWindow:a0b9eec]: setView = android.widget.PopupWindow$PopupDecorView{9923d4a V.E...... ......I. 0,0-0,0} touchMode=true
08-15 12:44:01.574 2708 2708 D ViewRootImpl@7e6c2b5[PopupWindow:a0b9eec]: dispatchAttachedToWindow
08-15 12:44:01.603 2708 2708 D ViewRootImpl@7e6c2b5[PopupWindow:a0b9eec]: Relayout returned: oldFrame=[0,0][0,0] newFrame=[38,913][68,949] result=0x27 surface={isValid=true -1802721280} surfaceGenerationChanged=true
08-15 12:44:01.603 2708 2708 D ViewRootImpl@7e6c2b5[PopupWindow:a0b9eec]: mHardwareRenderer.initialize() mSurface={isValid=true -1802721280} hwInitialized=true
08-15 12:44:01.617 2708 2708 D ViewRootImpl@7e6c2b5[PopupWindow:a0b9eec]: MSG_RESIZED_REPORT: frame=Rect(38, 913 - 68, 949) ci=Rect(0, 0 - 0, 0) vi=Rect(0, 0 - 0, 0) or=1
08-15 12:44:01.653 2708 2708 D ViewRootImpl@32bc152[PopupWindow:77331dd]: ThreadedRenderer.create() translucent=true
08-15 12:44:01.656 2708 2708 D InputTransport: Input channel constructed: fd=78
08-15 12:44:01.656 2708 2708 D ViewRootImpl@32bc152[PopupWindow:77331dd]: setView = android.widget.PopupWindow$PopupDecorView{5f47c23 V.E...... ......I. 0,0-0,0} touchMode=true
08-15 12:44:01.659 2708 2708 D ViewRootImpl@32bc152[PopupWindow:77331dd]: dispatchAttachedToWindow
08-15 12:44:01.687 2708 2708 D ViewRootImpl@32bc152[PopupWindow:77331dd]: Relayout returned: oldFrame=[0,0][0,0] newFrame=[10,822][243,886] result=0x27 surface={isValid=true -1798150144} surfaceGenerationChanged=true
08-15 12:44:01.688 2708 2708 D ViewRootImpl@32bc152[PopupWindow:77331dd]: mHardwareRenderer.initialize() mSurface={isValid=true -1798150144} hwInitialized=true
08-15 12:44:01.717 2708 2708 D ViewRootImpl@32bc152[PopupWindow:77331dd]: MSG_RESIZED_REPORT: frame=Rect(10, 822 - 243, 886) ci=Rect(0, 0 - 0, 0) vi=Rect(0, 0 - 0, 0) or=1
08-15 12:44:02.275 2708 2708 D ViewRootImpl@3f5652a[CartActivity]: ViewPostImeInputStage processPointer 1
08-15 12:44:02.292 2708 2708 V InputMethodManager: Starting input: tba=android.view.inputmethod.EditorInfo@520a09e nm : cz.gienger.mobile ic=com.android.internal.widget.EditableInputConnection@808b77f
08-15 12:44:02.292 2708 2708 I InputMethodManager: startInputInner - mService.startInputOrWindowGainedFocus
08-15 12:44:02.295 2708 2708 D InputTransport: Input channel constructed: fd=93
08-15 12:44:02.295 2708 2708 D InputTransport: Input channel destroyed: fd=69
08-15 12:44:02.307 2708 2708 W IInputConnectionWrapper: finishComposingText on inactive InputConnection
08-15 12:44:02.938 2708 2708 D ViewRootImpl@32bc152[PopupWindow:77331dd]: ViewPostImeInputStage processPointer 0
08-15 12:44:03.020 2708 2708 D ViewRootImpl@32bc152[PopupWindow:77331dd]: ViewPostImeInputStage processPointer 1
08-15 12:44:03.020 2708 2708 W TextView: insertLog : no permission of survey
08-15 12:44:03.030 2708 2708 W TextView: insertLog : no permission of survey
08-15 12:44:03.203 2708 2708 D ViewRootImpl@7e6c2b5[PopupWindow:a0b9eec]: mHardwareRenderer.destroy()#4
08-15 12:44:03.204 2708 2708 D ViewRootImpl@7e6c2b5[PopupWindow:a0b9eec]: dispatchDetachedFromWindow
08-15 12:44:03.212 2708 2708 D InputTransport: Input channel destroyed: fd=76
08-15 12:44:03.249 2708 2774 D OpenGLRenderer: endAllActiveAnimators on 0x9189e400 (RippleDrawable) with handle 0x920123d0
08-15 12:44:03.250 2708 2708 D ViewRootImpl@32bc152[PopupWindow:77331dd]: mHardwareRenderer.destroy()#4
08-15 12:44:03.250 2708 2708 D ViewRootImpl@32bc152[PopupWindow:77331dd]: dispatchDetachedFromWindow
08-15 12:44:03.259 2708 2708 D InputTransport: Input channel destroyed: fd=78
08-15 12:44:03.915 2708 2708 D ViewRootImpl@3f5652a[CartActivity]: ViewPostImeInputStage processPointer 0
08-15 12:44:03.968 2708 2708 D AbsListView: reportScrollStateChange() newState : 1
08-15 12:44:04.258 2708 2708 D ViewRootImpl@3f5652a[CartActivity]: ViewPostImeInputStage processPointer 1
08-15 12:44:04.258 2708 2708 D AbsListView: onTouchUp() mTouchMode : 3
08-15 12:44:04.258 2708 2708 D AbsListView: onTouchUp() TOUCH_MODE_SCROLL initialVelocity : -49
08-15 12:44:04.258 2708 2708 D AbsListView: reportScrollStateChange() newState : 0
08-15 12:44:04.838 2708 2708 D ViewRootImpl@3f5652a[CartActivity]: ViewPostImeInputStage processPointer 0
08-15 12:44:04.921 2708 2708 D ViewRootImpl@3f5652a[CartActivity]: ViewPostImeInputStage processPointer 1
08-15 12:44:04.939 2708 2708 D View : requestFocusFromTouch
08-15 12:44:04.960 2708 2708 D ScrollView: initGoToTop
08-15 12:44:04.964 2708 2708 D ScrollView: initGoToTop
08-15 12:44:04.972 2708 2708 D ViewRootImpl@cd9cf81[CartActivity]: ThreadedRenderer.create() translucent=true
08-15 12:44:04.978 2708 2708 D InputTransport: Input channel constructed: fd=69
08-15 12:44:04.978 2708 2708 D ViewRootImpl@cd9cf81[CartActivity]: setView = DecorView@4bcd826[CartActivity] touchMode=false
08-15 12:44:04.979 2708 2708 V InputMethodManager: Starting input: tba=android.view.inputmethod.EditorInfo@1a7cc67 nm : cz.gienger.mobile ic=null
08-15 12:44:04.979 2708 2708 I InputMethodManager: startInputInner - mService.startInputOrWindowGainedFocus
08-15 12:44:04.980 2708 2708 D InputTransport: Input channel constructed: fd=76
08-15 12:44:04.980 2708 2708 D InputTransport: Input channel destroyed: fd=93
08-15 12:44:04.983 2708 2708 D ViewRootImpl@cd9cf81[CartActivity]: dispatchAttachedToWindow
08-15 12:44:05.010 2708 2708 D ViewRootImpl@cd9cf81[CartActivity]: Relayout returned: oldFrame=[0,0][0,0] newFrame=[108,450][660,597] result=0x26 surface={isValid=true -1852559360} surfaceGenerationChanged=true
08-15 12:44:05.010 2708 2708 D ViewRootImpl@cd9cf81[CartActivity]: mHardwareRenderer.initialize() mSurface={isValid=true -1852559360} hwInitialized=true
08-15 12:44:05.013 2708 2708 D ScrollView: onsize change changed
08-15 12:44:05.013 2708 2708 D ScrollView: onsize change changed
08-15 12:44:05.014 2708 2708 D ViewRootImpl@cd9cf81[CartActivity]: MSG_WINDOW_FOCUS_CHANGED 1
08-15 12:44:05.015 2708 2708 D ViewRootImpl@cd9cf81[CartActivity]: mHardwareRenderer.initializeIfNeeded()#2 mSurface={isValid=true -1852559360}
08-15 12:44:05.015 2708 2708 V InputMethodManager: Not IME target window, ignoring
08-15 12:44:05.015 2708 2708 W IInputConnectionWrapper: finishComposingText on inactive InputConnection
08-15 12:44:05.037 2708 2708 D ViewRootImpl@cd9cf81[CartActivity]: MSG_RESIZED_REPORT: frame=Rect(108, 450 - 660, 597) ci=Rect(0, 0 - 0, 0) vi=Rect(0, 0 - 0, 0) or=1
08-15 12:44:05.056 2708 2708 D ViewRootImpl@3f5652a[CartActivity]: MSG_WINDOW_FOCUS_CHANGED 0
08-15 12:44:06.637 2708 2708 D ViewRootImpl@cd9cf81[CartActivity]: ViewPostImeInputStage processPointer 0
08-15 12:44:06.706 2708 2708 D ViewRootImpl@cd9cf81[CartActivity]: ViewPostImeInputStage processPointer 1
08-15 12:44:06.746 2708 2708 D ScrollView: initGoToTop
08-15 12:44:06.751 2708 2708 D ScrollView: initGoToTop
08-15 12:44:06.762 2708 2708 D ViewRootImpl@b2241c8[CartActivity]: ThreadedRenderer.create() translucent=true
08-15 12:44:06.767 2708 2708 D InputTransport: Input channel constructed: fd=85
08-15 12:44:06.768 2708 2708 D ViewRootImpl@b2241c8[CartActivity]: setView = DecorView@6512261[CartActivity] touchMode=true
08-15 12:44:06.784 2708 2774 D OpenGLRenderer: endAllActiveAnimators on 0x9198a300 (RippleDrawable) with handle 0x92012930
08-15 12:44:06.784 2708 2708 D ViewRootImpl@cd9cf81[CartActivity]: mHardwareRenderer.destroy()#4
08-15 12:44:06.784 2708 2708 D ViewRootImpl@cd9cf81[CartActivity]: dispatchDetachedFromWindow
08-15 12:44:06.800 2708 2708 D InputTransport: Input channel destroyed: fd=69
08-15 12:44:06.801 2708 2708 D ViewRootImpl@b2241c8[CartActivity]: dispatchAttachedToWindow
08-15 12:44:06.845 2708 2708 D ViewRootImpl@b2241c8[CartActivity]: Relayout returned: oldFrame=[0,0][0,0] newFrame=[108,466][660,582] result=0x27 surface={isValid=true -1852559360} surfaceGenerationChanged=true
08-15 12:44:06.846 2708 2708 D ViewRootImpl@b2241c8[CartActivity]: mHardwareRenderer.initialize() mSurface={isValid=true -1852559360} hwInitialized=true
08-15 12:44:06.854 2708 2708 D ViewRootImpl@b2241c8[CartActivity]: MSG_WINDOW_FOCUS_CHANGED 1
08-15 12:44:06.854 2708 2708 D ViewRootImpl@b2241c8[CartActivity]: mHardwareRenderer.initializeIfNeeded()#2 mSurface={isValid=true -1852559360}
08-15 12:44:06.865 2708 2708 D ViewRootImpl@b2241c8[CartActivity]: MSG_RESIZED_REPORT: frame=Rect(108, 466 - 660, 582) ci=Rect(0, 0 - 0, 0) vi=Rect(0, 0 - 0, 0) or=1
08-15 12:44:07.050 2708 2718 I art : Background partial concurrent mark sweep GC freed 122150(4MB) AllocSpace objects, 13(416KB) LOS objects, 50% free, 11MB/23MB, paused 1.097ms total 104.690ms
08-15 12:44:07.921 2708 2718 I art : Background sticky concurrent mark sweep GC freed 416071(12MB) AllocSpace objects, 6(1056KB) LOS objects, 18% free, 19MB/23MB, paused 901us total 107.347ms
08-15 12:44:08.654 2708 2718 I art : Background partial concurrent mark sweep GC freed 282555(8MB) AllocSpace objects, 5(172KB) LOS objects, 41% free, 16MB/28MB, paused 997us total 135.843ms
08-15 12:44:09.690 2708 2718 I art : Background partial concurrent mark sweep GC freed 323563(9MB) AllocSpace objects, 5(172KB) LOS objects, 40% free, 21MB/35MB, paused 1.041ms total 160.648ms
08-15 12:44:10.182 2708 2708 D ViewRootImpl@b2241c8[CartActivity]: mHardwareRenderer.destroy()#4
08-15 12:44:10.182 2708 2708 D ViewRootImpl@b2241c8[CartActivity]: dispatchDetachedFromWindow
08-15 12:44:10.195 2708 2708 D InputTransport: Input channel destroyed: fd=85
08-15 12:44:10.231 2708 2708 D ViewRootImpl@3f5652a[CartActivity]: MSG_WINDOW_FOCUS_CHANGED 1
08-15 12:44:10.232 2708 2708 V InputMethodManager: Not IME target window, ignoring
08-15 12:44:10.233 2708 2708 D ViewRootImpl@3f5652a[CartActivity]: mHardwareRenderer.initializeIfNeeded()#2 mSurface={isValid=true -1854099456}
08-15 12:44:10.242 2708 2708 V InputMethodManager: Starting input: tba=android.view.inputmethod.EditorInfo@e150996 nm : cz.gienger.mobile ic=null
08-15 12:44:10.242 2708 2708 I InputMethodManager: startInputInner - mService.startInputOrWindowGainedFocus
08-15 12:44:10.244 2708 2708 D InputTransport: Input channel constructed: fd=69
08-15 12:44:10.244 2708 2708 D InputTransport: Input channel destroyed: fd=76
08-15 12:44:10.244 2708 2708 E ViewRootImpl: sendUserActionEvent() returned.
08-15 12:44:10.244 2708 2708 D ViewRootImpl@3f5652a[CartActivity]: MSG_WINDOW_FOCUS_CHANGED 0
08-15 12:44:11.213 2708 2708 D ViewRootImpl@3f5652a[CartActivity]: mHardwareRenderer.destroy()#1
08-15 12:44:11.225 2708 2708 D ViewRootImpl@3f5652a[CartActivity]: Relayout returned: oldFrame=[0,0][768,1024] newFrame=[0,0][768,1024] result=0x5 surface={isValid=false 0} surfaceGenerationChanged=true
08-15 12:44:11.225 2708 2708 D InputTransport: Input channel destroyed: fd=69
08-15 12:44:11.624 2708 2708 D ViewRootImpl@3f5652a[CartActivity]: Relayout returned: oldFrame=[0,0][768,1024] newFrame=[0,0][768,1024] result=0x5 surface={isValid=false 0} surfaceGenerationChanged=false
08-15 12:44:19.676 2708 2708 D ViewRootImpl@124cef7[PdfArchiveActivity]: ThreadedRenderer.create() translucent=true
08-15 12:44:19.679 2708 2708 D InputTransport: Input channel constructed: fd=63
08-15 12:44:19.679 2708 2708 D ViewRootImpl@124cef7[PdfArchiveActivity]: setView = DecorView@dc59164[PdfArchiveActivity] touchMode=true
08-15 12:44:19.684 2708 2708 D ViewRootImpl@124cef7[PdfArchiveActivity]: dispatchAttachedToWindow
08-15 12:44:19.710 2708 2708 D ViewRootImpl@124cef7[PdfArchiveActivity]: Relayout returned: oldFrame=[0,0][0,0] newFrame=[241,456][527,568] result=0x27 surface={isValid=true -1852557312} surfaceGenerationChanged=true
08-15 12:44:19.710 2708 2708 D ViewRootImpl@124cef7[PdfArchiveActivity]: mHardwareRenderer.initialize() mSurface={isValid=true -1852557312} hwInitialized=true
08-15 12:44:19.713 2708 2708 D ViewRootImpl@124cef7[PdfArchiveActivity]: MSG_RESIZED_REPORT: frame=Rect(241, 456 - 527, 568) ci=Rect(0, 0 - 0, 0) vi=Rect(0, 0 - 0, 0) or=1
08-15 12:44:19.713 2708 2708 D ViewRootImpl@124cef7[PdfArchiveActivity]: MSG_WINDOW_FOCUS_CHANGED 1
08-15 12:44:19.713 2708 2708 D ViewRootImpl@124cef7[PdfArchiveActivity]: mHardwareRenderer.initializeIfNeeded()#2 mSurface={isValid=true -1852557312}
08-15 12:44:19.714 2708 2708 V InputMethodManager: Starting input: tba=android.view.inputmethod.EditorInfo@6c38fcd nm : cz.gienger.mobile ic=null
08-15 12:44:19.714 2708 2708 I InputMethodManager: startInputInner - mService.startInputOrWindowGainedFocus
08-15 12:44:19.716 2708 2708 D InputTransport: Input channel constructed: fd=67
08-15 12:44:20.789 2708 2708 D ViewRootImpl@124cef7[PdfArchiveActivity]: mHardwareRenderer.destroy()#1
08-15 12:44:20.807 2708 2708 D ViewRootImpl@124cef7[PdfArchiveActivity]: Relayout returned: oldFrame=[241,456][527,568] newFrame=[241,456][527,568] result=0x5 surface={isValid=false 0} surfaceGenerationChanged=true
08-15 12:44:20.808 2708 2708 D ViewRootImpl@124cef7[PdfArchiveActivity]: MSG_WINDOW_FOCUS_CHANGED 0
08-15 12:44:20.824 2708 2708 D ViewRootImpl@3f5652a[CartActivity]: mHardwareRenderer.destroy()#1
08-15 12:44:20.833 2708 2708 D ViewRootImpl@3f5652a[CartActivity]: Relayout returned: oldFrame=[0,0][768,1024] newFrame=[0,0][768,1024] result=0x1 surface={isValid=false 0} surfaceGenerationChanged=false
08-15 12:44:20.972 2708 8584 D MYINTERCEPTOR: /GiengerService.svc/uploadfinishedorder
08-15 12:44:20.973 2708 8584 D OkHttp : --> POST https://testsaig1.gienger.cz/GiengerService.svc/uploadfinishedorder http/1.1
08-15 12:44:20.973 2708 8584 D OkHttp : Content-Type: text/raw
08-15 12:44:20.974 2708 8584 D OkHttp : Content-Length: 109174
08-15 12:44:20.974 2708 8584 D OkHttp : filename: d1f8d78d-22c7-4fe5-9326-63a17709ae88.xml
08-15 12:44:20.974 2708 8584 D OkHttp : Checksum: 0f65c9268395c75f55faa93c5d808017
08-15 12:44:20.974 2708 8584 D OkHttp : token: a179935b28ab5fa0ca590030bf0a2edf
08-15 12:44:20.974 2708 8584 D OkHttp : state: CZ
08-15 12:44:20.974 2708 8584 D OkHttp : --> END POST
08-15 12:44:20.979 2708 2708 D ViewRootImpl@d34d23a[CategoryListActivity]: mHardwareRenderer.destroy()#4
08-15 12:44:20.979 2708 2708 D ViewRootImpl@d34d23a[CategoryListActivity]: dispatchDetachedFromWindow
08-15 12:44:20.986 2708 2708 D InputTransport: Input channel destroyed: fd=64
08-15 12:44:20.999 2708 2708 D ViewRootImpl@79d19eb[ArticleListActivity]: mHardwareRenderer.destroy()#4
08-15 12:44:20.999 2708 2708 D ViewRootImpl@79d19eb[ArticleListActivity]: dispatchDetachedFromWindow
08-15 12:44:21.006 2708 2708 D InputTransport: Input channel destroyed: fd=61
08-15 12:44:21.045 2708 2708 D ViewRootImpl@3f5652a[CartActivity]: Relayout returned: oldFrame=[0,0][768,1024] newFrame=[0,0][768,1024] result=0x7 surface={isValid=true -1853118464} surfaceGenerationChanged=true
08-15 12:44:21.046 2708 2708 D ViewRootImpl@3f5652a[CartActivity]: mHardwareRenderer.initialize() mSurface={isValid=true -1853118464} hwInitialized=true
08-15 12:44:21.075 2708 2708 D AbsListView: in onLayout changed
08-15 12:44:21.078 2708 2708 D LOCATION_SERVICE: onDestroy
08-15 12:44:21.138 2708 8584 D OkHttp : <-- 200 https://testsaig1.gienger.cz/GiengerService.svc/uploadfinishedorder (163ms)
08-15 12:44:21.138 2708 8584 D OkHttp : content-type: application/xml; charset=utf-8
08-15 12:44:21.138 2708 8584 D OkHttp : server: Microsoft-IIS/10.0
08-15 12:44:21.138 2708 8584 D OkHttp : x-powered-by: ASP.NET
08-15 12:44:21.139 2708 8584 D OkHttp : date: Wed, 15 Aug 2018 10:44:20 GMT
08-15 12:44:21.139 2708 8584 D OkHttp : content-length: 175
08-15 12:44:21.139 2708 8584 D OkHttp : <-- END HTTP
08-15 12:44:21.370 2708 2708 D ViewRootImpl@aeb9893[MainActivity]: Relayout returned: oldFrame=[0,0][768,1024] newFrame=[0,0][768,1024] result=0x7 surface={isValid=true -1852557312} surfaceGenerationChanged=true
08-15 12:44:21.370 2708 2708 D ViewRootImpl@aeb9893[MainActivity]: mHardwareRenderer.initialize() mSurface={isValid=true -1852557312} hwInitialized=true
08-15 12:44:21.444 2708 2708 D AbsListView: in onLayout changed
08-15 12:44:21.465 2708 2708 D ViewRootImpl@aeb9893[MainActivity]: MSG_WINDOW_FOCUS_CHANGED 1
08-15 12:44:21.465 2708 2708 D ViewRootImpl@aeb9893[MainActivity]: mHardwareRenderer.initializeIfNeeded()#2 mSurface={isValid=true -1852557312}
08-15 12:44:21.467 2708 2708 V InputMethodManager: Starting input: tba=android.view.inputmethod.EditorInfo@ad56695 nm : cz.gienger.mobile ic=null
08-15 12:44:21.467 2708 2708 I InputMethodManager: startInputInner - mService.startInputOrWindowGainedFocus
08-15 12:44:21.493 2708 2708 D InputTransport: Input channel constructed: fd=61
08-15 12:44:21.493 2708 2708 D InputTransport: Input channel destroyed: fd=67
08-15 12:44:21.524 2708 2708 D ViewRootImpl@3f5652a[CartActivity]: mHardwareRenderer.destroy()#1
08-15 12:44:21.532 2708 2708 D ViewRootImpl@3f5652a[CartActivity]: Relayout returned: oldFrame=[0,0][768,1024] newFrame=[0,0][768,1024] result=0x5 surface={isValid=false 0} surfaceGenerationChanged=true
08-15 12:44:21.540 2708 2708 D ViewRootImpl@124cef7[PdfArchiveActivity]: mHardwareRenderer.destroy()#4
08-15 12:44:21.540 2708 2708 D ViewRootImpl@124cef7[PdfArchiveActivity]: dispatchDetachedFromWindow
08-15 12:44:21.550 2708 2708 D InputTransport: Input channel destroyed: fd=63
08-15 12:44:21.940 2708 2708 D TextView: SYANI: Clipboard API is calling: clearFilter()
08-15 12:44:21.940 2708 2708 D TextView: SYANI: Clipboard API is calling: unregisterClipboardEventListener()
08-15 12:44:21.940 2708 2708 D TextView: SYANI: Clipboard API is calling: clearFilter()
08-15 12:44:21.940 2708 2708 D TextView: SYANI: Clipboard API is calling: unregisterClipboardEventListener()
08-15 12:44:21.941 2708 2708 D TextView: SYANI: Clipboard API is calling: clearFilter()
08-15 12:44:21.941 2708 2708 D TextView: SYANI: Clipboard API is calling: unregisterClipboardEventListener()
08-15 12:44:21.943 2708 2708 D TextView: SYANI: Clipboard API is calling: clearFilter()
08-15 12:44:21.943 2708 2708 D TextView: SYANI: Clipboard API is calling: unregisterClipboardEventListener()
08-15 12:44:21.944 2708 2708 D TextView: SYANI: Clipboard API is calling: clearFilter()
08-15 12:44:21.944 2708 2708 D TextView: SYANI: Clipboard API is calling: unregisterClipboardEventListener()
08-15 12:44:21.949 2708 2708 D TextView: SYANI: Clipboard API is calling: clearFilter()
08-15 12:44:21.949 2708 2708 D TextView: SYANI: Clipboard API is calling: unregisterClipboardEventListener()
08-15 12:44:21.951 2708 2708 D TextView: SYANI: Clipboard API is calling: clearFilter()
08-15 12:44:21.951 2708 2708 D TextView: SYANI: Clipboard API is calling: unregisterClipboardEventListener()
08-15 12:44:21.955 2708 2708 D TextView: SYANI: Clipboard API is calling: clearFilter()
08-15 12:44:21.955 2708 2708 D TextView: SYANI: Clipboard API is calling: unregisterClipboardEventListener()
08-15 12:44:21.960 2708 2708 D TextView: SYANI: Clipboard API is calling: clearFilter()
08-15 12:44:21.960 2708 2708 D TextView: SYANI: Clipboard API is calling: unregisterClipboardEventListener()
08-15 12:44:21.968 2708 2708 D ViewRootImpl@3f5652a[CartActivity]: mHardwareRenderer.destroy()#4
08-15 12:44:21.968 2708 2708 D ViewRootImpl@3f5652a[CartActivity]: dispatchDetachedFromWindow
08-15 12:44:21.976 2708 2708 D InputTransport: Input channel destroyed: fd=66
08-15 12:44:22.323 2708 2708 D ViewRootImpl: updatePointerIcon pointerType = 20001, calling pid = 2708
08-15 12:44:22.323 2708 2708 D InputManager: setPointerIconType iconId = 20001, callingPid = 2708
08-15 12:44:22.325 2708 2708 D ViewRootImpl: updatePointerIcon pointerType = 20001, calling pid = 2708
08-15 12:44:22.325 2708 2708 D InputManager: setPointerIconType iconId = 20001, callingPid = 2708
08-15 12:44:22.581 2708 2708 D ViewRootImpl@aeb9893[MainActivity]: ViewPostImeInputStage processPointer 0
08-15 12:44:22.582 2708 2708 D ViewRootImpl: updatePointerIcon pointerType = 20001, calling pid = 2708
08-15 12:44:22.582 2708 2708 D InputManager: setPointerIconType iconId = 20001, callingPid = 2708
08-15 12:44:22.591 2708 2708 D AbsListView: reportScrollStateChange() newState : 1
08-15 12:44:23.007 2708 2708 D ViewRootImpl@aeb9893[MainActivity]: ViewPostImeInputStage processPointer 1
08-15 12:44:23.007 2708 2708 D AbsListView: onTouchUp() mTouchMode : 3
08-15 12:44:23.007 2708 2708 D AbsListView: onTouchUp() TOUCH_MODE_SCROLL initialVelocity : 79
08-15 12:44:23.008 2708 2708 D AbsListView: reportScrollStateChange() newState : 2
08-15 12:44:23.021 2708 2708 D ViewRootImpl: updatePointerIcon pointerType = 20001, calling pid = 2708
08-15 12:44:23.021 2708 2708 D InputManager: setPointerIconType iconId = 20001, callingPid = 2708
08-15 12:44:23.022 2708 2708 D ViewRootImpl: updatePointerIcon pointerType = 20001, calling pid = 2708
08-15 12:44:23.022 2708 2708 D InputManager: setPointerIconType iconId = 20001, callingPid = 2708
08-15 12:44:23.129 2708 2708 D AbsListView: reportScrollStateChange() newState : 0
08-15 12:44:23.443 2708 2708 D ViewRootImpl@aeb9893[MainActivity]: ViewPostImeInputStage processPointer 0
08-15 12:44:23.444 2708 2708 D ViewRootImpl: updatePointerIcon pointerType = 20001, calling pid = 2708
08-15 12:44:23.444 2708 2708 D InputManager: setPointerIconType iconId = 20001, callingPid = 2708
08-15 12:44:23.491 2708 2708 D ViewRootImpl@aeb9893[MainActivity]: ViewPostImeInputStage processPointer 1
08-15 12:44:23.497 2708 2708 D ViewRootImpl: updatePointerIcon pointerType = 20001, calling pid = 2708
08-15 12:44:23.498 2708 2708 D InputManager: setPointerIconType iconId = 20001, callingPid = 2708
08-15 12:44:23.499 2708 2708 D ViewRootImpl: updatePointerIcon pointerType = 20001, calling pid = 2708
08-15 12:44:23.500 2708 2708 D InputManager: setPointerIconType iconId = 20001, callingPid = 2708
08-15 12:44:23.508 2708 2708 D item_click: viewId = 2131820758, position = 2
08-15 12:44:23.564 2708 2708 D ViewRootImpl@aeb9893[MainActivity]: MSG_WINDOW_FOCUS_CHANGED 0
08-15 12:44:23.626 2708 2708 D ScrollView: initGoToTop
08-15 12:44:23.694 2708 2708 D ViewRootImpl@7a27683[CancelDeliveryActivity]: ThreadedRenderer.create() translucent=false
08-15 12:44:23.697 2708 2708 D InputTransport: Input channel constructed: fd=66
08-15 12:44:23.697 2708 2708 D ViewRootImpl@7a27683[CancelDeliveryActivity]: setView = DecorView@c9a9000[CancelDeliveryActivity] touchMode=true
08-15 12:44:23.704 2708 2708 D ViewRootImpl@7a27683[CancelDeliveryActivity]: dispatchAttachedToWindow
08-15 12:44:23.751 2708 2708 D ViewRootImpl@7a27683[CancelDeliveryActivity]: Relayout returned: oldFrame=[0,0][0,0] newFrame=[0,0][768,1024] result=0x27 surface={isValid=true -1850333184} surfaceGenerationChanged=true
08-15 12:44:23.751 2708 2708 D ViewRootImpl@7a27683[CancelDeliveryActivity]: mHardwareRenderer.initialize() mSurface={isValid=true -1850333184} hwInitialized=true
08-15 12:44:23.758 2708 2708 D ScrollView: onsize change changed
08-15 12:44:23.759 2708 2708 D LOCATION_SERVICE: LocationListener gps
08-15 12:44:23.759 2708 2708 D LOCATION_SERVICE: LocationListener network
08-15 12:44:23.760 2708 2708 D LOCATION_SERVICE: onCreate
08-15 12:44:23.761 2708 2708 D LOCATION_SERVICE: initializeLocationManager
08-15 12:44:23.768 2708 2708 D LOCATION_SERVICE: onStartCommand
08-15 12:44:23.857 2708 2708 D ViewRootImpl@7a27683[CancelDeliveryActivity]: MSG_RESIZED_REPORT: frame=Rect(0, 0 - 768, 1024) ci=Rect(0, 24 - 0, 0) vi=Rect(0, 24 - 0, 0) or=1
08-15 12:44:23.857 2708 2708 D ViewRootImpl@7a27683[CancelDeliveryActivity]: MSG_WINDOW_FOCUS_CHANGED 1
08-15 12:44:23.857 2708 2708 D ViewRootImpl@7a27683[CancelDeliveryActivity]: mHardwareRenderer.initializeIfNeeded()#2 mSurface={isValid=true -1850333184}
08-15 12:44:23.862 2708 2708 V InputMethodManager: Starting input: tba=android.view.inputmethod.EditorInfo@a1703d7 nm : cz.gienger.mobile ic=null
08-15 12:44:23.862 2708 2708 I InputMethodManager: startInputInner - mService.startInputOrWindowGainedFocus
08-15 12:44:23.867 2708 2708 D InputTransport: Input channel constructed: fd=67
08-15 12:44:23.867 2708 2708 D InputTransport: Input channel destroyed: fd=61
08-15 12:44:23.923 2708 2774 D OpenGLRenderer: endAllActiveAnimators on 0x91acc780 (RippleDrawable) with handle 0x920124c0
08-15 12:44:23.924 2708 2708 D ViewRootImpl@aeb9893[MainActivity]: mHardwareRenderer.destroy()#1
08-15 12:44:23.935 2708 2708 D ViewRootImpl@aeb9893[MainActivity]: Relayout returned: oldFrame=[0,0][768,1024] newFrame=[0,0][768,1024] result=0x5 surface={isValid=false 0} surfaceGenerationChanged=true
08-15 12:44:24.318 2708 2708 D ViewRootImpl@aeb9893[MainActivity]: Relayout returned: oldFrame=[0,0][768,1024] newFrame=[0,0][768,1024] result=0x5 surface={isValid=false 0} surfaceGenerationChanged=false
08-15 12:44:24.435 2708 2708 D LOCATION_SERVICE: onLocationChanged: Location[network 49,191082,17,534565 acc=21 et=+15m7s241ms alt=0.0 vel=0.0 bear=0.0 {Bundle[mParcelledData.dataSize=80]}]
08-15 12:44:24.781 2708 2708 D ViewRootImpl@7a27683[CancelDeliveryActivity]: ViewPostImeInputStage processPointer 0
08-15 12:44:24.821 2708 2708 D ViewRootImpl@7a27683[CancelDeliveryActivity]: ViewPostImeInputStage processPointer 1
08-15 12:44:25.448 2708 2708 D ViewRootImpl@7a27683[CancelDeliveryActivity]: ViewPostImeInputStage processPointer 0
08-15 12:44:25.508 2708 2708 D ViewRootImpl@7a27683[CancelDeliveryActivity]: ViewPostImeInputStage processPointer 1
08-15 12:44:25.526 2708 2708 D UNDELIVERED: Reason ID = 2, Comment =
08-15 12:44:25.626 2708 2708 D ViewRootImpl@7a27683[CancelDeliveryActivity]: MSG_WINDOW_FOCUS_CHANGED 0
08-15 12:44:25.634 2708 8595 D MESSAGE_SERVICE: ACTION_COMPRESS_AND_UPLOAD
08-15 12:44:25.691 2708 2708 D ViewRootImpl@aeb9893[MainActivity]: mHardwareRenderer.destroy()#4
08-15 12:44:25.691 2708 2708 D ViewRootImpl@aeb9893[MainActivity]: dispatchDetachedFromWindow
08-15 12:44:25.698 2708 2708 D InputTransport: Input channel destroyed: fd=77
08-15 12:44:25.945 2708 2708 D ViewRootImpl@1d97213[MainActivity]: ThreadedRenderer.create() translucent=false
08-15 12:44:25.948 2708 2708 D InputTransport: Input channel constructed: fd=77
08-15 12:44:25.948 2708 2708 D ViewRootImpl@1d97213[MainActivity]: setView = DecorView@8098c50[MainActivity] touchMode=true
08-15 12:44:25.950 2708 2708 D ViewRootImpl@1d97213[MainActivity]: dispatchAttachedToWindow
08-15 12:44:26.007 2708 2708 D ViewRootImpl@1d97213[MainActivity]: Relayout returned: oldFrame=[0,0][0,0] newFrame=[0,0][768,1024] result=0x27 surface={isValid=true -1854273536} surfaceGenerationChanged=true
08-15 12:44:26.007 2708 2708 D ViewRootImpl@1d97213[MainActivity]: mHardwareRenderer.initialize() mSurface={isValid=true -1854273536} hwInitialized=true
08-15 12:44:26.094 2708 2708 D AbsListView: in onLayout changed
08-15 12:44:26.108 2708 2774 D OpenGLRenderer: endAllActiveAnimators on 0x91ef8000 (RippleDrawable) with handle 0x929aa690
08-15 12:44:26.108 2708 2708 D ViewRootImpl@7a27683[CancelDeliveryActivity]: mHardwareRenderer.destroy()#1
08-15 12:44:26.119 2708 2708 D ViewRootImpl@7a27683[CancelDeliveryActivity]: Relayout returned: oldFrame=[0,0][768,1024] newFrame=[0,0][768,1024] result=0x5 surface={isValid=false 0} surfaceGenerationChanged=true
08-15 12:44:26.190 2708 2708 D ViewRootImpl@1d97213[MainActivity]: MSG_RESIZED_REPORT: frame=Rect(0, 0 - 768, 1024) ci=Rect(0, 24 - 0, 0) vi=Rect(0, 24 - 0, 0) or=1
08-15 12:44:26.190 2708 2708 D ViewRootImpl@1d97213[MainActivity]: MSG_WINDOW_FOCUS_CHANGED 1
08-15 12:44:26.190 2708 2708 D ViewRootImpl@1d97213[MainActivity]: mHardwareRenderer.initializeIfNeeded()#2 mSurface={isValid=true -1854273536}
08-15 12:44:26.191 2708 2708 V InputMethodManager: Starting input: tba=android.view.inputmethod.EditorInfo@f1204a5 nm : cz.gienger.mobile ic=null
08-15 12:44:26.191 2708 2708 I InputMethodManager: startInputInner - mService.startInputOrWindowGainedFocus
08-15 12:44:26.202 2708 2708 D InputTransport: Input channel constructed: fd=63
08-15 12:44:26.202 2708 2708 D InputTransport: Input channel destroyed: fd=67
08-15 12:44:26.360 2708 8595 D FILE_MANAGER: Serializing delivery /data/user/0/cz.gienger.mobile/files/finished/130AT1180524474/130AT1180524474.xml
08-15 12:44:26.360 2708 8595 D FILE_MANAGER: Null files:
08-15 12:44:26.504 2708 8595 D MYINTERCEPTOR: /GiengerService.svc/sendorder
08-15 12:44:26.505 2708 8595 D OkHttp : --> POST https://testsaig1.gienger.cz/GiengerService.svc/sendorder http/1.1
08-15 12:44:26.505 2708 8595 D OkHttp : Content-Type: text/raw
08-15 12:44:26.505 2708 8595 D OkHttp : Content-Length: 3063
08-15 12:44:26.505 2708 8595 D OkHttp : filename: 130AT1180524474.xml
08-15 12:44:26.505 2708 8595 D OkHttp : Checksum: 03fa898aff776d6b975d9c2e039b81f4
08-15 12:44:26.506 2708 8595 D OkHttp : token: a179935b28ab5fa0ca590030bf0a2edf
08-15 12:44:26.506 2708 8595 D OkHttp : --> END POST
08-15 12:44:26.622 2708 8595 D OkHttp : <-- 200 https://testsaig1.gienger.cz/GiengerService.svc/sendorder (116ms)
08-15 12:44:26.623 2708 8595 D OkHttp : content-type: application/xml; charset=utf-8
08-15 12:44:26.623 2708 8595 D OkHttp : server: Microsoft-IIS/10.0
08-15 12:44:26.623 2708 8595 D OkHttp : x-powered-by: ASP.NET
08-15 12:44:26.623 2708 8595 D OkHttp : date: Wed, 15 Aug 2018 10:44:25 GMT
08-15 12:44:26.623 2708 8595 D OkHttp : content-length: 175
08-15 12:44:26.623 2708 8595 D OkHttp : <-- END HTTP
08-15 12:44:26.634 2708 8595 D sendOrder_SUCCESS: 200
08-15 12:44:26.673 2708 8595 D MESSAGE_SERVICE: ACTION_RESEND_ORDERS
08-15 12:44:26.722 2708 2718 I art : Background partial concurrent mark sweep GC freed 106961(4MB) AllocSpace objects, 8(160KB) LOS objects, 57% free, 8MB/20MB, paused 1.802ms total 117.966ms
08-15 12:44:27.011 2708 2708 D AbsListView: in onLayout changed
08-15 12:44:27.228 2708 2708 D ViewRootImpl@1d97213[MainActivity]: ViewPostImeInputStage processPointer 0
08-15 12:44:27.316 2708 2708 D AbsListView: in onLayout changed
08-15 12:44:27.375 2708 2708 D Graph : removeVertex() : insertDummyVertex, because there is no ancestor.
08-15 12:44:27.386 2708 2708 D TextView: SYANI: Clipboard API is calling: clearFilter()
08-15 12:44:27.387 2708 2708 D TextView: SYANI: Clipboard API is calling: unregisterClipboardEventListener()
08-15 12:44:27.395 2708 2708 D ViewRootImpl@7a27683[CancelDeliveryActivity]: mHardwareRenderer.destroy()#4
08-15 12:44:27.396 2708 2708 D ViewRootImpl@7a27683[CancelDeliveryActivity]: dispatchDetachedFromWindow
08-15 12:44:27.402 2708 2708 D InputTransport: Input channel destroyed: fd=66
08-15 12:44:27.403 2708 2708 D LOCATION_SERVICE: onDestroy
08-15 12:44:27.752 2708 2708 D ViewRootImpl@1d97213[MainActivity]: ViewPostImeInputStage processPointer 1
08-15 12:44:28.058 2708 2708 D ViewRootImpl@1d97213[MainActivity]: ViewPostImeInputStage processPointer 0
08-15 12:44:28.100 2708 2708 D AbsListView: reportScrollStateChange() newState : 1
08-15 12:44:28.626 2708 2708 D ViewRootImpl@1d97213[MainActivity]: ViewPostImeInputStage processPointer 1
08-15 12:44:28.626 2708 2708 D AbsListView: onTouchUp() mTouchMode : 3
08-15 12:44:28.626 2708 2708 D AbsListView: onTouchUp() TOUCH_MODE_SCROLL initialVelocity : -518
08-15 12:44:28.626 2708 2708 D AbsListView: reportScrollStateChange() newState : 2
08-15 12:44:28.988 2708 2708 D AbsListView: reportScrollStateChange() newState : 0
08-15 12:44:29.341 2708 2708 D ViewRootImpl@1d97213[MainActivity]: ViewPostImeInputStage processPointer 0
08-15 12:44:29.377 2708 2708 D AbsListView: reportScrollStateChange() newState : 1
08-15 12:44:29.651 2708 2708 D ViewRootImpl@1d97213[MainActivity]: ViewPostImeInputStage processPointer 1
08-15 12:44:29.652 2708 2708 D AbsListView: onTouchUp() mTouchMode : 3
08-15 12:44:29.652 2708 2708 D AbsListView: onTouchUp() TOUCH_MODE_SCROLL initialVelocity : 889
08-15 12:44:29.652 2708 2708 D AbsListView: reportScrollStateChange() newState : 2
08-15 12:44:30.175 2708 2708 D AbsListView: reportScrollStateChange() newState : 0
08-15 12:44:30.283 2708 2708 D ViewRootImpl@1d97213[MainActivity]: ViewPostImeInputStage processPointer 0
08-15 12:44:30.324 2708 2708 D AbsListView: reportScrollStateChange() newState : 1
08-15 12:44:31.385 2708 2708 D ViewRootImpl@1d97213[MainActivity]: ViewPostImeInputStage processPointer 1
08-15 12:44:31.385 2708 2708 D AbsListView: onTouchUp() mTouchMode : 3
08-15 12:44:31.385 2708 2708 D AbsListView: onTouchUp() TOUCH_MODE_SCROLL initialVelocity : -613
08-15 12:44:31.385 2708 2708 D AbsListView: reportScrollStateChange() newState : 2
08-15 12:44:31.794 2708 2708 D AbsListView: reportScrollStateChange() newState : 0
08-15 12:44:31.901 2708 2708 D ViewRootImpl@1d97213[MainActivity]: ViewPostImeInputStage processPointer 0
08-15 12:44:31.944 2708 2708 D AbsListView: reportScrollStateChange() newState : 1
08-15 12:44:32.254 2708 2708 D ViewRootImpl@1d97213[MainActivity]: ViewPostImeInputStage processPointer 1
08-15 12:44:32.254 2708 2708 D AbsListView: onTouchUp() mTouchMode : 3
08-15 12:44:32.254 2708 2708 D AbsListView: onTouchUp() TOUCH_MODE_SCROLL initialVelocity : -20
08-15 12:44:32.254 2708 2708 D AbsListView: reportScrollStateChange() newState : 0
08-15 12:44:33.193 2708 2708 D ViewRootImpl@1d97213[MainActivity]: ViewPostImeInputStage processPointer 0
08-15 12:44:33.251 2708 2708 D ViewRootImpl@1d97213[MainActivity]: ViewPostImeInputStage processPointer 1
08-15 12:44:33.272 2708 2708 D item_click: viewId = 2131820758, position = 3
08-15 12:44:33.319 2708 2708 D ViewRootImpl@1d97213[MainActivity]: MSG_WINDOW_FOCUS_CHANGED 0
08-15 12:44:33.375 2708 2708 D ScrollView: initGoToTop
