08-15 12:45:32.870 2708 2708 D TextView: SYANI: Clipboard API is calling: unregisterClipboardEventListener()
08-15 12:45:32.873 2708 2708 D TextView: SYANI: Clipboard API is calling: clearFilter()
08-15 12:45:32.873 2708 2708 D TextView: SYANI: Clipboard API is calling: unregisterClipboardEventListener()
08-15 12:45:32.876 2708 2708 D TextView: SYANI: Clipboard API is calling: clearFilter()
08-15 12:45:32.876 2708 2708 D TextView: SYANI: Clipboard API is calling: unregisterClipboardEventListener()
08-15 12:45:35.123 2708 2708 D ViewRootImpl@e0f03a7[DeliverActivity]: ViewPostImeInputStage processPointer 0
08-15 12:45:35.213 2708 2708 D ViewRootImpl@e0f03a7[DeliverActivity]: ViewPostImeInputStage processPointer 1
08-15 12:45:35.229 2708 2708 D ScrollView: initGoToTop
08-15 12:45:35.271 2708 2708 D ScrollView: onsize change changed
08-15 12:45:35.571 2708 2708 D TextView: SYANI: Clipboard API is calling: clearFilter()
08-15 12:45:35.572 2708 2708 D TextView: SYANI: Clipboard API is calling: unregisterClipboardEventListener()
08-15 12:45:35.574 2708 2708 D TextView: SYANI: Clipboard API is calling: clearFilter()
08-15 12:45:35.574 2708 2708 D TextView: SYANI: Clipboard API is calling: unregisterClipboardEventListener()
08-15 12:45:35.577 2708 2708 D TextView: SYANI: Clipboard API is calling: clearFilter()
08-15 12:45:35.577 2708 2708 D TextView: SYANI: Clipboard API is calling: unregisterClipboardEventListener()
08-15 12:45:36.250 2708 2708 D ViewRootImpl@e0f03a7[DeliverActivity]: ViewPostImeInputStage processPointer 0
08-15 12:45:36.318 2708 2708 D ViewRootImpl@e0f03a7[DeliverActivity]: ViewPostImeInputStage processPointer 1
08-15 12:45:36.780 2708 2708 D ViewRootImpl@e0f03a7[DeliverActivity]: ViewPostImeInputStage processPointer 0
08-15 12:45:36.852 2708 2708 D ViewRootImpl@e0f03a7[DeliverActivity]: ViewPostImeInputStage processPointer 1
08-15 12:45:36.863 2708 2708 V InputMethodManager: Starting input: tba=android.view.inputmethod.EditorInfo@5d60b8a nm : cz.gienger.mobile ic=com.android.internal.widget.EditableInputConnection@a6325fb
08-15 12:45:36.863 2708 2708 I InputMethodManager: startInputInner - mService.startInputOrWindowGainedFocus
08-15 12:45:36.865 2708 2708 D InputTransport: Input channel constructed: fd=76
08-15 12:45:36.865 2708 2708 D InputTransport: Input channel destroyed: fd=93
08-15 12:45:36.865 2708 2708 D InputMethodManager: SSI - flag : 0 Pid : 2708 view : cz.gienger.mobile
08-15 12:45:37.169 2708 2708 D ViewRootImpl@e0f03a7[DeliverActivity]: MSG_RESIZED: frame=Rect(0, 0 - 768, 1024) ci=Rect(0, 24 - 0, 359) vi=Rect(0, 24 - 0, 359) or=1
08-15 12:45:37.191 2708 2708 D ViewRootImpl@e0f03a7[DeliverActivity]: Relayout returned: oldFrame=[0,0][768,1024] newFrame=[0,0][768,1024] result=0x1 surface={isValid=true -1851813888} surfaceGenerationChanged=false
08-15 12:45:37.194 2708 2708 D ScrollView: onsize change changed
08-15 12:45:38.032 2708 2708 D ViewRootImpl@e0f03a7[DeliverActivity]: ViewPostImeInputStage processPointer 0
08-15 12:45:38.112 2708 2708 D ViewRootImpl@e0f03a7[DeliverActivity]: ViewPostImeInputStage processPointer 1
08-15 12:45:38.125 2708 2708 V InputMethodManager: Starting input: tba=android.view.inputmethod.EditorInfo@1bd3f5c nm : cz.gienger.mobile ic=com.android.internal.widget.EditableInputConnection@40a3265
08-15 12:45:38.125 2708 2708 I InputMethodManager: startInputInner - mService.startInputOrWindowGainedFocus
08-15 12:45:38.126 2708 2708 D InputTransport: Input channel constructed: fd=78
08-15 12:45:38.129 2708 2708 D InputTransport: Input channel destroyed: fd=76
08-15 12:45:38.129 2708 2708 D InputMethodManager: SSI - flag : 0 Pid : 2708 view : cz.gienger.mobile
08-15 12:45:38.134 2708 2708 W IInputConnectionWrapper: finishComposingText on inactive InputConnection
08-15 12:45:38.985 2708 2708 D ViewRootImpl@e0f03a7[DeliverActivity]: ViewPostImeInputStage processPointer 0
08-15 12:45:39.080 2708 2708 D ViewRootImpl@e0f03a7[DeliverActivity]: ViewPostImeInputStage processPointer 1
08-15 12:45:39.093 2708 2708 V InputMethodManager: Starting input: tba=android.view.inputmethod.EditorInfo@e708fe1 nm : cz.gienger.mobile ic=com.android.internal.widget.EditableInputConnection@aca0106
08-15 12:45:39.093 2708 2708 I InputMethodManager: startInputInner - mService.startInputOrWindowGainedFocus
08-15 12:45:39.095 2708 2708 D InputTransport: Input channel constructed: fd=76
08-15 12:45:39.095 2708 2708 D InputTransport: Input channel destroyed: fd=78
08-15 12:45:39.095 2708 2708 D InputMethodManager: SSI - flag : 0 Pid : 2708 view : cz.gienger.mobile
08-15 12:45:39.099 2708 2708 W IInputConnectionWrapper: setComposingText on inactive InputConnection
08-15 12:45:39.099 2708 2708 W IInputConnectionWrapper: finishComposingText on inactive InputConnection
08-15 12:45:40.216 2708 2708 D ViewRootImpl@e0f03a7[DeliverActivity]: ViewPostImeInputStage processPointer 0
08-15 12:45:40.296 2708 2708 D ViewRootImpl@e0f03a7[DeliverActivity]: ViewPostImeInputStage processPointer 1
08-15 12:45:40.482 2708 2708 D ViewRootImpl@e0f03a7[DeliverActivity]: ViewPostImeInputStage processPointer 0
08-15 12:45:40.553 2708 2708 D ViewRootImpl@e0f03a7[DeliverActivity]: ViewPostImeInputStage processPointer 1
08-15 12:45:40.685 2708 2708 D LOCATION_SERVICE: onLocationChanged: Location[network 49,191070,17,534572 acc=21 et=+16m23s485ms alt=0.0 vel=0.0 bear=0.0 {Bundle[mParcelledData.dataSize=80]}]
08-15 12:45:40.866 2708 2708 D ViewRootImpl@e0f03a7[DeliverActivity]: ViewPostImeInputStage processPointer 0
08-15 12:45:40.949 2708 2708 D ViewRootImpl@e0f03a7[DeliverActivity]: ViewPostImeInputStage processPointer 1
08-15 12:45:40.996 2708 2708 D ScrollView: initGoToTop
08-15 12:45:41.002 2708 2708 D ScrollView: initGoToTop
08-15 12:45:41.011 2708 2708 D ViewRootImpl@f11453b[DeliverActivity]: ThreadedRenderer.create() translucent=true
08-15 12:45:41.018 2708 2708 D InputTransport: Input channel constructed: fd=78
08-15 12:45:41.018 2708 2708 D ViewRootImpl@f11453b[DeliverActivity]: setView = DecorView@414a458[DeliverActivity] touchMode=true
08-15 12:45:41.027 2708 2708 D ViewRootImpl@f11453b[DeliverActivity]: dispatchAttachedToWindow
08-15 12:45:41.062 2708 2708 D ViewRootImpl@f11453b[DeliverActivity]: Relayout returned: oldFrame=[0,0][0,0] newFrame=[108,466][660,582] result=0x27 surface={isValid=true -1814589440} surfaceGenerationChanged=true
08-15 12:45:41.063 2708 2708 D ViewRootImpl@f11453b[DeliverActivity]: mHardwareRenderer.initialize() mSurface={isValid=true -1814589440} hwInitialized=true
08-15 12:45:41.067 2708 2708 D ViewRootImpl@f11453b[DeliverActivity]: MSG_WINDOW_FOCUS_CHANGED 1
08-15 12:45:41.067 2708 2708 D ViewRootImpl@f11453b[DeliverActivity]: mHardwareRenderer.initializeIfNeeded()#2 mSurface={isValid=true -1814589440}
08-15 12:45:41.094 2708 2708 D ViewRootImpl@f11453b[DeliverActivity]: MSG_RESIZED_REPORT: frame=Rect(108, 466 - 660, 582) ci=Rect(0, 0 - 0, 0) vi=Rect(0, 0 - 0, 0) or=1
08-15 12:45:41.116 2708 2708 D ViewRootImpl@e0f03a7[DeliverActivity]: MSG_WINDOW_FOCUS_CHANGED 0
08-15 12:45:41.329 2708 2718 I art : Background sticky concurrent mark sweep GC freed 188312(7MB) AllocSpace objects, 32(3MB) LOS objects, 18% free, 18MB/22MB, paused 1.519ms total 122.305ms
08-15 12:45:41.733 2708 2718 I art : Background partial concurrent mark sweep GC freed 254993(9MB) AllocSpace objects, 20(1424KB) LOS objects, 49% free, 12MB/24MB, paused 2.049ms total 172.344ms
08-15 12:45:42.455 2708 2718 I art : Background sticky concurrent mark sweep GC freed 332599(9MB) AllocSpace objects, 6(1056KB) LOS objects, 14% free, 20MB/24MB, paused 1.240ms total 100.828ms
08-15 12:45:43.224 2708 2718 I art : Background partial concurrent mark sweep GC freed 320245(9MB) AllocSpace objects, 9(248KB) LOS objects, 41% free, 16MB/28MB, paused 1.347ms total 150.783ms
08-15 12:45:43.788 2708 2708 D ViewRootImpl@f11453b[DeliverActivity]: mHardwareRenderer.destroy()#4
08-15 12:45:43.788 2708 2708 D ViewRootImpl@f11453b[DeliverActivity]: dispatchDetachedFromWindow
08-15 12:45:43.803 2708 2708 D InputTransport: Input channel destroyed: fd=78
08-15 12:45:43.804 2708 2708 D SIGN_URI: file:///storage/emulated/0/130AT1180524113.pdf
08-15 12:45:43.837 2708 2708 D ViewRootImpl@e0f03a7[DeliverActivity]: MSG_WINDOW_FOCUS_CHANGED 1
08-15 12:45:43.837 2708 2708 D ViewRootImpl@e0f03a7[DeliverActivity]: mHardwareRenderer.initializeIfNeeded()#2 mSurface={isValid=true -1851813888}
08-15 12:45:43.849 2708 2708 E ViewRootImpl: sendUserActionEvent() returned.
08-15 12:45:43.849 2708 2708 D ViewRootImpl@e0f03a7[DeliverActivity]: MSG_WINDOW_FOCUS_CHANGED 0
08-15 12:45:45.367 2708 2708 D ViewRootImpl@e0f03a7[DeliverActivity]: mHardwareRenderer.destroy()#1
08-15 12:45:45.392 2708 2708 D ViewRootImpl@e0f03a7[DeliverActivity]: Relayout returned: oldFrame=[0,0][768,1024] newFrame=[0,0][768,1024] result=0x5 surface={isValid=false 0} surfaceGenerationChanged=true
08-15 12:45:45.407 2708 2708 D InputTransport: Input channel destroyed: fd=76
08-15 12:45:45.407 2708 2708 W IInputConnectionWrapper: finishComposingText on inactive InputConnection
08-15 12:45:45.407 2708 2708 W IInputConnectionWrapper: reportFullscreenMode on inexistent InputConnection
08-15 12:45:45.407 2708 2708 W IInputConnectionWrapper: finishComposingText on inactive InputConnection
08-15 12:45:53.491 2708 2708 D Graph : removeVertex() : insertDummyVertex, because there is no ancestor.
08-15 12:45:53.529 2708 2708 D ViewRootImpl@7606969[PdfArchiveActivity]: ThreadedRenderer.create() translucent=true
08-15 12:45:53.532 2708 2708 D InputTransport: Input channel constructed: fd=75
08-15 12:45:53.532 2708 2708 D ViewRootImpl@7606969[PdfArchiveActivity]: setView = DecorView@4610fee[PdfArchiveActivity] touchMode=true
08-15 12:45:53.542 2708 2708 D ViewRootImpl@7606969[PdfArchiveActivity]: dispatchAttachedToWindow
08-15 12:45:53.567 2708 2708 D ViewRootImpl@7606969[PdfArchiveActivity]: Relayout returned: oldFrame=[0,0][0,0] newFrame=[241,456][527,568] result=0x27 surface={isValid=true -1848369152} surfaceGenerationChanged=true
08-15 12:45:53.568 2708 2708 D ViewRootImpl@7606969[PdfArchiveActivity]: mHardwareRenderer.initialize() mSurface={isValid=true -1848369152} hwInitialized=true
08-15 12:45:53.572 2708 2708 D ViewRootImpl@7606969[PdfArchiveActivity]: MSG_RESIZED_REPORT: frame=Rect(241, 456 - 527, 568) ci=Rect(0, 0 - 0, 0) vi=Rect(0, 0 - 0, 0) or=1
08-15 12:45:53.572 2708 2708 D ViewRootImpl@7606969[PdfArchiveActivity]: MSG_WINDOW_FOCUS_CHANGED 1
08-15 12:45:53.572 2708 2708 D ViewRootImpl@7606969[PdfArchiveActivity]: mHardwareRenderer.initializeIfNeeded()#2 mSurface={isValid=true -1848369152}
08-15 12:45:53.572 2708 2708 V InputMethodManager: Starting input: tba=android.view.inputmethod.EditorInfo@427c8f nm : cz.gienger.mobile ic=null
08-15 12:45:53.572 2708 2708 I InputMethodManager: startInputInner - mService.startInputOrWindowGainedFocus
08-15 12:45:53.575 2708 2708 D InputTransport: Input channel constructed: fd=76
08-15 12:45:54.639 2708 2708 D ViewRootImpl@7606969[PdfArchiveActivity]: mHardwareRenderer.destroy()#1
08-15 12:45:54.649 2708 2708 D ViewRootImpl@7606969[PdfArchiveActivity]: Relayout returned: oldFrame=[241,456][527,568] newFrame=[241,456][527,568] result=0x5 surface={isValid=false 0} surfaceGenerationChanged=true
08-15 12:45:54.650 2708 2708 D ViewRootImpl@7606969[PdfArchiveActivity]: MSG_WINDOW_FOCUS_CHANGED 0
08-15 12:45:54.650 2708 2708 D InputTransport: Input channel destroyed: fd=76
08-15 12:45:54.678 2708 2708 D ViewRootImpl@e0f03a7[DeliverActivity]: mHardwareRenderer.destroy()#1
08-15 12:45:54.684 2708 2708 D ViewRootImpl@e0f03a7[DeliverActivity]: Relayout returned: oldFrame=[0,0][768,1024] newFrame=[0,0][768,1024] result=0x1 surface={isValid=false 0} surfaceGenerationChanged=false
08-15 12:45:54.707 2708 2708 D SIGNOSIGN_SIGNED: signed
08-15 12:45:54.743 2708 8680 D MESSAGE_SERVICE: ACTION_COMPRESS_AND_UPLOAD
08-15 12:45:54.992 2708 2708 D ViewRootImpl@167613c[MainActivity]: Relayout returned: oldFrame=[0,0][768,1024] newFrame=[0,0][768,1024] result=0x7 surface={isValid=true -1845565440} surfaceGenerationChanged=true
08-15 12:45:54.993 2708 2708 D ViewRootImpl@167613c[MainActivity]: mHardwareRenderer.initialize() mSurface={isValid=true -1845565440} hwInitialized=true
08-15 12:45:55.060 2708 2708 D AbsListView: in onLayout changed
08-15 12:45:55.085 2708 2708 D ViewRootImpl@167613c[MainActivity]: MSG_WINDOW_FOCUS_CHANGED 1
08-15 12:45:55.086 2708 2708 D ViewRootImpl@167613c[MainActivity]: mHardwareRenderer.initializeIfNeeded()#2 mSurface={isValid=true -1845565440}
08-15 12:45:55.087 2708 2708 V InputMethodManager: Starting input: tba=android.view.inputmethod.EditorInfo@67e6e09 nm : cz.gienger.mobile ic=null
08-15 12:45:55.087 2708 2708 I InputMethodManager: startInputInner - mService.startInputOrWindowGainedFocus
08-15 12:45:55.119 2708 2708 D InputTransport: Input channel constructed: fd=84
08-15 12:45:55.154 2708 2708 D ViewRootImpl@e0f03a7[DeliverActivity]: mHardwareRenderer.destroy()#1
08-15 12:45:55.173 2708 2708 D ViewRootImpl@e0f03a7[DeliverActivity]: Relayout returned: oldFrame=[0,0][768,1024] newFrame=[0,0][768,1024] result=0x1 surface={isValid=false 0} surfaceGenerationChanged=false
08-15 12:45:55.194 2708 2708 D ViewRootImpl@7606969[PdfArchiveActivity]: mHardwareRenderer.destroy()#4
08-15 12:45:55.194 2708 2708 D ViewRootImpl@7606969[PdfArchiveActivity]: dispatchDetachedFromWindow
08-15 12:45:55.205 2708 2708 D InputTransport: Input channel destroyed: fd=75
08-15 12:45:55.508 2708 8680 D FILE_MANAGER: Serializing delivery /data/user/0/cz.gienger.mobile/files/finished/130AT1180524113/130AT1180524113.xml
08-15 12:45:55.508 2708 8680 D FILE_MANAGER: Null files:
08-15 12:45:55.565 2708 2708 D TextView: SYANI: Clipboard API is calling: clearFilter()
08-15 12:45:55.565 2708 2708 D TextView: SYANI: Clipboard API is calling: unregisterClipboardEventListener()
08-15 12:45:55.566 2708 2708 D TextView: SYANI: Clipboard API is calling: clearFilter()
08-15 12:45:55.566 2708 2708 D TextView: SYANI: Clipboard API is calling: unregisterClipboardEventListener()
08-15 12:45:55.566 2708 2708 D TextView: SYANI: Clipboard API is calling: clearFilter()
08-15 12:45:55.566 2708 2708 D TextView: SYANI: Clipboard API is calling: unregisterClipboardEventListener()
08-15 12:45:55.592 2708 2708 D ViewRootImpl@e0f03a7[DeliverActivity]: mHardwareRenderer.destroy()#4
08-15 12:45:55.592 2708 2708 D ViewRootImpl@e0f03a7[DeliverActivity]: dispatchDetachedFromWindow
08-15 12:45:55.603 2708 2708 D InputTransport: Input channel destroyed: fd=92
08-15 12:45:55.604 2708 2708 D LOCATION_SERVICE: onDestroy
08-15 12:45:55.794 2708 8680 D MYINTERCEPTOR: /GiengerService.svc/sendorder
08-15 12:45:55.795 2708 8680 D OkHttp : --> POST https://testsaig1.gienger.cz/GiengerService.svc/sendorder http/1.1
08-15 12:45:55.796 2708 8680 D OkHttp : Content-Type: text/raw
08-15 12:45:55.796 2708 8680 D OkHttp : Content-Length: 256324
08-15 12:45:55.796 2708 8680 D OkHttp : filename: 130AT1180524113.xml
08-15 12:45:55.796 2708 8680 D OkHttp : Checksum: cbf23ac74de37f005c12663f91101470
08-15 12:45:55.796 2708 8680 D OkHttp : token: a179935b28ab5fa0ca590030bf0a2edf
08-15 12:45:55.796 2708 8680 D OkHttp : --> END POST
08-15 12:45:55.942 2708 2708 D ViewRootImpl@167613c[MainActivity]: ViewPostImeInputStage processPointer 0
08-15 12:45:56.098 2708 2708 D AbsListView: reportScrollStateChange() newState : 1
08-15 12:45:56.351 2708 2708 D ViewRootImpl@167613c[MainActivity]: ViewPostImeInputStage processPointer 1
08-15 12:45:56.352 2708 8680 D OkHttp : <-- 200 https://testsaig1.gienger.cz/GiengerService.svc/sendorder (556ms)
08-15 12:45:56.353 2708 8680 D OkHttp : content-type: application/xml; charset=utf-8
08-15 12:45:56.353 2708 8680 D OkHttp : server: Microsoft-IIS/10.0
08-15 12:45:56.353 2708 8680 D OkHttp : x-powered-by: ASP.NET
08-15 12:45:56.353 2708 8680 D OkHttp : date: Wed, 15 Aug 2018 10:45:55 GMT
08-15 12:45:56.353 2708 2708 D AbsListView: onTouchUp() mTouchMode : 3
08-15 12:45:56.353 2708 8680 D OkHttp : content-length: 175
08-15 12:45:56.353 2708 8680 D OkHttp : <-- END HTTP
08-15 12:45:56.353 2708 2708 D AbsListView: onTouchUp() TOUCH_MODE_SCROLL initialVelocity : -993
08-15 12:45:56.353 2708 2708 D AbsListView: reportScrollStateChange() newState : 2
08-15 12:45:56.358 2708 8680 D sendOrder_SUCCESS: 200
08-15 12:45:56.717 2708 2708 D AbsListView: in onLayout changed
08-15 12:45:56.768 2708 2708 D ViewRootImpl@167613c[MainActivity]: ViewPostImeInputStage processPointer 0
08-15 12:45:56.799 2708 2708 D AbsListView: reportScrollStateChange() newState : 1
08-15 12:45:56.943 2708 2708 D ViewRootImpl@167613c[MainActivity]: ViewPostImeInputStage processPointer 1
08-15 12:45:56.943 2708 2708 D AbsListView: onTouchUp() mTouchMode : 3
08-15 12:45:56.943 2708 2708 D AbsListView: onTouchUp() TOUCH_MODE_SCROLL initialVelocity : -3837
08-15 12:45:56.943 2708 2708 D AbsListView: reportScrollStateChange() newState : 2
08-15 12:45:57.343 2708 2708 D ViewRootImpl@167613c[MainActivity]: ViewPostImeInputStage processPointer 0
08-15 12:45:57.391 2708 2708 D AbsListView: reportScrollStateChange() newState : 0
08-15 12:45:57.392 2708 2708 D AbsListView: reportScrollStateChange() newState : 1
08-15 12:45:58.754 2708 2708 D ViewRootImpl@167613c[MainActivity]: ViewPostImeInputStage processPointer 1
08-15 12:45:58.754 2708 2708 D AbsListView: onTouchUp() mTouchMode : 3
08-15 12:45:58.754 2708 2708 D AbsListView: onTouchUp() TOUCH_MODE_SCROLL initialVelocity : -8
08-15 12:45:58.754 2708 2708 D AbsListView: reportScrollStateChange() newState : 0
08-15 12:46:00.962 2708 2708 D ViewRootImpl@167613c[MainActivity]: ViewPostImeInputStage processPointer 0
08-15 12:46:01.042 2708 2708 D ViewRootImpl@167613c[MainActivity]: ViewPostImeInputStage processPointer 1
08-15 12:46:01.052 2708 2708 D item_click: viewId = 2131820758, position = 7
08-15 12:46:01.112 2708 2708 D ViewRootImpl@167613c[MainActivity]: MSG_WINDOW_FOCUS_CHANGED 0
08-15 12:46:01.139 2708 2708 D Graph : removeVertex() : insertDummyVertex, because there is no ancestor.
08-15 12:46:01.190 2708 2708 D ScrollView: initGoToTop
08-15 12:46:01.274 2708 2708 D ViewRootImpl@40af54[CancelDeliveryActivity]: ThreadedRenderer.create() translucent=false
08-15 12:46:01.282 2708 2708 D InputTransport: Input channel constructed: fd=76
08-15 12:46:01.282 2708 2708 D ViewRootImpl@40af54[CancelDeliveryActivity]: setView = DecorView@fee6efd[CancelDeliveryActivity] touchMode=true
08-15 12:46:01.284 2708 2708 D LOCATION_SERVICE: LocationListener gps
08-15 12:46:01.285 2708 2708 D LOCATION_SERVICE: LocationListener network
08-15 12:46:01.286 2708 2708 D LOCATION_SERVICE: onCreate
08-15 12:46:01.286 2708 2708 D LOCATION_SERVICE: initializeLocationManager
08-15 12:46:01.301 2708 2708 D LOCATION_SERVICE: onStartCommand
08-15 12:46:01.327 2708 2708 D ViewRootImpl@40af54[CancelDeliveryActivity]: dispatchAttachedToWindow
08-15 12:46:01.376 2708 2708 D ViewRootImpl@40af54[CancelDeliveryActivity]: Relayout returned: oldFrame=[0,0][0,0] newFrame=[0,0][768,1024] result=0x27 surface={isValid=true -1854345216} surfaceGenerationChanged=true
08-15 12:46:01.377 2708 2708 D ViewRootImpl@40af54[CancelDeliveryActivity]: mHardwareRenderer.initialize() mSurface={isValid=true -1854345216} hwInitialized=true
08-15 12:46:01.381 2708 2708 D ScrollView: onsize change changed
08-15 12:46:01.421 2708 2708 D LOCATION_SERVICE: onLocationChanged: Location[network 49,191085,17,534611 acc=21 et=+16m44s163ms alt=0.0 vel=0.0 bear=0.0 {Bundle[mParcelledData.dataSize=80]}]
08-15 12:46:01.423 2708 2708 D ViewRootImpl@40af54[CancelDeliveryActivity]: MSG_RESIZED_REPORT: frame=Rect(0, 0 - 768, 1024) ci=Rect(0, 24 - 0, 0) vi=Rect(0, 24 - 0, 0) or=1
08-15 12:46:01.423 2708 2708 D ViewRootImpl@40af54[CancelDeliveryActivity]: MSG_WINDOW_FOCUS_CHANGED 1
08-15 12:46:01.424 2708 2708 D ViewRootImpl@40af54[CancelDeliveryActivity]: mHardwareRenderer.initializeIfNeeded()#2 mSurface={isValid=true -1854345216}
08-15 12:46:01.428 2708 2708 V InputMethodManager: Starting input: tba=android.view.inputmethod.EditorInfo@4aa13d8 nm : cz.gienger.mobile ic=null
08-15 12:46:01.428 2708 2708 I InputMethodManager: startInputInner - mService.startInputOrWindowGainedFocus
08-15 12:46:01.440 2708 2708 D InputTransport: Input channel constructed: fd=96
08-15 12:46:01.440 2708 2708 D InputTransport: Input channel destroyed: fd=84
08-15 12:46:01.547 2708 2774 D OpenGLRenderer: endAllActiveAnimators on 0x93388a00 (RippleDrawable) with handle 0x917ff420
08-15 12:46:01.547 2708 2708 D ViewRootImpl@167613c[MainActivity]: mHardwareRenderer.destroy()#1
08-15 12:46:01.555 2708 2708 D ViewRootImpl@167613c[MainActivity]: Relayout returned: oldFrame=[0,0][768,1024] newFrame=[0,0][768,1024] result=0x5 surface={isValid=false 0} surfaceGenerationChanged=true
08-15 12:46:01.867 2708 2708 D ViewRootImpl@167613c[MainActivity]: Relayout returned: oldFrame=[0,0][768,1024] newFrame=[0,0][768,1024] result=0x5 surface={isValid=false 0} surfaceGenerationChanged=false
08-15 12:46:02.749 2708 2708 D ViewRootImpl@40af54[CancelDeliveryActivity]: ViewPostImeInputStage processPointer 0
08-15 12:46:02.807 2708 2708 D ViewRootImpl@40af54[CancelDeliveryActivity]: ViewPostImeInputStage processPointer 1
08-15 12:46:04.299 2708 2708 D ViewRootImpl@40af54[CancelDeliveryActivity]: ViewPostImeInputStage processKey 0
08-15 12:46:04.378 2708 2708 D ViewRootImpl@40af54[CancelDeliveryActivity]: ViewPostImeInputStage processKey 1
08-15 12:46:04.631 2708 2708 D ViewRootImpl@167613c[MainActivity]: Relayout returned: oldFrame=[0,0][768,1024] newFrame=[0,0][768,1024] result=0x7 surface={isValid=true -1853392896} surfaceGenerationChanged=true
08-15 12:46:04.631 2708 2708 D ViewRootImpl@167613c[MainActivity]: mHardwareRenderer.initialize() mSurface={isValid=true -1853392896} hwInitialized=true
08-15 12:46:04.692 2708 2708 D AbsListView: in onLayout changed
08-15 12:46:04.716 2708 2708 D ViewRootImpl@167613c[MainActivity]: MSG_WINDOW_FOCUS_CHANGED 1
08-15 12:46:04.716 2708 2708 D ViewRootImpl@167613c[MainActivity]: mHardwareRenderer.initializeIfNeeded()#2 mSurface={isValid=true -1853392896}
08-15 12:46:04.718 2708 2708 V InputMethodManager: Starting input: tba=android.view.inputmethod.EditorInfo@2c0cc88 nm : cz.gienger.mobile ic=null
08-15 12:46:04.718 2708 2708 I InputMethodManager: startInputInner - mService.startInputOrWindowGainedFocus
08-15 12:46:04.728 2708 2708 D InputTransport: Input channel constructed: fd=88
08-15 12:46:04.728 2708 2708 D InputTransport: Input channel destroyed: fd=96
08-15 12:46:04.731 2708 2708 D ViewRootImpl@40af54[CancelDeliveryActivity]: MSG_WINDOW_FOCUS_CHANGED 0
08-15 12:46:04.763 2708 2708 D ViewRootImpl@40af54[CancelDeliveryActivity]: mHardwareRenderer.destroy()#1
08-15 12:46:04.777 2708 2708 D ViewRootImpl@40af54[CancelDeliveryActivity]: Relayout returned: oldFrame=[0,0][768,1024] newFrame=[0,0][768,1024] result=0x5 surface={isValid=false 0} surfaceGenerationChanged=true
08-15 12:46:05.155 2708 2708 D TextView: SYANI: Clipboard API is calling: clearFilter()
08-15 12:46:05.155 2708 2708 D TextView: SYANI: Clipboard API is calling: unregisterClipboardEventListener()
08-15 12:46:05.163 2708 2708 D ViewRootImpl@40af54[CancelDeliveryActivity]: mHardwareRenderer.destroy()#4
08-15 12:46:05.163 2708 2708 D ViewRootImpl@40af54[CancelDeliveryActivity]: dispatchDetachedFromWindow
08-15 12:46:05.175 2708 2708 D InputTransport: Input channel destroyed: fd=76
08-15 12:46:05.176 2708 2708 D LOCATION_SERVICE: onDestroy
08-15 12:46:05.872 2708 2708 D ViewRootImpl@167613c[MainActivity]: ViewPostImeInputStage processPointer 0
08-15 12:46:05.936 2708 2708 D AbsListView: reportScrollStateChange() newState : 1
08-15 12:46:06.107 2708 2708 D ViewRootImpl@167613c[MainActivity]: ViewPostImeInputStage processPointer 1
08-15 12:46:06.107 2708 2708 D AbsListView: onTouchUp() mTouchMode : 3
08-15 12:46:06.107 2708 2708 D AbsListView: onTouchUp() TOUCH_MODE_SCROLL initialVelocity : -600
08-15 12:46:06.107 2708 2708 D AbsListView: reportScrollStateChange() newState : 2
08-15 12:46:06.504 2708 2708 D AbsListView: reportScrollStateChange() newState : 0
08-15 12:46:06.539 2708 2708 D ViewRootImpl@167613c[MainActivity]: ViewPostImeInputStage processPointer 0
08-15 12:46:06.572 2708 2708 D AbsListView: reportScrollStateChange() newState : 1
08-15 12:46:06.818 2708 2708 D ViewRootImpl@167613c[MainActivity]: ViewPostImeInputStage processPointer 1
08-15 12:46:06.818 2708 2708 D AbsListView: onTouchUp() mTouchMode : 3
08-15 12:46:06.818 2708 2708 D AbsListView: onTouchUp() TOUCH_MODE_SCROLL initialVelocity : -1046
08-15 12:46:06.818 2708 2708 D AbsListView: reportScrollStateChange() newState : 2
08-15 12:46:07.212 2708 2708 D ViewRootImpl@167613c[MainActivity]: ViewPostImeInputStage processPointer 0
08-15 12:46:07.368 2708 2708 D ViewRootImpl@167613c[MainActivity]: ViewPostImeInputStage processPointer 1
08-15 12:46:07.369 2708 2708 D AbsListView: onTouchUp() mTouchMode : 3
08-15 12:46:07.369 2708 2708 D AbsListView: onTouchUp() TOUCH_MODE_SCROLL initialVelocity : -2212
08-15 12:46:07.961 2708 2708 D ViewRootImpl@167613c[MainActivity]: ViewPostImeInputStage processPointer 0
08-15 12:46:08.003 2708 2708 D AbsListView: reportScrollStateChange() newState : 0
08-15 12:46:08.004 2708 2708 D AbsListView: reportScrollStateChange() newState : 1
08-15 12:46:08.356 2708 2708 D ViewRootImpl@167613c[MainActivity]: ViewPostImeInputStage processPointer 1
08-15 12:46:08.356 2708 2708 D AbsListView: onTouchUp() mTouchMode : 3
08-15 12:46:08.356 2708 2708 D AbsListView: onTouchUp() TOUCH_MODE_SCROLL initialVelocity : 44
08-15 12:46:08.356 2708 2708 D AbsListView: reportScrollStateChange() newState : 0
08-15 12:46:10.094 2708 2708 D ViewRootImpl@167613c[MainActivity]: ViewPostImeInputStage processPointer 0
08-15 12:46:10.162 2708 2708 D AbsListView: reportScrollStateChange() newState : 1
08-15 12:46:10.936 2708 2708 D ViewRootImpl@167613c[MainActivity]: ViewPostImeInputStage processPointer 1
08-15 12:46:10.936 2708 2708 D AbsListView: onTouchUp() mTouchMode : 3
08-15 12:46:10.936 2708 2708 D AbsListView: onTouchUp() TOUCH_MODE_SCROLL initialVelocity : -10
08-15 12:46:10.936 2708 2708 D AbsListView: reportScrollStateChange() newState : 0
08-15 12:46:11.658 2708 2708 D ViewRootImpl@167613c[MainActivity]: ViewPostImeInputStage processPointer 0
08-15 12:46:11.716 2708 2708 D AbsListView: reportScrollStateChange() newState : 1
08-15 12:46:12.456 2708 2708 D ViewRootImpl@167613c[MainActivity]: ViewPostImeInputStage processPointer 1
08-15 12:46:12.457 2708 2708 D AbsListView: onTouchUp() mTouchMode : 3
08-15 12:46:12.457 2708 2708 D AbsListView: onTouchUp() TOUCH_MODE_SCROLL initialVelocity : 25
08-15 12:46:12.457 2708 2708 D AbsListView: reportScrollStateChange() newState : 0
08-15 12:46:13.310 2708 2708 D ViewRootImpl@167613c[MainActivity]: ViewPostImeInputStage processPointer 0
08-15 12:46:13.377 2708 2708 D ViewRootImpl@167613c[MainActivity]: ViewPostImeInputStage processPointer 1
08-15 12:46:13.394 2708 2708 D item_click: viewId = 2131820758, position = 7
08-15 12:46:13.439 2708 2708 D ViewRootImpl@167613c[MainActivity]: MSG_WINDOW_FOCUS_CHANGED 0
08-15 12:46:13.494 2708 2708 D ScrollView: initGoToTop
08-15 12:46:13.548 2708 2708 D ViewRootImpl@3ae82ea[CancelDeliveryActivity]: ThreadedRenderer.create() translucent=false
08-15 12:46:13.551 2708 2708 D InputTransport: Input channel constructed: fd=76
08-15 12:46:13.552 2708 2708 D ViewRootImpl@3ae82ea[CancelDeliveryActivity]: setView = DecorView@82d39db[CancelDeliveryActivity] touchMode=true
08-15 12:46:13.553 2708 2708 D LOCATION_SERVICE: LocationListener gps
08-15 12:46:13.554 2708 2708 D LOCATION_SERVICE: LocationListener network
08-15 12:46:13.555 2708 2708 D LOCATION_SERVICE: onCreate
08-15 12:46:13.555 2708 2708 D LOCATION_SERVICE: initializeLocationManager
08-15 12:46:13.561 2708 2708 D LOCATION_SERVICE: onStartCommand
08-15 12:46:13.600 2708 2708 D ViewRootImpl@3ae82ea[CancelDeliveryActivity]: dispatchAttachedToWindow
08-15 12:46:13.632 2708 2708 D ViewRootImpl@3ae82ea[CancelDeliveryActivity]: Relayout returned: oldFrame=[0,0][0,0] newFrame=[0,0][768,1024] result=0x27 surface={isValid=true -1839208448} surfaceGenerationChanged=true
08-15 12:46:13.632 2708 2708 D ViewRootImpl@3ae82ea[CancelDeliveryActivity]: mHardwareRenderer.initialize() mSurface={isValid=true -1839208448} hwInitialized=true
08-15 12:46:13.638 2708 2708 D ScrollView: onsize change changed
08-15 12:46:13.678 2708 2708 D ViewRootImpl@3ae82ea[CancelDeliveryActivity]: MSG_RESIZED_REPORT: frame=Rect(0, 0 - 768, 1024) ci=Rect(0, 24 - 0, 0) vi=Rect(0, 24 - 0, 0) or=1
08-15 12:46:13.678 2708 2708 D ViewRootImpl@3ae82ea[CancelDeliveryActivity]: MSG_WINDOW_FOCUS_CHANGED 1
08-15 12:46:13.678 2708 2708 D ViewRootImpl@3ae82ea[CancelDeliveryActivity]: mHardwareRenderer.initializeIfNeeded()#2 mSurface={isValid=true -1839208448}
08-15 12:46:13.686 2708 2708 V InputMethodManager: Starting input: tba=android.view.inputmethod.EditorInfo@b3db38e nm : cz.gienger.mobile ic=null
08-15 12:46:13.686 2708 2708 I InputMethodManager: startInputInner - mService.startInputOrWindowGainedFocus
08-15 12:46:13.695 2708 2708 D InputTransport: Input channel constructed: fd=84
08-15 12:46:13.695 2708 2708 D InputTransport: Input channel destroyed: fd=88
08-15 12:46:13.696 2708 2708 D LOCATION_SERVICE: onLocationChanged: Location[network 49,191085,17,534611 acc=21 et=+16m56s449ms alt=0.0 vel=0.0 bear=0.0 {Bundle[mParcelledData.dataSize=80]}]
08-15 12:46:13.737 2708 2774 D OpenGLRenderer: endAllActiveAnimators on 0x9448b080 (RippleDrawable) with handle 0x942f81b0
08-15 12:46:13.737 2708 2708 D ViewRootImpl@167613c[MainActivity]: mHardwareRenderer.destroy()#1
08-15 12:46:13.746 2708 2708 D ViewRootImpl@167613c[MainActivity]: Relayout returned: oldFrame=[0,0][768,1024] newFrame=[0,0][768,1024] result=0x5 surface={isValid=false 0} surfaceGenerationChanged=true
08-15 12:46:14.128 2708 2708 D ViewRootImpl@167613c[MainActivity]: Relayout returned: oldFrame=[0,0][768,1024] newFrame=[0,0][768,1024] result=0x5 surface={isValid=false 0} surfaceGenerationChanged=false
08-15 12:46:14.423 2708 2708 D ViewRootImpl@3ae82ea[CancelDeliveryActivity]: ViewPostImeInputStage processPointer 0
08-15 12:46:14.517 2708 2708 D ViewRootImpl@3ae82ea[CancelDeliveryActivity]: ViewPostImeInputStage processPointer 1
08-15 12:46:15.061 2708 2708 D ViewRootImpl@3ae82ea[CancelDeliveryActivity]: ViewPostImeInputStage processPointer 0
08-15 12:46:15.152 2708 2708 D ViewRootImpl@3ae82ea[CancelDeliveryActivity]: ViewPostImeInputStage processPointer 1
08-15 12:46:15.178 2708 2708 D UNDELIVERED: Reason ID = 0, Comment =
08-15 12:46:15.243 2708 8690 D MESSAGE_SERVICE: ACTION_COMPRESS_AND_UPLOAD
08-15 12:46:15.297 2708 2708 D ViewRootImpl@3ae82ea[CancelDeliveryActivity]: MSG_WINDOW_FOCUS_CHANGED 0
08-15 12:46:15.317 2708 2708 D ViewRootImpl@167613c[MainActivity]: mHardwareRenderer.destroy()#4
08-15 12:46:15.317 2708 2708 D ViewRootImpl@167613c[MainActivity]: dispatchDetachedFromWindow
08-15 12:46:15.328 2708 2708 D InputTransport: Input channel destroyed: fd=74
08-15 12:46:15.574 2708 2708 D ViewRootImpl@83f84ba[MainActivity]: ThreadedRenderer.create() translucent=false
08-15 12:46:15.578 2708 2708 D InputTransport: Input channel constructed: fd=75
08-15 12:46:15.578 2708 2708 D ViewRootImpl@83f84ba[MainActivity]: setView = DecorView@f585f6b[MainActivity] touchMode=true
08-15 12:46:15.599 2708 2774 D OpenGLRenderer: endAllActiveAnimators on 0x9571f000 (RippleDrawable) with handle 0x949ed9f0
08-15 12:46:15.599 2708 2708 D ViewRootImpl@3ae82ea[CancelDeliveryActivity]: mHardwareRenderer.destroy()#1
08-15 12:46:15.606 2708 2708 D ViewRootImpl@3ae82ea[CancelDeliveryActivity]: Relayout returned: oldFrame=[0,0][768,1024] newFrame=[0,0][768,1024] result=0x5 surface={isValid=false 0} surfaceGenerationChanged=true
08-15 12:46:15.607 2708 2708 D ViewRootImpl@83f84ba[MainActivity]: dispatchAttachedToWindow
08-15 12:46:15.653 2708 2708 D ViewRootImpl@83f84ba[MainActivity]: Relayout returned: oldFrame=[0,0][0,0] newFrame=[0,0][768,1024] result=0x7 surface={isValid=true -1839208448} surfaceGenerationChanged=true
08-15 12:46:15.653 2708 2708 D ViewRootImpl@83f84ba[MainActivity]: mHardwareRenderer.initialize() mSurface={isValid=true -1839208448} hwInitialized=true
08-15 12:46:15.734 2708 2708 D AbsListView: in onLayout changed
08-15 12:46:15.793 2708 2708 D ViewRootImpl@83f84ba[MainActivity]: MSG_RESIZED_REPORT: frame=Rect(0, 0 - 768, 1024) ci=Rect(0, 24 - 0, 0) vi=Rect(0, 24 - 0, 0) or=1
08-15 12:46:15.793 2708 2708 D ViewRootImpl@83f84ba[MainActivity]: MSG_WINDOW_FOCUS_CHANGED 1
08-15 12:46:15.793 2708 2708 D ViewRootImpl@83f84ba[MainActivity]: mHardwareRenderer.initializeIfNeeded()#2 mSurface={isValid=true -1839208448}
08-15 12:46:15.795 2708 2708 V InputMethodManager: Starting input: tba=android.view.inputmethod.EditorInfo@f5a7093 nm : cz.gienger.mobile ic=null
08-15 12:46:15.795 2708 2708 I InputMethodManager: startInputInner - mService.startInputOrWindowGainedFocus
08-15 12:46:15.801 2708 2708 D InputTransport: Input channel constructed: fd=74
08-15 12:46:15.801 2708 2708 D InputTransport: Input channel destroyed: fd=84
08-15 12:46:15.836 2708 2708 D TextView: SYANI: Clipboard API is calling: clearFilter()
08-15 12:46:15.836 2708 2708 D TextView: SYANI: Clipboard API is calling: unregisterClipboardEventListener()
08-15 12:46:15.843 2708 2708 D ViewRootImpl@3ae82ea[CancelDeliveryActivity]: mHardwareRenderer.destroy()#4
08-15 12:46:15.843 2708 2708 D ViewRootImpl@3ae82ea[CancelDeliveryActivity]: dispatchDetachedFromWindow
08-15 12:46:15.852 2708 2708 D InputTransport: Input channel destroyed: fd=76
08-15 12:46:15.853 2708 2708 D LOCATION_SERVICE: onDestroy
08-15 12:46:15.963 2708 8690 D FILE_MANAGER: Serializing delivery /data/user/0/cz.gienger.mobile/files/finished/130AT1180524112/130AT1180524112.xml
08-15 12:46:15.963 2708 8690 D FILE_MANAGER: Null files:
08-15 12:46:16.047 2708 8690 D MYINTERCEPTOR: /GiengerService.svc/sendorder
08-15 12:46:16.048 2708 8690 D OkHttp : --> POST https://testsaig1.gienger.cz/GiengerService.svc/sendorder http/1.1
08-15 12:46:16.048 2708 8690 D OkHttp : Content-Type: text/raw
08-15 12:46:16.048 2708 8690 D OkHttp : Content-Length: 2994
08-15 12:46:16.048 2708 8690 D OkHttp : filename: 130AT1180524112.xml
08-15 12:46:16.048 2708 8690 D OkHttp : Checksum: 7463407fef872e458fb8a1dde0ca4825
08-15 12:46:16.048 2708 8690 D OkHttp : token: a179935b28ab5fa0ca590030bf0a2edf
08-15 12:46:16.048 2708 8690 D OkHttp : --> END POST
08-15 12:46:16.135 2708 8690 D OkHttp : <-- 200 https://testsaig1.gienger.cz/GiengerService.svc/sendorder (86ms)
08-15 12:46:16.135 2708 8690 D OkHttp : content-type: application/xml; charset=utf-8
08-15 12:46:16.135 2708 8690 D OkHttp : server: Microsoft-IIS/10.0
08-15 12:46:16.135 2708 8690 D OkHttp : x-powered-by: ASP.NET
08-15 12:46:16.135 2708 8690 D OkHttp : date: Wed, 15 Aug 2018 10:46:15 GMT
08-15 12:46:16.135 2708 8690 D OkHttp : content-length: 175
08-15 12:46:16.135 2708 8690 D OkHttp : <-- END HTTP
08-15 12:46:16.139 2708 8690 D sendOrder_SUCCESS: 200
08-15 12:46:16.161 2708 8690 D MESSAGE_SERVICE: ACTION_RESEND_ORDERS
08-15 12:46:16.461 2708 2708 D AbsListView: in onLayout changed
08-15 12:46:16.471 2708 2708 D ViewRootImpl@83f84ba[MainActivity]: ViewPostImeInputStage processPointer 0
08-15 12:46:16.783 2708 2708 D AbsListView: in onLayout changed
08-15 12:46:16.793 2708 2708 D ViewRootImpl@83f84ba[MainActivity]: ViewPostImeInputStage processPointer 1
08-15 12:46:17.066 2708 2708 D ViewRootImpl@83f84ba[MainActivity]: ViewPostImeInputStage processPointer 0
08-15 12:46:17.111 2708 2708 D AbsListView: reportScrollStateChange() newState : 1
08-15 12:46:17.366 2708 2708 D ViewRootImpl@83f84ba[MainActivity]: ViewPostImeInputStage processPointer 1
08-15 12:46:17.366 2708 2708 D AbsListView: onTouchUp() mTouchMode : 3
08-15 12:46:17.366 2708 2708 D AbsListView: onTouchUp() TOUCH_MODE_SCROLL initialVelocity : -1064
08-15 12:46:17.366 2708 2708 D AbsListView: reportScrollStateChange() newState : 2
08-15 12:46:17.698 2708 2708 D ViewRootImpl@83f84ba[MainActivity]: ViewPostImeInputStage processPointer 0
08-15 12:46:17.828 2708 2708 D ViewRootImpl@83f84ba[MainActivity]: ViewPostImeInputStage processPointer 1
08-15 12:46:17.828 2708 2708 D AbsListView: onTouchUp() mTouchMode : 3
08-15 12:46:17.828 2708 2708 D AbsListView: onTouchUp() TOUCH_MODE_SCROLL initialVelocity : -5008
08-15 12:46:18.126 2708 2708 D ViewRootImpl@83f84ba[MainActivity]: ViewPostImeInputStage processPointer 0
08-15 12:46:18.167 2708 2708 D AbsListView: reportScrollStateChange() newState : 0
08-15 12:46:18.168 2708 2708 D AbsListView: reportScrollStateChange() newState : 1
08-15 12:46:18.770 2708 2708 D ViewRootImpl@83f84ba[MainActivity]: ViewPostImeInputStage processPointer 1
08-15 12:46:18.771 2708 2708 D AbsListView: onTouchUp() mTouchMode : 3
08-15 12:46:18.771 2708 2708 D AbsListView: onTouchUp() TOUCH_MODE_SCROLL initialVelocity : 1612
08-15 12:46:18.771 2708 2708 D AbsListView: reportScrollStateChange() newState : 2
08-15 12:46:19.143 2708 2708 D ViewRootImpl@83f84ba[MainActivity]: ViewPostImeInputStage processPointer 0
08-15 12:46:19.226 2708 2708 D AbsListView: reportScrollStateChange() newState : 0
08-15 12:46:19.227 2708 2708 D AbsListView: reportScrollStateChange() newState : 1
08-15 12:46:19.572 2708 2708 D ViewRootImpl@83f84ba[MainActivity]: ViewPostImeInputStage processPointer 1
08-15 12:46:19.572 2708 2708 D AbsListView: onTouchUp() mTouchMode : 3
08-15 12:46:19.573 2708 2708 D AbsListView: onTouchUp() TOUCH_MODE_SCROLL initialVelocity : -851
08-15 12:46:19.573 2708 2708 D AbsListView: reportScrollStateChange() newState : 2
08-15 12:46:19.933 2708 2708 D ViewRootImpl@83f84ba[MainActivity]: ViewPostImeInputStage processPointer 0
08-15 12:46:19.974 2708 2708 D AbsListView: reportScrollStateChange() newState : 0
08-15 12:46:19.976 2708 2708 D AbsListView: reportScrollStateChange() newState : 1
08-15 12:46:20.841 2708 2708 D ViewRootImpl@83f84ba[MainActivity]: ViewPostImeInputStage processPointer 1
08-15 12:46:20.842 2708 2708 D AbsListView: onTouchUp() mTouchMode : 3
08-15 12:46:20.842 2708 2708 D AbsListView: onTouchUp() TOUCH_MODE_SCROLL initialVelocity : 1
08-15 12:46:20.843 2708 2708 D AbsListView: reportScrollStateChange() newState : 0
08-15 12:46:21.131 2708 2708 D ViewRootImpl@83f84ba[MainActivity]: ViewPostImeInputStage processPointer 0
08-15 12:46:21.203 2708 2708 D ViewRootImpl@83f84ba[MainActivity]: ViewPostImeInputStage processPointer 1
08-15 12:46:21.222 2708 2708 D item_click: viewId = 2131820758, position = 9
08-15 12:46:21.265 2708 2708 D ViewRootImpl@83f84ba[MainActivity]: MSG_WINDOW_FOCUS_CHANGED 0
08-15 12:46:21.290 2708 2708 D Graph : removeVertex() : insertDummyVertex, because there is no ancestor.
08-15 12:46:21.290 2708 2708 D Graph : removeVertex() : insertDummyVertex, because there is no ancestor.
08-15 12:46:21.315 2708 2708 D ScrollView: initGoToTop
08-15 12:46:21.396 2708 2708 D ViewRootImpl@6ffb8c2[CancelDeliveryActivity]: ThreadedRenderer.create() translucent=false
08-15 12:46:21.399 2708 2708 D InputTransport: Input channel constructed: fd=95
08-15 12:46:21.400 2708 2708 D ViewRootImpl@6ffb8c2[CancelDeliveryActivity]: setView = DecorView@d38f6d3[CancelDeliveryActivity] touchMode=true
08-15 12:46:21.407 2708 2708 D ViewRootImpl@6ffb8c2[CancelDeliveryActivity]: dispatchAttachedToWindow
08-15 12:46:21.433 2708 2708 D ViewRootImpl@6ffb8c2[CancelDeliveryActivity]: Relayout returned: oldFrame=[0,0][0,0] newFrame=[0,0][768,1024] result=0x27 surface={isValid=true -1808797696} surfaceGenerationChanged=true
08-15 12:46:21.433 2708 2708 D ViewRootImpl@6ffb8c2[CancelDeliveryActivity]: mHardwareRenderer.initialize() mSurface={isValid=true -1808797696} hwInitialized=true
08-15 12:46:21.439 2708 2708 D ScrollView: onsize change changed
08-15 12:46:21.441 2708 2708 D LOCATION_SERVICE: LocationListener gps
08-15 12:46:21.441 2708 2708 D LOCATION_SERVICE: LocationListener network
08-15 12:46:21.443 2708 2708 D LOCATION_SERVICE: onCreate
08-15 12:46:21.443 2708 2708 D LOCATION_SERVICE: initializeLocationManager
08-15 12:46:21.453 2708 2708 D LOCATION_SERVICE: onStartCommand
08-15 12:46:21.522 2708 2708 D ViewRootImpl@6ffb8c2[CancelDeliveryActivity]: MSG_RESIZED_REPORT: frame=Rect(0, 0 - 768, 1024) ci=Rect(0, 24 - 0, 0) vi=Rect(0, 24 - 0, 0) or=1
08-15 12:46:21.522 2708 2708 D ViewRootImpl@6ffb8c2[CancelDeliveryActivity]: MSG_WINDOW_FOCUS_CHANGED 1
08-15 12:46:21.522 2708 2708 D ViewRootImpl@6ffb8c2[CancelDeliveryActivity]: mHardwareRenderer.initializeIfNeeded()#2 mSurface={isValid=true -1808797696}
08-15 12:46:21.527 2708 2708 V InputMethodManager: Starting input: tba=android.view.inputmethod.EditorInfo@3e49327 nm : cz.gienger.mobile ic=null
08-15 12:46:21.527 2708 2708 I InputMethodManager: startInputInner - mService.startInputOrWindowGainedFocus
08-15 12:46:21.533 2708 2708 D InputTransport: Input channel constructed: fd=99
08-15 12:46:21.533 2708 2708 D InputTransport: Input channel destroyed: fd=74
08-15 12:46:21.591 2708 2774 D OpenGLRenderer: endAllActiveAnimators on 0x933e8300 (RippleDrawable) with handle 0x93af9610
08-15 12:46:21.591 2708 2708 D ViewRootImpl@83f84ba[MainActivity]: mHardwareRenderer.destroy()#1
08-15 12:46:21.597 2708 2708 D ViewRootImpl@83f84ba[MainActivity]: Relayout returned: oldFrame=[0,0][768,1024] newFrame=[0,0][768,1024] result=0x5 surface={isValid=false 0} surfaceGenerationChanged=true
08-15 12:46:21.979 2708 2708 D ViewRootImpl@83f84ba[MainActivity]: Relayout returned: oldFrame=[0,0][768,1024] newFrame=[0,0][768,1024] result=0x5 surface={isValid=false 0} surfaceGenerationChanged=false
08-15 12:46:22.499 2708 2708 D ViewRootImpl@6ffb8c2[CancelDeliveryActivity]: ViewPostImeInputStage processPointer 0
08-15 12:46:22.579 2708 2708 D ViewRootImpl@6ffb8c2[CancelDeliveryActivity]: ViewPostImeInputStage processPointer 1
08-15 12:46:23.433 2708 2708 D ViewRootImpl@6ffb8c2[CancelDeliveryActivity]: ViewPostImeInputStage processPointer 0
08-15 12:46:23.502 2708 2708 D ViewRootImpl@6ffb8c2[CancelDeliveryActivity]: ViewPostImeInputStage processPointer 1
08-15 12:46:23.521 2708 2708 D UNDELIVERED: Reason ID = 9, Comment =
08-15 12:46:23.582 2708 8698 D MESSAGE_SERVICE: ACTION_COMPRESS_AND_UPLOAD
08-15 12:46:23.636 2708 2708 D ViewRootImpl@6ffb8c2[CancelDeliveryActivity]: MSG_WINDOW_FOCUS_CHANGED 0
08-15 12:46:23.655 2708 2708 D ViewRootImpl@83f84ba[MainActivity]: mHardwareRenderer.destroy()#4
08-15 12:46:23.655 2708 2708 D ViewRootImpl@83f84ba[MainActivity]: dispatchDetachedFromWindow
08-15 12:46:23.661 2708 2708 D InputTransport: Input channel destroyed: fd=75
08-15 12:46:23.908 2708 2708 D ViewRootImpl@ba5de63[MainActivity]: ThreadedRenderer.create() translucent=false
08-15 12:46:23.915 2708 2708 D InputTransport: Input channel constructed: fd=74
08-15 12:46:23.916 2708 2708 D ViewRootImpl@ba5de63[MainActivity]: setView = DecorView@2f40a60[MainActivity] touchMode=true
08-15 12:46:23.919 2708 2708 D ViewRootImpl@ba5de63[MainActivity]: dispatchAttachedToWindow
08-15 12:46:23.970 2708 2708 D ViewRootImpl@ba5de63[MainActivity]: Relayout returned: oldFrame=[0,0][0,0] newFrame=[0,0][768,1024] result=0x27 surface={isValid=true -1835489280} surfaceGenerationChanged=true
08-15 12:46:23.971 2708 2708 D ViewRootImpl@ba5de63[MainActivity]: mHardwareRenderer.initialize() mSurface={isValid=true -1835489280} hwInitialized=true
08-15 12:46:24.053 2708 2708 D AbsListView: in onLayout changed
08-15 12:46:24.067 2708 2774 D OpenGLRenderer: endAllActiveAnimators on 0x93ae2e80 (RippleDrawable) with handle 0x9178fc20
08-15 12:46:24.067 2708 2708 D ViewRootImpl@6ffb8c2[CancelDeliveryActivity]: mHardwareRenderer.destroy()#1
08-15 12:46:24.075 2708 2708 D ViewRootImpl@6ffb8c2[CancelDeliveryActivity]: Relayout returned: oldFrame=[0,0][768,1024] newFrame=[0,0][768,1024] result=0x5 surface={isValid=false 0} surfaceGenerationChanged=true
08-15 12:46:24.136 2708 2708 D ViewRootImpl@ba5de63[MainActivity]: MSG_RESIZED_REPORT: frame=Rect(0, 0 - 768, 1024) ci=Rect(0, 24 - 0, 0) vi=Rect(0, 24 - 0, 0) or=1
08-15 12:46:24.137 2708 2708 D ViewRootImpl@ba5de63[MainActivity]: MSG_WINDOW_FOCUS_CHANGED 1
08-15 12:46:24.137 2708 2708 D ViewRootImpl@ba5de63[MainActivity]: mHardwareRenderer.initializeIfNeeded()#2 mSurface={isValid=true -1835489280}
08-15 12:46:24.138 2708 2708 V InputMethodManager: Starting input: tba=android.view.inputmethod.EditorInfo@fbf1168 nm : cz.gienger.mobile ic=null
08-15 12:46:24.138 2708 2708 I InputMethodManager: startInputInner - mService.startInputOrWindowGainedFocus
08-15 12:46:24.152 2708 2708 D InputTransport: Input channel constructed: fd=75
08-15 12:46:24.152 2708 2708 D InputTransport: Input channel destroyed: fd=99
08-15 12:46:24.188 2708 2708 D TextView: SYANI: Clipboard API is calling: clearFilter()
08-15 12:46:24.188 2708 2708 D TextView: SYANI: Clipboard API is calling: unregisterClipboardEventListener()
08-15 12:46:24.197 2708 2708 D ViewRootImpl@6ffb8c2[CancelDeliveryActivity]: mHardwareRenderer.destroy()#4
08-15 12:46:24.197 2708 2708 D ViewRootImpl@6ffb8c2[CancelDeliveryActivity]: dispatchDetachedFromWindow
08-15 12:46:24.203 2708 2708 D InputTransport: Input channel destroyed: fd=95
08-15 12:46:24.203 2708 2708 D LOCATION_SERVICE: onDestroy
08-15 12:46:24.304 2708 8698 D FILE_MANAGER: Serializing delivery /data/user/0/cz.gienger.mobile/files/finished/130AT1180524114/130AT1180524114.xml
08-15 12:46:24.304 2708 8698 D FILE_MANAGER: Null files:
08-15 12:46:24.390 2708 8698 D MYINTERCEPTOR: /GiengerService.svc/sendorder
08-15 12:46:24.390 2708 8698 D OkHttp : --> POST https://testsaig1.gienger.cz/GiengerService.svc/sendorder http/1.1
08-15 12:46:24.390 2708 8698 D OkHttp : Content-Type: text/raw
08-15 12:46:24.391 2708 8698 D OkHttp : Content-Length: 3037
08-15 12:46:24.391 2708 8698 D OkHttp : filename: 130AT1180524114.xml
08-15 12:46:24.391 2708 8698 D OkHttp : Checksum: 367c96e36014cb5ab231c9d1c5b2ac3d
08-15 12:46:24.391 2708 8698 D OkHttp : token: a179935b28ab5fa0ca590030bf0a2edf
08-15 12:46:24.391 2708 8698 D OkHttp : --> END POST
08-15 12:46:24.493 2708 8698 D OkHttp : <-- 200 https://testsaig1.gienger.cz/GiengerService.svc/sendorder (102ms)
08-15 12:46:24.494 2708 8698 D OkHttp : content-type: application/xml; charset=utf-8
08-15 12:46:24.494 2708 8698 D OkHttp : server: Microsoft-IIS/10.0
08-15 12:46:24.494 2708 8698 D OkHttp : x-powered-by: ASP.NET
08-15 12:46:24.494 2708 8698 D OkHttp : date: Wed, 15 Aug 2018 10:46:23 GMT
08-15 12:46:24.494 2708 8698 D OkHttp : content-length: 175
08-15 12:46:24.494 2708 8698 D OkHttp : <-- END HTTP
08-15 12:46:24.498 2708 8698 D sendOrder_SUCCESS: 200
08-15 12:46:24.530 2708 8698 D MESSAGE_SERVICE: ACTION_RESEND_ORDERS
08-15 12:46:24.825 2708 2708 D AbsListView: in onLayout changed
08-15 12:46:25.064 2708 2708 D ViewRootImpl@ba5de63[MainActivity]: ViewPostImeInputStage processPointer 0
08-15 12:46:25.149 2708 2708 D AbsListView: in onLayout changed
08-15 12:46:25.159 2708 2708 D ViewRootImpl@ba5de63[MainActivity]: ViewPostImeInputStage processPointer 1
08-15 12:46:25.459 2708 2708 D ViewRootImpl@ba5de63[MainActivity]: ViewPostImeInputStage processPointer 0
08-15 12:46:25.513 2708 2708 D AbsListView: reportScrollStateChange() newState : 1
08-15 12:46:25.626 2708 2708 D ViewRootImpl@ba5de63[MainActivity]: ViewPostImeInputStage processPointer 1
08-15 12:46:25.626 2708 2708 D AbsListView: onTouchUp() mTouchMode : 3
08-15 12:46:25.626 2708 2708 D AbsListView: onTouchUp() TOUCH_MODE_SCROLL initialVelocity : -3417
08-15 12:46:25.626 2708 2708 D AbsListView: reportScrollStateChange() newState : 2
08-15 12:46:26.574 2708 2708 D ViewRootImpl@ba5de63[MainActivity]: ViewPostImeInputStage processPointer 0
08-15 12:46:26.785 2708 2708 D ViewRootImpl@ba5de63[MainActivity]: ViewPostImeInputStage processPointer 1
08-15 12:46:26.785 2708 2708 D AbsListView: onTouchUp() mTouchMode : 3
08-15 12:46:26.785 2708 2708 D AbsListView: onTouchUp() TOUCH_MODE_SCROLL initialVelocity : -1663
08-15 12:46:27.189 2708 2708 D ViewRootImpl@ba5de63[MainActivity]: ViewPostImeInputStage processPointer 0
08-15 12:46:27.232 2708 2708 D AbsListView: reportScrollStateChange() newState : 0
08-15 12:46:27.233 2708 2708 D AbsListView: reportScrollStateChange() newState : 1
08-15 12:46:28.367 2708 2708 D ViewRootImpl@ba5de63[MainActivity]: ViewPostImeInputStage processPointer 1
08-15 12:46:28.367 2708 2708 D AbsListView: onTouchUp() mTouchMode : 3
08-15 12:46:28.367 2708 2708 D AbsListView: onTouchUp() TOUCH_MODE_SCROLL initialVelocity : -1845
08-15 12:46:28.367 2708 2708 D AbsListView: reportScrollStateChange() newState : 2
08-15 12:46:28.888 2708 2708 D ViewRootImpl@ba5de63[MainActivity]: ViewPostImeInputStage processPointer 0
08-15 12:46:29.044 2708 2708 D ViewRootImpl@ba5de63[MainActivity]: ViewPostImeInputStage processPointer 1
08-15 12:46:29.044 2708 2708 D AbsListView: onTouchUp() mTouchMode : 3
08-15 12:46:29.044 2708 2708 D AbsListView: onTouchUp() TOUCH_MODE_SCROLL initialVelocity : -4158
08-15 12:46:29.605 2708 2708 D AbsListView: reportScrollStateChange() newState : 0
08-15 12:46:29.734 2708 2708 D ViewRootImpl@ba5de63[MainActivity]: ViewPostImeInputStage processPointer 0
08-15 12:46:29.774 2708 2708 D AbsListView: reportScrollStateChange() newState : 1
08-15 12:46:29.936 2708 2708 D ViewRootImpl@ba5de63[MainActivity]: ViewPostImeInputStage processPointer 1
08-15 12:46:29.937 2708 2708 D AbsListView: onTouchUp() mTouchMode : 3
08-15 12:46:29.937 2708 2708 D AbsListView: onTouchUp() TOUCH_MODE_SCROLL initialVelocity : 2476
08-15 12:46:29.937 2708 2708 D AbsListView: reportScrollStateChange() newState : 2
08-15 12:46:30.745 2708 2708 D ViewRootImpl@ba5de63[MainActivity]: ViewPostImeInputStage processPointer 0
08-15 12:46:30.879 2708 2708 D ViewRootImpl@ba5de63[MainActivity]: ViewPostImeInputStage processPointer 1
08-15 12:46:30.879 2708 2708 D AbsListView: onTouchUp() mTouchMode : 3
