08-15 12:38:53.040 2708 2708 D ViewRootImpl@f0c1608[CategoryListActivity]: MSG_WINDOW_FOCUS_CHANGED 1
08-15 12:38:53.040 2708 2708 D ViewRootImpl@f0c1608[CategoryListActivity]: mHardwareRenderer.initializeIfNeeded()#2 mSurface={isValid=true -1826764800}
08-15 12:38:53.041 2708 2708 V InputMethodManager: Starting input: tba=android.view.inputmethod.EditorInfo@1d336c5 nm : cz.gienger.mobile ic=null
08-15 12:38:53.041 2708 2708 I InputMethodManager: startInputInner - mService.startInputOrWindowGainedFocus
08-15 12:38:53.043 2708 2708 D InputTransport: Input channel constructed: fd=66
08-15 12:38:53.043 2708 2708 D InputTransport: Input channel destroyed: fd=75
08-15 12:38:53.164 2708 2774 D OpenGLRenderer: endAllActiveAnimators on 0x94770b00 (RippleDrawable) with handle 0x92012cd0
08-15 12:38:53.166 2708 2708 D ViewRootImpl@aeb9893[MainActivity]: mHardwareRenderer.destroy()#1
08-15 12:38:53.173 2708 2708 D ViewRootImpl@aeb9893[MainActivity]: Relayout returned: oldFrame=[0,0][768,1024] newFrame=[0,0][768,1024] result=0x5 surface={isValid=false 0} surfaceGenerationChanged=true
08-15 12:38:53.471 2708 2708 D LOCATION_SERVICE: onLocationChanged: Location[network 49,191077,17,534592 acc=21 et=+9m36s276ms alt=0.0 vel=0.0 bear=0.0 {Bundle[mParcelledData.dataSize=80]}]
08-15 12:38:53.584 2708 2708 D ViewRootImpl@aeb9893[MainActivity]: Relayout returned: oldFrame=[0,0][768,1024] newFrame=[0,0][768,1024] result=0x5 surface={isValid=false 0} surfaceGenerationChanged=false
08-15 12:38:54.765 2708 2708 D ViewRootImpl@f0c1608[CategoryListActivity]: ViewPostImeInputStage processKey 0
08-15 12:38:54.848 2708 2708 D ViewRootImpl@f0c1608[CategoryListActivity]: ViewPostImeInputStage processKey 1
08-15 12:38:55.146 2708 2708 D ViewRootImpl@aeb9893[MainActivity]: Relayout returned: oldFrame=[0,0][768,1024] newFrame=[0,0][768,1024] result=0x7 surface={isValid=true -1845698560} surfaceGenerationChanged=true
08-15 12:38:55.146 2708 2708 D ViewRootImpl@aeb9893[MainActivity]: mHardwareRenderer.initialize() mSurface={isValid=true -1845698560} hwInitialized=true
08-15 12:38:55.210 2708 2708 D AbsListView: in onLayout changed
08-15 12:38:55.236 2708 2708 D ViewRootImpl@aeb9893[MainActivity]: MSG_WINDOW_FOCUS_CHANGED 1
08-15 12:38:55.236 2708 2708 D ViewRootImpl@aeb9893[MainActivity]: mHardwareRenderer.initializeIfNeeded()#2 mSurface={isValid=true -1845698560}
08-15 12:38:55.238 2708 2708 V InputMethodManager: Starting input: tba=android.view.inputmethod.EditorInfo@286b3d nm : cz.gienger.mobile ic=null
08-15 12:38:55.238 2708 2708 I InputMethodManager: startInputInner - mService.startInputOrWindowGainedFocus
08-15 12:38:55.253 2708 2708 D InputTransport: Input channel constructed: fd=61
08-15 12:38:55.253 2708 2708 D InputTransport: Input channel destroyed: fd=66
08-15 12:38:55.259 2708 2708 D ViewRootImpl@f0c1608[CategoryListActivity]: MSG_WINDOW_FOCUS_CHANGED 0
08-15 12:38:55.289 2708 2708 D ViewRootImpl@f0c1608[CategoryListActivity]: mHardwareRenderer.destroy()#1
08-15 12:38:55.295 2708 2708 D ViewRootImpl@f0c1608[CategoryListActivity]: Relayout returned: oldFrame=[0,0][768,1024] newFrame=[0,0][768,1024] result=0x5 surface={isValid=false 0} surfaceGenerationChanged=true
08-15 12:38:55.720 2708 2708 D ViewRootImpl@f0c1608[CategoryListActivity]: mHardwareRenderer.destroy()#4
08-15 12:38:55.720 2708 2708 D ViewRootImpl@f0c1608[CategoryListActivity]: dispatchDetachedFromWindow
08-15 12:38:55.728 2708 2708 D InputTransport: Input channel destroyed: fd=64
08-15 12:38:55.729 2708 2708 D LOCATION_SERVICE: onDestroy
08-15 12:38:56.134 2708 2708 D ViewRootImpl@aeb9893[MainActivity]: ViewPostImeInputStage processPointer 0
08-15 12:38:56.167 2708 2708 D AbsListView: reportScrollStateChange() newState : 1
08-15 12:38:56.422 2708 2708 D ViewRootImpl@aeb9893[MainActivity]: ViewPostImeInputStage processPointer 1
08-15 12:38:56.425 2708 2708 D AbsListView: onTouchUp() mTouchMode : 3
08-15 12:38:56.425 2708 2708 D AbsListView: onTouchUp() TOUCH_MODE_SCROLL initialVelocity : 0
08-15 12:38:56.425 2708 2708 D AbsListView: reportScrollStateChange() newState : 0
08-15 12:38:56.914 2708 2708 D ViewRootImpl@aeb9893[MainActivity]: ViewPostImeInputStage processPointer 0
08-15 12:38:56.952 2708 2708 D AbsListView: reportScrollStateChange() newState : 1
08-15 12:38:57.191 2708 2708 D ViewRootImpl@aeb9893[MainActivity]: ViewPostImeInputStage processPointer 1
08-15 12:38:57.191 2708 2708 D AbsListView: onTouchUp() mTouchMode : 3
08-15 12:38:57.191 2708 2708 D AbsListView: onTouchUp() TOUCH_MODE_SCROLL initialVelocity : 0
08-15 12:38:57.191 2708 2708 D AbsListView: reportScrollStateChange() newState : 0
08-15 12:38:57.817 2708 2708 D ViewRootImpl@aeb9893[MainActivity]: ViewPostImeInputStage processPointer 0
08-15 12:38:57.880 2708 2708 D ViewRootImpl@aeb9893[MainActivity]: ViewPostImeInputStage processPointer 1
08-15 12:38:57.898 2708 2708 D item_click: viewId = 2131820760, position = 0
08-15 12:38:57.901 2708 2708 E cz.gienger.mobile.poaz.configuration.GlobalConfiguration: java.lang.NumberFormatException: null
08-15 12:38:57.901 2708 2708 E cz.gienger.mobile.poaz.configuration.GlobalConfiguration: at java.lang.Integer.parseInt(Integer.java:483)
08-15 12:38:57.901 2708 2708 E cz.gienger.mobile.poaz.configuration.GlobalConfiguration: at java.lang.Integer.parseInt(Integer.java:556)
08-15 12:38:57.901 2708 2708 E cz.gienger.mobile.poaz.configuration.GlobalConfiguration: at cz.gienger.mobile.poaz.configuration.GlobalConfiguration.getPriceTypeEnum(GlobalConfiguration.java:140)
08-15 12:38:57.901 2708 2708 E cz.gienger.mobile.poaz.configuration.GlobalConfiguration: at cz.gienger.mobile.poaz.configuration.GlobalConfiguration.setValues(GlobalConfiguration.java:97)
08-15 12:38:57.901 2708 2708 E cz.gienger.mobile.poaz.configuration.GlobalConfiguration: at cz.gienger.mobile.poaz.configuration.GlobalConfiguration.(GlobalConfiguration.java:36)
08-15 12:38:57.901 2708 2708 E cz.gienger.mobile.poaz.configuration.GlobalConfiguration: at cz.gienger.mobile.poaz.configuration.GlobalConfiguration.get(GlobalConfiguration.java:41)
08-15 12:38:57.901 2708 2708 E cz.gienger.mobile.poaz.configuration.GlobalConfiguration: at cz.gienger.mobile.activity.MainActivity$BroadcastReceiver.onReceive(MainActivity.java:268)
08-15 12:38:57.901 2708 2708 E cz.gienger.mobile.poaz.configuration.GlobalConfiguration: at android.app.LoadedApk$ReceiverDispatcher$Args.run(LoadedApk.java:1185)
08-15 12:38:57.901 2708 2708 E cz.gienger.mobile.poaz.configuration.GlobalConfiguration: at android.os.Handler.handleCallback(Handler.java:751)
08-15 12:38:57.901 2708 2708 E cz.gienger.mobile.poaz.configuration.GlobalConfiguration: at android.os.Handler.dispatchMessage(Handler.java:95)
08-15 12:38:57.901 2708 2708 E cz.gienger.mobile.poaz.configuration.GlobalConfiguration: at android.os.Looper.loop(Looper.java:154)
08-15 12:38:57.901 2708 2708 E cz.gienger.mobile.poaz.configuration.GlobalConfiguration: at android.app.ActivityThread.main(ActivityThread.java:6823)
08-15 12:38:57.901 2708 2708 E cz.gienger.mobile.poaz.configuration.GlobalConfiguration: at java.lang.reflect.Method.invoke(Native Method)
08-15 12:38:57.901 2708 2708 E cz.gienger.mobile.poaz.configuration.GlobalConfiguration: at com.android.internal.os.ZygoteInit$MethodAndArgsCaller.run(ZygoteInit.java:1563)
08-15 12:38:57.901 2708 2708 E cz.gienger.mobile.poaz.configuration.GlobalConfiguration: at com.android.internal.os.ZygoteInit.main(ZygoteInit.java:1451)
08-15 12:38:57.962 2708 2708 D ViewRootImpl@aeb9893[MainActivity]: MSG_WINDOW_FOCUS_CHANGED 0
08-15 12:38:57.989 2708 2708 D Graph : removeVertex() : insertDummyVertex, because there is no ancestor.
08-15 12:38:58.053 2708 2708 E cz.gienger.mobile.poaz.configuration.GlobalConfiguration: java.lang.NumberFormatException: null
08-15 12:38:58.053 2708 2708 E cz.gienger.mobile.poaz.configuration.GlobalConfiguration: at java.lang.Integer.parseInt(Integer.java:483)
08-15 12:38:58.053 2708 2708 E cz.gienger.mobile.poaz.configuration.GlobalConfiguration: at java.lang.Integer.parseInt(Integer.java:556)
08-15 12:38:58.053 2708 2708 E cz.gienger.mobile.poaz.configuration.GlobalConfiguration: at cz.gienger.mobile.poaz.configuration.GlobalConfiguration.getPriceTypeEnum(GlobalConfiguration.java:140)
08-15 12:38:58.053 2708 2708 E cz.gienger.mobile.poaz.configuration.GlobalConfiguration: at cz.gienger.mobile.poaz.configuration.GlobalConfiguration.setValues(GlobalConfiguration.java:97)
08-15 12:38:58.053 2708 2708 E cz.gienger.mobile.poaz.configuration.GlobalConfiguration: at cz.gienger.mobile.poaz.configuration.GlobalConfiguration.(GlobalConfiguration.java:36)
08-15 12:38:58.053 2708 2708 E cz.gienger.mobile.poaz.configuration.GlobalConfiguration: at cz.gienger.mobile.poaz.configuration.GlobalConfiguration.get(GlobalConfiguration.java:41)
08-15 12:38:58.053 2708 2708 E cz.gienger.mobile.poaz.configuration.GlobalConfiguration: at cz.gienger.mobile.poaz.fragments.CategoryListFragment.onResume(CategoryListFragment.java:159)
08-15 12:38:58.053 2708 2708 E cz.gienger.mobile.poaz.configuration.GlobalConfiguration: at android.support.v4.app.Fragment.performResume(Fragment.java:2294)
08-15 12:38:58.053 2708 2708 E cz.gienger.mobile.poaz.configuration.GlobalConfiguration: at android.support.v4.app.FragmentManagerImpl.moveToState(FragmentManager.java:1387)
08-15 12:38:58.053 2708 2708 E cz.gienger.mobile.poaz.configuration.GlobalConfiguration: at android.support.v4.app.FragmentManagerImpl.moveFragmentToExpectedState(FragmentManager.java:1569)
08-15 12:38:58.053 2708 2708 E cz.gienger.mobile.poaz.configuration.GlobalConfiguration: at android.support.v4.app.FragmentManagerImpl.moveToState(FragmentManager.java:1636)
08-15 12:38:58.053 2708 2708 E cz.gienger.mobile.poaz.configuration.GlobalConfiguration: at android.support.v4.app.FragmentManagerImpl.dispatchResume(FragmentManager.java:2991)
08-15 12:38:58.053 2708 2708 E cz.gienger.mobile.poaz.configuration.GlobalConfiguration: at android.support.v4.app.FragmentController.dispatchResume(FragmentController.java:214)
08-15 12:38:58.053 2708 2708 E cz.gienger.mobile.poaz.configuration.GlobalConfiguration: at android.support.v4.app.FragmentActivity.onResumeFragments(FragmentActivity.java:509)
08-15 12:38:58.053 2708 2708 E cz.gienger.mobile.poaz.configuration.GlobalConfiguration: at android.support.v4.app.FragmentActivity.onPostResume(FragmentActivity.java:498)
08-15 12:38:58.053 2708 2708 E cz.gienger.mobile.poaz.configuration.GlobalConfiguration: at android.support.v7.app.AppCompatActivity.onPostResume(AppCompatActivity.java:172)
08-15 12:38:58.053 2708 2708 E cz.gienger.mobile.poaz.configuration.GlobalConfiguration: at android.app.Activity.performResume(Activity.java:7166)
08-15 12:38:58.053 2708 2708 E cz.gienger.mobile.poaz.configuration.GlobalConfiguration: at android.app.ActivityThread.performResumeActivity(ActivityThread.java:3850)
08-15 12:38:58.053 2708 2708 E cz.gienger.mobile.poaz.configuration.GlobalConfiguration: at android.app.ActivityThread.handleResumeActivity(ActivityThread.java:3914)
08-15 12:38:58.053 2708 2708 E cz.gienger.mobile.poaz.configuration.GlobalConfiguration: at android.app.ActivityThread.handleLaunchActivity(ActivityThread.java:3070)
08-15 12:38:58.053 2708 2708 E cz.gienger.mobile.poaz.configuration.GlobalConfiguration: at android.app.ActivityThread.-wrap14(ActivityThread.java)
08-15 12:38:58.053 2708 2708 E cz.gienger.mobile.poaz.configuration.GlobalConfiguration: at android.app.ActivityThread$H.handleMessage(ActivityThread.java:1659)
08-15 12:38:58.053 2708 2708 E cz.gienger.mobile.poaz.configuration.GlobalConfiguration: at android.os.Handler.dispatchMessage(Handler.java:102)
08-15 12:38:58.053 2708 2708 E cz.gienger.mobile.poaz.configuration.GlobalConfiguration: at android.os.Looper.loop(Looper.java:154)
08-15 12:38:58.053 2708 2708 E cz.gienger.mobile.poaz.configuration.GlobalConfiguration: at android.app.ActivityThread.main(ActivityThread.java:6823)
08-15 12:38:58.053 2708 2708 E cz.gienger.mobile.poaz.configuration.GlobalConfiguration: at java.lang.reflect.Method.invoke(Native Method)
08-15 12:38:58.053 2708 2708 E cz.gienger.mobile.poaz.configuration.GlobalConfiguration: at com.android.internal.os.ZygoteInit$MethodAndArgsCaller.run(ZygoteInit.java:1563)
08-15 12:38:58.053 2708 2708 E cz.gienger.mobile.poaz.configuration.GlobalConfiguration: at com.android.internal.os.ZygoteInit.main(ZygoteInit.java:1451)
08-15 12:38:58.062 2708 2708 D ViewRootImpl@d34d23a[CategoryListActivity]: ThreadedRenderer.create() translucent=false
08-15 12:38:58.067 2708 2708 D InputTransport: Input channel constructed: fd=64
08-15 12:38:58.067 2708 2708 D ViewRootImpl@d34d23a[CategoryListActivity]: setView = DecorView@a675eeb[CategoryListActivity] touchMode=true
08-15 12:38:58.068 2708 2708 D LOCATION_SERVICE: LocationListener gps
08-15 12:38:58.069 2708 2708 D LOCATION_SERVICE: LocationListener network
08-15 12:38:58.070 2708 2708 D LOCATION_SERVICE: onCreate
08-15 12:38:58.071 2708 2708 D LOCATION_SERVICE: initializeLocationManager
08-15 12:38:58.086 2708 2708 D LOCATION_SERVICE: onStartCommand
08-15 12:38:58.106 2708 2708 D ViewRootImpl@d34d23a[CategoryListActivity]: dispatchAttachedToWindow
08-15 12:38:58.131 2708 2708 D ViewRootImpl@d34d23a[CategoryListActivity]: Relayout returned: oldFrame=[0,0][0,0] newFrame=[0,0][768,1024] result=0x27 surface={isValid=true -1851893760} surfaceGenerationChanged=true
08-15 12:38:58.131 2708 2708 D ViewRootImpl@d34d23a[CategoryListActivity]: mHardwareRenderer.initialize() mSurface={isValid=true -1851893760} hwInitialized=true
08-15 12:38:58.215 2708 2713 I art : Do partial code cache collection, code=227KB, data=250KB
08-15 12:38:58.217 2708 2713 I art : After code cache collection, code=227KB, data=250KB
08-15 12:38:58.217 2708 2713 I art : Increasing code cache capacity to 1024KB
08-15 12:38:58.269 2708 2708 E cz.gienger.mobile.poaz.configuration.GlobalConfiguration: java.lang.NumberFormatException: null
08-15 12:38:58.269 2708 2708 E cz.gienger.mobile.poaz.configuration.GlobalConfiguration: at java.lang.Integer.parseInt(Integer.java:483)
08-15 12:38:58.269 2708 2708 E cz.gienger.mobile.poaz.configuration.GlobalConfiguration: at java.lang.Integer.parseInt(Integer.java:556)
08-15 12:38:58.269 2708 2708 E cz.gienger.mobile.poaz.configuration.GlobalConfiguration: at cz.gienger.mobile.poaz.configuration.GlobalConfiguration.getPriceTypeEnum(GlobalConfiguration.java:140)
08-15 12:38:58.269 2708 2708 E cz.gienger.mobile.poaz.configuration.GlobalConfiguration: at cz.gienger.mobile.poaz.configuration.GlobalConfiguration.setValues(GlobalConfiguration.java:97)
08-15 12:38:58.269 2708 2708 E cz.gienger.mobile.poaz.configuration.GlobalConfiguration: at cz.gienger.mobile.poaz.configuration.GlobalConfiguration.(GlobalConfiguration.java:36)
08-15 12:38:58.269 2708 2708 E cz.gienger.mobile.poaz.configuration.GlobalConfiguration: at cz.gienger.mobile.poaz.configuration.GlobalConfiguration.get(GlobalConfiguration.java:41)
08-15 12:38:58.269 2708 2708 E cz.gienger.mobile.poaz.configuration.GlobalConfiguration: at cz.gienger.mobile.poaz.activities.PoazActivityBase.initPriceSwitch(PoazActivityBase.java:313)
08-15 12:38:58.269 2708 2708 E cz.gienger.mobile.poaz.configuration.GlobalConfiguration: at cz.gienger.mobile.poaz.activities.PoazActivityBase.onCreateOptionsMenu(PoazActivityBase.java:143)
08-15 12:38:58.269 2708 2708 E cz.gienger.mobile.poaz.configuration.GlobalConfiguration: at android.app.Activity.onCreatePanelMenu(Activity.java:3328)
08-15 12:38:58.269 2708 2708 E cz.gienger.mobile.poaz.configuration.GlobalConfiguration: at android.support.v4.app.FragmentActivity.onCreatePanelMenu(FragmentActivity.java:362)
08-15 12:38:58.269 2708 2708 E cz.gienger.mobile.poaz.configuration.GlobalConfiguration: at android.support.v7.view.WindowCallbackWrapper.onCreatePanelMenu(WindowCallbackWrapper.java:98)
08-15 12:38:58.269 2708 2708 E cz.gienger.mobile.poaz.configuration.GlobalConfiguration: at android.support.v7.app.AppCompatDelegateImplBase$AppCompatWindowCallbackBase.onCreatePanelMenu(AppCompatDelegateImplBase.java:335)
08-15 12:38:58.269 2708 2708 E cz.gienger.mobile.poaz.configuration.GlobalConfiguration: at android.support.v7.app.AppCompatDelegateImplV9.preparePanel(AppCompatDelegateImplV9.java:1368)
08-15 12:38:58.269 2708 2708 E cz.gienger.mobile.poaz.configuration.GlobalConfiguration: at android.support.v7.app.AppCompatDelegateImplV9.doInvalidatePanelMenu(AppCompatDelegateImplV9.java:1648)
08-15 12:38:58.269 2708 2708 E cz.gienger.mobile.poaz.configuration.GlobalConfiguration: at android.support.v7.app.AppCompatDelegateImplV9$1.run(AppCompatDelegateImplV9.java:140)
08-15 12:38:58.269 2708 2708 E cz.gienger.mobile.poaz.configuration.GlobalConfiguration: at android.os.Handler.handleCallback(Handler.java:751)
08-15 12:38:58.269 2708 2708 E cz.gienger.mobile.poaz.configuration.GlobalConfiguration: at android.os.Handler.dispatchMessage(Handler.java:95)
08-15 12:38:58.269 2708 2708 E cz.gienger.mobile.poaz.configuration.GlobalConfiguration: at android.os.Looper.loop(Looper.java:154)
08-15 12:38:58.269 2708 2708 E cz.gienger.mobile.poaz.configuration.GlobalConfiguration: at android.app.ActivityThread.main(ActivityThread.java:6823)
08-15 12:38:58.269 2708 2708 E cz.gienger.mobile.poaz.configuration.GlobalConfiguration: at java.lang.reflect.Method.invoke(Native Method)
08-15 12:38:58.269 2708 2708 E cz.gienger.mobile.poaz.configuration.GlobalConfiguration: at com.android.internal.os.ZygoteInit$MethodAndArgsCaller.run(ZygoteInit.java:1563)
08-15 12:38:58.269 2708 2708 E cz.gienger.mobile.poaz.configuration.GlobalConfiguration: at com.android.internal.os.ZygoteInit.main(ZygoteInit.java:1451)
08-15 12:38:58.283 2708 2708 D ViewRootImpl@d34d23a[CategoryListActivity]: MSG_RESIZED_REPORT: frame=Rect(0, 0 - 768, 1024) ci=Rect(0, 24 - 0, 0) vi=Rect(0, 24 - 0, 0) or=1
08-15 12:38:58.283 2708 2708 D ViewRootImpl@d34d23a[CategoryListActivity]: MSG_WINDOW_FOCUS_CHANGED 1
08-15 12:38:58.283 2708 2708 D ViewRootImpl@d34d23a[CategoryListActivity]: mHardwareRenderer.initializeIfNeeded()#2 mSurface={isValid=true -1851893760}
08-15 12:38:58.285 2708 2708 V InputMethodManager: Starting input: tba=android.view.inputmethod.EditorInfo@d14ca6f nm : cz.gienger.mobile ic=null
08-15 12:38:58.285 2708 2708 I InputMethodManager: startInputInner - mService.startInputOrWindowGainedFocus
08-15 12:38:58.287 2708 2708 D InputTransport: Input channel constructed: fd=74
08-15 12:38:58.287 2708 2708 D InputTransport: Input channel destroyed: fd=61
08-15 12:38:58.352 2708 2774 D OpenGLRenderer: endAllActiveAnimators on 0x93248000 (RippleDrawable) with handle 0x9188dc00
08-15 12:38:58.352 2708 2708 D ViewRootImpl@aeb9893[MainActivity]: mHardwareRenderer.destroy()#1
08-15 12:38:58.362 2708 2708 D ViewRootImpl@aeb9893[MainActivity]: Relayout returned: oldFrame=[0,0][768,1024] newFrame=[0,0][768,1024] result=0x5 surface={isValid=false 0} surfaceGenerationChanged=true
08-15 12:38:58.763 2708 2708 D ViewRootImpl@aeb9893[MainActivity]: Relayout returned: oldFrame=[0,0][768,1024] newFrame=[0,0][768,1024] result=0x5 surface={isValid=false 0} surfaceGenerationChanged=false
08-15 12:38:59.531 2708 2708 D ViewRootImpl@d34d23a[CategoryListActivity]: ViewPostImeInputStage processPointer 0
08-15 12:39:00.120 2708 2708 D ViewRootImpl@d34d23a[CategoryListActivity]: ViewPostImeInputStage processPointer 1
08-15 12:39:01.802 2708 2708 D ViewRootImpl@d34d23a[CategoryListActivity]: ViewPostImeInputStage processPointer 0
08-15 12:39:01.879 2708 2708 D ViewRootImpl@d34d23a[CategoryListActivity]: ViewPostImeInputStage processPointer 1
08-15 12:39:01.903 2708 2708 E cz.gienger.mobile.poaz.configuration.GlobalConfiguration: java.lang.NumberFormatException: null
08-15 12:39:01.903 2708 2708 E cz.gienger.mobile.poaz.configuration.GlobalConfiguration: at java.lang.Integer.parseInt(Integer.java:483)
08-15 12:39:01.903 2708 2708 E cz.gienger.mobile.poaz.configuration.GlobalConfiguration: at java.lang.Integer.parseInt(Integer.java:556)
08-15 12:39:01.903 2708 2708 E cz.gienger.mobile.poaz.configuration.GlobalConfiguration: at cz.gienger.mobile.poaz.configuration.GlobalConfiguration.getPriceTypeEnum(GlobalConfiguration.java:140)
08-15 12:39:01.903 2708 2708 E cz.gienger.mobile.poaz.configuration.GlobalConfiguration: at cz.gienger.mobile.poaz.configuration.GlobalConfiguration.setValues(GlobalConfiguration.java:97)
08-15 12:39:01.903 2708 2708 E cz.gienger.mobile.poaz.configuration.GlobalConfiguration: at cz.gienger.mobile.poaz.configuration.GlobalConfiguration.(GlobalConfiguration.java:36)
08-15 12:39:01.903 2708 2708 E cz.gienger.mobile.poaz.configuration.GlobalConfiguration: at cz.gienger.mobile.poaz.configuration.GlobalConfiguration.get(GlobalConfiguration.java:41)
08-15 12:39:01.903 2708 2708 E cz.gienger.mobile.poaz.configuration.GlobalConfiguration: at cz.gienger.mobile.poaz.activities.PoazActivityBase.onPriceSwitchChanged(PoazActivityBase.java:157)
08-15 12:39:01.903 2708 2708 E cz.gienger.mobile.poaz.configuration.GlobalConfiguration: at cz.gienger.mobile.poaz.activities.PoazActivityBase$2.onCheckedChanged(PoazActivityBase.java:148)
08-15 12:39:01.903 2708 2708 E cz.gienger.mobile.poaz.configuration.GlobalConfiguration: at android.widget.CompoundButton.setChecked(CompoundButton.java:166)
08-15 12:39:01.903 2708 2708 E cz.gienger.mobile.poaz.configuration.GlobalConfiguration: at android.widget.Switch.setChecked(Switch.java:1130)
08-15 12:39:01.903 2708 2708 E cz.gienger.mobile.poaz.configuration.GlobalConfiguration: at android.widget.Switch.toggle(Switch.java:1125)
08-15 12:39:01.903 2708 2708 E cz.gienger.mobile.poaz.configuration.GlobalConfiguration: at android.widget.CompoundButton.performClick(CompoundButton.java:128)
08-15 12:39:01.903 2708 2708 E cz.gienger.mobile.poaz.configuration.GlobalConfiguration: at android.view.View$PerformClick.run(View.java:23969)
08-15 12:39:01.903 2708 2708 E cz.gienger.mobile.poaz.configuration.GlobalConfiguration: at android.os.Handler.handleCallback(Handler.java:751)
08-15 12:39:01.903 2708 2708 E cz.gienger.mobile.poaz.configuration.GlobalConfiguration: at android.os.Handler.dispatchMessage(Handler.java:95)
08-15 12:39:01.903 2708 2708 E cz.gienger.mobile.poaz.configuration.GlobalConfiguration: at android.os.Looper.loop(Looper.java:154)
08-15 12:39:01.903 2708 2708 E cz.gienger.mobile.poaz.configuration.GlobalConfiguration: at android.app.ActivityThread.main(ActivityThread.java:6823)
08-15 12:39:01.903 2708 2708 E cz.gienger.mobile.poaz.configuration.GlobalConfiguration: at java.lang.reflect.Method.invoke(Native Method)
08-15 12:39:01.903 2708 2708 E cz.gienger.mobile.poaz.configuration.GlobalConfiguration: at com.android.internal.os.ZygoteInit$MethodAndArgsCaller.run(ZygoteInit.java:1563)
08-15 12:39:01.903 2708 2708 E cz.gienger.mobile.poaz.configuration.GlobalConfiguration: at com.android.internal.os.ZygoteInit.main(ZygoteInit.java:1451)
08-15 12:39:03.474 2708 2708 D ViewRootImpl@d34d23a[CategoryListActivity]: ViewPostImeInputStage processPointer 0
08-15 12:39:03.533 2708 2708 D ViewRootImpl@d34d23a[CategoryListActivity]: ViewPostImeInputStage processPointer 1
08-15 12:39:04.884 2708 2708 D ViewRootImpl@d34d23a[CategoryListActivity]: ViewPostImeInputStage processPointer 0
08-15 12:39:04.941 2708 2708 D ViewRootImpl@d34d23a[CategoryListActivity]: ViewPostImeInputStage processPointer 1
08-15 12:39:04.984 2708 2708 D ViewRootImpl@d34d23a[CategoryListActivity]: MSG_WINDOW_FOCUS_CHANGED 0
08-15 12:39:05.117 2708 2708 D ViewRootImpl@460d0cc[ArticleListActivity]: ThreadedRenderer.create() translucent=false
08-15 12:39:05.122 2708 2708 D InputTransport: Input channel constructed: fd=66
08-15 12:39:05.122 2708 2708 D ViewRootImpl@460d0cc[ArticleListActivity]: setView = DecorView@69f3f15[ArticleListActivity] touchMode=true
08-15 12:39:05.128 2708 2708 D ViewRootImpl@460d0cc[ArticleListActivity]: dispatchAttachedToWindow
08-15 12:39:05.163 2708 2708 D ViewRootImpl@460d0cc[ArticleListActivity]: Relayout returned: oldFrame=[0,0][0,0] newFrame=[0,0][768,1024] result=0x27 surface={isValid=true -1845567488} surfaceGenerationChanged=true
08-15 12:39:05.163 2708 2708 D ViewRootImpl@460d0cc[ArticleListActivity]: mHardwareRenderer.initialize() mSurface={isValid=true -1845567488} hwInitialized=true
08-15 12:39:05.396 2708 2708 W View : requestLayout() improperly called by android.support.v7.widget.AppCompatTextView{70257db V.ED..... ......ID 0,0-0,18 #7f11012a app:id/tv_fragment_poaz_article_list_header_catalog_price_product_count} during layout: running second layout pass
08-15 12:39:05.396 2708 2708 I ViewRootImpl@460d0cc[ArticleListActivity]: requestLayout is already in process
08-15 12:39:05.396 2708 2708 W View : requestLayout() improperly called by android.support.v7.widget.AppCompatTextView{1265278 V.ED..... ......ID 12,0-12,18 #7f11012b app:id/tv_fragment_poaz_article_list_header_special_price_product_count} during layout: running second layout pass
08-15 12:39:05.416 2708 2708 D ViewRootImpl@460d0cc[ArticleListActivity]: MSG_RESIZED_REPORT: frame=Rect(0, 0 - 768, 1024) ci=Rect(0, 24 - 0, 0) vi=Rect(0, 24 - 0, 0) or=1
08-15 12:39:05.416 2708 2708 D ViewRootImpl@460d0cc[ArticleListActivity]: MSG_WINDOW_FOCUS_CHANGED 1
08-15 12:39:05.417 2708 2708 D ViewRootImpl@460d0cc[ArticleListActivity]: mHardwareRenderer.initializeIfNeeded()#2 mSurface={isValid=true -1845567488}
08-15 12:39:05.418 2708 2708 V InputMethodManager: Starting input: tba=android.view.inputmethod.EditorInfo@c01e753 nm : cz.gienger.mobile ic=null
08-15 12:39:05.418 2708 2708 I InputMethodManager: startInputInner - mService.startInputOrWindowGainedFocus
08-15 12:39:05.420 2708 2708 D InputTransport: Input channel constructed: fd=79
08-15 12:39:05.420 2708 2708 D InputTransport: Input channel destroyed: fd=74
08-15 12:39:05.499 2708 2774 D OpenGLRenderer: endAllActiveAnimators on 0x94488a00 (RippleDrawable) with handle 0x94ae9cb0
08-15 12:39:05.499 2708 2708 D ViewRootImpl@d34d23a[CategoryListActivity]: mHardwareRenderer.destroy()#1
08-15 12:39:05.511 2708 2708 D ViewRootImpl@d34d23a[CategoryListActivity]: Relayout returned: oldFrame=[0,0][768,1024] newFrame=[0,0][768,1024] result=0x5 surface={isValid=false 0} surfaceGenerationChanged=true
08-15 12:39:05.911 2708 2708 D ViewRootImpl@d34d23a[CategoryListActivity]: Relayout returned: oldFrame=[0,0][768,1024] newFrame=[0,0][768,1024] result=0x5 surface={isValid=false 0} surfaceGenerationChanged=false
08-15 12:39:06.729 2708 2708 D ViewRootImpl@460d0cc[ArticleListActivity]: ViewPostImeInputStage processPointer 0
08-15 12:39:07.451 2708 2708 D ViewRootImpl@460d0cc[ArticleListActivity]: ViewPostImeInputStage processPointer 1
08-15 12:39:07.977 2708 2708 D ViewRootImpl@460d0cc[ArticleListActivity]: ViewPostImeInputStage processPointer 0
08-15 12:39:08.039 2708 2708 D ViewRootImpl@460d0cc[ArticleListActivity]: ViewPostImeInputStage processPointer 1
08-15 12:39:08.078 2708 2708 D ViewRootImpl@460d0cc[ArticleListActivity]: MSG_WINDOW_FOCUS_CHANGED 0
08-15 12:39:08.191 2708 2708 D ViewRootImpl@a7ade68[AddArticleToCartActivity]: ThreadedRenderer.create() translucent=false
08-15 12:39:08.194 2708 2708 D InputTransport: Input channel constructed: fd=70
08-15 12:39:08.194 2708 2708 D ViewRootImpl@a7ade68[AddArticleToCartActivity]: setView = DecorView@2849281[AddArticleToCartActivity] touchMode=true
08-15 12:39:08.199 2708 2708 D ViewRootImpl@a7ade68[AddArticleToCartActivity]: dispatchAttachedToWindow
08-15 12:39:08.239 2708 2708 D ViewRootImpl@a7ade68[AddArticleToCartActivity]: Relayout returned: oldFrame=[0,0][0,0] newFrame=[0,0][768,1024] result=0x27 surface={isValid=true -1852002304} surfaceGenerationChanged=true
08-15 12:39:08.239 2708 2708 D ViewRootImpl@a7ade68[AddArticleToCartActivity]: mHardwareRenderer.initialize() mSurface={isValid=true -1852002304} hwInitialized=true
08-15 12:39:08.293 2708 2708 D ViewRootImpl@a7ade68[AddArticleToCartActivity]: MSG_RESIZED_REPORT: frame=Rect(0, 0 - 768, 1024) ci=Rect(0, 24 - 0, 0) vi=Rect(0, 24 - 0, 0) or=1
08-15 12:39:08.293 2708 2708 D ViewRootImpl@a7ade68[AddArticleToCartActivity]: MSG_WINDOW_FOCUS_CHANGED 1
08-15 12:39:08.293 2708 2708 D ViewRootImpl@a7ade68[AddArticleToCartActivity]: mHardwareRenderer.initializeIfNeeded()#2 mSurface={isValid=true -1852002304}
08-15 12:39:08.307 2708 2708 V InputMethodManager: Starting input: tba=android.view.inputmethod.EditorInfo@2705dd6 nm : cz.gienger.mobile ic=com.android.internal.widget.EditableInputConnection@ff35857
08-15 12:39:08.307 2708 2708 I InputMethodManager: startInputInner - mService.startInputOrWindowGainedFocus
08-15 12:39:08.314 2708 2708 D InputTransport: Input channel constructed: fd=74
08-15 12:39:08.314 2708 2708 D InputTransport: Input channel destroyed: fd=79
08-15 12:39:08.348 2708 2774 D OpenGLRenderer: endAllActiveAnimators on 0x91989880 (RippleDrawable) with handle 0x94efffb0
08-15 12:39:08.348 2708 2708 D ViewRootImpl@460d0cc[ArticleListActivity]: mHardwareRenderer.destroy()#1
08-15 12:39:08.356 2708 2708 D ViewRootImpl@460d0cc[ArticleListActivity]: Relayout returned: oldFrame=[0,0][768,1024] newFrame=[0,0][768,1024] result=0x5 surface={isValid=false 0} surfaceGenerationChanged=true
08-15 12:39:08.702 2708 2708 D ViewRootImpl@a7ade68[AddArticleToCartActivity]: MSG_RESIZED: frame=Rect(0, 0 - 768, 1024) ci=Rect(0, 24 - 0, 0) vi=Rect(0, 24 - 0, 320) or=1
08-15 12:39:08.752 2708 2708 D ViewRootImpl@460d0cc[ArticleListActivity]: Relayout returned: oldFrame=[0,0][768,1024] newFrame=[0,0][768,1024] result=0x5 surface={isValid=false 0} surfaceGenerationChanged=false
08-15 12:39:10.483 2708 2708 D ViewRootImpl@a7ade68[AddArticleToCartActivity]: ViewPostImeInputStage processPointer 0
08-15 12:39:10.542 2708 2708 D ViewRootImpl@a7ade68[AddArticleToCartActivity]: ViewPostImeInputStage processPointer 1
08-15 12:39:10.563 2708 2708 V InputMethodManager: Starting input: tba=android.view.inputmethod.EditorInfo@7361bb0 nm : cz.gienger.mobile ic=com.android.internal.widget.EditableInputConnection@8999a29
08-15 12:39:10.563 2708 2708 I InputMethodManager: startInputInner - mService.startInputOrWindowGainedFocus
08-15 12:39:10.565 2708 2708 D InputTransport: Input channel constructed: fd=79
08-15 12:39:10.565 2708 2708 D InputTransport: Input channel destroyed: fd=74
08-15 12:39:10.654 2708 2708 D ViewRootImpl@460d0cc[ArticleListActivity]: Relayout returned: oldFrame=[0,0][768,1024] newFrame=[0,0][768,1024] result=0x7 surface={isValid=true -1845567488} surfaceGenerationChanged=true
08-15 12:39:10.655 2708 2708 D ViewRootImpl@460d0cc[ArticleListActivity]: mHardwareRenderer.initialize() mSurface={isValid=true -1845567488} hwInitialized=true
08-15 12:39:10.759 2708 2708 W View : requestLayout() improperly called by android.support.v7.widget.AppCompatTextView{70257db V.ED..... ......ID 0,0-7,18 #7f11012a app:id/tv_fragment_poaz_article_list_header_catalog_price_product_count} during layout: running second layout pass
08-15 12:39:10.759 2708 2708 I ViewRootImpl@460d0cc[ArticleListActivity]: requestLayout is already in process
08-15 12:39:10.759 2708 2708 W View : requestLayout() improperly called by android.support.v7.widget.AppCompatTextView{1265278 V.ED..... ......ID 19,0-33,18 #7f11012b app:id/tv_fragment_poaz_article_list_header_special_price_product_count} during layout: running second layout pass
08-15 12:39:10.793 2708 2708 D ViewRootImpl@460d0cc[ArticleListActivity]: MSG_RESIZED_REPORT: frame=Rect(0, 0 - 768, 1024) ci=Rect(0, 24 - 0, 320) vi=Rect(0, 24 - 0, 320) or=1
08-15 12:39:10.793 2708 2708 D ViewRootImpl@460d0cc[ArticleListActivity]: MSG_WINDOW_FOCUS_CHANGED 1
08-15 12:39:10.794 2708 2708 D ViewRootImpl@460d0cc[ArticleListActivity]: mHardwareRenderer.initializeIfNeeded()#2 mSurface={isValid=true -1845567488}
08-15 12:39:10.795 2708 2708 V InputMethodManager: Starting input: tba=android.view.inputmethod.EditorInfo@468daba nm : cz.gienger.mobile ic=null
08-15 12:39:10.795 2708 2708 I InputMethodManager: startInputInner - mService.startInputOrWindowGainedFocus
08-15 12:39:10.820 2708 2708 D InputTransport: Input channel constructed: fd=80
08-15 12:39:10.820 2708 2708 D InputTransport: Input channel destroyed: fd=79
08-15 12:39:10.835 2708 2708 W IInputConnectionWrapper: getCursorCapsMode on inactive InputConnection
08-15 12:39:10.835 2708 2708 D ViewRootImpl@a7ade68[AddArticleToCartActivity]: MSG_WINDOW_FOCUS_CHANGED 0
08-15 12:39:10.868 2708 2774 D OpenGLRenderer: endAllActiveAnimators on 0x919c7800 (RippleDrawable) with handle 0x9199e580
08-15 12:39:10.868 2708 2708 D ViewRootImpl@a7ade68[AddArticleToCartActivity]: mHardwareRenderer.destroy()#1
08-15 12:39:10.882 2708 2708 D ViewRootImpl@a7ade68[AddArticleToCartActivity]: Relayout returned: oldFrame=[0,0][768,1024] newFrame=[0,0][768,1024] result=0x5 surface={isValid=false 0} surfaceGenerationChanged=true
08-15 12:39:10.886 2708 2708 W IInputConnectionWrapper: finishComposingText on inactive InputConnection
08-15 12:39:10.886 2708 2708 W IInputConnectionWrapper: performPrivateCommand on inactive InputConnection
08-15 12:39:10.886 2708 2708 W IInputConnectionWrapper: finishComposingText on inactive InputConnection
08-15 12:39:10.897 2708 2708 D ViewRootImpl@460d0cc[ArticleListActivity]: MSG_RESIZED: frame=Rect(0, 0 - 768, 1024) ci=Rect(0, 24 - 0, 0) vi=Rect(0, 24 - 0, 0) or=1
08-15 12:39:10.931 2708 2708 D ViewRootImpl@460d0cc[ArticleListActivity]: Relayout returned: oldFrame=[0,0][768,1024] newFrame=[0,0][768,1024] result=0x1 surface={isValid=true -1845567488} surfaceGenerationChanged=false
08-15 12:39:11.254 2708 2708 D TextView: SYANI: Clipboard API is calling: clearFilter()
08-15 12:39:11.254 2708 2708 D TextView: SYANI: Clipboard API is calling: unregisterClipboardEventListener()
08-15 12:39:11.259 2708 2708 D TextView: SYANI: Clipboard API is calling: clearFilter()
08-15 12:39:11.259 2708 2708 D TextView: SYANI: Clipboard API is calling: unregisterClipboardEventListener()
08-15 12:39:11.268 2708 2708 D ViewRootImpl@a7ade68[AddArticleToCartActivity]: mHardwareRenderer.destroy()#4
08-15 12:39:11.268 2708 2708 D ViewRootImpl@a7ade68[AddArticleToCartActivity]: dispatchDetachedFromWindow
08-15 12:39:11.276 2708 2708 D InputTransport: Input channel destroyed: fd=70
08-15 12:39:12.800 2708 2708 D ViewRootImpl@460d0cc[ArticleListActivity]: ViewPostImeInputStage processPointer 0
08-15 12:39:13.370 2708 2708 D ViewRootImpl@460d0cc[ArticleListActivity]: ViewPostImeInputStage processPointer 1
08-15 12:39:14.111 2708 2708 D ViewRootImpl@460d0cc[ArticleListActivity]: ViewPostImeInputStage processPointer 0
08-15 12:39:14.593 2708 2708 D ViewRootImpl@460d0cc[ArticleListActivity]: ViewPostImeInputStage processPointer 1
08-15 12:39:15.655 2708 2708 D ViewRootImpl@460d0cc[ArticleListActivity]: ViewPostImeInputStage processPointer 0
08-15 12:39:15.747 2708 2708 D ViewRootImpl@460d0cc[ArticleListActivity]: ViewPostImeInputStage processPointer 1
08-15 12:39:15.825 2708 2708 D ViewRootImpl@d34d23a[CategoryListActivity]: Relayout returned: oldFrame=[0,0][768,1024] newFrame=[0,0][768,1024] result=0x7 surface={isValid=true -1852493824} surfaceGenerationChanged=true
08-15 12:39:15.825 2708 2708 D ViewRootImpl@d34d23a[CategoryListActivity]: mHardwareRenderer.initialize() mSurface={isValid=true -1852493824} hwInitialized=true
08-15 12:39:15.839 2708 2708 D ViewRootImpl@d34d23a[CategoryListActivity]: MSG_WINDOW_FOCUS_CHANGED 1
08-15 12:39:15.840 2708 2708 D ViewRootImpl@d34d23a[CategoryListActivity]: mHardwareRenderer.initializeIfNeeded()#2 mSurface={isValid=true -1852493824}
08-15 12:39:15.841 2708 2708 V InputMethodManager: Starting input: tba=android.view.inputmethod.EditorInfo@bb47672 nm : cz.gienger.mobile ic=null
08-15 12:39:15.841 2708 2708 I InputMethodManager: startInputInner - mService.startInputOrWindowGainedFocus
08-15 12:39:15.845 2708 2708 D InputTransport: Input channel constructed: fd=70
08-15 12:39:15.846 2708 2708 D InputTransport: Input channel destroyed: fd=80
08-15 12:39:15.899 2708 2774 D OpenGLRenderer: endAllActiveAnimators on 0x91988e00 (RippleDrawable) with handle 0x94eff8e0
08-15 12:39:15.899 2708 2708 D ViewRootImpl@460d0cc[ArticleListActivity]: mHardwareRenderer.destroy()#1
08-15 12:39:15.907 2708 2708 D ViewRootImpl@460d0cc[ArticleListActivity]: Relayout returned: oldFrame=[0,0][768,1024] newFrame=[0,0][768,1024] result=0x5 surface={isValid=false 0} surfaceGenerationChanged=true
08-15 12:39:15.909 2708 2708 D ViewRootImpl@460d0cc[ArticleListActivity]: MSG_WINDOW_FOCUS_CHANGED 0
08-15 12:39:16.331 2708 2708 D ViewRootImpl@460d0cc[ArticleListActivity]: mHardwareRenderer.destroy()#4
08-15 12:39:16.331 2708 2708 D ViewRootImpl@460d0cc[ArticleListActivity]: dispatchDetachedFromWindow
08-15 12:39:16.338 2708 2708 D InputTransport: Input channel destroyed: fd=66
08-15 12:39:17.008 2708 2708 D ViewRootImpl@d34d23a[CategoryListActivity]: ViewPostImeInputStage processPointer 0
08-15 12:39:17.075 2708 2708 D ViewRootImpl@d34d23a[CategoryListActivity]: ViewPostImeInputStage processPointer 1
08-15 12:39:18.293 2708 2708 D ViewRootImpl@d34d23a[CategoryListActivity]: ViewPostImeInputStage processPointer 0
08-15 12:39:18.360 2708 2708 D ViewRootImpl@d34d23a[CategoryListActivity]: ViewPostImeInputStage processPointer 1
08-15 12:39:18.388 2708 2708 D ViewRootImpl@d34d23a[CategoryListActivity]: MSG_WINDOW_FOCUS_CHANGED 0
08-15 12:39:18.471 2708 2708 D ViewRootImpl@fce8b46[ArticleListActivity]: ThreadedRenderer.create() translucent=false
08-15 12:39:18.474 2708 2708 D InputTransport: Input channel constructed: fd=66
08-15 12:39:18.474 2708 2708 D ViewRootImpl@fce8b46[ArticleListActivity]: setView = DecorView@784d107[ArticleListActivity] touchMode=true
08-15 12:39:18.483 2708 2708 D ViewRootImpl@fce8b46[ArticleListActivity]: dispatchAttachedToWindow
08-15 12:39:18.508 2708 2708 D ViewRootImpl@fce8b46[ArticleListActivity]: Relayout returned: oldFrame=[0,0][0,0] newFrame=[0,0][768,1024] result=0x27 surface={isValid=true -1849475072} surfaceGenerationChanged=true
08-15 12:39:18.509 2708 2708 D ViewRootImpl@fce8b46[ArticleListActivity]: mHardwareRenderer.initialize() mSurface={isValid=true -1849475072} hwInitialized=true
08-15 12:39:18.719 2708 2708 W View : requestLayout() improperly called by android.support.v7.widget.AppCompatTextView{4765cc7 V.ED..... ......ID 0,0-0,18 #7f11012a app:id/tv_fragment_poaz_article_list_header_catalog_price_product_count} during layout: running second layout pass
08-15 12:39:18.720 2708 2708 I ViewRootImpl@fce8b46[ArticleListActivity]: requestLayout is already in process
08-15 12:39:18.720 2708 2708 W View : requestLayout() improperly called by android.support.v7.widget.AppCompatTextView{f9452f4 V.ED..... ......ID 12,0-12,18 #7f11012b app:id/tv_fragment_poaz_article_list_header_special_price_product_count} during layout: running second layout pass
08-15 12:39:18.733 2708 2708 D ViewRootImpl@fce8b46[ArticleListActivity]: MSG_RESIZED_REPORT: frame=Rect(0, 0 - 768, 1024) ci=Rect(0, 24 - 0, 0) vi=Rect(0, 24 - 0, 0) or=1
08-15 12:39:18.733 2708 2708 D ViewRootImpl@fce8b46[ArticleListActivity]: MSG_WINDOW_FOCUS_CHANGED 1
08-15 12:39:18.733 2708 2708 D ViewRootImpl@fce8b46[ArticleListActivity]: mHardwareRenderer.initializeIfNeeded()#2 mSurface={isValid=true -1849475072}
08-15 12:39:18.735 2708 2708 V InputMethodManager: Starting input: tba=android.view.inputmethod.EditorInfo@bfc1dbf nm : cz.gienger.mobile ic=null
08-15 12:39:18.735 2708 2708 I InputMethodManager: startInputInner - mService.startInputOrWindowGainedFocus
08-15 12:39:18.736 2708 2708 D InputTransport: Input channel constructed: fd=85
08-15 12:39:18.736 2708 2708 D InputTransport: Input channel destroyed: fd=70
08-15 12:39:18.798 2708 2708 D ViewRootImpl@d34d23a[CategoryListActivity]: mHardwareRenderer.destroy()#1
08-15 12:39:18.807 2708 2708 D ViewRootImpl@d34d23a[CategoryListActivity]: Relayout returned: oldFrame=[0,0][768,1024] newFrame=[0,0][768,1024] result=0x5 surface={isValid=false 0} surfaceGenerationChanged=true
08-15 12:39:19.225 2708 2708 D ViewRootImpl@d34d23a[CategoryListActivity]: Relayout returned: oldFrame=[0,0][768,1024] newFrame=[0,0][768,1024] result=0x5 surface={isValid=false 0} surfaceGenerationChanged=false
08-15 12:39:20.169 2708 2708 D ViewRootImpl@fce8b46[ArticleListActivity]: ViewPostImeInputStage processPointer 0
08-15 12:39:20.226 2708 2708 D ViewRootImpl@fce8b46[ArticleListActivity]: ViewPostImeInputStage processPointer 1
08-15 12:39:21.720 2708 2708 D ViewRootImpl@fce8b46[ArticleListActivity]: ViewPostImeInputStage processPointer 0
08-15 12:39:22.173 2708 2708 D ViewRootImpl@fce8b46[ArticleListActivity]: ViewPostImeInputStage processPointer 1
08-15 12:39:27.211 2708 2708 D ViewRootImpl@fce8b46[ArticleListActivity]: ViewPostImeInputStage processPointer 0
08-15 12:39:27.432 2708 2708 D ViewRootImpl@fce8b46[ArticleListActivity]: ViewPostImeInputStage processPointer 1
08-15 12:39:27.462 2708 2708 D ViewRootImpl@fce8b46[ArticleListActivity]: MSG_WINDOW_FOCUS_CHANGED 0
08-15 12:39:27.560 2708 2708 D ViewRootImpl@f4f686f[AddArticleToCartActivity]: ThreadedRenderer.create() translucent=false
08-15 12:39:27.564 2708 2708 D InputTransport: Input channel constructed: fd=63
08-15 12:39:27.564 2708 2708 D ViewRootImpl@f4f686f[AddArticleToCartActivity]: setView = DecorView@b7b797c[AddArticleToCartActivity] touchMode=true
08-15 12:39:27.576 2708 2708 D ViewRootImpl@f4f686f[AddArticleToCartActivity]: dispatchAttachedToWindow
08-15 12:39:27.611 2708 2708 D ViewRootImpl@f4f686f[AddArticleToCartActivity]: Relayout returned: oldFrame=[0,0][0,0] newFrame=[0,0][768,1024] result=0x27 surface={isValid=true -1853779968} surfaceGenerationChanged=true
08-15 12:39:27.611 2708 2708 D ViewRootImpl@f4f686f[AddArticleToCartActivity]: mHardwareRenderer.initialize() mSurface={isValid=true -1853779968} hwInitialized=true
08-15 12:39:27.662 2708 2708 D ViewRootImpl@f4f686f[AddArticleToCartActivity]: MSG_RESIZED_REPORT: frame=Rect(0, 0 - 768, 1024) ci=Rect(0, 24 - 0, 0) vi=Rect(0, 24 - 0, 0) or=1
08-15 12:39:27.663 2708 2708 D ViewRootImpl@f4f686f[AddArticleToCartActivity]: MSG_WINDOW_FOCUS_CHANGED 1
08-15 12:39:27.663 2708 2708 D ViewRootImpl@f4f686f[AddArticleToCartActivity]: mHardwareRenderer.initializeIfNeeded()#2 mSurface={isValid=true -1853779968}
08-15 12:39:27.673 2708 2708 V InputMethodManager: Starting input: tba=android.view.inputmethod.EditorInfo@34e39ac nm : cz.gienger.mobile ic=com.android.internal.widget.EditableInputConnection@4e92675
08-15 12:39:27.673 2708 2708 I InputMethodManager: startInputInner - mService.startInputOrWindowGainedFocus
08-15 12:39:27.681 2708 2708 D InputTransport: Input channel constructed: fd=70
08-15 12:39:27.681 2708 2708 D InputTransport: Input channel destroyed: fd=85
08-15 12:39:27.719 2708 2774 D OpenGLRenderer: endAllActiveAnimators on 0x948a8000 (RippleDrawable) with handle 0x9209e200
08-15 12:39:27.720 2708 2708 D ViewRootImpl@fce8b46[ArticleListActivity]: mHardwareRenderer.destroy()#1
08-15 12:39:27.735 2708 2708 D ViewRootImpl@fce8b46[ArticleListActivity]: Relayout returned: oldFrame=[0,0][768,1024] newFrame=[0,0][768,1024] result=0x5 surface={isValid=false 0} surfaceGenerationChanged=true
08-15 12:39:28.016 2708 2708 D ViewRootImpl@f4f686f[AddArticleToCartActivity]: MSG_RESIZED: frame=Rect(0, 0 - 768, 1024) ci=Rect(0, 24 - 0, 0) vi=Rect(0, 24 - 0, 320) or=1
08-15 12:39:28.112 2708 2708 D ViewRootImpl@fce8b46[ArticleListActivity]: Relayout returned: oldFrame=[0,0][768,1024] newFrame=[0,0][768,1024] result=0x5 surface={isValid=false 0} surfaceGenerationChanged=false
08-15 12:39:30.885 2708 2708 D ViewRootImpl@f4f686f[AddArticleToCartActivity]: ViewPostImeInputStage processPointer 0
08-15 12:39:30.965 2708 2708 D ViewRootImpl@f4f686f[AddArticleToCartActivity]: ViewPostImeInputStage processPointer 1
08-15 12:39:30.969 2708 2708 V InputMethodManager: Starting input: tba=android.view.inputmethod.EditorInfo@29ea8d6 nm : cz.gienger.mobile ic=com.android.internal.widget.EditableInputConnection@834757
08-15 12:39:30.970 2708 2708 I InputMethodManager: startInputInner - mService.startInputOrWindowGainedFocus
08-15 12:39:30.971 2708 2708 D InputTransport: Input channel constructed: fd=82
08-15 12:39:30.971 2708 2708 D InputTransport: Input channel destroyed: fd=70
08-15 12:39:31.068 2708 2708 D ViewRootImpl@fce8b46[ArticleListActivity]: Relayout returned: oldFrame=[0,0][768,1024] newFrame=[0,0][768,1024] result=0x7 surface={isValid=true -1849475072} surfaceGenerationChanged=true
08-15 12:39:31.069 2708 2708 D ViewRootImpl@fce8b46[ArticleListActivity]: mHardwareRenderer.initialize() mSurface={isValid=true -1849475072} hwInitialized=true
08-15 12:39:31.248 2708 2708 D ViewRootImpl@fce8b46[ArticleListActivity]: MSG_RESIZED_REPORT: frame=Rect(0, 0 - 768, 1024) ci=Rect(0, 24 - 0, 320) vi=Rect(0, 24 - 0, 320) or=1
08-15 12:39:31.249 2708 2708 D ViewRootImpl@fce8b46[ArticleListActivity]: MSG_WINDOW_FOCUS_CHANGED 1
08-15 12:39:31.249 2708 2708 D ViewRootImpl@fce8b46[ArticleListActivity]: mHardwareRenderer.initializeIfNeeded()#2 mSurface={isValid=true -1849475072}
08-15 12:39:31.251 2708 2708 V InputMethodManager: Starting input: tba=android.view.inputmethod.EditorInfo@3ba0eb0 nm : cz.gienger.mobile ic=null
08-15 12:39:31.251 2708 2708 I InputMethodManager: startInputInner - mService.startInputOrWindowGainedFocus
08-15 12:39:31.273 2708 2708 D InputTransport: Input channel constructed: fd=84
08-15 12:39:31.273 2708 2708 D InputTransport: Input channel destroyed: fd=82
08-15 12:39:31.301 2708 2708 D ViewRootImpl@f4f686f[AddArticleToCartActivity]: MSG_WINDOW_FOCUS_CHANGED 0
08-15 12:39:31.342 2708 2774 D OpenGLRenderer: endAllActiveAnimators on 0x9196ed80 (RippleDrawable) with handle 0x9209ec00
08-15 12:39:31.342 2708 2708 D ViewRootImpl@f4f686f[AddArticleToCartActivity]: mHardwareRenderer.destroy()#1
08-15 12:39:31.358 2708 2708 D ViewRootImpl@f4f686f[AddArticleToCartActivity]: Relayout returned: oldFrame=[0,0][768,1024] newFrame=[0,0][768,1024] result=0x5 surface={isValid=false 0} surfaceGenerationChanged=true
08-15 12:39:31.373 2708 2708 W IInputConnectionWrapper: finishComposingText on inactive InputConnection
08-15 12:39:31.373 2708 2708 W IInputConnectionWrapper: performPrivateCommand on inactive InputConnection
08-15 12:39:31.373 2708 2708 W IInputConnectionWrapper: finishComposingText on inactive InputConnection
08-15 12:39:31.472 2708 2708 D ViewRootImpl@fce8b46[ArticleListActivity]: MSG_RESIZED: frame=Rect(0, 0 - 768, 1024) ci=Rect(0, 24 - 0, 0) vi=Rect(0, 24 - 0, 0) or=1
08-15 12:39:31.540 2708 2708 D ViewRootImpl@fce8b46[ArticleListActivity]: Relayout returned: oldFrame=[0,0][768,1024] newFrame=[0,0][768,1024] result=0x1 surface={isValid=true -1849475072} surfaceGenerationChanged=false
08-15 12:39:31.711 2708 2708 D TextView: SYANI: Clipboard API is calling: clearFilter()
08-15 12:39:31.712 2708 2708 D TextView: SYANI: Clipboard API is calling: unregisterClipboardEventListener()
08-15 12:39:31.717 2708 2708 D TextView: SYANI: Clipboard API is calling: clearFilter()
08-15 12:39:31.717 2708 2708 D TextView: SYANI: Clipboard API is calling: unregisterClipboardEventListener()
08-15 12:39:31.725 2708 2708 D ViewRootImpl@f4f686f[AddArticleToCartActivity]: mHardwareRenderer.destroy()#4
08-15 12:39:31.726 2708 2708 D ViewRootImpl@f4f686f[AddArticleToCartActivity]: dispatchDetachedFromWindow
08-15 12:39:31.738 2708 2708 D InputTransport: Input channel destroyed: fd=63
08-15 12:39:32.457 2708 2708 D ViewRootImpl@fce8b46[ArticleListActivity]: ViewPostImeInputStage processPointer 0
08-15 12:39:32.744 2708 2708 D ViewRootImpl@fce8b46[ArticleListActivity]: ViewPostImeInputStage processPointer 1
08-15 12:39:33.678 2708 2708 D LOCATION_SERVICE: onLocationChanged: Location[network 49,191077,17,534592 acc=21 et=+10m16s486ms alt=0.0 vel=0.0 bear=0.0 {Bundle[mParcelledData.dataSize=80]}]
08-15 12:39:35.446 2708 2708 D ViewRootImpl@fce8b46[ArticleListActivity]: ViewPostImeInputStage processPointer 0
08-15 12:39:35.504 2708 2708 D ViewRootImpl@fce8b46[ArticleListActivity]: ViewPostImeInputStage processPointer 1
08-15 12:39:35.539 2708 2708 D ViewRootImpl@fce8b46[ArticleListActivity]: MSG_WINDOW_FOCUS_CHANGED 0
08-15 12:39:35.628 2708 2708 D ViewRootImpl@8b849cd[ArticleSearchActivity]: ThreadedRenderer.create() translucent=true
08-15 12:39:35.632 2708 2708 D InputTransport: Input channel constructed: fd=63
08-15 12:39:35.632 2708 2708 D ViewRootImpl@8b849cd[ArticleSearchActivity]: setView = DecorView@e821282[ArticleSearchActivity] touchMode=true
08-15 12:39:35.642 2708 2708 D ViewRootImpl@8b849cd[ArticleSearchActivity]: dispatchAttachedToWindow
08-15 12:39:35.680 2708 2708 D ViewRootImpl@8b849cd[ArticleSearchActivity]: Relayout returned: oldFrame=[0,0][0,0] newFrame=[38,358][729,689] result=0x27 surface={isValid=true -1826211840} surfaceGenerationChanged=true
08-15 12:39:35.681 2708 2708 D ViewRootImpl@8b849cd[ArticleSearchActivity]: mHardwareRenderer.initialize() mSurface={isValid=true -1826211840} hwInitialized=true
08-15 12:39:35.811 2708 2708 D ViewRootImpl@8b849cd[ArticleSearchActivity]: MSG_RESIZED_REPORT: frame=Rect(38, 358 - 729, 689) ci=Rect(0, 0 - 0, 0) vi=Rect(0, 0 - 0, 0) or=1
08-15 12:39:35.811 2708 2708 D ViewRootImpl@8b849cd[ArticleSearchActivity]: MSG_WINDOW_FOCUS_CHANGED 1
08-15 12:39:35.811 2708 2708 D ViewRootImpl@8b849cd[ArticleSearchActivity]: mHardwareRenderer.initializeIfNeeded()#2 mSurface={isValid=true -1826211840}
08-15 12:39:35.823 2708 2708 V InputMethodManager: Starting input: tba=android.view.inputmethod.EditorInfo@9bf838a nm : cz.gienger.mobile ic=com.android.internal.widget.EditableInputConnection@75b3dfb
08-15 12:39:35.823 2708 2708 I InputMethodManager: startInputInner - mService.startInputOrWindowGainedFocus
08-15 12:39:35.827 2708 2708 D InputTransport: Input channel constructed: fd=79
08-15 12:39:35.828 2708 2708 D InputTransport: Input channel destroyed: fd=84
08-15 12:39:36.202 2708 2708 D ViewRootImpl@fce8b46[ArticleListActivity]: MSG_RESIZED: frame=Rect(0, 0 - 768, 1024) ci=Rect(0, 24 - 0, 359) vi=Rect(0, 24 - 0, 359) or=1
