08-15 12:37:36.910 2708 2718 I art : Background sticky concurrent mark sweep GC freed 315573(12MB) AllocSpace objects, 0(0B) LOS objects, 64% free, 6MB/17MB, paused 1.352ms total 118.545ms
08-15 12:37:38.367 2708 2718 I art : Background sticky concurrent mark sweep GC freed 306815(11MB) AllocSpace objects, 0(0B) LOS objects, 62% free, 6MB/17MB, paused 1.195ms total 127.652ms
08-15 12:37:39.717 2708 2718 I art : Background partial concurrent mark sweep GC freed 340475(13MB) AllocSpace objects, 0(0B) LOS objects, 67% free, 5MB/17MB, paused 1.201ms total 124.645ms
08-15 12:37:40.355 2708 2708 D ViewRootImpl@c09ab76[LoginActivity]: MSG_RESIZED_REPORT: frame=Rect(0, 0 - 768, 1024) ci=Rect(0, 24 - 0, 0) vi=Rect(0, 24 - 0, 0) or=1
08-15 12:37:40.355 2708 2708 D ViewRootImpl@688174b[LoginActivity]: MSG_RESIZED_REPORT: frame=Rect(108, 466 - 660, 582) ci=Rect(0, 0 - 0, 0) vi=Rect(0, 0 - 0, 0) or=1
08-15 12:37:41.246 2708 2708 D ViewRootImpl@688174b[LoginActivity]: ViewPostImeInputStage processPointer 0
08-15 12:37:41.502 2708 2718 I art : Background sticky concurrent mark sweep GC freed 315326(12MB) AllocSpace objects, 0(0B) LOS objects, 65% free, 6MB/17MB, paused 1.694ms total 120.112ms
08-15 12:37:41.644 2708 2708 D ViewRootImpl@688174b[LoginActivity]: ViewPostImeInputStage processPointer 1
08-15 12:37:55.455 2708 2708 D ViewRootImpl@688174b[LoginActivity]: mHardwareRenderer.destroy()#4
08-15 12:37:55.455 2708 2708 D ViewRootImpl@688174b[LoginActivity]: dispatchDetachedFromWindow
08-15 12:37:55.467 2708 2708 D InputTransport: Input channel destroyed: fd=77
08-15 12:37:55.497 2708 2708 D ViewRootImpl@c09ab76[LoginActivity]: MSG_WINDOW_FOCUS_CHANGED 1
08-15 12:37:55.498 2708 2708 D ViewRootImpl@c09ab76[LoginActivity]: mHardwareRenderer.initializeIfNeeded()#2 mSurface={isValid=true -1825026048}
08-15 12:37:55.503 2708 2708 V InputMethodManager: Starting input: tba=android.view.inputmethod.EditorInfo@5d940a3 nm : cz.gienger.mobile ic=null
08-15 12:37:55.504 2708 2708 I InputMethodManager: startInputInner - mService.startInputOrWindowGainedFocus
08-15 12:37:55.506 2708 2708 D InputTransport: Input channel constructed: fd=79
08-15 12:37:55.506 2708 2708 D InputTransport: Input channel destroyed: fd=67
08-15 12:37:55.507 2708 2708 E ViewRootImpl: sendUserActionEvent() returned.
08-15 12:37:56.037 2708 2708 D ViewRootImpl@aeb9893[MainActivity]: ThreadedRenderer.create() translucent=false
08-15 12:37:56.040 2708 2708 D InputTransport: Input channel constructed: fd=77
08-15 12:37:56.040 2708 2708 D ViewRootImpl@aeb9893[MainActivity]: setView = DecorView@37ef0d0[MainActivity] touchMode=true
08-15 12:37:56.053 2708 2708 D ViewRootImpl@aeb9893[MainActivity]: dispatchAttachedToWindow
08-15 12:37:56.127 2708 2708 D ViewRootImpl@aeb9893[MainActivity]: Relayout returned: oldFrame=[0,0][0,0] newFrame=[0,0][768,1024] result=0x27 surface={isValid=true -1825024000} surfaceGenerationChanged=true
08-15 12:37:56.127 2708 2708 D ViewRootImpl@aeb9893[MainActivity]: mHardwareRenderer.initialize() mSurface={isValid=true -1825024000} hwInitialized=true
08-15 12:37:56.207 2708 2708 D AbsListView: in onLayout changed
08-15 12:37:56.274 2708 2708 D ViewRootImpl@aeb9893[MainActivity]: MSG_RESIZED_REPORT: frame=Rect(0, 0 - 768, 1024) ci=Rect(0, 24 - 0, 0) vi=Rect(0, 24 - 0, 0) or=1
08-15 12:37:56.274 2708 2708 D ViewRootImpl@aeb9893[MainActivity]: MSG_WINDOW_FOCUS_CHANGED 1
08-15 12:37:56.274 2708 2708 D ViewRootImpl@aeb9893[MainActivity]: mHardwareRenderer.initializeIfNeeded()#2 mSurface={isValid=true -1825024000}
08-15 12:37:56.276 2708 2708 V InputMethodManager: Starting input: tba=android.view.inputmethod.EditorInfo@3c5d108 nm : cz.gienger.mobile ic=null
08-15 12:37:56.276 2708 2708 I InputMethodManager: startInputInner - mService.startInputOrWindowGainedFocus
08-15 12:37:56.307 2708 2708 D InputTransport: Input channel constructed: fd=80
08-15 12:37:56.307 2708 2708 D InputTransport: Input channel destroyed: fd=79
08-15 12:37:56.324 2708 2708 D ViewRootImpl@c09ab76[LoginActivity]: MSG_WINDOW_FOCUS_CHANGED 0
08-15 12:37:56.353 2708 2708 D ViewRootImpl@c09ab76[LoginActivity]: mHardwareRenderer.destroy()#1
08-15 12:37:56.363 2708 2708 D ViewRootImpl@c09ab76[LoginActivity]: Relayout returned: oldFrame=[0,0][768,1024] newFrame=[0,0][768,1024] result=0x5 surface={isValid=false 0} surfaceGenerationChanged=true
08-15 12:37:56.750 2708 2708 D ViewRootImpl@c09ab76[LoginActivity]: mHardwareRenderer.destroy()#4
08-15 12:37:56.750 2708 2708 D ViewRootImpl@c09ab76[LoginActivity]: dispatchDetachedFromWindow
08-15 12:37:56.758 2708 2708 D InputTransport: Input channel destroyed: fd=61
08-15 12:37:59.907 2708 2708 D ViewRootImpl@aeb9893[MainActivity]: ViewPostImeInputStage processPointer 0
08-15 12:37:59.965 2708 2708 D ViewRootImpl@aeb9893[MainActivity]: ViewPostImeInputStage processPointer 1
08-15 12:37:59.985 2708 2708 D item_click: viewId = 2131820756, position = 0
08-15 12:38:00.062 2708 2708 D ViewRootImpl@aeb9893[MainActivity]: MSG_WINDOW_FOCUS_CHANGED 0
08-15 12:38:00.234 2708 2708 D ViewRootImpl@f677674[DeliverActivity]: ThreadedRenderer.create() translucent=false
08-15 12:38:00.237 2708 2708 D InputTransport: Input channel constructed: fd=64
08-15 12:38:00.237 2708 2708 D ViewRootImpl@f677674[DeliverActivity]: setView = DecorView@6dcf79d[DeliverActivity] touchMode=true
08-15 12:38:00.239 2708 2708 D LOCATION_SERVICE: LocationListener gps
08-15 12:38:00.240 2708 2708 D LOCATION_SERVICE: LocationListener network
08-15 12:38:00.241 2708 2708 D LOCATION_SERVICE: onCreate
08-15 12:38:00.242 2708 2708 D LOCATION_SERVICE: initializeLocationManager
08-15 12:38:00.256 2708 2708 D LOCATION_SERVICE: onStartCommand
08-15 12:38:00.273 2708 2708 D ViewRootImpl@f677674[DeliverActivity]: dispatchAttachedToWindow
08-15 12:38:00.304 2708 2708 D ViewRootImpl@f677674[DeliverActivity]: Relayout returned: oldFrame=[0,0][0,0] newFrame=[0,0][768,1024] result=0x27 surface={isValid=true -1849204736} surfaceGenerationChanged=true
08-15 12:38:00.304 2708 2708 D ViewRootImpl@f677674[DeliverActivity]: mHardwareRenderer.initialize() mSurface={isValid=true -1849204736} hwInitialized=true
08-15 12:38:00.358 2708 2708 D ViewRootImpl@f677674[DeliverActivity]: MSG_RESIZED_REPORT: frame=Rect(0, 0 - 768, 1024) ci=Rect(0, 24 - 0, 0) vi=Rect(0, 24 - 0, 0) or=1
08-15 12:38:00.359 2708 2708 D ViewRootImpl@f677674[DeliverActivity]: MSG_WINDOW_FOCUS_CHANGED 1
08-15 12:38:00.359 2708 2708 D ViewRootImpl@f677674[DeliverActivity]: mHardwareRenderer.initializeIfNeeded()#2 mSurface={isValid=true -1849204736}
08-15 12:38:00.360 2708 2708 V InputMethodManager: Starting input: tba=android.view.inputmethod.EditorInfo@d67736a nm : cz.gienger.mobile ic=null
08-15 12:38:00.360 2708 2708 I InputMethodManager: startInputInner - mService.startInputOrWindowGainedFocus
08-15 12:38:00.373 2708 7757 D FILE_MANAGER: Copying file /data/user/0/cz.gienger.mobile/files/delivery/130AT1180524523/130AT1180524523.pdf to /storage/emulated/0/130AT1180524523.pdf
08-15 12:38:00.376 2708 2708 D InputTransport: Input channel constructed: fd=70
08-15 12:38:00.376 2708 2708 D InputTransport: Input channel destroyed: fd=80
08-15 12:38:00.399 2708 2708 D LOCATION_SERVICE: onLocationChanged: Location[network 49,191082,17,534565 acc=21 et=+8m43s153ms alt=0.0 vel=0.0 bear=0.0 {Bundle[mParcelledData.dataSize=80]}]
08-15 12:38:00.461 2708 2774 D OpenGLRenderer: endAllActiveAnimators on 0x91acd900 (RippleDrawable) with handle 0x94efe610
08-15 12:38:00.461 2708 2708 D ViewRootImpl@aeb9893[MainActivity]: mHardwareRenderer.destroy()#1
08-15 12:38:00.469 2708 2708 D ViewRootImpl@aeb9893[MainActivity]: Relayout returned: oldFrame=[0,0][768,1024] newFrame=[0,0][768,1024] result=0x5 surface={isValid=false 0} surfaceGenerationChanged=true
08-15 12:38:00.799 2708 2708 D ViewRootImpl@aeb9893[MainActivity]: Relayout returned: oldFrame=[0,0][768,1024] newFrame=[0,0][768,1024] result=0x5 surface={isValid=false 0} surfaceGenerationChanged=false
08-15 12:38:00.881 2708 7757 D FILE_MANAGER: copy ok
08-15 12:38:01.587 2708 2708 D ViewRootImpl@f677674[DeliverActivity]: ViewPostImeInputStage processPointer 0
08-15 12:38:01.659 2708 2708 D ViewRootImpl@f677674[DeliverActivity]: ViewPostImeInputStage processPointer 1
08-15 12:38:02.696 2708 2708 D ViewRootImpl@f677674[DeliverActivity]: ViewPostImeInputStage processPointer 0
08-15 12:38:02.744 2708 2708 D ViewRootImpl@f677674[DeliverActivity]: ViewPostImeInputStage processPointer 1
08-15 12:38:02.756 2708 2708 V InputMethodManager: Starting input: tba=android.view.inputmethod.EditorInfo@48ef9d9 nm : cz.gienger.mobile ic=com.android.internal.widget.EditableInputConnection@7d6af9e
08-15 12:38:02.757 2708 2708 I InputMethodManager: startInputInner - mService.startInputOrWindowGainedFocus
08-15 12:38:02.759 2708 2708 D InputTransport: Input channel constructed: fd=66
08-15 12:38:02.759 2708 2708 D InputTransport: Input channel destroyed: fd=70
08-15 12:38:02.759 2708 2708 D InputMethodManager: SSI - flag : 0 Pid : 2708 view : cz.gienger.mobile
08-15 12:38:03.080 2708 2708 D ViewRootImpl@f677674[DeliverActivity]: MSG_RESIZED: frame=Rect(0, 0 - 768, 1024) ci=Rect(0, 24 - 0, 320) vi=Rect(0, 24 - 0, 320) or=1
08-15 12:38:03.098 2708 2708 D ViewRootImpl@f677674[DeliverActivity]: Relayout returned: oldFrame=[0,0][768,1024] newFrame=[0,0][768,1024] result=0x1 surface={isValid=true -1849204736} surfaceGenerationChanged=false
08-15 12:38:07.137 2708 2708 D ViewRootImpl@f677674[DeliverActivity]: ViewPostImeInputStage processKey 0
08-15 12:38:07.151 2708 2708 D ViewRootImpl@f677674[DeliverActivity]: ViewPostImeInputStage processKey 1
08-15 12:38:07.266 2708 2708 D ViewRootImpl@f677674[DeliverActivity]: ViewPostImeInputStage processKey 0
08-15 12:38:07.268 2708 2708 D ViewRootImpl@f677674[DeliverActivity]: ViewPostImeInputStage processKey 1
08-15 12:38:07.406 2708 2708 D ViewRootImpl@f677674[DeliverActivity]: ViewPostImeInputStage processKey 0
08-15 12:38:07.412 2708 2708 D ViewRootImpl@f677674[DeliverActivity]: ViewPostImeInputStage processKey 1
08-15 12:38:07.564 2708 2708 D ViewRootImpl@f677674[DeliverActivity]: ViewPostImeInputStage processKey 0
08-15 12:38:07.564 2708 2708 D ViewRootImpl@f677674[DeliverActivity]: ViewPostImeInputStage processKey 1
08-15 12:38:09.368 2708 2708 D ViewRootImpl@f677674[DeliverActivity]: ViewPostImeInputStage processPointer 0
08-15 12:38:09.424 2708 2708 D ViewRootImpl@f677674[DeliverActivity]: ViewPostImeInputStage processPointer 1
08-15 12:38:09.440 2708 2708 D ScrollView: initGoToTop
08-15 12:38:09.504 2708 2708 D ScrollView: onsize change changed
08-15 12:38:09.800 2708 2708 D TextView: SYANI: Clipboard API is calling: clearFilter()
08-15 12:38:09.800 2708 2708 D TextView: SYANI: Clipboard API is calling: unregisterClipboardEventListener()
08-15 12:38:09.802 2708 2708 D TextView: SYANI: Clipboard API is calling: clearFilter()
08-15 12:38:09.802 2708 2708 D TextView: SYANI: Clipboard API is calling: unregisterClipboardEventListener()
08-15 12:38:09.804 2708 2708 D TextView: SYANI: Clipboard API is calling: clearFilter()
08-15 12:38:09.804 2708 2708 D TextView: SYANI: Clipboard API is calling: unregisterClipboardEventListener()
08-15 12:38:10.578 2708 2708 D ViewRootImpl@f677674[DeliverActivity]: ViewPostImeInputStage processPointer 0
08-15 12:38:10.636 2708 2708 D ViewRootImpl@f677674[DeliverActivity]: ViewPostImeInputStage processPointer 1
08-15 12:38:11.160 2708 2708 D ViewRootImpl@f677674[DeliverActivity]: ViewPostImeInputStage processPointer 0
08-15 12:38:11.229 2708 2708 D ViewRootImpl@f677674[DeliverActivity]: ViewPostImeInputStage processPointer 1
08-15 12:38:11.241 2708 2708 V InputMethodManager: Starting input: tba=android.view.inputmethod.EditorInfo@1c50663 nm : cz.gienger.mobile ic=com.android.internal.widget.EditableInputConnection@c681260
08-15 12:38:11.241 2708 2708 I InputMethodManager: startInputInner - mService.startInputOrWindowGainedFocus
08-15 12:38:11.245 2708 2708 D InputTransport: Input channel constructed: fd=69
08-15 12:38:11.245 2708 2708 D InputTransport: Input channel destroyed: fd=66
08-15 12:38:11.245 2708 2708 D InputMethodManager: SSI - flag : 0 Pid : 2708 view : cz.gienger.mobile
08-15 12:38:11.248 2708 2708 W IInputConnectionWrapper: performPrivateCommand on inactive InputConnection
08-15 12:38:11.248 2708 2708 W IInputConnectionWrapper: finishComposingText on inactive InputConnection
08-15 12:38:11.487 2708 2708 D ViewRootImpl@f677674[DeliverActivity]: MSG_RESIZED: frame=Rect(0, 0 - 768, 1024) ci=Rect(0, 24 - 0, 359) vi=Rect(0, 24 - 0, 359) or=1
08-15 12:38:11.523 2708 2708 D ViewRootImpl@f677674[DeliverActivity]: Relayout returned: oldFrame=[0,0][768,1024] newFrame=[0,0][768,1024] result=0x1 surface={isValid=true -1849204736} surfaceGenerationChanged=false
08-15 12:38:11.531 2708 2708 D ScrollView: onsize change changed
08-15 12:38:12.954 2708 2708 D ViewRootImpl@f677674[DeliverActivity]: ViewPostImeInputStage processPointer 0
08-15 12:38:13.012 2708 2708 D ViewRootImpl@f677674[DeliverActivity]: ViewPostImeInputStage processPointer 1
08-15 12:38:13.030 2708 2708 V InputMethodManager: Starting input: tba=android.view.inputmethod.EditorInfo@8224c8d nm : cz.gienger.mobile ic=com.android.internal.widget.EditableInputConnection@bfbbe42
08-15 12:38:13.030 2708 2708 I InputMethodManager: startInputInner - mService.startInputOrWindowGainedFocus
08-15 12:38:13.033 2708 2708 D InputTransport: Input channel constructed: fd=66
08-15 12:38:13.033 2708 2708 D InputTransport: Input channel destroyed: fd=69
08-15 12:38:13.033 2708 2708 D InputMethodManager: SSI - flag : 0 Pid : 2708 view : cz.gienger.mobile
08-15 12:38:13.037 2708 2708 W IInputConnectionWrapper: finishComposingText on inactive InputConnection
08-15 12:38:13.934 2708 2708 D ViewRootImpl@f677674[DeliverActivity]: ViewPostImeInputStage processPointer 0
08-15 12:38:14.004 2708 2708 D ViewRootImpl@f677674[DeliverActivity]: ViewPostImeInputStage processPointer 1
08-15 12:38:14.017 2708 2708 V InputMethodManager: Starting input: tba=android.view.inputmethod.EditorInfo@70b7c8e nm : cz.gienger.mobile ic=com.android.internal.widget.EditableInputConnection@3ab7caf
08-15 12:38:14.017 2708 2708 I InputMethodManager: startInputInner - mService.startInputOrWindowGainedFocus
08-15 12:38:14.019 2708 2708 D InputTransport: Input channel constructed: fd=69
08-15 12:38:14.019 2708 2708 D InputTransport: Input channel destroyed: fd=66
08-15 12:38:14.020 2708 2708 D InputMethodManager: SSI - flag : 0 Pid : 2708 view : cz.gienger.mobile
08-15 12:38:14.024 2708 2708 W IInputConnectionWrapper: finishComposingText on inactive InputConnection
08-15 12:38:14.944 2708 2708 D ViewRootImpl@f677674[DeliverActivity]: ViewPostImeInputStage processPointer 0
08-15 12:38:15.015 2708 2708 D ViewRootImpl@f677674[DeliverActivity]: ViewPostImeInputStage processPointer 1
08-15 12:38:15.488 2708 2708 D ViewRootImpl@f677674[DeliverActivity]: ViewPostImeInputStage processPointer 0
08-15 12:38:15.561 2708 2708 D ViewRootImpl@f677674[DeliverActivity]: ViewPostImeInputStage processPointer 1
08-15 12:38:16.069 2708 2708 D ViewRootImpl@f677674[DeliverActivity]: ViewPostImeInputStage processPointer 0
08-15 12:38:16.140 2708 2708 D ViewRootImpl@f677674[DeliverActivity]: ViewPostImeInputStage processPointer 1
08-15 12:38:16.191 2708 2708 D ScrollView: initGoToTop
08-15 12:38:16.196 2708 2708 D ScrollView: initGoToTop
08-15 12:38:16.206 2708 2708 D ViewRootImpl@e668322[DeliverActivity]: ThreadedRenderer.create() translucent=true
08-15 12:38:16.212 2708 2708 D InputTransport: Input channel constructed: fd=66
08-15 12:38:16.213 2708 2708 D ViewRootImpl@e668322[DeliverActivity]: setView = DecorView@be661b3[DeliverActivity] touchMode=true
08-15 12:38:16.221 2708 2708 D ViewRootImpl@e668322[DeliverActivity]: dispatchAttachedToWindow
08-15 12:38:16.253 2708 2708 D ViewRootImpl@e668322[DeliverActivity]: Relayout returned: oldFrame=[0,0][0,0] newFrame=[108,466][660,582] result=0x27 surface={isValid=true -1840056320} surfaceGenerationChanged=true
08-15 12:38:16.253 2708 2708 D ViewRootImpl@e668322[DeliverActivity]: mHardwareRenderer.initialize() mSurface={isValid=true -1840056320} hwInitialized=true
08-15 12:38:16.268 2708 2708 D ViewRootImpl@e668322[DeliverActivity]: MSG_WINDOW_FOCUS_CHANGED 1
08-15 12:38:16.268 2708 2708 D ViewRootImpl@e668322[DeliverActivity]: mHardwareRenderer.initializeIfNeeded()#2 mSurface={isValid=true -1840056320}
08-15 12:38:16.293 2708 2708 D ViewRootImpl@e668322[DeliverActivity]: MSG_RESIZED_REPORT: frame=Rect(108, 466 - 660, 582) ci=Rect(0, 0 - 0, 0) vi=Rect(0, 0 - 0, 0) or=1
08-15 12:38:16.309 2708 2708 D ViewRootImpl@f677674[DeliverActivity]: MSG_WINDOW_FOCUS_CHANGED 0
08-15 12:38:16.316 2708 2718 I art : Background partial concurrent mark sweep GC freed 273280(10MB) AllocSpace objects, 5(148KB) LOS objects, 63% free, 6MB/18MB, paused 1.283ms total 143.730ms
08-15 12:38:17.900 2708 2718 I art : Background partial concurrent mark sweep GC freed 320985(10MB) AllocSpace objects, 3(76KB) LOS objects, 54% free, 10MB/22MB, paused 1.100ms total 141.935ms
08-15 12:38:18.131 2708 7649 W PdfBoxAndroid: Call PDFBoxResourceLoader.init() first to decrease resource load time
08-15 12:38:18.918 2708 2718 I art : Background partial concurrent mark sweep GC freed 245904(7MB) AllocSpace objects, 7(1244KB) LOS objects, 44% free, 15MB/27MB, paused 1.041ms total 134.343ms
08-15 12:38:19.833 2708 2708 D ViewRootImpl@e668322[DeliverActivity]: mHardwareRenderer.destroy()#4
08-15 12:38:19.834 2708 2708 D ViewRootImpl@e668322[DeliverActivity]: dispatchDetachedFromWindow
08-15 12:38:19.847 2708 2708 D InputTransport: Input channel destroyed: fd=66
08-15 12:38:19.847 2708 2708 D SIGN_URI: file:///storage/emulated/0/130AT1180524523.pdf
08-15 12:38:19.902 2708 2708 D ViewRootImpl@f677674[DeliverActivity]: MSG_WINDOW_FOCUS_CHANGED 1
08-15 12:38:19.902 2708 2708 D ViewRootImpl@f677674[DeliverActivity]: mHardwareRenderer.initializeIfNeeded()#2 mSurface={isValid=true -1849204736}
08-15 12:38:19.944 2708 2708 E ViewRootImpl: sendUserActionEvent() returned.
08-15 12:38:19.977 2708 2708 D ViewRootImpl@f677674[DeliverActivity]: MSG_WINDOW_FOCUS_CHANGED 0
08-15 12:38:20.071 2708 2708 D ViewRootImpl@f677674[DeliverActivity]: mHardwareRenderer.destroy()#1
08-15 12:38:20.079 2708 2708 D ViewRootImpl@f677674[DeliverActivity]: Relayout returned: oldFrame=[0,0][768,1024] newFrame=[0,0][768,1024] result=0x5 surface={isValid=false 0} surfaceGenerationChanged=true
08-15 12:38:21.995 2708 2708 D InputTransport: Input channel destroyed: fd=69
08-15 12:38:22.015 2708 2708 W IInputConnectionWrapper: finishComposingText on inactive InputConnection
08-15 12:38:22.053 2708 2708 W IInputConnectionWrapper: reportFullscreenMode on inexistent InputConnection
08-15 12:38:22.053 2708 2708 W IInputConnectionWrapper: finishComposingText on inactive InputConnection
08-15 12:38:34.128 2708 2708 D ViewRootImpl@63ef04c[PdfArchiveActivity]: ThreadedRenderer.create() translucent=true
08-15 12:38:34.131 2708 2708 D InputTransport: Input channel constructed: fd=61
08-15 12:38:34.131 2708 2708 D ViewRootImpl@63ef04c[PdfArchiveActivity]: setView = DecorView@ccba895[PdfArchiveActivity] touchMode=true
08-15 12:38:34.134 2708 2708 D ViewRootImpl@63ef04c[PdfArchiveActivity]: dispatchAttachedToWindow
08-15 12:38:34.160 2708 2708 D ViewRootImpl@63ef04c[PdfArchiveActivity]: Relayout returned: oldFrame=[0,0][0,0] newFrame=[241,456][527,568] result=0x27 surface={isValid=true -1852493824} surfaceGenerationChanged=true
08-15 12:38:34.160 2708 2708 D ViewRootImpl@63ef04c[PdfArchiveActivity]: mHardwareRenderer.initialize() mSurface={isValid=true -1852493824} hwInitialized=true
08-15 12:38:34.163 2708 2708 D ViewRootImpl@63ef04c[PdfArchiveActivity]: MSG_RESIZED_REPORT: frame=Rect(241, 456 - 527, 568) ci=Rect(0, 0 - 0, 0) vi=Rect(0, 0 - 0, 0) or=1
08-15 12:38:34.163 2708 2708 D ViewRootImpl@63ef04c[PdfArchiveActivity]: MSG_WINDOW_FOCUS_CHANGED 1
08-15 12:38:34.163 2708 2708 D ViewRootImpl@63ef04c[PdfArchiveActivity]: mHardwareRenderer.initializeIfNeeded()#2 mSurface={isValid=true -1852493824}
08-15 12:38:34.164 2708 2708 V InputMethodManager: Starting input: tba=android.view.inputmethod.EditorInfo@8525daa nm : cz.gienger.mobile ic=null
08-15 12:38:34.164 2708 2708 I InputMethodManager: startInputInner - mService.startInputOrWindowGainedFocus
08-15 12:38:34.166 2708 2708 D InputTransport: Input channel constructed: fd=66
08-15 12:38:35.237 2708 2708 D ViewRootImpl@63ef04c[PdfArchiveActivity]: mHardwareRenderer.destroy()#1
08-15 12:38:35.246 2708 2708 D ViewRootImpl@63ef04c[PdfArchiveActivity]: Relayout returned: oldFrame=[241,456][527,568] newFrame=[241,456][527,568] result=0x5 surface={isValid=false 0} surfaceGenerationChanged=true
08-15 12:38:35.246 2708 2708 D ViewRootImpl@63ef04c[PdfArchiveActivity]: MSG_WINDOW_FOCUS_CHANGED 0
08-15 12:38:35.253 2708 2708 D ViewRootImpl@f677674[DeliverActivity]: mHardwareRenderer.destroy()#1
08-15 12:38:35.264 2708 2708 D ViewRootImpl@f677674[DeliverActivity]: Relayout returned: oldFrame=[0,0][768,1024] newFrame=[0,0][768,1024] result=0x1 surface={isValid=false 0} surfaceGenerationChanged=false
08-15 12:38:35.304 2708 2708 D SIGNOSIGN_SIGNED: signed
08-15 12:38:35.315 2708 2708 D InputTransport: Input channel destroyed: fd=66
08-15 12:38:35.319 2708 2713 I art : Do full code cache collection, code=219KB, data=250KB
08-15 12:38:35.326 2708 2713 I art : Starting a blocking GC JitCodeCache
08-15 12:38:35.326 2708 2713 I art : After code cache collection, code=211KB, data=217KB
08-15 12:38:35.347 2708 7904 D MESSAGE_SERVICE: ACTION_COMPRESS_AND_UPLOAD
08-15 12:38:35.633 2708 2708 D ViewRootImpl@aeb9893[MainActivity]: Relayout returned: oldFrame=[0,0][768,1024] newFrame=[0,0][768,1024] result=0x7 surface={isValid=true -1850234880} surfaceGenerationChanged=true
08-15 12:38:35.633 2708 2708 D ViewRootImpl@aeb9893[MainActivity]: mHardwareRenderer.initialize() mSurface={isValid=true -1850234880} hwInitialized=true
08-15 12:38:35.722 2708 2708 D AbsListView: in onLayout changed
08-15 12:38:35.746 2708 2708 D ViewRootImpl@aeb9893[MainActivity]: MSG_WINDOW_FOCUS_CHANGED 1
08-15 12:38:35.747 2708 2708 D ViewRootImpl@aeb9893[MainActivity]: mHardwareRenderer.initializeIfNeeded()#2 mSurface={isValid=true -1850234880}
08-15 12:38:35.748 2708 2708 V InputMethodManager: Starting input: tba=android.view.inputmethod.EditorInfo@4c94670 nm : cz.gienger.mobile ic=null
08-15 12:38:35.749 2708 2708 I InputMethodManager: startInputInner - mService.startInputOrWindowGainedFocus
08-15 12:38:35.775 2708 2708 D InputTransport: Input channel constructed: fd=68
08-15 12:38:35.818 2708 2708 D ViewRootImpl@f677674[DeliverActivity]: mHardwareRenderer.destroy()#1
08-15 12:38:35.827 2708 2708 D ViewRootImpl@f677674[DeliverActivity]: Relayout returned: oldFrame=[0,0][768,1024] newFrame=[0,0][768,1024] result=0x1 surface={isValid=false 0} surfaceGenerationChanged=false
08-15 12:38:36.108 2708 7904 D FILE_MANAGER: Serializing delivery /data/user/0/cz.gienger.mobile/files/finished/130AT1180524523/130AT1180524523.xml
08-15 12:38:36.109 2708 7904 D FILE_MANAGER: Null files:
08-15 12:38:36.435 2708 7904 D MYINTERCEPTOR: /GiengerService.svc/sendorder
08-15 12:38:36.436 2708 7904 D OkHttp : --> POST https://testsaig1.gienger.cz/GiengerService.svc/sendorder http/1.1
08-15 12:38:36.436 2708 7904 D OkHttp : Content-Type: text/raw
08-15 12:38:36.436 2708 7904 D OkHttp : Content-Length: 224909
08-15 12:38:36.436 2708 7904 D OkHttp : filename: 130AT1180524523.xml
08-15 12:38:36.436 2708 7904 D OkHttp : Checksum: 6b081f79d0f0f4abe7e87925f7d1a6b4
08-15 12:38:36.437 2708 7904 D OkHttp : token: a179935b28ab5fa0ca590030bf0a2edf
08-15 12:38:36.437 2708 7904 D OkHttp : --> END POST
08-15 12:38:36.813 2708 7904 D OkHttp : <-- 200 https://testsaig1.gienger.cz/GiengerService.svc/sendorder (376ms)
08-15 12:38:36.814 2708 7904 D OkHttp : content-type: application/xml; charset=utf-8
08-15 12:38:36.814 2708 7904 D OkHttp : server: Microsoft-IIS/10.0
08-15 12:38:36.814 2708 7904 D OkHttp : x-powered-by: ASP.NET
08-15 12:38:36.814 2708 7904 D OkHttp : date: Wed, 15 Aug 2018 10:38:35 GMT
08-15 12:38:36.814 2708 7904 D OkHttp : content-length: 175
08-15 12:38:36.814 2708 7904 D OkHttp : <-- END HTTP
08-15 12:38:36.819 2708 7904 D sendOrder_SUCCESS: 200
08-15 12:38:37.167 2708 2708 D AbsListView: in onLayout changed
08-15 12:38:37.209 2708 2708 D TextView: SYANI: Clipboard API is calling: clearFilter()
08-15 12:38:37.209 2708 2708 D TextView: SYANI: Clipboard API is calling: unregisterClipboardEventListener()
08-15 12:38:37.210 2708 2708 D TextView: SYANI: Clipboard API is calling: clearFilter()
08-15 12:38:37.211 2708 2708 D TextView: SYANI: Clipboard API is calling: unregisterClipboardEventListener()
08-15 12:38:37.211 2708 2708 D TextView: SYANI: Clipboard API is calling: clearFilter()
08-15 12:38:37.212 2708 2708 D TextView: SYANI: Clipboard API is calling: unregisterClipboardEventListener()
08-15 12:38:37.238 2708 2708 D ViewRootImpl@f677674[DeliverActivity]: mHardwareRenderer.destroy()#4
08-15 12:38:37.238 2708 2708 D ViewRootImpl@f677674[DeliverActivity]: dispatchDetachedFromWindow
08-15 12:38:37.252 2708 2708 D InputTransport: Input channel destroyed: fd=64
08-15 12:38:37.257 2708 2708 D ViewRootImpl@63ef04c[PdfArchiveActivity]: mHardwareRenderer.destroy()#4
08-15 12:38:37.257 2708 2708 D ViewRootImpl@63ef04c[PdfArchiveActivity]: dispatchDetachedFromWindow
08-15 12:38:37.266 2708 2708 D InputTransport: Input channel destroyed: fd=61
08-15 12:38:37.266 2708 2708 D LOCATION_SERVICE: onDestroy
08-15 12:38:38.497 2708 2708 D ViewRootImpl: updatePointerIcon pointerType = 20001, calling pid = 2708
08-15 12:38:38.497 2708 2708 D InputManager: setPointerIconType iconId = 20001, callingPid = 2708
08-15 12:38:38.499 2708 2708 D ViewRootImpl: updatePointerIcon pointerType = 20001, calling pid = 2708
08-15 12:38:38.500 2708 2708 D InputManager: setPointerIconType iconId = 20001, callingPid = 2708
08-15 12:38:39.096 2708 2708 D ViewRootImpl@aeb9893[MainActivity]: ViewPostImeInputStage processPointer 0
08-15 12:38:39.097 2708 2708 D ViewRootImpl: updatePointerIcon pointerType = 20001, calling pid = 2708
08-15 12:38:39.097 2708 2708 D InputManager: setPointerIconType iconId = 20001, callingPid = 2708
08-15 12:38:39.165 2708 2708 D ViewRootImpl@aeb9893[MainActivity]: ViewPostImeInputStage processPointer 1
08-15 12:38:39.173 2708 2708 D ViewRootImpl: updatePointerIcon pointerType = 20001, calling pid = 2708
08-15 12:38:39.174 2708 2708 D InputManager: setPointerIconType iconId = 20001, callingPid = 2708
08-15 12:38:39.174 2708 2708 D ViewRootImpl: updatePointerIcon pointerType = 20001, calling pid = 2708
08-15 12:38:39.175 2708 2708 D InputManager: setPointerIconType iconId = 20001, callingPid = 2708
08-15 12:38:39.191 2708 2708 D item_click: viewId = 2131820758, position = 1
08-15 12:38:39.240 2708 2708 D ViewRootImpl@aeb9893[MainActivity]: MSG_WINDOW_FOCUS_CHANGED 0
08-15 12:38:39.536 2708 2708 D ViewRootImpl@fb631ab[BatchUploadActivity]: ThreadedRenderer.create() translucent=false
08-15 12:38:39.539 2708 2708 D InputTransport: Input channel constructed: fd=64
08-15 12:38:39.540 2708 2708 D ViewRootImpl@fb631ab[BatchUploadActivity]: setView = DecorView@8f77008[BatchUploadActivity] touchMode=true
08-15 12:38:39.542 2708 2708 D ViewRootImpl@fb631ab[BatchUploadActivity]: dispatchAttachedToWindow
08-15 12:38:39.579 2708 2708 D ViewRootImpl@fb631ab[BatchUploadActivity]: Relayout returned: oldFrame=[0,0][0,0] newFrame=[0,0][768,1024] result=0x27 surface={isValid=true -1852493824} surfaceGenerationChanged=true
08-15 12:38:39.579 2708 2708 D ViewRootImpl@fb631ab[BatchUploadActivity]: mHardwareRenderer.initialize() mSurface={isValid=true -1852493824} hwInitialized=true
08-15 12:38:39.635 2708 2708 D AbsListView: in onLayout changed
08-15 12:38:39.637 2708 2708 D LOCATION_SERVICE: LocationListener gps
08-15 12:38:39.638 2708 2708 D LOCATION_SERVICE: LocationListener network
08-15 12:38:39.639 2708 2708 D Graph : removeVertex() : insertDummyVertex, because there is no ancestor.
08-15 12:38:39.639 2708 2708 D LOCATION_SERVICE: onCreate
08-15 12:38:39.640 2708 2708 D LOCATION_SERVICE: initializeLocationManager
08-15 12:38:39.648 2708 2708 D LOCATION_SERVICE: onStartCommand
08-15 12:38:39.707 2708 2708 D ViewRootImpl@fb631ab[BatchUploadActivity]: MSG_RESIZED_REPORT: frame=Rect(0, 0 - 768, 1024) ci=Rect(0, 24 - 0, 0) vi=Rect(0, 24 - 0, 0) or=1
08-15 12:38:39.707 2708 2708 D ViewRootImpl@fb631ab[BatchUploadActivity]: MSG_WINDOW_FOCUS_CHANGED 1
08-15 12:38:39.708 2708 2708 D ViewRootImpl@fb631ab[BatchUploadActivity]: mHardwareRenderer.initializeIfNeeded()#2 mSurface={isValid=true -1852493824}
08-15 12:38:39.712 2708 2708 V InputMethodManager: Starting input: tba=android.view.inputmethod.EditorInfo@1904ef nm : cz.gienger.mobile ic=null
08-15 12:38:39.712 2708 2708 I InputMethodManager: startInputInner - mService.startInputOrWindowGainedFocus
08-15 12:38:39.734 2708 2708 D InputTransport: Input channel constructed: fd=66
08-15 12:38:39.734 2708 2708 D InputTransport: Input channel destroyed: fd=68
08-15 12:38:39.760 2708 2708 D LOCATION_SERVICE: onLocationChanged: Location[network 49,191077,17,534592 acc=21 et=+9m22s553ms alt=0.0 vel=0.0 bear=0.0 {Bundle[mParcelledData.dataSize=80]}]
08-15 12:38:39.795 2708 2774 D OpenGLRenderer: endAllActiveAnimators on 0x94c69f00 (RippleDrawable) with handle 0x95570300
08-15 12:38:39.795 2708 2708 D ViewRootImpl@aeb9893[MainActivity]: mHardwareRenderer.destroy()#1
08-15 12:38:39.804 2708 2708 D ViewRootImpl@aeb9893[MainActivity]: Relayout returned: oldFrame=[0,0][768,1024] newFrame=[0,0][768,1024] result=0x5 surface={isValid=false 0} surfaceGenerationChanged=true
08-15 12:38:40.207 2708 2708 D ViewRootImpl@aeb9893[MainActivity]: Relayout returned: oldFrame=[0,0][768,1024] newFrame=[0,0][768,1024] result=0x5 surface={isValid=false 0} surfaceGenerationChanged=false
08-15 12:38:40.288 2708 2708 D ViewRootImpl: updatePointerIcon pointerType = 20001, calling pid = 2708
08-15 12:38:40.288 2708 2708 D InputManager: setPointerIconType iconId = 20001, callingPid = 2708
08-15 12:38:40.289 2708 2708 D ViewRootImpl: updatePointerIcon pointerType = 20001, calling pid = 2708
08-15 12:38:40.290 2708 2708 D InputManager: setPointerIconType iconId = 20001, callingPid = 2708
08-15 12:38:40.599 2708 2708 D ViewRootImpl: updatePointerIcon pointerType = 20001, calling pid = 2708
08-15 12:38:40.599 2708 2708 D InputManager: setPointerIconType iconId = 20001, callingPid = 2708
08-15 12:38:42.048 2708 2708 D ViewRootImpl@fb631ab[BatchUploadActivity]: ViewPostImeInputStage processPointer 0
08-15 12:38:42.084 2708 2708 D ViewRootImpl@fb631ab[BatchUploadActivity]: ViewPostImeInputStage processPointer 1
08-15 12:38:42.084 2708 2708 D AbsListView: onTouchUp() mTouchMode : 0
08-15 12:38:47.766 2708 2708 D ViewRootImpl@fb631ab[BatchUploadActivity]: ViewPostImeInputStage processPointer 0
08-15 12:38:47.866 2708 2708 D ViewRootImpl@fb631ab[BatchUploadActivity]: ViewPostImeInputStage processPointer 1
08-15 12:38:47.925 2708 2708 D ScrollView: initGoToTop
08-15 12:38:47.937 2708 2708 D ViewRootImpl@6f1d13e[BatchUploadActivity]: ThreadedRenderer.create() translucent=true
08-15 12:38:47.943 2708 2708 D InputTransport: Input channel constructed: fd=70
08-15 12:38:47.943 2708 2708 D ViewRootImpl@6f1d13e[BatchUploadActivity]: setView = DecorView@6ab2b9f[BatchUploadActivity] touchMode=true
08-15 12:38:47.945 2708 2708 D ViewRootImpl@6f1d13e[BatchUploadActivity]: dispatchAttachedToWindow
08-15 12:38:47.977 2708 2708 D ViewRootImpl@6f1d13e[BatchUploadActivity]: Relayout returned: oldFrame=[0,0][0,0] newFrame=[94,423][674,624] result=0x27 surface={isValid=true -1845786624} surfaceGenerationChanged=true
08-15 12:38:47.977 2708 2708 D ViewRootImpl@6f1d13e[BatchUploadActivity]: mHardwareRenderer.initialize() mSurface={isValid=true -1845786624} hwInitialized=true
08-15 12:38:47.988 2708 2708 D ScrollView: onsize change changed
08-15 12:38:48.010 2708 2708 D ViewRootImpl@6f1d13e[BatchUploadActivity]: MSG_WINDOW_FOCUS_CHANGED 1
08-15 12:38:48.010 2708 2708 D ViewRootImpl@6f1d13e[BatchUploadActivity]: mHardwareRenderer.initializeIfNeeded()#2 mSurface={isValid=true -1845786624}
08-15 12:38:48.036 2708 2708 D ViewRootImpl@6f1d13e[BatchUploadActivity]: MSG_RESIZED_REPORT: frame=Rect(94, 423 - 674, 624) ci=Rect(0, 0 - 0, 0) vi=Rect(0, 0 - 0, 0) or=1
08-15 12:38:48.066 2708 2708 D ViewRootImpl@fb631ab[BatchUploadActivity]: MSG_WINDOW_FOCUS_CHANGED 0
08-15 12:38:49.114 2708 2708 D ViewRootImpl@6f1d13e[BatchUploadActivity]: ViewPostImeInputStage processPointer 0
08-15 12:38:49.193 2708 2708 D ViewRootImpl@6f1d13e[BatchUploadActivity]: ViewPostImeInputStage processPointer 1
08-15 12:38:49.251 2708 2708 D ViewRootImpl@6f1d13e[BatchUploadActivity]: mHardwareRenderer.destroy()#4
08-15 12:38:49.251 2708 2708 D ViewRootImpl@6f1d13e[BatchUploadActivity]: dispatchDetachedFromWindow
08-15 12:38:49.262 2708 2708 D InputTransport: Input channel destroyed: fd=70
08-15 12:38:49.290 2708 2708 E ViewRootImpl: sendUserActionEvent() returned.
08-15 12:38:49.296 2708 7916 D MESSAGE_SERVICE: ACTION_BATCH_UPLOAD
08-15 12:38:49.565 2708 2708 D ViewRootImpl@aeb9893[MainActivity]: Relayout returned: oldFrame=[0,0][768,1024] newFrame=[0,0][768,1024] result=0x7 surface={isValid=true -1845698560} surfaceGenerationChanged=true
08-15 12:38:49.565 2708 2708 D ViewRootImpl@aeb9893[MainActivity]: mHardwareRenderer.initialize() mSurface={isValid=true -1845698560} hwInitialized=true
08-15 12:38:49.628 2708 2708 D AbsListView: in onLayout changed
08-15 12:38:49.652 2708 2708 D ViewRootImpl@aeb9893[MainActivity]: MSG_WINDOW_FOCUS_CHANGED 1
08-15 12:38:49.653 2708 2708 D ViewRootImpl@aeb9893[MainActivity]: mHardwareRenderer.initializeIfNeeded()#2 mSurface={isValid=true -1845698560}
08-15 12:38:49.655 2708 2708 V InputMethodManager: Starting input: tba=android.view.inputmethod.EditorInfo@3546755 nm : cz.gienger.mobile ic=null
08-15 12:38:49.655 2708 2708 I InputMethodManager: startInputInner - mService.startInputOrWindowGainedFocus
08-15 12:38:49.677 2708 2708 D InputTransport: Input channel constructed: fd=75
08-15 12:38:49.677 2708 2708 D InputTransport: Input channel destroyed: fd=66
08-15 12:38:49.754 2708 2708 D ViewRootImpl@fb631ab[BatchUploadActivity]: mHardwareRenderer.destroy()#1
08-15 12:38:49.767 2708 2708 D ViewRootImpl@fb631ab[BatchUploadActivity]: Relayout returned: oldFrame=[0,0][768,1024] newFrame=[0,0][768,1024] result=0x5 surface={isValid=false 0} surfaceGenerationChanged=true
08-15 12:38:50.033 2708 7916 D FILE_MANAGER: Serializing delivery /data/user/0/cz.gienger.mobile/files/finished/130AT1180903153/130AT1180903153.xml
08-15 12:38:50.033 2708 7916 D FILE_MANAGER: Null files:
08-15 12:38:50.243 2708 7916 D MYINTERCEPTOR: /GiengerService.svc/sendorder
08-15 12:38:50.244 2708 7916 D OkHttp : --> POST https://testsaig1.gienger.cz/GiengerService.svc/sendorder http/1.1
08-15 12:38:50.244 2708 7916 D OkHttp : Content-Type: text/raw
08-15 12:38:50.244 2708 7916 D OkHttp : Content-Length: 3002
08-15 12:38:50.244 2708 7916 D OkHttp : filename: 130AT1180903153.xml
08-15 12:38:50.244 2708 7916 D OkHttp : Checksum: 46a56ffae2971ecb99481ff93a76e73e
08-15 12:38:50.244 2708 7916 D OkHttp : token: a179935b28ab5fa0ca590030bf0a2edf
08-15 12:38:50.244 2708 7916 D OkHttp : --> END POST
08-15 12:38:50.359 2708 7916 D OkHttp : <-- 200 https://testsaig1.gienger.cz/GiengerService.svc/sendorder (114ms)
08-15 12:38:50.359 2708 7916 D OkHttp : content-type: application/xml; charset=utf-8
08-15 12:38:50.359 2708 7916 D OkHttp : server: Microsoft-IIS/10.0
08-15 12:38:50.360 2708 7916 D OkHttp : x-powered-by: ASP.NET
08-15 12:38:50.360 2708 7916 D OkHttp : date: Wed, 15 Aug 2018 10:38:49 GMT
08-15 12:38:50.360 2708 7916 D OkHttp : content-length: 175
08-15 12:38:50.360 2708 7916 D OkHttp : <-- END HTTP
08-15 12:38:50.365 2708 7916 D sendOrder_SUCCESS: 200
08-15 12:38:50.717 2708 2708 D AbsListView: in onLayout changed
08-15 12:38:50.779 2708 2708 D TextView: SYANI: Clipboard API is calling: clearFilter()
08-15 12:38:50.780 2708 2708 D TextView: SYANI: Clipboard API is calling: unregisterClipboardEventListener()
08-15 12:38:50.798 2708 2708 D ViewRootImpl@fb631ab[BatchUploadActivity]: mHardwareRenderer.destroy()#4
08-15 12:38:50.798 2708 2708 D ViewRootImpl@fb631ab[BatchUploadActivity]: dispatchDetachedFromWindow
08-15 12:38:50.815 2708 2708 D InputTransport: Input channel destroyed: fd=64
08-15 12:38:50.816 2708 2708 D LOCATION_SERVICE: onDestroy
08-15 12:38:51.416 2708 2708 D ViewRootImpl@aeb9893[MainActivity]: ViewPostImeInputStage processPointer 0
08-15 12:38:51.456 2708 2708 D AbsListView: reportScrollStateChange() newState : 1
08-15 12:38:51.801 2708 2708 D ViewRootImpl@aeb9893[MainActivity]: ViewPostImeInputStage processPointer 1
08-15 12:38:51.801 2708 2708 D AbsListView: onTouchUp() mTouchMode : 3
08-15 12:38:51.801 2708 2708 D AbsListView: onTouchUp() TOUCH_MODE_SCROLL initialVelocity : -11
08-15 12:38:51.801 2708 2708 D AbsListView: reportScrollStateChange() newState : 0
08-15 12:38:52.529 2708 2708 D ViewRootImpl@aeb9893[MainActivity]: ViewPostImeInputStage processPointer 0
08-15 12:38:52.598 2708 2708 D ViewRootImpl@aeb9893[MainActivity]: ViewPostImeInputStage processPointer 1
08-15 12:38:52.613 2708 2708 D item_click: viewId = 2131820760, position = 2
08-15 12:38:52.617 2708 2708 E cz.gienger.mobile.poaz.configuration.GlobalConfiguration: java.lang.NumberFormatException: null
08-15 12:38:52.617 2708 2708 E cz.gienger.mobile.poaz.configuration.GlobalConfiguration: at java.lang.Integer.parseInt(Integer.java:483)
08-15 12:38:52.617 2708 2708 E cz.gienger.mobile.poaz.configuration.GlobalConfiguration: at java.lang.Integer.parseInt(Integer.java:556)
08-15 12:38:52.617 2708 2708 E cz.gienger.mobile.poaz.configuration.GlobalConfiguration: at cz.gienger.mobile.poaz.configuration.GlobalConfiguration.getPriceTypeEnum(GlobalConfiguration.java:140)
08-15 12:38:52.617 2708 2708 E cz.gienger.mobile.poaz.configuration.GlobalConfiguration: at cz.gienger.mobile.poaz.configuration.GlobalConfiguration.setValues(GlobalConfiguration.java:97)
08-15 12:38:52.617 2708 2708 E cz.gienger.mobile.poaz.configuration.GlobalConfiguration: at cz.gienger.mobile.poaz.configuration.GlobalConfiguration.(GlobalConfiguration.java:36)
08-15 12:38:52.617 2708 2708 E cz.gienger.mobile.poaz.configuration.GlobalConfiguration: at cz.gienger.mobile.poaz.configuration.GlobalConfiguration.get(GlobalConfiguration.java:41)
08-15 12:38:52.617 2708 2708 E cz.gienger.mobile.poaz.configuration.GlobalConfiguration: at cz.gienger.mobile.activity.MainActivity$BroadcastReceiver.onReceive(MainActivity.java:268)
08-15 12:38:52.617 2708 2708 E cz.gienger.mobile.poaz.configuration.GlobalConfiguration: at android.app.LoadedApk$ReceiverDispatcher$Args.run(LoadedApk.java:1185)
08-15 12:38:52.617 2708 2708 E cz.gienger.mobile.poaz.configuration.GlobalConfiguration: at android.os.Handler.handleCallback(Handler.java:751)
08-15 12:38:52.617 2708 2708 E cz.gienger.mobile.poaz.configuration.GlobalConfiguration: at android.os.Handler.dispatchMessage(Handler.java:95)
08-15 12:38:52.617 2708 2708 E cz.gienger.mobile.poaz.configuration.GlobalConfiguration: at android.os.Looper.loop(Looper.java:154)
08-15 12:38:52.617 2708 2708 E cz.gienger.mobile.poaz.configuration.GlobalConfiguration: at android.app.ActivityThread.main(ActivityThread.java:6823)
08-15 12:38:52.617 2708 2708 E cz.gienger.mobile.poaz.configuration.GlobalConfiguration: at java.lang.reflect.Method.invoke(Native Method)
08-15 12:38:52.617 2708 2708 E cz.gienger.mobile.poaz.configuration.GlobalConfiguration: at com.android.internal.os.ZygoteInit$MethodAndArgsCaller.run(ZygoteInit.java:1563)
08-15 12:38:52.617 2708 2708 E cz.gienger.mobile.poaz.configuration.GlobalConfiguration: at com.android.internal.os.ZygoteInit.main(ZygoteInit.java:1451)
08-15 12:38:52.688 2708 2708 D ViewRootImpl@aeb9893[MainActivity]: MSG_WINDOW_FOCUS_CHANGED 0
08-15 12:38:52.791 2708 2708 E cz.gienger.mobile.poaz.configuration.GlobalConfiguration: java.lang.NumberFormatException: null
08-15 12:38:52.791 2708 2708 E cz.gienger.mobile.poaz.configuration.GlobalConfiguration: at java.lang.Integer.parseInt(Integer.java:483)
08-15 12:38:52.791 2708 2708 E cz.gienger.mobile.poaz.configuration.GlobalConfiguration: at java.lang.Integer.parseInt(Integer.java:556)
08-15 12:38:52.791 2708 2708 E cz.gienger.mobile.poaz.configuration.GlobalConfiguration: at cz.gienger.mobile.poaz.configuration.GlobalConfiguration.getPriceTypeEnum(GlobalConfiguration.java:140)
08-15 12:38:52.791 2708 2708 E cz.gienger.mobile.poaz.configuration.GlobalConfiguration: at cz.gienger.mobile.poaz.configuration.GlobalConfiguration.setValues(GlobalConfiguration.java:97)
08-15 12:38:52.791 2708 2708 E cz.gienger.mobile.poaz.configuration.GlobalConfiguration: at cz.gienger.mobile.poaz.configuration.GlobalConfiguration.(GlobalConfiguration.java:36)
08-15 12:38:52.791 2708 2708 E cz.gienger.mobile.poaz.configuration.GlobalConfiguration: at cz.gienger.mobile.poaz.configuration.GlobalConfiguration.get(GlobalConfiguration.java:41)
08-15 12:38:52.791 2708 2708 E cz.gienger.mobile.poaz.configuration.GlobalConfiguration: at cz.gienger.mobile.poaz.fragments.CategoryListFragment.onResume(CategoryListFragment.java:159)
08-15 12:38:52.791 2708 2708 E cz.gienger.mobile.poaz.configuration.GlobalConfiguration: at android.support.v4.app.Fragment.performResume(Fragment.java:2294)
08-15 12:38:52.791 2708 2708 E cz.gienger.mobile.poaz.configuration.GlobalConfiguration: at android.support.v4.app.FragmentManagerImpl.moveToState(FragmentManager.java:1387)
08-15 12:38:52.791 2708 2708 E cz.gienger.mobile.poaz.configuration.GlobalConfiguration: at android.support.v4.app.FragmentManagerImpl.moveFragmentToExpectedState(FragmentManager.java:1569)
08-15 12:38:52.791 2708 2708 E cz.gienger.mobile.poaz.configuration.GlobalConfiguration: at android.support.v4.app.FragmentManagerImpl.moveToState(FragmentManager.java:1636)
08-15 12:38:52.791 2708 2708 E cz.gienger.mobile.poaz.configuration.GlobalConfiguration: at android.support.v4.app.FragmentManagerImpl.dispatchResume(FragmentManager.java:2991)
08-15 12:38:52.791 2708 2708 E cz.gienger.mobile.poaz.configuration.GlobalConfiguration: at android.support.v4.app.FragmentController.dispatchResume(FragmentController.java:214)
08-15 12:38:52.791 2708 2708 E cz.gienger.mobile.poaz.configuration.GlobalConfiguration: at android.support.v4.app.FragmentActivity.onResumeFragments(FragmentActivity.java:509)
08-15 12:38:52.791 2708 2708 E cz.gienger.mobile.poaz.configuration.GlobalConfiguration: at android.support.v4.app.FragmentActivity.onPostResume(FragmentActivity.java:498)
08-15 12:38:52.791 2708 2708 E cz.gienger.mobile.poaz.configuration.GlobalConfiguration: at android.support.v7.app.AppCompatActivity.onPostResume(AppCompatActivity.java:172)
08-15 12:38:52.791 2708 2708 E cz.gienger.mobile.poaz.configuration.GlobalConfiguration: at android.app.Activity.performResume(Activity.java:7166)
08-15 12:38:52.791 2708 2708 E cz.gienger.mobile.poaz.configuration.GlobalConfiguration: at android.app.ActivityThread.performResumeActivity(ActivityThread.java:3850)
08-15 12:38:52.791 2708 2708 E cz.gienger.mobile.poaz.configuration.GlobalConfiguration: at android.app.ActivityThread.handleResumeActivity(ActivityThread.java:3914)
08-15 12:38:52.791 2708 2708 E cz.gienger.mobile.poaz.configuration.GlobalConfiguration: at android.app.ActivityThread.handleLaunchActivity(ActivityThread.java:3070)
08-15 12:38:52.791 2708 2708 E cz.gienger.mobile.poaz.configuration.GlobalConfiguration: at android.app.ActivityThread.-wrap14(ActivityThread.java)
08-15 12:38:52.791 2708 2708 E cz.gienger.mobile.poaz.configuration.GlobalConfiguration: at android.app.ActivityThread$H.handleMessage(ActivityThread.java:1659)
08-15 12:38:52.791 2708 2708 E cz.gienger.mobile.poaz.configuration.GlobalConfiguration: at android.os.Handler.dispatchMessage(Handler.java:102)
08-15 12:38:52.791 2708 2708 E cz.gienger.mobile.poaz.configuration.GlobalConfiguration: at android.os.Looper.loop(Looper.java:154)
08-15 12:38:52.791 2708 2708 E cz.gienger.mobile.poaz.configuration.GlobalConfiguration: at android.app.ActivityThread.main(ActivityThread.java:6823)
08-15 12:38:52.791 2708 2708 E cz.gienger.mobile.poaz.configuration.GlobalConfiguration: at java.lang.reflect.Method.invoke(Native Method)
08-15 12:38:52.791 2708 2708 E cz.gienger.mobile.poaz.configuration.GlobalConfiguration: at com.android.internal.os.ZygoteInit$MethodAndArgsCaller.run(ZygoteInit.java:1563)
08-15 12:38:52.791 2708 2708 E cz.gienger.mobile.poaz.configuration.GlobalConfiguration: at com.android.internal.os.ZygoteInit.main(ZygoteInit.java:1451)
08-15 12:38:52.800 2708 2708 D ViewRootImpl@f0c1608[CategoryListActivity]: ThreadedRenderer.create() translucent=false
08-15 12:38:52.803 2708 2708 D InputTransport: Input channel constructed: fd=64
08-15 12:38:52.803 2708 2708 D ViewRootImpl@f0c1608[CategoryListActivity]: setView = DecorView@90c01a1[CategoryListActivity] touchMode=true
08-15 12:38:52.806 2708 2708 D LOCATION_SERVICE: LocationListener gps
08-15 12:38:52.814 2708 2708 D LOCATION_SERVICE: LocationListener network
08-15 12:38:52.815 2708 2708 D LOCATION_SERVICE: onCreate
08-15 12:38:52.816 2708 2708 D LOCATION_SERVICE: initializeLocationManager
08-15 12:38:52.828 2708 2708 D LOCATION_SERVICE: onStartCommand
08-15 12:38:52.841 2708 2708 D ViewRootImpl@f0c1608[CategoryListActivity]: dispatchAttachedToWindow
08-15 12:38:52.884 2708 2708 D ViewRootImpl@f0c1608[CategoryListActivity]: Relayout returned: oldFrame=[0,0][0,0] newFrame=[0,0][768,1024] result=0x27 surface={isValid=true -1826764800} surfaceGenerationChanged=true
08-15 12:38:52.884 2708 2708 D ViewRootImpl@f0c1608[CategoryListActivity]: mHardwareRenderer.initialize() mSurface={isValid=true -1826764800} hwInitialized=true
08-15 12:38:53.024 2708 2708 E cz.gienger.mobile.poaz.configuration.GlobalConfiguration: java.lang.NumberFormatException: null
08-15 12:38:53.024 2708 2708 E cz.gienger.mobile.poaz.configuration.GlobalConfiguration: at java.lang.Integer.parseInt(Integer.java:483)
08-15 12:38:53.024 2708 2708 E cz.gienger.mobile.poaz.configuration.GlobalConfiguration: at java.lang.Integer.parseInt(Integer.java:556)
08-15 12:38:53.024 2708 2708 E cz.gienger.mobile.poaz.configuration.GlobalConfiguration: at cz.gienger.mobile.poaz.configuration.GlobalConfiguration.getPriceTypeEnum(GlobalConfiguration.java:140)
08-15 12:38:53.024 2708 2708 E cz.gienger.mobile.poaz.configuration.GlobalConfiguration: at cz.gienger.mobile.poaz.configuration.GlobalConfiguration.setValues(GlobalConfiguration.java:97)
08-15 12:38:53.024 2708 2708 E cz.gienger.mobile.poaz.configuration.GlobalConfiguration: at cz.gienger.mobile.poaz.configuration.GlobalConfiguration.(GlobalConfiguration.java:36)
08-15 12:38:53.024 2708 2708 E cz.gienger.mobile.poaz.configuration.GlobalConfiguration: at cz.gienger.mobile.poaz.configuration.GlobalConfiguration.get(GlobalConfiguration.java:41)
08-15 12:38:53.024 2708 2708 E cz.gienger.mobile.poaz.configuration.GlobalConfiguration: at cz.gienger.mobile.poaz.activities.PoazActivityBase.initPriceSwitch(PoazActivityBase.java:313)
08-15 12:38:53.024 2708 2708 E cz.gienger.mobile.poaz.configuration.GlobalConfiguration: at cz.gienger.mobile.poaz.activities.PoazActivityBase.onCreateOptionsMenu(PoazActivityBase.java:143)
08-15 12:38:53.024 2708 2708 E cz.gienger.mobile.poaz.configuration.GlobalConfiguration: at android.app.Activity.onCreatePanelMenu(Activity.java:3328)
08-15 12:38:53.024 2708 2708 E cz.gienger.mobile.poaz.configuration.GlobalConfiguration: at android.support.v4.app.FragmentActivity.onCreatePanelMenu(FragmentActivity.java:362)
08-15 12:38:53.024 2708 2708 E cz.gienger.mobile.poaz.configuration.GlobalConfiguration: at android.support.v7.view.WindowCallbackWrapper.onCreatePanelMenu(WindowCallbackWrapper.java:98)
08-15 12:38:53.024 2708 2708 E cz.gienger.mobile.poaz.configuration.GlobalConfiguration: at android.support.v7.app.AppCompatDelegateImplBase$AppCompatWindowCallbackBase.onCreatePanelMenu(AppCompatDelegateImplBase.java:335)
08-15 12:38:53.024 2708 2708 E cz.gienger.mobile.poaz.configuration.GlobalConfiguration: at android.support.v7.app.AppCompatDelegateImplV9.preparePanel(AppCompatDelegateImplV9.java:1368)
08-15 12:38:53.024 2708 2708 E cz.gienger.mobile.poaz.configuration.GlobalConfiguration: at android.support.v7.app.AppCompatDelegateImplV9.doInvalidatePanelMenu(AppCompatDelegateImplV9.java:1648)
08-15 12:38:53.024 2708 2708 E cz.gienger.mobile.poaz.configuration.GlobalConfiguration: at android.support.v7.app.AppCompatDelegateImplV9$1.run(AppCompatDelegateImplV9.java:140)
08-15 12:38:53.024 2708 2708 E cz.gienger.mobile.poaz.configuration.GlobalConfiguration: at android.os.Handler.handleCallback(Handler.java:751)
08-15 12:38:53.024 2708 2708 E cz.gienger.mobile.poaz.configuration.GlobalConfiguration: at android.os.Handler.dispatchMessage(Handler.java:95)
08-15 12:38:53.024 2708 2708 E cz.gienger.mobile.poaz.configuration.GlobalConfiguration: at android.os.Looper.loop(Looper.java:154)
08-15 12:38:53.024 2708 2708 E cz.gienger.mobile.poaz.configuration.GlobalConfiguration: at android.app.ActivityThread.main(ActivityThread.java:6823)
08-15 12:38:53.024 2708 2708 E cz.gienger.mobile.poaz.configuration.GlobalConfiguration: at java.lang.reflect.Method.invoke(Native Method)
08-15 12:38:53.024 2708 2708 E cz.gienger.mobile.poaz.configuration.GlobalConfiguration: at com.android.internal.os.ZygoteInit$MethodAndArgsCaller.run(ZygoteInit.java:1563)
08-15 12:38:53.024 2708 2708 E cz.gienger.mobile.poaz.configuration.GlobalConfiguration: at com.android.internal.os.ZygoteInit.main(ZygoteInit.java:1451)
08-15 12:38:53.040 2708 2708 D ViewRootImpl@f0c1608[CategoryListActivity]: MSG_RESIZED_REPORT: frame=Rect(0, 0 - 768, 1024) ci=Rect(0, 24 - 0, 0) vi=Rect(0, 24 - 0, 0) or=1
