--------- beginning of main
08-15 12:30:46.759 2708 2708 V InputMethodManager: Starting input: tba=android.view.inputmethod.EditorInfo@ab64d4c nm : cz.gienger.mobile ic=com.android.internal.widget.EditableInputConnection@ff44195
08-15 12:30:46.759 2708 2708 I InputMethodManager: startInputInner - mService.startInputOrWindowGainedFocus
08-15 12:30:46.780 2708 2708 D InputTransport: Input channel constructed: fd=71
08-15 12:30:46.780 2708 2708 D InputTransport: Input channel destroyed: fd=62
08-15 12:30:46.780 2708 2708 W IInputConnectionWrapper: performPrivateCommand on inactive InputConnection
08-15 12:30:46.780 2708 2708 W IInputConnectionWrapper: finishComposingText on inactive InputConnection
08-15 12:30:46.810 2708 2708 W IInputConnectionWrapper: performPrivateCommand on inactive InputConnection
08-15 12:30:47.101 2708 2708 W IInputConnectionWrapper: getCursorCapsMode on inactive InputConnection
08-15 12:30:47.202 2708 2708 W IInputConnectionWrapper: getCursorCapsMode on inactive InputConnection
08-15 12:30:47.382 2708 2708 W IInputConnectionWrapper: getSelectedText on inactive InputConnection
08-15 12:30:47.394 2708 2708 W IInputConnectionWrapper: getTextBeforeCursor on inactive InputConnection
08-15 12:30:47.396 2708 2708 W IInputConnectionWrapper: getTextAfterCursor on inactive InputConnection
08-15 12:30:47.991 2708 2708 W IInputConnectionWrapper: getCursorCapsMode on inactive InputConnection
08-15 12:30:50.866 2708 2708 D NetworkSecurityConfig: No Network Security Config specified, using platform default
08-15 12:30:50.881 2708 5660 D MESSAGE_SERVICE: ACTION_RESEND_ORDERS
08-15 12:31:58.100 2708 2708 V InputMethodManager: Starting input: tba=android.view.inputmethod.EditorInfo@143ed80 nm : cz.gienger.mobile ic=com.android.internal.widget.EditableInputConnection@d494fb9
08-15 12:31:58.100 2708 2708 I InputMethodManager: startInputInner - mService.startInputOrWindowGainedFocus
08-15 12:31:58.105 2708 2708 D InputTransport: Input channel constructed: fd=66
08-15 12:31:58.105 2708 2708 D InputTransport: Input channel destroyed: fd=71
08-15 12:31:58.140 2708 2708 W IInputConnectionWrapper: performPrivateCommand on inactive InputConnection
08-15 12:31:58.140 2708 2708 W IInputConnectionWrapper: finishComposingText on inactive InputConnection
08-15 12:31:58.178 2708 2708 D ViewRootImpl@8d7c045[LoginActivity]: Relayout returned: oldFrame=[0,0][768,1024] newFrame=[0,0][768,1024] result=0x1 surface={isValid=true -1785210880} surfaceGenerationChanged=false
08-15 12:31:58.203 2708 2708 D ViewRootImpl@8d7c045[LoginActivity]: MSG_RESIZED_REPORT: frame=Rect(0, 0 - 768, 1024) ci=Rect(0, 24 - 0, 320) vi=Rect(0, 24 - 0, 320) or=1
08-15 12:31:59.387 2708 2708 D ViewRootImpl@8d7c045[LoginActivity]: ViewPostImeInputStage processPointer 0
08-15 12:31:59.423 2708 2708 D ViewRootImpl@8d7c045[LoginActivity]: ViewPostImeInputStage processPointer 1
08-15 12:32:00.435 2708 2708 D ViewRootImpl@8d7c045[LoginActivity]: ViewPostImeInputStage processPointer 0
08-15 12:32:00.495 2708 2708 D ViewRootImpl@8d7c045[LoginActivity]: ViewPostImeInputStage processPointer 1
08-15 12:32:40.445 2708 2708 V InputMethodManager: Starting input: tba=android.view.inputmethod.EditorInfo@977ffe nm : cz.gienger.mobile ic=com.android.internal.widget.EditableInputConnection@5f5135f
08-15 12:32:40.445 2708 2708 I InputMethodManager: startInputInner - mService.startInputOrWindowGainedFocus
08-15 12:32:40.448 2708 2708 D InputTransport: Input channel constructed: fd=71
08-15 12:32:40.448 2708 2708 D InputTransport: Input channel destroyed: fd=66
08-15 12:32:40.448 2708 2708 W IInputConnectionWrapper: performPrivateCommand on inactive InputConnection
08-15 12:32:40.451 2708 2708 W IInputConnectionWrapper: finishComposingText on inactive InputConnection
08-15 12:32:40.466 2708 2708 W IInputConnectionWrapper: performPrivateCommand on inactive InputConnection
08-15 12:32:40.584 2708 2708 W IInputConnectionWrapper: getCursorCapsMode on inactive InputConnection
08-15 12:32:40.690 2708 2708 W IInputConnectionWrapper: getCursorCapsMode on inactive InputConnection
08-15 12:32:40.741 2708 2708 W IInputConnectionWrapper: getSelectedText on inactive InputConnection
08-15 12:32:40.742 2708 2708 W IInputConnectionWrapper: getTextBeforeCursor on inactive InputConnection
08-15 12:32:40.744 2708 2708 W IInputConnectionWrapper: getTextAfterCursor on inactive InputConnection
08-15 12:33:13.237 2708 2708 V InputMethodManager: Starting input: tba=android.view.inputmethod.EditorInfo@fba61ac nm : cz.gienger.mobile ic=com.android.internal.widget.EditableInputConnection@3262e75
08-15 12:33:13.237 2708 2708 I InputMethodManager: startInputInner - mService.startInputOrWindowGainedFocus
08-15 12:33:13.248 2708 2708 D InputTransport: Input channel constructed: fd=66
08-15 12:33:13.248 2708 2708 D InputTransport: Input channel destroyed: fd=71
08-15 12:33:13.263 2708 2708 W IInputConnectionWrapper: performPrivateCommand on inactive InputConnection
08-15 12:33:13.263 2708 2708 W IInputConnectionWrapper: finishComposingText on inactive InputConnection
08-15 12:33:13.300 2708 2708 D ViewRootImpl@8d7c045[LoginActivity]: MSG_RESIZED_REPORT: frame=Rect(0, 0 - 768, 1024) ci=Rect(0, 24 - 0, 320) vi=Rect(0, 24 - 0, 320) or=1
08-15 12:33:53.594 2708 2708 V InputMethodManager: Starting input: tba=android.view.inputmethod.EditorInfo@ce79e0a nm : cz.gienger.mobile ic=com.android.internal.widget.EditableInputConnection@681867b
08-15 12:33:53.594 2708 2708 I InputMethodManager: startInputInner - mService.startInputOrWindowGainedFocus
08-15 12:33:53.597 2708 2708 D InputTransport: Input channel constructed: fd=71
08-15 12:33:53.597 2708 2708 D InputTransport: Input channel destroyed: fd=66
08-15 12:33:53.600 2708 2708 W IInputConnectionWrapper: performPrivateCommand on inactive InputConnection
08-15 12:33:53.604 2708 2708 W IInputConnectionWrapper: finishComposingText on inactive InputConnection
08-15 12:33:53.615 2708 2708 W IInputConnectionWrapper: performPrivateCommand on inactive InputConnection
08-15 12:33:53.789 2708 2708 W IInputConnectionWrapper: getCursorCapsMode on inactive InputConnection
08-15 12:33:53.873 2708 2708 W IInputConnectionWrapper: getCursorCapsMode on inactive InputConnection
08-15 12:33:53.918 2708 2708 W IInputConnectionWrapper: getSelectedText on inactive InputConnection
08-15 12:33:53.920 2708 2708 W IInputConnectionWrapper: getTextBeforeCursor on inactive InputConnection
08-15 12:33:53.921 2708 2708 W IInputConnectionWrapper: getTextAfterCursor on inactive InputConnection
08-15 12:34:43.904 2708 2708 V InputMethodManager: Starting input: tba=android.view.inputmethod.EditorInfo@a41ec98 nm : cz.gienger.mobile ic=com.android.internal.widget.EditableInputConnection@9b83cf1
08-15 12:34:43.904 2708 2708 I InputMethodManager: startInputInner - mService.startInputOrWindowGainedFocus
08-15 12:34:43.909 2708 2708 D InputTransport: Input channel constructed: fd=66
08-15 12:34:43.909 2708 2708 D InputTransport: Input channel destroyed: fd=71
08-15 12:34:43.918 2708 2708 W IInputConnectionWrapper: performPrivateCommand on inactive InputConnection
08-15 12:34:43.918 2708 2708 W IInputConnectionWrapper: finishComposingText on inactive InputConnection
08-15 12:34:43.949 2708 2708 D ViewRootImpl@8d7c045[LoginActivity]: MSG_RESIZED_REPORT: frame=Rect(0, 0 - 768, 1024) ci=Rect(0, 24 - 0, 320) vi=Rect(0, 24 - 0, 320) or=1
08-15 12:35:03.402 2708 2708 D ViewRootImpl@8d7c045[LoginActivity]: ViewPostImeInputStage processPointer 0
08-15 12:35:03.469 2708 2708 D ViewRootImpl@8d7c045[LoginActivity]: ViewPostImeInputStage processPointer 1
08-15 12:35:03.527 2708 2708 V InputMethodManager: Starting input: tba=android.view.inputmethod.EditorInfo@e45e462 nm : cz.gienger.mobile ic=com.android.internal.widget.EditableInputConnection@52449f3
08-15 12:35:03.527 2708 2708 I InputMethodManager: startInputInner - mService.startInputOrWindowGainedFocus
08-15 12:35:03.530 2708 2708 D InputTransport: Input channel constructed: fd=71
08-15 12:35:03.530 2708 2708 D InputTransport: Input channel destroyed: fd=66
08-15 12:35:03.530 2708 2708 D InputMethodManager: SSI - flag : 0 Pid : 2708 view : cz.gienger.mobile
08-15 12:35:03.537 2708 2708 W IInputConnectionWrapper: performPrivateCommand on inactive InputConnection
08-15 12:35:03.537 2708 2708 W IInputConnectionWrapper: finishComposingText on inactive InputConnection
08-15 12:35:06.544 2708 2708 D ViewRootImpl@8d7c045[LoginActivity]: ViewPostImeInputStage processPointer 0
08-15 12:35:06.611 2708 2708 D ViewRootImpl@8d7c045[LoginActivity]: ViewPostImeInputStage processPointer 1
08-15 12:35:06.686 2708 2708 D ScrollView: initGoToTop
08-15 12:35:06.695 2708 2708 D ScrollView: initGoToTop
08-15 12:35:06.715 2708 2708 D ViewRootImpl@d32ae28[LoginActivity]: ThreadedRenderer.create() translucent=true
08-15 12:35:06.737 2708 2708 D InputTransport: Input channel constructed: fd=66
08-15 12:35:06.737 2708 2708 D ViewRootImpl@d32ae28[LoginActivity]: setView = DecorView@a948741[LoginActivity] touchMode=true
08-15 12:35:06.872 2708 2708 D ViewRootImpl@d32ae28[LoginActivity]: dispatchAttachedToWindow
08-15 12:35:06.872 2708 7627 D MYINTERCEPTOR: /GiengerService.svc/oauth
08-15 12:35:06.873 2708 7627 D OkHttp : --> POST https://testsaig1.gienger.cz/GiengerService.svc/oauth http/1.1
08-15 12:35:06.873 2708 7627 D OkHttp : Content-Type: application/xml; charset=UTF-8
08-15 12:35:06.873 2708 7627 D OkHttp : Content-Length: 298
08-15 12:35:06.873 2708 7627 D OkHttp : --> END POST
08-15 12:35:06.918 2708 2708 D ViewRootImpl@d32ae28[LoginActivity]: Relayout returned: oldFrame=[0,0][0,0] newFrame=[108,466][660,582] result=0x27 surface={isValid=true -1793599488} surfaceGenerationChanged=true
08-15 12:35:06.921 2708 2708 D ViewRootImpl@d32ae28[LoginActivity]: mHardwareRenderer.initialize() mSurface={isValid=true -1793599488} hwInitialized=true
08-15 12:35:06.949 2708 2708 D ViewRootImpl@d32ae28[LoginActivity]: MSG_WINDOW_FOCUS_CHANGED 1
08-15 12:35:06.950 2708 2708 D ViewRootImpl@d32ae28[LoginActivity]: mHardwareRenderer.initializeIfNeeded()#2 mSurface={isValid=true -1793599488}
08-15 12:35:06.995 2708 2708 D ViewRootImpl@d32ae28[LoginActivity]: MSG_RESIZED_REPORT: frame=Rect(108, 466 - 660, 582) ci=Rect(0, 0 - 0, 0) vi=Rect(0, 0 - 0, 0) or=1
08-15 12:35:07.036 2708 2708 D ViewRootImpl@8d7c045[LoginActivity]: MSG_WINDOW_FOCUS_CHANGED 0
08-15 12:35:09.338 2708 7627 D OkHttp : <-- 200 https://testsaig1.gienger.cz/GiengerService.svc/oauth (2464ms)
08-15 12:35:09.338 2708 7627 D OkHttp : content-type: application/xml; charset=utf-8
08-15 12:35:09.338 2708 7627 D OkHttp : server: Microsoft-IIS/10.0
08-15 12:35:09.338 2708 7627 D OkHttp : x-powered-by: ASP.NET
08-15 12:35:09.339 2708 7627 D OkHttp : date: Wed, 15 Aug 2018 10:35:08 GMT
08-15 12:35:09.339 2708 7627 D OkHttp : content-length: 292
08-15 12:35:09.339 2708 7627 D OkHttp : <-- END HTTP
08-15 12:35:09.396 2708 7627 D MYINTERCEPTOR: /GiengerService.svc/userinfo
08-15 12:35:09.398 2708 7627 D OkHttp : --> POST https://testsaig1.gienger.cz/GiengerService.svc/userinfo http/1.1
08-15 12:35:09.399 2708 7627 D OkHttp : Content-Type: application/xml; charset=UTF-8
08-15 12:35:09.399 2708 7627 D OkHttp : Content-Length: 139
08-15 12:35:09.399 2708 7627 D OkHttp : token: deaf03e8bed8c94e9b8239b69071b93f
08-15 12:35:09.399 2708 7627 D OkHttp : --> END POST
08-15 12:35:09.452 2708 7627 D OkHttp : <-- 200 https://testsaig1.gienger.cz/GiengerService.svc/userinfo (52ms)
08-15 12:35:09.452 2708 7627 D OkHttp : content-type: application/xml; charset=utf-8
08-15 12:35:09.452 2708 7627 D OkHttp : server: Microsoft-IIS/10.0
08-15 12:35:09.452 2708 7627 D OkHttp : x-powered-by: ASP.NET
08-15 12:35:09.452 2708 7627 D OkHttp : date: Wed, 15 Aug 2018 10:35:08 GMT
08-15 12:35:09.452 2708 7627 D OkHttp : content-length: 195
08-15 12:35:09.452 2708 7627 D OkHttp : <-- END HTTP
08-15 12:35:09.516 2708 2708 D ScrollView: initGoToTop
08-15 12:35:09.523 2708 2708 D ScrollView: initGoToTop
08-15 12:35:09.537 2708 2708 D ViewRootImpl@543dd01[LoginActivity]: ThreadedRenderer.create() translucent=true
08-15 12:35:09.543 2708 2708 D InputTransport: Input channel constructed: fd=84
08-15 12:35:09.544 2708 2708 D ViewRootImpl@543dd01[LoginActivity]: setView = DecorView@b0197a6[LoginActivity] touchMode=true
08-15 12:35:09.561 2708 2708 D ViewRootImpl@d32ae28[LoginActivity]: mHardwareRenderer.destroy()#4
08-15 12:35:09.561 2708 2708 D ViewRootImpl@d32ae28[LoginActivity]: dispatchDetachedFromWindow
08-15 12:35:09.576 2708 2708 D InputTransport: Input channel destroyed: fd=66
08-15 12:35:09.598 2708 2708 D ViewRootImpl@8d7c045[LoginActivity]: Relayout returned: oldFrame=[0,0][768,1024] newFrame=[0,0][768,1024] result=0x1 surface={isValid=true -1785210880} surfaceGenerationChanged=false
08-15 12:35:09.603 2708 2708 D ViewRootImpl@543dd01[LoginActivity]: dispatchAttachedToWindow
08-15 12:35:09.664 2708 2708 D ViewRootImpl@543dd01[LoginActivity]: Relayout returned: oldFrame=[0,0][0,0] newFrame=[108,423][660,624] result=0x27 surface={isValid=true -1793599488} surfaceGenerationChanged=true
08-15 12:35:09.664 2708 2708 D ViewRootImpl@543dd01[LoginActivity]: mHardwareRenderer.initialize() mSurface={isValid=true -1793599488} hwInitialized=true
08-15 12:35:09.673 2708 2708 D ScrollView: onsize change changed
08-15 12:35:09.673 2708 2708 D ScrollView: onsize change changed
08-15 12:35:09.674 2708 2708 D ViewRootImpl@543dd01[LoginActivity]: MSG_WINDOW_FOCUS_CHANGED 1
08-15 12:35:09.675 2708 2708 D ViewRootImpl@543dd01[LoginActivity]: mHardwareRenderer.initializeIfNeeded()#2 mSurface={isValid=true -1793599488}
08-15 12:35:09.697 2708 2708 D ViewRootImpl@543dd01[LoginActivity]: MSG_RESIZED_REPORT: frame=Rect(108, 423 - 660, 624) ci=Rect(0, 0 - 0, 0) vi=Rect(0, 0 - 0, 0) or=1
08-15 12:35:09.714 2708 2708 E ViewRootImpl: sendUserActionEvent() returned.
08-15 12:35:10.668 2708 2708 D ViewRootImpl@543dd01[LoginActivity]: ViewPostImeInputStage processPointer 0
08-15 12:35:10.714 2708 2708 D ViewRootImpl@543dd01[LoginActivity]: ViewPostImeInputStage processPointer 1
08-15 12:35:10.719 2708 2708 D ALARM_REUPLOAD: scheduling alarm
08-15 12:35:10.746 2708 2708 D ViewRootImpl@543dd01[LoginActivity]: mHardwareRenderer.destroy()#4
08-15 12:35:10.746 2708 2708 D ViewRootImpl@543dd01[LoginActivity]: dispatchDetachedFromWindow
08-15 12:35:10.755 2708 2708 D InputTransport: Input channel destroyed: fd=84
08-15 12:35:10.864 2708 7627 D MYINTERCEPTOR: /GiengerService.svc/manifests
08-15 12:35:10.869 2708 7627 D OkHttp : --> GET https://testsaig1.gienger.cz/GiengerService.svc/manifests http/1.1
08-15 12:35:10.869 2708 7627 D OkHttp : state: CZ
08-15 12:35:10.869 2708 7627 D OkHttp : token: deaf03e8bed8c94e9b8239b69071b93f
08-15 12:35:10.869 2708 7627 D OkHttp : --> END GET
08-15 12:35:10.886 2708 2708 D TextView: SYANI: Clipboard API is calling: clearFilter()
08-15 12:35:10.886 2708 2708 D TextView: SYANI: Clipboard API is calling: unregisterClipboardEventListener()
08-15 12:35:10.889 2708 2708 D TextView: SYANI: Clipboard API is calling: clearFilter()
08-15 12:35:10.889 2708 2708 D TextView: SYANI: Clipboard API is calling: unregisterClipboardEventListener()
08-15 12:35:10.908 2708 2708 D ViewRootImpl@8d7c045[LoginActivity]: mHardwareRenderer.destroy()#4
08-15 12:35:10.909 2708 2708 D ViewRootImpl@8d7c045[LoginActivity]: dispatchDetachedFromWindow
08-15 12:35:10.910 2708 2708 D InputTransport: Input channel destroyed: fd=59
08-15 12:35:10.924 2708 2713 I art : Do partial code cache collection, code=23KB, data=29KB
08-15 12:35:10.926 2708 2713 I art : After code cache collection, code=21KB, data=28KB
08-15 12:35:10.926 2708 2713 I art : Increasing code cache capacity to 128KB
08-15 12:35:10.954 2708 2708 D FILES : /data/user/0/cz.gienger.mobile/files/delivery
08-15 12:35:10.955 2708 2708 D FILES : /data/user/0/cz.gienger.mobile/files/delivery/130AT1180325843
08-15 12:35:10.955 2708 2708 D FILES : /data/user/0/cz.gienger.mobile/files/delivery/130AT1180325843/corrections
08-15 12:35:10.955 2708 2708 D FILES : /data/user/0/cz.gienger.mobile/files/delivery/130AT1180325843/130AT1180325843.pdf
08-15 12:35:10.956 2708 2708 D FILES : /data/user/0/cz.gienger.mobile/files/delivery/130AT1180325844
08-15 12:35:10.956 2708 2708 D FILES : /data/user/0/cz.gienger.mobile/files/delivery/130AT1180325844/corrections
08-15 12:35:10.956 2708 2708 D FILES : /data/user/0/cz.gienger.mobile/files/delivery/130AT1180325844/130AT1180325844.pdf
08-15 12:35:10.956 2708 2708 D FILES : /data/user/0/cz.gienger.mobile/files/delivery/130AT1180325878
08-15 12:35:10.957 2708 2708 D FILES : /data/user/0/cz.gienger.mobile/files/delivery/130AT1180325878/corrections
08-15 12:35:10.957 2708 2708 D FILES : /data/user/0/cz.gienger.mobile/files/delivery/130AT1180325878/130AT1180325878.pdf
08-15 12:35:10.957 2708 2708 D FILES : /data/user/0/cz.gienger.mobile/files/delivery/130AT1180325879
08-15 12:35:10.957 2708 2708 D FILES : /data/user/0/cz.gienger.mobile/files/delivery/130AT1180325879/corrections
08-15 12:35:10.957 2708 2708 D FILES : /data/user/0/cz.gienger.mobile/files/delivery/130AT1180325879/130AT1180325879.pdf
08-15 12:35:10.958 2708 2708 D FILES : /data/user/0/cz.gienger.mobile/files/delivery/130AT1180325861
08-15 12:35:10.958 2708 2708 D FILES : /data/user/0/cz.gienger.mobile/files/delivery/130AT1180325861/corrections
08-15 12:35:10.958 2708 2708 D FILES : /data/user/0/cz.gienger.mobile/files/delivery/130AT1180325861/130AT1180325861.pdf
08-15 12:35:10.958 2708 2708 D FILES : /data/user/0/cz.gienger.mobile/files/delivery/130AT1180325882
08-15 12:35:10.958 2708 2708 D FILES : /data/user/0/cz.gienger.mobile/files/delivery/130AT1180325882/corrections
08-15 12:35:10.959 2708 2708 D FILES : /data/user/0/cz.gienger.mobile/files/delivery/130AT1180325882/130AT1180325882.pdf
08-15 12:35:10.959 2708 2708 D FILES : /data/user/0/cz.gienger.mobile/files/delivery/130AT1180325883
08-15 12:35:10.959 2708 2708 D FILES : /data/user/0/cz.gienger.mobile/files/delivery/130AT1180325883/corrections
08-15 12:35:10.959 2708 2708 D FILES : /data/user/0/cz.gienger.mobile/files/delivery/130AT1180325883/130AT1180325883.pdf
08-15 12:35:10.959 2708 2708 D FILES : /data/user/0/cz.gienger.mobile/files/delivery/130AT1183508450
08-15 12:35:10.960 2708 2708 D FILES : /data/user/0/cz.gienger.mobile/files/delivery/130AT1183508450/corrections
08-15 12:35:10.960 2708 2708 D FILES : /data/user/0/cz.gienger.mobile/files/delivery/130AT1183508450/130AT1183508450.pdf
08-15 12:35:10.960 2708 2708 D FILES : /data/user/0/cz.gienger.mobile/files/delivery/130AT1183508451
08-15 12:35:10.960 2708 2708 D FILES : /data/user/0/cz.gienger.mobile/files/delivery/130AT1183508451/corrections
08-15 12:35:10.961 2708 2708 D FILES : /data/user/0/cz.gienger.mobile/files/delivery/130AT1183508451/130AT1183508451.pdf
08-15 12:35:10.961 2708 2708 D FILES : /data/user/0/cz.gienger.mobile/files/delivery/130AT1182506581
08-15 12:35:10.961 2708 2708 D FILES : /data/user/0/cz.gienger.mobile/files/delivery/130AT1182506581/corrections
08-15 12:35:10.961 2708 2708 D FILES : /data/user/0/cz.gienger.mobile/files/delivery/130AT1182506581/130AT1182506581.pdf
08-15 12:35:10.961 2708 2708 D FILES : /data/user/0/cz.gienger.mobile/files/delivery/130AT1182506582
08-15 12:35:10.962 2708 2708 D FILES : /data/user/0/cz.gienger.mobile/files/delivery/130AT1182506582/corrections
08-15 12:35:10.962 2708 2708 D FILES : /data/user/0/cz.gienger.mobile/files/delivery/130AT1182506582/130AT1182506582.pdf
08-15 12:35:10.962 2708 2708 D FILES : /data/user/0/cz.gienger.mobile/files/delivery/130AT1183508465
08-15 12:35:10.962 2708 2708 D FILES : /data/user/0/cz.gienger.mobile/files/delivery/130AT1183508465/corrections
08-15 12:35:10.963 2708 2708 D FILES : /data/user/0/cz.gienger.mobile/files/delivery/130AT1183508465/130AT1183508465.pdf
08-15 12:35:10.963 2708 2708 D FILES : /data/user/0/cz.gienger.mobile/files/delivery/130AT1183508407
08-15 12:35:10.963 2708 2708 D FILES : /data/user/0/cz.gienger.mobile/files/delivery/130AT1183508407/corrections
08-15 12:35:10.964 2708 2708 D FILES : /data/user/0/cz.gienger.mobile/files/delivery/130AT1183508407/130AT1183508407.pdf
08-15 12:35:10.964 2708 2708 D FILES : /data/user/0/cz.gienger.mobile/files/delivery/130AT1183508461
08-15 12:35:10.964 2708 2708 D FILES : /data/user/0/cz.gienger.mobile/files/delivery/130AT1183508461/corrections
08-15 12:35:10.964 2708 2708 D FILES : /data/user/0/cz.gienger.mobile/files/delivery/130AT1183508461/130AT1183508461.pdf
08-15 12:35:10.964 2708 2708 D FILES : /data/user/0/cz.gienger.mobile/files/delivery/130AT1183508462
08-15 12:35:10.965 2708 2708 D FILES : /data/user/0/cz.gienger.mobile/files/delivery/130AT1183508462/corrections
08-15 12:35:10.965 2708 2708 D FILES : /data/user/0/cz.gienger.mobile/files/delivery/130AT1183508462/130AT1183508462.pdf
08-15 12:35:10.965 2708 2708 D FILES : /data/user/0/cz.gienger.mobile/files/delivery/130AT1183507781
08-15 12:35:10.966 2708 2708 D FILES : /data/user/0/cz.gienger.mobile/files/delivery/130AT1183507781/corrections
08-15 12:35:10.967 2708 2708 D FILES : /data/user/0/cz.gienger.mobile/files/delivery/130AT1183507781/130AT1183507781.pdf
08-15 12:35:10.967 2708 2708 D FILES : /data/user/0/cz.gienger.mobile/files/delivery/130AT1183507783
08-15 12:35:10.967 2708 2708 D FILES : /data/user/0/cz.gienger.mobile/files/delivery/130AT1183507783/corrections
08-15 12:35:10.968 2708 2708 D FILES : /data/user/0/cz.gienger.mobile/files/delivery/130AT1183507783/130AT1183507783.pdf
08-15 12:35:10.968 2708 2708 D FILES : /data/user/0/cz.gienger.mobile/files/delivery/130AT1183508240
08-15 12:35:10.968 2708 2708 D FILES : /data/user/0/cz.gienger.mobile/files/delivery/130AT1183508240/corrections
08-15 12:35:10.968 2708 2708 D FILES : /data/user/0/cz.gienger.mobile/files/delivery/130AT1183508240/130AT1183508240.pdf
08-15 12:35:10.968 2708 2708 D FILES : /data/user/0/cz.gienger.mobile/files/delivery/130AT1183508242
08-15 12:35:10.968 2708 2708 D FILES : /data/user/0/cz.gienger.mobile/files/delivery/130AT1183508242/corrections
08-15 12:35:10.969 2708 2708 D FILES : /data/user/0/cz.gienger.mobile/files/delivery/130AT1183508242/130AT1183508242.pdf
08-15 12:35:10.969 2708 2708 D FILES : /data/user/0/cz.gienger.mobile/files/delivery/130AT1183508469
08-15 12:35:10.969 2708 2708 D FILES : /data/user/0/cz.gienger.mobile/files/delivery/130AT1183508469/corrections
08-15 12:35:10.969 2708 2708 D FILES : /data/user/0/cz.gienger.mobile/files/delivery/130AT1183508469/130AT1183508469.pdf
08-15 12:35:10.970 2708 2708 D FILES : /data/user/0/cz.gienger.mobile/files/delivery/130AT1180325791
08-15 12:35:10.970 2708 2708 D FILES : /data/user/0/cz.gienger.mobile/files/delivery/130AT1180325791/corrections
08-15 12:35:10.970 2708 2708 D FILES : /data/user/0/cz.gienger.mobile/files/delivery/130AT1180325791/130AT1180325791.pdf
08-15 12:35:10.970 2708 2708 D FILES : /data/user/0/cz.gienger.mobile/files/delivery/130AT1180325798
08-15 12:35:10.970 2708 2708 D FILES : /data/user/0/cz.gienger.mobile/files/delivery/130AT1180325798/corrections
08-15 12:35:10.971 2708 2708 D FILES : /data/user/0/cz.gienger.mobile/files/delivery/130AT1180325798/130AT1180325798.pdf
08-15 12:35:10.971 2708 2708 D FILES : /data/user/0/cz.gienger.mobile/files/delivery/130AT1180325857
08-15 12:35:10.971 2708 2708 D FILES : /data/user/0/cz.gienger.mobile/files/delivery/130AT1180325857/corrections
08-15 12:35:10.971 2708 2708 D FILES : /data/user/0/cz.gienger.mobile/files/delivery/130AT1180325857/130AT1180325857.pdf
08-15 12:35:10.971 2708 2708 D FILES : /data/user/0/cz.gienger.mobile/files/delivery/130AT1183508344
08-15 12:35:10.972 2708 2708 D FILES : /data/user/0/cz.gienger.mobile/files/delivery/130AT1183508344/corrections
08-15 12:35:10.972 2708 2708 D FILES : /data/user/0/cz.gienger.mobile/files/delivery/130AT1183508344/130AT1183508344.pdf
08-15 12:35:10.988 2708 7636 D MYINTERCEPTOR: /GiengerService.svc/manifests
08-15 12:35:10.990 2708 7636 D OkHttp : --> GET https://testsaig1.gienger.cz/GiengerService.svc/manifests http/1.1
08-15 12:35:10.990 2708 7636 D OkHttp : state: CZ
08-15 12:35:10.990 2708 7636 D OkHttp : token: deaf03e8bed8c94e9b8239b69071b93f
08-15 12:35:10.990 2708 7636 D OkHttp : --> END GET
08-15 12:35:11.026 2708 7637 D MYINTERCEPTOR: /GiengerService.svc/manifests
08-15 12:35:11.027 2708 7627 D OkHttp : <-- 200 https://testsaig1.gienger.cz/GiengerService.svc/manifests (157ms)
08-15 12:35:11.027 2708 7627 D OkHttp : content-type: application/xml; charset=utf-8
08-15 12:35:11.027 2708 7627 D OkHttp : server: Microsoft-IIS/10.0
08-15 12:35:11.027 2708 7627 D OkHttp : x-powered-by: ASP.NET
08-15 12:35:11.027 2708 7627 D OkHttp : date: Wed, 15 Aug 2018 10:35:09 GMT
08-15 12:35:11.027 2708 7627 D OkHttp : content-length: 11990
08-15 12:35:11.027 2708 7637 D OkHttp : --> GET https://testsaig1.gienger.cz/GiengerService.svc/manifests http/1.1
08-15 12:35:11.027 2708 7627 D OkHttp : <-- END HTTP
08-15 12:35:11.027 2708 7637 D OkHttp : state: CZ
08-15 12:35:11.028 2708 7637 D OkHttp : token: deaf03e8bed8c94e9b8239b69071b93f
08-15 12:35:11.028 2708 7637 D OkHttp : --> END GET
08-15 12:35:11.029 2708 2708 D ViewRootImpl@f94d143[LoginActivity]: ThreadedRenderer.create() translucent=false
08-15 12:35:11.032 2708 2708 D InputTransport: Input channel constructed: fd=61
08-15 12:35:11.032 2708 2708 D ViewRootImpl@f94d143[LoginActivity]: setView = DecorView@4a93e9f[LoginActivity] touchMode=true
08-15 12:35:11.033 2708 2708 E ViewRootImpl: sendUserActionEvent() returned.
08-15 12:35:11.033 2708 2708 E ViewRootImpl: sendUserActionEvent() returned.
08-15 12:35:11.035 2708 2708 D ViewRootImpl@f94d143[LoginActivity]: dispatchAttachedToWindow
08-15 12:35:11.042 2708 7636 D OkHttp : <-- 200 https://testsaig1.gienger.cz/GiengerService.svc/manifests (51ms)
08-15 12:35:11.042 2708 7636 D OkHttp : content-type: application/xml; charset=utf-8
08-15 12:35:11.042 2708 7636 D OkHttp : server: Microsoft-IIS/10.0
08-15 12:35:11.042 2708 7636 D OkHttp : x-powered-by: ASP.NET
08-15 12:35:11.042 2708 7636 D OkHttp : date: Wed, 15 Aug 2018 10:35:09 GMT
08-15 12:35:11.043 2708 7636 D OkHttp : content-length: 11990
08-15 12:35:11.043 2708 7636 D OkHttp : <-- END HTTP
08-15 12:35:11.066 2708 7637 D OkHttp : <-- 200 https://testsaig1.gienger.cz/GiengerService.svc/manifests (38ms)
08-15 12:35:11.067 2708 7637 D OkHttp : content-type: application/xml; charset=utf-8
08-15 12:35:11.067 2708 7637 D OkHttp : server: Microsoft-IIS/10.0
08-15 12:35:11.067 2708 7637 D OkHttp : x-powered-by: ASP.NET
08-15 12:35:11.067 2708 7637 D OkHttp : date: Wed, 15 Aug 2018 10:35:09 GMT
08-15 12:35:11.067 2708 7637 D OkHttp : content-length: 11990
08-15 12:35:11.067 2708 7637 D OkHttp : <-- END HTTP
08-15 12:35:11.078 2708 2708 D ViewRootImpl@f94d143[LoginActivity]: Relayout returned: oldFrame=[0,0][0,0] newFrame=[0,0][768,1024] result=0x27 surface={isValid=true -1793746944} surfaceGenerationChanged=true
08-15 12:35:11.078 2708 2708 D ViewRootImpl@f94d143[LoginActivity]: mHardwareRenderer.initialize() mSurface={isValid=true -1793746944} hwInitialized=true
08-15 12:35:11.089 2708 2708 D AbsListView: in onLayout changed
08-15 12:35:11.126 2708 2708 D ViewRootImpl@f94d143[LoginActivity]: MSG_RESIZED_REPORT: frame=Rect(0, 0 - 768, 1024) ci=Rect(0, 24 - 0, 320) vi=Rect(0, 24 - 0, 320) or=1
08-15 12:35:11.126 2708 2708 D ViewRootImpl@f94d143[LoginActivity]: MSG_WINDOW_FOCUS_CHANGED 1
08-15 12:35:11.126 2708 2708 D ViewRootImpl@f94d143[LoginActivity]: mHardwareRenderer.initializeIfNeeded()#2 mSurface={isValid=true -1793746944}
08-15 12:35:11.128 2708 2708 V InputMethodManager: Starting input: tba=android.view.inputmethod.EditorInfo@ecf5c6d nm : cz.gienger.mobile ic=null
08-15 12:35:11.128 2708 2708 I InputMethodManager: startInputInner - mService.startInputOrWindowGainedFocus
08-15 12:35:11.137 2708 2708 D InputTransport: Input channel constructed: fd=63
08-15 12:35:11.137 2708 2708 D InputTransport: Input channel destroyed: fd=71
08-15 12:35:11.156 2708 2708 E ViewRootImpl: sendUserActionEvent() returned.
08-15 12:35:11.202 2708 2708 W IInputConnectionWrapper: finishComposingText on inactive InputConnection
08-15 12:35:11.221 2708 2708 D DOWNLOAD_MANIFESTS: success
08-15 12:35:11.276 2708 2713 I art : Do partial code cache collection, code=50KB, data=62KB
08-15 12:35:11.277 2708 2713 I art : After code cache collection, code=50KB, data=61KB
08-15 12:35:11.277 2708 2713 I art : Increasing code cache capacity to 256KB
08-15 12:35:11.291 2708 2708 W IInputConnectionWrapper: performPrivateCommand on inactive InputConnection
08-15 12:35:11.291 2708 2708 D DOWNLOAD_MANIFESTS: success
08-15 12:35:11.316 2708 2708 W IInputConnectionWrapper: finishComposingText on inactive InputConnection
08-15 12:35:11.316 2708 2708 D DOWNLOAD_MANIFESTS: success
08-15 12:35:11.331 2708 2708 D ViewRootImpl@f94d143[LoginActivity]: MSG_RESIZED: frame=Rect(0, 0 - 768, 1024) ci=Rect(0, 24 - 0, 0) vi=Rect(0, 24 - 0, 0) or=1
08-15 12:35:11.341 2708 2708 D ViewRootImpl@f94d143[LoginActivity]: Relayout returned: oldFrame=[0,0][768,1024] newFrame=[0,0][768,1024] result=0x1 surface={isValid=true -1793746944} surfaceGenerationChanged=false
08-15 12:35:11.552 2708 2708 D AbsListView: in onLayout changed
08-15 12:35:11.560 2708 2708 V InputMethodManager: Starting input: tba=android.view.inputmethod.EditorInfo@aa55330 nm : cz.gienger.mobile ic=null
08-15 12:35:11.560 2708 2708 I InputMethodManager: startInputInner - mService.startInputOrWindowGainedFocus
08-15 12:35:11.561 2708 2708 D InputTransport: Input channel constructed: fd=77
08-15 12:35:11.561 2708 2708 D InputTransport: Input channel destroyed: fd=63
08-15 12:35:12.986 2708 2708 D ViewRootImpl@f94d143[LoginActivity]: ViewPostImeInputStage processPointer 0
08-15 12:35:13.044 2708 2708 D ViewRootImpl@f94d143[LoginActivity]: ViewPostImeInputStage processPointer 1
08-15 12:35:13.044 2708 2708 D AbsListView: onTouchUp() mTouchMode : 0
08-15 12:35:14.220 2708 2708 D ViewRootImpl@f94d143[LoginActivity]: ViewPostImeInputStage processPointer 0
08-15 12:35:14.290 2708 2708 D ViewRootImpl@f94d143[LoginActivity]: ViewPostImeInputStage processPointer 1
08-15 12:35:14.321 2708 2708 D InputMethodManager: HSIFW - flag : 0 Pid : 2708
08-15 12:35:14.437 2708 2708 D AbsListView: in onLayout changed
08-15 12:35:14.497 2708 2718 I art : Background sticky concurrent mark sweep GC freed 158032(7MB) AllocSpace objects, 27(768KB) LOS objects, 59% free, 6MB/14MB, paused 960us total 101.599ms
08-15 12:35:15.680 2708 2708 D ViewRootImpl@f94d143[LoginActivity]: ViewPostImeInputStage processPointer 0
08-15 12:35:15.738 2708 2708 D ViewRootImpl@f94d143[LoginActivity]: ViewPostImeInputStage processPointer 1
08-15 12:35:15.738 2708 2708 D AbsListView: onTouchUp() mTouchMode : 0
08-15 12:35:16.726 2708 2708 D ViewRootImpl@f94d143[LoginActivity]: ViewPostImeInputStage processPointer 0
08-15 12:35:16.783 2708 2708 D ViewRootImpl@f94d143[LoginActivity]: ViewPostImeInputStage processPointer 1
08-15 12:35:16.811 2708 2708 D ScrollView: initGoToTop
08-15 12:35:16.817 2708 2708 D ScrollView: initGoToTop
08-15 12:35:16.827 2708 2708 D ViewRootImpl@6e82475[LoginActivity]: ThreadedRenderer.create() translucent=true
08-15 12:35:16.833 2708 2708 D InputTransport: Input channel constructed: fd=67
08-15 12:35:16.833 2708 2708 D ViewRootImpl@6e82475[LoginActivity]: setView = DecorView@3715c0a[LoginActivity] touchMode=true
08-15 12:35:16.837 2708 7637 D MYINTERCEPTOR: /GiengerService.svc/manifestinfo
08-15 12:35:16.838 2708 7637 D OkHttp : --> POST https://testsaig1.gienger.cz/GiengerService.svc/manifestinfo http/1.1
08-15 12:35:16.839 2708 7637 D OkHttp : Content-Length: 0
08-15 12:35:16.839 2708 2708 D ViewRootImpl@6e82475[LoginActivity]: dispatchAttachedToWindow
08-15 12:35:16.839 2708 7637 D OkHttp : state: CZ
08-15 12:35:16.839 2708 7637 D OkHttp : id: A05_trasa_A05-04_ranni_30_07_2018
08-15 12:35:16.839 2708 7637 D OkHttp : token: deaf03e8bed8c94e9b8239b69071b93f
08-15 12:35:16.839 2708 7637 D OkHttp : --> END POST
08-15 12:35:16.854 2708 2708 D ViewRootImpl@6e82475[LoginActivity]: Relayout returned: oldFrame=[0,0][0,0] newFrame=[108,466][660,582] result=0x27 surface={isValid=true -1806706688} surfaceGenerationChanged=true
08-15 12:35:16.855 2708 2708 D ViewRootImpl@6e82475[LoginActivity]: mHardwareRenderer.initialize() mSurface={isValid=true -1806706688} hwInitialized=true
08-15 12:35:16.867 2708 2708 D ViewRootImpl@6e82475[LoginActivity]: MSG_WINDOW_FOCUS_CHANGED 1
08-15 12:35:16.867 2708 2708 D ViewRootImpl@6e82475[LoginActivity]: mHardwareRenderer.initializeIfNeeded()#2 mSurface={isValid=true -1806706688}
08-15 12:35:16.880 2708 2708 D ViewRootImpl@6e82475[LoginActivity]: MSG_RESIZED_REPORT: frame=Rect(108, 466 - 660, 582) ci=Rect(0, 0 - 0, 0) vi=Rect(0, 0 - 0, 0) or=1
08-15 12:35:16.890 2708 7637 D OkHttp : <-- 200 https://testsaig1.gienger.cz/GiengerService.svc/manifestinfo (50ms)
08-15 12:35:16.890 2708 7637 D OkHttp : content-type: application/xml; charset=utf-8
08-15 12:35:16.890 2708 7637 D OkHttp : server: Microsoft-IIS/10.0
08-15 12:35:16.890 2708 7637 D OkHttp : x-powered-by: ASP.NET
08-15 12:35:16.890 2708 7637 D OkHttp : date: Wed, 15 Aug 2018 10:35:15 GMT
08-15 12:35:16.890 2708 7637 D OkHttp : content-length: 829
08-15 12:35:16.890 2708 7637 D OkHttp : <-- END HTTP
08-15 12:35:16.910 2708 2708 D ViewRootImpl@f94d143[LoginActivity]: MSG_WINDOW_FOCUS_CHANGED 0
08-15 12:35:16.940 2708 7642 D MYINTERCEPTOR: /GiengerService.svc/corrections
08-15 12:35:16.941 2708 7642 D OkHttp : --> GET https://testsaig1.gienger.cz/GiengerService.svc/corrections http/1.1
08-15 12:35:16.941 2708 7642 D OkHttp : token: deaf03e8bed8c94e9b8239b69071b93f
08-15 12:35:16.941 2708 7642 D OkHttp : --> END GET
08-15 12:35:16.978 2708 7642 D OkHttp : <-- 200 https://testsaig1.gienger.cz/GiengerService.svc/corrections (36ms)
08-15 12:35:16.978 2708 7642 D OkHttp : content-type: application/xml; charset=utf-8
08-15 12:35:16.978 2708 7642 D OkHttp : server: Microsoft-IIS/10.0
08-15 12:35:16.978 2708 7642 D OkHttp : x-powered-by: ASP.NET
08-15 12:35:16.978 2708 7642 D OkHttp : date: Wed, 15 Aug 2018 10:35:15 GMT
08-15 12:35:16.978 2708 7642 D OkHttp : content-length: 1267
08-15 12:35:16.978 2708 7642 D OkHttp : <-- END HTTP
08-15 12:35:17.013 2708 7642 D MYINTERCEPTOR: /GiengerService.svc/getorder
08-15 12:35:17.016 2708 7642 D OkHttp : --> POST https://testsaig1.gienger.cz/GiengerService.svc/getorder http/1.1
08-15 12:35:17.016 2708 7642 D OkHttp : Content-Length: 0
08-15 12:35:17.016 2708 7642 D OkHttp : name: 130AT1180524523.xml
08-15 12:35:17.016 2708 7642 D OkHttp : token: deaf03e8bed8c94e9b8239b69071b93f
08-15 12:35:17.016 2708 7642 D OkHttp : --> END POST
08-15 12:35:17.112 2708 7642 D OkHttp : <-- 200 https://testsaig1.gienger.cz/GiengerService.svc/getorder (95ms)
08-15 12:35:17.112 2708 7642 D OkHttp : content-type: application/xml; charset=utf-8
08-15 12:35:17.112 2708 7642 D OkHttp : server: Microsoft-IIS/10.0
08-15 12:35:17.112 2708 7642 D OkHttp : checksum: 037e2789a6e784370c1db30880fe3f7b
08-15 12:35:17.112 2708 7642 D OkHttp : x-powered-by: ASP.NET
08-15 12:35:17.112 2708 7642 D OkHttp : date: Wed, 15 Aug 2018 10:35:15 GMT
08-15 12:35:17.113 2708 7642 D OkHttp : content-length: 165879
08-15 12:35:17.113 2708 7642 D OkHttp : <-- END HTTP
08-15 12:35:17.332 2708 7642 D MYINTERCEPTOR: /GiengerService.svc/getorder
08-15 12:35:17.334 2708 7642 D OkHttp : --> POST https://testsaig1.gienger.cz/GiengerService.svc/getorder http/1.1
08-15 12:35:17.334 2708 7642 D OkHttp : Content-Length: 0
08-15 12:35:17.334 2708 7642 D OkHttp : name: 130AT1180903153.xml
08-15 12:35:17.334 2708 7642 D OkHttp : token: deaf03e8bed8c94e9b8239b69071b93f
08-15 12:35:17.334 2708 7642 D OkHttp : --> END POST
08-15 12:35:17.429 2708 7642 D OkHttp : <-- 200 https://testsaig1.gienger.cz/GiengerService.svc/getorder (93ms)
08-15 12:35:17.429 2708 7642 D OkHttp : content-type: application/xml; charset=utf-8
08-15 12:35:17.429 2708 7642 D OkHttp : server: Microsoft-IIS/10.0
08-15 12:35:17.429 2708 7642 D OkHttp : checksum: 3a9e4c30fb6c5611e128e0235075deb0
08-15 12:35:17.429 2708 7642 D OkHttp : x-powered-by: ASP.NET
08-15 12:35:17.429 2708 7642 D OkHttp : date: Wed, 15 Aug 2018 10:35:15 GMT
08-15 12:35:17.429 2708 7642 D OkHttp : content-length: 163507
08-15 12:35:17.429 2708 7642 D OkHttp : <-- END HTTP
08-15 12:35:17.526 2708 7642 D MYINTERCEPTOR: /GiengerService.svc/getorder
08-15 12:35:17.528 2708 7642 D OkHttp : --> POST https://testsaig1.gienger.cz/GiengerService.svc/getorder http/1.1
08-15 12:35:17.528 2708 7642 D OkHttp : Content-Length: 0
08-15 12:35:17.528 2708 7642 D OkHttp : name: 130AT1180524474.xml
08-15 12:35:17.528 2708 7642 D OkHttp : token: deaf03e8bed8c94e9b8239b69071b93f
08-15 12:35:17.528 2708 7642 D OkHttp : --> END POST
08-15 12:35:17.593 2708 7642 D OkHttp : <-- 200 https://testsaig1.gienger.cz/GiengerService.svc/getorder (64ms)
08-15 12:35:17.593 2708 7642 D OkHttp : content-type: application/xml; charset=utf-8
08-15 12:35:17.593 2708 7642 D OkHttp : server: Microsoft-IIS/10.0
08-15 12:35:17.593 2708 7642 D OkHttp : checksum: 453b6958683d8cf2a53f4d76bb56996a
08-15 12:35:17.593 2708 7642 D OkHttp : x-powered-by: ASP.NET
08-15 12:35:17.593 2708 7642 D OkHttp : date: Wed, 15 Aug 2018 10:35:15 GMT
08-15 12:35:17.593 2708 7642 D OkHttp : content-length: 165628
08-15 12:35:17.593 2708 7642 D OkHttp : <-- END HTTP
08-15 12:35:17.677 2708 7642 D MYINTERCEPTOR: /GiengerService.svc/getorder
08-15 12:35:17.678 2708 7642 D OkHttp : --> POST https://testsaig1.gienger.cz/GiengerService.svc/getorder http/1.1
08-15 12:35:17.678 2708 7642 D OkHttp : Content-Length: 0
08-15 12:35:17.678 2708 7642 D OkHttp : name: 130AT1180524475.xml
08-15 12:35:17.678 2708 7642 D OkHttp : token: deaf03e8bed8c94e9b8239b69071b93f
08-15 12:35:17.678 2708 7642 D OkHttp : --> END POST
08-15 12:35:17.726 2708 7642 D OkHttp : <-- 200 https://testsaig1.gienger.cz/GiengerService.svc/getorder (47ms)
08-15 12:35:17.726 2708 7642 D OkHttp : content-type: application/xml; charset=utf-8
08-15 12:35:17.726 2708 7642 D OkHttp : server: Microsoft-IIS/10.0
08-15 12:35:17.726 2708 7642 D OkHttp : checksum: 99a9acf50f2437de948d468cde4aba70
08-15 12:35:17.726 2708 7642 D OkHttp : x-powered-by: ASP.NET
08-15 12:35:17.726 2708 7642 D OkHttp : date: Wed, 15 Aug 2018 10:35:15 GMT
08-15 12:35:17.726 2708 7642 D OkHttp : content-length: 166913
08-15 12:35:17.726 2708 7642 D OkHttp : <-- END HTTP
08-15 12:35:17.905 2708 7642 D MYINTERCEPTOR: /GiengerService.svc/getorder
08-15 12:35:17.906 2708 7642 D OkHttp : --> POST https://testsaig1.gienger.cz/GiengerService.svc/getorder http/1.1
08-15 12:35:17.906 2708 7642 D OkHttp : Content-Length: 0
08-15 12:35:17.906 2708 7642 D OkHttp : name: 130AT1180524562.xml
08-15 12:35:17.906 2708 7642 D OkHttp : token: deaf03e8bed8c94e9b8239b69071b93f
08-15 12:35:17.906 2708 7642 D OkHttp : --> END POST
08-15 12:35:17.960 2708 7642 D OkHttp : <-- 200 https://testsaig1.gienger.cz/GiengerService.svc/getorder (53ms)
08-15 12:35:17.960 2708 7642 D OkHttp : content-type: application/xml; charset=utf-8
08-15 12:35:17.960 2708 7642 D OkHttp : server: Microsoft-IIS/10.0
08-15 12:35:17.960 2708 7642 D OkHttp : checksum: 750195fe14eaddf746391c1c0f4ddde4
08-15 12:35:17.960 2708 7642 D OkHttp : x-powered-by: ASP.NET
08-15 12:35:17.961 2708 7642 D OkHttp : date: Wed, 15 Aug 2018 10:35:16 GMT
08-15 12:35:17.961 2708 7642 D OkHttp : content-length: 167976
08-15 12:35:17.961 2708 7642 D OkHttp : <-- END HTTP
08-15 12:35:18.062 2708 7642 D MYINTERCEPTOR: /GiengerService.svc/getorder
08-15 12:35:18.063 2708 7642 D OkHttp : --> POST https://testsaig1.gienger.cz/GiengerService.svc/getorder http/1.1
08-15 12:35:18.063 2708 7642 D OkHttp : Content-Length: 0
08-15 12:35:18.063 2708 7642 D OkHttp : name: 130AT1180524301.xml
08-15 12:35:18.063 2708 7642 D OkHttp : token: deaf03e8bed8c94e9b8239b69071b93f
08-15 12:35:18.064 2708 7642 D OkHttp : --> END POST
08-15 12:35:18.108 2708 7642 D OkHttp : <-- 200 https://testsaig1.gienger.cz/GiengerService.svc/getorder (44ms)
08-15 12:35:18.108 2708 7642 D OkHttp : content-type: application/xml; charset=utf-8
08-15 12:35:18.109 2708 7642 D OkHttp : server: Microsoft-IIS/10.0
08-15 12:35:18.109 2708 7642 D OkHttp : checksum: aa8f0fe9f60b7224af24107d750fef45
08-15 12:35:18.109 2708 7642 D OkHttp : x-powered-by: ASP.NET
08-15 12:35:18.109 2708 7642 D OkHttp : date: Wed, 15 Aug 2018 10:35:16 GMT
08-15 12:35:18.109 2708 7642 D OkHttp : content-length: 193592
08-15 12:35:18.109 2708 7642 D OkHttp : <-- END HTTP
08-15 12:35:18.258 2708 7642 D MYINTERCEPTOR: /GiengerService.svc/getorder
08-15 12:35:18.259 2708 7642 D OkHttp : --> POST https://testsaig1.gienger.cz/GiengerService.svc/getorder http/1.1
08-15 12:35:18.259 2708 7642 D OkHttp : Content-Length: 0
08-15 12:35:18.259 2708 7642 D OkHttp : name: 130AT1180524459.xml
08-15 12:35:18.259 2708 7642 D OkHttp : token: deaf03e8bed8c94e9b8239b69071b93f
08-15 12:35:18.259 2708 7642 D OkHttp : --> END POST
08-15 12:35:18.317 2708 7642 D OkHttp : <-- 200 https://testsaig1.gienger.cz/GiengerService.svc/getorder (57ms)
08-15 12:35:18.317 2708 7642 D OkHttp : content-type: application/xml; charset=utf-8
08-15 12:35:18.317 2708 7642 D OkHttp : server: Microsoft-IIS/10.0
08-15 12:35:18.318 2708 7642 D OkHttp : checksum: dd81669c84399c25c4e0b67b1c3028b8
08-15 12:35:18.318 2708 7642 D OkHttp : x-powered-by: ASP.NET
08-15 12:35:18.318 2708 7642 D OkHttp : date: Wed, 15 Aug 2018 10:35:16 GMT
08-15 12:35:18.318 2708 7642 D OkHttp : content-length: 165322
08-15 12:35:18.318 2708 7642 D OkHttp : <-- END HTTP
08-15 12:35:18.409 2708 7642 D MYINTERCEPTOR: /GiengerService.svc/getorder
08-15 12:35:18.410 2708 7642 D OkHttp : --> POST https://testsaig1.gienger.cz/GiengerService.svc/getorder http/1.1
08-15 12:35:18.410 2708 7642 D OkHttp : Content-Length: 0
08-15 12:35:18.410 2708 7642 D OkHttp : name: 130AT1180524112.xml
08-15 12:35:18.410 2708 7642 D OkHttp : token: deaf03e8bed8c94e9b8239b69071b93f
08-15 12:35:18.410 2708 7642 D OkHttp : --> END POST
08-15 12:35:18.465 2708 7642 D OkHttp : <-- 200 https://testsaig1.gienger.cz/GiengerService.svc/getorder (54ms)
08-15 12:35:18.465 2708 7642 D OkHttp : content-type: application/xml; charset=utf-8
08-15 12:35:18.465 2708 7642 D OkHttp : server: Microsoft-IIS/10.0
08-15 12:35:18.466 2708 7642 D OkHttp : checksum: bf4cf7e6e712f12f9b24dd983b3e0360
08-15 12:35:18.466 2708 7642 D OkHttp : x-powered-by: ASP.NET
08-15 12:35:18.466 2708 7642 D OkHttp : date: Wed, 15 Aug 2018 10:35:16 GMT
08-15 12:35:18.467 2708 7642 D OkHttp : content-length: 169360
08-15 12:35:18.467 2708 7642 D OkHttp : <-- END HTTP
08-15 12:35:18.568 2708 7642 D MYINTERCEPTOR: /GiengerService.svc/getorder
08-15 12:35:18.569 2708 7642 D OkHttp : --> POST https://testsaig1.gienger.cz/GiengerService.svc/getorder http/1.1
08-15 12:35:18.569 2708 7642 D OkHttp : Content-Length: 0
08-15 12:35:18.569 2708 7642 D OkHttp : name: 130AT1180524113.xml
08-15 12:35:18.569 2708 7642 D OkHttp : token: deaf03e8bed8c94e9b8239b69071b93f
08-15 12:35:18.570 2708 7642 D OkHttp : --> END POST
08-15 12:35:18.638 2708 7642 D OkHttp : <-- 200 https://testsaig1.gienger.cz/GiengerService.svc/getorder (67ms)
08-15 12:35:18.638 2708 7642 D OkHttp : content-type: application/xml; charset=utf-8
08-15 12:35:18.638 2708 7642 D OkHttp : server: Microsoft-IIS/10.0
08-15 12:35:18.638 2708 7642 D OkHttp : checksum: d8bb18185c5b37fddf9cf8501161bab8
08-15 12:35:18.639 2708 7642 D OkHttp : x-powered-by: ASP.NET
08-15 12:35:18.639 2708 7642 D OkHttp : date: Wed, 15 Aug 2018 10:35:16 GMT
08-15 12:35:18.639 2708 7642 D OkHttp : content-length: 169155
08-15 12:35:18.639 2708 7642 D OkHttp : <-- END HTTP
08-15 12:35:18.716 2708 7642 D MYINTERCEPTOR: /GiengerService.svc/getorder
08-15 12:35:18.717 2708 7642 D OkHttp : --> POST https://testsaig1.gienger.cz/GiengerService.svc/getorder http/1.1
08-15 12:35:18.717 2708 7642 D OkHttp : Content-Length: 0
08-15 12:35:18.717 2708 7642 D OkHttp : name: 130AT1180524114.xml
08-15 12:35:18.717 2708 7642 D OkHttp : token: deaf03e8bed8c94e9b8239b69071b93f
08-15 12:35:18.717 2708 7642 D OkHttp : --> END POST
08-15 12:35:18.809 2708 7642 D OkHttp : <-- 200 https://testsaig1.gienger.cz/GiengerService.svc/getorder (91ms)
08-15 12:35:18.809 2708 7642 D OkHttp : content-type: application/xml; charset=utf-8
08-15 12:35:18.809 2708 7642 D OkHttp : server: Microsoft-IIS/10.0
08-15 12:35:18.809 2708 7642 D OkHttp : checksum: 8a434af97b71d9396584943f82b45244
08-15 12:35:18.809 2708 7642 D OkHttp : x-powered-by: ASP.NET
08-15 12:35:18.810 2708 7642 D OkHttp : date: Wed, 15 Aug 2018 10:35:16 GMT
08-15 12:35:18.810 2708 7642 D OkHttp : content-length: 168971
08-15 12:35:18.810 2708 7642 D OkHttp : <-- END HTTP
08-15 12:35:18.961 2708 7642 D MYINTERCEPTOR: /GiengerService.svc/getorder
08-15 12:35:18.962 2708 7642 D OkHttp : --> POST https://testsaig1.gienger.cz/GiengerService.svc/getorder http/1.1
08-15 12:35:18.962 2708 7642 D OkHttp : Content-Length: 0
08-15 12:35:18.962 2708 7642 D OkHttp : name: 130AT1180524115.xml
08-15 12:35:18.962 2708 7642 D OkHttp : token: deaf03e8bed8c94e9b8239b69071b93f
08-15 12:35:18.962 2708 7642 D OkHttp : --> END POST
08-15 12:35:19.266 2708 7642 D OkHttp : <-- 200 https://testsaig1.gienger.cz/GiengerService.svc/getorder (303ms)
08-15 12:35:19.267 2708 7642 D OkHttp : content-type: application/xml; charset=utf-8
08-15 12:35:19.267 2708 7642 D OkHttp : server: Microsoft-IIS/10.0
08-15 12:35:19.267 2708 7642 D OkHttp : checksum: 46cea026e1785bd1e36cb3064f07eef0
08-15 12:35:19.267 2708 7642 D OkHttp : x-powered-by: ASP.NET
08-15 12:35:19.267 2708 7642 D OkHttp : date: Wed, 15 Aug 2018 10:35:18 GMT
08-15 12:35:19.267 2708 7642 D OkHttp : content-length: 169024
08-15 12:35:19.267 2708 7642 D OkHttp : <-- END HTTP
08-15 12:35:19.349 2708 7642 D MYINTERCEPTOR: /GiengerService.svc/getorder
08-15 12:35:19.350 2708 7642 D OkHttp : --> POST https://testsaig1.gienger.cz/GiengerService.svc/getorder http/1.1
08-15 12:35:19.350 2708 7642 D OkHttp : Content-Length: 0
08-15 12:35:19.350 2708 7642 D OkHttp : name: 130AT1180524116.xml
08-15 12:35:19.350 2708 7642 D OkHttp : token: deaf03e8bed8c94e9b8239b69071b93f
08-15 12:35:19.351 2708 7642 D OkHttp : --> END POST
08-15 12:35:19.411 2708 7642 D OkHttp : <-- 200 https://testsaig1.gienger.cz/GiengerService.svc/getorder (59ms)
08-15 12:35:19.411 2708 7642 D OkHttp : content-type: application/xml; charset=utf-8
08-15 12:35:19.411 2708 7642 D OkHttp : server: Microsoft-IIS/10.0
08-15 12:35:19.411 2708 7642 D OkHttp : checksum: 68b606e4735153f9419df403cb305d6d
08-15 12:35:19.412 2708 7642 D OkHttp : x-powered-by: ASP.NET
08-15 12:35:19.412 2708 7642 D OkHttp : date: Wed, 15 Aug 2018 10:35:18 GMT
08-15 12:35:19.412 2708 7642 D OkHttp : content-length: 169479
08-15 12:35:19.412 2708 7642 D OkHttp : <-- END HTTP
08-15 12:35:19.495 2708 7642 D MYINTERCEPTOR: /GiengerService.svc/getorder
08-15 12:35:19.496 2708 7642 D OkHttp : --> POST https://testsaig1.gienger.cz/GiengerService.svc/getorder http/1.1
08-15 12:35:19.496 2708 7642 D OkHttp : Content-Length: 0
08-15 12:35:19.497 2708 7642 D OkHttp : name: 130AT1180524583.xml
08-15 12:35:19.497 2708 7642 D OkHttp : token: deaf03e8bed8c94e9b8239b69071b93f
08-15 12:35:19.497 2708 7642 D OkHttp : --> END POST
08-15 12:35:19.545 2708 7642 D OkHttp : <-- 200 https://testsaig1.gienger.cz/GiengerService.svc/getorder (48ms)
08-15 12:35:19.546 2708 7642 D OkHttp : content-type: application/xml; charset=utf-8
08-15 12:35:19.546 2708 7642 D OkHttp : server: Microsoft-IIS/10.0
08-15 12:35:19.546 2708 7642 D OkHttp : checksum: 13362aa6c197685b2e17e187352aae2e
08-15 12:35:19.546 2708 7642 D OkHttp : x-powered-by: ASP.NET
08-15 12:35:19.547 2708 7642 D OkHttp : date: Wed, 15 Aug 2018 10:35:18 GMT
08-15 12:35:19.547 2708 7642 D OkHttp : content-length: 171652
08-15 12:35:19.547 2708 7642 D OkHttp : <-- END HTTP
08-15 12:35:19.662 2708 7642 D MYINTERCEPTOR: /GiengerService.svc/getorder
08-15 12:35:19.663 2708 7642 D OkHttp : --> POST https://testsaig1.gienger.cz/GiengerService.svc/getorder http/1.1
08-15 12:35:19.663 2708 7642 D OkHttp : Content-Length: 0
08-15 12:35:19.663 2708 7642 D OkHttp : name: 130AT1180524509.xml
08-15 12:35:19.663 2708 7642 D OkHttp : token: deaf03e8bed8c94e9b8239b69071b93f
08-15 12:35:19.663 2708 7642 D OkHttp : --> END POST
08-15 12:35:19.814 2708 7642 D OkHttp : <-- 200 https://testsaig1.gienger.cz/GiengerService.svc/getorder (150ms)
08-15 12:35:19.815 2708 7642 D OkHttp : content-type: application/xml; charset=utf-8
08-15 12:35:19.815 2708 7642 D OkHttp : server: Microsoft-IIS/10.0
08-15 12:35:19.815 2708 7642 D OkHttp : checksum: f2c0f18dcee146af850d86889c489214
08-15 12:35:19.815 2708 7642 D OkHttp : x-powered-by: ASP.NET
08-15 12:35:19.815 2708 7642 D OkHttp : date: Wed, 15 Aug 2018 10:35:18 GMT
08-15 12:35:19.816 2708 7642 D OkHttp : content-length: 165674
08-15 12:35:19.816 2708 7642 D OkHttp : <-- END HTTP
08-15 12:35:19.958 2708 7642 D MYINTERCEPTOR: /GiengerService.svc/getorder
08-15 12:35:19.959 2708 7642 D OkHttp : --> POST https://testsaig1.gienger.cz/GiengerService.svc/getorder http/1.1
08-15 12:35:19.959 2708 7642 D OkHttp : Content-Length: 0
08-15 12:35:19.960 2708 7642 D OkHttp : name: 130AT1180524510.xml
08-15 12:35:19.960 2708 7642 D OkHttp : token: deaf03e8bed8c94e9b8239b69071b93f
08-15 12:35:19.960 2708 7642 D OkHttp : --> END POST
08-15 12:35:20.008 2708 7642 D OkHttp : <-- 200 https://testsaig1.gienger.cz/GiengerService.svc/getorder (47ms)
08-15 12:35:20.008 2708 7642 D OkHttp : content-type: application/xml; charset=utf-8
08-15 12:35:20.008 2708 7642 D OkHttp : server: Microsoft-IIS/10.0
08-15 12:35:20.008 2708 7642 D OkHttp : checksum: 0d9aeca2b8d583f76f16b2f595277d80
08-15 12:35:20.009 2708 7642 D OkHttp : x-powered-by: ASP.NET
08-15 12:35:20.009 2708 7642 D OkHttp : date: Wed, 15 Aug 2018 10:35:18 GMT
08-15 12:35:20.009 2708 7642 D OkHttp : content-length: 168109
08-15 12:35:20.009 2708 7642 D OkHttp : <-- END HTTP
08-15 12:35:20.101 2708 7642 D MYINTERCEPTOR: /GiengerService.svc/getorder
