--------- beginning of system
11-03 13:32:07.841 21977 21977 I Timeline: Timeline: Activity_launch_request time:136067161
11-03 13:32:19.226 21977 21977 I Timeline: Timeline: Activity_launch_request time:136078546
11-03 13:32:20.386 21977 21977 I Timeline: Timeline: Activity_launch_request time:136079706
11-03 13:32:29.044 21977 21977 I Timeline: Timeline: Activity_launch_request time:136088364
11-03 13:32:30.361 21977 21977 I Timeline: Timeline: Activity_launch_request time:136089681
11-03 13:32:35.998 21977 21977 I Timeline: Timeline: Activity_launch_request time:136095318
11-03 13:32:46.957 21977 21977 I Timeline: Timeline: Activity_launch_request time:136106277
11-03 13:33:03.387 21977 21977 I Timeline: Timeline: Activity_launch_request time:136122707
11-03 13:33:08.158 21977 21977 I Timeline: Timeline: Activity_launch_request time:136127478 --------- beginning of main
11-03 13:33:14.482 21977 21977 W ActivityThread: handleWindowVisibility: no activity for token android.os.BinderProxy@67d3936
11-03 13:33:15.729 21977 21977 D SIGNOSIGN_SIGNED: signed
11-03 13:33:15.741 21977 22446 W Notification: Use of stream types is deprecated for operations other than volume control
11-03 13:33:15.741 21977 22446 W Notification: See the documentation of setSound() for what to use instead with android.media.AudioAttributes to qualify your playback use case
11-03 13:33:15.744 21977 22446 D MESSAGE_SERVICE: ACTION_COMPRESS_AND_UPLOAD
11-03 13:33:16.234 21977 21977 D LOCATION_SERVICE: onDestroy
11-03 13:33:16.484 21977 22446 D FILE_MANAGER: Serializing delivery /data/user/0/cz.gienger.mobile/files/finished/130AT1190319670/130AT1190319670.xml
11-03 13:33:16.484 21977 22446 D FILE_MANAGER: Null files:
11-03 13:33:16.562 21977 22446 D MYINTERCEPTOR: /GiengerService.svc/sendorder
11-03 13:33:16.562 21977 22446 D OkHttp : --> POST https://testsaig1.gienger.cz/GiengerService.svc/sendorder http/1.1
11-03 13:33:16.562 21977 22446 D OkHttp : Content-Type: text/raw
11-03 13:33:16.562 21977 22446 D OkHttp : Content-Length: 232854
11-03 13:33:16.562 21977 22446 D OkHttp : filename: 130AT1190319670.xml
11-03 13:33:16.562 21977 22446 D OkHttp : Checksum: 0992406232614d33d28e4b8b0afd6b29
11-03 13:33:16.562 21977 22446 D OkHttp : token: ebf5e947a33f935737ded7c3c0a860b0
11-03 13:33:16.562 21977 22446 D OkHttp : --> END POST
11-03 13:33:17.216 21977 22446 D OkHttp : <-- 200 OK https://testsaig1.gienger.cz/GiengerService.svc/sendorder (653ms)
11-03 13:33:17.216 21977 22446 D OkHttp : Date: Tue, 03 Nov 2020 12:33:17 GMT
11-03 13:33:17.217 21977 22446 D OkHttp : Server: Apache
11-03 13:33:17.217 21977 22446 D OkHttp : Content-Type: application/xml; charset=utf-8
11-03 13:33:17.217 21977 22446 D OkHttp : X-Powered-By: ASP.NET
11-03 13:33:17.217 21977 22446 D OkHttp : Vary: Accept-Encoding
11-03 13:33:17.217 21977 22446 D OkHttp : Keep-Alive: timeout=15, max=100
11-03 13:33:17.217 21977 22446 D OkHttp : Connection: Keep-Alive
11-03 13:33:17.217 21977 22446 D OkHttp : <-- END HTTP
11-03 13:33:17.226 21977 22446 D sendOrder_SUCCESS: 200
11-03 13:33:17.241 21977 22446 W Notification: Use of stream types is deprecated for operations other than volume control
11-03 13:33:17.241 21977 22446 W Notification: See the documentation of setSound() for what to use instead with android.media.AudioAttributes to qualify your playback use case
11-03 13:33:18.619 21977 21977 D item_click: viewId = 2131820756, position = 3
11-03 13:33:18.633 21977 21977 I Timeline: Timeline: Activity_launch_request time:136137953
11-03 13:33:18.665 21977 21977 W ActivityThread: handleWindowVisibility: no activity for token android.os.BinderProxy@ccca867
11-03 13:33:18.724 21977 21977 D LOCATION_SERVICE: LocationListener gps
11-03 13:33:18.724 21977 21977 D LOCATION_SERVICE: LocationListener network
11-03 13:33:18.724 21977 21977 D LOCATION_SERVICE: onCreate
11-03 13:33:18.725 21977 21977 D LOCATION_SERVICE: initializeLocationManager
11-03 13:33:18.734 21977 21977 D LOCATION_SERVICE: onStartCommand
11-03 13:33:18.772 21977 21977 D LOCATION_SERVICE: onProviderDisabled: gps
11-03 13:33:18.911 21977 22461 D FILE_MANAGER: Copying file /data/user/0/cz.gienger.mobile/files/delivery/130AT1191005500/130AT1191005500.pdf to /storage/emulated/0/130AT1191005500.pdf
11-03 13:33:19.428 21977 22461 D FILE_MANAGER: copy ok
11-03 13:33:22.782 21977 21977 I AssistStructure: Flattened final assist data: 9276 bytes, containing 1 windows, 31 views
11-03 13:33:23.888 21977 21977 I AssistStructure: Flattened final assist data: 9324 bytes, containing 1 windows, 31 views
11-03 13:33:24.508 21977 21977 I AssistStructure: Flattened final assist data: 9332 bytes, containing 1 windows, 31 views
11-03 13:33:27.255 21977 21977 D SIGN_URI: file:///storage/emulated/0/130AT1191005500.pdf
11-03 13:33:27.255 21977 21977 I Timeline: Timeline: Activity_launch_request time:136146575
11-03 13:33:29.192 21977 21977 D LOCATION_SERVICE: onLocationChanged: Location[network 49,177175,16,550820 hAcc=25 et=+4d19h15m30s729ms alt=362.3999938964844 vAcc=17 sAcc=??? bAcc=??? {Bundle[mParcelledData.dataSize=400]}]
11-03 13:33:33.200 21977 21977 W ActivityThread: handleWindowVisibility: no activity for token android.os.BinderProxy@37e956
11-03 13:33:34.454 21977 21977 D SIGNOSIGN_SIGNED: signed
11-03 13:33:34.463 21977 22490 W Notification: Use of stream types is deprecated for operations other than volume control
11-03 13:33:34.463 21977 22490 W Notification: See the documentation of setSound() for what to use instead with android.media.AudioAttributes to qualify your playback use case
11-03 13:33:34.466 21977 22490 D MESSAGE_SERVICE: ACTION_COMPRESS_AND_UPLOAD
11-03 13:33:34.959 21977 21977 D LOCATION_SERVICE: onDestroy
11-03 13:33:35.206 21977 22490 D FILE_MANAGER: Serializing delivery /data/user/0/cz.gienger.mobile/files/finished/130AT1191005500/130AT1191005500.xml
11-03 13:33:35.206 21977 22490 D FILE_MANAGER: Null files:
11-03 13:33:35.292 21977 22490 D MYINTERCEPTOR: /GiengerService.svc/sendorder
11-03 13:33:35.292 21977 22490 D OkHttp : --> POST https://testsaig1.gienger.cz/GiengerService.svc/sendorder http/1.1
11-03 13:33:35.292 21977 22490 D OkHttp : Content-Type: text/raw
11-03 13:33:35.292 21977 22490 D OkHttp : Content-Length: 249304
11-03 13:33:35.292 21977 22490 D OkHttp : filename: 130AT1191005500.xml
11-03 13:33:35.292 21977 22490 D OkHttp : Checksum: 70c56aebffa68f407fb709be647b120a
11-03 13:33:35.293 21977 22490 D OkHttp : token: ebf5e947a33f935737ded7c3c0a860b0
11-03 13:33:35.293 21977 22490 D OkHttp : --> END POST
11-03 13:33:40.746 21977 22490 D OkHttp : <-- 200 OK https://testsaig1.gienger.cz/GiengerService.svc/sendorder (5452ms)
11-03 13:33:40.746 21977 22490 D OkHttp : Date: Tue, 03 Nov 2020 12:33:41 GMT
11-03 13:33:40.746 21977 22490 D OkHttp : Server: Apache
11-03 13:33:40.746 21977 22490 D OkHttp : Content-Type: application/xml; charset=utf-8
11-03 13:33:40.746 21977 22490 D OkHttp : X-Powered-By: ASP.NET
11-03 13:33:40.746 21977 22490 D OkHttp : Vary: Accept-Encoding
11-03 13:33:40.746 21977 22490 D OkHttp : Keep-Alive: timeout=15, max=100
11-03 13:33:40.746 21977 22490 D OkHttp : Connection: Keep-Alive
11-03 13:33:40.747 21977 22490 D OkHttp : <-- END HTTP
11-03 13:33:40.755 21977 22490 D sendOrder_SUCCESS: 200
11-03 13:33:40.766 21977 22490 W Notification: Use of stream types is deprecated for operations other than volume control
11-03 13:33:40.766 21977 22490 W Notification: See the documentation of setSound() for what to use instead with android.media.AudioAttributes to qualify your playback use case
11-03 13:33:42.892 21977 21977 D item_click: viewId = 2131820756, position = 4
11-03 13:33:42.909 21977 21977 I Timeline: Timeline: Activity_launch_request time:136162228
11-03 13:33:42.949 21977 21977 W ActivityThread: handleWindowVisibility: no activity for token android.os.BinderProxy@5d63a3
11-03 13:33:43.014 21977 21977 D LOCATION_SERVICE: LocationListener gps
11-03 13:33:43.014 21977 21977 D LOCATION_SERVICE: LocationListener network
11-03 13:33:43.015 21977 21977 D LOCATION_SERVICE: onCreate
11-03 13:33:43.015 21977 21977 D LOCATION_SERVICE: initializeLocationManager
11-03 13:33:43.022 21977 21977 D LOCATION_SERVICE: onStartCommand
11-03 13:33:43.065 21977 21977 D LOCATION_SERVICE: onProviderDisabled: gps
11-03 13:33:43.188 21977 22308 D FILE_MANAGER: Copying file /data/user/0/cz.gienger.mobile/files/delivery/130AT1191005501/130AT1191005501.pdf to /storage/emulated/0/130AT1191005501.pdf
11-03 13:33:43.721 21977 22308 D FILE_MANAGER: copy ok
11-03 13:33:44.785 21977 21977 D LOCATION_SERVICE: onLocationChanged: Location[network 49,177172,16,550829 hAcc=25 et=+4d19h15m46s991ms alt=362.3999938964844 vAcc=2 sAcc=??? bAcc=??? {Bundle[mParcelledData.dataSize=400]}]
11-03 13:33:44.937 21977 21977 I AssistStructure: Flattened final assist data: 5976 bytes, containing 1 windows, 20 views
11-03 13:33:47.572 21977 21977 D SIGN_URI: file:///storage/emulated/0/130AT1191005501.pdf
11-03 13:33:47.572 21977 21977 I Timeline: Timeline: Activity_launch_request time:136166892
11-03 13:33:55.065 21977 21977 W ActivityThread: handleWindowVisibility: no activity for token android.os.BinderProxy@9a361db
11-03 13:33:56.264 21977 21977 D SIGNOSIGN_SIGNED: signed
11-03 13:33:56.274 21977 22531 W Notification: Use of stream types is deprecated for operations other than volume control
11-03 13:33:56.274 21977 22531 W Notification: See the documentation of setSound() for what to use instead with android.media.AudioAttributes to qualify your playback use case
11-03 13:33:56.279 21977 22531 D MESSAGE_SERVICE: ACTION_COMPRESS_AND_UPLOAD
11-03 13:33:56.778 21977 21977 D LOCATION_SERVICE: onDestroy
11-03 13:33:57.001 21977 22531 D FILE_MANAGER: Serializing delivery /data/user/0/cz.gienger.mobile/files/finished/130AT1191005501/130AT1191005501.xml
11-03 13:33:57.001 21977 22531 D FILE_MANAGER: Null files:
11-03 13:33:57.075 21977 22531 D MYINTERCEPTOR: /GiengerService.svc/sendorder
11-03 13:33:57.075 21977 22531 D OkHttp : --> POST https://testsaig1.gienger.cz/GiengerService.svc/sendorder http/1.1
11-03 13:33:57.075 21977 22531 D OkHttp : Content-Type: text/raw
11-03 13:33:57.075 21977 22531 D OkHttp : Content-Length: 232707
11-03 13:33:57.075 21977 22531 D OkHttp : filename: 130AT1191005501.xml
11-03 13:33:57.075 21977 22531 D OkHttp : Checksum: 8cf43d7eca5a89da93701046316911e3
11-03 13:33:57.075 21977 22531 D OkHttp : token: ebf5e947a33f935737ded7c3c0a860b0
11-03 13:33:57.075 21977 22531 D OkHttp : --> END POST
11-03 13:33:57.863 21977 22531 D OkHttp : <-- 200 OK https://testsaig1.gienger.cz/GiengerService.svc/sendorder (787ms)
11-03 13:33:57.863 21977 22531 D OkHttp : Date: Tue, 03 Nov 2020 12:33:58 GMT
11-03 13:33:57.863 21977 22531 D OkHttp : Server: Apache
11-03 13:33:57.863 21977 22531 D OkHttp : Content-Type: application/xml; charset=utf-8
11-03 13:33:57.863 21977 22531 D OkHttp : X-Powered-By: ASP.NET
11-03 13:33:57.863 21977 22531 D OkHttp : Vary: Accept-Encoding
11-03 13:33:57.863 21977 22531 D OkHttp : Keep-Alive: timeout=15, max=100
11-03 13:33:57.863 21977 22531 D OkHttp : Connection: Keep-Alive
11-03 13:33:57.863 21977 22531 D OkHttp : <-- END HTTP
11-03 13:33:57.868 21977 22531 D sendOrder_SUCCESS: 200
11-03 13:33:57.877 21977 22531 W Notification: Use of stream types is deprecated for operations other than volume control
11-03 13:33:57.877 21977 22531 W Notification: See the documentation of setSound() for what to use instead with android.media.AudioAttributes to qualify your playback use case
11-03 13:34:00.469 21977 21977 D item_click: viewId = 2131820756, position = 5
11-03 13:34:00.487 21977 21977 I Timeline: Timeline: Activity_launch_request time:136179807
11-03 13:34:00.521 21977 21977 W ActivityThread: handleWindowVisibility: no activity for token android.os.BinderProxy@721dc94
11-03 13:34:00.589 21977 21977 D LOCATION_SERVICE: LocationListener gps
11-03 13:34:00.589 21977 21977 D LOCATION_SERVICE: LocationListener network
11-03 13:34:00.590 21977 21977 D LOCATION_SERVICE: onCreate
11-03 13:34:00.590 21977 21977 D LOCATION_SERVICE: initializeLocationManager
11-03 13:34:00.598 21977 21977 D LOCATION_SERVICE: onStartCommand
11-03 13:34:00.636 21977 21977 D LOCATION_SERVICE: onProviderDisabled: gps
11-03 13:34:00.746 21977 22546 D FILE_MANAGER: Copying file /data/user/0/cz.gienger.mobile/files/delivery/130AT1191005503/130AT1191005503.pdf to /storage/emulated/0/130AT1191005503.pdf
11-03 13:34:01.288 21977 22546 D FILE_MANAGER: copy ok
11-03 13:34:04.448 21977 21977 I AssistStructure: Flattened final assist data: 9276 bytes, containing 1 windows, 31 views
11-03 13:34:05.552 21977 21977 I AssistStructure: Flattened final assist data: 9324 bytes, containing 1 windows, 31 views
11-03 13:34:06.162 21977 21977 I AssistStructure: Flattened final assist data: 9332 bytes, containing 1 windows, 31 views
11-03 13:34:09.504 21977 21977 D SIGN_URI: file:///storage/emulated/0/130AT1191005503.pdf
11-03 13:34:09.505 21977 21977 I Timeline: Timeline: Activity_launch_request time:136188825
11-03 13:34:14.224 21977 21977 D LOCATION_SERVICE: onLocationChanged: Location[network 49,177198,16,550801 hAcc=20 et=+4d19h16m15s778ms alt=361.8999938964844 vAcc=20 sAcc=??? bAcc=??? {Bundle[mParcelledData.dataSize=400]}]
11-03 13:34:14.945 21977 21977 W ActivityThread: handleWindowVisibility: no activity for token android.os.BinderProxy@6d6457b
11-03 13:34:16.139 21977 21977 D SIGNOSIGN_SIGNED: signed
11-03 13:34:16.147 21977 22580 W Notification: Use of stream types is deprecated for operations other than volume control
11-03 13:34:16.147 21977 22580 W Notification: See the documentation of setSound() for what to use instead with android.media.AudioAttributes to qualify your playback use case
11-03 13:34:16.149 21977 22580 D MESSAGE_SERVICE: ACTION_COMPRESS_AND_UPLOAD
11-03 13:34:16.672 21977 21977 D LOCATION_SERVICE: onDestroy
11-03 13:34:16.888 21977 22580 D FILE_MANAGER: Serializing delivery /data/user/0/cz.gienger.mobile/files/finished/130AT1191005503/130AT1191005503.xml
11-03 13:34:16.888 21977 22580 D FILE_MANAGER: Null files:
11-03 13:34:16.969 21977 22580 D MYINTERCEPTOR: /GiengerService.svc/sendorder
11-03 13:34:16.969 21977 22580 D OkHttp : --> POST https://testsaig1.gienger.cz/GiengerService.svc/sendorder http/1.1
11-03 13:34:16.969 21977 22580 D OkHttp : Content-Type: text/raw
11-03 13:34:16.969 21977 22580 D OkHttp : Content-Length: 233684
11-03 13:34:16.969 21977 22580 D OkHttp : filename: 130AT1191005503.xml
11-03 13:34:16.969 21977 22580 D OkHttp : Checksum: ae59521af1f75f0eea797a9d5d1bb0f5
11-03 13:34:16.969 21977 22580 D OkHttp : token: ebf5e947a33f935737ded7c3c0a860b0
11-03 13:34:16.969 21977 22580 D OkHttp : --> END POST
11-03 13:34:17.798 21977 22580 D OkHttp : <-- 200 OK https://testsaig1.gienger.cz/GiengerService.svc/sendorder (828ms)
11-03 13:34:17.798 21977 22580 D OkHttp : Date: Tue, 03 Nov 2020 12:34:18 GMT
11-03 13:34:17.798 21977 22580 D OkHttp : Server: Apache
11-03 13:34:17.798 21977 22580 D OkHttp : Content-Type: application/xml; charset=utf-8
11-03 13:34:17.798 21977 22580 D OkHttp : X-Powered-By: ASP.NET
11-03 13:34:17.798 21977 22580 D OkHttp : Vary: Accept-Encoding
11-03 13:34:17.798 21977 22580 D OkHttp : Keep-Alive: timeout=15, max=100
11-03 13:34:17.799 21977 22580 D OkHttp : Connection: Keep-Alive
11-03 13:34:17.799 21977 22580 D OkHttp : <-- END HTTP
11-03 13:34:17.801 21977 22580 D sendOrder_SUCCESS: 200
11-03 13:34:17.806 21977 22580 W Notification: Use of stream types is deprecated for operations other than volume control
11-03 13:34:17.806 21977 22580 W Notification: See the documentation of setSound() for what to use instead with android.media.AudioAttributes to qualify your playback use case
11-03 13:34:19.407 21977 21977 D item_click: viewId = 2131820756, position = 6
11-03 13:34:19.423 21977 21977 I Timeline: Timeline: Activity_launch_request time:136198743
11-03 13:34:19.458 21977 21977 W ActivityThread: handleWindowVisibility: no activity for token android.os.BinderProxy@e751197
11-03 13:34:19.529 21977 21977 D LOCATION_SERVICE: LocationListener gps
11-03 13:34:19.529 21977 21977 D LOCATION_SERVICE: LocationListener network
11-03 13:34:19.530 21977 21977 D LOCATION_SERVICE: onCreate
11-03 13:34:19.530 21977 21977 D LOCATION_SERVICE: initializeLocationManager
11-03 13:34:19.537 21977 21977 D LOCATION_SERVICE: onStartCommand
11-03 13:34:19.576 21977 21977 D LOCATION_SERVICE: onProviderDisabled: gps
11-03 13:34:19.711 21977 22308 D FILE_MANAGER: Copying file /data/user/0/cz.gienger.mobile/files/delivery/130AT1190319276/130AT1190319276.pdf to /storage/emulated/0/130AT1190319276.pdf
11-03 13:34:20.253 21977 22308 D FILE_MANAGER: copy ok
11-03 13:34:22.795 21977 21977 I AssistStructure: Flattened final assist data: 9276 bytes, containing 1 windows, 31 views
11-03 13:34:23.860 21977 21977 I AssistStructure: Flattened final assist data: 9324 bytes, containing 1 windows, 31 views
11-03 13:34:24.465 21977 21977 I AssistStructure: Flattened final assist data: 9332 bytes, containing 1 windows, 31 views
11-03 13:34:27.836 21977 21977 D SIGN_URI: file:///storage/emulated/0/130AT1190319276.pdf
11-03 13:34:27.837 21977 21977 I Timeline: Timeline: Activity_launch_request time:136207157
11-03 13:34:29.684 21977 21977 D LOCATION_SERVICE: onLocationChanged: Location[network 49,177172,16,550829 hAcc=24 et=+4d19h16m32s50ms alt=362.3999938964844 vAcc=2 sAcc=??? bAcc=??? {Bundle[mParcelledData.dataSize=400]}]
11-03 13:34:34.409 21977 21977 W ActivityThread: handleWindowVisibility: no activity for token android.os.BinderProxy@8d8ef96
11-03 13:34:35.594 21977 21977 D SIGNOSIGN_SIGNED: signed
11-03 13:34:35.607 21977 22629 W Notification: Use of stream types is deprecated for operations other than volume control
11-03 13:34:35.607 21977 22629 W Notification: See the documentation of setSound() for what to use instead with android.media.AudioAttributes to qualify your playback use case
11-03 13:34:35.618 21977 22629 D MESSAGE_SERVICE: ACTION_COMPRESS_AND_UPLOAD
11-03 13:34:36.113 21977 21977 D LOCATION_SERVICE: onDestroy
11-03 13:34:36.361 21977 22629 D FILE_MANAGER: Serializing delivery /data/user/0/cz.gienger.mobile/files/finished/130AT1190319276/130AT1190319276.xml
11-03 13:34:36.362 21977 22629 D FILE_MANAGER: Null files:
11-03 13:34:36.440 21977 22629 D MYINTERCEPTOR: /GiengerService.svc/sendorder
11-03 13:34:36.440 21977 22629 D OkHttp : --> POST https://testsaig1.gienger.cz/GiengerService.svc/sendorder http/1.1
11-03 13:34:36.440 21977 22629 D OkHttp : Content-Type: text/raw
11-03 13:34:36.440 21977 22629 D OkHttp : Content-Length: 236061
11-03 13:34:36.440 21977 22629 D OkHttp : filename: 130AT1190319276.xml
11-03 13:34:36.440 21977 22629 D OkHttp : Checksum: 051e9438e2bc7e3efc7272a003df791f
11-03 13:34:36.440 21977 22629 D OkHttp : token: ebf5e947a33f935737ded7c3c0a860b0
11-03 13:34:36.440 21977 22629 D OkHttp : --> END POST
11-03 13:34:38.212 21977 22629 D OkHttp : <-- 200 OK https://testsaig1.gienger.cz/GiengerService.svc/sendorder (1771ms)
11-03 13:34:38.212 21977 22629 D OkHttp : Date: Tue, 03 Nov 2020 12:34:38 GMT
11-03 13:34:38.212 21977 22629 D OkHttp : Server: Apache
11-03 13:34:38.212 21977 22629 D OkHttp : Content-Type: application/xml; charset=utf-8
11-03 13:34:38.212 21977 22629 D OkHttp : X-Powered-By: ASP.NET
11-03 13:34:38.212 21977 22629 D OkHttp : Vary: Accept-Encoding
11-03 13:34:38.212 21977 22629 D OkHttp : Keep-Alive: timeout=15, max=100
11-03 13:34:38.212 21977 22629 D OkHttp : Connection: Keep-Alive
11-03 13:34:38.212 21977 22629 D OkHttp : <-- END HTTP
11-03 13:34:38.216 21977 22629 D sendOrder_SUCCESS: 200
11-03 13:34:38.227 21977 22629 W Notification: Use of stream types is deprecated for operations other than volume control
11-03 13:34:38.227 21977 22629 W Notification: See the documentation of setSound() for what to use instead with android.media.AudioAttributes to qualify your playback use case
11-03 13:34:42.300 21977 21977 D item_click: viewId = 2131820756, position = 10
11-03 13:34:42.323 21977 21977 I Timeline: Timeline: Activity_launch_request time:136221642
11-03 13:34:42.357 21977 21977 W ActivityThread: handleWindowVisibility: no activity for token android.os.BinderProxy@4570e3
11-03 13:34:42.395 21977 21977 D LOCATION_SERVICE: LocationListener gps
11-03 13:34:42.395 21977 21977 D LOCATION_SERVICE: LocationListener network
11-03 13:34:42.396 21977 21977 D LOCATION_SERVICE: onCreate
11-03 13:34:42.396 21977 21977 D LOCATION_SERVICE: initializeLocationManager
11-03 13:34:42.433 21977 21977 D LOCATION_SERVICE: onStartCommand
11-03 13:34:42.437 21977 21977 D LOCATION_SERVICE: onProviderDisabled: gps
11-03 13:34:42.610 21977 22313 D FILE_MANAGER: Copying file /data/user/0/cz.gienger.mobile/files/delivery/130AT1190319635/130AT1190319635.pdf to /storage/emulated/0/130AT1190319635.pdf
11-03 13:34:43.153 21977 22313 D FILE_MANAGER: copy ok
11-03 13:34:43.710 21977 21977 D LOCATION_SERVICE: onLocationChanged: Location[network 49,177193,16,550786 hAcc=19 et=+4d19h16m44s922ms alt=361.8999938964844 vAcc=20 sAcc=??? bAcc=??? {Bundle[mParcelledData.dataSize=400]}]
11-03 13:34:46.082 21977 21977 D SIGN_URI: file:///storage/emulated/0/130AT1190319635.pdf
11-03 13:34:46.082 21977 21977 I Timeline: Timeline: Activity_launch_request time:136225402
11-03 13:34:54.953 21977 21977 W ActivityThread: handleWindowVisibility: no activity for token android.os.BinderProxy@7da15a3
11-03 13:34:56.148 21977 21977 D SIGNOSIGN_SIGNED: signed
11-03 13:34:56.157 21977 22681 W Notification: Use of stream types is deprecated for operations other than volume control
11-03 13:34:56.157 21977 22681 W Notification: See the documentation of setSound() for what to use instead with android.media.AudioAttributes to qualify your playback use case
11-03 13:34:56.160 21977 22681 D MESSAGE_SERVICE: ACTION_COMPRESS_AND_UPLOAD
11-03 13:34:56.663 21977 21977 D LOCATION_SERVICE: onDestroy
11-03 13:34:56.901 21977 22681 D FILE_MANAGER: Serializing delivery /data/user/0/cz.gienger.mobile/files/finished/130AT1190319635/130AT1190319635.xml
11-03 13:34:56.901 21977 22681 D FILE_MANAGER: Null files:
11-03 13:34:56.977 21977 22681 D MYINTERCEPTOR: /GiengerService.svc/sendorder
11-03 13:34:56.977 21977 22681 D OkHttp : --> POST https://testsaig1.gienger.cz/GiengerService.svc/sendorder http/1.1
11-03 13:34:56.977 21977 22681 D OkHttp : Content-Type: text/raw
11-03 13:34:56.977 21977 22681 D OkHttp : Content-Length: 238590
11-03 13:34:56.977 21977 22681 D OkHttp : filename: 130AT1190319635.xml
11-03 13:34:56.977 21977 22681 D OkHttp : Checksum: da5404a73cef0e4cacfe7c773f8153a5
11-03 13:34:56.977 21977 22681 D OkHttp : token: ebf5e947a33f935737ded7c3c0a860b0
11-03 13:34:56.977 21977 22681 D OkHttp : --> END POST
11-03 13:34:59.047 21977 22681 D OkHttp : <-- 200 OK https://testsaig1.gienger.cz/GiengerService.svc/sendorder (2069ms)
11-03 13:34:59.047 21977 22681 D OkHttp : Date: Tue, 03 Nov 2020 12:34:59 GMT
11-03 13:34:59.047 21977 22681 D OkHttp : Server: Apache
11-03 13:34:59.047 21977 22681 D OkHttp : Content-Type: application/xml; charset=utf-8
11-03 13:34:59.047 21977 22681 D OkHttp : X-Powered-By: ASP.NET
11-03 13:34:59.047 21977 22681 D OkHttp : Vary: Accept-Encoding
11-03 13:34:59.047 21977 22681 D OkHttp : Keep-Alive: timeout=15, max=100
11-03 13:34:59.047 21977 22681 D OkHttp : Connection: Keep-Alive
11-03 13:34:59.047 21977 22681 D OkHttp : <-- END HTTP
11-03 13:34:59.052 21977 22681 D sendOrder_SUCCESS: 200
11-03 13:34:59.066 21977 22681 W Notification: Use of stream types is deprecated for operations other than volume control
11-03 13:34:59.066 21977 22681 W Notification: See the documentation of setSound() for what to use instead with android.media.AudioAttributes to qualify your playback use case
11-03 13:35:00.940 21977 21977 D item_click: viewId = 2131820756, position = 11
11-03 13:35:00.961 21977 21977 I Timeline: Timeline: Activity_launch_request time:136240281
11-03 13:35:00.995 21977 21977 W ActivityThread: handleWindowVisibility: no activity for token android.os.BinderProxy@14f09
11-03 13:35:01.063 21977 21977 D LOCATION_SERVICE: LocationListener gps
11-03 13:35:01.063 21977 21977 D LOCATION_SERVICE: LocationListener network
11-03 13:35:01.063 21977 21977 D LOCATION_SERVICE: onCreate
11-03 13:35:01.064 21977 21977 D LOCATION_SERVICE: initializeLocationManager
11-03 13:35:01.070 21977 21977 D LOCATION_SERVICE: onStartCommand
11-03 13:35:01.108 21977 21977 D LOCATION_SERVICE: onProviderDisabled: gps
11-03 13:35:01.250 21977 22696 D FILE_MANAGER: Copying file /data/user/0/cz.gienger.mobile/files/delivery/130AT1190319636/130AT1190319636.pdf to /storage/emulated/0/130AT1190319636.pdf
11-03 13:35:01.762 21977 22696 D FILE_MANAGER: copy ok
11-03 13:35:05.094 21977 21977 D SIGN_URI: file:///storage/emulated/0/130AT1190319636.pdf
11-03 13:35:05.095 21977 21977 I Timeline: Timeline: Activity_launch_request time:136244415
11-03 13:35:11.495 21977 21977 W ActivityThread: handleWindowVisibility: no activity for token android.os.BinderProxy@5c180ce
11-03 13:35:12.719 21977 21977 D SIGNOSIGN_SIGNED: signed
11-03 13:35:12.731 21977 22724 W Notification: Use of stream types is deprecated for operations other than volume control
11-03 13:35:12.731 21977 22724 W Notification: See the documentation of setSound() for what to use instead with android.media.AudioAttributes to qualify your playback use case
11-03 13:35:12.733 21977 22724 D MESSAGE_SERVICE: ACTION_COMPRESS_AND_UPLOAD
11-03 13:35:12.895 21977 21977 D LOCATION_SERVICE: onLocationChanged: Location[network 49,177201,16,550772 hAcc=22 et=+4d19h17m14s102ms alt=345.1000061035156 vAcc=20 sAcc=??? bAcc=??? {Bundle[mParcelledData.dataSize=400]}]
11-03 13:35:13.295 21977 21977 D LOCATION_SERVICE: onDestroy
11-03 13:35:13.466 21977 22724 D FILE_MANAGER: Serializing delivery /data/user/0/cz.gienger.mobile/files/finished/130AT1190319636/130AT1190319636.xml
11-03 13:35:13.466 21977 22724 D FILE_MANAGER: Null files:
11-03 13:35:13.537 21977 22724 D MYINTERCEPTOR: /GiengerService.svc/sendorder
11-03 13:35:13.537 21977 22724 D OkHttp : --> POST https://testsaig1.gienger.cz/GiengerService.svc/sendorder http/1.1
11-03 13:35:13.537 21977 22724 D OkHttp : Content-Type: text/raw
11-03 13:35:13.537 21977 22724 D OkHttp : Content-Length: 235029
11-03 13:35:13.537 21977 22724 D OkHttp : filename: 130AT1190319636.xml
11-03 13:35:13.537 21977 22724 D OkHttp : Checksum: d9833fadb2ddf5b933b82547975f4f17
11-03 13:35:13.537 21977 22724 D OkHttp : token: ebf5e947a33f935737ded7c3c0a860b0
11-03 13:35:13.537 21977 22724 D OkHttp : --> END POST
11-03 13:35:15.426 21977 22724 D OkHttp : <-- 200 OK https://testsaig1.gienger.cz/GiengerService.svc/sendorder (1888ms)
11-03 13:35:15.426 21977 22724 D OkHttp : Date: Tue, 03 Nov 2020 12:35:15 GMT
11-03 13:35:15.426 21977 22724 D OkHttp : Server: Apache
11-03 13:35:15.426 21977 22724 D OkHttp : Content-Type: application/xml; charset=utf-8
11-03 13:35:15.426 21977 22724 D OkHttp : X-Powered-By: ASP.NET
11-03 13:35:15.427 21977 22724 D OkHttp : Vary: Accept-Encoding
11-03 13:35:15.427 21977 22724 D OkHttp : Keep-Alive: timeout=15, max=100
11-03 13:35:15.427 21977 22724 D OkHttp : Connection: Keep-Alive
11-03 13:35:15.427 21977 22724 D OkHttp : <-- END HTTP
11-03 13:35:15.434 21977 22724 D sendOrder_SUCCESS: 200
11-03 13:35:15.448 21977 22724 W Notification: Use of stream types is deprecated for operations other than volume control
11-03 13:35:15.448 21977 22724 W Notification: See the documentation of setSound() for what to use instead with android.media.AudioAttributes to qualify your playback use case
11-03 13:35:16.972 21977 21977 D item_click: viewId = 2131820756, position = 12
11-03 13:35:16.989 21977 21977 I Timeline: Timeline: Activity_launch_request time:136256309
11-03 13:35:17.045 21977 21977 W ActivityThread: handleWindowVisibility: no activity for token android.os.BinderProxy@ccf616c
11-03 13:35:17.148 21977 21977 D LOCATION_SERVICE: LocationListener gps
11-03 13:35:17.149 21977 21977 D LOCATION_SERVICE: LocationListener network
11-03 13:35:17.149 21977 21977 D LOCATION_SERVICE: onCreate
11-03 13:35:17.150 21977 21977 D LOCATION_SERVICE: initializeLocationManager
11-03 13:35:17.156 21977 21977 D LOCATION_SERVICE: onStartCommand
11-03 13:35:17.248 21977 21977 D LOCATION_SERVICE: onProviderDisabled: gps
11-03 13:35:17.300 21977 22741 D FILE_MANAGER: Copying file /data/user/0/cz.gienger.mobile/files/delivery/130IT1190206554/130IT1190206554.pdf to /storage/emulated/0/130IT1190206554.pdf
11-03 13:35:17.843 21977 22741 D FILE_MANAGER: copy ok
11-03 13:35:20.455 21977 21977 I AssistStructure: Flattened final assist data: 9276 bytes, containing 1 windows, 31 views
11-03 13:35:21.461 21977 21977 I AssistStructure: Flattened final assist data: 9324 bytes, containing 1 windows, 31 views
11-03 13:35:22.086 21977 21977 I AssistStructure: Flattened final assist data: 9332 bytes, containing 1 windows, 31 views
11-03 13:35:25.101 21977 21977 D SIGN_URI: file:///storage/emulated/0/130IT1190206554.pdf
11-03 13:35:25.102 21977 21977 I Timeline: Timeline: Activity_launch_request time:136264422
11-03 13:35:26.840 21977 21977 D LOCATION_SERVICE: onLocationChanged: Location[network 49,177180,16,550803 hAcc=26 et=+4d19h17m27s709ms alt=362.3999938964844 vAcc=19 sAcc=??? bAcc=??? {Bundle[mParcelledData.dataSize=400]}]
11-03 13:35:31.557 21977 21977 W ActivityThread: handleWindowVisibility: no activity for token android.os.BinderProxy@ac6b4ee
11-03 13:35:32.791 21977 21977 D SIGNOSIGN_SIGNED: signed
11-03 13:35:32.808 21977 22769 W Notification: Use of stream types is deprecated for operations other than volume control
11-03 13:35:32.808 21977 22769 W Notification: See the documentation of setSound() for what to use instead with android.media.AudioAttributes to qualify your playback use case
11-03 13:35:32.811 21977 22769 D MESSAGE_SERVICE: ACTION_COMPRESS_AND_UPLOAD
11-03 13:35:33.323 21977 21977 D LOCATION_SERVICE: onDestroy
11-03 13:35:33.546 21977 22769 D FILE_MANAGER: Serializing delivery /data/user/0/cz.gienger.mobile/files/finished/130IT1190206554/130IT1190206554.xml
11-03 13:35:33.546 21977 22769 D FILE_MANAGER: Null files:
11-03 13:35:33.631 21977 22769 D MYINTERCEPTOR: /GiengerService.svc/sendorder
11-03 13:35:33.632 21977 22769 D OkHttp : --> POST https://testsaig1.gienger.cz/GiengerService.svc/sendorder http/1.1
11-03 13:35:33.632 21977 22769 D OkHttp : Content-Type: text/raw
11-03 13:35:33.632 21977 22769 D OkHttp : Content-Length: 269453
11-03 13:35:33.632 21977 22769 D OkHttp : filename: 130IT1190206554.xml
11-03 13:35:33.632 21977 22769 D OkHttp : Checksum: 757e46088e68ad1b7bebcd3edc6dd8b1
11-03 13:35:33.632 21977 22769 D OkHttp : token: ebf5e947a33f935737ded7c3c0a860b0
11-03 13:35:33.632 21977 22769 D OkHttp : --> END POST
11-03 13:35:35.423 21977 22769 D OkHttp : <-- 200 OK https://testsaig1.gienger.cz/GiengerService.svc/sendorder (1790ms)
11-03 13:35:35.423 21977 22769 D OkHttp : Date: Tue, 03 Nov 2020 12:35:35 GMT
11-03 13:35:35.423 21977 22769 D OkHttp : Server: Apache
11-03 13:35:35.423 21977 22769 D OkHttp : Content-Type: application/xml; charset=utf-8
11-03 13:35:35.423 21977 22769 D OkHttp : X-Powered-By: ASP.NET
11-03 13:35:35.423 21977 22769 D OkHttp : Vary: Accept-Encoding
11-03 13:35:35.423 21977 22769 D OkHttp : Keep-Alive: timeout=15, max=100
11-03 13:35:35.423 21977 22769 D OkHttp : Connection: Keep-Alive
11-03 13:35:35.423 21977 22769 D OkHttp : <-- END HTTP
11-03 13:35:35.426 21977 22769 D sendOrder_SUCCESS: 200
11-03 13:35:35.431 21977 22769 W Notification: Use of stream types is deprecated for operations other than volume control
11-03 13:35:35.431 21977 22769 W Notification: See the documentation of setSound() for what to use instead with android.media.AudioAttributes to qualify your playback use case
11-03 13:35:37.998 21977 21977 D item_click: viewId = 2131820756, position = 13
11-03 13:35:38.015 21977 21977 I Timeline: Timeline: Activity_launch_request time:136277335
11-03 13:35:38.051 21977 21977 W ActivityThread: handleWindowVisibility: no activity for token android.os.BinderProxy@1030446
11-03 13:35:38.119 21977 21977 D LOCATION_SERVICE: LocationListener gps
11-03 13:35:38.119 21977 21977 D LOCATION_SERVICE: LocationListener network
11-03 13:35:38.120 21977 21977 D LOCATION_SERVICE: onCreate
11-03 13:35:38.120 21977 21977 D LOCATION_SERVICE: initializeLocationManager
11-03 13:35:38.127 21977 21977 D LOCATION_SERVICE: onStartCommand
11-03 13:35:38.166 21977 21977 D LOCATION_SERVICE: onProviderDisabled: gps
11-03 13:35:38.306 21977 22696 D FILE_MANAGER: Copying file /data/user/0/cz.gienger.mobile/files/delivery/130IT1190206555/130IT1190206555.pdf to /storage/emulated/0/130IT1190206555.pdf
11-03 13:35:38.848 21977 22696 D FILE_MANAGER: copy ok
11-03 13:35:39.908 21977 21977 D LOCATION_SERVICE: onLocationChanged: Location[network 49,177177,16,550813 hAcc=25 et=+4d19h17m41s590ms alt=361.8999938964844 vAcc=17 sAcc=??? bAcc=??? {Bundle[mParcelledData.dataSize=400]}]
11-03 13:35:41.254 21977 21977 D SIGN_URI: file:///storage/emulated/0/130IT1190206555.pdf
11-03 13:35:41.255 21977 21977 I Timeline: Timeline: Activity_launch_request time:136280575
11-03 13:35:47.879 21977 21977 W ActivityThread: handleWindowVisibility: no activity for token android.os.BinderProxy@912b063
11-03 13:35:49.142 21977 21977 D SIGNOSIGN_SIGNED: signed
11-03 13:35:49.150 21977 22813 W Notification: Use of stream types is deprecated for operations other than volume control
11-03 13:35:49.150 21977 22813 W Notification: See the documentation of setSound() for what to use instead with android.media.AudioAttributes to qualify your playback use case
11-03 13:35:49.152 21977 22813 D MESSAGE_SERVICE: ACTION_COMPRESS_AND_UPLOAD
11-03 13:35:49.696 21977 21977 D LOCATION_SERVICE: onDestroy
11-03 13:35:49.887 21977 22813 D FILE_MANAGER: Serializing delivery /data/user/0/cz.gienger.mobile/files/finished/130IT1190206555/130IT1190206555.xml
11-03 13:35:49.888 21977 22813 D FILE_MANAGER: Null files:
11-03 13:35:49.980 21977 22813 D MYINTERCEPTOR: /GiengerService.svc/sendorder
11-03 13:35:49.981 21977 22813 D OkHttp : --> POST https://testsaig1.gienger.cz/GiengerService.svc/sendorder http/1.1
11-03 13:35:49.981 21977 22813 D OkHttp : Content-Type: text/raw
11-03 13:35:49.981 21977 22813 D OkHttp : Content-Length: 247434
11-03 13:35:49.981 21977 22813 D OkHttp : filename: 130IT1190206555.xml
11-03 13:35:49.981 21977 22813 D OkHttp : Checksum: b74d429fc26fffc19ea58c6a0398fa03
11-03 13:35:49.981 21977 22813 D OkHttp : token: ebf5e947a33f935737ded7c3c0a860b0
11-03 13:35:49.981 21977 22813 D OkHttp : --> END POST
11-03 13:35:52.634 21977 22813 D OkHttp : <-- 200 OK https://testsaig1.gienger.cz/GiengerService.svc/sendorder (2653ms)
11-03 13:35:52.634 21977 22813 D OkHttp : Date: Tue, 03 Nov 2020 12:35:52 GMT
11-03 13:35:52.635 21977 22813 D OkHttp : Server: Apache
11-03 13:35:52.635 21977 22813 D OkHttp : Content-Type: application/xml; charset=utf-8
11-03 13:35:52.635 21977 22813 D OkHttp : X-Powered-By: ASP.NET
11-03 13:35:52.635 21977 22813 D OkHttp : Vary: Accept-Encoding
11-03 13:35:52.635 21977 22813 D OkHttp : Keep-Alive: timeout=15, max=100
11-03 13:35:52.635 21977 22813 D OkHttp : Connection: Keep-Alive
11-03 13:35:52.635 21977 22813 D OkHttp : <-- END HTTP
11-03 13:35:52.642 21977 22813 D sendOrder_SUCCESS: 200
11-03 13:35:52.658 21977 22813 W Notification: Use of stream types is deprecated for operations other than volume control
11-03 13:35:52.658 21977 22813 W Notification: See the documentation of setSound() for what to use instead with android.media.AudioAttributes to qualify your playback use case
11-03 13:35:54.868 21977 21977 D item_click: viewId = 2131820756, position = 14
11-03 13:35:54.879 21977 21977 I Timeline: Timeline: Activity_launch_request time:136294199
11-03 13:35:54.918 21977 21977 W ActivityThread: handleWindowVisibility: no activity for token android.os.BinderProxy@7b729e1
11-03 13:35:54.990 21977 21977 D LOCATION_SERVICE: LocationListener gps
11-03 13:35:54.991 21977 21977 D LOCATION_SERVICE: LocationListener network
11-03 13:35:54.991 21977 21977 D LOCATION_SERVICE: onCreate
11-03 13:35:54.991 21977 21977 D LOCATION_SERVICE: initializeLocationManager
11-03 13:35:54.997 21977 21977 D LOCATION_SERVICE: onStartCommand
11-03 13:35:55.030 21977 21977 D LOCATION_SERVICE: onProviderDisabled: gps
11-03 13:35:55.162 21977 22313 D FILE_MANAGER: Copying file /data/user/0/cz.gienger.mobile/files/delivery/130AT1190319558/130AT1190319558.pdf to /storage/emulated/0/130AT1190319558.pdf
11-03 13:35:55.705 21977 22313 D FILE_MANAGER: copy ok
11-03 13:35:57.990 21977 21977 I AssistStructure: Flattened final assist data: 9276 bytes, containing 1 windows, 31 views
11-03 13:35:58.971 21977 21977 I AssistStructure: Flattened final assist data: 9324 bytes, containing 1 windows, 31 views
11-03 13:35:59.591 21977 21977 I AssistStructure: Flattened final assist data: 9332 bytes, containing 1 windows, 31 views
11-03 13:36:02.552 21977 21977 D SIGN_URI: file:///storage/emulated/0/130AT1190319558.pdf
11-03 13:36:02.552 21977 21977 I Timeline: Timeline: Activity_launch_request time:136301872
11-03 13:36:04.381 21977 21977 D LOCATION_SERVICE: onLocationChanged: Location[network 49,177213,16,550775 hAcc=21 et=+4d19h18m5s908ms alt=361.8999938964844 vAcc=20 sAcc=??? bAcc=??? {Bundle[mParcelledData.dataSize=400]}]
11-03 13:36:13.145 21977 21977 W ActivityThread: handleWindowVisibility: no activity for token android.os.BinderProxy@91a845b
11-03 13:36:14.336 21977 21977 D SIGNOSIGN_SIGNED: signed
11-03 13:36:14.349 21977 22865 W Notification: Use of stream types is deprecated for operations other than volume control
11-03 13:36:14.349 21977 22865 W Notification: See the documentation of setSound() for what to use instead with android.media.AudioAttributes to qualify your playback use case
11-03 13:36:14.352 21977 22865 D MESSAGE_SERVICE: ACTION_COMPRESS_AND_UPLOAD
11-03 13:36:14.904 21977 21977 D LOCATION_SERVICE: onDestroy
11-03 13:36:15.087 21977 22865 D FILE_MANAGER: Serializing delivery /data/user/0/cz.gienger.mobile/files/finished/130AT1190319558/130AT1190319558.xml
11-03 13:36:15.087 21977 22865 D FILE_MANAGER: Null files:
11-03 13:36:15.176 21977 22865 D MYINTERCEPTOR: /GiengerService.svc/sendorder
11-03 13:36:15.176 21977 22865 D OkHttp : --> POST https://testsaig1.gienger.cz/GiengerService.svc/sendorder http/1.1
11-03 13:36:15.176 21977 22865 D OkHttp : Content-Type: text/raw
11-03 13:36:15.176 21977 22865 D OkHttp : Content-Length: 279031
11-03 13:36:15.176 21977 22865 D OkHttp : filename: 130AT1190319558.xml
11-03 13:36:15.176 21977 22865 D OkHttp : Checksum: 97e3d94de1aeba04ed1c9e62d11062f4
11-03 13:36:15.176 21977 22865 D OkHttp : token: ebf5e947a33f935737ded7c3c0a860b0
11-03 13:36:15.176 21977 22865 D OkHttp : --> END POST
11-03 13:36:17.289 21977 22865 D OkHttp : <-- 200 OK https://testsaig1.gienger.cz/GiengerService.svc/sendorder (2112ms)
11-03 13:36:17.289 21977 22865 D OkHttp : Date: Tue, 03 Nov 2020 12:36:17 GMT
11-03 13:36:17.289 21977 22865 D OkHttp : Server: Apache
11-03 13:36:17.289 21977 22865 D OkHttp : Content-Type: application/xml; charset=utf-8
11-03 13:36:17.289 21977 22865 D OkHttp : X-Powered-By: ASP.NET
11-03 13:36:17.289 21977 22865 D OkHttp : Vary: Accept-Encoding
11-03 13:36:17.289 21977 22865 D OkHttp : Keep-Alive: timeout=15, max=100
11-03 13:36:17.289 21977 22865 D OkHttp : Connection: Keep-Alive
11-03 13:36:17.289 21977 22865 D OkHttp : <-- END HTTP
11-03 13:36:17.299 21977 22865 D sendOrder_SUCCESS: 200
11-03 13:36:17.304 21977 22865 W Notification: Use of stream types is deprecated for operations other than volume control
11-03 13:36:17.304 21977 22865 W Notification: See the documentation of setSound() for what to use instead with android.media.AudioAttributes to qualify your playback use case
11-03 13:36:19.591 21977 21977 D item_click: viewId = 2131820756, position = 15
11-03 13:36:19.610 21977 21977 I Timeline: Timeline: Activity_launch_request time:136318930
11-03 13:36:19.649 21977 21977 W ActivityThread: handleWindowVisibility: no activity for token android.os.BinderProxy@1b4823f
11-03 13:36:19.715 21977 21977 D LOCATION_SERVICE: LocationListener gps
11-03 13:36:19.715 21977 21977 D LOCATION_SERVICE: LocationListener network
11-03 13:36:19.716 21977 21977 D LOCATION_SERVICE: onCreate
11-03 13:36:19.716 21977 21977 D LOCATION_SERVICE: initializeLocationManager
11-03 13:36:19.723 21977 21977 D LOCATION_SERVICE: onStartCommand
11-03 13:36:19.754 21977 21977 D LOCATION_SERVICE: onProviderDisabled: gps
11-03 13:36:19.897 21977 22696 D FILE_MANAGER: Copying file /data/user/0/cz.gienger.mobile/files/delivery/130AT1190319641/130AT1190319641.pdf to /storage/emulated/0/130AT1190319641.pdf
11-03 13:36:20.441 21977 22696 D FILE_MANAGER: copy ok
11-03 13:36:22.960 21977 21977 I AssistStructure: Flattened final assist data: 9276 bytes, containing 1 windows, 31 views
11-03 13:36:23.950 21977 21977 I AssistStructure: Flattened final assist data: 9324 bytes, containing 1 windows, 31 views
11-03 13:36:24.525 21977 21977 I AssistStructure: Flattened final assist data: 9332 bytes, containing 1 windows, 31 views
11-03 13:36:27.363 21977 21977 D SIGN_URI: file:///storage/emulated/0/130AT1190319641.pdf
11-03 13:36:27.363 21977 21977 I Timeline: Timeline: Activity_launch_request time:136326683
11-03 13:36:29.220 21977 21977 D LOCATION_SERVICE: onLocationChanged: Location[network 49,177191,16,550783 hAcc=20 et=+4d19h18m29s984ms alt=361.8999938964844 vAcc=19 sAcc=??? bAcc=??? {Bundle[mParcelledData.dataSize=400]}]
11-03 13:36:36.742 21977 21977 W ActivityThread: handleWindowVisibility: no activity for token android.os.BinderProxy@5626624
11-03 13:36:38.006 21977 21977 D SIGNOSIGN_SIGNED: signed
11-03 13:36:38.019 21977 22929 W Notification: Use of stream types is deprecated for operations other than volume control
11-03 13:36:38.019 21977 22929 W Notification: See the documentation of setSound() for what to use instead with android.media.AudioAttributes to qualify your playback use case
11-03 13:36:38.022 21977 22929 D MESSAGE_SERVICE: ACTION_COMPRESS_AND_UPLOAD
11-03 13:36:38.611 21977 21977 D LOCATION_SERVICE: onDestroy
11-03 13:36:38.742 21977 22929 D FILE_MANAGER: Serializing delivery /data/user/0/cz.gienger.mobile/files/finished/130AT1190319641/130AT1190319641.xml
11-03 13:36:38.742 21977 22929 D FILE_MANAGER: Null files:
11-03 13:36:38.806 21977 22929 D MYINTERCEPTOR: /GiengerService.svc/sendorder
11-03 13:36:38.806 21977 22929 D OkHttp : --> POST https://testsaig1.gienger.cz/GiengerService.svc/sendorder http/1.1
11-03 13:36:38.806 21977 22929 D OkHttp : Content-Type: text/raw
11-03 13:36:38.806 21977 22929 D OkHttp : Content-Length: 244709
11-03 13:36:38.806 21977 22929 D OkHttp : filename: 130AT1190319641.xml
11-03 13:36:38.806 21977 22929 D OkHttp : Checksum: debb08d07570d6c4a9a74045e5b5d5ae
11-03 13:36:38.806 21977 22929 D OkHttp : token: ebf5e947a33f935737ded7c3c0a860b0
11-03 13:36:38.806 21977 22929 D OkHttp : --> END POST
11-03 13:36:40.375 21977 22929 D OkHttp : <-- 200 OK https://testsaig1.gienger.cz/GiengerService.svc/sendorder (1568ms)
11-03 13:36:40.375 21977 22929 D OkHttp : Date: Tue, 03 Nov 2020 12:36:40 GMT
11-03 13:36:40.375 21977 22929 D OkHttp : Server: Apache
11-03 13:36:40.375 21977 22929 D OkHttp : Content-Type: application/xml; charset=utf-8
11-03 13:36:40.375 21977 22929 D OkHttp : X-Powered-By: ASP.NET
11-03 13:36:40.375 21977 22929 D OkHttp : Vary: Accept-Encoding
11-03 13:36:40.375 21977 22929 D OkHttp : Keep-Alive: timeout=15, max=100
11-03 13:36:40.375 21977 22929 D OkHttp : Connection: Keep-Alive
11-03 13:36:40.375 21977 22929 D OkHttp : <-- END HTTP
11-03 13:36:40.377 21977 22929 D sendOrder_SUCCESS: 200
11-03 13:36:40.382 21977 22929 W Notification: Use of stream types is deprecated for operations other than volume control
11-03 13:36:40.382 21977 22929 W Notification: See the documentation of setSound() for what to use instead with android.media.AudioAttributes to qualify your playback use case
11-03 13:36:42.599 21977 21977 I Timeline: Timeline: Activity_launch_request time:136341919
11-03 13:36:42.637 21977 21977 W ActivityThread: handleWindowVisibility: no activity for token android.os.BinderProxy@f8ef606