11-03 13:29:50.395 21113 21113 E AndroidRuntime: at com.android.internal.os.RuntimeInit$MethodAndArgsCaller.run(RuntimeInit.java:547)
11-03 13:29:50.395 21113 21113 E AndroidRuntime: at com.android.internal.os.ZygoteInit.main(ZygoteInit.java:873)
11-03 13:29:50.400 21113 21113 E GIENGER_APPLICATION: Uncaught exception is:
11-03 13:29:50.400 21113 21113 E GIENGER_APPLICATION: java.lang.IllegalArgumentException: View=DecorView@c86733c[DeliverActivity] not attached to window manager
11-03 13:29:50.400 21113 21113 E GIENGER_APPLICATION: at android.view.WindowManagerGlobal.findViewLocked(WindowManagerGlobal.java:529)
11-03 13:29:50.400 21113 21113 E GIENGER_APPLICATION: at android.view.WindowManagerGlobal.removeView(WindowManagerGlobal.java:438)
11-03 13:29:50.400 21113 21113 E GIENGER_APPLICATION: at android.view.WindowManagerImpl.removeViewImmediate(WindowManagerImpl.java:126)
11-03 13:29:50.400 21113 21113 E GIENGER_APPLICATION: at android.app.Dialog.dismissDialog(Dialog.java:375)
11-03 13:29:50.400 21113 21113 E GIENGER_APPLICATION: at android.app.Dialog.dismiss(Dialog.java:358)
11-03 13:29:50.400 21113 21113 E GIENGER_APPLICATION: at cz.gienger.mobile.activity.DeliverActivity$7.onSuccess(DeliverActivity.java:377)
11-03 13:29:50.400 21113 21113 E GIENGER_APPLICATION: at cz.gienger.mobile.utils.PdfCorrectionGenerator.onPostExecute(PdfCorrectionGenerator.java:407)
11-03 13:29:50.400 21113 21113 E GIENGER_APPLICATION: at cz.gienger.mobile.utils.PdfCorrectionGenerator.onPostExecute(PdfCorrectionGenerator.java:40)
11-03 13:29:50.400 21113 21113 E GIENGER_APPLICATION: at android.os.AsyncTask.finish(AsyncTask.java:695)
11-03 13:29:50.400 21113 21113 E GIENGER_APPLICATION: at android.os.AsyncTask.access$600(AsyncTask.java:180)
11-03 13:29:50.400 21113 21113 E GIENGER_APPLICATION: at android.os.AsyncTask$InternalHandler.handleMessage(AsyncTask.java:712)
11-03 13:29:50.400 21113 21113 E GIENGER_APPLICATION: at android.os.Handler.dispatchMessage(Handler.java:106)
11-03 13:29:50.400 21113 21113 E GIENGER_APPLICATION: at android.os.Looper.loop(Looper.java:201)
11-03 13:29:50.400 21113 21113 E GIENGER_APPLICATION: at android.app.ActivityThread.main(ActivityThread.java:6864)
11-03 13:29:50.400 21113 21113 E GIENGER_APPLICATION: at java.lang.reflect.Method.invoke(Native Method)
11-03 13:29:50.400 21113 21113 E GIENGER_APPLICATION: at com.android.internal.os.RuntimeInit$MethodAndArgsCaller.run(RuntimeInit.java:547)
11-03 13:29:50.400 21113 21113 E GIENGER_APPLICATION: at com.android.internal.os.ZygoteInit.main(ZygoteInit.java:873)
11-03 13:29:50.419 21113 21113 I Process : Sending signal. PID: 21113 SIG: 9
11-03 13:29:50.629 21977 21977 E .gienger.mobil: Not starting debugger since process cannot load the jdwp agent.
11-03 13:29:50.695 21977 21977 I .gienger.mobil: The ClassLoaderContext is a special shared library.
11-03 13:29:50.707 21977 21977 I Perf : Connecting to perf service.
11-03 13:29:50.955 21977 21977 D NetworkSecurityConfig: No Network Security Config specified, using platform default
11-03 13:29:50.971 21977 21996 D MESSAGE_SERVICE: ACTION_RESEND_ORDERS
11-03 13:29:50.984 21977 21996 W Notification: Use of stream types is deprecated for operations other than volume control
11-03 13:29:50.985 21977 21996 W Notification: See the documentation of setSound() for what to use instead with android.media.AudioAttributes to qualify your playback use case
11-03 13:29:50.992 21977 21996 W Notification: Use of stream types is deprecated for operations other than volume control
11-03 13:29:50.992 21977 21996 W Notification: See the documentation of setSound() for what to use instead with android.media.AudioAttributes to qualify your playback use case
11-03 13:29:51.028 21977 21995 I Adreno : QUALCOMM build : 6c0fbe4, I4f6179b11f
11-03 13:29:51.028 21977 21995 I Adreno : Build Date : 03/05/20
11-03 13:29:51.028 21977 21995 I Adreno : OpenGL ES Shader Compiler Version: EV031.26.03.02
11-03 13:29:51.028 21977 21995 I Adreno : Local Branch :
11-03 13:29:51.028 21977 21995 I Adreno : Remote Branch : refs/tags/AU_LINUX_ANDROID_LA.UM.7.11.R1.09.00.00.542.027
11-03 13:29:51.028 21977 21995 I Adreno : Remote Branch : NONE
11-03 13:29:51.028 21977 21995 I Adreno : Reconstruct Branch : NOTHING
11-03 13:29:51.028 21977 21995 I Adreno : Build Config : S P 6.0.9 AArch64
11-03 13:29:51.024 21977 21977 W RenderThread: type=1400 audit(0.0:36400): avc: denied { search } for name="proc" dev="debugfs" ino=11169 scontext=u:r:untrusted_app_25:s0:c512,c768 tcontext=u:object_r:kgsl_debugfs:s0 tclass=dir permissive=0
11-03 13:29:51.031 21977 21995 I Adreno : PFP: 0x016ee183, ME: 0x00000000
11-03 13:29:51.040 21977 21995 I ConfigStore: android::hardware::configstore::V1_0::ISurfaceFlingerConfigs::hasWideColorDisplay retrieved: 0
11-03 13:29:51.043 21977 21995 I ConfigStore: android::hardware::configstore::V1_0::ISurfaceFlingerConfigs::hasHDRDisplay retrieved: 0
11-03 13:29:51.044 21977 21995 I OpenGLRenderer: Initialized EGL, version 1.4
11-03 13:29:51.044 21977 21995 D OpenGLRenderer: Swap behavior 2
11-03 13:29:54.858 21977 21977 D item_click: viewId = 2131820756, position = 0
11-03 13:29:54.875 21977 21977 I Timeline: Timeline: Activity_launch_request time:135934195
11-03 13:29:54.911 21977 21977 W ActivityThread: handleWindowVisibility: no activity for token android.os.BinderProxy@b970141
11-03 13:29:54.978 21977 21977 D LOCATION_SERVICE: LocationListener gps
11-03 13:29:54.979 21977 21977 D LOCATION_SERVICE: LocationListener network
11-03 13:29:54.980 21977 21977 D LOCATION_SERVICE: onCreate
11-03 13:29:54.980 21977 21977 D LOCATION_SERVICE: initializeLocationManager
11-03 13:29:54.985 21977 21977 D LOCATION_SERVICE: onStartCommand
11-03 13:29:55.015 21977 21977 D LOCATION_SERVICE: onProviderDisabled: gps
11-03 13:29:55.069 21977 21977 D LOCATION_SERVICE: onLocationChanged: Location[network 49,177230,16,550471 hAcc=37 et=+4d19h11m42s315ms alt=361.8999938964844 vAcc=19 sAcc=??? bAcc=??? {Bundle[mParcelledData.dataSize=400]}]
11-03 13:29:55.167 21977 22005 D FILE_MANAGER: Copying file /data/user/0/cz.gienger.mobile/files/delivery/130AT1190319592/130AT1190319592.pdf to /storage/emulated/0/130AT1190319592.pdf
11-03 13:29:55.709 21977 22005 D FILE_MANAGER: copy ok
11-03 13:29:56.931 21977 21977 I AssistStructure: Flattened final assist data: 5960 bytes, containing 1 windows, 20 views
11-03 13:29:58.721 21977 21992 I .gienger.mobil: ProcessProfilingInfo new_methods=794 is saved saved_to_disk=1 resolve_classes_delay=8000
11-03 13:29:59.430 21977 21977 I AssistStructure: Flattened final assist data: 9276 bytes, containing 1 windows, 31 views
11-03 13:30:00.709 21977 21977 I AssistStructure: Flattened final assist data: 9324 bytes, containing 1 windows, 31 views
11-03 13:30:01.429 21977 21977 I AssistStructure: Flattened final assist data: 9332 bytes, containing 1 windows, 31 views
11-03 13:30:04.188 21977 22011 W PdfBoxAndroid: Call PDFBoxResourceLoader.init() first to decrease resource load time
11-03 13:30:04.562 21977 21977 D SIGN_URI: file:///storage/emulated/0/130AT1190319592.pdf
11-03 13:30:04.562 21977 21977 I Timeline: Timeline: Activity_launch_request time:135943882
11-03 13:30:05.943 21977 21977 D LOCATION_SERVICE: onLocationChanged: Location[network 49,177220,16,550685 hAcc=27 et=+4d19h12m7s181ms alt=349.5 vAcc=17 sAcc=??? bAcc=??? {Bundle[mParcelledData.dataSize=400]}]
11-03 13:30:15.654 21977 21977 W ActivityThread: handleWindowVisibility: no activity for token android.os.BinderProxy@b6f0155
11-03 13:30:16.927 21977 21977 D SIGNOSIGN_SIGNED: signed
11-03 13:30:16.943 21977 22052 W Notification: Use of stream types is deprecated for operations other than volume control
11-03 13:30:16.943 21977 22052 W Notification: See the documentation of setSound() for what to use instead with android.media.AudioAttributes to qualify your playback use case
11-03 13:30:16.946 21977 22052 D MESSAGE_SERVICE: ACTION_COMPRESS_AND_UPLOAD
11-03 13:30:17.480 21977 21977 D LOCATION_SERVICE: onDestroy
11-03 13:30:17.691 21977 22052 D FILE_MANAGER: Serializing delivery /data/user/0/cz.gienger.mobile/files/finished/130AT1190319592/130AT1190319592.xml
11-03 13:30:17.691 21977 22052 D FILE_MANAGER: Null files:
11-03 13:30:17.838 21977 22052 D MYINTERCEPTOR: /GiengerService.svc/sendorder
11-03 13:30:17.839 21977 22052 D OkHttp : --> POST https://testsaig1.gienger.cz/GiengerService.svc/sendorder http/1.1
11-03 13:30:17.839 21977 22052 D OkHttp : Content-Type: text/raw
11-03 13:30:17.839 21977 22052 D OkHttp : Content-Length: 285409
11-03 13:30:17.839 21977 22052 D OkHttp : filename: 130AT1190319592.xml
11-03 13:30:17.839 21977 22052 D OkHttp : Checksum: 92e3b94a916c00ac67eaf11086dbb321
11-03 13:30:17.839 21977 22052 D OkHttp : token: ebf5e947a33f935737ded7c3c0a860b0
11-03 13:30:17.839 21977 22052 D OkHttp : --> END POST
11-03 13:30:18.845 21977 22052 D OkHttp : <-- 200 OK https://testsaig1.gienger.cz/GiengerService.svc/sendorder (1006ms)
11-03 13:30:18.846 21977 22052 D OkHttp : Date: Tue, 03 Nov 2020 12:30:19 GMT
11-03 13:30:18.846 21977 22052 D OkHttp : Server: Apache
11-03 13:30:18.846 21977 22052 D OkHttp : Content-Type: application/xml; charset=utf-8
11-03 13:30:18.846 21977 22052 D OkHttp : X-Powered-By: ASP.NET
11-03 13:30:18.846 21977 22052 D OkHttp : Vary: Accept-Encoding
11-03 13:30:18.846 21977 22052 D OkHttp : Keep-Alive: timeout=15, max=100
11-03 13:30:18.846 21977 22052 D OkHttp : Connection: Keep-Alive
11-03 13:30:18.846 21977 22052 D OkHttp : <-- END HTTP
11-03 13:30:18.860 21977 22052 D sendOrder_SUCCESS: 200
11-03 13:30:18.866 21977 22052 W Notification: Use of stream types is deprecated for operations other than volume control
11-03 13:30:18.866 21977 22052 W Notification: See the documentation of setSound() for what to use instead with android.media.AudioAttributes to qualify your playback use case
11-03 13:30:21.768 21977 21977 D item_click: viewId = 2131820756, position = 1
11-03 13:30:21.788 21977 21977 I Timeline: Timeline: Activity_launch_request time:135961108
11-03 13:30:21.832 21977 21977 W ActivityThread: handleWindowVisibility: no activity for token android.os.BinderProxy@6d7e43a
11-03 13:30:21.904 21977 21977 D LOCATION_SERVICE: LocationListener gps
11-03 13:30:21.905 21977 21977 D LOCATION_SERVICE: LocationListener network
11-03 13:30:21.905 21977 21977 D LOCATION_SERVICE: onCreate
11-03 13:30:21.905 21977 21977 D LOCATION_SERVICE: initializeLocationManager
11-03 13:30:21.911 21977 21977 D LOCATION_SERVICE: onStartCommand
11-03 13:30:21.949 21977 21977 D LOCATION_SERVICE: onProviderDisabled: gps
11-03 13:30:22.062 21977 22005 D FILE_MANAGER: Copying file /data/user/0/cz.gienger.mobile/files/delivery/130AT1190319605/130AT1190319605.pdf to /storage/emulated/0/130AT1190319605.pdf
11-03 13:30:22.604 21977 22005 D FILE_MANAGER: copy ok
11-03 13:30:26.482 21977 21977 I AssistStructure: Flattened final assist data: 9276 bytes, containing 1 windows, 31 views
11-03 13:30:27.616 21977 21977 I AssistStructure: Flattened final assist data: 9324 bytes, containing 1 windows, 31 views
11-03 13:30:28.256 21977 21977 I AssistStructure: Flattened final assist data: 9332 bytes, containing 1 windows, 31 views
11-03 13:30:31.011 21977 21977 D SIGN_URI: file:///storage/emulated/0/130AT1190319605.pdf
11-03 13:30:31.012 21977 21977 I Timeline: Timeline: Activity_launch_request time:135970331
11-03 13:30:32.937 21977 21977 D LOCATION_SERVICE: onLocationChanged: Location[network 49,177233,16,550791 hAcc=20 et=+4d19h12m34s374ms alt=348.6000061035156 vAcc=17 sAcc=??? bAcc=??? {Bundle[mParcelledData.dataSize=400]}]
11-03 13:30:33.405 21977 21977 I Timeline: Timeline: Activity_launch_request time:135972725
11-03 13:30:33.496 21977 21977 W ActivityThread: handleWindowVisibility: no activity for token android.os.BinderProxy@359e3f8
11-03 13:30:38.397 21977 21977 I AssistStructure: Flattened final assist data: 12732 bytes, containing 1 windows, 52 views
11-03 13:30:41.426 21977 21977 I Timeline: Timeline: Activity_launch_request time:135980746
11-03 13:30:42.890 21977 21977 D LOCATION_SERVICE: onLocationChanged: Location[network 49,177305,16,550521 hAcc=37 et=+4d19h12m44s45ms alt=348.6000061035156 vAcc=19 sAcc=??? bAcc=??? {Bundle[mParcelledData.dataSize=400]}]
11-03 13:30:51.671 21977 21977 W ActivityThread: handleWindowVisibility: no activity for token android.os.BinderProxy@778ed8f
11-03 13:30:53.680 21977 21977 D LOCATION_SERVICE: onLocationChanged: Location[network 49,177238,16,550790 hAcc=20 et=+4d19h12m55s23ms alt=361.8999938964844 vAcc=20 sAcc=??? bAcc=??? {Bundle[mParcelledData.dataSize=400]}]
11-03 13:30:54.771 21977 21995 D OpenGLRenderer: endAllActiveAnimators on 0x750ed36a00 (RippleDrawable) with handle 0x750f113ac0
11-03 13:30:55.315 21977 21977 I Timeline: Timeline: Activity_launch_request time:135994635
11-03 13:31:02.320 21977 21977 W ActivityThread: handleWindowVisibility: no activity for token android.os.BinderProxy@bc95442
11-03 13:31:03.576 21977 22160 W Notification: Use of stream types is deprecated for operations other than volume control
11-03 13:31:03.577 21977 22160 W Notification: See the documentation of setSound() for what to use instead with android.media.AudioAttributes to qualify your playback use case
11-03 13:31:03.579 21977 22160 D MESSAGE_SERVICE: ACTION_COMPRESS_AND_UPLOAD
11-03 13:31:04.133 21977 21977 D LOCATION_SERVICE: onDestroy
11-03 13:31:04.323 21977 22160 D FILE_MANAGER: Serializing delivery /data/user/0/cz.gienger.mobile/files/finished/130AT1190319605/130AT1190319605.xml
11-03 13:31:04.323 21977 22160 D FILE_MANAGER: Null files:
11-03 13:31:04.444 21977 22160 D MYINTERCEPTOR: /GiengerService.svc/sendorder
11-03 13:31:04.444 21977 22160 D OkHttp : --> POST https://testsaig1.gienger.cz/GiengerService.svc/sendorder http/1.1
11-03 13:31:04.444 21977 22160 D OkHttp : Content-Type: text/raw
11-03 13:31:04.444 21977 22160 D OkHttp : Content-Length: 479298
11-03 13:31:04.444 21977 22160 D OkHttp : filename: 130AT1190319605.xml
11-03 13:31:04.444 21977 22160 D OkHttp : Checksum: bfbb6588060d8a3b02d994b884de50d4
11-03 13:31:04.444 21977 22160 D OkHttp : token: ebf5e947a33f935737ded7c3c0a860b0
11-03 13:31:04.444 21977 22160 D OkHttp : --> END POST
11-03 13:31:06.608 21977 22160 D OkHttp : <-- 200 OK https://testsaig1.gienger.cz/GiengerService.svc/sendorder (2163ms)
11-03 13:31:06.608 21977 22160 D OkHttp : Date: Tue, 03 Nov 2020 12:31:06 GMT
11-03 13:31:06.608 21977 22160 D OkHttp : Server: Apache
11-03 13:31:06.608 21977 22160 D OkHttp : Content-Type: application/xml; charset=utf-8
11-03 13:31:06.609 21977 22160 D OkHttp : X-Powered-By: ASP.NET
11-03 13:31:06.609 21977 22160 D OkHttp : Vary: Accept-Encoding
11-03 13:31:06.609 21977 22160 D OkHttp : Connection: close
11-03 13:31:06.609 21977 22160 D OkHttp : <-- END HTTP
11-03 13:31:06.621 21977 22160 D sendOrder_SUCCESS: 200
11-03 13:31:06.640 21977 22160 W Notification: Use of stream types is deprecated for operations other than volume control
11-03 13:31:06.640 21977 22160 W Notification: See the documentation of setSound() for what to use instead with android.media.AudioAttributes to qualify your playback use case
11-03 13:31:11.878 21977 21977 D item_click: viewId = 2131820760, position = 1
11-03 13:31:11.887 21977 21977 E cz.gienger.mobile.poaz.configuration.GlobalConfiguration: java.lang.NumberFormatException: s == null
11-03 13:31:11.887 21977 21977 E cz.gienger.mobile.poaz.configuration.GlobalConfiguration: at java.lang.Integer.parseInt(Integer.java:577)
11-03 13:31:11.887 21977 21977 E cz.gienger.mobile.poaz.configuration.GlobalConfiguration: at java.lang.Integer.parseInt(Integer.java:650)
11-03 13:31:11.887 21977 21977 E cz.gienger.mobile.poaz.configuration.GlobalConfiguration: at cz.gienger.mobile.poaz.configuration.GlobalConfiguration.getPriceTypeEnum(GlobalConfiguration.java:140)
11-03 13:31:11.887 21977 21977 E cz.gienger.mobile.poaz.configuration.GlobalConfiguration: at cz.gienger.mobile.poaz.configuration.GlobalConfiguration.setValues(GlobalConfiguration.java:97)
11-03 13:31:11.887 21977 21977 E cz.gienger.mobile.poaz.configuration.GlobalConfiguration: at cz.gienger.mobile.poaz.configuration.GlobalConfiguration.(GlobalConfiguration.java:36)
11-03 13:31:11.887 21977 21977 E cz.gienger.mobile.poaz.configuration.GlobalConfiguration: at cz.gienger.mobile.poaz.configuration.GlobalConfiguration.get(GlobalConfiguration.java:41)
11-03 13:31:11.887 21977 21977 E cz.gienger.mobile.poaz.configuration.GlobalConfiguration: at cz.gienger.mobile.activity.MainActivity$BroadcastReceiver.onReceive(MainActivity.java:310)
11-03 13:31:11.887 21977 21977 E cz.gienger.mobile.poaz.configuration.GlobalConfiguration: at android.app.LoadedApk$ReceiverDispatcher$Args.lambda$getRunnable$0(LoadedApk.java:1397)
11-03 13:31:11.887 21977 21977 E cz.gienger.mobile.poaz.configuration.GlobalConfiguration: at android.app.-$$Lambda$LoadedApk$ReceiverDispatcher$Args$_BumDX2UKsnxLVrE6UJsJZkotuA.run(Unknown Source:2)
11-03 13:31:11.887 21977 21977 E cz.gienger.mobile.poaz.configuration.GlobalConfiguration: at android.os.Handler.handleCallback(Handler.java:873)
11-03 13:31:11.887 21977 21977 E cz.gienger.mobile.poaz.configuration.GlobalConfiguration: at android.os.Handler.dispatchMessage(Handler.java:99)
11-03 13:31:11.887 21977 21977 E cz.gienger.mobile.poaz.configuration.GlobalConfiguration: at android.os.Looper.loop(Looper.java:201)
11-03 13:31:11.887 21977 21977 E cz.gienger.mobile.poaz.configuration.GlobalConfiguration: at android.app.ActivityThread.main(ActivityThread.java:6864)
11-03 13:31:11.887 21977 21977 E cz.gienger.mobile.poaz.configuration.GlobalConfiguration: at java.lang.reflect.Method.invoke(Native Method)
11-03 13:31:11.887 21977 21977 E cz.gienger.mobile.poaz.configuration.GlobalConfiguration: at com.android.internal.os.RuntimeInit$MethodAndArgsCaller.run(RuntimeInit.java:547)
11-03 13:31:11.887 21977 21977 E cz.gienger.mobile.poaz.configuration.GlobalConfiguration: at com.android.internal.os.ZygoteInit.main(ZygoteInit.java:873)
11-03 13:31:11.909 21977 21977 I Timeline: Timeline: Activity_launch_request time:136011229
11-03 13:31:11.948 21977 21977 W ActivityThread: handleWindowVisibility: no activity for token android.os.BinderProxy@99af7cf
11-03 13:31:12.074 21977 21977 E cz.gienger.mobile.poaz.configuration.GlobalConfiguration: java.lang.NumberFormatException: s == null
11-03 13:31:12.074 21977 21977 E cz.gienger.mobile.poaz.configuration.GlobalConfiguration: at java.lang.Integer.parseInt(Integer.java:577)
11-03 13:31:12.074 21977 21977 E cz.gienger.mobile.poaz.configuration.GlobalConfiguration: at java.lang.Integer.parseInt(Integer.java:650)
11-03 13:31:12.074 21977 21977 E cz.gienger.mobile.poaz.configuration.GlobalConfiguration: at cz.gienger.mobile.poaz.configuration.GlobalConfiguration.getPriceTypeEnum(GlobalConfiguration.java:140)
11-03 13:31:12.074 21977 21977 E cz.gienger.mobile.poaz.configuration.GlobalConfiguration: at cz.gienger.mobile.poaz.configuration.GlobalConfiguration.setValues(GlobalConfiguration.java:97)
11-03 13:31:12.074 21977 21977 E cz.gienger.mobile.poaz.configuration.GlobalConfiguration: at cz.gienger.mobile.poaz.configuration.GlobalConfiguration.(GlobalConfiguration.java:36)
11-03 13:31:12.074 21977 21977 E cz.gienger.mobile.poaz.configuration.GlobalConfiguration: at cz.gienger.mobile.poaz.configuration.GlobalConfiguration.get(GlobalConfiguration.java:41)
11-03 13:31:12.074 21977 21977 E cz.gienger.mobile.poaz.configuration.GlobalConfiguration: at cz.gienger.mobile.poaz.fragments.CategoryListFragment.onResume(CategoryListFragment.java:159)
11-03 13:31:12.074 21977 21977 E cz.gienger.mobile.poaz.configuration.GlobalConfiguration: at android.support.v4.app.Fragment.performResume(Fragment.java:2294)
11-03 13:31:12.074 21977 21977 E cz.gienger.mobile.poaz.configuration.GlobalConfiguration: at android.support.v4.app.FragmentManagerImpl.moveToState(FragmentManager.java:1387)
11-03 13:31:12.074 21977 21977 E cz.gienger.mobile.poaz.configuration.GlobalConfiguration: at android.support.v4.app.FragmentManagerImpl.moveFragmentToExpectedState(FragmentManager.java:1569)
11-03 13:31:12.074 21977 21977 E cz.gienger.mobile.poaz.configuration.GlobalConfiguration: at android.support.v4.app.FragmentManagerImpl.moveToState(FragmentManager.java:1636)
11-03 13:31:12.074 21977 21977 E cz.gienger.mobile.poaz.configuration.GlobalConfiguration: at android.support.v4.app.FragmentManagerImpl.dispatchResume(FragmentManager.java:2991)
11-03 13:31:12.074 21977 21977 E cz.gienger.mobile.poaz.configuration.GlobalConfiguration: at android.support.v4.app.FragmentController.dispatchResume(FragmentController.java:214)
11-03 13:31:12.074 21977 21977 E cz.gienger.mobile.poaz.configuration.GlobalConfiguration: at android.support.v4.app.FragmentActivity.onResumeFragments(FragmentActivity.java:509)
11-03 13:31:12.074 21977 21977 E cz.gienger.mobile.poaz.configuration.GlobalConfiguration: at android.support.v4.app.FragmentActivity.onPostResume(FragmentActivity.java:498)
11-03 13:31:12.074 21977 21977 E cz.gienger.mobile.poaz.configuration.GlobalConfiguration: at android.support.v7.app.AppCompatActivity.onPostResume(AppCompatActivity.java:172)
11-03 13:31:12.074 21977 21977 E cz.gienger.mobile.poaz.configuration.GlobalConfiguration: at android.app.Activity.performResume(Activity.java:7438)
11-03 13:31:12.074 21977 21977 E cz.gienger.mobile.poaz.configuration.GlobalConfiguration: at android.app.ActivityThread.performResumeActivity(ActivityThread.java:3858)
11-03 13:31:12.074 21977 21977 E cz.gienger.mobile.poaz.configuration.GlobalConfiguration: at android.app.ActivityThread.handleResumeActivity(ActivityThread.java:3898)
11-03 13:31:12.074 21977 21977 E cz.gienger.mobile.poaz.configuration.GlobalConfiguration: at android.app.servertransaction.ResumeActivityItem.execute(ResumeActivityItem.java:51)
11-03 13:31:12.074 21977 21977 E cz.gienger.mobile.poaz.configuration.GlobalConfiguration: at android.app.servertransaction.TransactionExecutor.executeLifecycleState(TransactionExecutor.java:145)
11-03 13:31:12.074 21977 21977 E cz.gienger.mobile.poaz.configuration.GlobalConfiguration: at android.app.servertransaction.TransactionExecutor.execute(TransactionExecutor.java:70)
11-03 13:31:12.074 21977 21977 E cz.gienger.mobile.poaz.configuration.GlobalConfiguration: at android.app.ActivityThread$H.handleMessage(ActivityThread.java:1839)
11-03 13:31:12.074 21977 21977 E cz.gienger.mobile.poaz.configuration.GlobalConfiguration: at android.os.Handler.dispatchMessage(Handler.java:106)
11-03 13:31:12.074 21977 21977 E cz.gienger.mobile.poaz.configuration.GlobalConfiguration: at android.os.Looper.loop(Looper.java:201)
11-03 13:31:12.074 21977 21977 E cz.gienger.mobile.poaz.configuration.GlobalConfiguration: at android.app.ActivityThread.main(ActivityThread.java:6864)
11-03 13:31:12.074 21977 21977 E cz.gienger.mobile.poaz.configuration.GlobalConfiguration: at java.lang.reflect.Method.invoke(Native Method)
11-03 13:31:12.074 21977 21977 E cz.gienger.mobile.poaz.configuration.GlobalConfiguration: at com.android.internal.os.RuntimeInit$MethodAndArgsCaller.run(RuntimeInit.java:547)
11-03 13:31:12.074 21977 21977 E cz.gienger.mobile.poaz.configuration.GlobalConfiguration: at com.android.internal.os.ZygoteInit.main(ZygoteInit.java:873)
11-03 13:31:12.152 21977 21977 D LOCATION_SERVICE: LocationListener gps
11-03 13:31:12.152 21977 21977 D LOCATION_SERVICE: LocationListener network
11-03 13:31:12.153 21977 21977 D LOCATION_SERVICE: onCreate
11-03 13:31:12.153 21977 21977 D LOCATION_SERVICE: initializeLocationManager
11-03 13:31:12.158 21977 21977 D LOCATION_SERVICE: onStartCommand
11-03 13:31:12.222 21977 21977 E cz.gienger.mobile.poaz.configuration.GlobalConfiguration: java.lang.NumberFormatException: s == null
11-03 13:31:12.222 21977 21977 E cz.gienger.mobile.poaz.configuration.GlobalConfiguration: at java.lang.Integer.parseInt(Integer.java:577)
11-03 13:31:12.222 21977 21977 E cz.gienger.mobile.poaz.configuration.GlobalConfiguration: at java.lang.Integer.parseInt(Integer.java:650)
11-03 13:31:12.222 21977 21977 E cz.gienger.mobile.poaz.configuration.GlobalConfiguration: at cz.gienger.mobile.poaz.configuration.GlobalConfiguration.getPriceTypeEnum(GlobalConfiguration.java:140)
11-03 13:31:12.222 21977 21977 E cz.gienger.mobile.poaz.configuration.GlobalConfiguration: at cz.gienger.mobile.poaz.configuration.GlobalConfiguration.setValues(GlobalConfiguration.java:97)
11-03 13:31:12.222 21977 21977 E cz.gienger.mobile.poaz.configuration.GlobalConfiguration: at cz.gienger.mobile.poaz.configuration.GlobalConfiguration.(GlobalConfiguration.java:36)
11-03 13:31:12.222 21977 21977 E cz.gienger.mobile.poaz.configuration.GlobalConfiguration: at cz.gienger.mobile.poaz.configuration.GlobalConfiguration.get(GlobalConfiguration.java:41)
11-03 13:31:12.222 21977 21977 E cz.gienger.mobile.poaz.configuration.GlobalConfiguration: at cz.gienger.mobile.poaz.activities.PoazActivityBase.initPriceSwitch(PoazActivityBase.java:313)
11-03 13:31:12.222 21977 21977 E cz.gienger.mobile.poaz.configuration.GlobalConfiguration: at cz.gienger.mobile.poaz.activities.PoazActivityBase.onCreateOptionsMenu(PoazActivityBase.java:143)
11-03 13:31:12.222 21977 21977 E cz.gienger.mobile.poaz.configuration.GlobalConfiguration: at android.app.Activity.onCreatePanelMenu(Activity.java:3547)
11-03 13:31:12.222 21977 21977 E cz.gienger.mobile.poaz.configuration.GlobalConfiguration: at android.support.v4.app.FragmentActivity.onCreatePanelMenu(FragmentActivity.java:362)
11-03 13:31:12.222 21977 21977 E cz.gienger.mobile.poaz.configuration.GlobalConfiguration: at android.support.v7.view.WindowCallbackWrapper.onCreatePanelMenu(WindowCallbackWrapper.java:98)
11-03 13:31:12.222 21977 21977 E cz.gienger.mobile.poaz.configuration.GlobalConfiguration: at android.support.v7.app.AppCompatDelegateImplBase$AppCompatWindowCallbackBase.onCreatePanelMenu(AppCompatDelegateImplBase.java:335)
11-03 13:31:12.222 21977 21977 E cz.gienger.mobile.poaz.configuration.GlobalConfiguration: at android.support.v7.app.AppCompatDelegateImplV9.preparePanel(AppCompatDelegateImplV9.java:1368)
11-03 13:31:12.222 21977 21977 E cz.gienger.mobile.poaz.configuration.GlobalConfiguration: at android.support.v7.app.AppCompatDelegateImplV9.doInvalidatePanelMenu(AppCompatDelegateImplV9.java:1648)
11-03 13:31:12.222 21977 21977 E cz.gienger.mobile.poaz.configuration.GlobalConfiguration: at android.support.v7.app.AppCompatDelegateImplV9$1.run(AppCompatDelegateImplV9.java:140)
11-03 13:31:12.222 21977 21977 E cz.gienger.mobile.poaz.configuration.GlobalConfiguration: at android.os.Handler.handleCallback(Handler.java:873)
11-03 13:31:12.222 21977 21977 E cz.gienger.mobile.poaz.configuration.GlobalConfiguration: at android.os.Handler.dispatchMessage(Handler.java:99)
11-03 13:31:12.222 21977 21977 E cz.gienger.mobile.poaz.configuration.GlobalConfiguration: at android.os.Looper.loop(Looper.java:201)
11-03 13:31:12.222 21977 21977 E cz.gienger.mobile.poaz.configuration.GlobalConfiguration: at android.app.ActivityThread.main(ActivityThread.java:6864)
11-03 13:31:12.222 21977 21977 E cz.gienger.mobile.poaz.configuration.GlobalConfiguration: at java.lang.reflect.Method.invoke(Native Method)
11-03 13:31:12.222 21977 21977 E cz.gienger.mobile.poaz.configuration.GlobalConfiguration: at com.android.internal.os.RuntimeInit$MethodAndArgsCaller.run(RuntimeInit.java:547)
11-03 13:31:12.222 21977 21977 E cz.gienger.mobile.poaz.configuration.GlobalConfiguration: at com.android.internal.os.ZygoteInit.main(ZygoteInit.java:873)
11-03 13:31:12.231 21977 21977 D LOCATION_SERVICE: onProviderDisabled: gps
11-03 13:31:14.569 21977 21977 I Timeline: Timeline: Activity_launch_request time:136013888
11-03 13:31:14.607 21977 21977 W ActivityThread: handleWindowVisibility: no activity for token android.os.BinderProxy@e8d4313
11-03 13:31:14.621 21977 21977 E cz.gienger.mobile.poaz.configuration.GlobalConfiguration: java.lang.NumberFormatException: s == null
11-03 13:31:14.621 21977 21977 E cz.gienger.mobile.poaz.configuration.GlobalConfiguration: at java.lang.Integer.parseInt(Integer.java:577)
11-03 13:31:14.621 21977 21977 E cz.gienger.mobile.poaz.configuration.GlobalConfiguration: at java.lang.Integer.parseInt(Integer.java:650)
11-03 13:31:14.621 21977 21977 E cz.gienger.mobile.poaz.configuration.GlobalConfiguration: at cz.gienger.mobile.poaz.configuration.GlobalConfiguration.getPriceTypeEnum(GlobalConfiguration.java:140)
11-03 13:31:14.621 21977 21977 E cz.gienger.mobile.poaz.configuration.GlobalConfiguration: at cz.gienger.mobile.poaz.configuration.GlobalConfiguration.setValues(GlobalConfiguration.java:97)
11-03 13:31:14.621 21977 21977 E cz.gienger.mobile.poaz.configuration.GlobalConfiguration: at cz.gienger.mobile.poaz.configuration.GlobalConfiguration.(GlobalConfiguration.java:36)
11-03 13:31:14.621 21977 21977 E cz.gienger.mobile.poaz.configuration.GlobalConfiguration: at cz.gienger.mobile.poaz.configuration.GlobalConfiguration.get(GlobalConfiguration.java:41)
11-03 13:31:14.621 21977 21977 E cz.gienger.mobile.poaz.configuration.GlobalConfiguration: at cz.gienger.mobile.poaz.adapters.ArticleListAdapter.(ArticleListAdapter.java:84)
11-03 13:31:14.621 21977 21977 E cz.gienger.mobile.poaz.configuration.GlobalConfiguration: at cz.gienger.mobile.poaz.adapters.ArticleListAdapter.(ArticleListAdapter.java:74)
11-03 13:31:14.621 21977 21977 E cz.gienger.mobile.poaz.configuration.GlobalConfiguration: at cz.gienger.mobile.poaz.fragments.ArticleListFragment.onCreate(ArticleListFragment.java:146)
11-03 13:31:14.621 21977 21977 E cz.gienger.mobile.poaz.configuration.GlobalConfiguration: at android.support.v4.app.Fragment.performCreate(Fragment.java:2236)
11-03 13:31:14.621 21977 21977 E cz.gienger.mobile.poaz.configuration.GlobalConfiguration: at android.support.v4.app.FragmentManagerImpl.moveToState(FragmentManager.java:1285)
11-03 13:31:14.621 21977 21977 E cz.gienger.mobile.poaz.configuration.GlobalConfiguration: at android.support.v4.app.FragmentManagerImpl.moveToState(FragmentManager.java:1513)
11-03 13:31:14.621 21977 21977 E cz.gienger.mobile.poaz.configuration.GlobalConfiguration: at android.support.v4.app.FragmentManagerImpl.addFragment(FragmentManager.java:1727)
11-03 13:31:14.621 21977 21977 E cz.gienger.mobile.poaz.configuration.GlobalConfiguration: at android.support.v4.app.FragmentManagerImpl.onCreateView(FragmentManager.java:3517)
11-03 13:31:14.621 21977 21977 E cz.gienger.mobile.poaz.configuration.GlobalConfiguration: at android.support.v4.app.FragmentController.onCreateView(FragmentController.java:111)
11-03 13:31:14.621 21977 21977 E cz.gienger.mobile.poaz.configuration.GlobalConfiguration: at android.support.v4.app.FragmentActivity.dispatchFragmentsOnCreateView(FragmentActivity.java:378)
11-03 13:31:14.621 21977 21977 E cz.gienger.mobile.poaz.configuration.GlobalConfiguration: at android.support.v4.app.BaseFragmentActivityHoneycomb.onCreateView(BaseFragmentActivityHoneycomb.java:33)
11-03 13:31:14.621 21977 21977 E cz.gienger.mobile.poaz.configuration.GlobalConfiguration: at android.support.v4.app.FragmentActivity.onCreateView(FragmentActivity.java:79)
11-03 13:31:14.621 21977 21977 E cz.gienger.mobile.poaz.configuration.GlobalConfiguration: at android.view.LayoutInflater.createViewFromTag(LayoutInflater.java:784)
11-03 13:31:14.621 21977 21977 E cz.gienger.mobile.poaz.configuration.GlobalConfiguration: at android.view.LayoutInflater.createViewFromTag(LayoutInflater.java:734)
11-03 13:31:14.621 21977 21977 E cz.gienger.mobile.poaz.configuration.GlobalConfiguration: at android.view.LayoutInflater.rInflate(LayoutInflater.java:867)
11-03 13:31:14.621 21977 21977 E cz.gienger.mobile.poaz.configuration.GlobalConfiguration: at android.view.LayoutInflater.rInflateChildren(LayoutInflater.java:828)
11-03 13:31:14.621 21977 21977 E cz.gienger.mobile.poaz.configuration.GlobalConfiguration: at android.view.LayoutInflater.inflate(LayoutInflater.java:519)
11-03 13:31:14.621 21977 21977 E cz.gienger.mobile.poaz.configuration.GlobalConfiguration: at android.view.LayoutInflater.inflate(LayoutInflater.java:427)
11-03 13:31:14.621 21977 21977 E cz.gienger.mobile.poaz.configuration.GlobalConfiguration: at android.view.LayoutInflater.inflate(LayoutInflater.java:374)
11-03 13:31:14.621 21977 21977 E cz.gienger.mobile.poaz.configuration.GlobalConfiguration: at android.support.v7.app.AppCompatDelegateImplV9.setContentView(AppCompatDelegateImplV9.java:292)
11-03 13:31:14.621 21977 21977 E cz.gienger.mobile.poaz.configuration.GlobalConfiguration: at android.support.v7.app.AppCompatActivity.setContentView(AppCompatActivity.java:140)
11-03 13:31:14.621 21977 21977 E cz.gienger.mobile.poaz.configuration.GlobalConfiguration: at cz.gienger.mobile.poaz.activities.ArticleListActivity.onCreate(ArticleListActivity.java:42)
11-03 13:31:14.621 21977 21977 E cz.gienger.mobile.poaz.configuration.GlobalConfiguration: at android.app.Activity.performCreate(Activity.java:7232)
11-03 13:31:14.621 21977 21977 E cz.gienger.mobile.poaz.configuration.GlobalConfiguration: at android.app.Activity.performCreate(Activity.java:7221)
11-03 13:31:14.621 21977 21977 E cz.gienger.mobile.poaz.configuration.GlobalConfiguration: at android.app.Instrumentation.callActivityOnCreate(Instrumentation.java:1272)
11-03 13:31:14.621 21977 21977 E cz.gienger.mobile.poaz.configuration.GlobalConfiguration: at android.app.ActivityThread.performLaunchActivity(ActivityThread.java:2964)
11-03 13:31:14.621 21977 21977 E cz.gienger.mobile.poaz.configuration.GlobalConfiguration: at android.app.ActivityThread.handleLaunchActivity(ActivityThread.java:3119)
11-03 13:31:14.621 21977 21977 E cz.gienger.mobile.poaz.configuration.GlobalConfiguration: at android.app.servertransaction.LaunchActivityItem.execute(LaunchActivityItem.java:78)
11-03 13:31:14.621 21977 21977 E cz.gienger.mobile.poaz.configuration.GlobalConfiguration: at android.app.servertransaction.TransactionExecutor.executeCallbacks(TransactionExecutor.java:108)
11-03 13:31:14.621 21977 21977 E cz.gienger.mobile.poaz.configuration.GlobalConfiguration: at android.app.servertransaction.TransactionExecutor.execute(TransactionExecutor.java:68)
11-03 13:31:14.621 21977 21977 E cz.gienger.mobile.poaz.configuration.GlobalConfiguration: at android.app.ActivityThread$H.handleMessage(ActivityThread.java:1839)
11-03 13:31:14.621 21977 21977 E cz.gienger.mobile.poaz.configuration.GlobalConfiguration: at android.os.Handler.dispatchMessage(Handler.java:106)
11-03 13:31:14.621 21977 21977 E cz.gienger.mobile.poaz.configuration.GlobalConfiguration: at android.os.Looper.loop(Looper.java:201)
11-03 13:31:14.621 21977 21977 E cz.gienger.mobile.poaz.configuration.GlobalConfiguration: at android.app.ActivityThread.main(ActivityThread.java:6864)
11-03 13:31:14.621 21977 21977 E cz.gienger.mobile.poaz.configuration.GlobalConfiguration: at java.lang.reflect.Method.invoke(Native Method)
11-03 13:31:14.621 21977 21977 E cz.gienger.mobile.poaz.configuration.GlobalConfiguration: at com.android.internal.os.RuntimeInit$MethodAndArgsCaller.run(RuntimeInit.java:547)
11-03 13:31:14.621 21977 21977 E cz.gienger.mobile.poaz.configuration.GlobalConfiguration: at com.android.internal.os.ZygoteInit.main(ZygoteInit.java:873)
11-03 13:31:14.658 21977 21977 E cz.gienger.mobile.poaz.configuration.GlobalConfiguration: java.lang.NumberFormatException: s == null
11-03 13:31:14.658 21977 21977 E cz.gienger.mobile.poaz.configuration.GlobalConfiguration: at java.lang.Integer.parseInt(Integer.java:577)
11-03 13:31:14.658 21977 21977 E cz.gienger.mobile.poaz.configuration.GlobalConfiguration: at java.lang.Integer.parseInt(Integer.java:650)
11-03 13:31:14.658 21977 21977 E cz.gienger.mobile.poaz.configuration.GlobalConfiguration: at cz.gienger.mobile.poaz.configuration.GlobalConfiguration.getPriceTypeEnum(GlobalConfiguration.java:140)
11-03 13:31:14.658 21977 21977 E cz.gienger.mobile.poaz.configuration.GlobalConfiguration: at cz.gienger.mobile.poaz.configuration.GlobalConfiguration.setValues(GlobalConfiguration.java:97)
11-03 13:31:14.658 21977 21977 E cz.gienger.mobile.poaz.configuration.GlobalConfiguration: at cz.gienger.mobile.poaz.configuration.GlobalConfiguration.(GlobalConfiguration.java:36)
11-03 13:31:14.658 21977 21977 E cz.gienger.mobile.poaz.configuration.GlobalConfiguration: at cz.gienger.mobile.poaz.configuration.GlobalConfiguration.get(GlobalConfiguration.java:41)
11-03 13:31:14.658 21977 21977 E cz.gienger.mobile.poaz.configuration.GlobalConfiguration: at cz.gienger.mobile.poaz.activities.ArticleListActivity.onCreate(ArticleListActivity.java:61)
11-03 13:31:14.658 21977 21977 E cz.gienger.mobile.poaz.configuration.GlobalConfiguration: at android.app.Activity.performCreate(Activity.java:7232)
11-03 13:31:14.658 21977 21977 E cz.gienger.mobile.poaz.configuration.GlobalConfiguration: at android.app.Activity.performCreate(Activity.java:7221)
11-03 13:31:14.658 21977 21977 E cz.gienger.mobile.poaz.configuration.GlobalConfiguration: at android.app.Instrumentation.callActivityOnCreate(Instrumentation.java:1272)
11-03 13:31:14.658 21977 21977 E cz.gienger.mobile.poaz.configuration.GlobalConfiguration: at android.app.ActivityThread.performLaunchActivity(ActivityThread.java:2964)
11-03 13:31:14.658 21977 21977 E cz.gienger.mobile.poaz.configuration.GlobalConfiguration: at android.app.ActivityThread.handleLaunchActivity(ActivityThread.java:3119)
11-03 13:31:14.658 21977 21977 E cz.gienger.mobile.poaz.configuration.GlobalConfiguration: at android.app.servertransaction.LaunchActivityItem.execute(LaunchActivityItem.java:78)
11-03 13:31:14.658 21977 21977 E cz.gienger.mobile.poaz.configuration.GlobalConfiguration: at android.app.servertransaction.TransactionExecutor.executeCallbacks(TransactionExecutor.java:108)
11-03 13:31:14.658 21977 21977 E cz.gienger.mobile.poaz.configuration.GlobalConfiguration: at android.app.servertransaction.TransactionExecutor.execute(TransactionExecutor.java:68)
11-03 13:31:14.658 21977 21977 E cz.gienger.mobile.poaz.configuration.GlobalConfiguration: at android.app.ActivityThread$H.handleMessage(ActivityThread.java:1839)
11-03 13:31:14.658 21977 21977 E cz.gienger.mobile.poaz.configuration.GlobalConfiguration: at android.os.Handler.dispatchMessage(Handler.java:106)
11-03 13:31:14.658 21977 21977 E cz.gienger.mobile.poaz.configuration.GlobalConfiguration: at android.os.Looper.loop(Looper.java:201)
11-03 13:31:14.658 21977 21977 E cz.gienger.mobile.poaz.configuration.GlobalConfiguration: at android.app.ActivityThread.main(ActivityThread.java:6864)
11-03 13:31:14.658 21977 21977 E cz.gienger.mobile.poaz.configuration.GlobalConfiguration: at java.lang.reflect.Method.invoke(Native Method)
11-03 13:31:14.658 21977 21977 E cz.gienger.mobile.poaz.configuration.GlobalConfiguration: at com.android.internal.os.RuntimeInit$MethodAndArgsCaller.run(RuntimeInit.java:547)
11-03 13:31:14.658 21977 21977 E cz.gienger.mobile.poaz.configuration.GlobalConfiguration: at com.android.internal.os.ZygoteInit.main(ZygoteInit.java:873)
11-03 13:31:14.664 21977 21977 E cz.gienger.mobile.poaz.configuration.GlobalConfiguration: java.lang.NumberFormatException: s == null
11-03 13:31:14.664 21977 21977 E cz.gienger.mobile.poaz.configuration.GlobalConfiguration: at java.lang.Integer.parseInt(Integer.java:577)
11-03 13:31:14.664 21977 21977 E cz.gienger.mobile.poaz.configuration.GlobalConfiguration: at java.lang.Integer.parseInt(Integer.java:650)
11-03 13:31:14.664 21977 21977 E cz.gienger.mobile.poaz.configuration.GlobalConfiguration: at cz.gienger.mobile.poaz.configuration.GlobalConfiguration.getPriceTypeEnum(GlobalConfiguration.java:140)
11-03 13:31:14.664 21977 21977 E cz.gienger.mobile.poaz.configuration.GlobalConfiguration: at cz.gienger.mobile.poaz.configuration.GlobalConfiguration.setValues(GlobalConfiguration.java:97)
11-03 13:31:14.664 21977 21977 E cz.gienger.mobile.poaz.configuration.GlobalConfiguration: at cz.gienger.mobile.poaz.configuration.GlobalConfiguration.(GlobalConfiguration.java:36)
11-03 13:31:14.664 21977 21977 E cz.gienger.mobile.poaz.configuration.GlobalConfiguration: at cz.gienger.mobile.poaz.configuration.GlobalConfiguration.get(GlobalConfiguration.java:41)
11-03 13:31:14.664 21977 21977 E cz.gienger.mobile.poaz.configuration.GlobalConfiguration: at cz.gienger.mobile.poaz.fragments.ArticleListFragment.onResume(ArticleListFragment.java:456)
11-03 13:31:14.664 21977 21977 E cz.gienger.mobile.poaz.configuration.GlobalConfiguration: at android.support.v4.app.Fragment.performResume(Fragment.java:2294)
11-03 13:31:14.664 21977 21977 E cz.gienger.mobile.poaz.configuration.GlobalConfiguration: at android.support.v4.app.FragmentManagerImpl.moveToState(FragmentManager.java:1387)
11-03 13:31:14.664 21977 21977 E cz.gienger.mobile.poaz.configuration.GlobalConfiguration: at android.support.v4.app.FragmentManagerImpl.moveFragmentToExpectedState(FragmentManager.java:1569)
11-03 13:31:14.664 21977 21977 E cz.gienger.mobile.poaz.configuration.GlobalConfiguration: at android.support.v4.app.FragmentManagerImpl.moveToState(FragmentManager.java:1636)
11-03 13:31:14.664 21977 21977 E cz.gienger.mobile.poaz.configuration.GlobalConfiguration: at android.support.v4.app.FragmentManagerImpl.dispatchResume(FragmentManager.java:2991)
11-03 13:31:14.664 21977 21977 E cz.gienger.mobile.poaz.configuration.GlobalConfiguration: at android.support.v4.app.FragmentController.dispatchResume(FragmentController.java:214)
11-03 13:31:14.664 21977 21977 E cz.gienger.mobile.poaz.configuration.GlobalConfiguration: at android.support.v4.app.FragmentActivity.onResumeFragments(FragmentActivity.java:509)
11-03 13:31:14.664 21977 21977 E cz.gienger.mobile.poaz.configuration.GlobalConfiguration: at android.support.v4.app.FragmentActivity.onPostResume(FragmentActivity.java:498)
11-03 13:31:14.664 21977 21977 E cz.gienger.mobile.poaz.configuration.GlobalConfiguration: at android.support.v7.app.AppCompatActivity.onPostResume(AppCompatActivity.java:172)
11-03 13:31:14.664 21977 21977 E cz.gienger.mobile.poaz.configuration.GlobalConfiguration: at android.app.Activity.performResume(Activity.java:7438)
11-03 13:31:14.664 21977 21977 E cz.gienger.mobile.poaz.configuration.GlobalConfiguration: at android.app.ActivityThread.performResumeActivity(ActivityThread.java:3858)
11-03 13:31:14.664 21977 21977 E cz.gienger.mobile.poaz.configuration.GlobalConfiguration: at android.app.ActivityThread.handleResumeActivity(ActivityThread.java:3898)
11-03 13:31:14.664 21977 21977 E cz.gienger.mobile.poaz.configuration.GlobalConfiguration: at android.app.servertransaction.ResumeActivityItem.execute(ResumeActivityItem.java:51)
11-03 13:31:14.664 21977 21977 E cz.gienger.mobile.poaz.configuration.GlobalConfiguration: at android.app.servertransaction.TransactionExecutor.executeLifecycleState(TransactionExecutor.java:145)
11-03 13:31:14.664 21977 21977 E cz.gienger.mobile.poaz.configuration.GlobalConfiguration: at android.app.servertransaction.TransactionExecutor.execute(TransactionExecutor.java:70)
11-03 13:31:14.664 21977 21977 E cz.gienger.mobile.poaz.configuration.GlobalConfiguration: at android.app.ActivityThread$H.handleMessage(ActivityThread.java:1839)
11-03 13:31:14.664 21977 21977 E cz.gienger.mobile.poaz.configuration.GlobalConfiguration: at android.os.Handler.dispatchMessage(Handler.java:106)
11-03 13:31:14.664 21977 21977 E cz.gienger.mobile.poaz.configuration.GlobalConfiguration: at android.os.Looper.loop(Looper.java:201)
11-03 13:31:14.664 21977 21977 E cz.gienger.mobile.poaz.configuration.GlobalConfiguration: at android.app.ActivityThread.main(ActivityThread.java:6864)
11-03 13:31:14.664 21977 21977 E cz.gienger.mobile.poaz.configuration.GlobalConfiguration: at java.lang.reflect.Method.invoke(Native Method)
11-03 13:31:14.664 21977 21977 E cz.gienger.mobile.poaz.configuration.GlobalConfiguration: at com.android.internal.os.RuntimeInit$MethodAndArgsCaller.run(RuntimeInit.java:547)
11-03 13:31:14.664 21977 21977 E cz.gienger.mobile.poaz.configuration.GlobalConfiguration: at com.android.internal.os.ZygoteInit.main(ZygoteInit.java:873)
11-03 13:31:14.806 21977 21977 W CursorWindow: Window is full: requested allocation 108 bytes, free space 40 bytes, window size 2097152 bytes
11-03 13:31:14.947 21977 21977 E cz.gienger.mobile.poaz.configuration.GlobalConfiguration: java.lang.NumberFormatException: s == null
11-03 13:31:14.947 21977 21977 E cz.gienger.mobile.poaz.configuration.GlobalConfiguration: at java.lang.Integer.parseInt(Integer.java:577)
11-03 13:31:14.947 21977 21977 E cz.gienger.mobile.poaz.configuration.GlobalConfiguration: at java.lang.Integer.parseInt(Integer.java:650)
11-03 13:31:14.947 21977 21977 E cz.gienger.mobile.poaz.configuration.GlobalConfiguration: at cz.gienger.mobile.poaz.configuration.GlobalConfiguration.getPriceTypeEnum(GlobalConfiguration.java:140)
11-03 13:31:14.947 21977 21977 E cz.gienger.mobile.poaz.configuration.GlobalConfiguration: at cz.gienger.mobile.poaz.configuration.GlobalConfiguration.setValues(GlobalConfiguration.java:97)
11-03 13:31:14.947 21977 21977 E cz.gienger.mobile.poaz.configuration.GlobalConfiguration: at cz.gienger.mobile.poaz.configuration.GlobalConfiguration.(GlobalConfiguration.java:36)
11-03 13:31:14.947 21977 21977 E cz.gienger.mobile.poaz.configuration.GlobalConfiguration: at cz.gienger.mobile.poaz.configuration.GlobalConfiguration.get(GlobalConfiguration.java:41)
11-03 13:31:14.947 21977 21977 E cz.gienger.mobile.poaz.configuration.GlobalConfiguration: at cz.gienger.mobile.poaz.activities.PoazActivityBase.initPriceSwitch(PoazActivityBase.java:313)
11-03 13:31:14.947 21977 21977 E cz.gienger.mobile.poaz.configuration.GlobalConfiguration: at cz.gienger.mobile.poaz.activities.PoazActivityBase.onCreateOptionsMenu(PoazActivityBase.java:143)
11-03 13:31:14.947 21977 21977 E cz.gienger.mobile.poaz.configuration.GlobalConfiguration: at android.app.Activity.onCreatePanelMenu(Activity.java:3547)
11-03 13:31:14.947 21977 21977 E cz.gienger.mobile.poaz.configuration.GlobalConfiguration: at android.support.v4.app.FragmentActivity.onCreatePanelMenu(FragmentActivity.java:362)
11-03 13:31:14.947 21977 21977 E cz.gienger.mobile.poaz.configuration.GlobalConfiguration: at android.support.v7.view.WindowCallbackWrapper.onCreatePanelMenu(WindowCallbackWrapper.java:98)
11-03 13:31:14.947 21977 21977 E cz.gienger.mobile.poaz.configuration.GlobalConfiguration: at android.support.v7.app.AppCompatDelegateImplBase$AppCompatWindowCallbackBase.onCreatePanelMenu(AppCompatDelegateImplBase.java:335)
11-03 13:31:14.947 21977 21977 E cz.gienger.mobile.poaz.configuration.GlobalConfiguration: at android.support.v7.app.AppCompatDelegateImplV9.preparePanel(AppCompatDelegateImplV9.java:1368)
11-03 13:31:14.947 21977 21977 E cz.gienger.mobile.poaz.configuration.GlobalConfiguration: at android.support.v7.app.AppCompatDelegateImplV9.doInvalidatePanelMenu(AppCompatDelegateImplV9.java:1648)
11-03 13:31:14.947 21977 21977 E cz.gienger.mobile.poaz.configuration.GlobalConfiguration: at android.support.v7.app.AppCompatDelegateImplV9$1.run(AppCompatDelegateImplV9.java:140)
11-03 13:31:14.947 21977 21977 E cz.gienger.mobile.poaz.configuration.GlobalConfiguration: at android.os.Handler.handleCallback(Handler.java:873)
11-03 13:31:14.947 21977 21977 E cz.gienger.mobile.poaz.configuration.GlobalConfiguration: at android.os.Handler.dispatchMessage(Handler.java:99)
11-03 13:31:14.947 21977 21977 E cz.gienger.mobile.poaz.configuration.GlobalConfiguration: at android.os.Looper.loop(Looper.java:201)
11-03 13:31:14.947 21977 21977 E cz.gienger.mobile.poaz.configuration.GlobalConfiguration: at android.app.ActivityThread.main(ActivityThread.java:6864)
11-03 13:31:14.947 21977 21977 E cz.gienger.mobile.poaz.configuration.GlobalConfiguration: at java.lang.reflect.Method.invoke(Native Method)
11-03 13:31:14.947 21977 21977 E cz.gienger.mobile.poaz.configuration.GlobalConfiguration: at com.android.internal.os.RuntimeInit$MethodAndArgsCaller.run(RuntimeInit.java:547)
11-03 13:31:14.947 21977 21977 E cz.gienger.mobile.poaz.configuration.GlobalConfiguration: at com.android.internal.os.ZygoteInit.main(ZygoteInit.java:873)
11-03 13:31:16.785 21977 21977 I Timeline: Timeline: Activity_launch_request time:136016104
11-03 13:31:16.822 21977 21977 W ActivityThread: handleWindowVisibility: no activity for token android.os.BinderProxy@c58a4e0
11-03 13:31:16.854 21977 21977 E cz.gienger.mobile.poaz.configuration.GlobalConfiguration: java.lang.NumberFormatException: s == null
11-03 13:31:16.854 21977 21977 E cz.gienger.mobile.poaz.configuration.GlobalConfiguration: at java.lang.Integer.parseInt(Integer.java:577)
11-03 13:31:16.854 21977 21977 E cz.gienger.mobile.poaz.configuration.GlobalConfiguration: at java.lang.Integer.parseInt(Integer.java:650)
11-03 13:31:16.854 21977 21977 E cz.gienger.mobile.poaz.configuration.GlobalConfiguration: at cz.gienger.mobile.poaz.configuration.GlobalConfiguration.getPriceTypeEnum(GlobalConfiguration.java:140)
11-03 13:31:16.854 21977 21977 E cz.gienger.mobile.poaz.configuration.GlobalConfiguration: at cz.gienger.mobile.poaz.configuration.GlobalConfiguration.setValues(GlobalConfiguration.java:97)
11-03 13:31:16.854 21977 21977 E cz.gienger.mobile.poaz.configuration.GlobalConfiguration: at cz.gienger.mobile.poaz.configuration.GlobalConfiguration.(GlobalConfiguration.java:36)
11-03 13:31:16.854 21977 21977 E cz.gienger.mobile.poaz.configuration.GlobalConfiguration: at cz.gienger.mobile.poaz.configuration.GlobalConfiguration.get(GlobalConfiguration.java:41)
11-03 13:31:16.854 21977 21977 E cz.gienger.mobile.poaz.configuration.GlobalConfiguration: at cz.gienger.mobile.poaz.presenters.AddArticleToCartPresenter.loadArticle(AddArticleToCartPresenter.java:114)
11-03 13:31:16.854 21977 21977 E cz.gienger.mobile.poaz.configuration.GlobalConfiguration: at cz.gienger.mobile.poaz.presenters.AddArticleToCartPresenter.start(AddArticleToCartPresenter.java:109)
