--------- beginning of main
11-03 13:28:17.682 21113 21113 E .gienger.mobil: Not starting debugger since process cannot load the jdwp agent.
11-03 13:28:17.765 21113 21113 I .gienger.mobil: The ClassLoaderContext is a special shared library.
11-03 13:28:17.785 21113 21113 I Perf : Connecting to perf service. --------- beginning of system
11-03 13:28:18.044 21113 21113 I Timeline: Timeline: Activity_launch_request time:135837364
11-03 13:28:18.064 21113 21113 W Activity: Slow Operation: Activity cz.gienger.mobile/.activity.MainActivity onResume took 129ms
11-03 13:28:18.093 21113 21113 W ActivityThread: handleWindowVisibility: no activity for token android.os.BinderProxy@7207131
11-03 13:28:18.115 21113 21113 D FILES : /data/user/0/cz.gienger.mobile/files/delivery
11-03 13:28:18.243 21113 21192 I Adreno : QUALCOMM build : 6c0fbe4, I4f6179b11f
11-03 13:28:18.243 21113 21192 I Adreno : Build Date : 03/05/20
11-03 13:28:18.243 21113 21192 I Adreno : OpenGL ES Shader Compiler Version: EV031.26.03.02
11-03 13:28:18.243 21113 21192 I Adreno : Local Branch :
11-03 13:28:18.243 21113 21192 I Adreno : Remote Branch : refs/tags/AU_LINUX_ANDROID_LA.UM.7.11.R1.09.00.00.542.027
11-03 13:28:18.243 21113 21192 I Adreno : Remote Branch : NONE
11-03 13:28:18.243 21113 21192 I Adreno : Reconstruct Branch : NOTHING
11-03 13:28:18.243 21113 21192 I Adreno : Build Config : S P 6.0.9 AArch64
11-03 13:28:18.234 21113 21113 W RenderThread: type=1400 audit(0.0:36357): avc: denied { search } for name="proc" dev="debugfs" ino=11169 scontext=u:r:untrusted_app_25:s0:c512,c768 tcontext=u:object_r:kgsl_debugfs:s0 tclass=dir permissive=0
11-03 13:28:18.247 21113 21192 I Adreno : PFP: 0x016ee183, ME: 0x00000000
11-03 13:28:18.256 21113 21192 I ConfigStore: android::hardware::configstore::V1_0::ISurfaceFlingerConfigs::hasWideColorDisplay retrieved: 0
11-03 13:28:18.260 21113 21192 I ConfigStore: android::hardware::configstore::V1_0::ISurfaceFlingerConfigs::hasHDRDisplay retrieved: 0
11-03 13:28:18.261 21113 21192 I OpenGLRenderer: Initialized EGL, version 1.4
11-03 13:28:18.261 21113 21192 D OpenGLRenderer: Swap behavior 2
11-03 13:28:18.380 21113 21113 I AssistStructure: Flattened final assist data: 3860 bytes, containing 1 windows, 14 views
11-03 13:28:21.487 21113 21113 I AssistStructure: Flattened final assist data: 3868 bytes, containing 1 windows, 14 views
11-03 13:28:25.784 21113 21154 I .gienger.mobil: ProcessProfilingInfo new_methods=1322 is saved saved_to_disk=1 resolve_classes_delay=8000
11-03 13:28:28.805 21113 21113 D NetworkSecurityConfig: No Network Security Config specified, using platform default
11-03 13:28:28.828 21113 21791 D MYINTERCEPTOR: /GiengerService.svc/oauth
11-03 13:28:28.828 21113 21791 D OkHttp : --> POST https://testsaig1.gienger.cz/GiengerService.svc/oauth http/1.1
11-03 13:28:28.828 21113 21791 D OkHttp : Content-Type: application/xml; charset=UTF-8
11-03 13:28:28.828 21113 21791 D OkHttp : Content-Length: 303
11-03 13:28:28.828 21113 21791 D OkHttp : --> END POST
11-03 13:28:29.053 21113 21791 D OkHttp : <-- 200 OK https://testsaig1.gienger.cz/GiengerService.svc/oauth (224ms)
11-03 13:28:29.053 21113 21791 D OkHttp : Date: Tue, 03 Nov 2020 12:28:29 GMT
11-03 13:28:29.053 21113 21791 D OkHttp : Server: Apache
11-03 13:28:29.053 21113 21791 D OkHttp : Content-Type: application/xml; charset=utf-8
11-03 13:28:29.053 21113 21791 D OkHttp : X-Powered-By: ASP.NET
11-03 13:28:29.053 21113 21791 D OkHttp : Vary: Accept-Encoding
11-03 13:28:29.053 21113 21791 D OkHttp : Keep-Alive: timeout=15, max=100
11-03 13:28:29.053 21113 21791 D OkHttp : Connection: Keep-Alive
11-03 13:28:29.053 21113 21791 D OkHttp : <-- END HTTP
11-03 13:28:29.067 21113 21791 D MYINTERCEPTOR: /GiengerService.svc/userinfo
11-03 13:28:29.067 21113 21791 D OkHttp : --> POST https://testsaig1.gienger.cz/GiengerService.svc/userinfo http/1.1
11-03 13:28:29.067 21113 21791 D OkHttp : Content-Type: application/xml; charset=UTF-8
11-03 13:28:29.067 21113 21791 D OkHttp : Content-Length: 139
11-03 13:28:29.067 21113 21791 D OkHttp : token: ebf5e947a33f935737ded7c3c0a860b0
11-03 13:28:29.067 21113 21791 D OkHttp : --> END POST
11-03 13:28:29.101 21113 21791 D OkHttp : <-- 200 OK https://testsaig1.gienger.cz/GiengerService.svc/userinfo (33ms)
11-03 13:28:29.101 21113 21791 D OkHttp : Date: Tue, 03 Nov 2020 12:28:29 GMT
11-03 13:28:29.101 21113 21791 D OkHttp : Server: Apache
11-03 13:28:29.101 21113 21791 D OkHttp : Content-Type: application/xml; charset=utf-8
11-03 13:28:29.101 21113 21791 D OkHttp : X-Powered-By: ASP.NET
11-03 13:28:29.101 21113 21791 D OkHttp : Vary: Accept-Encoding
11-03 13:28:29.101 21113 21791 D OkHttp : Keep-Alive: timeout=15, max=99
11-03 13:28:29.101 21113 21791 D OkHttp : Connection: Keep-Alive
11-03 13:28:29.101 21113 21791 D OkHttp : <-- END HTTP
11-03 13:28:30.174 21113 21192 D OpenGLRenderer: endAllActiveAnimators on 0x750eec3300 (RippleDrawable) with handle 0x7522ec6220
11-03 13:28:30.219 21113 21791 D MYINTERCEPTOR: /GiengerService.svc/manifests
11-03 13:28:30.222 21113 21791 D OkHttp : --> GET https://testsaig1.gienger.cz/GiengerService.svc/manifests http/1.1
11-03 13:28:30.222 21113 21791 D OkHttp : state: CZ
11-03 13:28:30.223 21113 21791 D OkHttp : token: ebf5e947a33f935737ded7c3c0a860b0
11-03 13:28:30.223 21113 21791 D OkHttp : --> END GET
11-03 13:28:30.261 21113 21791 D OkHttp : <-- 200 OK https://testsaig1.gienger.cz/GiengerService.svc/manifests (38ms)
11-03 13:28:30.261 21113 21791 D OkHttp : Date: Tue, 03 Nov 2020 12:28:30 GMT
11-03 13:28:30.261 21113 21791 D OkHttp : Server: Apache
11-03 13:28:30.261 21113 21791 D OkHttp : Content-Type: application/xml; charset=utf-8
11-03 13:28:30.261 21113 21791 D OkHttp : X-Powered-By: ASP.NET
11-03 13:28:30.261 21113 21791 D OkHttp : Vary: Accept-Encoding
11-03 13:28:30.261 21113 21791 D OkHttp : Keep-Alive: timeout=15, max=98
11-03 13:28:30.262 21113 21791 D OkHttp : Connection: Keep-Alive
11-03 13:28:30.262 21113 21791 D OkHttp : <-- END HTTP
11-03 13:28:30.263 21113 21113 D FILES : /data/user/0/cz.gienger.mobile/files/delivery
11-03 13:28:30.280 21113 21796 D MYINTERCEPTOR: /GiengerService.svc/manifests
11-03 13:28:30.281 21113 21796 D OkHttp : --> GET https://testsaig1.gienger.cz/GiengerService.svc/manifests http/1.1
11-03 13:28:30.281 21113 21796 D OkHttp : state: CZ
11-03 13:28:30.281 21113 21796 D OkHttp : token: ebf5e947a33f935737ded7c3c0a860b0
11-03 13:28:30.281 21113 21796 D OkHttp : --> END GET
11-03 13:28:30.284 21113 21797 D MYINTERCEPTOR: /GiengerService.svc/manifests
11-03 13:28:30.285 21113 21797 D OkHttp : --> GET https://testsaig1.gienger.cz/GiengerService.svc/manifests http/1.1
11-03 13:28:30.285 21113 21797 D OkHttp : state: CZ
11-03 13:28:30.285 21113 21797 D OkHttp : token: ebf5e947a33f935737ded7c3c0a860b0
11-03 13:28:30.285 21113 21797 D OkHttp : --> END GET
11-03 13:28:30.354 21113 21113 D DOWNLOAD_MANIFESTS: success
11-03 13:28:30.387 21113 21796 D OkHttp : <-- 200 OK https://testsaig1.gienger.cz/GiengerService.svc/manifests (105ms)
11-03 13:28:30.387 21113 21796 D OkHttp : Date: Tue, 03 Nov 2020 12:28:30 GMT
11-03 13:28:30.387 21113 21796 D OkHttp : Server: Apache
11-03 13:28:30.387 21113 21796 D OkHttp : Content-Type: application/xml; charset=utf-8
11-03 13:28:30.387 21113 21796 D OkHttp : X-Powered-By: ASP.NET
11-03 13:28:30.387 21113 21796 D OkHttp : Vary: Accept-Encoding
11-03 13:28:30.387 21113 21796 D OkHttp : Keep-Alive: timeout=15, max=100
11-03 13:28:30.387 21113 21796 D OkHttp : Connection: Keep-Alive
11-03 13:28:30.387 21113 21796 D OkHttp : <-- END HTTP
11-03 13:28:30.393 21113 21797 D OkHttp : <-- 200 OK https://testsaig1.gienger.cz/GiengerService.svc/manifests (108ms)
11-03 13:28:30.394 21113 21797 D OkHttp : Date: Tue, 03 Nov 2020 12:28:30 GMT
11-03 13:28:30.394 21113 21797 D OkHttp : Server: Apache
11-03 13:28:30.394 21113 21797 D OkHttp : Content-Type: application/xml; charset=utf-8
11-03 13:28:30.394 21113 21797 D OkHttp : X-Powered-By: ASP.NET
11-03 13:28:30.394 21113 21797 D OkHttp : Vary: Accept-Encoding
11-03 13:28:30.394 21113 21797 D OkHttp : Keep-Alive: timeout=15, max=100
11-03 13:28:30.394 21113 21797 D OkHttp : Connection: Keep-Alive
11-03 13:28:30.394 21113 21797 D OkHttp : <-- END HTTP
11-03 13:28:30.442 21113 21113 D DOWNLOAD_MANIFESTS: success
11-03 13:28:30.451 21113 21113 D DOWNLOAD_MANIFESTS: success
11-03 13:28:33.912 21113 21796 D MYINTERCEPTOR: /GiengerService.svc/manifestinfo
11-03 13:28:33.913 21113 21796 D OkHttp : --> POST https://testsaig1.gienger.cz/GiengerService.svc/manifestinfo http/1.1
11-03 13:28:33.913 21113 21796 D OkHttp : Content-Length: 0
11-03 13:28:33.913 21113 21796 D OkHttp : id: A03_trasa_A03-02_ranni_13_06_2019
11-03 13:28:33.913 21113 21796 D OkHttp : state: CZ
11-03 13:28:33.913 21113 21796 D OkHttp : token: ebf5e947a33f935737ded7c3c0a860b0
11-03 13:28:33.913 21113 21796 D OkHttp : --> END POST
11-03 13:28:33.952 21113 21796 D OkHttp : <-- 200 OK https://testsaig1.gienger.cz/GiengerService.svc/manifestinfo (38ms)
11-03 13:28:33.952 21113 21796 D OkHttp : Date: Tue, 03 Nov 2020 12:28:34 GMT
11-03 13:28:33.952 21113 21796 D OkHttp : Server: Apache
11-03 13:28:33.952 21113 21796 D OkHttp : Content-Type: application/xml; charset=utf-8
11-03 13:28:33.952 21113 21796 D OkHttp : X-Powered-By: ASP.NET
11-03 13:28:33.952 21113 21796 D OkHttp : Vary: Accept-Encoding
11-03 13:28:33.952 21113 21796 D OkHttp : Keep-Alive: timeout=15, max=97
11-03 13:28:33.952 21113 21796 D OkHttp : Connection: Keep-Alive
11-03 13:28:33.952 21113 21796 D OkHttp : <-- END HTTP
11-03 13:28:33.965 21113 21799 D MYINTERCEPTOR: /GiengerService.svc/corrections
11-03 13:28:33.965 21113 21799 D OkHttp : --> GET https://testsaig1.gienger.cz/GiengerService.svc/corrections http/1.1
11-03 13:28:33.965 21113 21799 D OkHttp : token: ebf5e947a33f935737ded7c3c0a860b0
11-03 13:28:33.965 21113 21799 D OkHttp : --> END GET
11-03 13:28:33.989 21113 21799 D OkHttp : <-- 200 OK https://testsaig1.gienger.cz/GiengerService.svc/corrections (23ms)
11-03 13:28:33.989 21113 21799 D OkHttp : Date: Tue, 03 Nov 2020 12:28:34 GMT
11-03 13:28:33.989 21113 21799 D OkHttp : Server: Apache
11-03 13:28:33.989 21113 21799 D OkHttp : Content-Type: application/xml; charset=utf-8
11-03 13:28:33.989 21113 21799 D OkHttp : X-Powered-By: ASP.NET
11-03 13:28:33.989 21113 21799 D OkHttp : Vary: Accept-Encoding
11-03 13:28:33.989 21113 21799 D OkHttp : Keep-Alive: timeout=15, max=96
11-03 13:28:33.989 21113 21799 D OkHttp : Connection: Keep-Alive
11-03 13:28:33.989 21113 21799 D OkHttp : <-- END HTTP
11-03 13:28:34.005 21113 21799 D MYINTERCEPTOR: /GiengerService.svc/getorder
11-03 13:28:34.006 21113 21799 D OkHttp : --> POST https://testsaig1.gienger.cz/GiengerService.svc/getorder http/1.1
11-03 13:28:34.006 21113 21799 D OkHttp : Content-Length: 0
11-03 13:28:34.006 21113 21799 D OkHttp : name: 130AT1190319592.xml
11-03 13:28:34.006 21113 21799 D OkHttp : token: ebf5e947a33f935737ded7c3c0a860b0
11-03 13:28:34.006 21113 21799 D OkHttp : --> END POST
11-03 13:28:34.079 21113 21799 D OkHttp : <-- 200 OK https://testsaig1.gienger.cz/GiengerService.svc/getorder (72ms)
11-03 13:28:34.079 21113 21799 D OkHttp : Date: Tue, 03 Nov 2020 12:28:34 GMT
11-03 13:28:34.079 21113 21799 D OkHttp : Server: Apache
11-03 13:28:34.079 21113 21799 D OkHttp : Content-Type: application/xml; charset=utf-8
11-03 13:28:34.079 21113 21799 D OkHttp : checksum: d502f590903c59464c0e9d2366b8f0c0
11-03 13:28:34.079 21113 21799 D OkHttp : X-Powered-By: ASP.NET
11-03 13:28:34.079 21113 21799 D OkHttp : Vary: Accept-Encoding
11-03 13:28:34.079 21113 21799 D OkHttp : Keep-Alive: timeout=15, max=95
11-03 13:28:34.079 21113 21799 D OkHttp : Connection: Keep-Alive
11-03 13:28:34.079 21113 21799 D OkHttp : Transfer-Encoding: chunked
11-03 13:28:34.079 21113 21799 D OkHttp : <-- END HTTP
11-03 13:28:34.280 21113 21799 D MYINTERCEPTOR: /GiengerService.svc/getorder
11-03 13:28:34.281 21113 21799 D OkHttp : --> POST https://testsaig1.gienger.cz/GiengerService.svc/getorder http/1.1
11-03 13:28:34.281 21113 21799 D OkHttp : Content-Length: 0
11-03 13:28:34.281 21113 21799 D OkHttp : name: 130AT1190319605.xml
11-03 13:28:34.281 21113 21799 D OkHttp : token: ebf5e947a33f935737ded7c3c0a860b0
11-03 13:28:34.281 21113 21799 D OkHttp : --> END POST
11-03 13:28:34.365 21113 21799 D OkHttp : <-- 200 OK https://testsaig1.gienger.cz/GiengerService.svc/getorder (84ms)
11-03 13:28:34.365 21113 21799 D OkHttp : Date: Tue, 03 Nov 2020 12:28:34 GMT
11-03 13:28:34.365 21113 21799 D OkHttp : Server: Apache
11-03 13:28:34.365 21113 21799 D OkHttp : Content-Type: application/xml; charset=utf-8
11-03 13:28:34.365 21113 21799 D OkHttp : checksum: fe4b08e8b6dfcf376ca7b67c0e6d82f8
11-03 13:28:34.365 21113 21799 D OkHttp : X-Powered-By: ASP.NET
11-03 13:28:34.365 21113 21799 D OkHttp : Vary: Accept-Encoding
11-03 13:28:34.366 21113 21799 D OkHttp : Keep-Alive: timeout=15, max=94
11-03 13:28:34.366 21113 21799 D OkHttp : Connection: Keep-Alive
11-03 13:28:34.366 21113 21799 D OkHttp : Transfer-Encoding: chunked
11-03 13:28:34.366 21113 21799 D OkHttp : <-- END HTTP
11-03 13:28:34.570 21113 21799 D MYINTERCEPTOR: /GiengerService.svc/getorder
11-03 13:28:34.571 21113 21799 D OkHttp : --> POST https://testsaig1.gienger.cz/GiengerService.svc/getorder http/1.1
11-03 13:28:34.571 21113 21799 D OkHttp : Content-Length: 0
11-03 13:28:34.571 21113 21799 D OkHttp : name: 130AT1190319670.xml
11-03 13:28:34.571 21113 21799 D OkHttp : token: ebf5e947a33f935737ded7c3c0a860b0
11-03 13:28:34.571 21113 21799 D OkHttp : --> END POST
11-03 13:28:34.638 21113 21799 D OkHttp : <-- 200 OK https://testsaig1.gienger.cz/GiengerService.svc/getorder (66ms)
11-03 13:28:34.638 21113 21799 D OkHttp : Date: Tue, 03 Nov 2020 12:28:34 GMT
11-03 13:28:34.638 21113 21799 D OkHttp : Server: Apache
11-03 13:28:34.638 21113 21799 D OkHttp : Content-Type: application/xml; charset=utf-8
11-03 13:28:34.639 21113 21799 D OkHttp : checksum: 98b366d63dd44b807d8f023f4fcd23b7
11-03 13:28:34.639 21113 21799 D OkHttp : X-Powered-By: ASP.NET
11-03 13:28:34.639 21113 21799 D OkHttp : Vary: Accept-Encoding
11-03 13:28:34.639 21113 21799 D OkHttp : Keep-Alive: timeout=15, max=93
11-03 13:28:34.639 21113 21799 D OkHttp : Connection: Keep-Alive
11-03 13:28:34.639 21113 21799 D OkHttp : Transfer-Encoding: chunked
11-03 13:28:34.639 21113 21799 D OkHttp : <-- END HTTP
11-03 13:28:34.810 21113 21799 D MYINTERCEPTOR: /GiengerService.svc/getorder
11-03 13:28:34.811 21113 21799 D OkHttp : --> POST https://testsaig1.gienger.cz/GiengerService.svc/getorder http/1.1
11-03 13:28:34.811 21113 21799 D OkHttp : Content-Length: 0
11-03 13:28:34.811 21113 21799 D OkHttp : name: 130AT1191005500.xml
11-03 13:28:34.811 21113 21799 D OkHttp : token: ebf5e947a33f935737ded7c3c0a860b0
11-03 13:28:34.811 21113 21799 D OkHttp : --> END POST
11-03 13:28:34.877 21113 21799 D OkHttp : <-- 200 OK https://testsaig1.gienger.cz/GiengerService.svc/getorder (65ms)
11-03 13:28:34.878 21113 21799 D OkHttp : Date: Tue, 03 Nov 2020 12:28:34 GMT
11-03 13:28:34.878 21113 21799 D OkHttp : Server: Apache
11-03 13:28:34.878 21113 21799 D OkHttp : Content-Type: application/xml; charset=utf-8
11-03 13:28:34.878 21113 21799 D OkHttp : checksum: b5980517aa6d04fbf7423725883b88b7
11-03 13:28:34.878 21113 21799 D OkHttp : X-Powered-By: ASP.NET
11-03 13:28:34.878 21113 21799 D OkHttp : Vary: Accept-Encoding
11-03 13:28:34.878 21113 21799 D OkHttp : Keep-Alive: timeout=15, max=92
11-03 13:28:34.878 21113 21799 D OkHttp : Connection: Keep-Alive
11-03 13:28:34.878 21113 21799 D OkHttp : Transfer-Encoding: chunked
11-03 13:28:34.878 21113 21799 D OkHttp : <-- END HTTP
11-03 13:28:34.997 21113 21799 D MYINTERCEPTOR: /GiengerService.svc/getorder
11-03 13:28:34.998 21113 21799 D OkHttp : --> POST https://testsaig1.gienger.cz/GiengerService.svc/getorder http/1.1
11-03 13:28:34.998 21113 21799 D OkHttp : Content-Length: 0
11-03 13:28:34.998 21113 21799 D OkHttp : name: 130AT1191005501.xml
11-03 13:28:34.998 21113 21799 D OkHttp : token: ebf5e947a33f935737ded7c3c0a860b0
11-03 13:28:34.998 21113 21799 D OkHttp : --> END POST
11-03 13:28:35.037 21113 21799 D OkHttp : <-- 200 OK https://testsaig1.gienger.cz/GiengerService.svc/getorder (39ms)
11-03 13:28:35.038 21113 21799 D OkHttp : Date: Tue, 03 Nov 2020 12:28:35 GMT
11-03 13:28:35.038 21113 21799 D OkHttp : Server: Apache
11-03 13:28:35.038 21113 21799 D OkHttp : Content-Type: application/xml; charset=utf-8
11-03 13:28:35.038 21113 21799 D OkHttp : checksum: 09d9dfcbb0c6debe69b5f858c451f347
11-03 13:28:35.038 21113 21799 D OkHttp : X-Powered-By: ASP.NET
11-03 13:28:35.038 21113 21799 D OkHttp : Vary: Accept-Encoding
11-03 13:28:35.038 21113 21799 D OkHttp : Keep-Alive: timeout=15, max=91
11-03 13:28:35.038 21113 21799 D OkHttp : Connection: Keep-Alive
11-03 13:28:35.038 21113 21799 D OkHttp : Transfer-Encoding: chunked
11-03 13:28:35.038 21113 21799 D OkHttp : <-- END HTTP
11-03 13:28:35.186 21113 21799 D MYINTERCEPTOR: /GiengerService.svc/getorder
11-03 13:28:35.186 21113 21799 D OkHttp : --> POST https://testsaig1.gienger.cz/GiengerService.svc/getorder http/1.1
11-03 13:28:35.186 21113 21799 D OkHttp : Content-Length: 0
11-03 13:28:35.186 21113 21799 D OkHttp : name: 130AT1191005503.xml
11-03 13:28:35.186 21113 21799 D OkHttp : token: ebf5e947a33f935737ded7c3c0a860b0
11-03 13:28:35.186 21113 21799 D OkHttp : --> END POST
11-03 13:28:35.247 21113 21799 D OkHttp : <-- 200 OK https://testsaig1.gienger.cz/GiengerService.svc/getorder (60ms)
11-03 13:28:35.247 21113 21799 D OkHttp : Date: Tue, 03 Nov 2020 12:28:35 GMT
11-03 13:28:35.247 21113 21799 D OkHttp : Server: Apache
11-03 13:28:35.248 21113 21799 D OkHttp : Content-Type: application/xml; charset=utf-8
11-03 13:28:35.248 21113 21799 D OkHttp : checksum: e2c7cdcec24e86e63d4d37ec3b29e1b9
11-03 13:28:35.248 21113 21799 D OkHttp : X-Powered-By: ASP.NET
11-03 13:28:35.248 21113 21799 D OkHttp : Vary: Accept-Encoding
11-03 13:28:35.248 21113 21799 D OkHttp : Keep-Alive: timeout=15, max=90
11-03 13:28:35.248 21113 21799 D OkHttp : Connection: Keep-Alive
11-03 13:28:35.248 21113 21799 D OkHttp : Transfer-Encoding: chunked
11-03 13:28:35.248 21113 21799 D OkHttp : <-- END HTTP
11-03 13:28:35.523 21113 21799 D MYINTERCEPTOR: /GiengerService.svc/getorder
11-03 13:28:35.523 21113 21799 D OkHttp : --> POST https://testsaig1.gienger.cz/GiengerService.svc/getorder http/1.1
11-03 13:28:35.523 21113 21799 D OkHttp : Content-Length: 0
11-03 13:28:35.523 21113 21799 D OkHttp : name: 130AT1190319276.xml
11-03 13:28:35.523 21113 21799 D OkHttp : token: ebf5e947a33f935737ded7c3c0a860b0
11-03 13:28:35.523 21113 21799 D OkHttp : --> END POST
11-03 13:28:35.595 21113 21799 D OkHttp : <-- 200 OK https://testsaig1.gienger.cz/GiengerService.svc/getorder (71ms)
11-03 13:28:35.596 21113 21799 D OkHttp : Date: Tue, 03 Nov 2020 12:28:35 GMT
11-03 13:28:35.596 21113 21799 D OkHttp : Server: Apache
11-03 13:28:35.596 21113 21799 D OkHttp : Content-Type: application/xml; charset=utf-8
11-03 13:28:35.596 21113 21799 D OkHttp : checksum: c1688fe92940aa899e219a5f527ffd3e
11-03 13:28:35.596 21113 21799 D OkHttp : X-Powered-By: ASP.NET
11-03 13:28:35.596 21113 21799 D OkHttp : Vary: Accept-Encoding
11-03 13:28:35.596 21113 21799 D OkHttp : Keep-Alive: timeout=15, max=89
11-03 13:28:35.596 21113 21799 D OkHttp : Connection: Keep-Alive
11-03 13:28:35.596 21113 21799 D OkHttp : Transfer-Encoding: chunked
11-03 13:28:35.596 21113 21799 D OkHttp : <-- END HTTP
11-03 13:28:35.739 21113 21799 D MYINTERCEPTOR: /GiengerService.svc/getorder
11-03 13:28:35.740 21113 21799 D OkHttp : --> POST https://testsaig1.gienger.cz/GiengerService.svc/getorder http/1.1
11-03 13:28:35.740 21113 21799 D OkHttp : Content-Length: 0
11-03 13:28:35.740 21113 21799 D OkHttp : name: 130AT1191005467.xml
11-03 13:28:35.740 21113 21799 D OkHttp : token: ebf5e947a33f935737ded7c3c0a860b0
11-03 13:28:35.740 21113 21799 D OkHttp : --> END POST
11-03 13:28:35.876 21113 21799 D OkHttp : <-- 200 OK https://testsaig1.gienger.cz/GiengerService.svc/getorder (135ms)
11-03 13:28:35.876 21113 21799 D OkHttp : Date: Tue, 03 Nov 2020 12:28:35 GMT
11-03 13:28:35.877 21113 21799 D OkHttp : Server: Apache
11-03 13:28:35.877 21113 21799 D OkHttp : Content-Type: application/xml; charset=utf-8
11-03 13:28:35.877 21113 21799 D OkHttp : checksum: 1c1ac5a63ec348caae6c7dbdc06d0582
11-03 13:28:35.877 21113 21799 D OkHttp : X-Powered-By: ASP.NET
11-03 13:28:35.877 21113 21799 D OkHttp : Vary: Accept-Encoding
11-03 13:28:35.877 21113 21799 D OkHttp : Keep-Alive: timeout=15, max=88
11-03 13:28:35.877 21113 21799 D OkHttp : Connection: Keep-Alive
11-03 13:28:35.877 21113 21799 D OkHttp : Transfer-Encoding: chunked
11-03 13:28:35.877 21113 21799 D OkHttp : <-- END HTTP
11-03 13:28:37.076 21113 21799 D MYINTERCEPTOR: /GiengerService.svc/getorder
11-03 13:28:37.077 21113 21799 D OkHttp : --> POST https://testsaig1.gienger.cz/GiengerService.svc/getorder http/1.1
11-03 13:28:37.077 21113 21799 D OkHttp : Content-Length: 0
11-03 13:28:37.077 21113 21799 D OkHttp : name: 130AT1191005517.xml
11-03 13:28:37.077 21113 21799 D OkHttp : token: ebf5e947a33f935737ded7c3c0a860b0
11-03 13:28:37.077 21113 21799 D OkHttp : --> END POST
11-03 13:28:37.125 21113 21799 D OkHttp : <-- 200 OK https://testsaig1.gienger.cz/GiengerService.svc/getorder (47ms)
11-03 13:28:37.126 21113 21799 D OkHttp : Date: Tue, 03 Nov 2020 12:28:37 GMT
11-03 13:28:37.126 21113 21799 D OkHttp : Server: Apache
11-03 13:28:37.126 21113 21799 D OkHttp : Content-Type: application/xml; charset=utf-8
11-03 13:28:37.126 21113 21799 D OkHttp : checksum: bea991d1ee11c7eafe12488b3d7edf3c
11-03 13:28:37.126 21113 21799 D OkHttp : X-Powered-By: ASP.NET
11-03 13:28:37.126 21113 21799 D OkHttp : Vary: Accept-Encoding
11-03 13:28:37.126 21113 21799 D OkHttp : Keep-Alive: timeout=15, max=87
11-03 13:28:37.126 21113 21799 D OkHttp : Connection: Keep-Alive
11-03 13:28:37.126 21113 21799 D OkHttp : Transfer-Encoding: chunked
11-03 13:28:37.126 21113 21799 D OkHttp : <-- END HTTP
11-03 13:28:37.327 21113 21799 D MYINTERCEPTOR: /GiengerService.svc/getorder
11-03 13:28:37.327 21113 21799 D OkHttp : --> POST https://testsaig1.gienger.cz/GiengerService.svc/getorder http/1.1
11-03 13:28:37.328 21113 21799 D OkHttp : Content-Length: 0
11-03 13:28:37.328 21113 21799 D OkHttp : name: 130AT1190319634.xml
11-03 13:28:37.328 21113 21799 D OkHttp : token: ebf5e947a33f935737ded7c3c0a860b0
11-03 13:28:37.328 21113 21799 D OkHttp : --> END POST
11-03 13:28:37.388 21113 21799 D OkHttp : <-- 200 OK https://testsaig1.gienger.cz/GiengerService.svc/getorder (59ms)
11-03 13:28:37.388 21113 21799 D OkHttp : Date: Tue, 03 Nov 2020 12:28:37 GMT
11-03 13:28:37.388 21113 21799 D OkHttp : Server: Apache
11-03 13:28:37.388 21113 21799 D OkHttp : Content-Type: application/xml; charset=utf-8
11-03 13:28:37.388 21113 21799 D OkHttp : checksum: d7e576151e2ff6afdaaa015ad55053f4
11-03 13:28:37.388 21113 21799 D OkHttp : X-Powered-By: ASP.NET
11-03 13:28:37.388 21113 21799 D OkHttp : Vary: Accept-Encoding
11-03 13:28:37.388 21113 21799 D OkHttp : Keep-Alive: timeout=15, max=86
11-03 13:28:37.388 21113 21799 D OkHttp : Connection: Keep-Alive
11-03 13:28:37.388 21113 21799 D OkHttp : Transfer-Encoding: chunked
11-03 13:28:37.388 21113 21799 D OkHttp : <-- END HTTP
11-03 13:28:37.541 21113 21799 D MYINTERCEPTOR: /GiengerService.svc/getorder
11-03 13:28:37.542 21113 21799 D OkHttp : --> POST https://testsaig1.gienger.cz/GiengerService.svc/getorder http/1.1
11-03 13:28:37.542 21113 21799 D OkHttp : Content-Length: 0
11-03 13:28:37.542 21113 21799 D OkHttp : name: 130AT1190319635.xml
11-03 13:28:37.543 21113 21799 D OkHttp : token: ebf5e947a33f935737ded7c3c0a860b0
11-03 13:28:37.543 21113 21799 D OkHttp : --> END POST
11-03 13:28:37.602 21113 21799 D OkHttp : <-- 200 OK https://testsaig1.gienger.cz/GiengerService.svc/getorder (58ms)
11-03 13:28:37.602 21113 21799 D OkHttp : Date: Tue, 03 Nov 2020 12:28:37 GMT
11-03 13:28:37.602 21113 21799 D OkHttp : Server: Apache
11-03 13:28:37.602 21113 21799 D OkHttp : Content-Type: application/xml; charset=utf-8
11-03 13:28:37.602 21113 21799 D OkHttp : checksum: 7eb8bed5ccde734f1e4b5f26648b9fb8
11-03 13:28:37.602 21113 21799 D OkHttp : X-Powered-By: ASP.NET
11-03 13:28:37.602 21113 21799 D OkHttp : Vary: Accept-Encoding
11-03 13:28:37.602 21113 21799 D OkHttp : Keep-Alive: timeout=15, max=85
11-03 13:28:37.603 21113 21799 D OkHttp : Connection: Keep-Alive
11-03 13:28:37.603 21113 21799 D OkHttp : Transfer-Encoding: chunked
11-03 13:28:37.603 21113 21799 D OkHttp : <-- END HTTP
11-03 13:28:37.778 21113 21799 D MYINTERCEPTOR: /GiengerService.svc/getorder
11-03 13:28:37.779 21113 21799 D OkHttp : --> POST https://testsaig1.gienger.cz/GiengerService.svc/getorder http/1.1
11-03 13:28:37.779 21113 21799 D OkHttp : Content-Length: 0
11-03 13:28:37.779 21113 21799 D OkHttp : name: 130AT1190319636.xml
11-03 13:28:37.779 21113 21799 D OkHttp : token: ebf5e947a33f935737ded7c3c0a860b0
11-03 13:28:37.779 21113 21799 D OkHttp : --> END POST
11-03 13:28:37.842 21113 21799 D OkHttp : <-- 200 OK https://testsaig1.gienger.cz/GiengerService.svc/getorder (63ms)
11-03 13:28:37.842 21113 21799 D OkHttp : Date: Tue, 03 Nov 2020 12:28:37 GMT
11-03 13:28:37.842 21113 21799 D OkHttp : Server: Apache
11-03 13:28:37.842 21113 21799 D OkHttp : Content-Type: application/xml; charset=utf-8
11-03 13:28:37.842 21113 21799 D OkHttp : checksum: 9c5ccd03c25034ac87255ed2f41823c3
11-03 13:28:37.843 21113 21799 D OkHttp : X-Powered-By: ASP.NET
11-03 13:28:37.843 21113 21799 D OkHttp : Vary: Accept-Encoding
11-03 13:28:37.843 21113 21799 D OkHttp : Keep-Alive: timeout=15, max=84
11-03 13:28:37.843 21113 21799 D OkHttp : Connection: Keep-Alive
11-03 13:28:37.843 21113 21799 D OkHttp : Transfer-Encoding: chunked
11-03 13:28:37.843 21113 21799 D OkHttp : <-- END HTTP
11-03 13:28:38.035 21113 21799 D MYINTERCEPTOR: /GiengerService.svc/getorder
11-03 13:28:38.036 21113 21799 D OkHttp : --> POST https://testsaig1.gienger.cz/GiengerService.svc/getorder http/1.1
11-03 13:28:38.036 21113 21799 D OkHttp : Content-Length: 0
11-03 13:28:38.037 21113 21799 D OkHttp : name: 130IT1190206554.xml
11-03 13:28:38.037 21113 21799 D OkHttp : token: ebf5e947a33f935737ded7c3c0a860b0
11-03 13:28:38.037 21113 21799 D OkHttp : --> END POST
11-03 13:28:38.082 21113 21799 D OkHttp : <-- 200 OK https://testsaig1.gienger.cz/GiengerService.svc/getorder (45ms)
11-03 13:28:38.083 21113 21799 D OkHttp : Date: Tue, 03 Nov 2020 12:28:37 GMT
11-03 13:28:38.083 21113 21799 D OkHttp : Server: Apache
11-03 13:28:38.083 21113 21799 D OkHttp : Content-Type: application/xml; charset=utf-8
11-03 13:28:38.083 21113 21799 D OkHttp : checksum: 833894efaf3b2911d1938a978cf3688c
11-03 13:28:38.083 21113 21799 D OkHttp : X-Powered-By: ASP.NET
11-03 13:28:38.083 21113 21799 D OkHttp : Vary: Accept-Encoding
11-03 13:28:38.083 21113 21799 D OkHttp : Keep-Alive: timeout=15, max=83
11-03 13:28:38.084 21113 21799 D OkHttp : Connection: Keep-Alive
11-03 13:28:38.084 21113 21799 D OkHttp : Transfer-Encoding: chunked
11-03 13:28:38.084 21113 21799 D OkHttp : <-- END HTTP
11-03 13:28:38.211 21113 21799 D MYINTERCEPTOR: /GiengerService.svc/getorder
11-03 13:28:38.212 21113 21799 D OkHttp : --> POST https://testsaig1.gienger.cz/GiengerService.svc/getorder http/1.1
11-03 13:28:38.212 21113 21799 D OkHttp : Content-Length: 0
11-03 13:28:38.212 21113 21799 D OkHttp : name: 130IT1190206555.xml
11-03 13:28:38.212 21113 21799 D OkHttp : token: ebf5e947a33f935737ded7c3c0a860b0
11-03 13:28:38.212 21113 21799 D OkHttp : --> END POST
11-03 13:28:38.281 21113 21799 D OkHttp : <-- 200 OK https://testsaig1.gienger.cz/GiengerService.svc/getorder (69ms)
11-03 13:28:38.281 21113 21799 D OkHttp : Date: Tue, 03 Nov 2020 12:28:38 GMT
11-03 13:28:38.281 21113 21799 D OkHttp : Server: Apache
11-03 13:28:38.281 21113 21799 D OkHttp : Content-Type: application/xml; charset=utf-8
11-03 13:28:38.282 21113 21799 D OkHttp : checksum: 4d88f751a40e07ffe3f57180b6a5bf1a
11-03 13:28:38.282 21113 21799 D OkHttp : X-Powered-By: ASP.NET
11-03 13:28:38.282 21113 21799 D OkHttp : Vary: Accept-Encoding
11-03 13:28:38.282 21113 21799 D OkHttp : Keep-Alive: timeout=15, max=82
11-03 13:28:38.282 21113 21799 D OkHttp : Connection: Keep-Alive
11-03 13:28:38.282 21113 21799 D OkHttp : Transfer-Encoding: chunked
11-03 13:28:38.282 21113 21799 D OkHttp : <-- END HTTP
11-03 13:28:38.541 21113 21799 D MYINTERCEPTOR: /GiengerService.svc/getorder
11-03 13:28:38.542 21113 21799 D OkHttp : --> POST https://testsaig1.gienger.cz/GiengerService.svc/getorder http/1.1
11-03 13:28:38.542 21113 21799 D OkHttp : Content-Length: 0
11-03 13:28:38.542 21113 21799 D OkHttp : name: 130AT1190319558.xml
11-03 13:28:38.542 21113 21799 D OkHttp : token: ebf5e947a33f935737ded7c3c0a860b0
11-03 13:28:38.542 21113 21799 D OkHttp : --> END POST
11-03 13:28:38.624 21113 21799 D OkHttp : <-- 200 OK https://testsaig1.gienger.cz/GiengerService.svc/getorder (80ms)
11-03 13:28:38.624 21113 21799 D OkHttp : Date: Tue, 03 Nov 2020 12:28:38 GMT
11-03 13:28:38.624 21113 21799 D OkHttp : Server: Apache
11-03 13:28:38.624 21113 21799 D OkHttp : Content-Type: application/xml; charset=utf-8
11-03 13:28:38.624 21113 21799 D OkHttp : checksum: d87f267b27350b596d23883230d71f3f
11-03 13:28:38.624 21113 21799 D OkHttp : X-Powered-By: ASP.NET
11-03 13:28:38.624 21113 21799 D OkHttp : Vary: Accept-Encoding
11-03 13:28:38.624 21113 21799 D OkHttp : Keep-Alive: timeout=15, max=81
11-03 13:28:38.624 21113 21799 D OkHttp : Connection: Keep-Alive
11-03 13:28:38.624 21113 21799 D OkHttp : Transfer-Encoding: chunked
11-03 13:28:38.624 21113 21799 D OkHttp : <-- END HTTP
11-03 13:28:38.771 21113 21799 D MYINTERCEPTOR: /GiengerService.svc/getorder
11-03 13:28:38.772 21113 21799 D OkHttp : --> POST https://testsaig1.gienger.cz/GiengerService.svc/getorder http/1.1
11-03 13:28:38.772 21113 21799 D OkHttp : Content-Length: 0
11-03 13:28:38.772 21113 21799 D OkHttp : name: 130AT1190319641.xml
11-03 13:28:38.772 21113 21799 D OkHttp : token: ebf5e947a33f935737ded7c3c0a860b0
11-03 13:28:38.772 21113 21799 D OkHttp : --> END POST
11-03 13:28:38.827 21113 21799 D OkHttp : <-- 200 OK https://testsaig1.gienger.cz/GiengerService.svc/getorder (54ms)
11-03 13:28:38.827 21113 21799 D OkHttp : Date: Tue, 03 Nov 2020 12:28:38 GMT
11-03 13:28:38.827 21113 21799 D OkHttp : Server: Apache
11-03 13:28:38.827 21113 21799 D OkHttp : Content-Type: application/xml; charset=utf-8
11-03 13:28:38.827 21113 21799 D OkHttp : checksum: 22c48a1c667c8f2a974e051ab0497888
11-03 13:28:38.827 21113 21799 D OkHttp : X-Powered-By: ASP.NET
11-03 13:28:38.827 21113 21799 D OkHttp : Vary: Accept-Encoding
11-03 13:28:38.827 21113 21799 D OkHttp : Keep-Alive: timeout=15, max=80
11-03 13:28:38.827 21113 21799 D OkHttp : Connection: Keep-Alive
11-03 13:28:38.827 21113 21799 D OkHttp : Transfer-Encoding: chunked
11-03 13:28:38.827 21113 21799 D OkHttp : <-- END HTTP
11-03 13:28:39.021 21113 21799 D MYINTERCEPTOR: /GiengerService.svc/getorder
11-03 13:28:39.023 21113 21799 D OkHttp : --> POST https://testsaig1.gienger.cz/GiengerService.svc/getorder http/1.1
11-03 13:28:39.023 21113 21799 D OkHttp : Content-Length: 0
11-03 13:28:39.023 21113 21799 D OkHttp : name: 130AT1190311995.xml
11-03 13:28:39.023 21113 21799 D OkHttp : token: ebf5e947a33f935737ded7c3c0a860b0
11-03 13:28:39.023 21113 21799 D OkHttp : --> END POST
11-03 13:28:39.091 21113 21799 D OkHttp : <-- 200 OK https://testsaig1.gienger.cz/GiengerService.svc/getorder (68ms)
11-03 13:28:39.091 21113 21799 D OkHttp : Date: Tue, 03 Nov 2020 12:28:38 GMT
11-03 13:28:39.091 21113 21799 D OkHttp : Server: Apache
11-03 13:28:39.091 21113 21799 D OkHttp : Content-Type: application/xml; charset=utf-8
11-03 13:28:39.091 21113 21799 D OkHttp : checksum: 72246fcbea56c28cee7ff0018f0caf7c
11-03 13:28:39.091 21113 21799 D OkHttp : X-Powered-By: ASP.NET
11-03 13:28:39.091 21113 21799 D OkHttp : Vary: Accept-Encoding
11-03 13:28:39.091 21113 21799 D OkHttp : Keep-Alive: timeout=15, max=79
11-03 13:28:39.091 21113 21799 D OkHttp : Connection: Keep-Alive
11-03 13:28:39.091 21113 21799 D OkHttp : Transfer-Encoding: chunked
11-03 13:28:39.091 21113 21799 D OkHttp : <-- END HTTP
11-03 13:28:44.514 21113 21796 D MYINTERCEPTOR: /GiengerService.svc/assign/A03_trasa_A03-02_ranni_13_06_2019
11-03 13:28:44.515 21113 21796 D OkHttp : --> POST https://testsaig1.gienger.cz/GiengerService.svc/assign/A03_trasa_A03-02_ranni_13_06_2019 http/1.1
11-03 13:28:44.515 21113 21796 D OkHttp : Content-Length: 0
11-03 13:28:44.515 21113 21796 D OkHttp : token: ebf5e947a33f935737ded7c3c0a860b0
11-03 13:28:44.515 21113 21796 D OkHttp : --> END POST
11-03 13:28:44.516 21113 21192 D OpenGLRenderer: endAllActiveAnimators on 0x750e385c00 (RippleDrawable) with handle 0x751b52c840
11-03 13:28:44.619 21113 21796 D OkHttp : <-- 200 OK https://testsaig1.gienger.cz/GiengerService.svc/assign/A03_trasa_A03-02_ranni_13_06_2019 (104ms)
11-03 13:28:44.619 21113 21796 D OkHttp : Date: Tue, 03 Nov 2020 12:28:44 GMT
11-03 13:28:44.619 21113 21796 D OkHttp : Server: Apache
11-03 13:28:44.619 21113 21796 D OkHttp : Content-Type: application/xml; charset=utf-8
11-03 13:28:44.620 21113 21796 D OkHttp : X-Powered-By: ASP.NET
11-03 13:28:44.620 21113 21796 D OkHttp : Vary: Accept-Encoding
11-03 13:28:44.620 21113 21796 D OkHttp : Keep-Alive: timeout=15, max=78
11-03 13:28:44.620 21113 21796 D OkHttp : Connection: Keep-Alive
11-03 13:28:44.620 21113 21796 D OkHttp : <-- END HTTP
11-03 13:28:44.650 21113 21113 D ALARM_REUPLOAD: scheduling alarm
11-03 13:28:44.696 21113 21825 D MYINTERCEPTOR: /GiengerService.svc/metadata
11-03 13:28:44.698 21113 21825 D OkHttp : --> GET https://testsaig1.gienger.cz/GiengerService.svc/metadata http/1.1
11-03 13:28:44.699 21113 21825 D OkHttp : token: ebf5e947a33f935737ded7c3c0a860b0
11-03 13:28:44.699 21113 21825 D OkHttp : state: CZ
11-03 13:28:44.699 21113 21825 D OkHttp : --> END GET
11-03 13:28:49.219 21113 21825 D OkHttp : <-- 200 OK https://testsaig1.gienger.cz/GiengerService.svc/metadata (4520ms)
11-03 13:28:49.219 21113 21825 D OkHttp : Date: Tue, 03 Nov 2020 12:28:48 GMT
11-03 13:28:49.219 21113 21825 D OkHttp : Server: Apache
11-03 13:28:49.219 21113 21825 D OkHttp : Content-Type: application/xml; charset=utf-8
11-03 13:28:49.219 21113 21825 D OkHttp : X-Powered-By: ASP.NET
11-03 13:28:49.220 21113 21825 D OkHttp : Vary: Accept-Encoding
11-03 13:28:49.220 21113 21825 D OkHttp : Keep-Alive: timeout=15, max=100
11-03 13:28:49.221 21113 21825 D OkHttp : Connection: Keep-Alive
11-03 13:28:49.221 21113 21825 D OkHttp : <-- END HTTP
11-03 13:28:49.291 21113 21825 E cz.gienger.mobile.poaz.configuration.GlobalConfiguration: java.lang.NumberFormatException: s == null
11-03 13:28:49.291 21113 21825 E cz.gienger.mobile.poaz.configuration.GlobalConfiguration: at java.lang.Integer.parseInt(Integer.java:577)
11-03 13:28:49.291 21113 21825 E cz.gienger.mobile.poaz.configuration.GlobalConfiguration: at java.lang.Integer.parseInt(Integer.java:650)
11-03 13:28:49.291 21113 21825 E cz.gienger.mobile.poaz.configuration.GlobalConfiguration: at cz.gienger.mobile.poaz.configuration.GlobalConfiguration.getPriceTypeEnum(GlobalConfiguration.java:140)
11-03 13:28:49.291 21113 21825 E cz.gienger.mobile.poaz.configuration.GlobalConfiguration: at cz.gienger.mobile.poaz.configuration.GlobalConfiguration.setValues(GlobalConfiguration.java:97)
11-03 13:28:49.291 21113 21825 E cz.gienger.mobile.poaz.configuration.GlobalConfiguration: at cz.gienger.mobile.poaz.configuration.GlobalConfiguration.(GlobalConfiguration.java:36)
11-03 13:28:49.291 21113 21825 E cz.gienger.mobile.poaz.configuration.GlobalConfiguration: at cz.gienger.mobile.poaz.configuration.GlobalConfiguration.get(GlobalConfiguration.java:41)
11-03 13:28:49.291 21113 21825 E cz.gienger.mobile.poaz.configuration.GlobalConfiguration: at cz.gienger.mobile.poaz.database.PoazDatabaseSync.syncLibraries(PoazDatabaseSync.java:68)
11-03 13:28:49.291 21113 21825 E cz.gienger.mobile.poaz.configuration.GlobalConfiguration: at cz.gienger.mobile.poaz.database.PoazDatabaseSync.Sync(PoazDatabaseSync.java:56)
11-03 13:28:49.291 21113 21825 E cz.gienger.mobile.poaz.configuration.GlobalConfiguration: at cz.gienger.mobile.poaz.database.PoazInitializationTask.doInBackground(PoazInitializationTask.java:74)
11-03 13:28:49.291 21113 21825 E cz.gienger.mobile.poaz.configuration.GlobalConfiguration: at cz.gienger.mobile.poaz.database.PoazInitializationTask.doInBackground(PoazInitializationTask.java:36)
11-03 13:28:49.291 21113 21825 E cz.gienger.mobile.poaz.configuration.GlobalConfiguration: at android.os.AsyncTask$2.call(AsyncTask.java:333)
11-03 13:28:49.291 21113 21825 E cz.gienger.mobile.poaz.configuration.GlobalConfiguration: at java.util.concurrent.FutureTask.run(FutureTask.java:266)
11-03 13:28:49.291 21113 21825 E cz.gienger.mobile.poaz.configuration.GlobalConfiguration: at android.os.AsyncTask$SerialExecutor$1.run(AsyncTask.java:245)
11-03 13:28:49.291 21113 21825 E cz.gienger.mobile.poaz.configuration.GlobalConfiguration: at java.util.concurrent.ThreadPoolExecutor.runWorker(ThreadPoolExecutor.java:1167)
11-03 13:28:49.291 21113 21825 E cz.gienger.mobile.poaz.configuration.GlobalConfiguration: at java.util.concurrent.ThreadPoolExecutor$Worker.run(ThreadPoolExecutor.java:641)
11-03 13:28:49.291 21113 21825 E cz.gienger.mobile.poaz.configuration.GlobalConfiguration: at java.lang.Thread.run(Thread.java:764)
11-03 13:28:49.297 21113 21825 D MYINTERCEPTOR: /GiengerService.svc/categories
11-03 13:28:49.298 21113 21825 D OkHttp : --> GET https://testsaig1.gienger.cz/GiengerService.svc/categories http/1.1
11-03 13:28:49.298 21113 21825 D OkHttp : token: ebf5e947a33f935737ded7c3c0a860b0
11-03 13:28:49.298 21113 21825 D OkHttp : state: CZ
11-03 13:28:49.298 21113 21825 D OkHttp : --> END GET
11-03 13:28:49.329 21113 21825 D OkHttp : <-- 200 OK https://testsaig1.gienger.cz/GiengerService.svc/categories (30ms)
11-03 13:28:49.329 21113 21825 D OkHttp : Date: Tue, 03 Nov 2020 12:28:48 GMT
11-03 13:28:49.329 21113 21825 D OkHttp : Server: Apache
11-03 13:28:49.329 21113 21825 D OkHttp : Content-Type: application/xml; charset=utf-8
11-03 13:28:49.329 21113 21825 D OkHttp : X-Powered-By: ASP.NET
11-03 13:28:49.329 21113 21825 D OkHttp : Vary: Accept-Encoding
11-03 13:28:49.329 21113 21825 D OkHttp : Keep-Alive: timeout=15, max=99
11-03 13:28:49.330 21113 21825 D OkHttp : Connection: Keep-Alive
11-03 13:28:49.330 21113 21825 D OkHttp : <-- END HTTP
11-03 13:28:49.521 21113 21825 D MYINTERCEPTOR: /GiengerService.svc/articles
11-03 13:28:49.522 21113 21825 D OkHttp : --> GET https://testsaig1.gienger.cz/GiengerService.svc/articles http/1.1
11-03 13:28:49.522 21113 21825 D OkHttp : token: ebf5e947a33f935737ded7c3c0a860b0
11-03 13:28:49.522 21113 21825 D OkHttp : state: CZ
11-03 13:28:49.522 21113 21825 D OkHttp : --> END GET
11-03 13:28:50.521 21113 21825 D OkHttp : <-- 200 OK https://testsaig1.gienger.cz/GiengerService.svc/articles (998ms)
11-03 13:28:50.521 21113 21825 D OkHttp : Date: Tue, 03 Nov 2020 12:28:50 GMT
11-03 13:28:50.521 21113 21825 D OkHttp : Server: Apache
11-03 13:28:50.521 21113 21825 D OkHttp : Content-Type: application/octet-stream
11-03 13:28:50.521 21113 21825 D OkHttp : X-Powered-By: ASP.NET
11-03 13:28:50.521 21113 21825 D OkHttp : Keep-Alive: timeout=15, max=98
11-03 13:28:50.521 21113 21825 D OkHttp : Connection: Keep-Alive
11-03 13:28:50.521 21113 21825 D OkHttp : <-- END HTTP
11-03 13:29:09.250 21113 21825 D MYINTERCEPTOR: /GiengerService.svc/prices
11-03 13:29:09.250 21113 21825 D OkHttp : --> GET https://testsaig1.gienger.cz/GiengerService.svc/prices http/1.1
11-03 13:29:09.250 21113 21825 D OkHttp : token: ebf5e947a33f935737ded7c3c0a860b0
11-03 13:29:09.250 21113 21825 D OkHttp : state: CZ
11-03 13:29:09.250 21113 21825 D OkHttp : --> END GET
11-03 13:29:10.284 21113 21825 D OkHttp : <-- 200 OK https://testsaig1.gienger.cz/GiengerService.svc/prices (1033ms)
11-03 13:29:10.284 21113 21825 D OkHttp : Date: Tue, 03 Nov 2020 12:29:10 GMT
11-03 13:29:10.284 21113 21825 D OkHttp : Server: Apache
11-03 13:29:10.284 21113 21825 D OkHttp : Content-Type: application/octet-stream
11-03 13:29:10.284 21113 21825 D OkHttp : X-Powered-By: ASP.NET
11-03 13:29:10.284 21113 21825 D OkHttp : Keep-Alive: timeout=15, max=97
11-03 13:29:10.284 21113 21825 D OkHttp : Connection: Keep-Alive
11-03 13:29:10.284 21113 21825 D OkHttp : <-- END HTTP
11-03 13:29:38.041 21113 21113 D item_click: viewId = 2131820756, position = 0
11-03 13:29:38.071 21113 21113 I Timeline: Timeline: Activity_launch_request time:135917391
11-03 13:29:38.114 21113 21113 W ActivityThread: handleWindowVisibility: no activity for token android.os.BinderProxy@847c1e2
11-03 13:29:38.370 21113 21859 D FILE_MANAGER: Copying file /data/user/0/cz.gienger.mobile/files/delivery/130AT1190319592/130AT1190319592.pdf to /storage/emulated/0/130AT1190319592.pdf
11-03 13:29:38.372 21113 21859 W System.err: java.io.FileNotFoundException: /storage/emulated/0/130AT1190319592.pdf (Permission denied)
11-03 13:29:38.373 21113 21859 W System.err: at java.io.FileOutputStream.open0(Native Method)
11-03 13:29:38.373 21113 21859 W System.err: at java.io.FileOutputStream.open(FileOutputStream.java:308)
11-03 13:29:38.373 21113 21859 W System.err: at java.io.FileOutputStream.(FileOutputStream.java:238)
11-03 13:29:38.373 21113 21859 W System.err: at java.io.FileOutputStream.(FileOutputStream.java:180)
11-03 13:29:38.373 21113 21859 W System.err: at cz.gienger.mobile.utils.FileManager$CopyFileTask.doInBackground(FileManager.java:810)
11-03 13:29:38.373 21113 21859 W System.err: at cz.gienger.mobile.utils.FileManager$CopyFileTask.doInBackground(FileManager.java:794)
11-03 13:29:38.373 21113 21859 W System.err: at android.os.AsyncTask$2.call(AsyncTask.java:333)
11-03 13:29:38.373 21113 21859 W System.err: at java.util.concurrent.FutureTask.run(FutureTask.java:266)
11-03 13:29:38.373 21113 21859 W System.err: at android.os.AsyncTask$SerialExecutor$1.run(AsyncTask.java:245)
11-03 13:29:38.373 21113 21859 W System.err: at java.util.concurrent.ThreadPoolExecutor.runWorker(ThreadPoolExecutor.java:1167)
11-03 13:29:38.373 21113 21859 W System.err: at java.util.concurrent.ThreadPoolExecutor$Worker.run(ThreadPoolExecutor.java:641)
11-03 13:29:38.373 21113 21859 W System.err: at java.lang.Thread.run(Thread.java:764)
11-03 13:29:38.373 21113 21859 W System.err: java.lang.NullPointerException: Attempt to invoke virtual method 'void java.nio.channels.FileChannel.close()' on a null object reference
11-03 13:29:38.373 21113 21859 W System.err: at cz.gienger.mobile.utils.FileManager$CopyFileTask.doInBackground(FileManager.java:825)
11-03 13:29:38.373 21113 21859 W System.err: at cz.gienger.mobile.utils.FileManager$CopyFileTask.doInBackground(FileManager.java:794)
11-03 13:29:38.373 21113 21859 W System.err: at android.os.AsyncTask$2.call(AsyncTask.java:333)
11-03 13:29:38.373 21113 21859 W System.err: at java.util.concurrent.FutureTask.run(FutureTask.java:266)
11-03 13:29:38.373 21113 21859 W System.err: at android.os.AsyncTask$SerialExecutor$1.run(AsyncTask.java:245)
11-03 13:29:38.373 21113 21859 W System.err: at java.util.concurrent.ThreadPoolExecutor.runWorker(ThreadPoolExecutor.java:1167)
11-03 13:29:38.373 21113 21859 W System.err: at java.util.concurrent.ThreadPoolExecutor$Worker.run(ThreadPoolExecutor.java:641)
11-03 13:29:38.373 21113 21859 W System.err: at java.lang.Thread.run(Thread.java:764)
11-03 13:29:39.688 21113 21113 D LOCATION_SERVICE: LocationListener gps
11-03 13:29:39.689 21113 21113 D LOCATION_SERVICE: LocationListener network
11-03 13:29:39.689 21113 21113 D LOCATION_SERVICE: onCreate
11-03 13:29:39.689 21113 21113 D LOCATION_SERVICE: initializeLocationManager
11-03 13:29:39.699 21113 21113 D LOCATION_SERVICE: onStartCommand
11-03 13:29:39.721 21113 21113 D LOCATION_SERVICE: onProviderDisabled: gps
11-03 13:29:43.584 21113 21113 I AssistStructure: Flattened final assist data: 9276 bytes, containing 1 windows, 31 views
11-03 13:29:44.836 21113 21113 D LOCATION_SERVICE: onLocationChanged: Location[network 49,177909,16,550330 hAcc=100 et=+4d19h11m42s287ms vAcc=??? sAcc=??? bAcc=??? {Bundle[mParcelledData.dataSize=588]}]
11-03 13:29:45.089 21113 21113 I AssistStructure: Flattened final assist data: 9324 bytes, containing 1 windows, 31 views
11-03 13:29:45.857 21113 21113 I AssistStructure: Flattened final assist data: 9332 bytes, containing 1 windows, 31 views
11-03 13:29:49.580 21113 21113 E WindowManager:
11-03 13:29:49.580 21113 21113 E WindowManager: android.view.WindowLeaked: Activity cz.gienger.mobile.activity.DeliverActivity has leaked window DecorView@c86733c[DeliverActivity] that was originally added here
11-03 13:29:49.580 21113 21113 E WindowManager: at android.view.ViewRootImpl.(ViewRootImpl.java:541)
11-03 13:29:49.580 21113 21113 E WindowManager: at android.view.WindowManagerGlobal.addView(WindowManagerGlobal.java:346)
11-03 13:29:49.580 21113 21113 E WindowManager: at android.view.WindowManagerImpl.addView(WindowManagerImpl.java:94)
11-03 13:29:49.580 21113 21113 E WindowManager: at android.app.Dialog.show(Dialog.java:329)
11-03 13:29:49.580 21113 21113 E WindowManager: at cz.gienger.mobile.activity.DeliverActivity.signInSignoSign(DeliverActivity.java:372)
11-03 13:29:49.580 21113 21113 E WindowManager: at cz.gienger.mobile.activity.DeliverActivity.onRequestPermissionsResult(DeliverActivity.java:594)
11-03 13:29:49.580 21113 21113 E WindowManager: at android.app.Activity.dispatchRequestPermissionsResult(Activity.java:7757)
11-03 13:29:49.580 21113 21113 E WindowManager: at android.app.Activity.dispatchActivityResult(Activity.java:7602)
11-03 13:29:49.580 21113 21113 E WindowManager: at android.app.ActivityThread.deliverResults(ActivityThread.java:4454)
11-03 13:29:49.580 21113 21113 E WindowManager: at android.app.ActivityThread.handleSendResult(ActivityThread.java:4503)
11-03 13:29:49.580 21113 21113 E WindowManager: at android.app.servertransaction.ActivityResultItem.execute(ActivityResultItem.java:49)
11-03 13:29:49.580 21113 21113 E WindowManager: at android.app.servertransaction.TransactionExecutor.executeCallbacks(TransactionExecutor.java:108)
11-03 13:29:49.580 21113 21113 E WindowManager: at android.app.servertransaction.TransactionExecutor.execute(TransactionExecutor.java:68)
11-03 13:29:49.580 21113 21113 E WindowManager: at android.app.ActivityThread$H.handleMessage(ActivityThread.java:1839)
11-03 13:29:49.580 21113 21113 E WindowManager: at android.os.Handler.dispatchMessage(Handler.java:106)
11-03 13:29:49.580 21113 21113 E WindowManager: at android.os.Looper.loop(Looper.java:201)
11-03 13:29:49.580 21113 21113 E WindowManager: at android.app.ActivityThread.main(ActivityThread.java:6864)
11-03 13:29:49.580 21113 21113 E WindowManager: at java.lang.reflect.Method.invoke(Native Method)
11-03 13:29:49.580 21113 21113 E WindowManager: at com.android.internal.os.RuntimeInit$MethodAndArgsCaller.run(RuntimeInit.java:547)
11-03 13:29:49.580 21113 21113 E WindowManager: at com.android.internal.os.ZygoteInit.main(ZygoteInit.java:873)
11-03 13:29:49.725 21113 21113 D LOCATION_SERVICE: onDestroy
11-03 13:29:49.744 21113 21113 D LOCATION_SERVICE: LocationListener gps
11-03 13:29:49.745 21113 21113 D LOCATION_SERVICE: LocationListener network
11-03 13:29:49.745 21113 21113 D LOCATION_SERVICE: onCreate
11-03 13:29:49.745 21113 21113 D LOCATION_SERVICE: initializeLocationManager
11-03 13:29:49.752 21113 21113 D LOCATION_SERVICE: onStartCommand
11-03 13:29:49.795 21113 21113 I AssistStructure: Flattened final assist data: 9500 bytes, containing 1 windows, 31 views
11-03 13:29:49.818 21113 21113 D LOCATION_SERVICE: onProviderDisabled: gps
11-03 13:29:49.985 21113 21869 W PdfBoxAndroid: Call PDFBoxResourceLoader.init() first to decrease resource load time
11-03 13:29:50.395 21113 21113 D AndroidRuntime: Shutting down VM --------- beginning of crash
11-03 13:29:50.395 21113 21113 E AndroidRuntime: FATAL EXCEPTION: main
11-03 13:29:50.395 21113 21113 E AndroidRuntime: Process: cz.gienger.mobile, PID: 21113
11-03 13:29:50.395 21113 21113 E AndroidRuntime: java.lang.IllegalArgumentException: View=DecorView@c86733c[DeliverActivity] not attached to window manager
11-03 13:29:50.395 21113 21113 E AndroidRuntime: at android.view.WindowManagerGlobal.findViewLocked(WindowManagerGlobal.java:529)
11-03 13:29:50.395 21113 21113 E AndroidRuntime: at android.view.WindowManagerGlobal.removeView(WindowManagerGlobal.java:438)
11-03 13:29:50.395 21113 21113 E AndroidRuntime: at android.view.WindowManagerImpl.removeViewImmediate(WindowManagerImpl.java:126)
11-03 13:29:50.395 21113 21113 E AndroidRuntime: at android.app.Dialog.dismissDialog(Dialog.java:375)
11-03 13:29:50.395 21113 21113 E AndroidRuntime: at android.app.Dialog.dismiss(Dialog.java:358)
11-03 13:29:50.395 21113 21113 E AndroidRuntime: at cz.gienger.mobile.activity.DeliverActivity$7.onSuccess(DeliverActivity.java:377)
11-03 13:29:50.395 21113 21113 E AndroidRuntime: at cz.gienger.mobile.utils.PdfCorrectionGenerator.onPostExecute(PdfCorrectionGenerator.java:407)
11-03 13:29:50.395 21113 21113 E AndroidRuntime: at cz.gienger.mobile.utils.PdfCorrectionGenerator.onPostExecute(PdfCorrectionGenerator.java:40)
11-03 13:29:50.395 21113 21113 E AndroidRuntime: at android.os.AsyncTask.finish(AsyncTask.java:695)
11-03 13:29:50.395 21113 21113 E AndroidRuntime: at android.os.AsyncTask.access$600(AsyncTask.java:180)
11-03 13:29:50.395 21113 21113 E AndroidRuntime: at android.os.AsyncTask$InternalHandler.handleMessage(AsyncTask.java:712)
11-03 13:29:50.395 21113 21113 E AndroidRuntime: at android.os.Handler.dispatchMessage(Handler.java:106)
11-03 13:29:50.395 21113 21113 E AndroidRuntime: at android.os.Looper.loop(Looper.java:201)
11-03 13:29:50.395 21113 21113 E AndroidRuntime: at android.app.ActivityThread.main(ActivityThread.java:6864)
11-03 13:29:50.395 21113 21113 E AndroidRuntime: at java.lang.reflect.Method.invoke(Native Method)
